66.249.77.76 - - [30/Apr/2025:09:06:10 -0400] "GET /?e=4402093126804&channel=190c3e&from=news.php%3Fid%3D931268-615%26name%3D%E6%96%B0%E5%93%81%E6%9C%AA%E4%BD%BF%E7%94%A8%E3%80%80chrome+hearts+%E3%83%9E%E3%83%83%E3%83%86%E3%82%A3%E3%83%9C%E3%83%BC%E3%82%A4+%E3%83%AD%E3%83%B3t+SPARK+M HTTP/1.1" 200 49675 "-" "Mozilla/5.0 (Linux; Android 6.0.1; Nexus 5X Build/MMB29P) AppleWebKit/537.36 (KHTML, like Gecko) Chrome/135.0.7049.95 Mobile Safari/537.36 (compatible; Googlebot/2.1; +http://www.google.com/bot.html)"
66.249.77.76 - - [30/Apr/2025:09:06:13 -0400] "GET /?e=0972767034202&channel=a0b6f6&from=info.php%3Fid%3D670342-17586%26name%3DP3-17S%2FMAUI+and+sons%2F%E3%82%BB%E3%83%BC%E3%82%BF%E3%83%BC%2F160%E3%82%B5%E3%82%A4%E3%82%BA%2F%E3%83%96%E3%83%AB%E3%83%BC HTTP/1.1" 200 51028 "-" "Mozilla/5.0 (Linux; Android 6.0.1; Nexus 5X Build/MMB29P) AppleWebKit/537.36 (KHTML, like Gecko) Chrome/135.0.7049.95 Mobile Safari/537.36 (compatible; Googlebot/2.1; +http://www.google.com/bot.html)"
66.249.77.76 - - [30/Apr/2025:09:06:16 -0400] "GET /?e=13104116364600&channel=4ff53e&from=shared.php%3Fid%3D1163646-4918%26name%3D%E7%A2%BA%E8%AA%8D%E7%94%A8%EF%BC%8A%E6%A2%85%E3%81%AE%E8%8B%97+%E7%B4%8415%E3%80%9C80cm HTTP/1.1" 200 51335 "-" "Mozilla/5.0 (Linux; Android 6.0.1; Nexus 5X Build/MMB29P) AppleWebKit/537.36 (KHTML, like Gecko) Chrome/135.0.7049.95 Mobile Safari/537.36 (compatible; Googlebot/2.1; +http://www.google.com/bot.html)"
66.249.77.77 - - [30/Apr/2025:09:06:20 -0400] "GET /?e=4781760390201&channel=afdb22&from=pin.php%3Fid%3D603902-9339%26name%3D%E7%9B%AE%E7%8E%89%E3%83%9C%E3%82%BF%E3%83%B3%E3%80%80%E3%83%9C%E3%82%BF%E3%83%B3%E7%9B%AE%E3%80%80%E7%9B%AE%E7%8E%89%E3%83%91%E3%83%BC%E3%83%84%E3%80%80%E3%81%95%E3%81%97%E7%9B%AE+%E9%BB%92%E7%B8%AB%E3%81%84%E4%BB%98%E3%81%91%E7%94%A8%E3%80%804mm+%E7%B4%8450%E5%80%8B HTTP/1.1" 200 51528 "-" "Mozilla/5.0 (Linux; Android 6.0.1; Nexus 5X Build/MMB29P) AppleWebKit/537.36 (KHTML, like Gecko) Chrome/135.0.7049.95 Mobile Safari/537.36 (compatible; Googlebot/2.1; +http://www.google.com/bot.html)"
66.249.77.77 - - [30/Apr/2025:09:06:22 -0400] "GET /?e=4129454744005&channel=9e19d0&from=jp.php%3Fid%3D547440-13717%26name%3DPXG+%E3%82%B4%E3%83%AB%E3%83%95+%E3%82%A6%E3%82%A7%E3%82%A2+%E3%83%AC%E3%83%87%E3%82%A3%E3%83%BC%E3%82%B9+%E3%82%B8%E3%83%A3%E3%82%B1%E3%83%83%E3%83%88+%E3%83%80%E3%82%A6%E3%83%B3%C3%97%E3%83%8B%E3%83%83%E3%83%88+%E3%83%88%E3%83%83%E3%83%97%E3%82%B9 HTTP/1.1" 200 51473 "-" "Mozilla/5.0 (Linux; Android 6.0.1; Nexus 5X Build/MMB29P) AppleWebKit/537.36 (KHTML, like Gecko) Chrome/135.0.7049.95 Mobile Safari/537.36 (compatible; Googlebot/2.1; +http://www.google.com/bot.html)"
66.249.77.76 - - [30/Apr/2025:09:06:25 -0400] "GET /?e=76120108009802&channel=8e6de3&from=blog.php%3Fid%3D1080098-3680%26name%3D%E3%83%92%E3%83%97%E3%83%8E%E3%82%B7%E3%82%B9%E3%83%9E%E3%82%A4%E3%82%AF++%E3%82%AD%E3%83%A9%E3%83%BC%E3%83%AF%E3%83%BC%E3%83%89%E3%82%B9%E3%83%88%E3%83%A9%E3%83%83%E3%83%97%E3%80%80%E8%A6%B3%E9%9F%B3%E5%9D%82%E7%8B%AC%E6%AD%A9 HTTP/1.1" 200 50958 "-" "Mozilla/5.0 (Linux; Android 6.0.1; Nexus 5X Build/MMB29P) AppleWebKit/537.36 (KHTML, like Gecko) Chrome/135.0.7049.95 Mobile Safari/537.36 (compatible; Googlebot/2.1; +http://www.google.com/bot.html)"
157.55.39.53 - - [30/Apr/2025:09:06:27 -0400] "GET /?e=18247196404404&channel=4d8b9b&from=blog.php%3Fid%3D1964044-2582%26name%3D%E3%80%90%E6%96%B0%E5%93%81%E3%83%BB7%E5%96%B6%E6%A5%AD%E6%97%A5%E4%BB%A5%E5%86%85%E7%99%BA%E9%80%81%E3%80%91%E3%83%AA%E3%82%B9+T20-600X900+%E3%83%86%E3%82%AF%E3%82%BB%E3%83%AB%EF%BC%92%EF%BC%90%EF%BD%8D%EF%BD%8D%E3%82%AB%E3%83%83%E3%83%88%E5%93%81+%EF%BC%96%EF%BC%93%EF%BC%93%EF%BC%97%EF%BC%99%EF%BC%94+%EF%BC%B4%EF%BC%A5%EF%BC%A3%EF%BC%A3%EF%BC%A5%EF%BC%AC%EF%BC%AC%E6%A8%B9%E8%84%82%E8%A3%BD%E4%B8%AD%E7%A9%BA%E3%83%9C%E3%83%BC%E3%83%89%E3%83%8A%E3%83%81%E3%83%A5%E3%83%A9%E3%83%AB%EF%BC%96%EF%BC%90%EF%BC%90%EF%BC%B8%EF%BC%99%EF%BC%90%EF%BC%90+T20600X900+%E5%B2%90%E9%98%9C%E3%83%97%E3%83%A9%E3%82%B9%E3%83%81%E3%83%83%E3%82%AF%E5%B7%A5%E6%A5%AD+Industry+Gifu%E3%80%90%E6%B2%96%E7%B8%84%E9%9B%A2%E5%B3%B6%E8%B2%A9%E5%A3%B2%E4%B8%8D%E5%8F%AF%E3%80%91 HTTP/1.1" 200 39230 "-" "Mozilla/5.0 AppleWebKit/537.36 (KHTML, like Gecko; compatible; bingbot/2.0; +http://www.bing.com/bingbot.htm) Chrome/116.0.1938.76 Safari/537.36"
66.249.77.76 - - [30/Apr/2025:09:06:29 -0400] "GET /?e=8119815023800&channel=f46e94&from=product.php%3Fid%3D150238-620%26name%3D%E5%B0%82%E7%94%A8%EF%BC%88%E3%82%AE%E3%82%BF%E3%83%BC%EF%BC%89 HTTP/1.1" 200 50208 "-" "Mozilla/5.0 (Linux; Android 6.0.1; Nexus 5X Build/MMB29P) AppleWebKit/537.36 (KHTML, like Gecko) Chrome/135.0.7049.95 Mobile Safari/537.36 (compatible; Googlebot/2.1; +http://www.google.com/bot.html)"
66.249.77.76 - - [30/Apr/2025:09:06:31 -0400] "GET /?e=4858756939202&channel=8625aa&from=form.php%3Fid%3D569392-21031%26name%3DTaMaRiBa%E6%A7%98+%E3%83%AA%E3%83%9C%E3%83%B340m HTTP/1.1" 200 49808 "-" "Mozilla/5.0 (Linux; Android 6.0.1; Nexus 5X Build/MMB29P) AppleWebKit/537.36 (KHTML, like Gecko) Chrome/135.0.7049.95 Mobile Safari/537.36 (compatible; Googlebot/2.1; +http://www.google.com/bot.html)"
66.249.77.76 - - [30/Apr/2025:09:06:35 -0400] "GET /?e=3210053356802&channel=cfeba8&from=goods.php%3Fid%3D533568-15512%26name%3DBluetooth%E3%83%AF%E3%82%A4%E3%83%A4%E3%83%AC%E3%82%B9%E3%82%AD%E3%83%BC%E3%83%9C%E3%83%BC%E3%83%89%E3%80%80+%E3%83%AC%E3%83%83%E3%83%89 HTTP/1.1" 200 50931 "-" "Mozilla/5.0 (Linux; Android 6.0.1; Nexus 5X Build/MMB29P) AppleWebKit/537.36 (KHTML, like Gecko) Chrome/135.0.7049.95 Mobile Safari/537.36 (compatible; Googlebot/2.1; +http://www.google.com/bot.html)"
66.249.77.76 - - [30/Apr/2025:09:06:38 -0400] "GET /?e=9047926707204&channel=7a7f1e&from=news.php%3Fid%3D267072-14652%26name%3D%E2%98%85+%E3%82%AF%E3%83%9C%E3%82%BF+%E9%9B%BB%E5%8B%95%E3%82%AB%E3%83%BC%E3%83%88+%E3%83%A9%E3%82%AF%E3%83%BC%E3%82%BF%E3%83%BC%E3%82%B9%E3%83%9E%E3%82%A4%E3%83%AB+ES410 HTTP/1.1" 200 48441 "-" "Mozilla/5.0 (Linux; Android 6.0.1; Nexus 5X Build/MMB29P) AppleWebKit/537.36 (KHTML, like Gecko) Chrome/135.0.7049.95 Mobile Safari/537.36 (compatible; Googlebot/2.1; +http://www.google.com/bot.html)"
66.249.77.64 - - [30/Apr/2025:09:06:40 -0400] "GET /?e=773124147202&channel=38ce82&from=news.php%3Fid%3D41472-3753%26name%3DFuthope+4PSC+19+%E3%82%A4%E3%83%B3%E3%83%81%E3%82%A2%E3%83%83%E3%83%97%E3%83%87%E3%83%BC%E3%83%88%E3%83%9B%E3%82%A4%E3%83%BC%E3%83%AB%E3%82%AD%E3%83%A3%E3%83%83%E3%83%97%E3%83%86%E3%82%B9%E3%83%A9+18-22+%E3%83%A2%E3%83%87%E3%83%AB+Y+%E3%83%9B%E3%82%A4%E3%83%BC%E3%83%AB%E3%82%AD%E3%83%A3%E3%83%83%E3%83%97%E8%BB%8A%E3%81%AE%E3%83%91%E3%83%95%E3%82%A9%E3%83%BC%E3%83%9E%E3%83%B3%E3%82%B9 HTTP/1.1" 200 51100 "-" "Mozilla/5.0 (Linux; Android 6.0.1; Nexus 5X Build/MMB29P) AppleWebKit/537.36 (KHTML, like Gecko) Chrome/135.0.7049.95 Mobile Safari/537.36 (compatible; Googlebot/2.1; +http://www.google.com/bot.html)"
66.249.77.76 - - [30/Apr/2025:09:06:43 -0400] "GET /?e=2412278913006&channel=1ec018&from=product.php%3Fid%3D789130-4031%26name%3D%E3%83%9A%E3%83%83%E3%83%88%E3%83%8F%E3%82%A6%E3%82%B9+%E7%8C%AB%E3%83%8F%E3%82%A6%E3%82%B9+%E5%AD%90%E7%8A%AC+%E5%B0%8F%E5%9E%8B%E7%8C%AB%E7%8A%AC%E7%94%A8+%E5%8D%8A%E5%AF%86%E9%96%89%E5%9E%8B%E3%83%87%E3%82%B6%E3%82%A4%E3%83%B3+%E3%83%9A%E3%83%83%E3%83%88%E3%83%99%E3%83%83%E3%83%89+%E3%81%8A%E3%81%97%E3%82%83%E3%82%8C+%E3%81%8B%E3%82%8F%E3%81%84%E3%81%84+%E3%81%B5%E3%82%8F%E3%81%B5%E3%82%8F+%E5%AE%B6%E5%BA%AD%2F%E3%83%86%E3%83%A9%E3%82%B9%2F%E5%AE%A4%E5%86%85%2F%E5%A4%96%E5%87%BA%E7%94%A8 HTTP/1.1" 200 52205 "-" "Mozilla/5.0 (Linux; Android 6.0.1; Nexus 5X Build/MMB29P) AppleWebKit/537.36 (KHTML, like Gecko) Chrome/135.0.7049.95 Mobile Safari/537.36 (compatible; Googlebot/2.1; +http://www.google.com/bot.html)"
66.249.77.77 - - [30/Apr/2025:09:06:47 -0400] "GET /?e=92778100712605&channel=a7fe83&from=blog.php%3Fid%3D1007126-18523%26name%3DSPACE+GENIE+%E3%80%80%E5%90%8A%E3%82%8A%E4%B8%8B%E3%81%92%E5%8F%8E%E7%B4%8D%E3%80%80%E5%9C%A7%E7%B8%AE%E3%83%90%E3%83%83%E3%82%B02%E6%9E%9A%E5%85%A5%E3%82%8A%E3%83%AD%E3%83%B3%E3%82%B0%E3%82%B5%E3%82%A4%E3%82%BA HTTP/1.1" 200 50822 "-" "Mozilla/5.0 (Linux; Android 6.0.1; Nexus 5X Build/MMB29P) AppleWebKit/537.36 (KHTML, like Gecko) Chrome/135.0.7049.95 Mobile Safari/537.36 (compatible; Googlebot/2.1; +http://www.google.com/bot.html)"
66.249.77.64 - - [30/Apr/2025:09:06:52 -0400] "GET /?e=4998823550401&channel=4259cd&from=product.php%3Fid%3D235504-295%26name%3D%E3%82%AC%E3%82%B9%E3%82%B3%E3%83%B3%E3%83%AD%E3%80%80%E9%83%BD%E5%B8%82%E3%82%AC%E3%82%B9%E7%94%A8 HTTP/1.1" 200 51000 "-" "Mozilla/5.0 (Linux; Android 6.0.1; Nexus 5X Build/MMB29P) AppleWebKit/537.36 (KHTML, like Gecko) Chrome/135.0.7049.95 Mobile Safari/537.36 (compatible; Googlebot/2.1; +http://www.google.com/bot.html)"
66.249.77.77 - - [30/Apr/2025:09:06:57 -0400] "GET /?e=5557761489006&channel=1616f2&from=article.php%3Fid%3D614890-1027%26name%3D%E9%81%8A%E6%88%AF%E7%8E%8B HTTP/1.1" 200 51002 "-" "Mozilla/5.0 (Linux; Android 6.0.1; Nexus 5X Build/MMB29P) AppleWebKit/537.36 (KHTML, like Gecko) Chrome/135.0.7049.95 Mobile Safari/537.36 (compatible; Googlebot/2.1; +http://www.google.com/bot.html)"
66.249.77.76 - - [30/Apr/2025:09:07:00 -0400] "GET /?e=86195157658200&channel=a4d38b&from=form.php%3Fid%3D1576582-1885%26name%3D%E3%80%90%E7%AC%AC2%E9%A1%9E%E5%8C%BB%E8%96%AC%E5%93%81%E3%80%91%E3%80%90%E3%83%A1%E3%83%BC%E3%83%AB%E4%BE%BF%EF%BC%81%E9%80%81%E6%96%99%E7%84%A1%E6%96%99%E3%80%91%E5%B0%8F%E5%A4%AA%E9%83%8E%E6%BC%A2%E6%96%B9%E9%BC%BB%E7%82%8E%E8%96%ACA%E3%80%8C%E3%82%B3%E3%82%BF%E3%83%AD%E3%83%BC%E3%80%8D60%E9%8C%A0%E3%80%80%E9%BC%BB%E7%82%8E%E8%96%AC HTTP/1.1" 200 55327 "-" "Mozilla/5.0 (Linux; Android 6.0.1; Nexus 5X Build/MMB29P) AppleWebKit/537.36 (KHTML, like Gecko) Chrome/135.0.7049.95 Mobile Safari/537.36 (compatible; Googlebot/2.1; +http://www.google.com/bot.html)"
66.249.77.76 - - [30/Apr/2025:09:07:04 -0400] "GET /?e=7729223825800&channel=7a5534&from=form.php%3Fid%3D238258-520%26name%3D%E7%BE%8E%E5%93%81+Clarks+%E3%83%AF%E3%83%A9%E3%83%93%E3%83%BC+25.0 HTTP/1.1" 200 51176 "-" "Mozilla/5.0 (Linux; Android 6.0.1; Nexus 5X Build/MMB29P) AppleWebKit/537.36 (KHTML, like Gecko) Chrome/135.0.7049.95 Mobile Safari/537.36 (compatible; Googlebot/2.1; +http://www.google.com/bot.html)"
66.249.77.76 - - [30/Apr/2025:09:07:10 -0400] "GET /?e=7299724167602&channel=52d0a2&from=blog.php%3Fid%3D241676-2458%26name%3D%E3%83%AB%E3%82%A4%E3%83%BB%E3%83%AD%E3%83%87%E3%83%AC%E3%83%BC%E3%83%AB%E3%82%AF%E3%83%AA%E3%82%B9%E3%82%BF%E3%83%AB%E3%83%AD%E3%82%BC2013+%E7%AE%B1%E3%81%82%E3%82%8A HTTP/1.1" 200 50265 "-" "Mozilla/5.0 (Linux; Android 6.0.1; Nexus 5X Build/MMB29P) AppleWebKit/537.36 (KHTML, like Gecko) Chrome/135.0.7049.95 Mobile Safari/537.36 (compatible; Googlebot/2.1; +http://www.google.com/bot.html)"
66.249.77.76 - - [30/Apr/2025:09:07:12 -0400] "GET /?e=3913925897200&channel=da6f26&from=info.php%3Fid%3D258972-613%26name%3DMAMMUT+%E3%83%9E%E3%83%A0%E3%83%BC%E3%83%88+%E3%82%B4%E3%82%A2%E3%83%86%E3%83%83%E3%82%AF%E3%82%B9+%E3%83%9E%E3%82%A6%E3%83%B3%E3%83%86%E3%83%B3%E3%83%91%E3%83%BC%E3%82%AB%E3%83%BC HTTP/1.1" 200 49639 "-" "Mozilla/5.0 (Linux; Android 6.0.1; Nexus 5X Build/MMB29P) AppleWebKit/537.36 (KHTML, like Gecko) Chrome/135.0.7049.95 Mobile Safari/537.36 (compatible; Googlebot/2.1; +http://www.google.com/bot.html)"
66.249.77.76 - - [30/Apr/2025:09:07:15 -0400] "GET /?e=8202591890002&channel=988d3b&from=product.php%3Fid%3D918900-8745%26name%3D%E5%B1%B1%E9%87%8E%E8%8D%89%E3%80%80%E3%81%99%E3%81%BF%E3%82%8C%E3%80%80%E8%8B%97%E3%80%80%E7%84%A1%E8%BE%B2%E8%96%AC HTTP/1.1" 200 52286 "-" "Mozilla/5.0 (Linux; Android 6.0.1; Nexus 5X Build/MMB29P) AppleWebKit/537.36 (KHTML, like Gecko) Chrome/135.0.7049.95 Mobile Safari/537.36 (compatible; Googlebot/2.1; +http://www.google.com/bot.html)"
66.249.77.76 - - [30/Apr/2025:09:07:16 -0400] "GET /?e=8082062566407&channel=11eaee&from=form.php%3Fid%3D625664-17916%26name%3DMicrosoft+Surface+Pro+%E3%82%BF%E3%82%A4%E3%83%97%E3%82%AB%E3%83%90%E3%83%BCModel1725 HTTP/1.1" 200 50730 "-" "Mozilla/5.0 (Linux; Android 6.0.1; Nexus 5X Build/MMB29P) AppleWebKit/537.36 (KHTML, like Gecko) Chrome/135.0.7049.95 Mobile Safari/537.36 (compatible; Googlebot/2.1; +http://www.google.com/bot.html)"
66.249.77.76 - - [30/Apr/2025:09:07:16 -0400] "GET /?e=95917143038600&channel=58f748&from=article.php%3Fid%3D1430386-24951%26name%3DNSleep+%E3%81%B5%E3%82%8F%E3%81%B5%E3%82%8F%E3%83%91%E3%82%B8%E3%83%A3%E3%83%9E%E3%80%80%E3%83%9B%E3%83%AF%E3%82%A4%E3%83%88 HTTP/1.1" 200 50124 "-" "Mozilla/5.0 (Linux; Android 6.0.1; Nexus 5X Build/MMB29P) AppleWebKit/537.36 (KHTML, like Gecko) Chrome/135.0.7049.95 Mobile Safari/537.36 (compatible; Googlebot/2.1; +http://www.google.com/bot.html)"
66.249.77.76 - - [30/Apr/2025:09:07:17 -0400] "GET /?e=81022132849000&channel=606af4&from=form.php%3Fid%3D1328490-29497%26name%3D%E8%BB%8A%E3%81%AE%E7%AA%93%E3%82%AC%E3%83%A9%E3%82%B9%E4%BF%9D%E8%AD%B7%E3%82%A2%E3%83%BC%E3%83%9E%E3%83%BC%E3%83%A9%E3%83%83%E3%82%AF%E3%82%B9%E3%82%BA%E3%82%AD%E3%82%B8%E3%83%A0%E3%83%8B%E3%83%BC%E7%94%A8%E4%BA%92%E6%8F%9B%E6%80%A7+2007+2008+2009+2010+2011+2012+2013+2014 HTTP/1.1" 200 51193 "-" "Mozilla/5.0 (Linux; Android 6.0.1; Nexus 5X Build/MMB29P) AppleWebKit/537.36 (KHTML, like Gecko) Chrome/135.0.7049.95 Mobile Safari/537.36 (compatible; Googlebot/2.1; +http://www.google.com/bot.html)"
110.249.201.57 - - [30/Apr/2025:09:07:19 -0400] "GET / HTTP/1.1" 200 0 "-" "Mozilla/5.0 (Linux; Android 5.0) AppleWebKit/537.36 (KHTML, like Gecko) Mobile Safari/537.36 (compatible; Bytespider; https://zhanzhang.toutiao.com/)"
66.249.77.76 - - [30/Apr/2025:09:07:22 -0400] "GET /?e=97437123087602&channel=765f95&from=info.php%3Fid%3D1230876-28584%26name%3DLLAN+LI+O11+DYNAMIC+EVO+SNOW+WHITE HTTP/1.1" 200 51060 "-" "Mozilla/5.0 (Linux; Android 6.0.1; Nexus 5X Build/MMB29P) AppleWebKit/537.36 (KHTML, like Gecko) Chrome/135.0.7049.95 Mobile Safari/537.36 (compatible; Googlebot/2.1; +http://www.google.com/bot.html)"
66.249.77.77 - - [30/Apr/2025:09:07:30 -0400] "GET /?e=472238551200&channel=5df71a&from=goods.php%3Fid%3D85512-7151%26name%3DTUMI+%E3%83%88%E3%82%A5%E3%83%9F+%E8%B2%A1%E5%B8%83 HTTP/1.1" 200 50638 "-" "Mozilla/5.0 (Linux; Android 6.0.1; Nexus 5X Build/MMB29P) AppleWebKit/537.36 (KHTML, like Gecko) Chrome/135.0.7049.95 Mobile Safari/537.36 (compatible; Googlebot/2.1; +http://www.google.com/bot.html)"
66.249.77.77 - - [30/Apr/2025:09:07:40 -0400] "GET /?e=733605752601&channel=b6f0d6&from=jp.php%3Fid%3D57526-4205%26name%3D3682729+3683289+3684009+ISM+CM870+%E3%82%A8%E3%83%B3%E3%82%B8%E3%83%B3+%E3%82%B3%E3%83%B3%E3%83%94%E3%83%A5%E3%83%BC%E3%82%BF+%E3%83%9C%E3%83%BC%E3%83%89+ECU+ECM+%E9%9B%BB%E5%AD%90%E5%88%B6%E5%BE%A1%E3%83%A6%E3%83%8B%E3%83%83%E3%83%88 HTTP/1.1" 200 51798 "-" "Mozilla/5.0 (Linux; Android 6.0.1; Nexus 5X Build/MMB29P) AppleWebKit/537.36 (KHTML, like Gecko) Chrome/135.0.7049.95 Mobile Safari/537.36 (compatible; Googlebot/2.1; +http://www.google.com/bot.html)"
66.249.77.76 - - [30/Apr/2025:09:08:00 -0400] "GET /?e=9992581972800&channel=8eace5&from=shop.php%3Fid%3D819728-19115%26name%3D%E3%83%91%E3%83%AD%E3%83%9E+%E3%82%AC%E3%82%B9%E3%83%86%E3%83%BC%E3%83%96%E3%83%AB+%E6%B0%B4%E7%84%A1%E3%81%97%E7%89%87%E9%9D%A2%E7%84%BC%E3%81%8D+56cm+%E3%83%97%E3%83%AD%E3%83%91%E3%83%B3%E3%82%AC%E3%82%B9%28LPG%29+%E5%B7%A6%E5%BC%B7%E7%81%AB+IC-S37BM-L-LPG HTTP/1.1" 200 53534 "-" "Mozilla/5.0 (Linux; Android 6.0.1; Nexus 5X Build/MMB29P) AppleWebKit/537.36 (KHTML, like Gecko) Chrome/135.0.7049.95 Mobile Safari/537.36 (compatible; Googlebot/2.1; +http://www.google.com/bot.html)"
20.15.133.175 - - [30/Apr/2025:09:08:03 -0400] "GET /?e=6190538012506&channel=137131&from=goods.php%3Fid%3D380125-7162%26name%3D%E6%BF%80%E3%83%AC%E3%82%A2%E2%9C%A8%E3%83%89%E3%83%AB%E3%83%81%E3%82%A7%E3%82%A2%E3%83%B3%E3%83%89%E3%82%AC%E3%83%83%E3%83%90%E3%83%BC%E3%83%8A+%E3%83%9E%E3%83%A8%E3%83%AA%E3%82%AB%E3%83%89%E3%83%AC%E3%82%B9+%E3%83%8E%E3%83%BC%E3%82%B9%E3%83%AA%E3%83%BC%E3%83%96%E3%83%AF%E3%83%B3%E3%83%94%E3%83%BC%E3%82%B9 HTTP/1.1" 200 39807 "-" "Mozilla/5.0 AppleWebKit/537.36 (KHTML, like Gecko; compatible; bingbot/2.0; +http://www.bing.com/bingbot.htm) Chrome/116.0.1938.76 Safari/537.36"
66.249.77.76 - - [30/Apr/2025:09:08:09 -0400] "GET /?e=80289133968800&channel=258c64&from=info.php%3Fid%3D1339688-10389%26name%3D%E5%AE%AE%E4%B8%96%E7%90%89%E5%BC%A5+%E3%83%9D%E3%83%BC%E3%83%81 HTTP/1.1" 200 50974 "-" "Mozilla/5.0 (Linux; Android 6.0.1; Nexus 5X Build/MMB29P) AppleWebKit/537.36 (KHTML, like Gecko) Chrome/135.0.7049.95 Mobile Safari/537.36 (compatible; Googlebot/2.1; +http://www.google.com/bot.html)"
66.249.77.76 - - [30/Apr/2025:09:08:15 -0400] "GET /?e=1208255370600&channel=ace2c8&from=product.php%3Fid%3D553706-18683%26name%3D%E5%8C%97%E6%B5%B7%E9%81%93%E3%80%80%E7%86%8A%E3%81%AE%E8%84%82%E3%80%80%E5%A4%A9%E7%84%B6%E3%80%803%E5%80%8B%E3%82%BB%E3%83%83%E3%83%88 HTTP/1.1" 200 52235 "-" "Mozilla/5.0 (Linux; Android 6.0.1; Nexus 5X Build/MMB29P) AppleWebKit/537.36 (KHTML, like Gecko) Chrome/135.0.7049.95 Mobile Safari/537.36 (compatible; Googlebot/2.1; +http://www.google.com/bot.html)"
66.249.77.76 - - [30/Apr/2025:09:08:19 -0400] "GET /?e=70888129566200&channel=5d8df0&from=news.php%3Fid%3D1295662-15414%26name%3DUNIQLO+%E3%83%87%E3%83%8B%E3%83%A0%E3%83%91%E3%83%B3%E3%83%84+%E3%82%B8%E3%83%BC%E3%83%91%E3%83%B3+%E3%82%B9%E3%82%AD%E3%83%8B%E3%83%BC%E3%83%91%E3%83%B3%E3%83%84+%E3%82%B9%E3%83%88%E3%83%AC%E3%83%83%E3%83%81+%E3%82%B7%E3%83%B3%E3%83%97%E3%83%AB HTTP/1.1" 200 51213 "-" "Mozilla/5.0 (Linux; Android 6.0.1; Nexus 5X Build/MMB29P) AppleWebKit/537.36 (KHTML, like Gecko) Chrome/135.0.7049.95 Mobile Safari/537.36 (compatible; Googlebot/2.1; +http://www.google.com/bot.html)"
66.249.77.76 - - [30/Apr/2025:09:08:26 -0400] "GET /?e=3098087135206&channel=282e87&from=form.php%3Fid%3D871352-10832%26name%3D%E7%89%9B%E5%88%80%E5%8C%85%E4%B8%81+%E5%A0%BA%E6%BA%90%E5%90%89%E4%BD%9C+%E5%85%A8%E9%95%B731cm%E5%88%8318%2C5cm%E9%87%8D%E7%B4%84120%E5%8E%9A%E7%B4%841%2C5mm+%E9%80%81%E6%96%99%E7%84%A1%E6%96%99 HTTP/1.1" 200 50109 "-" "Mozilla/5.0 (Linux; Android 6.0.1; Nexus 5X Build/MMB29P) AppleWebKit/537.36 (KHTML, like Gecko) Chrome/135.0.7049.95 Mobile Safari/537.36 (compatible; Googlebot/2.1; +http://www.google.com/bot.html)"
66.249.77.76 - - [30/Apr/2025:09:08:33 -0400] "GET /?e=50299179701803&channel=065a86&from=category-info.php%3Fid%3D1797018-17986%26name%3D%E5%8E%9A%E3%81%BF17cm+%E9%AB%98%E5%AF%86%E5%BA%A6+%E3%83%9C%E3%83%B3%E3%83%8D%E3%83%AB%E3%82%B3%E3%82%A4%E3%83%AB+%E3%83%9E%E3%83%83%E3%83%88%E3%83%AC%E3%82%B9+%E3%82%B7%E3%83%B3%E3%82%B0%E3%83%AB HTTP/1.1" 200 50305 "-" "Mozilla/5.0 (Linux; Android 6.0.1; Nexus 5X Build/MMB29P) AppleWebKit/537.36 (KHTML, like Gecko) Chrome/135.0.7049.95 Mobile Safari/537.36 (compatible; Googlebot/2.1; +http://www.google.com/bot.html)"
66.249.77.76 - - [30/Apr/2025:09:08:47 -0400] "GET /?e=32868156833000&channel=9af6be&from=product.php%3Fid%3D1568330-3057%26name%3DUSB%E5%85%85%E9%9B%BB%E5%99%A8+%E3%82%AD%E3%83%A3%E3%83%8E%E3%83%B3%28Canon%29+LP-E17+%E3%83%90%E3%83%83%E3%83%86%E3%83%AA%E3%83%BC%E5%AF%BE%E5%BF%9C+%E3%82%B3%E3%83%BC%E3%83%89+07004 HTTP/1.1" 200 51303 "-" "Mozilla/5.0 (Linux; Android 6.0.1; Nexus 5X Build/MMB29P) AppleWebKit/537.36 (KHTML, like Gecko) Chrome/135.0.7049.95 Mobile Safari/537.36 (compatible; Googlebot/2.1; +http://www.google.com/bot.html)"
66.249.77.77 - - [30/Apr/2025:09:08:52 -0400] "GET /?e=22149177869000&channel=5a3f14&from=news.php%3Fid%3D1778690-19133%26name%3D%E3%83%95%E3%82%A1%E3%82%A4%E3%83%8A%E3%83%AB%E3%83%95%E3%82%A1%E3%83%B3%E3%82%BF%E3%82%B8%E3%83%BC%E2%85%A6+%E6%A5%BD%E3%81%97%E3%81%84%E3%83%90%E3%82%A4%E3%82%A8%E3%83%AB%E4%BD%B5%E7%94%A8+%E3%83%89%E3%83%AC%E3%83%9F%E6%A5%BD%E8%AD%9C%E5%87%BA%E7%89%88%E7%A4%BE+FF7+%E6%A5%BD%E8%AD%9C+%E3%82%AA%E3%83%AA%E3%82%B8%E3%83%8A%E3%83%AB+%E3%83%95%E3%82%A1%E3%82%A4%E3%83%8A%E3%83%AB%E3%83%95%E3%82%A1%E3%83%B3%E3%82%BF%E3%82%B8%E3%83%BC7 HTTP/1.1" 200 51629 "-" "Mozilla/5.0 (Linux; Android 6.0.1; Nexus 5X Build/MMB29P) AppleWebKit/537.36 (KHTML, like Gecko) Chrome/135.0.7049.95 Mobile Safari/537.36 (compatible; Googlebot/2.1; +http://www.google.com/bot.html)"
66.249.77.77 - - [30/Apr/2025:09:08:55 -0400] "GET /?e=42919102307400&channel=b56d8e&from=shop.php%3Fid%3D1023074-7969%26name%3D%EF%BC%93%EF%BC%92%EF%BC%97%EF%BC%8E%E5%83%95%E3%81%AF%E5%A9%9A%E7%B4%84%E7%A0%B4%E6%A3%84%E3%81%AA%E3%82%93%E3%81%A6%E3%81%97%E3%81%BE%E3%81%9B%E3%82%93%E3%81%8B%E3%82%89%E3%81%AD+%EF%BC%91 HTTP/1.1" 200 50369 "-" "Mozilla/5.0 (Linux; Android 6.0.1; Nexus 5X Build/MMB29P) AppleWebKit/537.36 (KHTML, like Gecko) Chrome/135.0.7049.95 Mobile Safari/537.36 (compatible; Googlebot/2.1; +http://www.google.com/bot.html)"
66.249.77.77 - - [30/Apr/2025:09:09:01 -0400] "GET /?e=79185114734402&channel=046d4c&from=category-info.php%3Fid%3D1147344-21741%26name%3DCFexpress+Type+A%E3%80%80TOUGH160GB%E3%80%80CEA-G160T HTTP/1.1" 200 51562 "-" "Mozilla/5.0 (Linux; Android 6.0.1; Nexus 5X Build/MMB29P) AppleWebKit/537.36 (KHTML, like Gecko) Chrome/135.0.7049.95 Mobile Safari/537.36 (compatible; Googlebot/2.1; +http://www.google.com/bot.html)"
66.249.77.76 - - [30/Apr/2025:09:09:07 -0400] "GET /?e=9371058526001&channel=bd3c0e&from=pin.php%3Fid%3D585260-5453%26name%3DSIGMA+50F1.4+DG+HSM%2FS HTTP/1.1" 200 51006 "-" "Mozilla/5.0 (Linux; Android 6.0.1; Nexus 5X Build/MMB29P) AppleWebKit/537.36 (KHTML, like Gecko) Chrome/135.0.7049.95 Mobile Safari/537.36 (compatible; Googlebot/2.1; +http://www.google.com/bot.html)"
66.249.77.76 - - [30/Apr/2025:09:09:12 -0400] "GET /?e=69208146283807&channel=b266b7&from=form.php%3Fid%3D1462838-21745%26name%3D406v45%E3%80%87%E8%8D%89%E5%B1%A5%E3%83%90%E3%83%83%E3%82%B0%E3%82%BB%E3%83%83%E3%83%88+F%E3%82%B5%E3%82%A4%E3%82%BA+%E8%8A%B1+%E3%83%94%E3%83%B3%E3%82%AF+%E9%BB%92+%E3%82%B4%E3%83%BC%E3%83%AB%E3%83%89%E3%80%87%E7%BE%8E%E5%93%81 HTTP/1.1" 200 50298 "-" "Mozilla/5.0 (Linux; Android 6.0.1; Nexus 5X Build/MMB29P) AppleWebKit/537.36 (KHTML, like Gecko) Chrome/135.0.7049.95 Mobile Safari/537.36 (compatible; Googlebot/2.1; +http://www.google.com/bot.html)"
66.249.77.76 - - [30/Apr/2025:09:09:16 -0400] "GET /?e=78258148573800&channel=2a9b3f&from=form.php%3Fid%3D1485738-22606%26name%3D%E3%82%A4%E3%82%AA%E3%83%B3%E3%80%80%E6%A0%AA%E4%B8%BB%E5%84%AA%E5%BE%85%E3%80%8022000%E5%86%86%E5%88%86 HTTP/1.1" 200 50411 "-" "Mozilla/5.0 (Linux; Android 6.0.1; Nexus 5X Build/MMB29P) AppleWebKit/537.36 (KHTML, like Gecko) Chrome/135.0.7049.95 Mobile Safari/537.36 (compatible; Googlebot/2.1; +http://www.google.com/bot.html)"
66.249.77.76 - - [30/Apr/2025:09:09:21 -0400] "GET /?e=75982150235005&channel=3e8d31&from=product.php%3Fid%3D1502350-27317%26name%3D%E5%AD%90%E4%BE%9B%E7%94%A8%E9%A1%95%E5%BE%AE%E9%8F%A1%E3%80%81%E5%AD%90%E4%BE%9B%E7%94%A8%E9%A1%95%E5%BE%AE%E9%8F%A1+-+%E6%9C%80%E5%A4%A7+1000+%E5%80%8D%E3%81%AE%E5%80%8D%E7%8E%87%E3%81%AE%E3%83%9D%E3%82%B1%E3%83%83%E3%83%88%E3%83%8F%E3%83%B3%E3%83%89%E3%83%98%E3%83%AB%E3%83%89%E9%A1%95%E5%BE%AE%E9%8F%A1+-+%E3%82%B5%E3%82%A4%E3%82%A8%E3%83%B3%E3%82%B9%E3%82%AD%E3%83%83%E3%83%88%E3%82%AD%E3%83%83%E3%82%BA+3.5+%E3%82%A4%E3%83%B3%E3%83%81%E6%8A%98%E3%82%8A HTTP/1.1" 200 50716 "-" "Mozilla/5.0 (Linux; Android 6.0.1; Nexus 5X Build/MMB29P) AppleWebKit/537.36 (KHTML, like Gecko) Chrome/135.0.7049.95 Mobile Safari/537.36 (compatible; Googlebot/2.1; +http://www.google.com/bot.html)"
66.249.77.76 - - [30/Apr/2025:09:09:29 -0400] "GET /?e=04817113571600&channel=0eab90&from=product.php%3Fid%3D1135716-7584%26name%3D%E5%A3%AB%E9%83%8E%E6%AD%A3%E5%AE%97+%E3%82%A4%E3%83%A9%E3%82%B9%E3%83%88%E3%83%AC%E3%83%BC%E3%82%B7%E3%83%A7%E3%83%B3%E3%82%AB%E3%83%BC%E3%83%892001%E3%80%80SP-01 HTTP/1.1" 200 51316 "-" "Mozilla/5.0 (Linux; Android 6.0.1; Nexus 5X Build/MMB29P) AppleWebKit/537.36 (KHTML, like Gecko) Chrome/135.0.7049.95 Mobile Safari/537.36 (compatible; Googlebot/2.1; +http://www.google.com/bot.html)"
66.249.77.76 - - [30/Apr/2025:09:09:36 -0400] "GET /?e=1282771772601&channel=528390&from=product.php%3Fid%3D717726-13907%26name%3D%E6%9C%80%E7%B5%82%E5%80%A4%E4%B8%8B%E3%81%92%E2%80%BC%EF%B8%8FPE%E4%BB%98%E3%81%8D%E2%80%BC%EF%B8%8FSHIMANO+19STELLA+SW14000XG HTTP/1.1" 200 50118 "-" "Mozilla/5.0 (Linux; Android 6.0.1; Nexus 5X Build/MMB29P) AppleWebKit/537.36 (KHTML, like Gecko) Chrome/135.0.7049.95 Mobile Safari/537.36 (compatible; Googlebot/2.1; +http://www.google.com/bot.html)"
66.249.77.77 - - [30/Apr/2025:09:09:41 -0400] "GET /?e=86107163327801&channel=427f26&from=goods.php%3Fid%3D1633278-31722%26name%3DGalaxy+S23+FE+5G+%E3%82%AC%E3%83%A9%E3%82%B9+%E3%83%95%E3%82%A3%E3%83%AB%E3%83%A0+%E9%80%8F%E6%98%8E%E3%80%80%E3%83%94%E3%82%AF%E3%82%BB%E3%83%AB%E6%B6%B2%E6%99%B6%E4%BF%9D%E8%AD%B7+%E7%94%BB%E9%9D%A2 HTTP/1.1" 200 51576 "-" "Mozilla/5.0 (Linux; Android 6.0.1; Nexus 5X Build/MMB29P) AppleWebKit/537.36 (KHTML, like Gecko) Chrome/135.0.7049.95 Mobile Safari/537.36 (compatible; Googlebot/2.1; +http://www.google.com/bot.html)"
20.15.133.175 - - [30/Apr/2025:09:09:44 -0400] "GET /?e=95258192427205&channel=f06691&from=news.php%3Fid%3D1924272-12469%26name%3D%E3%83%8F%E3%83%AC%E3%82%AF%E3%82%BF%E3%83%8B%E3%80%80%E3%83%9C%E3%82%A6%E3%83%AB%E3%80%80%E3%83%99%E3%83%AA%E3%83%BC HTTP/1.1" 200 38488 "-" "Mozilla/5.0 AppleWebKit/537.36 (KHTML, like Gecko; compatible; bingbot/2.0; +http://www.bing.com/bingbot.htm) Chrome/116.0.1938.76 Safari/537.36"
66.249.77.77 - - [30/Apr/2025:09:09:49 -0400] "GET /?e=25720168705005&channel=fef091&from=brands.php%3Fid%3D1687050-13940%26name%3D%5B%E3%83%99%E3%83%AB%E3%83%A1%E3%82%BE%E3%83%B3%5D+%E3%83%AD%E3%83%BC%E3%83%86%E3%83%BC%E3%83%96%E3%83%AB+%E3%81%8A%E3%82%8A%E3%81%9F%E3%81%9F%E3%81%BF+%E5%BA%A7%E5%8D%93%E3%83%BB%E3%81%A1%E3%82%83%E3%81%B6%E5%8F%B0+%E3%83%8A%E3%83%81%E3%83%A5%E3%83%A9%E3%83%AB+%E5%B9%85120+%E5%A5%A5%E8%A1%8C80 HTTP/1.1" 200 51269 "-" "Mozilla/5.0 (Linux; Android 6.0.1; Nexus 5X Build/MMB29P) AppleWebKit/537.36 (KHTML, like Gecko) Chrome/135.0.7049.95 Mobile Safari/537.36 (compatible; Googlebot/2.1; +http://www.google.com/bot.html)"
66.249.77.76 - - [30/Apr/2025:09:09:55 -0400] "GET /?e=74189194251802&channel=ddcc45&from=blog.php%3Fid%3D1942518-20681%26name%3D%E3%83%8E%E3%83%B3%E3%83%AF%E3%82%A4%E3%83%A4%E3%83%BC+%E3%83%96%E3%83%A9%E3%82%B8%E3%83%A3%E3%83%BC+%E3%83%8E%E3%83%B3%E3%83%AF%E3%82%A4%E3%83%A4%E3%83%BC%E3%83%96%E3%83%A9+%E9%80%81%E6%96%99%E7%84%A1%E6%96%99+%E3%82%AE%E3%83%A3%E3%82%B6%E3%83%BC%E3%83%96%E3%83%A9+%E8%82%B2%E4%B9%B3%E3%83%96%E3%83%A9+%E3%83%95%E3%83%AA%E3%83%AB+%E3%83%AC%E3%83%BC%E3%82%B9+%E3%81%8B%E3%82%8F%E3%81%84%E3%81%84+%E8%B0%B7%E9%96%93+%E8%84%87%E9%AB%98+%E8%A3%9C%E6%AD%A3+%E3%83%95%E3%83%AB%E3%83%AC%E3%83%BC%E3%82%B9+%E8%82%B2%E4%B9%B3%E3%83%96%E3%83%A9+%E7%9B%9B%E3%82%8A%E3%83%96%E3%83%A9+%E3%83%90%E3%82%B9%E3%83%88%E3%82%A2%E3%83%83%E3%83%97+%E5%A5%B3%E6%80%A7%E7%94%A8+%E4%B8%8B%E7%9D%80+%E3%82%A4%E3%83%B3%E3%83%8A%E3%83%BC%23kaka2563 HTTP/1.1" 200 53270 "-" "Mozilla/5.0 (Linux; Android 6.0.1; Nexus 5X Build/MMB29P) AppleWebKit/537.36 (KHTML, like Gecko) Chrome/135.0.7049.95 Mobile Safari/537.36 (compatible; Googlebot/2.1; +http://www.google.com/bot.html)"
66.249.77.77 - - [30/Apr/2025:09:10:01 -0400] "GET /?e=2827231991600&channel=87a6cd&from=info.php%3Fid%3D319916-16143%26name%3D%E5%AE%8C%E5%85%A8%E4%BA%88%E7%B4%84%E7%94%9F%E7%94%A3%E7%9B%A4%EF%BC%81%E5%90%89%E5%B7%9D%E6%99%83%E5%8F%B8+%2F+%E5%B8%83%E8%A2%8B%E5%AF%85%E6%B3%B0%EF%BC%88%E3%82%B3%E3%83%B3%E3%83%97%E3%83%AC%E3%83%83%E3%82%AF%E3%82%B9%EF%BC%89%E3%83%BBBlu-ray+%26+2CD%E3%83%BB%E3%80%8CCOMPLEX+20240515+-+16+%E6%97%A5%E6%9C%AC%E4%B8%80%E5%BF%83%E3%80%8D HTTP/1.1" 200 53378 "-" "Mozilla/5.0 (Linux; Android 6.0.1; Nexus 5X Build/MMB29P) AppleWebKit/537.36 (KHTML, like Gecko) Chrome/135.0.7049.95 Mobile Safari/537.36 (compatible; Googlebot/2.1; +http://www.google.com/bot.html)"
66.249.77.77 - - [30/Apr/2025:09:10:08 -0400] "GET /?e=1318810955606&channel=33b946&from=goods.php%3Fid%3D109556-3177%26name%3DTaylorMade+%E3%83%86%E3%83%BC%E3%83%A9%E3%83%BC%E3%83%A1%E3%82%A4%E3%83%89+Qi35+MAX+%E3%83%89%E3%83%A9%E3%82%A4%E3%83%90%E3%83%BC HTTP/1.1" 200 50662 "-" "Mozilla/5.0 (Linux; Android 6.0.1; Nexus 5X Build/MMB29P) AppleWebKit/537.36 (KHTML, like Gecko) Chrome/135.0.7049.95 Mobile Safari/537.36 (compatible; Googlebot/2.1; +http://www.google.com/bot.html)"
52.221.10.145 - - [30/Apr/2025:09:10:27 -0400] "GET /wp-content/uploads/2024/04/Screenshot-2024-04-19-144909.png HTTP/1.1" 200 609756 "-" "python-requests/2.30.0"
157.55.39.48 - - [30/Apr/2025:09:10:32 -0400] "GET /?e=51482147354202&channel=e30c19&from=form.php%3Fid%3D1473542-24712%26name%3DP9IDEDFH+%E3%83%92%E3%83%88%E5%96%89%E9%A0%AD%E3%83%A2%E3%83%87%E3%83%AB%E3%80%81%E7%A7%91%E5%AD%A6%E6%95%99%E5%AE%A4%E7%94%A82X%E5%8F%96%E3%82%8A%E5%A4%96%E3%81%97%E5%8F%AF%E8%83%BD%E3%81%AA%E5%92%BD%E9%A0%AD%E3%83%A2%E3%83%87%E3%83%AB%E3%80%81%E8%A7%A3%E5%89%96%E5%AD%A6%E7%9A%84%E3%81%AB%E6%AD%A3%E7%A2%BA%E3%81%AA%E5%96%89%E3%83%A2%E3%83%87%E3%83%AB%E3%80%81%E5%8C%BB%E5%AD%A6%E8%A7%A3%E5%89%96%E5%AD%A6%E3%81%8A%E3%82%88%E3%81%B3%E7%94%9F%E7%90%86%E5%AD%A6%E7%A0%94%E7%A9%B6%E7%A0%94%E7%A9%B6%E6%95%99 HTTP/1.1" 200 39578 "-" "Mozilla/5.0 AppleWebKit/537.36 (KHTML, like Gecko; compatible; bingbot/2.0; +http://www.bing.com/bingbot.htm) Chrome/116.0.1938.76 Safari/537.36"
66.249.77.76 - - [30/Apr/2025:09:10:36 -0400] "GET /?e=73590129018601&channel=feacc4&from=jp.php%3Fid%3D1290186-12158%26name%3D%E3%82%A2%E3%82%B9%E3%83%88%E3%83%AD%E3%82%AF%E3%82%B977%E3%83%97%E3%83%AD4UG6 HTTP/1.1" 200 48278 "-" "Mozilla/5.0 (Linux; Android 6.0.1; Nexus 5X Build/MMB29P) AppleWebKit/537.36 (KHTML, like Gecko) Chrome/135.0.7049.95 Mobile Safari/537.36 (compatible; Googlebot/2.1; +http://www.google.com/bot.html)"
84.54.44.30 - - [30/Apr/2025:09:10:43 -0400] "GET /2024/08/14/aksi-wartawan-jitak-armor-suami-cut-intan-nabila/ HTTP/1.0" 200 0 "https://beritafor4d.com/2024/08/14/aksi-wartawan-jitak-armor-suami-cut-intan-nabila/" "Mozilla/5.0 (Windows NT 10.0; Win64; x64) AppleWebKit/537.36 (KHTML, like Gecko) Chrome/131.0.0.0 Safari/537.36 Avast/131.0.0.0"
84.54.44.30 - - [30/Apr/2025:09:10:44 -0400] "GET / HTTP/1.0" 200 0 "https://beritafor4d.com/" "Mozilla/5.0 (Windows NT 10.0; Win64; x64) AppleWebKit/537.36 (KHTML, like Gecko) Chrome/131.0.0.0 Safari/537.36 Avast/131.0.0.0"
66.249.77.76 - - [30/Apr/2025:09:10:45 -0400] "GET /?e=29951146348401&channel=72599b&from=product.php%3Fid%3D1463484-6590%26name%3D%E4%BC%B8%E9%8A%85+%E5%BF%AB%E5%89%8A+%E7%9C%9F%E4%B8%AD+%E4%B8%B8%E6%A3%92+%E7%9B%B4%E5%BE%84+68mm+880+mm HTTP/1.1" 200 50676 "-" "Mozilla/5.0 (Linux; Android 6.0.1; Nexus 5X Build/MMB29P) AppleWebKit/537.36 (KHTML, like Gecko) Chrome/135.0.7049.95 Mobile Safari/537.36 (compatible; Googlebot/2.1; +http://www.google.com/bot.html)"
66.249.77.76 - - [30/Apr/2025:09:10:48 -0400] "GET /?e=08547160868803&channel=eafa62&from=brands.php%3Fid%3D1608688-11931%26name%3D%E3%82%AB%E3%83%86%E3%82%B4%E3%83%AA5e+STP+LAN%E3%82%B1%E3%83%BC%E3%83%96%E3%83%AB+0.5m+%E3%83%84%E3%83%A1%E6%8A%98%E3%82%8C%E9%98%B2%E6%AD%A2%E3%82%B3%E3%83%8D%E3%82%AF%E3%82%BF+%E3%82%B9%E3%83%AA%E3%83%A0+%E3%82%84%E3%82%8F%E3%82%89%E3%81%8B+%E8%80%90%E6%B8%A9%E5%BA%A6%E6%80%A7+%E8%80%90%E6%B2%B9%E6%80%A7+%E8%80%90UV%E6%80%A7+%E9%9B%A3%E7%87%83%E6%80%A7+%E3%83%96%E3%83%AB%E3%83%BC+KB-SL5STPS-005BL+%E3%83%8D%E3%82%B3%E3%83%9D%E3%82%B9%E5%AF%BE%E5%BF%9C HTTP/1.1" 200 50630 "-" "Mozilla/5.0 (Linux; Android 6.0.1; Nexus 5X Build/MMB29P) AppleWebKit/537.36 (KHTML, like Gecko) Chrome/135.0.7049.95 Mobile Safari/537.36 (compatible; Googlebot/2.1; +http://www.google.com/bot.html)"
66.249.77.76 - - [30/Apr/2025:09:10:52 -0400] "GET /?e=468085429403&channel=018f29&from=article.php%3Fid%3D54294-3242%26name%3D%E3%80%90%E4%B8%AD%E5%8F%A4%2F%E7%BE%8E%E5%93%81%E3%80%91%E3%83%9F%E3%82%BA%E3%83%8E%E3%83%97%E3%83%AD+245+%E3%82%A2%E3%82%A4%E3%82%A2%E3%83%B3+6%E6%9C%AC%E3%82%BB%E3%83%83%E3%83%88+%E3%83%80%E3%82%A4%E3%83%8A%E3%83%9F%E3%83%83%E3%82%AF%E3%82%B4%E3%83%BC%E3%83%AB%E3%83%8995+%28S200%29+%23MizunoPro245 HTTP/1.1" 200 50634 "-" "Mozilla/5.0 (Linux; Android 6.0.1; Nexus 5X Build/MMB29P) AppleWebKit/537.36 (KHTML, like Gecko) Chrome/135.0.7049.95 Mobile Safari/537.36 (compatible; Googlebot/2.1; +http://www.google.com/bot.html)"
66.249.77.76 - - [30/Apr/2025:09:10:56 -0400] "GET /?e=82781133185601&channel=adcb5f&from=form.php%3Fid%3D1331856-29522%26name%3D%E6%9C%9F%E9%96%93%E9%99%90%E5%AE%9A%E4%BE%A1%E6%A0%BC%2F%E6%96%B0%E5%93%81%E6%9C%AA%E4%BD%BF%E7%94%A8%2FALL2mm%E3%83%AD%E3%83%B3%E3%82%B0%E3%82%BF%E3%83%83%E3%83%91%E3%83%BC%2F%E3%83%A1%E3%83%B3%E3%82%BAL%E3%82%B5%E3%82%A4%E3%82%BA HTTP/1.1" 200 49972 "-" "Mozilla/5.0 (Linux; Android 6.0.1; Nexus 5X Build/MMB29P) AppleWebKit/537.36 (KHTML, like Gecko) Chrome/135.0.7049.95 Mobile Safari/537.36 (compatible; Googlebot/2.1; +http://www.google.com/bot.html)"
66.249.77.77 - - [30/Apr/2025:09:11:02 -0400] "GET /?e=74048182571600&channel=a3f0d3&from=article.php%3Fid%3D1825716-32919%26name%3D%E3%82%A2%E3%83%B3%E3%83%8A%E3%83%A9%E3%83%A9%E3%83%86%E3%82%A3%E3%83%BC31 HTTP/1.1" 200 50787 "-" "Mozilla/5.0 (Linux; Android 6.0.1; Nexus 5X Build/MMB29P) AppleWebKit/537.36 (KHTML, like Gecko) Chrome/135.0.7049.95 Mobile Safari/537.36 (compatible; Googlebot/2.1; +http://www.google.com/bot.html)"
66.249.77.64 - - [30/Apr/2025:09:11:06 -0400] "GET /?e=2883443118200&channel=b2f0af&from=goods.php%3Fid%3D431182-18645%26name%3Dsteelseries+APEX+PRO+TKL HTTP/1.1" 200 52937 "-" "Mozilla/5.0 (Linux; Android 6.0.1; Nexus 5X Build/MMB29P) AppleWebKit/537.36 (KHTML, like Gecko) Chrome/135.0.7049.95 Mobile Safari/537.36 (compatible; Googlebot/2.1; +http://www.google.com/bot.html)"
66.249.77.76 - - [30/Apr/2025:09:11:13 -0400] "GET /?e=7227454257601&channel=5fb264&from=article.php%3Fid%3D542576-5335%26name%3D%E2%96%A1+G315+%E2%96%A1+%E3%83%93%E3%83%AA%E3%83%A4%E3%83%BC%E3%83%89+Billiards+%E3%82%AD%E3%83%A5%E3%83%BC+%E3%83%90%E3%83%83%E3%82%B0+%E3%82%B7%E3%83%A3%E3%83%95%E3%83%88+6%E7%82%B9%E3%81%BE%E3%81%A8%E3%82%81+JOSS+IGNIS+13.1mm+STELLA+%E3%83%A1%E3%83%BC%E3%83%97%E3%83%AB+CUETEC+earl+strickland HTTP/1.1" 200 50445 "-" "Mozilla/5.0 (Linux; Android 6.0.1; Nexus 5X Build/MMB29P) AppleWebKit/537.36 (KHTML, like Gecko) Chrome/135.0.7049.95 Mobile Safari/537.36 (compatible; Googlebot/2.1; +http://www.google.com/bot.html)"
66.249.77.76 - - [30/Apr/2025:09:11:24 -0400] "GET /?e=90427111278400&channel=143308&from=product.php%3Fid%3D1112784-8907%26name%3Dtu062s+%E5%AD%A6%E5%9C%92%E9%BB%99%E7%A4%BA%E9%8C%B2+HIGHSCHOOL+OF+THE+DEAD+%E6%AF%92%E5%B3%B6%E5%86%B4%E5%AD%90+1%2F8+%E5%AE%8C%E6%88%90%E5%93%81%E3%83%95%E3%82%A3%E3%82%AE%E3%83%A5%E3%82%A2+%E2%80%BB%E4%B8%AD%E5%8F%A4%E3%80%80%E3%80%80%E3%80%90%E6%B4%A5%E5%B1%B1%E5%BA%97%E3%80%91 HTTP/1.1" 200 53341 "-" "Mozilla/5.0 (Linux; Android 6.0.1; Nexus 5X Build/MMB29P) AppleWebKit/537.36 (KHTML, like Gecko) Chrome/135.0.7049.95 Mobile Safari/537.36 (compatible; Googlebot/2.1; +http://www.google.com/bot.html)"
66.249.77.76 - - [30/Apr/2025:09:11:31 -0400] "GET /?e=0183168059001&channel=ea43b9&from=jp.php%3Fid%3D680590-13445%26name%3D%E6%9F%B4%E7%94%B0%E6%81%AD%E5%85%B5%E3%83%93%E3%83%8B%E3%83%BC%E3%83%AB%E3%83%91%E3%82%B9%E3%82%B1%E3%83%BC%E3%82%B9 HTTP/1.1" 200 50583 "-" "Mozilla/5.0 (Linux; Android 6.0.1; Nexus 5X Build/MMB29P) AppleWebKit/537.36 (KHTML, like Gecko) Chrome/135.0.7049.95 Mobile Safari/537.36 (compatible; Googlebot/2.1; +http://www.google.com/bot.html)"
66.249.77.76 - - [30/Apr/2025:09:11:36 -0400] "GET /?e=6419196294807&channel=0d74eb&from=brands.php%3Fid%3D962948-3989%26name%3D%5B%E4%BA%AC%E3%82%BB%E3%83%A9%5D+%E3%83%80%E3%82%A4%E3%83%A4%E3%83%A2%E3%83%B3%E3%83%89+%E3%83%8D%E3%83%83%E3%82%AF%E3%83%AC%E3%82%B9+0.3%E3%82%AB%E3%83%A9%E3%83%83%E3%83%88+%E4%B8%80%E7%B2%92+%E9%91%91%E5%AE%9A%E6%9B%B8%E4%BB%98+H%E3%82%AB%E3%83%A9%E3%83%BCUP+I1+GoodUP+%E5%A4%A9%E7%84%B6%E7%9F%B3%E2%80%A6 HTTP/1.1" 200 50099 "-" "Mozilla/5.0 (Linux; Android 6.0.1; Nexus 5X Build/MMB29P) AppleWebKit/537.36 (KHTML, like Gecko) Chrome/135.0.7049.95 Mobile Safari/537.36 (compatible; Googlebot/2.1; +http://www.google.com/bot.html)"
66.249.77.76 - - [30/Apr/2025:09:11:42 -0400] "GET /?e=8787163460202&channel=c47394&from=article.php%3Fid%3D634602-5645%26name%3DMIZUNO%2F%E3%83%9F%E3%82%BA%E3%83%8E+%E3%82%B9%E3%82%AF%E3%83%AF%E3%83%83%E3%83%88%E3%82%B9%E3%83%AA%E3%83%BC%E3%83%AB%CE%B1%EF%BC%88%E3%82%A2%E3%83%AB%E3%83%95%E3%82%A1%EF%BC%89%E3%80%80%E3%83%96%E3%83%A9%E3%82%A6%E3%83%B3 HTTP/1.1" 200 51917 "-" "Mozilla/5.0 (Linux; Android 6.0.1; Nexus 5X Build/MMB29P) AppleWebKit/537.36 (KHTML, like Gecko) Chrome/135.0.7049.95 Mobile Safari/537.36 (compatible; Googlebot/2.1; +http://www.google.com/bot.html)"
66.249.77.77 - - [30/Apr/2025:09:11:56 -0400] "GET /?e=27080101827800&channel=821a8f&from=pin.php%3Fid%3D1018278-18968%26name%3D%E3%82%A4%E3%83%B3%E3%83%90%E3%83%BC%E3%82%BF%E3%83%BC+12V+220V+6000W+8000W+24V+48V+60V+72V+DC+%E3%81%8B%E3%82%89+110V+AC+%E7%B4%94%E6%AD%A3%E6%AD%A3%E5%BC%A6%E6%B3%A2%E9%9B%BB%E5%9C%A7%E3%82%B3 HTTP/1.1" 200 51931 "-" "Mozilla/5.0 (Linux; Android 6.0.1; Nexus 5X Build/MMB29P) AppleWebKit/537.36 (KHTML, like Gecko) Chrome/135.0.7049.95 Mobile Safari/537.36 (compatible; Googlebot/2.1; +http://www.google.com/bot.html)"
66.249.77.76 - - [30/Apr/2025:09:12:00 -0400] "GET /?e=5977870023603&channel=50c318&from=form.php%3Fid%3D700236-12894%26name%3DFURLA+BABYLON+%E4%B8%89%E3%81%A4%E6%8A%98%E3%82%8A%E8%B2%A1%E5%B8%83%E3%80%80%E3%82%B3%E3%83%B3%E3%83%91%E3%82%AF%E3%83%88%E3%80%80%E3%83%99%E3%83%BC%E3%82%B8%E3%83%A5 HTTP/1.1" 200 50240 "-" "Mozilla/5.0 (Linux; Android 6.0.1; Nexus 5X Build/MMB29P) AppleWebKit/537.36 (KHTML, like Gecko) Chrome/135.0.7049.95 Mobile Safari/537.36 (compatible; Googlebot/2.1; +http://www.google.com/bot.html)"
66.249.77.76 - - [30/Apr/2025:09:12:02 -0400] "GET /?e=9308663219601&channel=5c860c&from=form.php%3Fid%3D632196-22052%26name%3D%E7%B2%BE%E6%B2%B9%E3%80%80%E3%83%97%E3%83%81%E3%82%B0%E3%83%AC%E3%83%B3%E3%80%80%E3%83%9E%E3%83%B3%E3%83%80%E3%83%AA%E3%83%B3%E3%80%80%E3%81%BB%E3%81%A3%E3%81%93%E3%82%8A%E7%A9%8F%E3%82%84%E3%81%8B%E3%81%AB%E3%80%80%E3%83%AA%E3%83%A9%E3%83%83%E3%82%AF%E3%82%B9%E3%82%BF%E3%82%A4%E3%83%A0 HTTP/1.1" 200 50312 "-" "Mozilla/5.0 (Linux; Android 6.0.1; Nexus 5X Build/MMB29P) AppleWebKit/537.36 (KHTML, like Gecko) Chrome/135.0.7049.95 Mobile Safari/537.36 (compatible; Googlebot/2.1; +http://www.google.com/bot.html)"
66.249.77.76 - - [30/Apr/2025:09:12:04 -0400] "GET /?e=22723114757614&channel=2b42b2&from=jp.php%3Fid%3D1147576-14791%26name%3DDOLCE%26GABBANA+%E3%83%89%E3%83%AB%E3%83%81%E3%82%A7%26%E3%82%AC%E3%83%83%E3%83%90%E3%83%BC%E3%83%8A+%E3%82%BB%E3%83%83%E3%83%88%E3%82%A2%E3%83%83%E3%83%97+%E3%82%B9%E3%83%BC%E3%83%84+%E3%83%96%E3%83%A9%E3%83%83%E3%82%AF HTTP/1.1" 200 50075 "-" "Mozilla/5.0 (Linux; Android 6.0.1; Nexus 5X Build/MMB29P) AppleWebKit/537.36 (KHTML, like Gecko) Chrome/135.0.7049.95 Mobile Safari/537.36 (compatible; Googlebot/2.1; +http://www.google.com/bot.html)"
66.249.77.76 - - [30/Apr/2025:09:12:07 -0400] "GET /?e=22220158783400&channel=9dad71&from=pin.php%3Fid%3D1587834-24728%26name%3D%E8%AA%98%E5%B0%8E%E5%8A%A0%E7%86%B1%E3%83%9C%E3%83%AB%E3%83%88%E3%83%AA%E3%83%A0%E3%83%BC%E3%83%90%E3%83%BC%E3%80%81%E9%8C%86%E3%81%B3%E3%81%9F%2F%E8%85%90%E9%A3%9F%E6%80%A7%E3%81%AE%E3%83%9C%E3%83%AB%E3%83%88%2F%E3%83%8A%E3%83%83%E3%83%88%E7%94%A8%E3%80%81%E7%A3%81%E6%B0%97%E8%AA%98%E5%B0%8E%E3%83%92%E3%83%BC%E3%82%BF%E3%83%BC%E3%83%84%E3%83%BC%E3%83%AB%E3%82%AD%E3%83%83%E3%83%88%E3%80%81%E9%8C%86%E3%81%B3%E3%81%9F%E3%83%9C%E3%83%AB%E3%83%88%E9%99%A4%E5%8E%BB%E3%83%84%E3%83%BC%E3%83%AB HTTP/1.1" 200 52553 "-" "Mozilla/5.0 (Linux; Android 6.0.1; Nexus 5X Build/MMB29P) AppleWebKit/537.36 (KHTML, like Gecko) Chrome/135.0.7049.95 Mobile Safari/537.36 (compatible; Googlebot/2.1; +http://www.google.com/bot.html)"
66.249.77.76 - - [30/Apr/2025:09:12:12 -0400] "GET /?e=3059822625601&channel=2840a1&from=category-info.php%3Fid%3D226256-9241%26name%3DBEIIQIG+%E5%9B%BD%E6%B0%91%E7%9A%84%E3%81%AA%E3%82%B9%E3%82%BF%E3%82%A4%E3%83%AB%E3%81%AE%E5%A5%B3%E6%80%A7%E3%81%AE%E3%83%89%E3%83%AC%E3%82%B9%E3%81%AE%E5%A5%B3%E6%80%A7%E3%81%AE%E3%83%84%E3%83%BC%E3%83%94%E3%83%BC%E3%82%B9%E4%BF%AE%E6%AD%A3%E3%81%95%E3%82%8C%E3%81%9F%E3%83%81%E3%83%A3%E3%82%A4%E3%83%8A+%E3%83%89%E3%83%AC%E3%82%B9+%E3%82%B9%E3%82%AB%E3%83%BC%E3%83%88%28XL%29 HTTP/1.1" 200 52497 "-" "Mozilla/5.0 (Linux; Android 6.0.1; Nexus 5X Build/MMB29P) AppleWebKit/537.36 (KHTML, like Gecko) Chrome/135.0.7049.95 Mobile Safari/537.36 (compatible; Googlebot/2.1; +http://www.google.com/bot.html)"
66.249.77.76 - - [30/Apr/2025:09:12:17 -0400] "GET /?e=8176769047000&channel=236216&from=pin.php%3Fid%3D690470-7010%26name%3DPSA10+25%E5%91%A8%E5%B9%B4+%E3%82%B4%E3%83%BC%E3%83%AB%E3%83%89+%E3%83%9F%E3%83%A5%E3%82%A6+030%2F028+UR+%E2%80%BB%E9%91%91%E5%AE%9A%E3%82%B1%E3%83%BC%E3%82%B9%E4%BB%98 HTTP/1.1" 200 50208 "-" "Mozilla/5.0 (Linux; Android 6.0.1; Nexus 5X Build/MMB29P) AppleWebKit/537.36 (KHTML, like Gecko) Chrome/135.0.7049.95 Mobile Safari/537.36 (compatible; Googlebot/2.1; +http://www.google.com/bot.html)"
66.249.77.76 - - [30/Apr/2025:09:12:20 -0400] "GET /?e=6038452848404&channel=22aa43&from=info.php%3Fid%3D528484-20359%26name%3D%E3%82%B3%E3%83%B3%E3%83%97%E3%83%AC%E3%83%83%E3%82%B5%E3%83%BC%E5%BC%8F%E9%99%A4%E6%B9%BF%E6%A9%9F%E3%80%80%E6%A5%AD%E5%8B%99%E7%94%A8%E3%80%80%E3%83%8A%E3%82%AB%E3%83%88%E3%83%9F%E3%80%80DM-10 HTTP/1.1" 200 50072 "-" "Mozilla/5.0 (Linux; Android 6.0.1; Nexus 5X Build/MMB29P) AppleWebKit/537.36 (KHTML, like Gecko) Chrome/135.0.7049.95 Mobile Safari/537.36 (compatible; Googlebot/2.1; +http://www.google.com/bot.html)"
20.15.133.175 - - [30/Apr/2025:09:12:24 -0400] "GET /?e=1337156877304&channel=0ca1c1&from=pin.php%3Fid%3D568773-16483%26name%3D%E3%83%91%E3%83%8A%E3%82%BD%E3%83%8B%E3%83%83%E3%82%AF+LED+%E7%BE%8E%E5%85%89%E8%89%B2+%E3%82%B9%E3%83%9D%E3%83%83%E3%83%88%E3%83%A9%E3%82%A4%E3%83%88+%E7%85%A7%E6%98%8E++%E9%9B%BB%E7%90%83%E8%89%B2+6%E7%82%B9+%E3%81%BE%E3%81%A8%E3%82%81%E3%81%A6 HTTP/1.1" 200 38399 "-" "Mozilla/5.0 AppleWebKit/537.36 (KHTML, like Gecko; compatible; bingbot/2.0; +http://www.bing.com/bingbot.htm) Chrome/116.0.1938.76 Safari/537.36"
66.249.77.76 - - [30/Apr/2025:09:12:24 -0400] "GET /?e=96921126324201&channel=9f5ce8&from=form.php%3Fid%3D1263242-288%26name%3DORION+19%E5%9E%8B%E3%83%86%E3%83%AC%E3%83%93 HTTP/1.1" 200 50782 "-" "Mozilla/5.0 (Linux; Android 6.0.1; Nexus 5X Build/MMB29P) AppleWebKit/537.36 (KHTML, like Gecko) Chrome/135.0.7049.95 Mobile Safari/537.36 (compatible; Googlebot/2.1; +http://www.google.com/bot.html)"
66.249.77.76 - - [30/Apr/2025:09:12:30 -0400] "GET /?e=21004101144800&channel=a1e5fe&from=article.php%3Fid%3D1011448-19983%26name%3D%EF%BC%8A%E3%81%A7%E3%83%BC%EF%BC%8A%E6%A7%98+%E5%B0%82%E7%94%A8%E3%83%9A%E3%83%BC%E3%82%B8 HTTP/1.1" 200 50736 "-" "Mozilla/5.0 (Linux; Android 6.0.1; Nexus 5X Build/MMB29P) AppleWebKit/537.36 (KHTML, like Gecko) Chrome/135.0.7049.95 Mobile Safari/537.36 (compatible; Googlebot/2.1; +http://www.google.com/bot.html)"
66.249.77.76 - - [30/Apr/2025:09:12:34 -0400] "GET /?e=1017243230602&channel=b3ece9&from=brands.php%3Fid%3D432306-4137%26name%3D%E7%BE%BD%E5%8F%8D%E7%85%AE%E7%89%A9%E6%A4%80%E3%80%80%E9%AB%98%E5%8F%B0%E5%AF%BA%E8%92%94%E7%B5%B5+%E3%80%80Jikoji%E6%A7%98 HTTP/1.1" 200 49865 "-" "Mozilla/5.0 (Linux; Android 6.0.1; Nexus 5X Build/MMB29P) AppleWebKit/537.36 (KHTML, like Gecko) Chrome/135.0.7049.95 Mobile Safari/537.36 (compatible; Googlebot/2.1; +http://www.google.com/bot.html)"
66.249.77.77 - - [30/Apr/2025:09:12:36 -0400] "GET /?e=8987712617603&channel=c691be&from=pin.php%3Fid%3D126176-8918%26name%3DCOLONY+CLOTHING+%2A+Brilla+per+il+gusto+%2F+%E5%88%A5%E6%B3%A8+%E3%82%B3%E3%83%83%E3%83%88%E3%83%B3%E3%83%AA%E3%83%8D%E3%83%B3+%E3%83%81%E3%82%A7%E3%83%83%E3%82%AF+%E3%83%97%E3%83%BC%E3%83%AB%E3%82%B5%E3%82%A4%E3%83%89+%E3%82%B7%E3%83%A3%E3%83%84 HTTP/1.1" 200 51162 "-" "Mozilla/5.0 (Linux; Android 6.0.1; Nexus 5X Build/MMB29P) AppleWebKit/537.36 (KHTML, like Gecko) Chrome/135.0.7049.95 Mobile Safari/537.36 (compatible; Googlebot/2.1; +http://www.google.com/bot.html)"
66.249.77.77 - - [30/Apr/2025:09:12:40 -0400] "GET /?e=41859866503&channel=bcd844&from=product.php%3Fid%3D8665-877%26name%3D%E5%86%B7%E9%A2%A8%E6%A9%9F+%E5%BC%B7%E5%8A%9B+%E4%BA%BA%E6%B0%97+%E5%86%B7%E9%A2%A8%E6%89%87+%E5%86%B7%E9%A2%A8%E6%89%87%E9%A2%A8%E6%A9%9F+%E5%BC%B7%E5%86%B7%E6%84%9FUP%E3%83%BB%E7%9C%81%E3%82%A8%E3%83%8D+%E6%80%A5%E9%80%9F%E5%86%B7%E5%8D%B4 HTTP/1.1" 200 49649 "-" "Mozilla/5.0 (Linux; Android 6.0.1; Nexus 5X Build/MMB29P) AppleWebKit/537.36 (KHTML, like Gecko) Chrome/135.0.7049.95 Mobile Safari/537.36 (compatible; Googlebot/2.1; +http://www.google.com/bot.html)"
66.249.77.77 - - [30/Apr/2025:09:12:46 -0400] "GET /?e=7287633201001&channel=9df6d7&from=news.php%3Fid%3D332010-265%26name%3DIKEA+BEKANT+18222+%E3%83%87%E3%82%B9%E3%82%AF HTTP/1.1" 200 51494 "-" "Mozilla/5.0 (Linux; Android 6.0.1; Nexus 5X Build/MMB29P) AppleWebKit/537.36 (KHTML, like Gecko) Chrome/135.0.7049.95 Mobile Safari/537.36 (compatible; Googlebot/2.1; +http://www.google.com/bot.html)"
66.249.77.76 - - [30/Apr/2025:09:12:49 -0400] "GET /?e=9830961821806&channel=bee15d&from=article.php%3Fid%3D618218-5527%26name%3DSOMAN+%E3%81%AE%E6%96%B0%E3%81%97%E3%81%84%E3%82%A2%E3%83%83%E3%83%97%E3%82%B0%E3%83%AC%E3%83%BC%E3%83%89%E3%81%95%E3%82%8C%E3%81%9F%E3%82%AA%E3%83%BC%E3%83%88%E3%83%90%E3%82%A4+%E3%83%AC%E3%83%BC%E3%82%B7%E3%83%B3%E3%82%B0+%E3%83%98%E3%83%AB%E3%83%A1%E3%83%83%E3%83%88+%E3%83%95%E3%83%AB%E3%83%95%E3%82%A7%E3%82%A4%E3%82%B9+%E3%83%98%E3%83%AB%E3%83%A1%E3%83%83%E3%83%88+%E6%9B%87%E3%82%8A%E6%AD%A2%E3%82%81%E3%82%B9%E3%82%BF%E3%83%83%E3%83%89%E4%BB%98%E3%81%8D+REVO HTTP/1.1" 200 51772 "-" "Mozilla/5.0 (Linux; Android 6.0.1; Nexus 5X Build/MMB29P) AppleWebKit/537.36 (KHTML, like Gecko) Chrome/135.0.7049.95 Mobile Safari/537.36 (compatible; Googlebot/2.1; +http://www.google.com/bot.html)"
66.249.77.76 - - [30/Apr/2025:09:12:53 -0400] "GET /?e=374816631402&channel=c58ac3&from=shared.php%3Fid%3D66314-445%26name%3D%E3%80%90%E3%82%B0%E3%83%AA%E3%83%BC%E3%83%B3%E3%81%AE%E7%9E%B3%E3%81%AE%E3%81%8A%E4%BA%BA%E5%BD%A2%E3%81%95%E3%82%93%E3%80%91%E3%82%AA%E3%82%AA%E3%82%A4%E3%82%B1+%E8%A5%BF%E6%B4%8B%E4%BA%BA%E5%BD%A2+%E3%83%89%E3%83%BC%E3%83%AB+%E7%9D%80%E3%81%9B%E6%9B%BF%E3%81%88%E4%BA%BA%E5%BD%A2+%E3%83%95%E3%83%A9%E3%83%B3%E3%82%B9%E4%BA%BA%E5%BD%A2+%E3%83%B4%E3%82%A3%E3%83%B3%E3%83%86%E3%83%BC%E3%82%B8+%E3%82%A2%E3%83%B3%E3%83%86%E3%82%A3%E3%83%BC%E3%82%AF HTTP/1.1" 200 51151 "-" "Mozilla/5.0 (Linux; Android 6.0.1; Nexus 5X Build/MMB29P) AppleWebKit/537.36 (KHTML, like Gecko) Chrome/135.0.7049.95 Mobile Safari/537.36 (compatible; Googlebot/2.1; +http://www.google.com/bot.html)"
66.249.77.64 - - [30/Apr/2025:09:12:56 -0400] "GET /?e=30288140250000&channel=606579&from=blog.php%3Fid%3D1402500-31%26name%3D%E2%97%87%E9%80%81%E6%96%99%E8%BE%BC%E3%81%BF%E2%97%87+15inch+%E6%96%B0%E5%93%81%E3%83%9B%E3%82%A4%E3%83%BC%E3%83%AB4%E6%9C%AC%E3%80%80%E3%83%97%E3%83%AA%E3%82%A6%E3%82%B9%E3%83%BB%E6%96%B0%E5%9E%8B%E3%82%B7%E3%82%A8%E3%83%B3%E3%82%BF HTTP/1.1" 200 50837 "-" "Mozilla/5.0 (Linux; Android 6.0.1; Nexus 5X Build/MMB29P) AppleWebKit/537.36 (KHTML, like Gecko) Chrome/135.0.7049.95 Mobile Safari/537.36 (compatible; Googlebot/2.1; +http://www.google.com/bot.html)"
66.249.77.64 - - [30/Apr/2025:09:13:00 -0400] "GET /?e=59791181786205&channel=bdcf9e&from=info.php%3Fid%3D1817862-6873%26name%3DSwatch%E3%83%94%E3%83%B3%E3%82%AF%E3%83%A9%E3%82%A4%E3%83%B3%E3%82%B9%E3%83%88%E3%83%BC%E3%83%B3%E3%80%80%E3%83%95%E3%83%AC%E3%82%AD%E3%82%B7%E3%83%96%E3%83%AB%E3%83%90%E3%83%B3%E3%83%89%E3%83%AC%E3%83%87%E3%82%A3%E3%83%BC%E3%82%B92%E9%87%9D%E3%82%AF%E3%82%A9%E3%83%BC%E3%83%84 HTTP/1.1" 200 50915 "-" "Mozilla/5.0 (Linux; Android 6.0.1; Nexus 5X Build/MMB29P) AppleWebKit/537.36 (KHTML, like Gecko) Chrome/135.0.7049.95 Mobile Safari/537.36 (compatible; Googlebot/2.1; +http://www.google.com/bot.html)"
66.249.77.77 - - [30/Apr/2025:09:13:04 -0400] "GET /?e=88728192803806&channel=bd257d&from=pin.php%3Fid%3D1928038-33541%26name%3D%E3%83%87%E3%82%B9%E3%82%AF%E3%83%88%E3%83%83%E3%83%97%E3%82%B9%E3%83%88%E3%83%AC%E3%83%BC%E3%82%B8%E3%83%A9%E3%83%83%E3%82%AF+%E9%87%91%E5%B1%9E%E5%BC%B7%E5%8C%96+%E3%82%AA%E3%83%95%E3%82%A3%E3%82%B9+%E5%8A%B9%E7%8E%87+%E5%A4%9A%E6%A9%9F%E8%83%BD+%E3%83%9B%E3%83%BC%E3%83%A0%E3%82%B9%E3%82%AF%E3%83%BC%E3%83%AB+%E3%82%AA%E3%83%95%E3%82%A3%E3%82%B9%E7%94%A8%E5%93%81 HTTP/1.1" 200 52130 "-" "Mozilla/5.0 (Linux; Android 6.0.1; Nexus 5X Build/MMB29P) AppleWebKit/537.36 (KHTML, like Gecko) Chrome/135.0.7049.95 Mobile Safari/537.36 (compatible; Googlebot/2.1; +http://www.google.com/bot.html)"
66.249.77.77 - - [30/Apr/2025:09:13:10 -0400] "GET /?e=1872294942201&channel=47790d&from=form.php%3Fid%3D949422-17575%26name%3DPanasonic+%E3%83%AA%E3%83%8B%E3%82%A2%E3%82%B7%E3%82%A7%E3%83%BC%E3%83%90%E3%83%BC+%E3%83%A9%E3%83%A0%E3%83%80%E3%83%83%E3%82%B7%E3%83%A55%E6%9E%9A%E5%88%83+ES-LV9EX-S HTTP/1.1" 200 50338 "-" "Mozilla/5.0 (Linux; Android 6.0.1; Nexus 5X Build/MMB29P) AppleWebKit/537.36 (KHTML, like Gecko) Chrome/135.0.7049.95 Mobile Safari/537.36 (compatible; Googlebot/2.1; +http://www.google.com/bot.html)"
66.249.77.77 - - [30/Apr/2025:09:13:12 -0400] "GET /?e=47150141433800&channel=963098&from=shared.php%3Fid%3D1414338-26341%26name%3D%E9%9F%BF%E5%B7%B1%E6%A7%98%E5%B0%82%E7%94%A8%E3%80%80TOPPING+A90%E3%80%80%E3%82%B7%E3%83%AB%E3%83%90%E3%83%BC HTTP/1.1" 200 51270 "-" "Mozilla/5.0 (Linux; Android 6.0.1; Nexus 5X Build/MMB29P) AppleWebKit/537.36 (KHTML, like Gecko) Chrome/135.0.7049.95 Mobile Safari/537.36 (compatible; Googlebot/2.1; +http://www.google.com/bot.html)"
66.249.77.76 - - [30/Apr/2025:09:13:17 -0400] "GET /?e=39916107273817&channel=97473f&from=blog.php%3Fid%3D1072738-13225%26name%3D%E3%82%A4%E3%82%AE%E3%83%AA%E3%82%B9%E3%82%A2%E3%83%B3%E3%83%86%E3%82%A3%E3%83%BC%E3%82%AF+%E6%9C%A8%E8%A3%BD+%E3%82%AC%E3%83%A9%E3%82%B9%E6%89%89%E3%82%AD%E3%83%A3%E3%83%93%E3%83%8D%E3%83%83%E3%83%88 HTTP/1.1" 200 48915 "-" "Mozilla/5.0 (Linux; Android 6.0.1; Nexus 5X Build/MMB29P) AppleWebKit/537.36 (KHTML, like Gecko) Chrome/135.0.7049.95 Mobile Safari/537.36 (compatible; Googlebot/2.1; +http://www.google.com/bot.html)"
