66.249.77.76 - - [30/Apr/2025:13:18:39 -0400] "GET /?e=72922151547608&channel=05bb7f&from=article.php%3Fid%3D1515476-1898%26name%3D%E3%80%90%E5%B8%8C%E5%B0%91%E3%80%91%E3%82%B8%E3%83%A3%E3%83%B3%E3%83%9D%E3%83%BC%E3%83%AB%E3%82%B4%E3%83%AB%E3%83%81%E3%82%A8%E3%80%80%E3%83%AF%E3%83%83%E3%83%9A%E3%83%B3%E3%83%97%E3%83%AA%E3%83%B3%E3%83%88%E3%80%80%E3%83%96%E3%83%AA%E3%83%BC%E3%83%95%E3%82%B1%E3%83%BC%E3%82%B9%E3%80%80%E3%83%93%E3%82%B8%E3%83%8D%E3%82%B9%E3%83%90%E3%83%83%E3%82%B0 HTTP/1.1" 200 49884 "-" "Mozilla/5.0 (Linux; Android 6.0.1; Nexus 5X Build/MMB29P) AppleWebKit/537.36 (KHTML, like Gecko) Chrome/135.0.7049.95 Mobile Safari/537.36 (compatible; Googlebot/2.1; +http://www.google.com/bot.html)"
20.15.133.174 - - [30/Apr/2025:13:19:11 -0400] "GET /?e=10507191438200&channel=d787da&from=jp.php%3Fid%3D1914382-21187%26name%3D%E5%A4%A7%E4%BA%BA%E6%B0%97%E3%83%A2%E3%83%BC%E3%82%BF%E3%83%BC%E3%83%9B%E3%83%BC%E3%83%AB%E3%83%89 HTTP/1.1" 200 41256 "-" "Mozilla/5.0 AppleWebKit/537.36 (KHTML, like Gecko; compatible; bingbot/2.0; +http://www.bing.com/bingbot.htm) Chrome/116.0.1938.76 Safari/537.36"
66.249.77.77 - - [30/Apr/2025:13:19:15 -0400] "GET /?e=25717109635415&channel=6967b5&from=pin.php%3Fid%3D1096354-14927%26name%3D2024%E6%96%B0%E4%B8%96%E7%95%8C%E3%80%80%E4%BA%BA%E6%AF%9B100%25%E3%80%80%E3%82%A6%E3%82%A3%E3%83%83%E3%82%B0%E3%80%80%E3%83%95%E3%83%AB%E3%82%A6%E3%82%A3%E3%83%83%E3%82%B0%E3%80%80%E3%82%B7%E3%83%AB%E3%82%AF%E3%82%B9%E3%82%AD%E3%83%B3%E3%80%80%E5%8C%BB%E7%99%82%E3%82%A6%E3%82%A3%E3%83%83%E3%82%B0 HTTP/1.1" 200 49416 "-" "Mozilla/5.0 (Linux; Android 6.0.1; Nexus 5X Build/MMB29P) AppleWebKit/537.36 (KHTML, like Gecko) Chrome/135.0.7049.95 Mobile Safari/537.36 (compatible; Googlebot/2.1; +http://www.google.com/bot.html)"
66.249.77.77 - - [30/Apr/2025:13:19:29 -0400] "GET /?e=2346715214000&channel=b83583&from=pin.php%3Fid%3D152140-10517%26name%3D%E3%82%B9%E3%83%AD%E3%83%BC%E3%82%B8%E3%83%A5%E3%83%BC%E3%82%B5%E3%83%BC%E3%80%80HEALSIO%EF%BC%88%E3%83%98%E3%83%AB%E3%82%B7%E3%82%AA%EF%BC%89%E3%80%80%E3%82%B0%E3%83%AA%E3%83%BC%E3%83%B3%E3%83%97%E3%83%AC%E3%83%83%E3%82%BD%E3%80%80EJ-GP1 HTTP/1.1" 200 50814 "-" "Mozilla/5.0 (Linux; Android 6.0.1; Nexus 5X Build/MMB29P) AppleWebKit/537.36 (KHTML, like Gecko) Chrome/135.0.7049.95 Mobile Safari/537.36 (compatible; Googlebot/2.1; +http://www.google.com/bot.html)"
66.249.77.76 - - [30/Apr/2025:13:19:33 -0400] "GET /?e=83959197338205&channel=6dce68&from=shop.php%3Fid%3D1973382-4342%26name%3D35750-TB0-H01%E3%82%A2%E3%82%B3%E3%83%BC%E3%83%89%E7%94%A8%E3%82%AB%E3%83%BC%E3%83%91%E3%83%AF%E3%83%BC%E3%82%A6%E3%82%A3%E3%83%B3%E3%83%89%E3%82%A6%E3%83%9E%E3%82%B9%E3%82%BF%E3%83%BC%E3%82%B3%E3%83%B3%E3%83%88%E3%83%AD%E3%83%BC%E3%83%AB%E3%82%B9%E3%82%A4%E3%83%83%E3%83%812008+2009+2010+2011+2012 HTTP/1.1" 200 52224 "-" "Mozilla/5.0 (Linux; Android 6.0.1; Nexus 5X Build/MMB29P) AppleWebKit/537.36 (KHTML, like Gecko) Chrome/135.0.7049.95 Mobile Safari/537.36 (compatible; Googlebot/2.1; +http://www.google.com/bot.html)"
66.249.77.76 - - [30/Apr/2025:13:19:38 -0400] "GET /?e=8341850943403&channel=d47829&from=brands.php%3Fid%3D509434-5190%26name%3D%E8%B3%87%E7%94%9F%E5%A0%82%E3%80%80%E3%83%95%E3%82%A1%E3%83%B3%E3%83%87%E3%83%BC%E3%82%B7%E3%83%A7%E3%83%B3%E3%83%96%E3%83%A9%E3%82%B7%E3%80%80131 HTTP/1.1" 200 51698 "-" "Mozilla/5.0 (Linux; Android 6.0.1; Nexus 5X Build/MMB29P) AppleWebKit/537.36 (KHTML, like Gecko) Chrome/135.0.7049.95 Mobile Safari/537.36 (compatible; Googlebot/2.1; +http://www.google.com/bot.html)"
66.249.77.77 - - [30/Apr/2025:13:20:11 -0400] "GET /?e=6817415667400&channel=647735&from=goods.php%3Fid%3D156674-10695%26name%3D%E3%83%95%E3%82%A9%E3%83%BC%E3%83%86%E3%82%A3%E3%83%BC%E3%83%B3RM4%E2%98%8646%E5%BA%A6%E3%82%A6%E3%82%A7%E3%83%83%E3%82%B8%E2%98%86+++++%E3%83%96%E3%83%A9%E3%83%83%E3%82%AF%E3%82%A8%E3%83%87%E3%82%A3%E3%82%B7%E3%83%A7%E3%83%B3 HTTP/1.1" 200 51125 "-" "Mozilla/5.0 (Linux; Android 6.0.1; Nexus 5X Build/MMB29P) AppleWebKit/537.36 (KHTML, like Gecko) Chrome/135.0.7049.95 Mobile Safari/537.36 (compatible; Googlebot/2.1; +http://www.google.com/bot.html)"
66.249.77.77 - - [30/Apr/2025:13:20:35 -0400] "GET /?e=294869059004&channel=334256&from=product.php%3Fid%3D90590-1075%26name%3D%E3%83%AC%E3%82%A2%E3%80%80sony+WIRE+%E3%83%98%E3%83%83%E3%83%89%E3%83%9B%E3%83%B3+MDR-CD900ST+WR+%E3%80%80%E9%99%90%E5%AE%9A%E3%83%A2%E3%83%87%E3%83%AB HTTP/1.1" 200 49487 "-" "Mozilla/5.0 (Linux; Android 6.0.1; Nexus 5X Build/MMB29P) AppleWebKit/537.36 (KHTML, like Gecko) Chrome/135.0.7049.95 Mobile Safari/537.36 (compatible; Googlebot/2.1; +http://www.google.com/bot.html)"
157.55.39.201 - - [30/Apr/2025:13:20:46 -0400] "GET /2024/08/14/aksi-tom-cruise-lompat-dari-atap-stadion-saat-penutupan-olimpiade-2024/ HTTP/1.1" 200 41261 "-" "Mozilla/5.0 AppleWebKit/537.36 (KHTML, like Gecko; compatible; bingbot/2.0; +http://www.bing.com/bingbot.htm) Chrome/116.0.1938.76 Safari/537.36"
66.249.77.76 - - [30/Apr/2025:13:20:54 -0400] "GET /?e=53111125711019&channel=998033&from=shared.php%3Fid%3D1257110-9798%26name%3DCASIO%28%E3%82%AB%E3%82%B7%E3%82%AA%29+88%E9%8D%B5%E7%9B%A4+%E9%9B%BB%E5%AD%90%E3%83%94%E3%82%A2%E3%83%8E+Privia+PX-160GD HTTP/1.1" 200 50126 "-" "Mozilla/5.0 (Linux; Android 6.0.1; Nexus 5X Build/MMB29P) AppleWebKit/537.36 (KHTML, like Gecko) Chrome/135.0.7049.95 Mobile Safari/537.36 (compatible; Googlebot/2.1; +http://www.google.com/bot.html)"
66.249.77.64 - - [30/Apr/2025:13:21:19 -0400] "GET /?e=99189134710403&channel=cd1ed8&from=blog.php%3Fid%3D1347104-2545%26name%3D%E9%9D%9E%E5%A3%B2%E5%93%81%EF%BC%8F%E3%83%A9%E3%82%B8%E3%82%AA%E3%80%81%E3%82%B5%E3%83%B3%E3%83%A8%E3%83%BC%E9%A3%9F%E5%93%81%EF%BC%8F%E3%82%B5%E3%83%83%E3%83%9D%E3%83%AD%E4%B8%80%E7%95%AA%E3%83%BB%E3%81%8A%E3%81%97%E3%82%83%E3%81%B9%E3%82%8A%EF%BC%B2%EF%BC%A1%EF%BC%A4%EF%BC%A9%EF%BC%AF HTTP/1.1" 200 50411 "-" "Mozilla/5.0 (Linux; Android 6.0.1; Nexus 5X Build/MMB29P) AppleWebKit/537.36 (KHTML, like Gecko) Chrome/135.0.7049.95 Mobile Safari/537.36 (compatible; Googlebot/2.1; +http://www.google.com/bot.html)"
66.249.77.76 - - [30/Apr/2025:13:21:48 -0400] "GET /?e=38025134268000&channel=74ecf1&from=pin.php%3Fid%3D1342680-2082%26name%3D%E7%99%BD%E5%B7%9E%E3%82%B9%E3%83%91%E3%83%8B%E3%83%83%E3%82%B7%E3%83%A5%E3%82%AA%E3%83%BC%E3%82%AF2021EDITION HTTP/1.1" 200 50484 "-" "Mozilla/5.0 (Linux; Android 6.0.1; Nexus 5X Build/MMB29P) AppleWebKit/537.36 (KHTML, like Gecko) Chrome/135.0.7049.95 Mobile Safari/537.36 (compatible; Googlebot/2.1; +http://www.google.com/bot.html)"
66.249.77.76 - - [30/Apr/2025:13:21:53 -0400] "GET /?e=579808546210&channel=300773&from=product.php%3Fid%3D85462-7153%26name%3D%E2%AD%90%EF%B8%8F1%E4%BA%BA%E6%9A%AE%E3%82%89%E3%81%97%E5%90%91%E3%81%91%E5%86%B7%E8%94%B5%E5%BA%AB%E2%AD%90%EF%B8%8F+AQUA+2018%E5%B9%B4%E8%A3%BD+157L HTTP/1.1" 200 50784 "-" "Mozilla/5.0 (Linux; Android 6.0.1; Nexus 5X Build/MMB29P) AppleWebKit/537.36 (KHTML, like Gecko) Chrome/135.0.7049.95 Mobile Safari/537.36 (compatible; Googlebot/2.1; +http://www.google.com/bot.html)"
66.249.77.76 - - [30/Apr/2025:13:21:58 -0400] "GET /?e=87327117102600&channel=4d1a96&from=info.php%3Fid%3D1171026-12469%26name%3DTIFFANY%26Co.+%E3%83%9C%E3%82%A6%E3%83%AB HTTP/1.1" 200 51888 "-" "Mozilla/5.0 (Linux; Android 6.0.1; Nexus 5X Build/MMB29P) AppleWebKit/537.36 (KHTML, like Gecko) Chrome/135.0.7049.95 Mobile Safari/537.36 (compatible; Googlebot/2.1; +http://www.google.com/bot.html)"
66.249.77.64 - - [30/Apr/2025:13:22:08 -0400] "GET /?e=46727175739605&channel=23bfab&from=article.php%3Fid%3D1757396-19293%26name%3D%E8%85%95%E7%AB%8B%E3%81%A6+%E3%83%87%E3%82%B8%E3%82%BF%E3%83%AB%E3%82%AB%E3%82%A6%E3%83%B3%E3%82%BF%E3%83%BC%E4%BB%98%E3%81%8D%E3%83%97%E3%83%83%E3%82%B7%E3%83%A5%E3%82%A2%E3%83%83%E3%83%97%E3%83%90%E3%83%BC%E3%80%90TANITA+ST-941%E3%80%91 HTTP/1.1" 200 50560 "-" "Mozilla/5.0 (Linux; Android 6.0.1; Nexus 5X Build/MMB29P) AppleWebKit/537.36 (KHTML, like Gecko) Chrome/135.0.7049.95 Mobile Safari/537.36 (compatible; Googlebot/2.1; +http://www.google.com/bot.html)"
66.249.77.77 - - [30/Apr/2025:13:22:36 -0400] "GET /?e=7210248344006&channel=c5b383&from=jp.php%3Fid%3D483440-5799%26name%3D%E3%83%AC%E3%83%88%E3%83%AD+%E3%82%A4%E3%83%BC%E3%83%88+%E3%82%B9%E3%83%AA%E3%83%BC%E3%83%97+%E3%82%B5%E3%83%BC%E3%83%95+%E3%83%AA%E3%83%94%E3%83%BC%E3%83%88+%E3%82%B9%E3%82%AB%E3%83%AB+%E8%BB%8A%E7%94%A8+%E3%82%B7%E3%83%BC%E3%83%88%E3%83%99%E3%83%AB%E3%83%88%E3%82%AB%E3%83%90%E3%83%BC%E6%9F%94%E3%82%89%E3%81%8B%E3%81%8F%E3%81%8B%E3%82%B7%E3%83%BC%E3%83%88%E3%83%99%E3%83%AB%E3%83%88%E3%83%91%E3%83%83%E3%83%89+%E3%82%B7%E3%83%A7%E3%83%AB%E3%83%80%E3%83%BC%E3%83%91%E3%83%83%E3%83%89+%E8%82%A9%E5%BD%93%E3%81%A6%E3%83%91 HTTP/1.1" 200 50410 "-" "Mozilla/5.0 (Linux; Android 6.0.1; Nexus 5X Build/MMB29P) AppleWebKit/537.36 (KHTML, like Gecko) Chrome/135.0.7049.95 Mobile Safari/537.36 (compatible; Googlebot/2.1; +http://www.google.com/bot.html)"
66.249.77.76 - - [30/Apr/2025:13:22:42 -0400] "GET /?e=5122132042800&channel=12e4f6&from=news.php%3Fid%3D320428-16138%26name%3D%E8%87%AA%E5%8B%95%E3%83%A9%E3%83%99%E3%83%AB%E5%89%A5%E9%9B%A2%E6%A9%9F+%E3%82%B9%E3%83%86%E3%83%83%E3%82%AB%E3%83%BC%E5%89%A5%E9%9B%A2%E6%A9%9F+%E3%83%87%E3%82%B8%E3%82%BF%E3%83%AB%E5%88%B6%E5%BE%A1+%E7%B2%98%E7%9D%80%E3%83%A9%E3%83%99%E3%83%AB%E3%82%BB%E3%83%91%E3%83%AC%E3%83%BC%E3%82%BF%E3%83%BC+%E4%BD%9C%E6%A5%AD%E5%8A%B9%E7%8E%87%E3%81%A8%E5%93%81%E8%B3%AA%E3%81%AE%E5%90%91%E4%B8%8A%E3%81%AB%E6%9C%80%E9%81%A9%E3%81%AA%E3%83%84%E3%83%BC%E3%83%AB HTTP/1.1" 200 51022 "-" "Mozilla/5.0 (Linux; Android 6.0.1; Nexus 5X Build/MMB29P) AppleWebKit/537.36 (KHTML, like Gecko) Chrome/135.0.7049.95 Mobile Safari/537.36 (compatible; Googlebot/2.1; +http://www.google.com/bot.html)"
66.249.77.76 - - [30/Apr/2025:13:22:47 -0400] "GET /?e=29761103371603&channel=c9580c&from=goods.php%3Fid%3D1033716-8955%26name%3D%E3%80%90%E6%96%B0%E5%93%81%E3%80%91TOSHIBA%2F%E6%9D%B1%E8%8A%9DLaCoo-S++TAS-X7%28W%29%E3%83%A1%E3%83%BC%E3%82%AB%E3%83%BC%E4%BF%9D%E8%A8%BC%EF%BC%91%E5%B9%B4 HTTP/1.1" 200 50925 "-" "Mozilla/5.0 (Linux; Android 6.0.1; Nexus 5X Build/MMB29P) AppleWebKit/537.36 (KHTML, like Gecko) Chrome/135.0.7049.95 Mobile Safari/537.36 (compatible; Googlebot/2.1; +http://www.google.com/bot.html)"
66.249.77.64 - - [30/Apr/2025:13:23:26 -0400] "GET /?e=86990178777205&channel=1878eb&from=news.php%3Fid%3D1787772-1012%26name%3DiPhone+X+64GB+%E3%82%B7%E3%83%AB%E3%83%90%E3%83%BC%E3%80%80SIM%E3%83%AD%E3%83%83%E3%82%AF%E8%A7%A3%E9%99%A4%E6%B8%88%E3%81%BF HTTP/1.1" 200 50368 "-" "Mozilla/5.0 (Linux; Android 6.0.1; Nexus 5X Build/MMB29P) AppleWebKit/537.36 (KHTML, like Gecko) Chrome/135.0.7049.95 Mobile Safari/537.36 (compatible; Googlebot/2.1; +http://www.google.com/bot.html)"
52.167.144.229 - - [30/Apr/2025:13:23:35 -0400] "GET /2023/11/03/perbedaan-tawaran-china-dan-jepang-soal-rute-dan-lokasi-stasiun-kcjb/ HTTP/1.1" 200 39288 "-" "Mozilla/5.0 AppleWebKit/537.36 (KHTML, like Gecko; compatible; bingbot/2.0; +http://www.bing.com/bingbot.htm) Chrome/116.0.1938.76 Safari/537.36"
157.55.39.201 - - [30/Apr/2025:13:23:37 -0400] "GET /?e=7903086782503&channel=b9f889&from=shop.php%3Fid%3D867825-2550%26name%3D%E7%AB%B9%E5%B7%A5%E8%8A%B8%E3%83%97%E3%83%AA%E3%83%B3%E3%82%BB%E3%82%B9%E9%9F%93%E5%9B%BD%E7%AB%B9%E3%82%B8%E3%83%A5%E3%82%A8%E3%83%AA%E3%83%BC%E3%83%9C%E3%83%83%E3%82%AF%E3%82%B9%E6%9C%A8%E8%A3%BD%E3%82%B8%E3%83%A5%E3%82%A8%E3%83%AA%E3%83%BC%E5%8F%8E%E7%B4%8D%E3%83%9C%E3%83%83%E3%82%AF%E3%82%B9%E3%82%B3%E3%83%AC%E3%82%AF%E3%82%B7%E3%83%A7%E3%83%B3%E3%83%9C%E3%83%83%E3%82%AF%E3%82%B9%E3%82%AE%E3%83%95%E3%83%88%E3%83%9C%E3%83%83%E3%82%AF%E3%82%B9%E3%83%9F%E3%83%87%E3%82%A3%E3%82%A2%E3%83%A0 HTTP/1.1" 200 38998 "-" "Mozilla/5.0 AppleWebKit/537.36 (KHTML, like Gecko; compatible; bingbot/2.0; +http://www.bing.com/bingbot.htm) Chrome/116.0.1938.76 Safari/537.36"
66.249.77.76 - - [30/Apr/2025:13:24:25 -0400] "GET /?e=6925041450600&channel=e730a4&from=pin.php%3Fid%3D414506-7045%26name%3D%E3%82%B0%E3%83%AC%E3%83%BC%E3%82%B9%E3%82%B3%E3%83%B3%E3%83%81%E3%83%8D%E3%83%B3%E3%82%BF%E3%83%AB+%E3%83%93%E3%83%83%E3%82%B0%E3%82%B9%E3%83%AA%E3%83%BC%E3%83%96%E3%83%AF%E3%83%B3%E3%83%94%E3%83%BC%E3%82%B9%E2%98%85%E3%83%A9%E3%83%B3%E3%83%90%E3%83%B3+%E3%82%B1%E3%82%A4%E3%83%88%E3%82%B9%E3%83%9A%E3%83%BC%E3%83%89 HTTP/1.1" 200 49361 "-" "Mozilla/5.0 (Linux; Android 6.0.1; Nexus 5X Build/MMB29P) AppleWebKit/537.36 (KHTML, like Gecko) Chrome/135.0.7049.95 Mobile Safari/537.36 (compatible; Googlebot/2.1; +http://www.google.com/bot.html)"
52.167.144.229 - - [30/Apr/2025:13:24:34 -0400] "GET /2023/11/26/deretan-selebgram-sexy-di-indonesia-feed-instagram-penuh-foto-vulgar-bikin-pria-tegang/ HTTP/1.1" 200 41794 "-" "Mozilla/5.0 AppleWebKit/537.36 (KHTML, like Gecko; compatible; bingbot/2.0; +http://www.bing.com/bingbot.htm) Chrome/116.0.1938.76 Safari/537.36"
66.249.77.77 - - [30/Apr/2025:13:24:35 -0400] "GET /?e=11003186617605&channel=864e83&from=category-info.php%3Fid%3D1866176-33134%26name%3D%E6%95%91%E5%BF%83%E3%80%80%E5%8D%B0%E7%B1%A0%E3%80%80%E6%A0%B9%E4%BB%98%E3%81%91%E3%80%80%E3%82%A2%E3%83%B3%E3%83%86%E3%82%A3%E3%83%BC%E3%82%AF%E3%80%80%E3%83%AC%E3%83%88%E3%83%AD HTTP/1.1" 200 50406 "-" "Mozilla/5.0 (Linux; Android 6.0.1; Nexus 5X Build/MMB29P) AppleWebKit/537.36 (KHTML, like Gecko) Chrome/135.0.7049.95 Mobile Safari/537.36 (compatible; Googlebot/2.1; +http://www.google.com/bot.html)"
66.249.77.76 - - [30/Apr/2025:13:24:42 -0400] "GET /?e=9193771287008&channel=ac5b1c&from=product.php%3Fid%3D712870-20261%26name%3D%E3%83%AF%E3%83%83%E3%83%95%E3%83%AB%E5%9C%B0%E3%81%AE%E9%81%93%E8%A1%8C HTTP/1.1" 200 51514 "-" "Mozilla/5.0 (Linux; Android 6.0.1; Nexus 5X Build/MMB29P) AppleWebKit/537.36 (KHTML, like Gecko) Chrome/135.0.7049.95 Mobile Safari/537.36 (compatible; Googlebot/2.1; +http://www.google.com/bot.html)"
66.249.77.76 - - [30/Apr/2025:13:24:44 -0400] "GET /?e=37098112399808&channel=8b076b&from=shop.php%3Fid%3D1123998-24494%26name%3D100PCS+PCB%E9%85%8D%E7%B7%9A%E7%AB%AF%E5%AD%905mm%E3%83%94%E3%83%83%E3%83%81PCB%E3%83%9E%E3%82%A6%E3%83%B3%E3%83%88%E3%81%AD%E3%81%98%E7%AB%AF%E5%AD%90%E3%83%96%E3%83%AD%E3%83%83%E3%82%AF%E3%82%B9%E3%83%88%E3%83%AC%E3%83%BC%E3%83%88%E3%83%94%E3%83%B32%E3%83%94%E3%83%B33pin+4pin%E5%9B%9E%E8%B7%AF%E5%9F%BA%E6%9D%BF%E3%82%B3%E3%83%8D%E3%82%AF%E3%82%BF HTTP/1.1" 200 50587 "-" "Mozilla/5.0 (Linux; Android 6.0.1; Nexus 5X Build/MMB29P) AppleWebKit/537.36 (KHTML, like Gecko) Chrome/135.0.7049.95 Mobile Safari/537.36 (compatible; Googlebot/2.1; +http://www.google.com/bot.html)"
66.249.77.76 - - [30/Apr/2025:13:24:46 -0400] "GET /?e=3429749847802&channel=abda1a&from=blog.php%3Fid%3D498478-4340%26name%3D%E3%83%88%E3%83%A8%E3%82%BF%E3%82%AB%E3%83%A0%E3%83%AA%E3%82%BB%E3%83%80%E3%83%B3+2012-2017+%E8%BB%8A%E3%81%AE%E3%83%AA%E3%82%A2%E3%83%AB%E3%83%BC%E3%83%90%E3%83%BC%E3%82%A6%E3%82%A3%E3%83%B3%E3%83%89%E3%82%A6%E3%82%B5%E3%82%A4%E3%83%89%E3%82%B7%E3%83%A3%E3%83%83%E3%82%BF%E3%83%BC%E3%82%AB%E3%83%90%E3%83%BC%E3%83%88%E3%83%AA%E3%83%A0%E3%82%B9%E3%83%86%E3%83%83%E3%82%AB%E3%83%BC%E3%83%99%E3%83%B3%E3%83%88%E3%82%B9%E3%82%AF%E3%83%BC%E3%83%97+ABS+%E3%82%AB%E3%83%BC HTTP/1.1" 200 52378 "-" "Mozilla/5.0 (Linux; Android 6.0.1; Nexus 5X Build/MMB29P) AppleWebKit/537.36 (KHTML, like Gecko) Chrome/135.0.7049.95 Mobile Safari/537.36 (compatible; Googlebot/2.1; +http://www.google.com/bot.html)"
52.167.144.229 - - [30/Apr/2025:13:24:54 -0400] "GET /2023/12/17/payudara-denise-chariesta-terlihat-saat-menyusui-viral-hujatan-netizen/ HTTP/1.1" 200 40698 "-" "Mozilla/5.0 AppleWebKit/537.36 (KHTML, like Gecko; compatible; bingbot/2.0; +http://www.bing.com/bingbot.htm) Chrome/116.0.1938.76 Safari/537.36"
66.249.77.76 - - [30/Apr/2025:13:25:12 -0400] "GET /?e=47142128406201&channel=167baf&from=pin.php%3Fid%3D1284062-25822%26name%3DCHROME+HEARTS+%E3%82%AF%E3%83%AD%E3%83%A0%E3%83%8F%E3%83%BC%E3%83%84+%E7%B4%99%E8%A2%8B+%E3%82%B7%E3%83%A7%E3%83%83%E3%83%91%E3%83%BC+%E3%82%B7%E3%83%A7%E3%83%83%E3%83%97%E8%A2%8B+%E7%99%BD+%E4%B8%AD HTTP/1.1" 200 50522 "-" "Mozilla/5.0 (Linux; Android 6.0.1; Nexus 5X Build/MMB29P) AppleWebKit/537.36 (KHTML, like Gecko) Chrome/135.0.7049.95 Mobile Safari/537.36 (compatible; Googlebot/2.1; +http://www.google.com/bot.html)"
66.249.77.77 - - [30/Apr/2025:13:25:17 -0400] "GET /?e=8549276678004&channel=0a20ef&from=category-info.php%3Fid%3D766780-3758%26name%3D%E3%83%88%E3%83%A8%E3%82%BF+%E3%83%92%E3%83%AD%E3%83%83%E3%82%AF+VIGO%2FREVO+2WD+4WD+%E3%81%AB%E9%81%A9%E7%94%A8+%E3%82%BF%E3%82%A4%E3%83%A4%E3%83%81%E3%82%A7%E3%83%BC%E3%83%B3+%E9%9D%9E%E9%87%91%E5%B1%9E+%E3%82%BF%E3%82%A4%E3%83%A4%E3%83%81%E3%82%A7+%E3%83%BC%E3%83%B3+%E9%9B%AA%E9%81%93%E3%83%BB%E6%82%AA%E8%B7%AF%E3%83%BB%E6%B3%A5%E9%81%93+%E5%AF%BE%E5%BF%9C+%E3%82%B8%E3%83%A3 HTTP/1.1" 200 49687 "-" "Mozilla/5.0 (Linux; Android 6.0.1; Nexus 5X Build/MMB29P) AppleWebKit/537.36 (KHTML, like Gecko) Chrome/135.0.7049.95 Mobile Safari/537.36 (compatible; Googlebot/2.1; +http://www.google.com/bot.html)"
20.15.133.191 - - [30/Apr/2025:13:25:23 -0400] "GET /?e=70207191364003&channel=ab3507&from=news.php%3Fid%3D1913640-11006%26name%3D%E3%81%8F%E3%82%8A%E3%81%A9%E3%82%93%E6%A7%98+%E7%BE%8E%E5%93%81+%E3%83%8F%E3%83%B3%E3%82%BF%E3%83%BC+%E3%82%B7%E3%83%BC%E3%83%AA%E3%83%B3%E3%82%B0%E3%83%95%E3%82%A1%E3%83%B3+Hunter HTTP/1.1" 200 38768 "-" "Mozilla/5.0 AppleWebKit/537.36 (KHTML, like Gecko; compatible; bingbot/2.0; +http://www.bing.com/bingbot.htm) Chrome/116.0.1938.76 Safari/537.36"
157.55.39.202 - - [30/Apr/2025:13:25:26 -0400] "GET /2023/11/25/fakta-kerusuhan-dublin-salah-satunya-dipicu-serangan-di-sekolah/ HTTP/1.1" 200 40282 "-" "Mozilla/5.0 AppleWebKit/537.36 (KHTML, like Gecko; compatible; bingbot/2.0; +http://www.bing.com/bingbot.htm) Chrome/116.0.1938.76 Safari/537.36"
66.249.77.76 - - [30/Apr/2025:13:25:47 -0400] "GET /?e=867783726203&channel=8ae9e3&from=form.php%3Fid%3D37262-4010%26name%3D%5B%E3%83%80%E3%82%A4%E3%82%A2%E3%83%8A%5D+%E3%83%97%E3%83%A9%E3%82%B9+%E3%82%B9%E3%83%8B%E3%83%BC%E3%82%AB%E3%83%BC+%E3%83%8B%E3%83%83%E3%83%88+%E3%82%B0%E3%83%AA%E3%83%83%E3%82%BF%E3%83%BC+%E3%83%AA%E3%83%9C%E3%83%B3+%E5%B1%A5%E3%81%8D%E3%82%84%E3%81%99%E3%81%84+IF46552+%E3%83%92%E3%83%BC%E3%83%AB%E9%AB%986cm%E5%8F%B0 HTTP/1.1" 200 48707 "-" "Mozilla/5.0 (Linux; Android 6.0.1; Nexus 5X Build/MMB29P) AppleWebKit/537.36 (KHTML, like Gecko) Chrome/135.0.7049.95 Mobile Safari/537.36 (compatible; Googlebot/2.1; +http://www.google.com/bot.html)"
66.249.77.76 - - [30/Apr/2025:13:25:48 -0400] "GET /?e=2700884602001&channel=ba4925&from=form.php%3Fid%3D846020-14108%26name%3D%E3%83%9F%E3%82%AD%E3%83%A2%E3%83%88+%E3%83%8F%E3%83%BC%E3%83%88+%E3%82%A2%E3%82%B3%E3%83%A4%E3%83%91%E3%83%BC%E3%83%AB+%E3%83%94%E3%82%A2%E3%82%B9+3.9mm HTTP/1.1" 200 51759 "-" "Mozilla/5.0 (Linux; Android 6.0.1; Nexus 5X Build/MMB29P) AppleWebKit/537.36 (KHTML, like Gecko) Chrome/135.0.7049.95 Mobile Safari/537.36 (compatible; Googlebot/2.1; +http://www.google.com/bot.html)"
66.249.77.76 - - [30/Apr/2025:13:26:16 -0400] "GET /?e=7021350030500&channel=6e8249&from=shop.php%3Fid%3D500305-2480%26name%3D%E8%BB%8A%E7%94%A8+%E3%83%89%E3%83%A9%E3%82%A4%E3%83%96%E3%83%AC%E3%82%B3%E3%83%BC%E3%83%80%E3%83%BC+%E6%B6%B2%E6%99%B6+3%E5%85%A8%E6%96%B9%E4%BD%8D%2B%E3%83%AA%E3%83%A4%E3%82%AB%E3%83%A1%E3%83%A9%E3%80%82 HTTP/1.1" 200 51575 "-" "Mozilla/5.0 (Linux; Android 6.0.1; Nexus 5X Build/MMB29P) AppleWebKit/537.36 (KHTML, like Gecko) Chrome/135.0.7049.95 Mobile Safari/537.36 (compatible; Googlebot/2.1; +http://www.google.com/bot.html)"
66.249.77.77 - - [30/Apr/2025:13:26:35 -0400] "GET /?e=51011110352603&channel=65dfa9&from=goods.php%3Fid%3D1103526-330%26name%3DApple+Watch+Series+7+++45mm+%E7%94%BB%E9%9D%A2%E5%89%B2%E3%82%8C HTTP/1.1" 200 50137 "-" "Mozilla/5.0 (Linux; Android 6.0.1; Nexus 5X Build/MMB29P) AppleWebKit/537.36 (KHTML, like Gecko) Chrome/135.0.7049.95 Mobile Safari/537.36 (compatible; Googlebot/2.1; +http://www.google.com/bot.html)"
66.249.77.76 - - [30/Apr/2025:13:26:42 -0400] "GET /?e=9790052893206&channel=3c3d51&from=form.php%3Fid%3D528932-145%26name%3D%E3%83%AC%E3%82%A2%E9%AB%98%E7%B4%9A%E5%93%81%E3%80%80%E5%A4%A9%E7%84%B6%E8%8A%B1%E7%90%A5%E7%8F%80%E5%BD%AB%E5%88%BB%E3%83%99%E3%82%A2%E3%81%AE%E3%82%B3%E3%83%BC%E3%83%89%E3%83%96%E3%83%AC%E3%82%B9%E3%83%AC%E3%83%83%E3%83%88%E3%80%80%E3%83%95%E3%83%A9%E3%83%AF%E3%83%BC%E3%82%A2%E3%83%B3%E3%83%90%E3%83%BC HTTP/1.1" 200 50250 "-" "Mozilla/5.0 (Linux; Android 6.0.1; Nexus 5X Build/MMB29P) AppleWebKit/537.36 (KHTML, like Gecko) Chrome/135.0.7049.95 Mobile Safari/537.36 (compatible; Googlebot/2.1; +http://www.google.com/bot.html)"
66.249.77.76 - - [30/Apr/2025:13:26:44 -0400] "GET /?e=1765219267608&channel=da6f26&from=goods.php%3Fid%3D192676-613%26name%3DPaulSmith+%E3%83%9D%E3%83%BC%E3%83%AB%E3%82%B9%E3%83%9F%E3%82%B9%E3%80%80%E8%B6%85%E3%83%AD%E3%83%B3%E3%82%B0%E3%82%B3%E3%83%BC%E3%83%88%E3%80%80%E3%82%A2%E3%83%B3%E3%82%B4%E3%83%A9%E3%80%80%E3%83%81%E3%82%A7%E3%83%83%E3%82%AF%E6%9F%84%E3%80%80%E5%8F%A4%E7%9D%80 HTTP/1.1" 200 50337 "-" "Mozilla/5.0 (Linux; Android 6.0.1; Nexus 5X Build/MMB29P) AppleWebKit/537.36 (KHTML, like Gecko) Chrome/135.0.7049.95 Mobile Safari/537.36 (compatible; Googlebot/2.1; +http://www.google.com/bot.html)"
66.249.77.76 - - [30/Apr/2025:13:26:56 -0400] "GET /?e=7557357045607&channel=0614dc&from=product.php%3Fid%3D570456-18482%26name%3D%E3%80%90yuu%E6%A7%98%E5%B0%82%E7%94%A8%E3%80%91%E5%AE%9D%E7%9F%B3%E8%B3%AA%E3%83%A9%E3%83%96%E3%83%A9%E3%83%89%E3%83%A9%E3%82%A4%E3%83%88%E3%81%AE%E3%82%B7%E3%83%B3%E3%83%97%E3%83%AB%E3%83%96%E3%83%AC%E3%82%B9%E3%83%AC%E3%83%83%E3%83%88 HTTP/1.1" 200 50933 "-" "Mozilla/5.0 (Linux; Android 6.0.1; Nexus 5X Build/MMB29P) AppleWebKit/537.36 (KHTML, like Gecko) Chrome/135.0.7049.95 Mobile Safari/537.36 (compatible; Googlebot/2.1; +http://www.google.com/bot.html)"
157.55.39.201 - - [30/Apr/2025:13:27:04 -0400] "GET /tag/debat-pilpres-2024/ HTTP/1.1" 200 40019 "-" "Mozilla/5.0 AppleWebKit/537.36 (KHTML, like Gecko; compatible; bingbot/2.0; +http://www.bing.com/bingbot.htm) Chrome/116.0.1938.76 Safari/537.36"
66.249.77.77 - - [30/Apr/2025:13:27:33 -0400] "GET /?e=74836197393800&channel=26d924&from=category-info.php%3Fid%3D1973938-3121%26name%3D%E3%82%B7%E3%83%A3%E3%83%95%E3%83%88+UST%E3%83%9E%E3%83%9F%E3%83%A4+%E3%83%AA%E3%83%B3%E3%82%AF%E3%83%BB%E3%83%96%E3%83%AB%E3%83%BCEX%E3%80%905-S%E3%80%91%E4%B8%AD%E5%85%83%E8%AA%BF%E5%AD%90+%E5%85%A8%E9%95%B71115%E3%83%9F%E3%83%AA+1W%E7%94%A8+%E7%BE%8E%E5%93%81 HTTP/1.1" 200 53065 "-" "Mozilla/5.0 (Linux; Android 6.0.1; Nexus 5X Build/MMB29P) AppleWebKit/537.36 (KHTML, like Gecko) Chrome/135.0.7049.95 Mobile Safari/537.36 (compatible; Googlebot/2.1; +http://www.google.com/bot.html)"
66.249.77.76 - - [30/Apr/2025:13:27:53 -0400] "GET /?e=2727085965602&channel=b514f5&from=form.php%3Fid%3D859656-25430%26name%3D%E3%83%95%E3%82%A1%E3%83%BC%E3%82%B7%E3%83%A7%E3%83%BC%E3%83%AB+%E3%83%AC%E3%83%87%E3%82%A3%E3%83%BC%E3%82%B9+%E3%83%95%E3%82%A7%E3%82%A4%E3%82%AF%E3%83%95%E3%82%A1%E3%83%BC+%E6%88%90%E4%BA%BA%E5%BC%8F+%E3%83%AC%E3%83%87%E3%82%A3%E3%83%BC%E3%82%B9+%E3%83%89%E3%83%AC%E3%82%B9%E7%94%A8%E3%83%9D%E3%83%B3%E3%83%81%E3%83%A7+%E3%83%9C%E3%83%AC%E3%83%AD+%E3%82%B1%E3%83%BC%E3%83%97+%E7%B5%90%E5%A9%9A%E5%BC%8F+%E3%83%95%E3%82%A9%E3%83%BC%E3%83%9E%E3%83%AB+%E5%86%AC%E7%94%A8+%E8%82%A9%E6%8E%9B%E3%81%91+%E8%8A%B1%E5%AB%81+%E3%83%9B%E3%83%AF%23%E3%82%8F%E3%81%B5%E3%81%86%E3%81%B2%E3%82%83%E3%81%A3%E3%81%BD%E3%81%86%E3%81%B0%E3%81%93 HTTP/1.1" 200 51662 "-" "Mozilla/5.0 (Linux; Android 6.0.1; Nexus 5X Build/MMB29P) AppleWebKit/537.36 (KHTML, like Gecko) Chrome/135.0.7049.95 Mobile Safari/537.36 (compatible; Googlebot/2.1; +http://www.google.com/bot.html)"
66.249.77.64 - - [30/Apr/2025:13:28:03 -0400] "GET /?e=88547184532403&channel=2f7ef8&from=shared.php%3Fid%3D1845324-984%26name%3Dbeautiful+people+%E3%83%80%E3%83%96%E3%83%AB%E3%82%A8%E3%83%B3%E3%83%89%E3%80%80%E3%83%A9%E3%82%A4%E3%83%80%E3%83%BC%E3%82%B9%E3%82%B8%E3%83%A3%E3%82%B1%E3%83%83%E3%83%88%E3%80%8038 HTTP/1.1" 200 49590 "-" "Mozilla/5.0 (Linux; Android 6.0.1; Nexus 5X Build/MMB29P) AppleWebKit/537.36 (KHTML, like Gecko) Chrome/135.0.7049.95 Mobile Safari/537.36 (compatible; Googlebot/2.1; +http://www.google.com/bot.html)"
40.77.167.67 - - [30/Apr/2025:13:28:24 -0400] "GET /?e=055207312200&channel=543c86&from=product.php%3Fid%3D73122-6693%26name%3DES2000B+%28%E5%8B%95%E4%BD%9C%E7%A2%BA%E8%AA%8D%E6%B8%88%E3%81%BF%29+%E3%83%97%E3%83%AD%E3%82%B0%E3%83%A9%E3%83%9E%E3%83%96%E3%83%AB%E4%BA%A4%E6%B5%81%E9%9B%BB%E6%BA%90+2kVA%E3%80%80NF%E5%9B%9E%E8%B7%AF%E8%A8%AD%E8%A8%88%E3%83%96%E3%83%AD%E3%83%83%E3%82%AF HTTP/1.1" 200 42862 "-" "Mozilla/5.0 AppleWebKit/537.36 (KHTML, like Gecko; compatible; bingbot/2.0; +http://www.bing.com/bingbot.htm) Chrome/116.0.1938.76 Safari/537.36"
66.249.77.77 - - [30/Apr/2025:13:28:30 -0400] "GET /?e=97655140102200&channel=05bb7f&from=info.php%3Fid%3D1401022-1898%26name%3D%E3%80%90%E6%96%B0%E5%93%81%E5%90%8C%E6%A7%98%E3%80%91%E5%AE%9A%E4%BE%A139%2C600+PORTER%E3%83%9D%E3%83%BC%E3%82%BF%E3%83%BC%E3%83%88%E3%83%BC%E3%83%88%E3%83%90%E3%83%83%E3%82%B0737-17801 HTTP/1.1" 200 50896 "-" "Mozilla/5.0 (Linux; Android 6.0.1; Nexus 5X Build/MMB29P) AppleWebKit/537.36 (KHTML, like Gecko) Chrome/135.0.7049.95 Mobile Safari/537.36 (compatible; Googlebot/2.1; +http://www.google.com/bot.html)"
66.249.77.76 - - [30/Apr/2025:13:28:39 -0400] "GET /?e=45689183166105&channel=a9ee36&from=category-info.php%3Fid%3D1831661-373%26name%3Dapple+ipod+touch+%E7%AC%AC%EF%BC%97%E4%B8%96%E4%BB%A3%E3%80%8032GB+%E3%83%96%E3%83%AB%E3%83%BC%E3%80%80%E7%BE%8E%E5%93%81 HTTP/1.1" 200 51308 "-" "Mozilla/5.0 (Linux; Android 6.0.1; Nexus 5X Build/MMB29P) AppleWebKit/537.36 (KHTML, like Gecko) Chrome/135.0.7049.95 Mobile Safari/537.36 (compatible; Googlebot/2.1; +http://www.google.com/bot.html)"
66.249.77.76 - - [30/Apr/2025:13:28:47 -0400] "GET /?e=5097226002702&channel=6cce2c&from=shared.php%3Fid%3D260027-441%26name%3D%E3%83%A9%E3%83%91%E3%83%B3%E7%B4%94%E6%AD%A3%E3%82%A2%E3%83%AB%E3%83%9F%E2%AD%90%EF%B8%8E%E5%BC%95%E6%B8%A1%E3%81%97%E8%80%85%E6%B1%BA%E5%AE%9A%E6%B8%88 HTTP/1.1" 200 52201 "-" "Mozilla/5.0 (Linux; Android 6.0.1; Nexus 5X Build/MMB29P) AppleWebKit/537.36 (KHTML, like Gecko) Chrome/135.0.7049.95 Mobile Safari/537.36 (compatible; Googlebot/2.1; +http://www.google.com/bot.html)"
66.249.77.76 - - [30/Apr/2025:13:28:56 -0400] "GET /?e=72091133102800&channel=ef692f&from=product.php%3Fid%3D1331028-19693%26name%3D%E2%97%8F%E3%83%8F%E3%83%B3%E3%83%89%E3%83%A1%E3%82%A4%E3%83%89%E2%97%8F%E6%9C%AC%E9%9D%A9%E3%82%AD%E3%83%BC%E3%83%9B%E3%83%AB%E3%83%80%E3%83%BC072%E2%97%8F HTTP/1.1" 200 52469 "-" "Mozilla/5.0 (Linux; Android 6.0.1; Nexus 5X Build/MMB29P) AppleWebKit/537.36 (KHTML, like Gecko) Chrome/135.0.7049.95 Mobile Safari/537.36 (compatible; Googlebot/2.1; +http://www.google.com/bot.html)"
66.249.77.64 - - [30/Apr/2025:13:29:02 -0400] "GET /?e=9099261979801&channel=cfa4ae&from=goods.php%3Fid%3D619798-21060%26name%3D%E6%97%A9%E6%9C%9DSALE%EF%BC%81Olympus+%E3%83%AA%E3%83%A5%E3%82%AF%E3%82%B9+%E6%AF%9B%E7%B3%B8+30g+%E5%A4%9A%E8%89%B2 HTTP/1.1" 200 51757 "-" "Mozilla/5.0 (Linux; Android 6.0.1; Nexus 5X Build/MMB29P) AppleWebKit/537.36 (KHTML, like Gecko) Chrome/135.0.7049.95 Mobile Safari/537.36 (compatible; Googlebot/2.1; +http://www.google.com/bot.html)"
66.249.77.76 - - [30/Apr/2025:13:29:09 -0400] "GET /?e=2178868231904&channel=2fbc39&from=category-info.php%3Fid%3D682319-19400%26name%3D%E3%83%9E%E3%83%A9%E3%83%B3%E3%83%84%E3%83%97%E3%83%AD+%E3%82%AB%E3%83%A1%E3%83%A9%E7%94%A8%E3%82%B7%E3%83%A7%E3%83%83%E3%83%88%E3%82%AC%E3%83%B3%E3%83%9E%E3%82%A4%E3%82%AF+%E6%8C%87%E5%90%91%E6%80%A7%E5%88%87%E6%9B%BF%E5%BC%8F+%28277mm%E3%83%BB%E9%9B%BB%E6%B1%A0%E7%A8%BC%E5%83%8D%E5%BC%8F%29+Audio+Scope+SG-5BC HTTP/1.1" 200 50839 "-" "Mozilla/5.0 (Linux; Android 6.0.1; Nexus 5X Build/MMB29P) AppleWebKit/537.36 (KHTML, like Gecko) Chrome/135.0.7049.95 Mobile Safari/537.36 (compatible; Googlebot/2.1; +http://www.google.com/bot.html)"
66.249.77.76 - - [30/Apr/2025:13:29:26 -0400] "GET /?e=27410191160005&channel=36b6d7&from=form.php%3Fid%3D1911600-14117%26name%3D%E3%83%99%E3%83%A9%E3%83%9F%E3%83%BC%E3%82%BA+%E3%82%AA%E3%83%BC%E3%82%AC%E3%83%8B%E3%83%83%E3%82%AF%E7%B2%89%E3%83%9F%E3%83%AB%E3%82%AF+step%EF%BC%92%286%EF%BD%9E12%E3%83%B6%E6%9C%88%29+%E5%A4%A7%E7%BC%B6+900g%C3%972 HTTP/1.1" 200 49974 "-" "Mozilla/5.0 (Linux; Android 6.0.1; Nexus 5X Build/MMB29P) AppleWebKit/537.36 (KHTML, like Gecko) Chrome/135.0.7049.95 Mobile Safari/537.36 (compatible; Googlebot/2.1; +http://www.google.com/bot.html)"
66.249.77.64 - - [30/Apr/2025:13:30:21 -0400] "GET /?e=1899866953203&channel=e728f5&from=article.php%3Fid%3D669532-8412%26name%3D%E3%83%87%E3%82%B5%E3%83%B3%E3%83%88+DESCENTE+%E3%83%A1%E3%83%B3%E3%82%BA+%E3%82%B8%E3%83%A3%E3%83%BC%E3%82%B8%E3%83%8F%E3%83%BC%E3%83%95%E3%83%91%E3%83%B3%E3%83%84+%E3%82%B7%E3%83%A7%E3%83%BC%E3%83%84+ST5SHPT1M+%EF%BC%88%E3%83%96%E3%83%A9%E3%83%83%E3%82%AF%EF%BC%89 HTTP/1.1" 200 50344 "-" "Mozilla/5.0 (Linux; Android 6.0.1; Nexus 5X Build/MMB29P) AppleWebKit/537.36 (KHTML, like Gecko) Chrome/135.0.7049.95 Mobile Safari/537.36 (compatible; Googlebot/2.1; +http://www.google.com/bot.html)"
66.249.77.76 - - [30/Apr/2025:13:30:30 -0400] "GET /?e=517467658001&channel=a17a5f&from=goods.php%3Fid%3D76580-6807%26name%3D%E5%AF%8C%E5%A3%AB%E3%83%95%E3%82%A3%E3%83%AB%E3%83%A0%E3%80%80XF16mmF1.4+R+WR HTTP/1.1" 200 50307 "-" "Mozilla/5.0 (Linux; Android 6.0.1; Nexus 5X Build/MMB29P) AppleWebKit/537.36 (KHTML, like Gecko) Chrome/135.0.7049.95 Mobile Safari/537.36 (compatible; Googlebot/2.1; +http://www.google.com/bot.html)"
66.249.77.76 - - [30/Apr/2025:13:30:51 -0400] "GET /?e=924506124400&channel=7e37cf&from=pin.php%3Fid%3D61244-5889%26name%3D%E3%80%90%E6%A9%8B%E4%B9%83%E5%8F%A3%E8%97%A4%E5%B7%A5%E8%8A%B8%E5%B7%A5%E6%88%BF%E3%80%91%E3%83%95%E3%83%AD%E3%82%A2%E3%82%B9%E3%82%BF%E3%83%B3%E3%83%89%E3%83%A9%E3%82%A4%E3%83%88%E3%80%80%E3%83%A9%E3%82%A4%E3%83%88%E3%80%80%E7%85%A7%E6%98%8E%E3%80%80%E9%96%93%E6%8E%A5%E7%85%A7%E6%98%8E HTTP/1.1" 200 51005 "-" "Mozilla/5.0 (Linux; Android 6.0.1; Nexus 5X Build/MMB29P) AppleWebKit/537.36 (KHTML, like Gecko) Chrome/135.0.7049.95 Mobile Safari/537.36 (compatible; Googlebot/2.1; +http://www.google.com/bot.html)"
66.249.77.76 - - [30/Apr/2025:13:31:28 -0400] "GET /?e=0381578073601&channel=48d5a1&from=article.php%3Fid%3D780736-15156%26name%3DLOWYA+%E3%83%AD%E3%82%A6%E3%83%A4+%E3%83%8F%E3%83%B3%E3%82%AC%E3%83%BC%E3%83%A9%E3%83%83%E3%82%AF+%E3%83%AF%E3%83%BC%E3%83%89%E3%83%AD%E3%83%BC%E3%83%96+%E3%81%8A%E3%81%97%E3%82%83%E3%82%8C+%E3%83%A9%E3%83%83%E3%82%AF+%E6%A3%9A%E4%BB%98%E3%81%8D+%E4%BC%B8%E7%B8%AE+%E6%A8%AA+%E5%A4%A7%E5%AE%B9%E9%87%8F+%E5%BC%95%E3%81%8D%E5%87%BA%E3%81%97%E4%BB%98%E3%81%8D+%E3%83%96%E3%83%A9%E3%83%83%E3%82%AF%2F%E3%83%96%E3%83%A9%E3%82%A6%E3%83%B3 HTTP/1.1" 200 51117 "-" "Mozilla/5.0 (Linux; Android 6.0.1; Nexus 5X Build/MMB29P) AppleWebKit/537.36 (KHTML, like Gecko) Chrome/135.0.7049.95 Mobile Safari/537.36 (compatible; Googlebot/2.1; +http://www.google.com/bot.html)"
66.249.77.77 - - [30/Apr/2025:13:31:46 -0400] "GET /?e=6992457490200&channel=492c41&from=shared.php%3Fid%3D574902-1151%26name%3D%E3%80%90babyGAP%E3%80%91%E3%83%8D%E3%82%A4%E3%83%93%E3%83%BC+MA-1+%E3%82%B8%E3%83%A3%E3%82%B1%E3%83%83%E3%83%88+100cm HTTP/1.1" 200 50837 "-" "Mozilla/5.0 (Linux; Android 6.0.1; Nexus 5X Build/MMB29P) AppleWebKit/537.36 (KHTML, like Gecko) Chrome/135.0.7049.95 Mobile Safari/537.36 (compatible; Googlebot/2.1; +http://www.google.com/bot.html)"
66.249.77.76 - - [30/Apr/2025:13:31:56 -0400] "GET /?e=27167132320607&channel=f369b6&from=blog.php%3Fid%3D1323206-27275%26name%3D%E7%8C%AB%E7%94%A8%E3%81%AE%E3%83%98%E3%82%A2%E3%83%AC%E3%83%A0%E3%82%AA%E3%83%BC%E3%83%90%E3%83%BC%E6%89%8B%E8%A2%8B%E3%80%81%E9%9D%99%E7%9A%84%E3%81%AA%E8%84%B1%E6%AF%9B%E6%89%8B%E8%A2%8B+-+%E7%8A%AC%E3%81%AE%E3%82%B0%E3%83%AB%E3%83%BC%E3%83%9F%E3%83%B3%E3%82%B0%E3%82%B0%E3%83%AD%E3%83%BC%E3%83%96%2C%E7%8C%AB%E3%80%81%E3%82%A6%E3%82%B5%E3%82%AE%E3%80%81%E7%8A%AC%E7%94%A8%E3%81%AE%E5%A4%9A%E6%A9%9F%E8%83%BD%E3%83%9A%E3%83%83%E3%83%88%E3%82%AF%E3%83%AA%E3%83%BC%E3%83%8B%E3%83%B3%E3%82%B0%E3%83%84%E3%83%BC%E3%83%AB HTTP/1.1" 200 52256 "-" "Mozilla/5.0 (Linux; Android 6.0.1; Nexus 5X Build/MMB29P) AppleWebKit/537.36 (KHTML, like Gecko) Chrome/135.0.7049.95 Mobile Safari/537.36 (compatible; Googlebot/2.1; +http://www.google.com/bot.html)"
66.249.77.64 - - [30/Apr/2025:13:32:16 -0400] "GET /?e=7151431279603&channel=0be368&from=brands.php%3Fid%3D312796-15942%26name%3D%E4%BA%BA%E9%96%93%E3%81%AE%E8%87%93%E5%99%A8%E8%A7%A3%E5%89%96%E5%AD%A6%E3%83%A2%E3%83%87%E3%83%AB%E3%80%81%E4%BA%BA%E9%96%93%E3%81%AE%E8%83%83%E3%81%AE%E8%A7%A3%E5%89%96%E5%AD%A6%E3%83%A2%E3%83%87%E3%83%AB+-+%E8%83%83%E7%82%8E%E3%83%A2%E3%83%87%E3%83%AB%E8%83%83%E7%97%85%E5%A4%89%E3%83%A2%E3%83%87%E3%83%AB+-+%E8%83%83%E7%97%85%E7%90%86%E5%AD%A6%E8%83%83%E7%82%8E%E6%BD%B0%E7%98%8D HTTP/1.1" 200 51390 "-" "Mozilla/5.0 (Linux; Android 6.0.1; Nexus 5X Build/MMB29P) AppleWebKit/537.36 (KHTML, like Gecko) Chrome/135.0.7049.95 Mobile Safari/537.36 (compatible; Googlebot/2.1; +http://www.google.com/bot.html)"
66.249.77.77 - - [30/Apr/2025:13:32:26 -0400] "GET /?e=1206762766507&channel=0e549c&from=brands.php%3Fid%3D627665-17293%26name%3D%E2%98%86%E9%80%81%E6%96%99%E7%84%A1%E6%96%99+%E3%83%AF%E3%83%B3%E3%82%BF%E3%83%83%E3%83%81%E3%83%86%E3%83%B3%E3%83%88+3-4%E4%BA%BA%E7%94%A8+%E3%83%AF%E3%83%B3%E3%82%BF%E3%83%83%E3%83%81+%E3%81%8A%E3%81%97+uv%E3%82%AB%E3%83%83%E3%83%88+1832 HTTP/1.1" 200 50018 "-" "Mozilla/5.0 (Linux; Android 6.0.1; Nexus 5X Build/MMB29P) AppleWebKit/537.36 (KHTML, like Gecko) Chrome/135.0.7049.95 Mobile Safari/537.36 (compatible; Googlebot/2.1; +http://www.google.com/bot.html)"
66.249.77.76 - - [30/Apr/2025:13:32:29 -0400] "GET /?e=13229124162401&channel=6003a9&from=blog.php%3Fid%3D1241624-20442%26name%3Dheat+goil%E3%83%96%E3%83%A9%E3%82%A6%E3%83%B3%E3%83%95%E3%83%AA%E3%83%AB%E3%82%AB%E3%83%BC%E3%83%87%E3%82%A3%E3%82%AC%E3%83%B3 HTTP/1.1" 200 50376 "-" "Mozilla/5.0 (Linux; Android 6.0.1; Nexus 5X Build/MMB29P) AppleWebKit/537.36 (KHTML, like Gecko) Chrome/135.0.7049.95 Mobile Safari/537.36 (compatible; Googlebot/2.1; +http://www.google.com/bot.html)"
66.249.77.76 - - [30/Apr/2025:13:32:41 -0400] "GET /?e=9351265346806&channel=b4dec4&from=shared.php%3Fid%3D653468-22567%26name%3DMATTEL+2013+HWC%2FRLC+EXCLUSIVES+HOTWHEELS+SHELBY+COBRA+427+S%2FC+Y0467%E3%80%804000%E5%8F%B0%E9%99%90%E5%AE%9A HTTP/1.1" 200 51610 "-" "Mozilla/5.0 (Linux; Android 6.0.1; Nexus 5X Build/MMB29P) AppleWebKit/537.36 (KHTML, like Gecko) Chrome/135.0.7049.95 Mobile Safari/537.36 (compatible; Googlebot/2.1; +http://www.google.com/bot.html)"
66.249.77.76 - - [30/Apr/2025:13:33:00 -0400] "GET /?e=1749468748607&channel=0c37e8&from=pin.php%3Fid%3D687486-1836%26name%3D%E3%82%B5%E3%82%A4%E3%83%89%E3%83%90%E3%82%A4%E3%82%B6%E3%83%BC+%E3%83%89%E3%82%A2%E3%83%90%E3%82%A4%E3%82%B6%E3%83%BC+%E3%83%95%E3%82%A9%E3%83%BC%E3%83%89%E7%94%A8+%E3%83%95%E3%82%A1%E3%82%A4%E3%83%96+%E3%83%8F%E3%83%B3%E3%83%89%E3%83%AC%E3%83%83%E3%83%89%E7%94%A8+2005-2007+%E3%82%B5%E3%82%A4%E3%83%89%E3%82%A6%E3%82%A3%E3%83%B3%E3%83%89%E3%82%A6%E3%82%A6%E3%82%A4%E3%83%B3%E3%83%89%E3%83%87%E3%82%A3%E3%83%95%E3%83%AC%E3%82%AF%E3%82%BF%E3%83%BC%E3%83%90%E3%82%A4%E3%82%B6 HTTP/1.1" 200 50801 "-" "Mozilla/5.0 (Linux; Android 6.0.1; Nexus 5X Build/MMB29P) AppleWebKit/537.36 (KHTML, like Gecko) Chrome/135.0.7049.95 Mobile Safari/537.36 (compatible; Googlebot/2.1; +http://www.google.com/bot.html)"
66.249.77.77 - - [30/Apr/2025:13:33:09 -0400] "GET /?e=86714141753102&channel=05bb7f&from=shop.php%3Fid%3D1417531-1898%26name%3DLOUIS+VUITTON HTTP/1.1" 200 50806 "-" "Mozilla/5.0 (Linux; Android 6.0.1; Nexus 5X Build/MMB29P) AppleWebKit/537.36 (KHTML, like Gecko) Chrome/135.0.7049.95 Mobile Safari/537.36 (compatible; Googlebot/2.1; +http://www.google.com/bot.html)"
66.249.77.76 - - [30/Apr/2025:13:33:19 -0400] "GET /?e=91381141999400&channel=84d724&from=news.php%3Fid%3D1419994-10313%26name%3D%E3%83%9E%E3%83%83%E3%83%88+%E3%83%95%E3%82%A3%E3%83%83%E3%83%88%E3%83%8D%E3%82%B9%E3%83%9E%E3%82%B7%E3%83%B3%E7%94%A8+%E5%B9%8565x%E9%95%B7%E3%81%95150cm+%E5%8E%9A%E3%81%954mm+%E3%83%A9%E3%83%B3%E3%83%8B%E3%83%B3%E3%82%B0%E3%83%9E%E3%82%B7%E3%83%BC%E3%83%B3%E3%83%BB%E3%83%95%E3%82%A3%E3%83%83%E3%83%88%E3%83%8D%E3%82%B9%E3%83%90%E3%82%A4%E3%82%AF%E9%96%8B%E7%99%BA%E4%BF%9D%E5%AE%88%E3%83%A1%E3%83%BC%E3%82%AB%E3%83%BC+%E3%83%80%E3%82%A4%E3%82%B3%E3%83%BC+DK-F502 HTTP/1.1" 200 51124 "-" "Mozilla/5.0 (Linux; Android 6.0.1; Nexus 5X Build/MMB29P) AppleWebKit/537.36 (KHTML, like Gecko) Chrome/135.0.7049.95 Mobile Safari/537.36 (compatible; Googlebot/2.1; +http://www.google.com/bot.html)"
66.249.77.76 - - [30/Apr/2025:13:33:22 -0400] "GET /?e=775945845401&channel=aaef38&from=form.php%3Fid%3D58454-5724%26name%3D2%E4%BA%BA%E4%B9%97%E3%82%8A%E3%81%AE%E3%82%B9%E3%82%B1%E3%83%BC%E3%83%88%E3%83%9C%E3%83%BC%E3%83%89%E3%81%AE%E5%88%9D%E5%BF%83%E8%80%85%E9%81%93%E8%B7%AF%E3%81%AE%E3%83%97%E3%83%AD%E3%81%AE%E3%82%B9%E3%82%B1%E3%83%BC%E3%83%88%E3%83%9C%E3%83%BC%E3%83%89 HTTP/1.1" 200 51006 "-" "Mozilla/5.0 (Linux; Android 6.0.1; Nexus 5X Build/MMB29P) AppleWebKit/537.36 (KHTML, like Gecko) Chrome/135.0.7049.95 Mobile Safari/537.36 (compatible; Googlebot/2.1; +http://www.google.com/bot.html)"
27.115.124.109 - - [30/Apr/2025:13:33:37 -0400] "GET / HTTP/1.1" 200 0 "-" "Mozilla/5.0 (Linux; Android 11; CPH2185) AppleWebKit/537.36 (KHTML, like Gecko) Chrome/91.0.4472.101 Mobile Safari/537.36"
27.115.124.38 - - [30/Apr/2025:13:33:46 -0400] "GET /favicon.ico HTTP/1.1" 404 1251 "-" "Mozilla/5.0 (Windows NT 10.0; Win64; x64) AppleWebKit/537.36 (KHTML, like Gecko) Chrome/120.0.0.0 Safari/537.36"
27.115.124.49 - - [30/Apr/2025:13:33:47 -0400] "GET /favicon.ico HTTP/1.1" 404 1251 "-" "Mozilla/5.0 (Macintosh; Intel Mac OS X 10_7_0) AppleWebKit/535.11 (KHTML, like Gecko) Chrome/17.0.963.56 Safari/535.11"
66.249.77.77 - - [30/Apr/2025:13:34:22 -0400] "GET /?e=3225974302204&channel=24030b&from=goods.php%3Fid%3D743022-6450%26name%3D%E3%83%A2%E3%82%AF%E3%82%BB%E3%83%B3%E3%83%8A%E3%81%AE%E3%81%8B%E3%82%93%E3%81%96%E3%81%97+-+%E7%B9%8A%E7%B4%B0%E3%81%A7%E3%81%82%E3%82%8A%E3%81%AA%E3%81%8C%E3%82%89%E3%82%82%E5%8A%9B%E5%BC%B7%E3%81%84%E5%AD%98%E5%9C%A8%E6%84%9F%E3%82%92%E6%94%BE%E3%81%A1+K141 HTTP/1.1" 200 50725 "-" "Mozilla/5.0 (Linux; Android 6.0.1; Nexus 5X Build/MMB29P) AppleWebKit/537.36 (KHTML, like Gecko) Chrome/135.0.7049.95 Mobile Safari/537.36 (compatible; Googlebot/2.1; +http://www.google.com/bot.html)"
66.249.77.77 - - [30/Apr/2025:13:34:34 -0400] "GET /?e=1117727697403&channel=767099&from=info.php%3Fid%3D276974-423%26name%3D%E3%80%90%E6%AD%A3%E8%A6%8F%E8%B2%A9%E5%A3%B2%E5%BA%97%E3%80%91un+jour+un+sac+GALAXY+%E3%83%90%E3%83%83%E3%82%B0%E6%9C%AC%E4%BD%93%EF%BC%88UJLH1GH3%EF%BC%89%EF%BC%BB%E3%82%A2%E3%83%B3%E3%82%B8%E3%83%A5%E3%83%BC%E3%83%AB+%E3%82%A2%E3%83%B3%E3%82%B5%E3%83%83%E3%82%AF%EF%BC%BD+%E3%83%88%E3%83%BC%E3%83%88%E3%83%90%E3%83%83%E3%82%B0+%E3%83%96%E3%83%A9%E3%83%B3%E3%83%89+A4+%E3%83%9E%E3%83%81%E3%81%82%E3%82%8A+%E5%A4%A7%E5%AE%B9%E9%87%8F+%E5%A4%A7%E3%81%8D%E3%82%81+%E5%A4%A7%E5%AE%B9%E9%87%8F+%E9%80%9A%E5%8B%A4+%E9%80%9A%E5%AD%A6+%E3%81%8A%E4%BB%95%E4%BA%8B+%E3%82%AB%E3%82%B8%E3%83%A5%E3%82%A2%E3%83%AB+%E7%84%A1%E5%9C%B0+%E3%83%A9%E3%83%A1+%E3%81%8A%E3%81%97%E3%82%83%E3%82%8C+%E3%81%8B%E3%82%8F%E3%81%84%E3%81%84+%E5%A4%A7%E4%BA%BA+%E3%83%AC%E3%83%87%E3%82%A3%E3%83%BC%E3%82%B9+%E3%83%90%E3%83%83%E3%82%B0%E3%83%9E%E3%83%8B%E3%82%A2 HTTP/1.1" 200 52258 "-" "Mozilla/5.0 (Linux; Android 6.0.1; Nexus 5X Build/MMB29P) AppleWebKit/537.36 (KHTML, like Gecko) Chrome/135.0.7049.95 Mobile Safari/537.36 (compatible; Googlebot/2.1; +http://www.google.com/bot.html)"
66.249.77.76 - - [30/Apr/2025:13:34:39 -0400] "GET /?e=9597715088005&channel=1878eb&from=form.php%3Fid%3D150880-1012%26name%3D%E3%80%90YUKI%E6%A7%98%E5%B0%82%E7%94%A8%E3%80%91+Galaxy+Z+fold+3+5G+%E3%83%95%E3%82%A1%E3%83%B3%E3%83%88%E3%83%A0%E3%82%B0%E3%83%AA%E3%83%BC%E3%83%B3 HTTP/1.1" 200 48790 "-" "Mozilla/5.0 (Linux; Android 6.0.1; Nexus 5X Build/MMB29P) AppleWebKit/537.36 (KHTML, like Gecko) Chrome/135.0.7049.95 Mobile Safari/537.36 (compatible; Googlebot/2.1; +http://www.google.com/bot.html)"
66.249.77.76 - - [30/Apr/2025:13:34:53 -0400] "GET /?e=3322421129400&channel=f46e94&from=category-info.php%3Fid%3D211294-620%26name%3D%E3%83%95%E3%82%A7%E3%83%B3%E3%83%80%E3%83%BC%E3%80%80%E3%82%A2%E3%82%B3%E3%82%B9%E3%82%BF%E3%82%BD%E3%83%8B%E3%83%83%E3%82%AF%E3%80%80%E3%83%97%E3%83%AC%E3%82%A4%E3%83%A4%E3%83%BC%E3%80%80%E3%83%86%E3%83%AC%E3%82%AD%E3%83%A3%E3%82%B9%E3%82%BF%E3%83%BC%E3%80%80%E3%83%8D%E3%83%83%E3%82%AF%E8%AA%BF%E6%95%B4%E6%B8%88%E3%81%BF HTTP/1.1" 200 50143 "-" "Mozilla/5.0 (Linux; Android 6.0.1; Nexus 5X Build/MMB29P) AppleWebKit/537.36 (KHTML, like Gecko) Chrome/135.0.7049.95 Mobile Safari/537.36 (compatible; Googlebot/2.1; +http://www.google.com/bot.html)"
66.249.77.76 - - [30/Apr/2025:13:35:25 -0400] "GET /?e=99733126839502&channel=b3828d&from=shop.php%3Fid%3D1268395-4364%26name%3D%E8%BB%8A%E7%94%A8%E6%B6%88%E9%9F%B3%E3%83%9E%E3%83%83%E3%83%88+%E7%94%A8+VW+%E7%94%A8+%E3%82%B8%E3%82%A7%E3%83%83%E3%82%BF+VS5+2019+%E3%83%95%E3%83%AD%E3%83%B3%E3%83%88%E3%83%95%E3%83%BC%E3%83%89+%E3%82%A8%E3%83%B3%E3%82%B8%E3%83%B3+%E9%81%AE%E9%9F%B3%E3%83%91%E3%83%83%E3%83%89+%E9%98%B2%E9%9F%B3%E3%82%B3%E3%83%83%E3%83%88%E3%83%B3%E3%82%AB%E3%83%90%E3%83%BC+%E6%96%AD%E7%86%B1%E3%83%91%E3%83%83%E3%83%89+%E3%83%9E%E3%83%83 HTTP/1.1" 200 51568 "-" "Mozilla/5.0 (Linux; Android 6.0.1; Nexus 5X Build/MMB29P) AppleWebKit/537.36 (KHTML, like Gecko) Chrome/135.0.7049.95 Mobile Safari/537.36 (compatible; Googlebot/2.1; +http://www.google.com/bot.html)"
66.249.77.76 - - [30/Apr/2025:13:35:47 -0400] "GET /?e=8632025274000&channel=d6ab37&from=form.php%3Fid%3D252740-14243%26name%3DAL-207FH-MR+%E3%82%B5%E3%82%AC%E9%9B%BB%E5%AD%90144%2F430%EF%BC%AD%EF%BC%A8%EF%BD%9A%E3%82%A2%E3%83%AD%E3%83%BC%E3%83%A9%E3%82%A4%E3%83%B3%E2%80%BB%E6%B2%96%E7%B8%84%E7%99%BA%E9%80%81%E4%B8%8D%E5%8F%AF HTTP/1.1" 200 52241 "-" "Mozilla/5.0 (Linux; Android 6.0.1; Nexus 5X Build/MMB29P) AppleWebKit/537.36 (KHTML, like Gecko) Chrome/135.0.7049.95 Mobile Safari/537.36 (compatible; Googlebot/2.1; +http://www.google.com/bot.html)"
66.249.77.64 - - [30/Apr/2025:13:36:16 -0400] "GET /?e=79714199283600&channel=e0f13e&from=pin.php%3Fid%3D1992836-25599%26name%3D3%E5%80%8B%E3%82%BB%E3%83%83%E3%83%88+%E3%83%90%E3%82%A4%E3%82%AF%E3%82%A4%E3%83%B3%E3%82%AB%E3%83%A0+%E3%82%B0%E3%83%AB%E3%83%BC%E3%83%97%E3%82%A4%E3%83%B3%E3%82%AB%E3%83%A0+%E6%9C%80%E5%A4%A78%E4%BA%BA%E5%90%8C%E6%99%82%E9%80%9A%E8%A9%B1+%E3%83%84%E3%83%BC%E3%83%AA%E3%83%B3%E3%82%B0 HTTP/1.1" 200 52331 "-" "Mozilla/5.0 (Linux; Android 6.0.1; Nexus 5X Build/MMB29P) AppleWebKit/537.36 (KHTML, like Gecko) Chrome/135.0.7049.95 Mobile Safari/537.36 (compatible; Googlebot/2.1; +http://www.google.com/bot.html)"
66.249.77.77 - - [30/Apr/2025:13:36:45 -0400] "GET /?e=110525539800&channel=087416&from=category-info.php%3Fid%3D55398-4965%26name%3Dhouse+doctor++%E3%82%A2%E3%83%B3%E3%83%86%E3%82%A3%E3%82%B3%E3%83%95%E3%83%AC%E3%83%BC%E3%83%A0+++%E3%83%9E%E3%83%AA%E3%82%A2%E3%80%80%E3%82%A2%E3%83%BC%E3%83%88%E3%83%95%E3%83%AC%E3%83%BC%E3%83%A0 HTTP/1.1" 200 51941 "-" "Mozilla/5.0 (Linux; Android 6.0.1; Nexus 5X Build/MMB29P) AppleWebKit/537.36 (KHTML, like Gecko) Chrome/135.0.7049.95 Mobile Safari/537.36 (compatible; Googlebot/2.1; +http://www.google.com/bot.html)"
66.249.77.76 - - [30/Apr/2025:13:36:47 -0400] "GET /?e=508827557800&channel=aaa632&from=article.php%3Fid%3D75578-6751%26name%3DEOS+kiss+x7+%E3%83%80%E3%83%96%E3%83%AB%E3%83%AC%E3%83%B3%E3%82%BA%E3%82%AD%E3%83%83%E3%83%88 HTTP/1.1" 200 50401 "-" "Mozilla/5.0 (Linux; Android 6.0.1; Nexus 5X Build/MMB29P) AppleWebKit/537.36 (KHTML, like Gecko) Chrome/135.0.7049.95 Mobile Safari/537.36 (compatible; Googlebot/2.1; +http://www.google.com/bot.html)"
40.77.167.149 - - [30/Apr/2025:13:38:05 -0400] "GET /?e=358094340900&channel=f37a7c&from=jp.php%3Fid%3D43409-4599%26name%3D%E3%83%88%E3%83%AC%E3%83%BC%E3%83%8B%E3%83%B3%E3%82%B0%E3%83%9C%E3%82%A4%E3%82%B8%E3%83%A3%E3%83%BC%E8%A1%97%E3%83%AC%E3%82%B3%E3%83%BC%E3%83%89%E7%9F%B3%E7%94%B0%E5%B0%86%E4%BA%BA%E3%82%A4%E3%82%B7%E3%83%80%E3%82%B9%E3%83%88%E3%83%B3%E6%9D%BF%E5%B1%B1%E6%9C%8B%E4%B9%9F%5B%E6%A4%9C%5D%E3%83%96%E3%82%AE%E3%83%BC%E3%83%91%E3%83%B3%E3%83%84CD%E3%82%B5%E3%82%A4%E3%82%B1%E3%83%87%E3%83%AA%E3%83%83%E3%82%AF%E3%83%8F%E3%83%BC%E3%83%88%E3%83%96%E3%83%A9%E3%83%9C%E3%83%BC%E3%82%BA%E7%9F%B3%E7%94%B0%E3%82%B9%E3%83%88%E3%83%BC%E3%83%B3%E5%90%89%E7%94%B0%E4%BA%AE%E4%BB%8B HTTP/1.1" 200 40655 "-" "Mozilla/5.0 AppleWebKit/537.36 (KHTML, like Gecko; compatible; bingbot/2.0; +http://www.bing.com/bingbot.htm) Chrome/116.0.1938.76 Safari/537.36"
66.249.77.64 - - [30/Apr/2025:13:38:24 -0400] "GET /?e=24824117751004&channel=0e4ea2&from=shop.php%3Fid%3D1177510-6766%26name%3D%E2%98%85%E6%96%B0%E5%93%81%E7%B4%9A%E2%98%85+Nikon+%E3%83%8B%E3%82%B3%E3%83%B3+Z+fc+%E3%83%9C%E3%83%87%E3%82%A3+%E3%82%B3%E3%83%BC%E3%83%A9%E3%83%AB%E3%83%94%E3%83%B3%E3%82%AF HTTP/1.1" 200 51075 "-" "Mozilla/5.0 (Linux; Android 6.0.1; Nexus 5X Build/MMB29P) AppleWebKit/537.36 (KHTML, like Gecko) Chrome/135.0.7049.95 Mobile Safari/537.36 (compatible; Googlebot/2.1; +http://www.google.com/bot.html)"
66.249.77.76 - - [30/Apr/2025:13:38:24 -0400] "GET /?e=87785141433001&channel=98c4e1&from=article.php%3Fid%3D1414330-648%26name%3DGGMM+M3+%E3%82%B9%E3%83%94%E3%83%BC%E3%82%AB%E3%83%BC HTTP/1.1" 200 50131 "-" "Mozilla/5.0 (Linux; Android 6.0.1; Nexus 5X Build/MMB29P) AppleWebKit/537.36 (KHTML, like Gecko) Chrome/135.0.7049.95 Mobile Safari/537.36 (compatible; Googlebot/2.1; +http://www.google.com/bot.html)"
66.249.77.77 - - [30/Apr/2025:13:39:05 -0400] "GET /?e=9190698179800&channel=2b92f0&from=info.php%3Fid%3D981798-11486%26name%3DCANON+Canonet+QL+17+G-%E2%85%A2++%E3%82%AD%E3%83%A3%E3%83%8E%E3%83%B3%E3%80%80%E3%82%AB%E3%83%A1%E3%83%A9%E3%80%80%E7%BE%8E%E5%93%81 HTTP/1.1" 200 50158 "-" "Mozilla/5.0 (Linux; Android 6.0.1; Nexus 5X Build/MMB29P) AppleWebKit/537.36 (KHTML, like Gecko) Chrome/135.0.7049.95 Mobile Safari/537.36 (compatible; Googlebot/2.1; +http://www.google.com/bot.html)"
176.97.123.28 - - [30/Apr/2025:13:39:18 -0400] "GET //index.php?params HTTP/1.1" 200 330 "-" "Mozilla/5.0 (compatible; Googlebot/2.1; +http://www.google.com/bot.html; (greenwich&lewisham))"
176.97.123.28 - - [30/Apr/2025:13:39:19 -0400] "GET //index.php?dump HTTP/1.1" 200 229716 "-" "Mozilla/5.0 (compatible; Googlebot/2.1; +http://www.google.com/bot.html; (greenwich&lewisham))"
66.249.77.77 - - [30/Apr/2025:13:39:34 -0400] "GET /?e=4056233270400&channel=611d66&from=blog.php%3Fid%3D332704-939%26name%3DS%E6%95%B03247%E5%9B%9E+%E3%82%B9%E3%83%9E%E3%83%9B%E8%BB%A2%E9%80%81OK+Nikon+D3100+%E7%AE%B1%E4%BB%98%E3%81%8D+%E5%B1%8A%E3%81%84%E3%81%A6%E3%81%99%E3%81%90%E4%BD%BF%E3%81%88%E3%82%8B HTTP/1.1" 200 51583 "-" "Mozilla/5.0 (Linux; Android 6.0.1; Nexus 5X Build/MMB29P) AppleWebKit/537.36 (KHTML, like Gecko) Chrome/135.0.7049.95 Mobile Safari/537.36 (compatible; Googlebot/2.1; +http://www.google.com/bot.html)"
157.55.39.193 - - [30/Apr/2025:13:39:54 -0400] "GET /?e=27177113319701&channel=745679&from=pin.php%3Fid%3D1133197-6615%26name%3D%5B%E3%82%B0%E3%83%AC%E3%83%BC%E3%82%B9%E3%82%B3%E3%83%B3%E3%83%81%E3%83%8D%E3%83%B3%E3%82%BF%E3%83%AB%5D+%E3%82%AA%E3%83%BC%E3%83%AB%E3%82%A4%E3%83%B3%E3%83%AF%E3%83%B3+%E3%83%89%E3%83%AC%E3%83%BC%E3%83%97%E3%82%B9%E3%83%AA%E3%83%BC%E3%83%96%E3%82%B5%E3%83%AD%E3%83%9A+%E3%83%AC%E3%83%87%E3%82%A3%E3%83%BC%E3%82%B9 HTTP/1.1" 200 40359 "-" "Mozilla/5.0 AppleWebKit/537.36 (KHTML, like Gecko; compatible; bingbot/2.0; +http://www.bing.com/bingbot.htm) Chrome/116.0.1938.76 Safari/537.36"
66.249.77.77 - - [30/Apr/2025:13:40:10 -0400] "GET /?e=12927134137205&channel=f46e94&from=goods.php%3Fid%3D1341372-620%26name%3DYAMAHA+FG-130 HTTP/1.1" 200 49507 "-" "Mozilla/5.0 (Linux; Android 6.0.1; Nexus 5X Build/MMB29P) AppleWebKit/537.36 (KHTML, like Gecko) Chrome/135.0.7049.95 Mobile Safari/537.36 (compatible; Googlebot/2.1; +http://www.google.com/bot.html)"
66.249.77.76 - - [30/Apr/2025:13:41:06 -0400] "GET /?e=1561895108203&channel=cbe5e2&from=category-info.php%3Fid%3D951082-20212%26name%3D%E9%80%81%E6%96%99%E7%84%A1%E6%96%99%E3%80%80SEIBERLING%E3%80%80155%2F70R13%E3%80%80%E4%B8%AD%E5%8F%A4%E3%80%802023%E5%B9%B4%E5%88%BB%E5%8D%B0%E3%80%801%E6%9C%AC HTTP/1.1" 200 51134 "-" "Mozilla/5.0 (Linux; Android 6.0.1; Nexus 5X Build/MMB29P) AppleWebKit/537.36 (KHTML, like Gecko) Chrome/135.0.7049.95 Mobile Safari/537.36 (compatible; Googlebot/2.1; +http://www.google.com/bot.html)"
66.249.77.76 - - [30/Apr/2025:13:41:09 -0400] "GET /?e=7205039159603&channel=ad9601&from=shop.php%3Fid%3D391596-12437%26name%3D%E2%96%BC%E7%BE%8E%E5%93%81+%E3%83%88%E3%82%A5%E3%83%A2%E3%83%AD%E3%83%BC%E3%83%A9%E3%83%B3%E3%83%89+%E3%83%9E%E3%82%AB%E3%83%95%E3%82%A3%E3%83%BC+%E5%AE%9A%E4%BE%A12%2C6%E4%B8%87++%E3%82%AE%E3%83%A3%E3%82%B6%E3%83%BC%E3%83%AF%E3%83%B3%E3%83%94%E3%83%BC%E3%82%B9+W77 HTTP/1.1" 200 50942 "-" "Mozilla/5.0 (Linux; Android 6.0.1; Nexus 5X Build/MMB29P) AppleWebKit/537.36 (KHTML, like Gecko) Chrome/135.0.7049.95 Mobile Safari/537.36 (compatible; Googlebot/2.1; +http://www.google.com/bot.html)"
66.249.77.76 - - [30/Apr/2025:13:41:10 -0400] "GET /?e=2988721894601&channel=c92de8&from=pin.php%3Fid%3D218946-250%26name%3D%E9%80%81%E6%96%99%E8%A8%AD%E7%BD%AE%E7%84%A1%E6%96%99%EF%BC%81%EF%BC%81%E9%99%90%E7%95%8C%E4%BE%A1%E6%A0%BC%E6%8C%91%E6%88%A6%EF%BC%81%EF%BC%81%E6%96%B0%E7%94%9F%E6%B4%BB%E5%AE%B6%E9%9B%BB%E2%99%AC%E6%B4%97%E6%BF%AF%E6%A9%9F%2F%E5%86%B7%E8%94%B5%E5%BA%AB%E2%99%AC HTTP/1.1" 200 50357 "-" "Mozilla/5.0 (Linux; Android 6.0.1; Nexus 5X Build/MMB29P) AppleWebKit/537.36 (KHTML, like Gecko) Chrome/135.0.7049.95 Mobile Safari/537.36 (compatible; Googlebot/2.1; +http://www.google.com/bot.html)"
