OwlCyberSecurity - MANAGER
Edit File: beritafor4d.com.megahosting.pw-ssl_log
66.249.77.64 - - [30/Apr/2025:07:52:45 -0400] "GET /?e=93062132543201&channel=5c9544&from=category-info.php%3Fid%3D1325432-24732%26name%3D%E3%82%B9%E3%83%86%E3%83%B3%E3%83%AC%E3%82%B9%E9%8B%BC%E3%81%AE%E9%80%9A%E3%81%95%E3%82%8C%E3%81%9F%E6%A3%92%E3%81%AE%E9%89%9B%E3%81%AD%E3%81%98%E3%80%81%E7%9C%9F%E9%8D%AE%E3%81%AE%E3%83%8A%E3%83%83%E3%83%88%E3%80%81+%E3%81%AD%E3%81%98%E8%BE%BC%E3%81%BF%E3%83%90%E3%83%83%E3%82%AF%E3%83%A9%E3%83%83%E3%82%B7%E3%83%A5+T20+%E3%83%AA%E3%83%BC%E3%83%89%E3%82%B9%E3%82%AF%E3%83%AA%E3%83%A5%E3%83%BC%E3%80%81%E7%9C%9F%E9%8D%AE%E3%83%8A%E3%83%83%E3%83%88%E4%BB%98%E3%81%8D+100mm+25 HTTP/1.1" 200 50726 "-" "Mozilla/5.0 (Linux; Android 6.0.1; Nexus 5X Build/MMB29P) AppleWebKit/537.36 (KHTML, like Gecko) Chrome/135.0.7049.95 Mobile Safari/537.36 (compatible; Googlebot/2.1; +http://www.google.com/bot.html)"
66.249.77.77 - - [30/Apr/2025:07:53:12 -0400] "GET /?e=73792170813602&channel=0d9d82&from=shared.php%3Fid%3D1708136-28261%26name%3D%E6%B7%B1%E7%B7%91%E3%81%A8%E7%99%BD%E3%81%AE%E3%83%8A%E3%83%81%E3%83%A5%E3%83%A9%E3%83%AB%E3%82%AF%E3%83%A9%E3%83%83%E3%83%81%E3%83%96%E3%83%BC%E3%82%B1%E2%9C%B3%EF%B8%8E%E3%83%96%E3%83%BC%E3%83%88%E3%83%8B%E3%82%A2%E2%9C%B3%EF%B8%8E HTTP/1.1" 200 50656 "-" "Mozilla/5.0 (Linux; Android 6.0.1; Nexus 5X Build/MMB29P) AppleWebKit/537.36 (KHTML, like Gecko) Chrome/135.0.7049.95 Mobile Safari/537.36 (compatible; Googlebot/2.1; +http://www.google.com/bot.html)"
66.249.77.76 - - [30/Apr/2025:07:53:27 -0400] "GET /?e=9145748939605&channel=4dd581&from=shared.php%3Fid%3D489396-19569%26name%3DNIKE+%E3%82%AD%E3%83%83%E3%82%BA%E3%82%A2%E3%82%A6%E3%82%BF%E3%83%BC%E3%80%80%E9%BB%92%E3%80%80M%EF%BC%88150%EF%BC%89%E3%82%B5%E3%82%A4%E3%82%BA HTTP/1.1" 200 51494 "-" "Mozilla/5.0 (Linux; Android 6.0.1; Nexus 5X Build/MMB29P) AppleWebKit/537.36 (KHTML, like Gecko) Chrome/135.0.7049.95 Mobile Safari/537.36 (compatible; Googlebot/2.1; +http://www.google.com/bot.html)"
66.249.77.76 - - [30/Apr/2025:07:53:40 -0400] "GET /?e=7702485865205&channel=132733&from=form.php%3Fid%3D858652-11046%26name%3D%E3%83%9E%E3%83%AB%E3%83%81%E3%82%B7%E3%83%8A%E3%83%AA%E3%82%AA%E4%BD%BF%E7%94%A8%E3%83%98%E3%83%AB%E3%83%A1%E3%83%83%E3%83%88+1080P+%E3%82%AB%E3%83%A1%E3%83%A9%E3%83%93%E3%83%87%E3%82%AA%E3%82%AD%E3%83%A3%E3%83%97%E3%83%81%E3%83%A3%E3%81%A8%E5%86%B7%E5%8D%B4%E3%82%B7%E3%82%B9%E3%83%86%E3%83%A0%E3%83%90%E3%82%A4%E3%82%AB%E3%83%BC%E7%94%A8%E9%80%9A%E6%B0%97%E6%80%A7%E3%82%B5%E3%82%A4%E3%82%AF%E3%83%AA%E3%83%B3%E3%82%B0%E3%82%AE%E3%82%A2 HTTP/1.1" 200 52116 "-" "Mozilla/5.0 (Linux; Android 6.0.1; Nexus 5X Build/MMB29P) AppleWebKit/537.36 (KHTML, like Gecko) Chrome/135.0.7049.95 Mobile Safari/537.36 (compatible; Googlebot/2.1; +http://www.google.com/bot.html)"
66.249.77.76 - - [30/Apr/2025:07:53:56 -0400] "GET /?e=70131156232800&channel=9b5b16&from=pin.php%3Fid%3D1562328-13345%26name%3DAQUOS+sense6+SH-RM19%5B64GB%5D+%E6%A5%BD%E5%A4%A9%E3%83%A2%E3%83%90%E3%82%A4%E3%83%AB+%E3%82%B7%E3%83%AB%E3%83%90%E3%83%BC%E3%80%90%E5%AE%89%E5%BF%83%E4%BF%9D%E8%A8%BC%E3%80%91 HTTP/1.1" 200 52025 "-" "Mozilla/5.0 (Linux; Android 6.0.1; Nexus 5X Build/MMB29P) AppleWebKit/537.36 (KHTML, like Gecko) Chrome/135.0.7049.95 Mobile Safari/537.36 (compatible; Googlebot/2.1; +http://www.google.com/bot.html)"
66.249.77.64 - - [30/Apr/2025:07:54:03 -0400] "GET /?e=09700173701601&channel=119187&from=article.php%3Fid%3D1737016-24554%26name%3D%E5%A3%B2%E3%82%8C%E5%88%87%E3%82%8A%E7%B5%82%E4%BA%86%E3%83%8D%E3%82%A4%E3%83%AB%E3%82%BB%E3%83%83%E3%83%88 HTTP/1.1" 200 51344 "-" "Mozilla/5.0 (Linux; Android 6.0.1; Nexus 5X Build/MMB29P) AppleWebKit/537.36 (KHTML, like Gecko) Chrome/135.0.7049.95 Mobile Safari/537.36 (compatible; Googlebot/2.1; +http://www.google.com/bot.html)"
66.249.77.76 - - [30/Apr/2025:07:54:07 -0400] "GET /?e=88640176946400&channel=e6dd07&from=blog.php%3Fid%3D1769464-4831%26name%3D%E6%B4%97%E6%BF%AF%E6%A9%9F+%E7%B8%A6%E5%9E%8B+%E4%B8%80%E4%BA%BA%E6%9A%AE%E3%82%89%E3%81%97+%E5%85%A8%E8%87%AA%E5%8B%95%E6%B4%97%E6%BF%AF%E6%A9%9F+4.5kg+%E7%B8%A6%E5%9E%8B%E6%B4%97%E6%BF%AF%E6%A9%9F+%E3%82%B3%E3%83%B3%E3%83%91%E3%82%AF%E3%83%88 HTTP/1.1" 200 51775 "-" "Mozilla/5.0 (Linux; Android 6.0.1; Nexus 5X Build/MMB29P) AppleWebKit/537.36 (KHTML, like Gecko) Chrome/135.0.7049.95 Mobile Safari/537.36 (compatible; Googlebot/2.1; +http://www.google.com/bot.html)"
66.249.77.76 - - [30/Apr/2025:07:54:52 -0400] "GET /?e=87411146807900&channel=eb7a86&from=jp.php%3Fid%3D1468079-2037%26name%3DOscarvo+775%E3%83%A2%E3%83%BC%E3%82%BF%E3%83%BC%E3%83%99%E3%83%BC%E3%82%B9%E3%83%A1%E3%83%83%E3%82%AD%E5%9B%BA%E5%AE%9A%E5%8F%96%E3%82%8A%E4%BB%98%E3%81%91%E3%83%99%E3%83%BC%E3%82%B9%E3%83%9E%E3%82%B7%E3%83%B3%E3%82%B5%E3%83%9D%E3%83%BC%E3%83%88%E3%83%96%E3%83%A9%E3%82%B1%E3%83%83%E3%83%88 HTTP/1.1" 200 50275 "-" "Mozilla/5.0 (Linux; Android 6.0.1; Nexus 5X Build/MMB29P) AppleWebKit/537.36 (KHTML, like Gecko) Chrome/135.0.7049.95 Mobile Safari/537.36 (compatible; Googlebot/2.1; +http://www.google.com/bot.html)"
66.249.77.76 - - [30/Apr/2025:07:54:58 -0400] "GET /?e=03999116540601&channel=85a82c&from=article.php%3Fid%3D1165406-23876%26name%3DDVD+%E3%80%8C+%E3%82%AB%E3%83%B3%E3%82%B5%E3%82%B9%E5%A4%A7%E5%B9%B3%E5%8E%9F%E3%80%8D HTTP/1.1" 200 51477 "-" "Mozilla/5.0 (Linux; Android 6.0.1; Nexus 5X Build/MMB29P) AppleWebKit/537.36 (KHTML, like Gecko) Chrome/135.0.7049.95 Mobile Safari/537.36 (compatible; Googlebot/2.1; +http://www.google.com/bot.html)"
66.249.77.76 - - [30/Apr/2025:07:55:37 -0400] "GET /?e=8018018231610&channel=77e732&from=pin.php%3Fid%3D182316-8138%26name%3D%E6%9C%AA%E4%BD%BF%E7%94%A8%E5%93%81%E3%80%80%E6%88%90%E9%BE%8D%E5%A0%82%E9%8B%B3%E9%80%A0%E6%89%80+%E6%97%A5%E6%9C%AC%E4%BC%9D%E7%B5%B1%E5%B7%A5%E8%8A%B8%E5%A3%AB+%E5%8F%8A%E5%B7%9D%E3%80%80%E9%BD%8B%EF%BC%88%E9%BD%8B%E5%B3%B0%29%E9%80%A0%EF%BC%92%EF%BC%92%E5%9E%8B%E3%82%A2%E3%83%A9%E3%83%AC%E3%80%80%E5%8D%97%E9%83%A8%E9%89%84%E7%93%B6 HTTP/1.1" 200 51661 "-" "Mozilla/5.0 (Linux; Android 6.0.1; Nexus 5X Build/MMB29P) AppleWebKit/537.36 (KHTML, like Gecko) Chrome/135.0.7049.95 Mobile Safari/537.36 (compatible; Googlebot/2.1; +http://www.google.com/bot.html)"
66.249.77.64 - - [30/Apr/2025:07:56:07 -0400] "GET /?e=9229122315002&channel=8aa749&from=form.php%3Fid%3D223150-6280%26name%3D%E3%82%AA%E3%83%BC%E3%83%80%E3%83%BC%E3%82%AB%E3%82%B9%E3%82%BF%E3%83%A0%E5%8F%97%E6%B3%A8%E7%94%9F%E7%94%A3%E5%93%81+%E3%83%95%E3%82%A9%E3%83%BC%E3%83%86%E3%82%A3%E3%83%BC%E3%83%B3+%E3%82%A6%E3%82%A7%E3%83%83%E3%82%B8+24%E3%83%A2%E3%83%87%E3%83%AB+FRZ+WEDGE+FOURTEEN+%E3%83%98%E3%83%83%E3%83%89%E4%BB%95%E4%B8%8A%E3%81%92%EF%BC%9A%E3%82%B9%E3%83%A2%E3%83%BC%E3%82%AD%E3%83%BC%E3%82%B5%E3%83%86 HTTP/1.1" 200 50726 "-" "Mozilla/5.0 (Linux; Android 6.0.1; Nexus 5X Build/MMB29P) AppleWebKit/537.36 (KHTML, like Gecko) Chrome/135.0.7049.95 Mobile Safari/537.36 (compatible; Googlebot/2.1; +http://www.google.com/bot.html)"
66.249.77.77 - - [30/Apr/2025:07:56:51 -0400] "GET /?e=88188168365803&channel=bfb1b4&from=category-info.php%3Fid%3D1683658-18588%26name%3D%E3%83%80%E3%82%A4%E3%82%A2%E3%83%A2%E3%83%B3%E3%83%89%E3%82%A2%E3%83%BC%E3%83%88%E3%80%80%E3%82%A2%E3%82%AF%E3%82%B9%E3%82%BF+%E8%8A%B1%E6%9F%84%E3%83%93%E3%83%BC%E3%82%BA%E3%83%A9%E3%83%B3%E3%83%97%E3%82%B7%E3%82%A7%E3%83%BC%E3%83%89+DIY%E3%82%AD%E3%83%83%E3%83%88%E2%91%A8 HTTP/1.1" 200 50501 "-" "Mozilla/5.0 (Linux; Android 6.0.1; Nexus 5X Build/MMB29P) AppleWebKit/537.36 (KHTML, like Gecko) Chrome/135.0.7049.95 Mobile Safari/537.36 (compatible; Googlebot/2.1; +http://www.google.com/bot.html)"
66.249.77.76 - - [30/Apr/2025:07:56:55 -0400] "GET /?e=8609528412201&channel=0724f6&from=blog.php%3Fid%3D284122-1284%26name%3D%E3%82%B7%E3%82%A7%E3%83%BC%E3%83%87%E3%82%A3%E3%83%B3%E3%82%B0%E3%83%8D%E3%83%83%E3%83%88%E9%81%AE%E5%85%89%E3%83%8D%E3%83%83%E3%83%88%E8%BE%B2%E6%A5%AD%E7%94%A8%E3%82%B7%E3%82%A7%E3%83%BC%E3%83%89+%E3%82%BB%E3%82%A4%E3%83%AB+%E6%97%A5%E9%99%A4%E3%81%91%E3%82%B7%E3%82%A7%E3%83%BC%E3%83%89+90%EF%BC%85%E3%82%B7%E3%82%A7%E3%83%BC%E3%83%87%E3%82%A3%E3%83%B3%E3%82%B0%E3%82%B5%E3%83%B3%E3%82%B7%E3%82%A7%E3%83%BC%E3%83%89%E3%82%AF%E3%83%AD%E3%82%B9%E3%83%95%E3%83%A9%E3%83%AF%E3%83%BC%E3%83%97%E3%83%A9%E3%83%B3%E3%83%88%E3%82%A4%E3%83%B3%E3%82%B7%E3%83%A5 HTTP/1.1" 200 51740 "-" "Mozilla/5.0 (Linux; Android 6.0.1; Nexus 5X Build/MMB29P) AppleWebKit/537.36 (KHTML, like Gecko) Chrome/135.0.7049.95 Mobile Safari/537.36 (compatible; Googlebot/2.1; +http://www.google.com/bot.html)"
66.249.77.64 - - [30/Apr/2025:07:57:14 -0400] "GET /?e=1996642661405&channel=981b90&from=goods.php%3Fid%3D426614-3137%26name%3D%E3%82%AD%E3%83%A3%E3%83%AD%E3%82%A6%E3%82%A7%E3%82%A4%E3%82%B4%E3%83%AB%E3%83%95+XR+XR+%E3%82%A2%E3%82%A4%E3%82%A2%E3%83%B3+XR+%E3%82%B7%E3%83%A3%E3%83%95%E3%83%88%EF%BC%9AXR%286%E6%9C%AC%3A%235+%236+%237+%238+%239+PW%29 HTTP/1.1" 200 50454 "-" "Mozilla/5.0 (Linux; Android 6.0.1; Nexus 5X Build/MMB29P) AppleWebKit/537.36 (KHTML, like Gecko) Chrome/135.0.7049.95 Mobile Safari/537.36 (compatible; Googlebot/2.1; +http://www.google.com/bot.html)"
195.2.70.49 - - [30/Apr/2025:07:57:23 -0400] "GET /2024/02/05/viral-pergoki-kdrt-pria-terhadap-wanita-di-pinggir-jalan-pelaku-diteriaki-dan-langsung-berhenti/ HTTP/1.0" 200 0 "https://beritafor4d.com/2024/02/05/viral-pergoki-kdrt-pria-terhadap-wanita-di-pinggir-jalan-pelaku-diteriaki-dan-langsung-berhenti/" "Mozilla/5.0 (Windows NT 10.0; Win64; x64) AppleWebKit/537.36 (KHTML, like Gecko) Chrome/129.0.0.0 Safari/537.36"
195.2.70.49 - - [30/Apr/2025:07:57:24 -0400] "GET / HTTP/1.0" 200 0 "https://beritafor4d.com/" "Mozilla/5.0 (Windows NT 10.0; Win64; x64) AppleWebKit/537.36 (KHTML, like Gecko) Chrome/129.0.0.0 Safari/537.36"
66.249.77.76 - - [30/Apr/2025:07:58:33 -0400] "GET /?e=9020021615803&channel=eda897&from=product.php%3Fid%3D216158-9718%26name%3D28cm+%E3%83%8A%E3%82%A4%E3%82%AD+GT+%E3%83%8F%E3%83%83%E3%82%B9%E3%83%AB+3+PB+EP+HJ7677-900 HTTP/1.1" 200 50732 "-" "Mozilla/5.0 (Linux; Android 6.0.1; Nexus 5X Build/MMB29P) AppleWebKit/537.36 (KHTML, like Gecko) Chrome/135.0.7049.95 Mobile Safari/537.36 (compatible; Googlebot/2.1; +http://www.google.com/bot.html)"
66.249.77.76 - - [30/Apr/2025:07:58:38 -0400] "GET /?e=192816079000&channel=3431c8&from=jp.php%3Fid%3D60790-2469%26name%3DCLAZZIO+Prime+%E3%82%AF%E3%83%A9%E3%83%83%E3%83%84%E3%82%A3%E3%82%AA+%E3%83%97%E3%83%A9%E3%82%A4%E3%83%A0+%E3%82%B7%E3%83%BC%E3%83%88%E3%82%AB%E3%83%90%E3%83%BC%3Cbr%3E+%E3%83%88%E3%83%A8%E3%82%BF+%E3%83%A9%E3%83%B3%E3%83%89%E3%82%AF%E3%83%AB%E3%83%BC%E3%82%B6%E3%83%BC+%E3%83%97%E3%83%A9%E3%83%89+TRJ150W+ET-0138+%E5%AE%9A%E5%93%A15%E4%BA%BA+%E9%80%81%E6%96%99%E7%84%A1%E6%96%99%EF%BC%88%E5%8C%97%E6%B5%B7%E9%81%93%2F%E6%B2%96%E7%B8%84%E6%9C%AC%E5%B3%B6%2B%5C800%EF%BC%89 HTTP/1.1" 200 54514 "-" "Mozilla/5.0 (Linux; Android 6.0.1; Nexus 5X Build/MMB29P) AppleWebKit/537.36 (KHTML, like Gecko) Chrome/135.0.7049.95 Mobile Safari/537.36 (compatible; Googlebot/2.1; +http://www.google.com/bot.html)"
66.249.77.76 - - [30/Apr/2025:07:58:56 -0400] "GET /?e=39427137453606&channel=c9b5e2&from=shop.php%3Fid%3D1374536-4752%26name%3D%E3%82%AA%E3%83%BC%E3%83%A0%28OHM%29+%E9%9B%BB%E6%A9%9F+%E6%B8%A9%E5%BA%A6%E8%A8%88+%E6%B9%BF%E5%BA%A6%E8%A8%88+%E6%B8%A9%E6%B9%BF%E5%BA%A6%E8%A8%88+%E5%AE%A4%E5%86%85+%E3%82%B3%E3%83%B3%E3%83%91%E3%82%AF%E3%83%88+%E3%83%9F%E3%83%8B+%E5%8D%93%E4%B8%8A%E3%82%B9%E3%82%BF%E3%83%B3%E3%83%89+%E3%83%9E%E3%82%B0%E3%83%8D%E3%83%83%E3%83%88+%E3%83%87%E3%82%B8%E3%82%BF%E3%83%AB+%E3%83%9B%E3%83%AF%E3%82%A4%E3%83%88+HB-T03-W+07-4173+%5B%E3%83%9B%E3%83%AF%E3%82%A4%E3%83%88%5D+%5B%E3%83%8E%E3%83%BC%E3%83%9E%E3%83%AB%5D+%5B%E5%81%A5%E5%BA%B7%E3%82%B5%E3%83%9D%E3%83%BC%E3%83%88%E6%A9%9F%E8%83%BD%E3%81%A4%E3%81%8D%5D HTTP/1.1" 200 50830 "-" "Mozilla/5.0 (Linux; Android 6.0.1; Nexus 5X Build/MMB29P) AppleWebKit/537.36 (KHTML, like Gecko) Chrome/135.0.7049.95 Mobile Safari/537.36 (compatible; Googlebot/2.1; +http://www.google.com/bot.html)"
66.249.77.76 - - [30/Apr/2025:07:59:00 -0400] "GET /?e=0900197238605&channel=c2134f&from=news.php%3Fid%3D972386-21416%26name%3D%E3%83%9A%E3%83%83%E3%83%88%E3%81%AE%E6%AF%9B%E4%B8%A6%E3%81%BF%E3%82%B5%E3%83%A9%E3%82%B5%E3%83%A9%E3%82%B9%E3%83%97%E3%83%AC%E3%83%BC HTTP/1.1" 200 49933 "-" "Mozilla/5.0 (Linux; Android 6.0.1; Nexus 5X Build/MMB29P) AppleWebKit/537.36 (KHTML, like Gecko) Chrome/135.0.7049.95 Mobile Safari/537.36 (compatible; Googlebot/2.1; +http://www.google.com/bot.html)"
66.249.77.76 - - [30/Apr/2025:07:59:11 -0400] "GET /?e=41162168560000&channel=fef091&from=form.php%3Fid%3D1685600-13940%26name%3D%E3%82%AD%E3%83%86%E3%82%A3%C3%97KFC+%E3%82%B1%E3%83%B3%E3%82%BF%E3%83%83%E3%82%AD%E3%83%BC+%E3%83%95%E3%83%A9%E3%82%A4%E3%83%89+%E3%83%81%E3%82%AD%E3%83%B3+%E3%82%AA%E3%83%AA%E3%82%B8%E3%83%8A%E3%83%AB%E3%83%9F%E3%83%8B%E3%83%86%E3%83%BC%E3%83%96%E3%83%AB HTTP/1.1" 200 51506 "-" "Mozilla/5.0 (Linux; Android 6.0.1; Nexus 5X Build/MMB29P) AppleWebKit/537.36 (KHTML, like Gecko) Chrome/135.0.7049.95 Mobile Safari/537.36 (compatible; Googlebot/2.1; +http://www.google.com/bot.html)"
20.15.133.175 - - [30/Apr/2025:07:59:16 -0400] "GET /?e=73011104193701&channel=aec5aa&from=pin.php%3Fid%3D1041937-3780%26name%3DIntellife+%E3%82%B3%E3%83%BC%E3%83%AB%E3%83%99%E3%83%AB+%E3%83%9A%E3%83%83%E3%83%88%E7%94%A8+%E5%91%BC%E3%81%B3%E9%88%B4+%E5%8D%93%E4%B8%8A%E3%83%99%E3%83%AB+%E3%82%AB%E3%82%A6%E3%83%B3%E3%82%BF%E3%83%BC%E3%83%99%E3%83%AB HTTP/1.1" 200 40434 "-" "Mozilla/5.0 AppleWebKit/537.36 (KHTML, like Gecko; compatible; bingbot/2.0; +http://www.bing.com/bingbot.htm) Chrome/116.0.1938.76 Safari/537.36"
66.249.77.76 - - [30/Apr/2025:07:59:48 -0400] "GET /?e=7181997451801&channel=0a5d3d&from=shop.php%3Fid%3D974518-26389%26name%3D%E3%83%91%E3%83%B3%E3%83%88%E3%83%B3%E3%83%81%E3%82%A7%E3%82%A2 HTTP/1.1" 200 50142 "-" "Mozilla/5.0 (Linux; Android 6.0.1; Nexus 5X Build/MMB29P) AppleWebKit/537.36 (KHTML, like Gecko) Chrome/135.0.7049.95 Mobile Safari/537.36 (compatible; Googlebot/2.1; +http://www.google.com/bot.html)"
20.15.133.174 - - [30/Apr/2025:07:59:48 -0400] "GET /?e=8924862877900&channel=cf4be9&from=blog.php%3Fid%3D628779-6590%26name%3D%E4%BC%B8%E9%8A%85+%E3%83%99%E3%83%AA%E3%83%AA%E3%82%A6%E3%83%A0%E9%8A%85+50%E5%90%88%E9%87%91+%E4%B8%B8%E6%A3%92+%E7%9B%B4%E5%BE%84+60mm+910+mm HTTP/1.1" 200 40240 "-" "Mozilla/5.0 AppleWebKit/537.36 (KHTML, like Gecko; compatible; bingbot/2.0; +http://www.bing.com/bingbot.htm) Chrome/116.0.1938.76 Safari/537.36"
103.189.201.136 - - [30/Apr/2025:08:00:01 -0400] "GET /2023/12/11/video-13-detik-vey-rubyjane-viral-tersebar-di-twitter-kini-jadi-buruan-natizen-hati-hati-uu-ite-mengancam/?fbclid=IwY2xjawJ-8A5leHRuA2FlbQIxMQABHk-_lfzk1awxy_j0AMNukGG15SBG34BiBZ5Zs1C6uCfhhH3A_8DqkwHPIXXa_aem_vb8IA2zki_DwBpfHxIHKyA HTTP/1.1" 200 0 "https://lm.facebook.com/" "Mozilla/5.0 (Linux; Android 14; Infinix X6871 Build/UP1A.231005.007; wv) AppleWebKit/537.36 (KHTML, like Gecko) Version/4.0 Chrome/135.0.7049.105 Mobile Safari/537.36 [FB_IAB/FB4A;FBAV/510.0.0.72.41;IABMV/1;]"
103.189.201.136 - - [30/Apr/2025:08:00:02 -0400] "GET /favicon.ico HTTP/1.1" 404 1251 "https://beritafor4d.com/2023/12/11/video-13-detik-vey-rubyjane-viral-tersebar-di-twitter-kini-jadi-buruan-natizen-hati-hati-uu-ite-mengancam/?fbclid=IwY2xjawJ-8A5leHRuA2FlbQIxMQABHk-_lfzk1awxy_j0AMNukGG15SBG34BiBZ5Zs1C6uCfhhH3A_8DqkwHPIXXa_aem_vb8IA2zki_DwBpfHxIHKyA" "Mozilla/5.0 (Linux; Android 14; Infinix X6871 Build/UP1A.231005.007; wv) AppleWebKit/537.36 (KHTML, like Gecko) Version/4.0 Chrome/135.0.7049.105 Mobile Safari/537.36 [FB_IAB/FB4A;FBAV/510.0.0.72.41;IABMV/1;]"
207.46.13.127 - - [30/Apr/2025:08:00:41 -0400] "GET /?e=6022152634600&channel=afc820&from=jp.php%3Fid%3D526346-20272%26name%3D%E3%83%A2%E3%83%BC%E3%82%B7%E3%83%A7%E3%83%B3%E3%82%B9%E3%83%86%E3%83%83%E3%83%91%E3%83%BC%E3%80%81%E8%80%90%E8%8D%B7%E9%87%8D120kg%E3%80%818%E6%AE%B5%E9%9A%8E%E3%81%AE%E6%8A%B5%E6%8A%97%E8%AA%BF%E6%95%B4%E3%80%81%E9%AB%98%E9%BD%A2%E8%80%85%E5%90%91%E3%81%91%E7%A3%81%E6%B0%97%E3%83%9D%E3%83%BC%E3%82%BF%E3%83%96%E3%83%AB%E6%A5%95%E5%86%86%E8%84%9A%E3%82%A8%E3%82%AF%E3%82%B5%E3%82%B5%E3%82%A4%E3%82%B6%E3%83%BC%E3%80%81%E3%83%87%E3%82%B9%E3%82%AF%E4%B8%8B%E3%83%90%E3%82%A4%E3%82%AF%E3%83%9A%E3%83%80%E3%83%AB%E3%82%A8%E3%82%AF%E3%82%B5%E3%82%B5 HTTP/1.1" 200 41162 "-" "Mozilla/5.0 AppleWebKit/537.36 (KHTML, like Gecko; compatible; bingbot/2.0; +http://www.bing.com/bingbot.htm) Chrome/116.0.1938.76 Safari/537.36"
207.46.13.127 - - [30/Apr/2025:08:00:42 -0400] "GET /?e=908853908700&channel=d9f38b&from=article.php%3Fid%3D39087-4205%26name%3DF01R00DC2B+%E3%82%AA%E3%83%AA%E3%82%B8%E3%83%8A%E3%83%AB%E3%82%A8%E3%83%B3%E3%82%B8%E3%83%B3ECU%E3%82%B3%E3%83%B3%E3%83%94%E3%83%A5%E3%83%BC%E3%82%BF%E3%83%9C%E3%83%BC%E3%83%89%E9%9B%BB%E5%AD%90%E5%88%B6%E5%BE%A1%E3%83%A6%E3%83%8B%E3%83%83%E3%83%88 HTTP/1.1" 200 40926 "-" "Mozilla/5.0 AppleWebKit/537.36 (KHTML, like Gecko; compatible; bingbot/2.0; +http://www.bing.com/bingbot.htm) Chrome/116.0.1938.76 Safari/537.36"
66.249.77.64 - - [30/Apr/2025:08:01:21 -0400] "GET /?e=74010126272006&channel=5d69c4&from=product.php%3Fid%3D1262720-2253%26name%3D%E3%82%AA%E3%83%BC%E3%83%88%E3%83%90%E3%82%A4%E3%83%8F%E3%83%B3%E3%83%89%E3%83%AB%E3%83%90%E3%83%BC%E3%83%A9%E3%82%A4%E3%82%B6%E3%83%BC%E3%82%AF%E3%83%A9%E3%83%B3%E3%83%97+MT-03+MT15+MT25+YFZ+450+%E3%82%B0%E3%83%AA%E3%82%BA%E3%83%AA%E3%83%BC+660+700+%E3%82%B3%E3%83%87%E3%82%A3%E3%82%A2%E3%83%83%E3%82%AF+7 HTTP/1.1" 200 50962 "-" "Mozilla/5.0 (Linux; Android 6.0.1; Nexus 5X Build/MMB29P) AppleWebKit/537.36 (KHTML, like Gecko) Chrome/135.0.7049.95 Mobile Safari/537.36 (compatible; Googlebot/2.1; +http://www.google.com/bot.html)"
66.249.77.77 - - [30/Apr/2025:08:01:35 -0400] "GET /?e=10879183794207&channel=3c8d64&from=article.php%3Fid%3D1837942-17968%26name%3D%E3%82%AB%E3%82%B7%E3%82%AA+EX-word+XD-D7300+%E4%B8%AD%E5%9B%BD%E8%AA%9E%E3%83%A2%E3%83%87%E3%83%AB%E3%80%80%E7%BE%8E%E5%93%81+%E9%9B%BB%E5%AD%90%E8%BE%9E%E6%9B%B8+%E3%83%9B%E3%83%AF%E3%82%A4%E3%83%88 HTTP/1.1" 200 49057 "-" "Mozilla/5.0 (Linux; Android 6.0.1; Nexus 5X Build/MMB29P) AppleWebKit/537.36 (KHTML, like Gecko) Chrome/135.0.7049.95 Mobile Safari/537.36 (compatible; Googlebot/2.1; +http://www.google.com/bot.html)"
207.46.13.127 - - [30/Apr/2025:08:01:36 -0400] "GET /?e=4189084101305&channel=fed3f3&from=article.php%3Fid%3D841013-11653%26name%3D%E5%A4%A9%E4%BA%95%E3%83%86%E3%83%AC%E3%83%93%E3%83%9E%E3%82%A6%E3%83%B3%E3%83%88+-+360%C2%B0%E5%9B%9E%E8%BB%A2%E5%82%BE%E6%96%9C%E3%83%86%E3%83%AC%E3%83%93%E3%83%96%E3%83%A9%E3%82%B1%E3%83%83%E3%83%88%E3%80%81%E8%AA%BF%E7%AF%80%E5%8F%AF%E8%83%BD%E3%81%AA%E3%83%86%E3%83%AC%E3%83%93%E5%A3%81%E3%83%9E%E3%82%A6%E3%83%B3%E3%83%88%E3%80%8132%E3%80%9C55%E3%82%A4%E3%83%B3%E3%83%81%E3%81%AELCD%E3%83%A2%E3%83%8B%E3%82%BF%E3%83%BC%E3%81%AB%E5%AF%BE%E5%BF%9C%E3%80%81%E8%80%90%E8%8D%B7%E9%87%8D HTTP/1.1" 200 41956 "-" "Mozilla/5.0 AppleWebKit/537.36 (KHTML, like Gecko; compatible; bingbot/2.0; +http://www.bing.com/bingbot.htm) Chrome/116.0.1938.76 Safari/537.36"
20.15.133.175 - - [30/Apr/2025:08:01:36 -0400] "GET /?e=7139834414504&channel=d99ae4&from=shop.php%3Fid%3D344145-9978%26name%3DDell+W328K+-+146GB+15K+SAS+2.5%E3%82%A4%E3%83%B3%E3%83%81+HD HTTP/1.1" 200 38724 "-" "Mozilla/5.0 AppleWebKit/537.36 (KHTML, like Gecko; compatible; bingbot/2.0; +http://www.bing.com/bingbot.htm) Chrome/116.0.1938.76 Safari/537.36"
20.15.133.175 - - [30/Apr/2025:08:02:25 -0400] "GET /?e=78158194266608&channel=49259a&from=brands.php%3Fid%3D1942666-20681%26name%3D%E3%83%96%E3%83%A9%E3%82%B8%E3%83%A3%E3%83%BC+%E3%83%8E%E3%83%B3%E3%83%AF%E3%82%A4%E3%83%A4%E3%83%BC+%E3%83%96%E3%83%A9+%E3%83%95%E3%83%AD%E3%83%B3%E3%83%88%E3%83%9B%E3%83%83%E3%82%AF+%E3%83%8A%E3%82%A4%E3%83%88%E3%83%96%E3%83%A9+%E3%83%AC%E3%83%87%E3%82%A3%E3%83%BC%E3%82%B9+%E8%B0%B7%E9%96%93%E3%83%A1%E3%82%A4%E3%82%AF+%E7%9B%9B%E3%82%8C%E3%82%8B%E3%83%96%E3%83%A9+%E7%9B%9B%E3%82%8A%E3%83%96%E3%83%A9+%E7%9B%9B%E3%83%96%E3%83%A9+%E8%84%87%E9%AB%98+%E8%84%87%E8%82%89+%E3%82%B9%E3%83%83%E3%82%AD%E3%83%AA+%E8%82%B2%E4%B9%B3%E3%83%96%E3%83%A9+%E3%81%84%E3%81%8F%E3%81%AB%E3%82%85%E3%81%86+%E3%83%AC%E3%83%BC%E3%82%B9+%E3%83%96%E3%83%A9+%E3%82%BB%E3%82%AF%E3%82%B7%E3%83%BC+%E7%97%9B%E3%81%8F%E3%81%AA%E3%81%84+%E5%B0%8F%E8%83%B8%23tim1978 HTTP/1.1" 200 42344 "-" "Mozilla/5.0 AppleWebKit/537.36 (KHTML, like Gecko; compatible; bingbot/2.0; +http://www.bing.com/bingbot.htm) Chrome/116.0.1938.76 Safari/537.36"
66.249.77.76 - - [30/Apr/2025:08:02:46 -0400] "GET /?e=1528754273802&channel=9ffb15&from=shared.php%3Fid%3D542738-828%26name%3D%E3%83%94%E3%82%A2%E3%83%8EYDP-123 HTTP/1.1" 200 50598 "-" "Mozilla/5.0 (Linux; Android 6.0.1; Nexus 5X Build/MMB29P) AppleWebKit/537.36 (KHTML, like Gecko) Chrome/135.0.7049.95 Mobile Safari/537.36 (compatible; Googlebot/2.1; +http://www.google.com/bot.html)"
20.15.133.174 - - [30/Apr/2025:08:03:20 -0400] "GET /?e=85869112919208&channel=78fd50&from=form.php%3Fid%3D1129192-14908%26name%3D%E3%83%8E%E3%83%BC%E3%82%B9%E3%83%95%E3%82%A7%E3%82%A4%E3%82%B9%E3%80%80%E3%82%AD%E3%83%83%E3%82%BA%E3%80%80%E3%82%B9%E3%83%8E%E3%83%BC%E3%80%80%E3%82%A6%E3%82%A7%E3%82%A2 HTTP/1.1" 200 38922 "-" "Mozilla/5.0 AppleWebKit/537.36 (KHTML, like Gecko; compatible; bingbot/2.0; +http://www.bing.com/bingbot.htm) Chrome/116.0.1938.76 Safari/537.36"
66.249.77.77 - - [30/Apr/2025:08:03:44 -0400] "GET /?e=0603088021406&channel=827bf7&from=shared.php%3Fid%3D880214-4869%26name%3D%E2%9C%A8%E3%83%90%E3%83%83%E3%83%86%E3%83%AA%E3%83%BC%E6%96%B0%E5%93%81%E2%9C%A8CASIO+EXILIM+EX-Z57+%E3%82%AB%E3%82%B7%E3%82%AA+%E3%82%B3%E3%83%B3%E3%83%87%E3%82%B8 HTTP/1.1" 200 48568 "-" "Mozilla/5.0 (Linux; Android 6.0.1; Nexus 5X Build/MMB29P) AppleWebKit/537.36 (KHTML, like Gecko) Chrome/135.0.7049.95 Mobile Safari/537.36 (compatible; Googlebot/2.1; +http://www.google.com/bot.html)"
66.249.77.76 - - [30/Apr/2025:08:03:56 -0400] "GET /?e=2810263490008&channel=f29527&from=pin.php%3Fid%3D634900-16151%26name%3DLonitul+PT-D600+PT-D610BT+PT-P710BT+%E3%83%A9%E3%83%99%E3%83%AB%E3%83%86%E3%83%BC%E3%83%97+24mm+%E4%BA%A4%E6%8F%9B%E7%94%A8+Brother+TZe-15 HTTP/1.1" 200 50925 "-" "Mozilla/5.0 (Linux; Android 6.0.1; Nexus 5X Build/MMB29P) AppleWebKit/537.36 (KHTML, like Gecko) Chrome/135.0.7049.95 Mobile Safari/537.36 (compatible; Googlebot/2.1; +http://www.google.com/bot.html)"
20.15.133.175 - - [30/Apr/2025:08:04:41 -0400] "GET /?e=82694156486700&channel=b79b82&from=category-info.php%3Fid%3D1564867-445%26name%3D%E3%83%9D%E3%82%B1%E3%83%A2%E3%83%B3%E3%80%80%E3%82%B8%E3%83%A7%E3%82%A6%E3%83%88%E5%9C%B0%E6%96%B9%E3%80%80%E3%83%9D%E3%82%B9%E3%82%BF%E3%83%BC HTTP/1.1" 200 39610 "-" "Mozilla/5.0 AppleWebKit/537.36 (KHTML, like Gecko; compatible; bingbot/2.0; +http://www.bing.com/bingbot.htm) Chrome/116.0.1938.76 Safari/537.36"
207.46.13.127 - - [30/Apr/2025:08:04:46 -0400] "GET /?e=90038112906308&channel=172108&from=blog.php%3Fid%3D1129063-27738%26name%3D%E3%82%B8%E3%83%A3%E3%82%A4%E3%82%A2%E3%83%B3%E3%83%88%E3%83%96%E3%83%A9%E3%83%83%E3%82%AF%2F%E3%83%AC%E3%83%83%E3%83%89%E7%89%B9%E5%88%A5%E3%82%AB%E3%82%B9%E3%82%BF%E3%83%A0%E3%83%90%E3%83%BC%E3%82%B8%E3%83%A7%E3%83%B3%E3%82%AF%E3%83%AD%E3%82%B9%E3%83%90%E3%82%A4%E3%82%AF%28%E3%81%8A%E5%BC%95%E3%81%8D%E5%8F%96%E3%82%8A%E9%99%90%E5%AE%9A%29 HTTP/1.1" 200 39712 "-" "Mozilla/5.0 AppleWebKit/537.36 (KHTML, like Gecko; compatible; bingbot/2.0; +http://www.bing.com/bingbot.htm) Chrome/116.0.1938.76 Safari/537.36"
52.167.144.217 - - [30/Apr/2025:08:04:53 -0400] "GET /?e=60588189089700&channel=617395&from=blog.php%3Fid%3D1890897-33282%26name%3D%E3%83%95%E3%82%B8%E3%83%A1%E3%83%87%E3%82%A3%E3%82%A2%E6%A0%AA%E4%B8%BB%E5%84%AA%E5%BE%85+%E5%86%8A%E5%AD%901%E5%86%8A%2F%E6%9C%9F%E9%99%9025%E5%B9%B47%E6%9C%88%2F%E9%B4%A8%E5%B7%9D%E3%82%B7%E3%83%BC%E3%83%AF%E3%83%BC%E3%83%AB%E3%83%89%E3%83%95%E3%82%B8%E3%83%86%E3%83%AC%E3%83%93 HTTP/1.1" 200 40202 "-" "Mozilla/5.0 AppleWebKit/537.36 (KHTML, like Gecko; compatible; bingbot/2.0; +http://www.bing.com/bingbot.htm) Chrome/116.0.1938.76 Safari/537.36"
20.15.133.175 - - [30/Apr/2025:08:05:47 -0400] "GET /?e=9577920098600&channel=0cb886&from=brands.php%3Fid%3D200986-10696%26name%3D%E3%80%90%E9%80%81%E6%96%99%E8%BE%BC%E3%80%91%E7%BE%8E%E5%93%81%E2%98%86%E3%82%BF%E3%82%A4%E3%83%88%E3%83%AA%E3%82%B9%E3%83%88%E2%98%862018%E7%B6%99%E7%B6%9A%E3%83%A2%E3%83%87%E3%83%AB%E2%98%86TB7SF9%E2%98%86%E3%82%AD%E3%83%A3%E3%83%87%E3%82%A3%E3%83%90%E3%83%83%E3%82%B0 HTTP/1.1" 200 39379 "-" "Mozilla/5.0 AppleWebKit/537.36 (KHTML, like Gecko; compatible; bingbot/2.0; +http://www.bing.com/bingbot.htm) Chrome/116.0.1938.76 Safari/537.36"
52.167.144.217 - - [30/Apr/2025:08:06:23 -0400] "GET /?e=7391865763401&channel=5feb73&from=news.php%3Fid%3D657634-12871%26name%3D%E3%82%BB%E3%82%AF%E3%82%B7%E3%83%BC%E3%83%A9%E3%83%B3%E3%82%B8%E3%82%A7%E3%83%AA%E3%83%BC+%E3%83%9C%E3%83%87%E3%82%A3%E3%82%B9%E3%83%88%E3%83%83%E3%82%AD%E3%83%B3%E3%82%B0+%E7%A9%B4%E3%81%82%E3%81%8D%E4%B8%8B%E7%9D%80+%E3%82%AA%E3%83%BC%E3%83%97%E3%83%B3%E3%83%90%E3%82%B9%E3%83%88%E5%85%A8%E8%BA%AB%E7%B6%B2%E3%82%BF%E3%82%A4%E3%83%84 HTTP/1.1" 200 42420 "-" "Mozilla/5.0 AppleWebKit/537.36 (KHTML, like Gecko; compatible; bingbot/2.0; +http://www.bing.com/bingbot.htm) Chrome/116.0.1938.76 Safari/537.36"
207.46.13.127 - - [30/Apr/2025:08:06:28 -0400] "GET /?e=5078110772900&channel=c996b8&from=goods.php%3Fid%3D107729-8087%26name%3DPC%E3%82%B9%E3%83%9E%E3%83%9B%E9%9F%B3%E6%A5%BD%E3%83%97%E3%83%AC%E3%83%BC%E3%83%A4%E3%83%BC%E3%81%AB%E7%B0%A1%E5%8D%98%E6%8E%A5%E7%B6%9A%EF%BC%81%E9%9F%B3%E6%A5%BD%E3%82%92+%E3%81%A7%E5%86%8D%E7%94%9F%EF%BC%81%E3%83%91%E3%83%AF%E3%83%BC%E3%82%A2%E3%83%B3%E3%83%97 HTTP/1.1" 200 40522 "-" "Mozilla/5.0 AppleWebKit/537.36 (KHTML, like Gecko; compatible; bingbot/2.0; +http://www.bing.com/bingbot.htm) Chrome/116.0.1938.76 Safari/537.36"
207.46.13.127 - - [30/Apr/2025:08:06:28 -0400] "GET /?e=9315484305601&channel=4ad45f&from=form.php%3Fid%3D843056-11425%26name%3D%5B%E3%83%AC%E3%82%A4%E3%83%90%E3%83%B3%5D+Rayban+%E3%82%B5%E3%83%B3%E3%82%B0%E3%83%A9%E3%82%B9%5B%E5%9B%BD%E5%86%85%E6%AD%A3%E8%A6%8F%E5%93%81%5D+0RB3557 HTTP/1.1" 200 40933 "-" "Mozilla/5.0 AppleWebKit/537.36 (KHTML, like Gecko; compatible; bingbot/2.0; +http://www.bing.com/bingbot.htm) Chrome/116.0.1938.76 Safari/537.36"
66.249.77.76 - - [30/Apr/2025:08:06:32 -0400] "GET /?e=14189150161002&channel=647735&from=blog.php%3Fid%3D1501610-10695%26name%3D%E2%98%85%E3%81%8B%E3%81%A3%E3%81%93%E3%81%84%E3%81%84%EF%BC%81%E3%83%9E%E3%83%83%E3%82%B9%E3%83%AB%E3%83%90%E3%83%83%E3%82%AF%E2%98%86MIZUNO+%E3%83%9F%E3%82%BA%E3%83%8E+MP%E2%80%9032+S200+7%E6%9C%AC HTTP/1.1" 200 49296 "-" "Mozilla/5.0 (Linux; Android 6.0.1; Nexus 5X Build/MMB29P) AppleWebKit/537.36 (KHTML, like Gecko) Chrome/135.0.7049.95 Mobile Safari/537.36 (compatible; Googlebot/2.1; +http://www.google.com/bot.html)"
212.34.147.142 - - [30/Apr/2025:08:07:13 -0400] "GET /2024/05/27/bocah-umur-2-tahun-tewas-terlindas-fortuner-di-kompleks-perumahan-di-sidoarjo/ HTTP/1.0" 200 0 "https://beritafor4d.com/2024/05/27/bocah-umur-2-tahun-tewas-terlindas-fortuner-di-kompleks-perumahan-di-sidoarjo/" "Mozilla/5.0 (Windows NT 10.0; Win64; x64) AppleWebKit/537.36 (KHTML, like Gecko) Chrome/131.0.0.0 Safari/537.36 Avast/131.0.0.0"
212.34.147.142 - - [30/Apr/2025:08:07:14 -0400] "GET / HTTP/1.0" 200 0 "https://beritafor4d.com/" "Mozilla/5.0 (Windows NT 10.0; Win64; x64) AppleWebKit/537.36 (KHTML, like Gecko) Chrome/131.0.0.0 Safari/537.36 Avast/131.0.0.0"
157.55.39.16 - - [30/Apr/2025:08:07:56 -0400] "GET /2023/12/05/dinar-candy-kini-ngaku-putus-dengan-ko-apex-usai-istri-sah-buat-klarifikasi/ HTTP/1.1" 200 42296 "-" "Mozilla/5.0 AppleWebKit/537.36 (KHTML, like Gecko; compatible; bingbot/2.0; +http://www.bing.com/bingbot.htm) Chrome/116.0.1938.76 Safari/537.36"
20.15.133.175 - - [30/Apr/2025:08:08:46 -0400] "GET /?e=81601102732800&channel=e2ed6d&from=shared.php%3Fid%3D1027328-2480%26name%3DBREX+%E3%83%89%E3%83%A9%E3%82%A4%E3%83%96%E3%83%AC%E3%82%B3%E3%83%BC%E3%83%80%E3%83%BC+Around+reco+BCC360 HTTP/1.1" 200 40151 "-" "Mozilla/5.0 AppleWebKit/537.36 (KHTML, like Gecko; compatible; bingbot/2.0; +http://www.bing.com/bingbot.htm) Chrome/116.0.1938.76 Safari/537.36"
66.249.77.77 - - [30/Apr/2025:08:09:50 -0400] "GET /?e=4216014079400&channel=4d357a&from=news.php%3Fid%3D140794-2997%26name%3D%E3%82%AD%E3%83%A3%E3%83%AD%E3%82%A6%E3%82%A7%E3%82%A4%E3%82%B4%E3%83%AB%E3%83%95+EPIC+%E3%82%A8%E3%83%94%E3%83%83%E3%82%AF+MAX+%E3%83%89%E3%83%A9%E3%82%A4%E3%83%90%E3%83%BC+Speeder+EVOLUTION+for+GBB+%E3%82%B7%E3%83%A3%E3%83%95%E3%83%88%EF%BC%9ASpeeder+EVOLUTION+for+GBB HTTP/1.1" 200 55070 "-" "Mozilla/5.0 (Linux; Android 6.0.1; Nexus 5X Build/MMB29P) AppleWebKit/537.36 (KHTML, like Gecko) Chrome/135.0.7049.95 Mobile Safari/537.36 (compatible; Googlebot/2.1; +http://www.google.com/bot.html)"
52.167.144.217 - - [30/Apr/2025:08:12:24 -0400] "GET /?e=42729156694404&channel=f38b15&from=brands.php%3Fid%3D1566944-4952%26name%3D%E3%82%A8%E3%83%AC%E3%82%AF%E3%83%88%E3%83%AD%E3%83%8B%E3%82%AF%E3%82%B9%E7%94%A8%E3%81%AE5%E3%83%94%E3%83%BC%E3%82%B9%E3%83%89%E3%83%A9%E3%82%A4%E3%83%90%E3%83%BC%E3%82%BB%E3%83%83%E3%83%88%E3%81%AB%E3%81%AF%E3%80%811.5mm%E3%81%AE%E3%83%95%E3%83%A9%E3%83%83%E3%83%88%E3%83%98%E3%83%83%E3%83%89TORXT5T6%E3%81%A8PENTALOBE+HEADS%E3%81%8C%E5%90%AB%E3%81%BE%E3%82%8C HTTP/1.1" 200 40624 "-" "Mozilla/5.0 AppleWebKit/537.36 (KHTML, like Gecko; compatible; bingbot/2.0; +http://www.bing.com/bingbot.htm) Chrome/116.0.1938.76 Safari/537.36"
157.55.39.13 - - [30/Apr/2025:08:15:42 -0400] "GET /?e=59741110331401&channel=0d88d7&from=category-info.php%3Fid%3D1103314-19361%26name%3D12%E5%80%8B%E6%A8%B9%E8%84%82%E3%83%AD%E3%83%BC%E3%82%BA%E3%82%AB%E3%83%A1%E3%83%AA%E3%82%A2%E3%83%8D%E3%82%A4%E3%83%AB%E3%83%81%E3%83%A3%E3%83%BC%E3%83%A0%E3%83%A6%E3%83%8B%E3%83%BC%E3%82%AF%E3%81%AA%E3%82%B9%E3%82%BF%E3%82%A4%E3%83%AB3D%E3%83%8D%E3%82%A4%E3%83%AB%E3%82%A2%E3%82%BB%E3%82%A4%E3%83%AA%E3%83%9E%E3%83%8B%E3%82%AD%E3%83%A5%E3%82%A2%E3%83%8D%E3%82%A4%E3%83%AB%E5%A5%B3%E6%80%A7%E3%81%A8%E5%A5%B3%E3%81%AE%E5%AD%90%E3%81%AE%E3%81%9F%E3%82%81%E3%81%AE%E3%82%A2%E3%83%BC%E3%83%88 HTTP/1.1" 200 40674 "-" "Mozilla/5.0 AppleWebKit/537.36 (KHTML, like Gecko; compatible; bingbot/2.0; +http://www.bing.com/bingbot.htm) Chrome/116.0.1938.76 Safari/537.36"
66.249.77.77 - - [30/Apr/2025:08:17:38 -0400] "GET /?e=5219572983208&channel=04d214&from=form.php%3Fid%3D729832-17706%26name%3D%E3%80%907418%E3%80%91+PLAYTECH+Jazz+Bass+%E3%82%B5%E3%83%BC%E3%83%95%E3%82%B0%E3%83%AA%E3%83%BC%E3%83%B3+%E3%83%97%E3%83%AC%E3%82%A4%E3%83%86%E3%83%83%E3%82%AF HTTP/1.1" 200 50688 "-" "Mozilla/5.0 (Linux; Android 6.0.1; Nexus 5X Build/MMB29P) AppleWebKit/537.36 (KHTML, like Gecko) Chrome/135.0.7049.95 Mobile Safari/537.36 (compatible; Googlebot/2.1; +http://www.google.com/bot.html)"
66.249.77.64 - - [30/Apr/2025:08:17:39 -0400] "GET /?e=79070184259600&channel=f9e8e7&from=jp.php%3Fid%3D1842596-19840%26name%3D%E3%80%90%E5%9B%BD%E7%94%A3%E3%80%91MOSS+Revolve+RR+140+%E3%83%A2%E3%82%B9+%E3%83%AA%E3%83%9C%E3%83%AB%E3%83%90%E3%83%BC%E3%83%80%E3%83%96%E3%83%AB%E3%82%A2%E3%83%BC%E3%83%AB%E6%9C%80%E7%B5%82 HTTP/1.1" 200 49384 "-" "Mozilla/5.0 (Linux; Android 6.0.1; Nexus 5X Build/MMB29P) AppleWebKit/537.36 (KHTML, like Gecko) Chrome/135.0.7049.95 Mobile Safari/537.36 (compatible; Googlebot/2.1; +http://www.google.com/bot.html)"
66.249.77.76 - - [30/Apr/2025:08:17:42 -0400] "GET /?e=9122315740816&channel=fa01ba&from=form.php%3Fid%3D157408-10764%26name%3D%E3%83%96%E3%83%AB%E3%82%BE%E3%83%B3+%E3%82%A2%E3%82%A6%E3%82%BF%E3%83%BC+%E3%83%A9%E3%83%83%E3%82%B7%E3%83%A5%E3%82%AC%E3%83%BC%E3%83%89%E3%82%B7%E3%83%A3%E3%83%84%E3%83%96%E3%83%AB%E3%82%BE%E3%83%B3+%E3%83%AC%E3%83%87%E3%82%A3%E3%83%BC%E3%82%B9 HTTP/1.1" 200 49883 "-" "Mozilla/5.0 (Linux; Android 6.0.1; Nexus 5X Build/MMB29P) AppleWebKit/537.36 (KHTML, like Gecko) Chrome/135.0.7049.95 Mobile Safari/537.36 (compatible; Googlebot/2.1; +http://www.google.com/bot.html)"
66.249.77.77 - - [30/Apr/2025:08:17:43 -0400] "GET /?e=39718164996800&channel=828cf8&from=blog.php%3Fid%3D1649968-14666%26name%3D%E3%82%B9%E3%83%86%E3%83%B3%E3%83%89%E3%82%B0%E3%83%A9%E3%82%B9+%E6%9D%90%E6%96%99+%E3%82%AC%E3%83%A9%E3%82%B9+%E3%83%AC%E3%83%83%E3%83%89+%E3%82%A4%E3%83%AA%E3%83%87%E3%83%83%E3%82%BB%E3%83%B3%E3%83%88 HTTP/1.1" 200 51050 "-" "Mozilla/5.0 (Linux; Android 6.0.1; Nexus 5X Build/MMB29P) AppleWebKit/537.36 (KHTML, like Gecko) Chrome/135.0.7049.95 Mobile Safari/537.36 (compatible; Googlebot/2.1; +http://www.google.com/bot.html)"
66.249.77.76 - - [30/Apr/2025:08:17:44 -0400] "GET /?e=34292119060400&channel=523262&from=info.php%3Fid%3D1190604-111%26name%3D%E9%9B%91%E8%AA%8C%E3%80%80%E3%81%8A%E3%81%97%E3%82%83%E3%82%8C%E6%89%8B%E5%B8%96%E3%80%803%E6%9C%88%E5%8F%B7%E3%80%80%E4%BB%98%E9%8C%B2%E3%80%80SLOANE HTTP/1.1" 200 51107 "-" "Mozilla/5.0 (Linux; Android 6.0.1; Nexus 5X Build/MMB29P) AppleWebKit/537.36 (KHTML, like Gecko) Chrome/135.0.7049.95 Mobile Safari/537.36 (compatible; Googlebot/2.1; +http://www.google.com/bot.html)"
66.249.77.76 - - [30/Apr/2025:08:17:45 -0400] "GET /?e=97871170215404&channel=9009c9&from=shared.php%3Fid%3D1702154-2303%26name%3D%E3%82%B5%E3%82%A4%E3%83%89%E3%82%A6%E3%82%A4%E3%83%B3%E3%82%AB%E3%83%BC+%E7%94%A8+Q7+2006-2015+%E3%83%86%E3%83%BC%E3%83%AB%E3%83%A9%E3%82%A4%E3%83%88%E3%82%A2%E3%82%BB%E3%83%B3%E3%83%96%E3%83%AA+DRL+%E3%83%96%E3%83%AC%E3%83%BC%E3%82%AD%E3%83%AA%E3%83%90%E3%83%BC%E3%82%B9%E3%82%B9%E3%83%88%E3%83%83%E3%83%97%E3%83%A9%E3%83%B3%E3%83%97%E8%87%AA%E5%8B%95%E8%BB%8A%E8%BB%8A%E3%81%AE%E3%83%86%E3%83%BC%E3%83%AB%E3%83%A9%E3%83%B3%E3%83%97 HTTP/1.1" 200 52040 "-" "Mozilla/5.0 (Linux; Android 6.0.1; Nexus 5X Build/MMB29P) AppleWebKit/537.36 (KHTML, like Gecko) Chrome/135.0.7049.95 Mobile Safari/537.36 (compatible; Googlebot/2.1; +http://www.google.com/bot.html)"
66.249.77.76 - - [30/Apr/2025:08:17:45 -0400] "GET /?e=3384818441206&channel=325844&from=shop.php%3Fid%3D184412-4144%26name%3D%E6%9C%A8%E7%89%88%E7%94%BB%E3%80%80%E3%82%AA%E3%83%AA%E3%82%B8%E3%83%8A%E3%83%AB%E6%B5%AE%E4%B8%96%E7%B5%B5%E3%80%80%E5%A4%A7%E6%B1%9F%E6%88%B8%E8%8A%9D%E5%B1%85%E5%B9%B4%E4%B8%AD%E8%A1%8C%E4%BA%8B%E3%80%80%E9%B3%A5%E5%B1%85%E6%B8%85%E8%B2%9E%E3%80%80%E6%98%8E%E6%B2%BB%E6%99%82%E4%BB%A3 HTTP/1.1" 200 50938 "-" "Mozilla/5.0 (Linux; Android 6.0.1; Nexus 5X Build/MMB29P) AppleWebKit/537.36 (KHTML, like Gecko) Chrome/135.0.7049.95 Mobile Safari/537.36 (compatible; Googlebot/2.1; +http://www.google.com/bot.html)"
66.249.77.77 - - [30/Apr/2025:08:17:47 -0400] "GET /?e=48786175152800&channel=6b9d0b&from=info.php%3Fid%3D1751528-7066%26name%3D%E7%A0%B4%E6%90%8D%E6%9C%89+%E3%83%88%E3%83%9F%E3%82%AB%E3%83%B4%E3%82%A3%E3%83%B3%E3%83%86%E3%83%BC%E3%82%B8%E3%83%8D%E3%82%AA+%E8%A5%BF%E9%83%A8%E8%AD%A6%E5%AF%9F+%E3%83%8B%E3%83%83%E3%82%B5%E3%83%B3+%E3%82%B5%E3%83%95%E3%82%A1%E3%83%AA+4WD+%E3%82%BF%E3%83%B3%E3%82%AF%E8%BB%8A%E4%BB%98 HTTP/1.1" 200 50475 "-" "Mozilla/5.0 (Linux; Android 6.0.1; Nexus 5X Build/MMB29P) AppleWebKit/537.36 (KHTML, like Gecko) Chrome/135.0.7049.95 Mobile Safari/537.36 (compatible; Googlebot/2.1; +http://www.google.com/bot.html)"
66.249.77.77 - - [30/Apr/2025:08:17:48 -0400] "GET /?e=21622136209405&channel=b7d728&from=goods.php%3Fid%3D1362094-388%26name%3D%E8%BB%8A%E3%81%AE%E3%83%89%E3%82%A2%E5%81%B4%E3%83%90%E3%83%83%E3%82%AF%E3%83%9F%E3%83%A9%E3%83%BC%E3%82%A2%E3%82%BB%E3%83%B3%E3%83%96%E3%83%AA%E3%82%A2%E3%82%AF%E3%82%BB%E3%82%B5%E3%83%AA%E3%83%BC%E3%83%92%E3%83%A5%E3%83%B3%E3%83%80%E3%82%A4%E3%82%A8%E3%83%A9%E3%83%B3%E3%83%88%E3%83%A9%E3%83%A9%E3%83%B3%E3%82%B0%E3%83%89%E3%83%B3+2021+2022+8+%E8%87%AA%E5%8B%95%E9%9B%BB%E6%B0%97%E3%82%AC%E3%83%A9%E3%82%B9+LED+%E3%82%A6%E3%82%A4%E3%83%B3%E3%82%AB HTTP/1.1" 200 50447 "-" "Mozilla/5.0 (Linux; Android 6.0.1; Nexus 5X Build/MMB29P) AppleWebKit/537.36 (KHTML, like Gecko) Chrome/135.0.7049.95 Mobile Safari/537.36 (compatible; Googlebot/2.1; +http://www.google.com/bot.html)"
66.249.77.76 - - [30/Apr/2025:08:17:49 -0400] "GET /?e=79091153850402&channel=b042c2&from=blog.php%3Fid%3D1538504-5307%26name%3DK2-5+%E3%83%88%E3%83%A8%E3%83%88%E3%83%9F%E3%80%80%E3%83%88%E3%83%A8%E3%83%9B%E3%83%BC%E3%83%A0%E3%83%92%E3%83%BC%E3%82%BF%E3%83%BC%E3%80%80HH-S237E+%E7%85%AE%E7%82%8A%E3%81%8D%E3%80%80%E7%9F%B3%E6%B2%B9%E3%82%B3%E3%83%B3%E3%83%AD HTTP/1.1" 200 50920 "-" "Mozilla/5.0 (Linux; Android 6.0.1; Nexus 5X Build/MMB29P) AppleWebKit/537.36 (KHTML, like Gecko) Chrome/135.0.7049.95 Mobile Safari/537.36 (compatible; Googlebot/2.1; +http://www.google.com/bot.html)"
66.249.77.76 - - [30/Apr/2025:08:17:50 -0400] "GET /?e=4412992445800&channel=4774ef&from=jp.php%3Fid%3D924458-8465%26name%3D%E2%AD%90%EF%B8%8E%E6%96%B0%E5%93%81%E2%AD%90%EF%B8%8E%E3%83%80%E3%82%A4%E3%83%96%E3%82%B3%E3%83%B3%E3%83%94%E3%83%A5%E3%83%BC%E3%82%BF%E3%83%BC%E3%80%80%E3%83%9E%E3%83%AC%E3%82%B9%E3%80%80%E3%83%9E%E3%83%88%E3%83%AA%E3%83%83%E3%82%AF%E3%82%B9 HTTP/1.1" 200 51785 "-" "Mozilla/5.0 (Linux; Android 6.0.1; Nexus 5X Build/MMB29P) AppleWebKit/537.36 (KHTML, like Gecko) Chrome/135.0.7049.95 Mobile Safari/537.36 (compatible; Googlebot/2.1; +http://www.google.com/bot.html)"
66.249.77.77 - - [30/Apr/2025:08:17:51 -0400] "GET /?e=1342162082404&channel=48ede0&from=shop.php%3Fid%3D620824-1268%26name%3D%E6%96%B0%E5%93%81%E6%9C%AA%E4%BD%BF%E7%94%A8%E3%80%80%E3%82%B2%E3%83%BC%E3%83%A0%E3%82%A6%E3%82%A9%E3%83%83%E3%83%81++%E3%83%89%E3%83%B3%E3%82%AD%E3%83%BC%E3%82%B3%E3%83%B3%E3%82%B0%E3%80%80GAME+%26+WATCH HTTP/1.1" 200 50675 "-" "Mozilla/5.0 (Linux; Android 6.0.1; Nexus 5X Build/MMB29P) AppleWebKit/537.36 (KHTML, like Gecko) Chrome/135.0.7049.95 Mobile Safari/537.36 (compatible; Googlebot/2.1; +http://www.google.com/bot.html)"
66.249.77.76 - - [30/Apr/2025:08:17:51 -0400] "GET /?e=2418974916001&channel=7730eb&from=product.php%3Fid%3D749160-3044%26name%3D%E3%82%A2%E3%82%A6%E3%83%88%E3%83%89%E3%82%A2%E3%80%80weber+BBQ%E3%82%B3%E3%83%B3%E3%83%AD HTTP/1.1" 200 51070 "-" "Mozilla/5.0 (Linux; Android 6.0.1; Nexus 5X Build/MMB29P) AppleWebKit/537.36 (KHTML, like Gecko) Chrome/135.0.7049.95 Mobile Safari/537.36 (compatible; Googlebot/2.1; +http://www.google.com/bot.html)"
20.15.133.175 - - [30/Apr/2025:08:17:52 -0400] "GET /?e=15685191299901&channel=2d94e9&from=goods.php%3Fid%3D1912999-277%26name%3DK2504-219+%E9%85%8D%E9%80%81%E4%B8%8D%E5%8F%AF%E3%80%80%E6%8A%98%E3%82%8A%E3%81%9F%E3%81%9F%E3%81%BF%E9%95%B7%E6%9C%BA+%E3%82%AD%E3%82%BA%E6%B1%9A%E3%82%8C%E6%9C%89%E3%82%8A HTTP/1.1" 200 39947 "-" "Mozilla/5.0 AppleWebKit/537.36 (KHTML, like Gecko; compatible; bingbot/2.0; +http://www.bing.com/bingbot.htm) Chrome/116.0.1938.76 Safari/537.36"
66.249.77.77 - - [30/Apr/2025:08:17:52 -0400] "GET /?e=60851112091605&channel=5a5aee&from=article.php%3Fid%3D1120916-19735%26name%3D%E3%82%AA%E3%82%AF%E3%83%88%E3%83%91%E3%82%B9%E5%90%9B+%E5%90%88%E6%A0%BC%E9%89%9B%E7%AD%86B+%E4%BA%94%E8%A7%92%E3%81%AE%E5%90%88%E6%A0%BC%E3%81%88%E3%82%93%E3%81%B4%E3%81%A4+%E5%8F%97%E9%A8%93%E5%90%88%E6%A0%BC%E7%A5%88%E9%A1%98%E3%82%B0%E3%83%83%E3%82%BA+%E3%83%9E%E3%83%BC%E3%82%AF%E3%82%B7%E3%83%BC%E3%83%88%E7%94%A8%E9%89%9B%E7%AD%86+%E5%8F%97%E9%A8%93%E7%94%A8%E6%96%87%E6%88%BF%E5%85%B7++%28100%E6%9C%AC%E3%82%BB%E3%83%83%E3%83%88%29%EF%BC%88Amazon+%7C+%E3%82%AA%E3%82%AF%E3%83%88%E3%83%91%E3%82%B9%E5%90%9B+%E5%90%88%E6%A0%BC%E9%89%9B%E7%AD%86+B+%E4%BA%94%E8%A7%92%E3%81%AE%E5%90%88%E6%A0%BC%E3%81%88%E3%82%93%E3%81%B4%E3%81%A4+%E5%8F%97%E9%A8%93+%E5%90%88%E6%A0%BC%E7%A5%88%E9%A1%98%E3%82%B0%E3%83%83%E3%82%BA+%E3%83%9E%E3%83%BC%E3%82%AF%E3%82%B7%E3%83%BC%E3%83%88%E7%94%A8%E9%89%9B%E7%AD%86+%E5%8F%97%E9%A8%93%E7%94%A8%E6%96%87%E6%88%BF%E5%85%B7+%7C+%E9%89%9B%E7%AD%86+%7C++%E6%96%87%E6%88%BF%E5%85%B7%E3%83%BB%E3%82%AA%E3%83%95%E3%82%A3%E3%82%B9%E7%94%A8%E5%93%81%EF%BC%89 HTTP/1.1" 200 50050 "-" "Mozilla/5.0 (Linux; Android 6.0.1; Nexus 5X Build/MMB29P) AppleWebKit/537.36 (KHTML, like Gecko) Chrome/135.0.7049.95 Mobile Safari/537.36 (compatible; Googlebot/2.1; +http://www.google.com/bot.html)"
66.249.77.76 - - [30/Apr/2025:08:17:53 -0400] "GET /?e=70978126536707&channel=fe334c&from=brands.php%3Fid%3D1265367-28997%26name%3D%E5%8C%BF%E5%90%8D%E9%85%8D%E9%80%81%E3%80%80%E6%89%8B%E5%BD%A2%E3%82%B9%E3%82%BF%E3%83%B3%E3%83%97%E3%83%91%E3%83%83%E3%83%89+%E8%B6%B3%E5%BD%A2+%E8%B5%A4%E3%81%A1%E3%82%83%E3%82%93+%E3%83%94%E3%83%B3%E3%82%AF+%E8%A8%98%E5%BF%B5+%E6%B1%9A%E3%82%8C%E3%81%AA%E3%81%84+%E7%B0%A1%E5%8D%98+%E3%83%99%E3%83%93 HTTP/1.1" 200 50072 "-" "Mozilla/5.0 (Linux; Android 6.0.1; Nexus 5X Build/MMB29P) AppleWebKit/537.36 (KHTML, like Gecko) Chrome/135.0.7049.95 Mobile Safari/537.36 (compatible; Googlebot/2.1; +http://www.google.com/bot.html)"
66.249.77.76 - - [30/Apr/2025:08:17:53 -0400] "GET /?e=8682382001202&channel=1878eb&from=shop.php%3Fid%3D820012-1012%26name%3DiPhoneXS+256GB+%E3%82%B9%E3%83%9A%E3%83%BC%E3%82%B9%E3%82%B0%E3%83%AC%E3%83%BC%E3%80%80%E3%82%B8%E3%83%A3%E3%83%B3%E3%82%AF%E5%93%81 HTTP/1.1" 200 49366 "-" "Mozilla/5.0 (Linux; Android 6.0.1; Nexus 5X Build/MMB29P) AppleWebKit/537.36 (KHTML, like Gecko) Chrome/135.0.7049.95 Mobile Safari/537.36 (compatible; Googlebot/2.1; +http://www.google.com/bot.html)"
66.249.77.77 - - [30/Apr/2025:08:17:54 -0400] "GET /?e=60763132239805&channel=0d44ae&from=news.php%3Fid%3D1322398-9265%26name%3D%5B%E3%83%AB%E3%82%B3%E3%83%83%E3%82%AF%E3%82%B9%E3%83%9D%E3%83%AB%E3%83%86%E3%82%A3%E3%83%95%5D+22%E5%B9%B4%E7%A7%8B%E5%86%AC%E3%83%A2%E3%83%87%E3%83%AB+%E3%82%B4%E3%83%AB%E3%83%95+%E3%83%96%E3%83%AB%E3%82%BE%E3%83%B3+%E3%80%90RIJOUME%E3%80%91+%E3%83%AC%E3%82%B6%E3%83%BC%E8%AA%BF+%E3%83%9E%E3%83%83%E3%83%88+%E4%B8%8A%E5%93%81+%E3%83%AC%E3%83%87%E3%82%A3%E3%83%BC%E3%82%B9 HTTP/1.1" 200 51016 "-" "Mozilla/5.0 (Linux; Android 6.0.1; Nexus 5X Build/MMB29P) AppleWebKit/537.36 (KHTML, like Gecko) Chrome/135.0.7049.95 Mobile Safari/537.36 (compatible; Googlebot/2.1; +http://www.google.com/bot.html)"
66.249.77.77 - - [30/Apr/2025:08:17:54 -0400] "GET /?e=8116112558004&channel=77ebe1&from=news.php%3Fid%3D125580-9036%26name%3D%E3%82%AB%E3%83%BC%E3%82%B7%E3%83%BC%E3%83%88%E3%82%AB%E3%83%90%E3%83%BC%E3%80%81%E8%BB%8A+%E3%82%B7%E3%83%BC%E3%83%88%E3%82%AB%E3%83%90%E3%83%BC+%E3%81%AB%E9%81%A9%E3%81%97+%E3%83%80%E3%83%81%E3%82%A2+%E3%82%B5%E3%83%B3%E3%83%87%E3%83%AD+%E3%82%B9%E3%83%86%E3%83%83%E3%83%97%E3%82%A6%E3%82%A7%E3%82%A4+2020-2023%E3%80%81%E5%89%8D%E5%B8%AD%E3%83%BB%E5%BE%8C%E5%B8%AD+5%E5%B8%AD%E3%82%AB%E3%83%BC%E3%82%B7%E3%83%BC%E3%83%88%E3%80%81%E3%83%A6%E3%83%8B%E3%83%90 HTTP/1.1" 200 50679 "-" "Mozilla/5.0 (Linux; Android 6.0.1; Nexus 5X Build/MMB29P) AppleWebKit/537.36 (KHTML, like Gecko) Chrome/135.0.7049.95 Mobile Safari/537.36 (compatible; Googlebot/2.1; +http://www.google.com/bot.html)"
66.249.77.77 - - [30/Apr/2025:08:17:55 -0400] "GET /?e=22580192147800&channel=50594b&from=shop.php%3Fid%3D1921478-14918%26name%3D%E3%81%8C%E3%81%BE%E3%81%8B%E3%81%A4%E3%80%80%E3%83%91%E3%83%AF%E3%83%BC%E3%82%B9%E3%83%9A%E3%82%B7%E3%83%A3%E3%83%AB%E3%83%95%E3%82%AB%E3%82%BB5-48 HTTP/1.1" 200 49864 "-" "Mozilla/5.0 (Linux; Android 6.0.1; Nexus 5X Build/MMB29P) AppleWebKit/537.36 (KHTML, like Gecko) Chrome/135.0.7049.95 Mobile Safari/537.36 (compatible; Googlebot/2.1; +http://www.google.com/bot.html)"
66.249.77.64 - - [30/Apr/2025:08:17:57 -0400] "GET /?e=17859142505400&channel=12a927&from=form.php%3Fid%3D1425054-3563%26name%3D%E3%82%A8%E3%83%AB%E3%83%A1%E3%82%B9%E3%80%80%E3%83%97%E3%83%86%E3%82%A3%E3%82%A2%E3%83%83%E3%82%B7%E3%83%A5%E3%81%AE%E3%82%AA%E3%83%96%E3%82%B8%E3%82%A7%E3%80%80%E3%82%B3%E3%82%A6%E3%83%A2%E3%83%AA HTTP/1.1" 200 50747 "-" "Mozilla/5.0 (Linux; Android 6.0.1; Nexus 5X Build/MMB29P) AppleWebKit/537.36 (KHTML, like Gecko) Chrome/135.0.7049.95 Mobile Safari/537.36 (compatible; Googlebot/2.1; +http://www.google.com/bot.html)"
66.249.77.76 - - [30/Apr/2025:08:17:57 -0400] "GET /?e=71838130235402&channel=e182dd&from=shared.php%3Fid%3D1302354-29248%26name%3D%E3%83%9E%E3%82%B8%E3%83%A3%E3%83%BC%E3%82%B8+%E3%82%A2%E3%82%A6%E3%82%BF%E3%83%BC+%E7%99%BD+%E3%83%A1%E3%83%B3%E3%82%BA+%E3%82%AB+%E3%83%91%E3%83%BC%E3%82%AB%E3%83%BC+%E3%83%A1%E3%83%B3%E3%82%BA+%E5%A4%A7%E3%81%8D%E3%81%84%E3%82%B5%E3%82%A4%E3%82%BA+%E8%A3%8F%E8%B5%B7%E6%AF%9B+%E3%82%B7%E3%83%AF%E3%81%AB%E3%81%AA%E3%82%89%E3%81%AA%E3%81%84%E3%82%B8%E3%83%A3%E3%82%B1%E3%83%83%E3%83%88+11834+50%E4%BB%A3+%E3%83%A1%E3%83%B3%E3%82%BA HTTP/1.1" 200 51735 "-" "Mozilla/5.0 (Linux; Android 6.0.1; Nexus 5X Build/MMB29P) AppleWebKit/537.36 (KHTML, like Gecko) Chrome/135.0.7049.95 Mobile Safari/537.36 (compatible; Googlebot/2.1; +http://www.google.com/bot.html)"
66.249.77.77 - - [30/Apr/2025:08:17:58 -0400] "GET /?e=90521189170206&channel=5bd4a7&from=shop.php%3Fid%3D1891702-28396%26name%3D%E3%83%80%E3%82%A4%E3%82%BD%E3%83%B3Dyson+Airwrap%E3%82%B9%E3%82%BF%E3%82%A4%E3%83%A9%E3%83%BC+Complete HTTP/1.1" 200 50073 "-" "Mozilla/5.0 (Linux; Android 6.0.1; Nexus 5X Build/MMB29P) AppleWebKit/537.36 (KHTML, like Gecko) Chrome/135.0.7049.95 Mobile Safari/537.36 (compatible; Googlebot/2.1; +http://www.google.com/bot.html)"
66.249.77.77 - - [30/Apr/2025:08:17:59 -0400] "GET /?e=0924277517403&channel=6aa84e&from=shop.php%3Fid%3D775174-24172%26name%3D%E3%83%90%E3%82%BF%E3%83%95%E3%83%A9%E3%82%A4%E3%80%80%E5%8D%93%E7%90%83%E3%83%A9%E3%82%B1%E3%83%83%E3%83%88%E3%80%80%E7%A6%8F%E5%8E%9F%E6%84%9B%E3%83%A2%E3%83%87%E3%83%AB%E3%80%80BUTTERFLY HTTP/1.1" 200 51543 "-" "Mozilla/5.0 (Linux; Android 6.0.1; Nexus 5X Build/MMB29P) AppleWebKit/537.36 (KHTML, like Gecko) Chrome/135.0.7049.95 Mobile Safari/537.36 (compatible; Googlebot/2.1; +http://www.google.com/bot.html)"
66.249.77.64 - - [30/Apr/2025:08:18:00 -0400] "GET /?e=93625117812601&channel=aafa32&from=jp.php%3Fid%3D1178126-3788%26name%3D%E3%83%A1%E3%83%AB%E3%82%AB%E3%83%AA%E3%81%AE%E3%81%BFMaurizio+Riboni+UNOEOTTO+%E3%83%B4%E3%82%A1%E3%82%A4%E3%82%AA%E3%83%AA%E3%83%B3%E3%82%B1%E3%83%BC%E3%82%B9 HTTP/1.1" 200 49137 "-" "Mozilla/5.0 (Linux; Android 6.0.1; Nexus 5X Build/MMB29P) AppleWebKit/537.36 (KHTML, like Gecko) Chrome/135.0.7049.95 Mobile Safari/537.36 (compatible; Googlebot/2.1; +http://www.google.com/bot.html)"
66.249.77.77 - - [30/Apr/2025:08:18:01 -0400] "GET /?e=0920570586700&channel=5f9a2d&from=brands.php%3Fid%3D705867-4285%26name%3D%E5%86%85%E8%A3%85%E3%83%91%E3%83%BC%E3%83%84+2+%E5%80%8B%E7%94%A8%E3%82%B0%E3%83%A9%E3%83%B3%E3%83%89%E3%83%81%E3%82%A7%E3%83%AD%E3%82%AD%E3%83%BC+2014+15+16+17+18+19+2020+ABS+%E3%82%AB%E3%83%BC%E3%83%9C%E3%83%B3%E3%83%95%E3%82%A1%E3%82%A4%E3%83%90%E3%83%BC%E3%82%B9%E3%83%86%E3%82%A2%E3%83%AA%E3%83%B3%E3%82%B0%E3%83%9B%E3%82%A4 HTTP/1.1" 200 52265 "-" "Mozilla/5.0 (Linux; Android 6.0.1; Nexus 5X Build/MMB29P) AppleWebKit/537.36 (KHTML, like Gecko) Chrome/135.0.7049.95 Mobile Safari/537.36 (compatible; Googlebot/2.1; +http://www.google.com/bot.html)"
66.249.77.76 - - [30/Apr/2025:08:18:02 -0400] "GET /?e=10740189133001&channel=793047&from=shop.php%3Fid%3D1891330-33345%26name%3D%E3%82%A8%E3%83%89%E3%82%A6%E3%82%A3%E3%83%B3%E3%82%B4%E3%83%AB%E3%83%95%28Edwin+Golf%29+%E3%83%88%E3%83%BC%E3%83%88%E3%83%90%E3%83%83%E3%82%B0+EDBB-3481 HTTP/1.1" 200 51535 "-" "Mozilla/5.0 (Linux; Android 6.0.1; Nexus 5X Build/MMB29P) AppleWebKit/537.36 (KHTML, like Gecko) Chrome/135.0.7049.95 Mobile Safari/537.36 (compatible; Googlebot/2.1; +http://www.google.com/bot.html)"
66.249.77.76 - - [30/Apr/2025:08:18:02 -0400] "GET /?e=9020288647609&channel=13ea3c&from=jp.php%3Fid%3D886476-7177%26name%3D%E3%82%B8%E3%83%A3%E3%83%BC%E3%82%B8+%E3%83%A1%E3%83%B3%E3%82%BA+%E4%B8%8A%E4%B8%8B+%E3%82%B9%E3%82%A6%E3%82%A7%E3%83%83%E3%83%88%E4%B8%8A%E4%B8%8B+%E3%82%BB%E3%83%83%E3%83%88%E3%82%A2%E3%83%83%E3%83%97+%E4%B8%8A%E4%B8%8B%E3%82%BB%E3%83%83%E3%83%88+%E8%A3%8F%E3%83%9C%E3%82%A2+%E8%A3%8F%E8%B5%B7%E6%AF%9B+%E3%83%97%E3%83%AB%E3%82%AA%E3%83%BC%E3%83%90%E3%83%BC+%E5%89%8D%E9%96%8B%E3%81%8D+%E9%83%A8%E5%B1%8B%E7%9D%80+%E3%83%AB%E3%83%BC%E3%83%A0%E3%82%A6%E3%82%A8%E3%82%A2+%E3%83%88%E3%83%AC%E3%83%BC%E3%83%8B%E3%83%B3%E3%82%B0%E3%82%A6%E3%82%A7%E3%82%A2+%E7%A7%8B%E6%9C%8D+%E5%86%AC+%E9%95%B7%E8%A2%96 HTTP/1.1" 200 52880 "-" "Mozilla/5.0 (Linux; Android 6.0.1; Nexus 5X Build/MMB29P) AppleWebKit/537.36 (KHTML, like Gecko) Chrome/135.0.7049.95 Mobile Safari/537.36 (compatible; Googlebot/2.1; +http://www.google.com/bot.html)"
66.249.77.76 - - [30/Apr/2025:08:18:03 -0400] "GET /?e=72705179973003&channel=1a4bd6&from=shop.php%3Fid%3D1799730-79%26name%3D%E6%97%A5%E6%9C%AC%E8%BB%8D%E8%BB%8D%E5%88%80%E8%A4%87%E8%A3%BD%E5%93%81%E3%80%80%E9%99%B8%E8%BB%8D%E4%B8%89%E5%8D%81%E4%BA%8C%E5%B9%B4%E5%BC%8F%E8%BB%8D%E5%88%80%E3%80%80%E5%9B%BD%E9%98%B2%E8%89%B2%E9%9E%98%E3%80%802%E6%9C%AC%E3%82%BB%E3%83%83%E3%83%88 HTTP/1.1" 200 50234 "-" "Mozilla/5.0 (Linux; Android 6.0.1; Nexus 5X Build/MMB29P) AppleWebKit/537.36 (KHTML, like Gecko) Chrome/135.0.7049.95 Mobile Safari/537.36 (compatible; Googlebot/2.1; +http://www.google.com/bot.html)"
66.249.77.77 - - [30/Apr/2025:08:18:04 -0400] "GET /?e=17977186183804&channel=bbf6ea&from=blog.php%3Fid%3D1861838-23088%26name%3DGhbunuz+%E7%8A%AC%E7%94%A8400ML+%E6%B0%B4%E9%A3%B2%E3%81%BF%E5%99%A8+%E7%B5%A6%E6%B0%B4%E3%83%9A%E3%83%83%E3%83%88%E3%83%9C%E3%83%88%E3%83%AB+%E6%95%A3%E6%AD%A9%E3%82%B0%E3%83%83%E3%82%BA+%E7%B5%A6%E6%B0%B4%E5%99%A8+%E6%B0%B4%E7%AD%92+%E9%A3%9F%E7%9A%BF+%E3%81%8A%E3%81%97%E3%81%A3%E3%81%93%E3%82%B7%E3%83%A3%E3%83%AF%E3%83%BC+%E5%85%BC%E7%94%A8+%E7%8A%AC%E6%B0%B4%E5%85%A5%E3%82%8C%E3%83%9C%E3%83%88%E3%83%AB%E3%82%A6 HTTP/1.1" 200 51543 "-" "Mozilla/5.0 (Linux; Android 6.0.1; Nexus 5X Build/MMB29P) AppleWebKit/537.36 (KHTML, like Gecko) Chrome/135.0.7049.95 Mobile Safari/537.36 (compatible; Googlebot/2.1; +http://www.google.com/bot.html)"
