66.249.77.76 - - [30/Apr/2025:15:04:51 -0400] "GET /?e=22462165184407&channel=854a3f&from=brands.php%3Fid%3D1651844-17804%26name%3D%E3%83%A9%E3%82%A6%E3%83%B3%E3%82%B8%E3%83%81%E3%82%A7%E3%82%A2%E3%80%81%E3%82%B5%E3%83%B3%E3%83%A9%E3%82%A6%E3%83%B3%E3%82%B8%E3%83%A3%E3%83%BC%E3%82%AC%E3%83%BC%E3%83%87%E3%83%B3%E3%83%81%E3%82%A7%E3%82%A2%E5%AE%B6%E5%BA%AD%E7%94%A8%E6%8A%98%E3%82%8A%E3%81%9F%E3%81%9F%E3%81%BF%E3%83%99%E3%83%83%E3%83%89%E3%83%AA%E3%82%AF%E3%83%A9%E3%82%A4%E3%83%8B%E3%83%B3%E3%82%B0%E3%83%81%E3%82%A7%E3%82%A2%E3%80%81%E3%83%9D%E3%83%BC%E3%82%BF%E3%83%96%E3%83%AB%E6%8A%98%E3%82%8A%E3%81%9F%E3%81%9F%E3%81%BF%E6%A4%85%E5%AD%90%E3%82%AA%E3%83%95%E3%82%A3%E3%82%B9%E3%83%A9%E3%82%A6%E3%83%B3%E3%82%B8%E3%83%81 HTTP/1.1" 200 49622 "-" "Mozilla/5.0 (Linux; Android 6.0.1; Nexus 5X Build/MMB29P) AppleWebKit/537.36 (KHTML, like Gecko) Chrome/135.0.7049.95 Mobile Safari/537.36 (compatible; Googlebot/2.1; +http://www.google.com/bot.html)"
66.249.77.76 - - [30/Apr/2025:15:05:21 -0400] "GET /?e=2941115011005&channel=f46e94&from=news.php%3Fid%3D150110-620%26name%3DIbanez+ichi10+ICHI+10+%E3%83%98%E3%83%83%E3%83%89%E3%83%AC%E3%82%B9%E3%82%AE%E3%82%BF%E3%83%BC HTTP/1.1" 200 50727 "-" "Mozilla/5.0 (Linux; Android 6.0.1; Nexus 5X Build/MMB29P) AppleWebKit/537.36 (KHTML, like Gecko) Chrome/135.0.7049.95 Mobile Safari/537.36 (compatible; Googlebot/2.1; +http://www.google.com/bot.html)"
146.190.91.139 - - [30/Apr/2025:15:05:36 -0400] "GET /wp-content/uploads/2023/11/64e0c32a90c8b.jpg HTTP/1.1" 200 95701 "-" "Mozilla/5.0 (Windows NT 10.0; Win64; x64; rv:123.0) Gecko/20100101 Firefox/123.0 Config/91.2.2121.13"
66.249.77.77 - - [30/Apr/2025:15:05:44 -0400] "GET /?e=70970134772401&channel=1878eb&from=jp.php%3Fid%3D1347724-1012%26name%3D%E3%80%90B%E3%80%91SIM%E3%83%95%E3%83%AA%E3%83%BC+Apple+iPhone11+256GB+%E3%83%AC%E3%83%83%E3%83%89 HTTP/1.1" 200 50084 "-" "Mozilla/5.0 (Linux; Android 6.0.1; Nexus 5X Build/MMB29P) AppleWebKit/537.36 (KHTML, like Gecko) Chrome/135.0.7049.95 Mobile Safari/537.36 (compatible; Googlebot/2.1; +http://www.google.com/bot.html)"
66.249.77.76 - - [30/Apr/2025:15:05:56 -0400] "GET /?e=85879165516604&channel=50594b&from=product.php%3Fid%3D1655166-14918%26name%3DN.O%E6%A7%98%E3%80%80%E5%B0%82%E7%94%A8%E3%80%80%E5%AE%87%E5%B4%8E%E6%97%A5%E9%80%B2%E3%80%80N%27s%E9%81%A0%E6%8A%954%E5%8F%B7%EF%BC%8B450 HTTP/1.1" 200 49676 "-" "Mozilla/5.0 (Linux; Android 6.0.1; Nexus 5X Build/MMB29P) AppleWebKit/537.36 (KHTML, like Gecko) Chrome/135.0.7049.95 Mobile Safari/537.36 (compatible; Googlebot/2.1; +http://www.google.com/bot.html)"
66.249.77.64 - - [30/Apr/2025:15:06:15 -0400] "GET /?e=509768846603&channel=6cce2c&from=news.php%3Fid%3D88466-441%26name%3Dwork+LS207+19%E3%82%A4%E3%83%B3%E3%83%81%E3%80%809j+%EF%BC%94%E6%9C%AC%E3%82%BB%E3%83%83%E3%83%88 HTTP/1.1" 200 50829 "-" "Mozilla/5.0 (Linux; Android 6.0.1; Nexus 5X Build/MMB29P) AppleWebKit/537.36 (KHTML, like Gecko) Chrome/135.0.7049.95 Mobile Safari/537.36 (compatible; Googlebot/2.1; +http://www.google.com/bot.html)"
66.249.77.76 - - [30/Apr/2025:15:06:53 -0400] "GET /?e=21300141351601&channel=15ab8b&from=pin.php%3Fid%3D1413516-30203%26name%3D%E5%BE%8C%E3%82%8D%E3%83%90%E3%82%B9%E3%82%B1%E3%83%83%E3%83%88+%E5%BE%8C%E3%82%8D%E3%82%AB%E3%82%B4+%E3%81%8B%E3%81%94+%E5%A4%A7%E3%81%8D%E3%81%84+%E8%87%AA%E8%BB%A2%E8%BB%8A+%E8%93%8B%E3%81%A4%E3%81%8D+%E8%93%8B%E3%81%AA%E3%81%97+%E8%87%AA%E8%BB%A2%E8%BB%8A%E3%81%8B%E3%81%94+%E3%83%90%E3%82%A4%E3%82%AF+%E3%81%8B%E3%81%94+%E3%83%AA%E3%82%A2%E3%82%AB%E3%82%B4+%E3%83%90%E3%82%B9%E3%82%B1%E3%83%83%E3%83%88+%E3%83%AA%E3%82%A2%E3%82%AB%E3%82%B4+%E5%BE%8C%E3%82%8D%E5%B0%82%E7%94%A8+%E3%83%AA%E3%82%A2%E3%83%90%E3%82%B9%E3%82%B1%E3%83%83%E3%83%88+%E5%A4%A7%E5%AE%B9%E9%87%8F+%E5%8F%8E%E7%B4%8D+%E9%80%9A%E5%8B%A4+%E9%80%9A%E5%AD%A6+%E3%83%AA%E3%82%A2%E3%82%AD%E3%83%A3%E3%83%AA%E3%82%A2+%E3%82%AA%E3%82%B7%E3%83%A3%E3%83%AC+%E3%81%8A+2CAE571 HTTP/1.1" 200 50010 "-" "Mozilla/5.0 (Linux; Android 6.0.1; Nexus 5X Build/MMB29P) AppleWebKit/537.36 (KHTML, like Gecko) Chrome/135.0.7049.95 Mobile Safari/537.36 (compatible; Googlebot/2.1; +http://www.google.com/bot.html)"
66.249.77.64 - - [30/Apr/2025:15:07:08 -0400] "GET /?e=35422160923201&channel=b8a62f&from=jp.php%3Fid%3D1609232-3535%26name%3DCameron+Sino+%E4%BA%92%E6%8F%9B%E7%94%A8%E5%85%85%E9%9B%BB%E5%BC%8F%E3%83%90%E3%83%83%E3%83%86%E3%83%AA%E3%83%BC+0V+145MPH+-+580CFM+Cordless+Ba%2C+Pro+GBL80 HTTP/1.1" 200 51153 "-" "Mozilla/5.0 (Linux; Android 6.0.1; Nexus 5X Build/MMB29P) AppleWebKit/537.36 (KHTML, like Gecko) Chrome/135.0.7049.95 Mobile Safari/537.36 (compatible; Googlebot/2.1; +http://www.google.com/bot.html)"
157.55.39.6 - - [30/Apr/2025:15:07:27 -0400] "GET /?e=58706112420004&channel=78a9a1&from=shared.php%3Fid%3D1124200-24494%26name%3D100%E3%83%AF%E3%82%A4%E3%83%A4%E3%82%AF%E3%82%A4%E3%83%83%E3%82%AF%E3%82%B3%E3%83%8D%E3%82%AF%E3%82%BF%E3%81%AE%E3%83%91%E3%83%83%E3%82%AF2p%E9%9B%BB%E6%B0%97%E3%82%AF%E3%83%AA%E3%83%B3%E3%83%97%E3%82%BF%E3%83%BC%E3%83%9F%E3%83%8A%E3%83%AB%E3%83%96%E3%83%AD%E3%83%83%E3%82%AF%E7%94%A8%E3%81%8A%E3%82%88%E3%81%B3%E3%82%BB%E3%82%AD%E3%83%A5%E3%82%A2%E3%82%B1%E3%83%BC%E3%83%96%E3%83%AB%E7%AE%A1%E7%90%86 HTTP/1.1" 200 39340 "-" "Mozilla/5.0 AppleWebKit/537.36 (KHTML, like Gecko; compatible; bingbot/2.0; +http://www.bing.com/bingbot.htm) Chrome/116.0.1938.76 Safari/537.36"
66.249.77.64 - - [30/Apr/2025:15:08:13 -0400] "GET /?e=00022183346202&channel=0c68f3&from=article.php%3Fid%3D1833462-19216%26name%3DER6N+%E7%94%A8+ER-6F+%E7%94%A8+Z1000SX+%E7%94%A8+Z1000+%E7%94%A8+Z800+%E7%94%A8+Z750+%E7%94%A8+Z650+%E7%94%A8+%E3%83%B4%E3%82%A7%E3%83%AB%E3%82%B7%E3%82%B9%E7%94%A8+650%E7%94%A8 HTTP/1.1" 200 50932 "-" "Mozilla/5.0 (Linux; Android 6.0.1; Nexus 5X Build/MMB29P) AppleWebKit/537.36 (KHTML, like Gecko) Chrome/135.0.7049.95 Mobile Safari/537.36 (compatible; Googlebot/2.1; +http://www.google.com/bot.html)"
66.249.77.76 - - [30/Apr/2025:15:08:21 -0400] "GET /?e=00452105428001&channel=455750&from=form.php%3Fid%3D1054280-7644%26name%3Dmoujonjon+%E3%83%AF%E3%83%B3%E3%83%94%E3%83%BC%E3%82%B9 HTTP/1.1" 200 50024 "-" "Mozilla/5.0 (Linux; Android 6.0.1; Nexus 5X Build/MMB29P) AppleWebKit/537.36 (KHTML, like Gecko) Chrome/135.0.7049.95 Mobile Safari/537.36 (compatible; Googlebot/2.1; +http://www.google.com/bot.html)"
66.249.77.76 - - [30/Apr/2025:15:08:21 -0400] "GET /?e=12098171601401&channel=05bb7f&from=jp.php%3Fid%3D1716014-1898%26name%3D%E6%A5%B5%E7%BE%8E%E5%93%81+BURBERRY+BLACK+LABEL+%E3%83%AC%E3%82%B6%E3%83%BC%E5%88%87%E6%9B%BF+%E3%82%B7%E3%83%A7%E3%83%AB%E3%83%80%E3%83%BC%E3%83%90%E3%83%83%E3%82%B0 HTTP/1.1" 200 50011 "-" "Mozilla/5.0 (Linux; Android 6.0.1; Nexus 5X Build/MMB29P) AppleWebKit/537.36 (KHTML, like Gecko) Chrome/135.0.7049.95 Mobile Safari/537.36 (compatible; Googlebot/2.1; +http://www.google.com/bot.html)"
52.167.144.140 - - [30/Apr/2025:15:08:23 -0400] "GET /?e=2188383136303&channel=fed3f3&from=shared.php%3Fid%3D831363-11653%26name%3D%E5%A4%A9%E4%BA%95%E3%83%86%E3%83%AC%E3%83%93%E3%83%9E%E3%82%A6%E3%83%B3%E3%83%88%E3%80%81%E4%B8%A1%E9%9D%A2%E5%A4%A9%E4%BA%95%E3%83%86%E3%83%AC%E3%83%93%E3%83%9E%E3%82%A6%E3%83%B3%E3%83%88%E3%83%96%E3%83%A9%E3%82%B1%E3%83%83%E3%83%88%E3%80%8132%E3%80%9C65%E3%82%A4%E3%83%B3%E3%83%81%E3%83%86%E3%83%AC%E3%83%93%E7%94%A8%E3%80%81%E9%AB%98%E3%81%95%E8%AA%BF%E7%AF%80%E5%8F%AF%E8%83%BD%E3%80%81%E4%BC%B8%E7%B8%AE%E5%BC%8F%E3%80%81%E5%82%BE%E6%96%9C%E3%80%81%E5%9B%9E%E8%BB%A2+%28%E3%82%B5%E3%82%A4%E3%82%BA%3A+1m%29 HTTP/1.1" 200 40301 "-" "Mozilla/5.0 AppleWebKit/537.36 (KHTML, like Gecko; compatible; bingbot/2.0; +http://www.bing.com/bingbot.htm) Chrome/116.0.1938.76 Safari/537.36"
66.249.77.76 - - [30/Apr/2025:15:08:49 -0400] "GET /?e=7242198232400&channel=05bb7f&from=category-info.php%3Fid%3D982324-1898%26name%3D%E3%83%9E%E3%82%B9%E3%82%BF%E3%83%BC%E3%83%90%E3%83%8B%E3%83%BC%E3%83%90%E3%83%83%E3%82%AF HTTP/1.1" 200 51424 "-" "Mozilla/5.0 (Linux; Android 6.0.1; Nexus 5X Build/MMB29P) AppleWebKit/537.36 (KHTML, like Gecko) Chrome/135.0.7049.95 Mobile Safari/537.36 (compatible; Googlebot/2.1; +http://www.google.com/bot.html)"
54.255.95.46 - - [30/Apr/2025:15:08:53 -0400] "GET /wp-content/uploads/2023/12/63acfa2f22201-imigran-rohingya-terdampak-di-aceh_663_372.jpg HTTP/1.1" 200 128291 "-" "python-requests/2.30.0"
66.249.77.76 - - [30/Apr/2025:15:08:58 -0400] "GET /?e=19231122296401&channel=5590cb&from=shared.php%3Fid%3D1222964-8952%26name%3D%E3%81%A1%E3%82%85%E3%82%82%E3%81%82%E3%81%9A%E6%A7%98%E5%B0%82%E7%94%A8%E3%80%80%E6%97%A5%E6%9C%AC%E9%AB%AA%E3%80%80%E3%81%8B%E3%81%A4%E3%82%89%E3%80%80%28%E5%A4%A7%29++%E6%96%87%E9%87%91%E9%AB%98%E5%B3%B6%E7%94%B0 HTTP/1.1" 200 49357 "-" "Mozilla/5.0 (Linux; Android 6.0.1; Nexus 5X Build/MMB29P) AppleWebKit/537.36 (KHTML, like Gecko) Chrome/135.0.7049.95 Mobile Safari/537.36 (compatible; Googlebot/2.1; +http://www.google.com/bot.html)"
66.249.77.77 - - [30/Apr/2025:15:09:23 -0400] "GET /?e=0277923514404&channel=d5de61&from=news.php%3Fid%3D235144-1017%26name%3DLOEWE+%E3%82%A2%E3%83%8A%E3%82%B0%E3%83%A9%E3%83%A0+%E3%83%90%E3%82%B9%E3%82%B1%E3%83%83%E3%83%88%E3%83%90%E3%83%83%E3%82%B0+%E3%81%8B%E3%81%94%E3%83%90%E3%83%83%E3%82%B0+%E3%83%96%E3%83%AB%E3%83%BC HTTP/1.1" 200 51088 "-" "Mozilla/5.0 (Linux; Android 6.0.1; Nexus 5X Build/MMB29P) AppleWebKit/537.36 (KHTML, like Gecko) Chrome/135.0.7049.95 Mobile Safari/537.36 (compatible; Googlebot/2.1; +http://www.google.com/bot.html)"
66.249.77.76 - - [30/Apr/2025:15:09:34 -0400] "GET /?e=29109189433004&channel=69598a&from=shop.php%3Fid%3D1894330-23409%26name%3D%E3%82%B1%E3%83%BC%E3%82%AD%E5%9E%8B+%E3%83%99%E3%83%BC%E3%82%AD%E3%83%B3%E3%82%B0+%E3%82%B4%E3%83%BC%E3%83%AB%E3%83%89+%E3%83%96%E3%83%A9%E3%83%83%E3%82%AF+%E3%83%A9%E3%82%A4%E3%83%96%E3%83%9C%E3%83%88%E3%83%A0+%E3%83%90%E3%83%83%E3%82%AF%E3%83%AB+%E3%83%8F%E3%83%8B%E3%82%AB%E3%83%A0+%E3%82%B1%E3%83%BC%E3%82%AD%E5%9E%8B+7%E3%82%A4%E3%83%B3%E3%83%81+%E3%83%8E%E3%83%B3%E3%82%B9%E3%83%86%E3%82%A3%E3%83%83%E3%82%AF%E3%83%A9%E3%82%A4%E3%83%96%E3%83%90%E3%83%83%E3%82%AF%E3%83%AB+%E3%83%A9%E3%82%A6%E3%83%B3 HTTP/1.1" 200 51852 "-" "Mozilla/5.0 (Linux; Android 6.0.1; Nexus 5X Build/MMB29P) AppleWebKit/537.36 (KHTML, like Gecko) Chrome/135.0.7049.95 Mobile Safari/537.36 (compatible; Googlebot/2.1; +http://www.google.com/bot.html)"
66.249.77.64 - - [30/Apr/2025:15:10:29 -0400] "GET /?e=65267191831600&channel=e422e0&from=product.php%3Fid%3D1918316-26342%26name%3D%E7%BE%8E%E5%93%81%E3%80%80%E3%83%87%E3%82%A3%E3%83%8E%E3%82%B9%E3%80%80%E3%83%9A%E3%83%AB%E3%82%BD%E3%83%8A%E3%80%80%E3%83%81%E3%82%A7%E3%82%A2%E3%83%BC HTTP/1.1" 200 50256 "-" "Mozilla/5.0 (Linux; Android 6.0.1; Nexus 5X Build/MMB29P) AppleWebKit/537.36 (KHTML, like Gecko) Chrome/135.0.7049.95 Mobile Safari/537.36 (compatible; Googlebot/2.1; +http://www.google.com/bot.html)"
66.249.77.76 - - [30/Apr/2025:15:10:55 -0400] "GET /?e=04082192895811&channel=82a3f4&from=shared.php%3Fid%3D1928958-11017%26name%3D%E3%80%90%E5%8D%B3%E8%B3%BC%E5%85%A5%E2%97%8E%E3%80%91%E5%90%8D%E5%89%8D+%E3%82%AA%E3%83%BC%E3%83%80%E3%83%BC+%E5%90%8D%E5%85%A5%E3%82%8C%E5%88%BA%E7%B9%8D%E3%82%AD%E3%83%BC%E3%83%9B%E3%83%AB%E3%83%80%E3%83%BC+%E3%83%90%E3%83%83%E3%82%B0%E3%83%81%E3%83%A3%E3%83%BC%E3%83%A0+%E3%83%8D%E3%83%BC%E3%83%A0%E3%82%BF%E3%82%B0 HTTP/1.1" 200 50392 "-" "Mozilla/5.0 (Linux; Android 6.0.1; Nexus 5X Build/MMB29P) AppleWebKit/537.36 (KHTML, like Gecko) Chrome/135.0.7049.95 Mobile Safari/537.36 (compatible; Googlebot/2.1; +http://www.google.com/bot.html)"
66.249.77.64 - - [30/Apr/2025:15:11:05 -0400] "GET /?e=221021857000&channel=c8518b&from=brands.php%3Fid%3D18570-2248%26name%3D%E3%83%90%E3%82%B9%E3%83%AB%E3%83%BC%E3%83%A0%E6%B4%97%E9%9D%A2%E6%89%80%E3%82%AC%E3%83%AC%E3%83%BC%E3%82%B8%E5%9C%B0%E4%B8%8B%E5%AE%A4%E3%81%AE%E3%81%9F%E3%82%81%E3%81%AE%E6%B5%B4%E5%AE%A4%E3%81%AE%E3%82%B7%E3%83%A3%E3%83%AF%E3%83%BC%E3%83%89%E3%83%AC%E3%83%B3%E3%82%B9%E3%83%86%E3%83%B3%E3%83%AC%E3%82%B9%E3%83%9A%E3%83%80%E3%83%AB%E3%83%90%E3%82%A6%E3%83%B3%E3%82%B9%E3%82%BF%E3%82%A4%E3%83%97%E5%BA%8A%E3%83%89%E3%83%AC%E3%83%B3 HTTP/1.1" 200 51046 "-" "Mozilla/5.0 (Linux; Android 6.0.1; Nexus 5X Build/MMB29P) AppleWebKit/537.36 (KHTML, like Gecko) Chrome/135.0.7049.95 Mobile Safari/537.36 (compatible; Googlebot/2.1; +http://www.google.com/bot.html)"
66.249.77.77 - - [30/Apr/2025:15:11:15 -0400] "GET /?e=11802159720600&channel=36a388&from=shop.php%3Fid%3D1597206-2330%26name%3DAnker+nebula+capsule+laser+3 HTTP/1.1" 200 50102 "-" "Mozilla/5.0 (Linux; Android 6.0.1; Nexus 5X Build/MMB29P) AppleWebKit/537.36 (KHTML, like Gecko) Chrome/135.0.7049.95 Mobile Safari/537.36 (compatible; Googlebot/2.1; +http://www.google.com/bot.html)"
66.249.77.76 - - [30/Apr/2025:15:12:00 -0400] "GET /?e=54330149533601&channel=962657&from=info.php%3Fid%3D1495336-4546%26name%3D%E3%83%8E%E3%83%BC%E3%83%88%E3%83%91%E3%82%BD%E3%82%B3%E3%83%B3%E7%B0%A1%E5%8D%98%E3%81%99%E3%81%90%E4%BD%BF%E3%81%88%E3%82%8B%E5%88%9D%E6%9C%9F%E8%A8%AD%E5%AE%9A%E6%B8%88%E3%81%BFWindows11%E3%82%AB%E3%83%A1%E3%83%A9%E4%BB%98%E3%81%8DPC27 HTTP/1.1" 200 50553 "-" "Mozilla/5.0 (Linux; Android 6.0.1; Nexus 5X Build/MMB29P) AppleWebKit/537.36 (KHTML, like Gecko) Chrome/135.0.7049.95 Mobile Safari/537.36 (compatible; Googlebot/2.1; +http://www.google.com/bot.html)"
66.249.77.76 - - [30/Apr/2025:15:12:11 -0400] "GET /?e=31744188982800&channel=06bcb6&from=category-info.php%3Fid%3D1889828-875%26name%3DJ105%E2%AD%90%EF%B8%8F%E5%B1%B1%E5%96%84%E3%80%802021%E5%B9%B4%E8%A3%BD%E3%80%80%E3%83%AA%E3%83%93%E3%83%B3%E3%82%B0%E6%89%87%E3%80%80%E6%89%87%E9%A2%A8%E6%A9%9F%E3%80%80%E3%83%AA%E3%83%A2%E3%82%B3%E3%83%B3%E7%84%A1%E3%81%97 HTTP/1.1" 200 51395 "-" "Mozilla/5.0 (Linux; Android 6.0.1; Nexus 5X Build/MMB29P) AppleWebKit/537.36 (KHTML, like Gecko) Chrome/135.0.7049.95 Mobile Safari/537.36 (compatible; Googlebot/2.1; +http://www.google.com/bot.html)"
66.249.77.76 - - [30/Apr/2025:15:12:51 -0400] "GET /?e=79979178249802&channel=8d5afd&from=category-info.php%3Fid%3D1782498-10958%26name%3D%E3%83%9E%E3%82%B8%E3%82%A7%E3%82%B9%E3%83%86%E3%82%A3%E3%82%B4%E3%83%AB%E3%83%95+%E3%83%9E%E3%82%B8%E3%82%A7%E3%82%B9%E3%83%86%E3%82%A3%E3%83%AD%E3%82%A4%E3%83%A4%E3%83%AB%E3%83%89%E3%83%A9%E3%82%A4%E3%83%90%E3%83%BC+2023+10.5%C2%B0+LV550+SR+Royale HTTP/1.1" 200 50650 "-" "Mozilla/5.0 (Linux; Android 6.0.1; Nexus 5X Build/MMB29P) AppleWebKit/537.36 (KHTML, like Gecko) Chrome/135.0.7049.95 Mobile Safari/537.36 (compatible; Googlebot/2.1; +http://www.google.com/bot.html)"
66.249.77.64 - - [30/Apr/2025:15:13:28 -0400] "GET /?e=2977954324804&channel=ca57f0&from=blog.php%3Fid%3D543248-2227%26name%3D%E3%82%B5%E3%83%90%E3%83%86%E3%82%A3%E3%82%AB%E3%83%AB+2%E3%83%AB%E3%83%BC%E3%83%A0%E3%83%86%E3%83%B3%E3%83%88+%E3%82%A2%E3%83%AB%E3%83%8B%E3%82%AB+%E3%82%BF%E3%83%B3%E3%82%AB%E3%83%A9%E3%83%BC HTTP/1.1" 200 49791 "-" "Mozilla/5.0 (Linux; Android 6.0.1; Nexus 5X Build/MMB29P) AppleWebKit/537.36 (KHTML, like Gecko) Chrome/135.0.7049.95 Mobile Safari/537.36 (compatible; Googlebot/2.1; +http://www.google.com/bot.html)"
66.249.77.76 - - [30/Apr/2025:15:13:52 -0400] "GET /?e=029756218801&channel=6a8035&from=product.php%3Fid%3D62188-5908%26name%3D%E3%83%9E%E3%83%AB%E3%83%9F%E5%85%89%E6%A9%9F+MARUMI+MC-N+%E3%83%97%E3%83%AD%E3%83%86%E3%82%AF%E3%82%BF%E3%83%BC+30.5mm HTTP/1.1" 200 48968 "-" "Mozilla/5.0 (Linux; Android 6.0.1; Nexus 5X Build/MMB29P) AppleWebKit/537.36 (KHTML, like Gecko) Chrome/135.0.7049.95 Mobile Safari/537.36 (compatible; Googlebot/2.1; +http://www.google.com/bot.html)"
40.77.167.72 - - [30/Apr/2025:15:14:24 -0400] "GET /?e=22097178810503&channel=72b2f1&from=product.php%3Fid%3D1788105-23585%26name%3DX495%E3%80%90%E6%96%B0%E7%9D%80%E3%80%91Xerophyta%E3%80%80%E3%83%88%E3%83%AA%E3%82%B3%E3%83%95%E3%82%A3%E3%83%A9%EF%BC%88%E7%8F%BE%E5%9C%B0%E7%90%83%E3%83%BB%E7%99%BA%E8%8A%BD%E9%96%8B%E5%A7%8B%E6%A0%AA%E3%83%BB%E6%8A%9C%E3%81%8D%E8%8B%97%EF%BC%89%E3%80%90%E5%A1%8A%E6%A0%B9%E6%A4%8D%E7%89%A9%E3%80%91%E3%82%AD%E3%82%BB%E3%83%AD%E3%83%95%E3%82%A3%E3%82%BF%E3%80%80%E3%83%88%E3%83%AA%E3%82%B3%E3%83%95%E3%82%A3%E3%83%A9 HTTP/1.1" 200 39831 "-" "Mozilla/5.0 AppleWebKit/537.36 (KHTML, like Gecko; compatible; bingbot/2.0; +http://www.bing.com/bingbot.htm) Chrome/116.0.1938.76 Safari/537.36"
66.249.77.64 - - [30/Apr/2025:15:14:29 -0400] "GET /?e=64194134617200&channel=1878eb&from=article.php%3Fid%3D1346172-1012%26name%3D%E3%80%90%E6%96%B0%E5%93%81%E3%80%91Google+Pixel+4a+5G+128GB+SIM%E3%83%95%E3%83%AA%E3%83%BC+%E3%82%B9%E3%83%9E%E3%83%9B HTTP/1.1" 200 51638 "-" "Mozilla/5.0 (Linux; Android 6.0.1; Nexus 5X Build/MMB29P) AppleWebKit/537.36 (KHTML, like Gecko) Chrome/135.0.7049.95 Mobile Safari/537.36 (compatible; Googlebot/2.1; +http://www.google.com/bot.html)"
157.55.39.201 - - [30/Apr/2025:15:15:03 -0400] "GET /?e=77099195190804&channel=3f1de5&from=pin.php%3Fid%3D1951908-21370%26name%3D%E3%80%90%E5%B0%82%E7%94%A8%E3%80%91%E3%82%A8%E3%83%B3%E3%82%B8%E3%82%A7%E3%83%AB%E3%83%95%E3%82%A7%E3%82%B6%E3%83%BC%E3%83%95%E3%83%AD%E3%83%BC%E3%83%A9%E3%82%A4%E3%83%88%E3%81%A8%E3%83%AB%E3%83%93%E3%83%BC%E3%81%8A%E3%81%BE%E3%81%A8%E3%82%81%E3%82%BB%E3%83%83%E3%83%88 HTTP/1.1" 200 40580 "-" "Mozilla/5.0 AppleWebKit/537.36 (KHTML, like Gecko; compatible; bingbot/2.0; +http://www.bing.com/bingbot.htm) Chrome/116.0.1938.76 Safari/537.36"
66.249.77.64 - - [30/Apr/2025:15:15:19 -0400] "GET /?e=52216186163002&channel=495f53&from=brands.php%3Fid%3D1861630-33176%26name%3D%EF%BC%AB%EF%BC%AC%EF%BC%AB%EF%BC%A3%EF%BC%AD%EF%BC%B3+%E3%83%8F%E3%83%A0%E3%82%B9%E3%82%BF%E3%83%BC%E3%82%B5%E3%83%B3%E3%83%89%E3%83%90%E3%82%B9%E3%82%B3%E3%83%B3%E3%83%86%E3%83%8A%E3%80%81%E3%83%88%E3%82%A4%E3%83%AC%E3%80%81%E9%80%8F%E6%98%8E%E3%80%81%E3%82%B7%E3%83%A3%E3%83%AF%E3%83%BC%E3%83%AB%E3%83%BC%E3%83%A0%E3%82%B5%E3%83%B3%E3%83%89%E3%83%9C%E3%83%83%E3%82%AF%E3%82%B9%E5%B0%8F%E5%8B%95%E7%89%A9%E3%82%B7%E3%83%A3%E3%83%AF%E3%83%BC%E3%83%8F%E3%82%A4%E3%83%89%E3%82%A2%E3%82%A6%E3%83%88%E3%83%9F%E3%83%BC%E3%82%B9%E5%B0%8F%E5%8B%95%E7%89%A9%E3%83%8F%E3%83%A0%E3%82%B9%E3%82%BF HTTP/1.1" 200 49971 "-" "Mozilla/5.0 (Linux; Android 6.0.1; Nexus 5X Build/MMB29P) AppleWebKit/537.36 (KHTML, like Gecko) Chrome/135.0.7049.95 Mobile Safari/537.36 (compatible; Googlebot/2.1; +http://www.google.com/bot.html)"
66.249.77.76 - - [30/Apr/2025:15:15:35 -0400] "GET /?e=49778127050404&channel=1956dc&from=category-info.php%3Fid%3D1270504-11782%26name%3D%E3%83%AB%E3%83%BB%E3%82%AF%E3%83%AB%E3%83%BC%E3%82%BC%E3%80%80%E3%83%9F%E3%82%AD%E3%82%B7%E3%83%B3%E3%82%B0%E3%83%9C%E3%82%A6%E3%83%AB%E3%80%80%E5%A4%A7 HTTP/1.1" 200 50021 "-" "Mozilla/5.0 (Linux; Android 6.0.1; Nexus 5X Build/MMB29P) AppleWebKit/537.36 (KHTML, like Gecko) Chrome/135.0.7049.95 Mobile Safari/537.36 (compatible; Googlebot/2.1; +http://www.google.com/bot.html)"
40.77.167.72 - - [30/Apr/2025:15:15:44 -0400] "GET /?e=2732736240101&channel=387130&from=pin.php%3Fid%3D362401-16766%26name%3D%E3%82%BF%E3%82%AA%E3%83%AB%E3%82%A6%E3%82%A9%E3%83%BC%E3%83%9E%E3%83%BC%E3%83%A9%E3%82%B8%E3%82%A8%E3%83%BC%E3%82%BF%E3%83%BC%E3%82%AB%E3%83%BC%E3%83%9C%E3%83%B3%E3%83%95%E3%82%A1%E3%82%A4%E3%83%90%E3%83%BC%E9%9B%BB%E6%B0%97%E5%8A%A0%E7%86%B1%E3%82%BF%E3%82%AA%E3%83%AB%E3%83%A9%E3%83%83%E3%82%AF%E3%83%88%E3%83%83%E3%83%97%E3%82%B7%E3%82%A7%E3%83%AB%E3%83%95%E4%BB%98%E3%81%8D%E3%82%B9%E3%83%86%E3%83%B3%E3%83%AC%E3%82%B9%E3%82%B9%E3%83%81%E3%83%BC%E3%83%AB%E5%A3%81%E5%8F%96%E3%82%8A%E4%BB%98%E3%81%91%E3%82%BF%E3%83%83%E3%83%81%E3%82%B9%E3%82%AF%E3%83%AA%E3%83%BC%E3%83%B3%E3%82%B9%E3%82%A4 HTTP/1.1" 200 40460 "-" "Mozilla/5.0 AppleWebKit/537.36 (KHTML, like Gecko; compatible; bingbot/2.0; +http://www.bing.com/bingbot.htm) Chrome/116.0.1938.76 Safari/537.36"
66.249.77.76 - - [30/Apr/2025:15:15:52 -0400] "GET /?e=3856172576606&channel=da6f26&from=blog.php%3Fid%3D725766-613%26name%3D%E3%83%89%E3%83%83%E3%82%AB%E3%83%BC%E3%82%BA+%E3%83%88%E3%83%AC%E3%83%B3%E3%83%81%E3%82%B3%E3%83%BC%E3%83%88+%E3%83%99%E3%83%BC%E3%82%B8%E3%83%A5+S HTTP/1.1" 200 49594 "-" "Mozilla/5.0 (Linux; Android 6.0.1; Nexus 5X Build/MMB29P) AppleWebKit/537.36 (KHTML, like Gecko) Chrome/135.0.7049.95 Mobile Safari/537.36 (compatible; Googlebot/2.1; +http://www.google.com/bot.html)"
20.15.133.174 - - [30/Apr/2025:15:16:05 -0400] "GET /?e=272839478711&channel=104fee&from=jp.php%3Fid%3D94787-423%26name%3D%E3%82%AB%E3%83%BC%E3%82%B4+%E3%83%88%E3%83%BC%E3%83%88+%E3%83%90%E3%83%83%E3%82%B0+26 HTTP/1.1" 200 39313 "-" "Mozilla/5.0 AppleWebKit/537.36 (KHTML, like Gecko; compatible; bingbot/2.0; +http://www.bing.com/bingbot.htm) Chrome/116.0.1938.76 Safari/537.36"
66.249.77.77 - - [30/Apr/2025:15:17:19 -0400] "GET /?e=62112143808405&channel=121427&from=shared.php%3Fid%3D1438084-4786%26name%3D%E3%83%AA%E3%82%AA%E3%83%8D%E3%83%AB%E3%83%BB%E3%83%A1%E3%83%83%E3%82%B7%E3%80%80%E7%9B%B4%E7%AD%86%E3%82%B5%E3%82%A4%E3%83%B3%E5%85%A5%E3%82%8A%E3%82%B9%E3%83%91%E3%82%A4%E3%82%AF HTTP/1.1" 200 49551 "-" "Mozilla/5.0 (Linux; Android 6.0.1; Nexus 5X Build/MMB29P) AppleWebKit/537.36 (KHTML, like Gecko) Chrome/135.0.7049.95 Mobile Safari/537.36 (compatible; Googlebot/2.1; +http://www.google.com/bot.html)"
66.249.77.76 - - [30/Apr/2025:15:17:40 -0400] "GET /?e=2037282694200&channel=518bb4&from=info.php%3Fid%3D826942-24903%26name%3DZARA%28%E3%82%B6%E3%83%A9%29+%E3%82%AD%E3%83%A5%E3%83%AD%E3%83%83%E3%83%88%E9%A2%A8%E3%82%B9%E3%82%B3%E3%83%BC%E3%83%88+%E3%82%B7%E3%83%A7%E3%83%BC%E3%83%88%E3%83%91%E3%83%B3%E3%83%84 HTTP/1.1" 200 51098 "-" "Mozilla/5.0 (Linux; Android 6.0.1; Nexus 5X Build/MMB29P) AppleWebKit/537.36 (KHTML, like Gecko) Chrome/135.0.7049.95 Mobile Safari/537.36 (compatible; Googlebot/2.1; +http://www.google.com/bot.html)"
107.151.248.52 - - [30/Apr/2025:15:18:24 -0400] "GET /wp-admin/upgrade.php?_wp_http_referer=%2Fwp-admin%2Fnetwork%2F HTTP/1.1" 403 1242 "binance.com" "Mozilla/5.0 (Windows NT 10.0; Win64; x64) AppleWebKit/537.36 (KHTML, like Gecko) Chrome/90.0.4430.85 Safari/537.36"
107.151.248.52 - - [30/Apr/2025:15:18:29 -0400] "GET /wp-admin/upgrade.php?_wp_http_referer=%2Fwp-admin%2Fuser%2F HTTP/1.1" 403 1242 "binance.com" "Mozilla/5.0 (Windows NT 10.0; Win64; x64) AppleWebKit/537.36 (KHTML, like Gecko) Chrome/90.0.4430.85 Safari/537.36"
66.249.77.64 - - [30/Apr/2025:15:18:32 -0400] "GET /?e=7822769219203&channel=253b35&from=product.php%3Fid%3D692192-18084%26name%3D%E3%83%97%E3%83%AD%E3%83%83%E3%82%AF%E3%82%B9PROX+%E3%82%AF%E3%83%A9%E3%83%95%E3%83%88%E3%83%AD%E3%83%83%E3%83%89%E3%82%B0%E3%83%AA%E3%83%83%E3%83%97DPS%E4%B8%A1%E8%BB%B8%E3%83%BB%E3%82%B9%E3%83%94%E3%83%8B%E3%83%B3%E3%82%B0+%E5%86%85%E5%BE%848mm+CRGDPS8 HTTP/1.1" 200 51178 "-" "Mozilla/5.0 (Linux; Android 6.0.1; Nexus 5X Build/MMB29P) AppleWebKit/537.36 (KHTML, like Gecko) Chrome/135.0.7049.95 Mobile Safari/537.36 (compatible; Googlebot/2.1; +http://www.google.com/bot.html)"
66.249.77.76 - - [30/Apr/2025:15:18:55 -0400] "GET /?e=2296620547201&channel=056b12&from=blog.php%3Fid%3D205472-12825%26name%3D100V%E5%8D%8A%E8%87%AA%E5%8B%95%E6%BA%B6%E6%8E%A5%E6%A9%9F%E3%80%80YOTUKA+%E3%83%8F%E3%82%A4%E3%82%AC%E3%83%BC%E7%94%A3%E6%A5%AD HTTP/1.1" 200 50644 "-" "Mozilla/5.0 (Linux; Android 6.0.1; Nexus 5X Build/MMB29P) AppleWebKit/537.36 (KHTML, like Gecko) Chrome/135.0.7049.95 Mobile Safari/537.36 (compatible; Googlebot/2.1; +http://www.google.com/bot.html)"
66.249.77.64 - - [30/Apr/2025:15:19:26 -0400] "GET /?e=8286462832203&channel=e7fc7b&from=article.php%3Fid%3D628322-21977%26name%3DPlackers+Twin+Line%E3%83%87%E3%83%B3%E3%82%BF%E3%83%AB%E3%83%95%E3%83%AD%E3%82%B9120%E6%9C%AC%E3%82%BB%E3%83%83%E3%83%88 HTTP/1.1" 200 51119 "-" "Mozilla/5.0 (Linux; Android 6.0.1; Nexus 5X Build/MMB29P) AppleWebKit/537.36 (KHTML, like Gecko) Chrome/135.0.7049.95 Mobile Safari/537.36 (compatible; Googlebot/2.1; +http://www.google.com/bot.html)"
66.249.77.76 - - [30/Apr/2025:15:19:34 -0400] "GET /?e=91895171171404&channel=5590cb&from=blog.php%3Fid%3D1711714-8952%26name%3D%E5%92%8C%E6%B4%8B%E6%8A%98%E8%A1%B7%E3%82%B3%E3%83%BC%E3%83%87+4%E7%82%B9%E3%82%BB%E3%83%83%E3%83%88+mi-182 HTTP/1.1" 200 50146 "-" "Mozilla/5.0 (Linux; Android 6.0.1; Nexus 5X Build/MMB29P) AppleWebKit/537.36 (KHTML, like Gecko) Chrome/135.0.7049.95 Mobile Safari/537.36 (compatible; Googlebot/2.1; +http://www.google.com/bot.html)"
66.249.77.76 - - [30/Apr/2025:15:19:54 -0400] "GET /?e=50126172039600&channel=e9ca4b&from=jp.php%3Fid%3D1720396-5090%26name%3D%5BZHIFANXN%5D+%E3%83%A1%E3%83%83%E3%82%B7%E3%83%A5%E3%82%AD%E3%83%A3%E3%83%83%E3%83%97+%E3%83%A1%E3%83%B3%E3%82%BA+%E3%83%AC%E3%83%87%E3%82%A3%E3%83%BC%E3%82%B9+%E9%80%9F%E4%B9%BE+%E8%BB%BD%E8%96%84+%E9%80%9A%E6%B0%97+%E9%87%8E%E7%90%83%E5%B8%BD+%E8%AA%BF%E7%AF%80%E5%8F%AF%E8%83%BD+%E7%94%B7%E5%A5%B3%E5%85%BC%E7%94%A8+%E3%83%99%E3%83%BC%E3%82%B9%E3%83%9C%E3%83%BC%E3%83%AB%E3%82%AD%E3%83%A3%E3%83%83%E3%83%97+%E5%A4%8F%E7%94%A8 HTTP/1.1" 200 54202 "-" "Mozilla/5.0 (Linux; Android 6.0.1; Nexus 5X Build/MMB29P) AppleWebKit/537.36 (KHTML, like Gecko) Chrome/135.0.7049.95 Mobile Safari/537.36 (compatible; Googlebot/2.1; +http://www.google.com/bot.html)"
66.249.77.76 - - [30/Apr/2025:15:20:24 -0400] "GET /?e=8094049237400&channel=325844&from=info.php%3Fid%3D492374-4144%26name%3D%E5%89%8D%E7%94%B0%E8%97%A4%E5%9B%9B%E9%83%8E%E7%94%BB%E5%AE%B6%E3%81%AE%E9%8E%A7%E5%B2%B3%E3%80%81%E7%89%88%E7%94%BB HTTP/1.1" 200 51050 "-" "Mozilla/5.0 (Linux; Android 6.0.1; Nexus 5X Build/MMB29P) AppleWebKit/537.36 (KHTML, like Gecko) Chrome/135.0.7049.95 Mobile Safari/537.36 (compatible; Googlebot/2.1; +http://www.google.com/bot.html)"
66.249.77.77 - - [30/Apr/2025:15:20:39 -0400] "GET /?e=83964113995008&channel=f1ef0b&from=pin.php%3Fid%3D1139950-4029%26name%3D%E3%82%A4%E3%83%B3%E3%83%8A%E3%83%BC%E4%BB%98%E3%81%8D+%E3%83%AC%E3%82%A4%E3%83%B3%E3%82%B9%E3%83%8B%E3%83%BC%E3%82%AB%E3%83%BC+pmygrainboot16 HTTP/1.1" 200 49590 "-" "Mozilla/5.0 (Linux; Android 6.0.1; Nexus 5X Build/MMB29P) AppleWebKit/537.36 (KHTML, like Gecko) Chrome/135.0.7049.95 Mobile Safari/537.36 (compatible; Googlebot/2.1; +http://www.google.com/bot.html)"
66.249.77.77 - - [30/Apr/2025:15:20:39 -0400] "GET /?e=00216199315802&channel=068fbd&from=shop.php%3Fid%3D1993158-9347%26name%3D%E3%82%A4%E3%83%B3%E3%83%8A%E3%83%BC%E3%83%9E%E3%82%B9%E3%82%AF%E7%AB%8B%E4%BD%93%E2%9C%BB%E3%83%81%E3%83%A5%E3%83%BC%E3%83%AB%E3%83%AC%E3%83%BC%E3%82%B9%EF%BC%AE%EF%BD%8F%EF%BC%8E198 HTTP/1.1" 200 49354 "-" "Mozilla/5.0 (Linux; Android 6.0.1; Nexus 5X Build/MMB29P) AppleWebKit/537.36 (KHTML, like Gecko) Chrome/135.0.7049.95 Mobile Safari/537.36 (compatible; Googlebot/2.1; +http://www.google.com/bot.html)"
66.249.77.76 - - [30/Apr/2025:15:20:40 -0400] "GET /?e=42372137257400&channel=110c55&from=blog.php%3Fid%3D1372574-4235%26name%3D%5B%E3%82%B5%E3%83%AD%E3%83%A2%E3%83%B3%5D+%E3%83%88%E3%83%AC%E3%83%83%E3%82%AD%E3%83%B3%E3%82%B0+%E3%82%B7%E3%83%A5%E3%83%BC%E3%82%BA+%E3%82%A8%E3%83%83%E3%82%AF%E3%82%B9%E3%82%A2%E3%83%89%E3%83%99%E3%83%B3%E3%83%81%E3%83%A3%E3%83%BC+%E3%82%B4%E3%82%A2%E3%83%86%E3%83%83%E3%82%AF%E3%82%B9+X-ADVENTURE+GTX+W+%E3%83%AC%E3%83%87%E3%82%A3%E3%83%BC%E3%82%B9+L473 HTTP/1.1" 200 51035 "-" "Mozilla/5.0 (Linux; Android 6.0.1; Nexus 5X Build/MMB29P) AppleWebKit/537.36 (KHTML, like Gecko) Chrome/135.0.7049.95 Mobile Safari/537.36 (compatible; Googlebot/2.1; +http://www.google.com/bot.html)"
66.249.77.77 - - [30/Apr/2025:15:20:41 -0400] "GET /?e=5928288006202&channel=f5bdf2&from=shared.php%3Fid%3D880062-1071%26name%3D%E3%80%90%E6%9C%AA%E4%BD%BF%E7%94%A8%E3%80%91IKEA+LACK+%E3%82%A6%E3%82%A9%E3%83%BC%E3%83%AB%E3%82%B7%E3%82%A7%E3%83%AB%E3%83%95+%E3%83%A6%E3%83%8B%E3%83%83%E3%83%88+%E3%83%9B%E3%83%AF%E3%82%A4%E3%83%88%E3%80%90%E9%80%81%E6%96%99%E8%BE%BC%E3%80%91 HTTP/1.1" 200 50167 "-" "Mozilla/5.0 (Linux; Android 6.0.1; Nexus 5X Build/MMB29P) AppleWebKit/537.36 (KHTML, like Gecko) Chrome/135.0.7049.95 Mobile Safari/537.36 (compatible; Googlebot/2.1; +http://www.google.com/bot.html)"
66.249.77.76 - - [30/Apr/2025:15:20:43 -0400] "GET /?e=70743172145007&channel=74f88c&from=product.php%3Fid%3D1721450-26530%26name%3DHOMSFOU+1%E3%82%BB%E3%83%83%E3%83%88+%E3%82%B7%E3%83%BC%E3%83%AA%E3%83%B3%E3%82%B0%E3%82%B9%E3%83%86%E3%83%83%E3%82%AB%E3%83%BC+Thank+You+%E3%82%B7%E3%83%BC%E3%83%AB+%E3%83%8F%E3%83%83%E3%83%94%E3%83%BC+%E8%89%B2%E4%BB%98%E3%81%8D%E3%81%AE+%E3%83%A9%E3%83%99%E3%83%AB+%E5%B0%8F%E3%81%95%E3%81%84+%E3%81%82%E3%82%8A%E3%81%8C%E3%81%A8%E3%81%86+%E3%82%B9%E3%83%86%E3%83%83%E3%82%AB HTTP/1.1" 200 51000 "-" "Mozilla/5.0 (Linux; Android 6.0.1; Nexus 5X Build/MMB29P) AppleWebKit/537.36 (KHTML, like Gecko) Chrome/135.0.7049.95 Mobile Safari/537.36 (compatible; Googlebot/2.1; +http://www.google.com/bot.html)"
66.249.77.76 - - [30/Apr/2025:15:20:44 -0400] "GET /?e=2410959337003&channel=fff20e&from=pin.php%3Fid%3D593370-2073%26name%3D%E5%AE%9A%E4%BE%A1%E3%81%AE40%EF%BC%85+%E3%83%AA%E3%83%81%E3%83%A3%E3%83%BC%E3%83%89%E3%82%B8%E3%83%8E%E3%83%AA+%E3%82%AB%E3%83%86%E3%83%BC%E3%83%8D+%E3%82%B5%E3%83%95%E3%82%A1%E3%82%A4%E3%82%A2+%E3%83%86%E3%82%A3%E3%83%BC%E3%82%AB%E3%83%83%E3%83%97%E4%BB%96+5%E7%82%B9%E3%82%BB%E3%83%83%E3%83%88 HTTP/1.1" 200 50127 "-" "Mozilla/5.0 (Linux; Android 6.0.1; Nexus 5X Build/MMB29P) AppleWebKit/537.36 (KHTML, like Gecko) Chrome/135.0.7049.95 Mobile Safari/537.36 (compatible; Googlebot/2.1; +http://www.google.com/bot.html)"
20.15.133.191 - - [30/Apr/2025:15:20:45 -0400] "GET /?e=7170375197001&channel=ce6801&from=info.php%3Fid%3D751970-23809%26name%3D%E3%83%98%E3%83%8D%E3%82%B7%E3%83%BC%E3%80%80hennessy+xo+%E3%82%B3%E3%83%8B%E3%83%A3%E3%83%83%E3%82%AF%E3%80%801000ml HTTP/1.1" 200 40130 "-" "Mozilla/5.0 AppleWebKit/537.36 (KHTML, like Gecko; compatible; bingbot/2.0; +http://www.bing.com/bingbot.htm) Chrome/116.0.1938.76 Safari/537.36"
66.249.77.76 - - [30/Apr/2025:15:20:45 -0400] "GET /?e=7720623432803&channel=eda897&from=brands.php%3Fid%3D234328-9718%26name%3DNike+Jordan+Luka+4+%22Space+Navigator%22 HTTP/1.1" 200 50643 "-" "Mozilla/5.0 (Linux; Android 6.0.1; Nexus 5X Build/MMB29P) AppleWebKit/537.36 (KHTML, like Gecko) Chrome/135.0.7049.95 Mobile Safari/537.36 (compatible; Googlebot/2.1; +http://www.google.com/bot.html)"
66.249.77.76 - - [30/Apr/2025:15:20:46 -0400] "GET /?e=3987136570400&channel=d8d8eb&from=pin.php%3Fid%3D365704-17256%26name%3D%E3%83%AF%E3%82%AD%E3%82%BB%E3%83%A9%E3%83%A0%E3%80%81%E3%83%9B%E3%83%AF%E3%82%A4%E3%83%88%E3%82%A8%E3%83%83%E3%82%BB%E3%83%B3%E3%82%B9%E3%83%87%E3%83%AA%E3%82%B1%E3%83%BC%E3%83%88%E3%82%B9%E3%82%AD%E3%83%B3 HTTP/1.1" 200 49680 "-" "Mozilla/5.0 (Linux; Android 6.0.1; Nexus 5X Build/MMB29P) AppleWebKit/537.36 (KHTML, like Gecko) Chrome/135.0.7049.95 Mobile Safari/537.36 (compatible; Googlebot/2.1; +http://www.google.com/bot.html)"
66.249.77.76 - - [30/Apr/2025:15:20:47 -0400] "GET /?e=17455112014400&channel=6e0846&from=info.php%3Fid%3D1120144-6274%26name%3D%E3%80%90%E4%B8%8A%E4%B8%8B%E3%82%BB%E3%83%83%E3%83%88%E3%80%91%E3%83%9F%E3%82%BA%E3%83%8EMIZUNO+%E3%83%A1%E3%83%B3%E3%82%BA+%E3%82%B9%E3%82%AD%E3%83%BC%E3%82%A6%E3%82%A7%E3%82%A2 HTTP/1.1" 200 49259 "-" "Mozilla/5.0 (Linux; Android 6.0.1; Nexus 5X Build/MMB29P) AppleWebKit/537.36 (KHTML, like Gecko) Chrome/135.0.7049.95 Mobile Safari/537.36 (compatible; Googlebot/2.1; +http://www.google.com/bot.html)"
66.249.77.77 - - [30/Apr/2025:15:20:48 -0400] "GET /?e=51472195405202&channel=e0ba36&from=goods.php%3Fid%3D1954052-20312%26name%3DSHARP+EL-509T+%E9%96%A2%E6%95%B0%E9%9B%BB%E5%8D%93 HTTP/1.1" 200 51103 "-" "Mozilla/5.0 (Linux; Android 6.0.1; Nexus 5X Build/MMB29P) AppleWebKit/537.36 (KHTML, like Gecko) Chrome/135.0.7049.95 Mobile Safari/537.36 (compatible; Googlebot/2.1; +http://www.google.com/bot.html)"
66.249.77.77 - - [30/Apr/2025:15:20:48 -0400] "GET /?e=17667163802209&channel=50054d&from=category-info.php%3Fid%3D1638022-23388%26name%3D%E3%83%A9%E3%83%B3%E3%83%90%E3%83%B3%E3%82%AA%E3%83%B3%E3%83%96%E3%83%AB%E3%83%BC%E3%80%80%E4%BA%8C%E3%81%A4%E6%8A%98%E3%82%8A%E8%B2%A1%E5%B8%83%E3%80%80%E3%83%94%E3%83%B3%E3%82%AF HTTP/1.1" 200 50662 "-" "Mozilla/5.0 (Linux; Android 6.0.1; Nexus 5X Build/MMB29P) AppleWebKit/537.36 (KHTML, like Gecko) Chrome/135.0.7049.95 Mobile Safari/537.36 (compatible; Googlebot/2.1; +http://www.google.com/bot.html)"
66.249.77.77 - - [30/Apr/2025:15:20:50 -0400] "GET /?e=928475396204&channel=84ad3d&from=shared.php%3Fid%3D53962-4684%26name%3D11FEET+%E3%82%B8%E3%83%A5%E3%82%A6%E3%82%A4%E3%83%81%E3%83%95%E3%82%A3%E3%83%BC%E3%83%88+%E3%83%A2%E3%83%83%E3%82%AF%E3%83%8D%E3%83%83%E3%82%AF%E3%82%B7%E3%83%A3%E3%83%84+30953003 HTTP/1.1" 200 51499 "-" "Mozilla/5.0 (Linux; Android 6.0.1; Nexus 5X Build/MMB29P) AppleWebKit/537.36 (KHTML, like Gecko) Chrome/135.0.7049.95 Mobile Safari/537.36 (compatible; Googlebot/2.1; +http://www.google.com/bot.html)"
66.249.77.76 - - [30/Apr/2025:15:20:50 -0400] "GET /?e=882214778611&channel=7a5534&from=article.php%3Fid%3D47786-520%26name%3D%E3%80%90%E6%96%B0%E5%93%81%E6%9C%AA%E4%BD%BF%E7%94%A8%E5%93%81%E3%80%91%E3%82%A8%E3%83%AB%E3%83%A1%E3%82%B9%E3%80%80%E3%82%A8%E3%82%B9%E3%83%91%E3%83%89%E3%83%AA%E3%83%BC%E3%83%A6%E3%80%80%E3%82%B9%E3%82%A8%E3%83%BC%E3%83%89%E3%80%80%E7%B4%BA++%E3%82%AF%E3%83%AB%E3%83%BC%E3%83%89%E3%82%BB%E3%83%AB%E4%BB%98%E3%81%8D HTTP/1.1" 200 49758 "-" "Mozilla/5.0 (Linux; Android 6.0.1; Nexus 5X Build/MMB29P) AppleWebKit/537.36 (KHTML, like Gecko) Chrome/135.0.7049.95 Mobile Safari/537.36 (compatible; Googlebot/2.1; +http://www.google.com/bot.html)"
66.249.77.76 - - [30/Apr/2025:15:20:51 -0400] "GET /?e=2996977867700&channel=cfee96&from=shared.php%3Fid%3D778677-18788%26name%3DEUROBEAT+FLASH+24%E6%9E%9A+%E7%BE%8E%E5%93%81%E5%B8%AF%E3%81%82%E3%82%8A%E5%AE%8C%E5%93%81+%E3%82%B3%E3%83%B3%E3%83%97%E3%83%AA%E3%83%BC%E3%83%88%E3%82%BB%E3%83%83%E3%83%88%E3%80%80%E3%83%A6%E3%83%BC%E3%83%AD%E3%83%93%E3%83%BC%E3%83%88+%E3%83%95%E3%83%A9%E3%83%83%E3%82%B7%E3%83%A5+%E3%82%B9%E3%83%BC%E3%83%91%E3%83%BC+%E3%83%9E%E3%83%83%E3%83%8F+EURO+MACH HTTP/1.1" 200 52977 "-" "Mozilla/5.0 (Linux; Android 6.0.1; Nexus 5X Build/MMB29P) AppleWebKit/537.36 (KHTML, like Gecko) Chrome/135.0.7049.95 Mobile Safari/537.36 (compatible; Googlebot/2.1; +http://www.google.com/bot.html)"
66.249.77.77 - - [30/Apr/2025:15:20:53 -0400] "GET /?e=7789861111201&channel=f46e94&from=article.php%3Fid%3D611112-620%26name%3DISP+TECHNOLOGIES+DECI-MATE+DECIMATOR HTTP/1.1" 200 50820 "-" "Mozilla/5.0 (Linux; Android 6.0.1; Nexus 5X Build/MMB29P) AppleWebKit/537.36 (KHTML, like Gecko) Chrome/135.0.7049.95 Mobile Safari/537.36 (compatible; Googlebot/2.1; +http://www.google.com/bot.html)"
66.249.77.76 - - [30/Apr/2025:15:20:53 -0400] "GET /?e=53679193140003&channel=cccab1&from=brands.php%3Fid%3D1931400-6793%26name%3D%E3%82%B9%E3%83%86%E3%83%A9%E3%83%9C%E3%83%BC%E3%83%86%E3%80%80%E3%83%93%E3%83%A5%E3%83%BC%E3%83%86%E3%82%A3%E3%83%95%E3%82%A7%E3%82%A4%E3%82%B9%E3%82%B9%E3%83%86%E3%82%A3%E3%83%83%E3%82%AF HTTP/1.1" 200 49980 "-" "Mozilla/5.0 (Linux; Android 6.0.1; Nexus 5X Build/MMB29P) AppleWebKit/537.36 (KHTML, like Gecko) Chrome/135.0.7049.95 Mobile Safari/537.36 (compatible; Googlebot/2.1; +http://www.google.com/bot.html)"
66.249.77.76 - - [30/Apr/2025:15:20:54 -0400] "GET /?e=75707160981200&channel=a05bd7&from=article.php%3Fid%3D1609812-4868%26name%3D%E3%83%AB%E3%83%BC%E3%82%AF%E3%82%B7%E3%83%A7%E3%83%BC%E3%83%88%E3%83%87%E3%82%B6%E3%82%A4%E3%83%B3 HTTP/1.1" 200 50964 "-" "Mozilla/5.0 (Linux; Android 6.0.1; Nexus 5X Build/MMB29P) AppleWebKit/537.36 (KHTML, like Gecko) Chrome/135.0.7049.95 Mobile Safari/537.36 (compatible; Googlebot/2.1; +http://www.google.com/bot.html)"
66.249.77.77 - - [30/Apr/2025:15:20:55 -0400] "GET /?e=36774186215806&channel=afcb55&from=category-info.php%3Fid%3D1862158-14609%26name%3D2020%E5%B9%B4%E8%A3%BD+%E3%82%B0%E3%83%83%E3%83%89%E3%82%A4%E3%83%A4%E3%83%BC+NAVI7+175%2F65R14+%E5%9B%BD%E7%94%A3%21%214%E6%9C%AC+%E5%86%AC%E7%94%A8 HTTP/1.1" 200 50581 "-" "Mozilla/5.0 (Linux; Android 6.0.1; Nexus 5X Build/MMB29P) AppleWebKit/537.36 (KHTML, like Gecko) Chrome/135.0.7049.95 Mobile Safari/537.36 (compatible; Googlebot/2.1; +http://www.google.com/bot.html)"
66.249.77.64 - - [30/Apr/2025:15:20:56 -0400] "GET /?e=00521101290004&channel=0a9df9&from=article.php%3Fid%3D1012900-11385%26name%3D%E5%A4%A2%E8%A6%8B%E5%A4%9A%E6%81%B5%E7%94%BB%E3%80%80%E6%96%B0%E4%BD%9C%E3%80%80%E3%81%BF%E3%81%AA%E3%81%A8%E3%81%BF%E3%82%89%E3%81%84%E3%81%AE%E8%8A%B1%E7%81%AB%E3%80%80%E4%B8%80%E7%82%B9%E7%89%A9%E3%80%8012.7%C3%9717.8%C3%970.3 HTTP/1.1" 200 51412 "-" "Mozilla/5.0 (Linux; Android 6.0.1; Nexus 5X Build/MMB29P) AppleWebKit/537.36 (KHTML, like Gecko) Chrome/135.0.7049.95 Mobile Safari/537.36 (compatible; Googlebot/2.1; +http://www.google.com/bot.html)"
66.249.77.64 - - [30/Apr/2025:15:20:57 -0400] "GET /?e=501968915900&channel=545eb7&from=category-info.php%3Fid%3D89159-7387%26name%3DSongs+from+Wasties+Orchard%28%E4%B8%AD%E5%8F%A4%E5%93%81%29 HTTP/1.1" 200 52405 "-" "Mozilla/5.0 (Linux; Android 6.0.1; Nexus 5X Build/MMB29P) AppleWebKit/537.36 (KHTML, like Gecko) Chrome/135.0.7049.95 Mobile Safari/537.36 (compatible; Googlebot/2.1; +http://www.google.com/bot.html)"
66.249.77.77 - - [30/Apr/2025:15:20:58 -0400] "GET /?e=68004168189812&channel=433b2b&from=article.php%3Fid%3D1681898-27540%26name%3D%E5%80%89%E6%9C%A8%E9%BA%BB%E8%A1%A3+%E3%83%95%E3%82%A1%E3%83%B3%E3%82%AF%E3%83%A9%E3%83%96%E4%BC%9A%E5%A0%B1%EF%BC%8B%E3%82%B0%E3%83%AA%E3%83%BC%E3%83%86%E3%82%A3%E3%83%B3%E3%82%B0%E3%82%AB%E3%83%BC%E3%83%89%EF%BC%8B%E4%BC%9A%E5%93%A1%E8%A8%BC%EF%BC%8B%E3%83%A1%E3%83%80%E3%83%AB%EF%BC%8B%E3%83%95%E3%83%A9%E3%82%A4%E3%83%A4%E3%83%BC HTTP/1.1" 200 48903 "-" "Mozilla/5.0 (Linux; Android 6.0.1; Nexus 5X Build/MMB29P) AppleWebKit/537.36 (KHTML, like Gecko) Chrome/135.0.7049.95 Mobile Safari/537.36 (compatible; Googlebot/2.1; +http://www.google.com/bot.html)"
66.249.77.64 - - [30/Apr/2025:15:20:59 -0400] "GET /?e=8986718516803&channel=cc5f14&from=info.php%3Fid%3D185168-12112%26name%3DK%C3%84RCHER+%E3%82%B9%E3%83%81%E3%83%BC%E3%83%A0%E3%82%AF%E3%83%AA%E3%83%BC%E3%83%8A%E3%83%BC+SC+JTK+20%E6%9C%AA%E4%BD%BF%E7%94%A8%E6%9C%AA%E9%96%8B%E5%B0%81+%E9%80%81%E6%96%99%E8%BE%BC%E3%81%BF%EF%BC%81 HTTP/1.1" 200 51047 "-" "Mozilla/5.0 (Linux; Android 6.0.1; Nexus 5X Build/MMB29P) AppleWebKit/537.36 (KHTML, like Gecko) Chrome/135.0.7049.95 Mobile Safari/537.36 (compatible; Googlebot/2.1; +http://www.google.com/bot.html)"
66.249.77.76 - - [30/Apr/2025:15:21:00 -0400] "GET /?e=17219160139002&channel=5928a4&from=shop.php%3Fid%3D1601390-4870%26name%3DPanasonic+LUMIX+GF3+%E3%83%AC%E3%83%B3%E3%82%BA%E3%82%AD%E3%83%83%E3%83%88+%E3%83%9F%E3%83%A9%E3%83%BC%E3%83%AC%E3%82%B9%E4%B8%80%E7%9C%BC+%E3%82%AB%E3%83%A1%E3%83%A9 HTTP/1.1" 200 50445 "-" "Mozilla/5.0 (Linux; Android 6.0.1; Nexus 5X Build/MMB29P) AppleWebKit/537.36 (KHTML, like Gecko) Chrome/135.0.7049.95 Mobile Safari/537.36 (compatible; Googlebot/2.1; +http://www.google.com/bot.html)"
66.249.77.76 - - [30/Apr/2025:15:21:00 -0400] "GET /?e=88711118479000&channel=ac309f&from=article.php%3Fid%3D1184790-383%26name%3D%E8%87%AA%E5%8B%95%E6%B2%B9%E5%9C%A7%E3%83%91%E3%83%AF%E3%83%BC%E3%82%B9%E3%83%86%E3%82%A2%E3%83%AA%E3%83%B3%E3%82%B0%E3%83%9D%E3%83%B3%E3%83%97%E3%80%81%E8%B5%B7%E4%BA%9C%E3%82%BD%E3%83%AC%E3%83%B3%E3%83%88+06+2.5L+2006-+%282006-%29+57100-3E020+57100-3E HTTP/1.1" 200 52614 "-" "Mozilla/5.0 (Linux; Android 6.0.1; Nexus 5X Build/MMB29P) AppleWebKit/537.36 (KHTML, like Gecko) Chrome/135.0.7049.95 Mobile Safari/537.36 (compatible; Googlebot/2.1; +http://www.google.com/bot.html)"
66.249.77.64 - - [30/Apr/2025:15:21:01 -0400] "GET /?e=1828954518807&channel=a65174&from=pin.php%3Fid%3D545188-20678%26name%3D%E3%82%BB%E3%82%AF%E3%82%B7%E3%83%BC%E3%82%B7%E3%83%A7%E3%83%BC%E3%83%84%E3%80%80%E3%82%B7%E3%83%BC%E3%83%A0%E3%83%AC%E3%82%B9%E3%80%80%E5%A5%B3%E6%80%A7%E4%B8%8B%E7%9D%80%E3%80%80%E3%83%A9%E3%83%B3%E3%82%B8%E3%82%A7%E3%83%AA%E3%83%BC%E3%80%80%E3%83%91%E3%83%B3%E3%83%84%E3%80%80+3%E6%9E%9A%E3%82%BB%E3%83%83%E3%83%88 HTTP/1.1" 200 50708 "-" "Mozilla/5.0 (Linux; Android 6.0.1; Nexus 5X Build/MMB29P) AppleWebKit/537.36 (KHTML, like Gecko) Chrome/135.0.7049.95 Mobile Safari/537.36 (compatible; Googlebot/2.1; +http://www.google.com/bot.html)"
66.249.77.76 - - [30/Apr/2025:15:21:03 -0400] "GET /?e=81597152267805&channel=f25fc1&from=brands.php%3Fid%3D1522678-30038%26name%3DSONY+FE+28-60F4-5.6+E%E3%83%9E%E3%82%A6%E3%83%B3%E3%83%88%E7%94%A8+SEL2860+%233549 HTTP/1.1" 200 49471 "-" "Mozilla/5.0 (Linux; Android 6.0.1; Nexus 5X Build/MMB29P) AppleWebKit/537.36 (KHTML, like Gecko) Chrome/135.0.7049.95 Mobile Safari/537.36 (compatible; Googlebot/2.1; +http://www.google.com/bot.html)"
66.249.77.64 - - [30/Apr/2025:15:21:04 -0400] "GET /?e=76277199151009&channel=f4bdb2&from=product.php%3Fid%3D1991510-1282%26name%3D%E8%87%AA%E6%93%8D%E5%BC%8F%E8%BB%8A%E6%A4%85%E5%AD%90+KAWAMURA%E3%82%AB%E3%83%AF%E3%83%A0%E3%83%A9%E3%82%B5%E3%82%A4%E3%82%AF%E3%83%AB+KA822 HTTP/1.1" 200 49811 "-" "Mozilla/5.0 (Linux; Android 6.0.1; Nexus 5X Build/MMB29P) AppleWebKit/537.36 (KHTML, like Gecko) Chrome/135.0.7049.95 Mobile Safari/537.36 (compatible; Googlebot/2.1; +http://www.google.com/bot.html)"
66.249.77.77 - - [30/Apr/2025:15:21:04 -0400] "GET /?e=0296396419201&channel=47790d&from=article.php%3Fid%3D964192-17575%26name%3Dwahl+magic+clip+black++and+gold HTTP/1.1" 200 51839 "-" "Mozilla/5.0 (Linux; Android 6.0.1; Nexus 5X Build/MMB29P) AppleWebKit/537.36 (KHTML, like Gecko) Chrome/135.0.7049.95 Mobile Safari/537.36 (compatible; Googlebot/2.1; +http://www.google.com/bot.html)"
66.249.77.77 - - [30/Apr/2025:15:21:06 -0400] "GET /?e=5999949312306&channel=f9e8e7&from=shop.php%3Fid%3D493123-19840%26name%3Doption+%E3%82%B9%E3%83%8E%E3%83%BC%E3%83%9C%E3%83%BC%E3%83%89%E3%80%80%E6%9D%BF HTTP/1.1" 200 50831 "-" "Mozilla/5.0 (Linux; Android 6.0.1; Nexus 5X Build/MMB29P) AppleWebKit/537.36 (KHTML, like Gecko) Chrome/135.0.7049.95 Mobile Safari/537.36 (compatible; Googlebot/2.1; +http://www.google.com/bot.html)"
66.249.77.77 - - [30/Apr/2025:15:21:07 -0400] "GET /?e=3851783203&channel=7ce28a&from=shared.php%3Fid%3D832-242%26name%3D%E4%BA%8C%E6%AE%B5%E3%83%99%E3%83%83%E3%83%89%28%E4%B8%8B%E9%83%A8%E5%8F%8E%E7%B4%8D%E3%83%81%E3%82%A7%E3%82%B9%E3%83%882%E5%80%8B%E4%BB%98%E3%81%8D%29%E3%80%8083372 HTTP/1.1" 200 50073 "-" "Mozilla/5.0 (Linux; Android 6.0.1; Nexus 5X Build/MMB29P) AppleWebKit/537.36 (KHTML, like Gecko) Chrome/135.0.7049.95 Mobile Safari/537.36 (compatible; Googlebot/2.1; +http://www.google.com/bot.html)"
66.249.77.76 - - [30/Apr/2025:15:21:07 -0400] "GET /?e=86016195625600&channel=cf62af&from=shared.php%3Fid%3D1956256-3433%26name%3D%E3%83%AA%E3%83%95%E3%82%A1%E3%80%80%E3%82%B9%E3%83%88%E3%83%AC%E3%83%BC%E3%83%88%E3%82%A2%E3%82%A4%E3%83%AD%E3%83%B3 HTTP/1.1" 200 50132 "-" "Mozilla/5.0 (Linux; Android 6.0.1; Nexus 5X Build/MMB29P) AppleWebKit/537.36 (KHTML, like Gecko) Chrome/135.0.7049.95 Mobile Safari/537.36 (compatible; Googlebot/2.1; +http://www.google.com/bot.html)"
66.249.77.77 - - [30/Apr/2025:15:21:09 -0400] "GET /?e=8932227719203&channel=348bc3&from=article.php%3Fid%3D277192-14914%26name%3D%E3%81%86%E3%81%95%E3%81%9F%E3%81%BE%E3%81%94%E6%A7%98%E5%B0%82%E7%94%A8%E3%83%9A%E3%83%BC%E3%82%B8 HTTP/1.1" 200 51786 "-" "Mozilla/5.0 (Linux; Android 6.0.1; Nexus 5X Build/MMB29P) AppleWebKit/537.36 (KHTML, like Gecko) Chrome/135.0.7049.95 Mobile Safari/537.36 (compatible; Googlebot/2.1; +http://www.google.com/bot.html)"
66.249.77.76 - - [30/Apr/2025:15:21:09 -0400] "GET /?e=78029106604603&channel=714a73&from=product.php%3Fid%3D1066046-16739%26name%3D%E3%83%AC%E3%83%87%E3%82%A3%E3%83%BC%E3%82%B9+%E3%82%AB%E3%82%B8%E3%83%A5%E3%82%A2%E3%83%AB+%E7%84%A1%E5%9C%B0+%E3%83%86%E3%83%8B%E3%82%B9%E3%83%9D%E3%82%B1%E3%83%83%E3%83%88%E3%82%B9%E3%82%AB%E3%83%BC%E3%83%88+%E3%83%A8%E3%82%AC+%E3%82%B9%E3%83%9D%E3%83%BC%E3%83%84+%E3%82%A2%E3%82%AF%E3%83%86%E3%82%A3%E3%83%96%E3%82%B9%E3%82%AB%E3%83%BC%E3%83%88+%E3%82%B7%E3%83%A7%E3%83%BC%E3%83%88%E3%83%91%E3%83%B3%E3%83%84+%E3%82%B9%E3%82%AB%E3%83%BC%E3%83%88+%E3%82%B9%E3%82%AB%E3%83%BC%E3%83%88+%E3%81%B2%E3%81%96%E4%B8%88 HTTP/1.1" 200 51571 "-" "Mozilla/5.0 (Linux; Android 6.0.1; Nexus 5X Build/MMB29P) AppleWebKit/537.36 (KHTML, like Gecko) Chrome/135.0.7049.95 Mobile Safari/537.36 (compatible; Googlebot/2.1; +http://www.google.com/bot.html)"
66.249.77.76 - - [30/Apr/2025:15:21:09 -0400] "GET /?e=9987056613202&channel=247054&from=product.php%3Fid%3D566132-16407%26name%3DROLAND+SP-404MKII%E3%80%80%E3%82%B5%E3%83%B3%E3%83%97%E3%83%A9%E3%83%BC HTTP/1.1" 200 51226 "-" "Mozilla/5.0 (Linux; Android 6.0.1; Nexus 5X Build/MMB29P) AppleWebKit/537.36 (KHTML, like Gecko) Chrome/135.0.7049.95 Mobile Safari/537.36 (compatible; Googlebot/2.1; +http://www.google.com/bot.html)"
66.249.77.76 - - [30/Apr/2025:15:21:10 -0400] "GET /?e=90847105488600&channel=6f53b1&from=pin.php%3Fid%3D1054886-19640%26name%3Dau+USB+Type-C+%E9%9B%BB%E6%BA%90%E3%82%A2%E3%83%80%E3%83%97%E3%82%BF%E3%83%BC+5V+2A HTTP/1.1" 200 50950 "-" "Mozilla/5.0 (Linux; Android 6.0.1; Nexus 5X Build/MMB29P) AppleWebKit/537.36 (KHTML, like Gecko) Chrome/135.0.7049.95 Mobile Safari/537.36 (compatible; Googlebot/2.1; +http://www.google.com/bot.html)"
66.249.77.76 - - [30/Apr/2025:15:21:11 -0400] "GET /?e=2892649612801&channel=2454ca&from=product.php%3Fid%3D496128-19865%26name%3D%E3%83%9D%E3%83%BC%E3%83%AB%E3%82%B9%E3%83%9F%E3%82%B9%E3%80%80%E6%96%B0%E5%93%81%E3%80%80%E3%83%A1%E3%83%B3%E3%82%BA%E3%80%80%E3%83%88%E3%83%A9%E3%83%B3%E3%82%AF%E3%82%B9%28%E3%83%89%E3%83%83%E3%83%88%2F%E3%83%8D%E3%82%A4%E3%83%93%E3%83%BCL%29 HTTP/1.1" 200 50027 "-" "Mozilla/5.0 (Linux; Android 6.0.1; Nexus 5X Build/MMB29P) AppleWebKit/537.36 (KHTML, like Gecko) Chrome/135.0.7049.95 Mobile Safari/537.36 (compatible; Googlebot/2.1; +http://www.google.com/bot.html)"
66.249.77.77 - - [30/Apr/2025:15:21:12 -0400] "GET /?e=2717993552600&channel=92ed41&from=form.php%3Fid%3D935526-26143%26name%3D%E5%B8%8C%E5%B0%91%E6%A9%9F%E7%A8%AE%E2%97%86ONKYO+%E3%82%AA%E3%83%B3%E3%82%AD%E3%83%A7%E3%83%BC%E3%80%80%E3%82%B9%E3%83%86%E3%83%AC%E3%82%AA%E3%83%AC%E3%82%B7%E3%83%BC%E3%83%90%E3%83%BCY-100+%E3%83%93%E3%83%B3%E3%83%86%E3%83%BC%E3%82%B8+%E7%8F%BE%E7%8A%B6%E5%93%81++SOLID+STATE+STEREO+RECEIVER%E3%80%80Y-100%EF%BC%88ONKYO+%E3%82%AA%E3%83%B3%E3%82%AD%E3%83%A7%E3%83%BC+%E3%82%B9%E3%83%86%E3%83%AC%E3%82%AA+CD%2FMD+%E3%82%B3%E3%83%B3%E3%83%9D+FR-N3X+D-N3X+%E3%82%B9%E3%83%94%E3%83%BC%E3%82%AB%E3%83%BC+%EF%BC%8D%E3%80%90%E9%80%9A%E8%B2%A9%E3%80%91%E4%B8%AD%E5%8F%A4%E3%83%BB%E3%82%A2%E3%82%A6%E3%83%88%E3%83%AC%E3%83%83%E3%83%88%E3%83%BB%E3%83%AA%E3%82%B5%E3%82%A4%E3%82%AF%E3%83%AB%E3%82%B7%E3%83%A7%E3%83%83%E3%83%97++River+Island+%E3%83%AA%E3%83%90%E3%83%BC%E3%82%A2%E3%82%A4%E3%83%A9%E3%83%B3%E3%83%89%EF%BC%89 HTTP/1.1" 403 1242 "-" "Mozilla/5.0 (Linux; Android 6.0.1; Nexus 5X Build/MMB29P) AppleWebKit/537.36 (KHTML, like Gecko) Chrome/135.0.7049.95 Mobile Safari/537.36 (compatible; Googlebot/2.1; +http://www.google.com/bot.html)"
66.249.77.76 - - [30/Apr/2025:15:21:13 -0400] "GET /?e=46158108005000&channel=8e6de3&from=product.php%3Fid%3D1080050-3680%26name%3D%E6%A1%90%E7%94%9F%E3%81%A4%E3%81%8B%E3%81%95%E3%80%80%E3%83%87%E3%83%AC%E3%83%9E%E3%82%B9%E3%80%80%E8%A1%A3%E8%A3%85%E5%B1%95%E3%80%80%E3%83%96%E3%83%AD%E3%83%9E%E3%82%A4%E3%83%89 HTTP/1.1" 200 50388 "-" "Mozilla/5.0 (Linux; Android 6.0.1; Nexus 5X Build/MMB29P) AppleWebKit/537.36 (KHTML, like Gecko) Chrome/135.0.7049.95 Mobile Safari/537.36 (compatible; Googlebot/2.1; +http://www.google.com/bot.html)"
66.249.77.76 - - [30/Apr/2025:15:21:14 -0400] "GET /?e=71188128788800&channel=9dad23&from=news.php%3Fid%3D1287888-9209%26name%3D1%2F18%E3%83%9E%E3%82%AF%E3%83%A9%E3%83%BC%E3%83%AC%E3%83%B3MP4-30+%E3%82%AA%E3%83%BC%E3%83%88%E3%82%A2%E3%83%BC%E3%83%88 HTTP/1.1" 200 52466 "-" "Mozilla/5.0 (Linux; Android 6.0.1; Nexus 5X Build/MMB29P) AppleWebKit/537.36 (KHTML, like Gecko) Chrome/135.0.7049.95 Mobile Safari/537.36 (compatible; Googlebot/2.1; +http://www.google.com/bot.html)"
66.249.77.77 - - [30/Apr/2025:15:21:15 -0400] "GET /?e=9020757542400&channel=d20426&from=category-info.php%3Fid%3D575424-7167%26name%3D%E9%80%81%E6%96%99%E7%84%A1%E6%96%99%E3%80%80+3D%E6%9C%AC%E7%89%A9%E8%B3%AA%E6%84%9F+%E7%AD%89%E8%BA%AB%E5%A4%A7TPE+%28140CM%29%E3%80%80%E3%82%AA%E3%83%97%E3%82%B7%E3%83%A7%E3%83%B31%E4%B8%87%E5%86%86%E7%9B%B8%E5%BD%93%E7%84%A1%E6%96%99 HTTP/1.1" 200 53128 "-" "Mozilla/5.0 (Linux; Android 6.0.1; Nexus 5X Build/MMB29P) AppleWebKit/537.36 (KHTML, like Gecko) Chrome/135.0.7049.95 Mobile Safari/537.36 (compatible; Googlebot/2.1; +http://www.google.com/bot.html)"
66.249.77.76 - - [30/Apr/2025:15:21:16 -0400] "GET /?e=24709690202&channel=49c278&from=pin.php%3Fid%3D6902-314%26name%3D3.5l+%E3%83%93%E3%83%BC%E3%83%AB+%E3%82%BF%E3%83%AF%E3%83%BC+%E3%83%89%E3%83%AA%E3%83%B3%E3%82%AF+%E3%83%87%E3%82%A3%E3%82%B9%E3%83%9A%E3%83%B3%E3%82%B5%E3%83%BC+%E3%82%B0%E3%83%AD%E3%83%BC%E3%83%96%E5%BD%A2+%E3%82%AF%E3%83%AA%E3%82%A2+%E3%83%93%E3%83%BC%E3%83%AB+%E3%83%87%E3%82%A3%E3%82%B9%E3%83%9A%E3%83%B3%E3%82%B5%E3%83%BC+%E5%8D%93%E4%B8%8A+%E9%A3%B2%E6%96%99+%E3%83%87%E3%82%A3%E3%82%B9%E3%83%9A%E3%83%B3%E3%82%B5%E3%83%BC+%E3%83%89%E3%83%AA%E3%83%B3%E3%82%AF HTTP/1.1" 200 51783 "-" "Mozilla/5.0 (Linux; Android 6.0.1; Nexus 5X Build/MMB29P) AppleWebKit/537.36 (KHTML, like Gecko) Chrome/135.0.7049.95 Mobile Safari/537.36 (compatible; Googlebot/2.1; +http://www.google.com/bot.html)"
66.249.77.76 - - [30/Apr/2025:15:21:17 -0400] "GET /?e=1429932042400&channel=760461&from=shop.php%3Fid%3D320424-246%26name%3DLouis+Vuitton+%E3%83%80%E3%83%9F%E3%82%A8%E9%95%B7%E8%B2%A1%E5%B8%83+%EF%BC%8825%25OFF%E3%80%91%E3%83%AB%E3%82%A4%E3%83%B4%E3%82%A3%E3%83%88%E3%83%B3+Louis+Vuitton+%E3%83%80%E3%83%9F%E3%82%A8+%E3%83%9D%E3%83%AB%E3%83%88%E3%83%95%E3%82%A9%E3%82%A4%E3%83%A6+%E3%83%96%E3%83%A9%E3%82%B6+N60017+%E9%95%B7%E8%B2%A1%E5%B8%83+%E3%83%A1%E3%83%B3%E3%82%BA++%E3%80%90%E4%B8%AD%E5%8F%A4%E3%80%91%EF%BD%9C%E6%BF%80%E5%AE%89%E3%82%A2%E3%82%AF%E3%82%BB%E3%82%B5%E3%83%AA%E3%83%BC%E9%80%9A%E8%B2%A9%E3%81%AE%E3%83%AF%E3%83%B3%E3%83%80%E3%83%BC%E3%83%97%E3%83%A9%E3%82%A4%E3%82%B9%EF%BC%89 HTTP/1.1" 200 50476 "-" "Mozilla/5.0 (Linux; Android 6.0.1; Nexus 5X Build/MMB29P) AppleWebKit/537.36 (KHTML, like Gecko) Chrome/135.0.7049.95 Mobile Safari/537.36 (compatible; Googlebot/2.1; +http://www.google.com/bot.html)"
