66.249.74.104 - - [02/May/2025:13:52:52 -0400] "GET /?e=057876170802&channel=962657&from=info.php%3Fid%3D61708-4546%26name%3D%E5%A4%A7%E4%BA%BA%E6%B0%97%E3%81%AE%E8%B5%A4%E3%83%AB%E3%83%93%E3%83%BC%E3%83%AC%E3%83%83%E3%83%89+%E9%AB%98%E6%80%A7%E8%83%BDi3%E6%90%AD%E8%BC%89+HDD640G+%E6%9C%80%E6%96%B0win10 HTTP/1.1" 200 0 "-" "Mozilla/5.0 (Linux; Android 6.0.1; Nexus 5X Build/MMB29P) AppleWebKit/537.36 (KHTML, like Gecko) Chrome/135.0.7049.95 Mobile Safari/537.36 (compatible; Googlebot/2.1; +http://www.google.com/bot.html)"
66.249.74.104 - - [02/May/2025:13:52:53 -0400] "GET /?e=2402879946802&channel=73bd70&from=article.php%3Fid%3D799468-15421%26name%3D%E7%A2%BA%E8%AA%8D%E7%94%A8%E3%83%9A%E3%83%BC%E3%82%B8%E2%AD%95%E6%B5%B4%E8%A1%A34%E7%82%B9%E3%82%BB%E3%83%83%E3%83%88%E9%BB%92%E3%81%8D%E3%81%AA%E3%82%8A%E3%83%84%E3%83%BC%E3%83%88%E3%83%B3%E3%82%AB%E3%83%A9%E3%83%BC%C3%97%E6%9E%9D%E4%B8%8B%E6%A1%9C%E2%AD%90%E5%A4%89%E3%82%8A%E7%B9%94%E3%82%8A%E2%AD%90%E8%89%B6%E3%82%84%E3%81%8B%E2%99%AA HTTP/1.1" 200 0 "-" "Mozilla/5.0 (Linux; Android 6.0.1; Nexus 5X Build/MMB29P) AppleWebKit/537.36 (KHTML, like Gecko) Chrome/135.0.7049.95 Mobile Safari/537.36 (compatible; Googlebot/2.1; +http://www.google.com/bot.html)"
66.249.74.104 - - [02/May/2025:13:52:54 -0400] "GET /?e=01902145374200&channel=0461d4&from=news.php%3Fid%3D1453742-13696%26name%3D%E2%99%A1+Nicole%E6%A7%98+%E5%B0%82%E7%94%A8%E5%87%BA%E5%93%81+%E2%99%A1 HTTP/1.1" 200 0 "-" "Mozilla/5.0 (Linux; Android 6.0.1; Nexus 5X Build/MMB29P) AppleWebKit/537.36 (KHTML, like Gecko) Chrome/135.0.7049.95 Mobile Safari/537.36 (compatible; Googlebot/2.1; +http://www.google.com/bot.html)"
66.249.74.104 - - [02/May/2025:13:52:58 -0400] "GET /?e=9121154901000&channel=9b1ba8&from=form.php%3Fid%3D549010-20731%26name%3D%E9%80%81%E6%96%99%E7%84%A1%E6%96%99+%E6%96%B0%E5%93%81+Baum+Guitars+%E3%83%90%E3%82%A6%E3%83%A0+%E3%82%AE%E3%82%BF%E3%83%BC+%E3%82%A8%E3%83%AC%E3%82%AD%E3%82%AE%E3%82%BF%E3%83%BC+Backwing%2C+Dark+Moon+%E3%82%B1%E3%83%BC%E3%82%B9%E4%BB%98+%E6%A4%9C%E5%93%81%E8%AA%BF%E6%95%B4%E6%B8%88%E5%87%BA%E8%8D%B7 HTTP/1.1" 200 0 "-" "Mozilla/5.0 (Linux; Android 6.0.1; Nexus 5X Build/MMB29P) AppleWebKit/537.36 (KHTML, like Gecko) Chrome/135.0.7049.95 Mobile Safari/537.36 (compatible; Googlebot/2.1; +http://www.google.com/bot.html)"
66.249.74.104 - - [02/May/2025:13:52:59 -0400] "GET /?e=70820167788407&channel=6bfc51&from=form.php%3Fid%3D1677884-331%26name%3D%E3%83%AC%E3%83%83%E3%83%89%E3%82%A6%E3%82%A3%E3%83%B3%E3%82%B0+%E3%83%96%E3%83%BC%E3%83%84+%E3%82%B7%E3%83%AB%E3%83%90%E3%83%BC%E3%82%B9%E3%83%9F%E3%82%B9+%E3%83%96%E3%83%A9%E3%83%83%E3%82%AF%E3%83%90%E3%82%A6%E3%83%B3%E3%83%80%E3%83%AA%E3%83%BC3361+S2902 HTTP/1.1" 200 0 "-" "Mozilla/5.0 (Linux; Android 6.0.1; Nexus 5X Build/MMB29P) AppleWebKit/537.36 (KHTML, like Gecko) Chrome/135.0.7049.95 Mobile Safari/537.36 (compatible; Googlebot/2.1; +http://www.google.com/bot.html)"
66.249.74.104 - - [02/May/2025:13:53:06 -0400] "GET /?e=2348053177003&channel=ee79df&from=blog.php%3Fid%3D531770-17080%26name%3D%E3%82%A2%E3%83%B3%E3%83%91%E3%83%B3%E3%83%9E%E3%83%B3%E3%80%80%E5%AD%90%E4%BE%9B%E7%94%A8%E9%A3%9F%E5%99%A8%E3%80%80%E3%81%99%E3%81%8B%E3%81%84%E3%82%89%E3%83%BC%E3%81%8F%E3%82%B0%E3%83%AB%E3%83%BC%E3%83%97%E3%80%80%E3%82%A2%E3%83%B3%E3%83%91%E3%83%B3%E3%83%9E%E3%83%B3%E3%82%AF%E3%83%A9%E3%83%96 HTTP/1.1" 200 0 "-" "Mozilla/5.0 (Linux; Android 6.0.1; Nexus 5X Build/MMB29P) AppleWebKit/537.36 (KHTML, like Gecko) Chrome/135.0.7049.95 Mobile Safari/537.36 (compatible; Googlebot/2.1; +http://www.google.com/bot.html)"
66.249.74.104 - - [02/May/2025:13:53:10 -0400] "GET /?e=20004176137000&channel=1878eb&from=shop.php%3Fid%3D1761370-1012%26name%3D%E3%80%90%E8%B6%85%E7%BE%8E%E5%93%81%E3%80%91iPhone8++%E3%82%B4%E3%83%BC%E3%83%AB%E3%83%89+64GB+SIM%E3%83%95%E3%83%AA%E3%83%BC+SIM%E3%83%AD%E3%83%83%E3%82%AF%E8%A7%A3%E9%99%A4 HTTP/1.1" 200 0 "-" "Mozilla/5.0 (Linux; Android 6.0.1; Nexus 5X Build/MMB29P) AppleWebKit/537.36 (KHTML, like Gecko) Chrome/135.0.7049.95 Mobile Safari/537.36 (compatible; Googlebot/2.1; +http://www.google.com/bot.html)"
66.249.74.104 - - [02/May/2025:13:53:14 -0400] "GET /?e=600919256202&channel=6b9d0b&from=news.php%3Fid%3D92562-7066%26name%3D%E3%82%AB%E3%83%BC%E3%82%BA%E3%80%80%E3%83%88%E3%83%9F%E3%82%AB%E3%80%80%E3%83%A1%E3%83%BC%E3%82%BF%E3%83%BC%E3%80%80%E3%82%A8%E3%83%A9%E3%83%BC%E5%93%81 HTTP/1.1" 200 0 "-" "Mozilla/5.0 (Linux; Android 6.0.1; Nexus 5X Build/MMB29P) AppleWebKit/537.36 (KHTML, like Gecko) Chrome/135.0.7049.95 Mobile Safari/537.36 (compatible; Googlebot/2.1; +http://www.google.com/bot.html)"
66.249.74.104 - - [02/May/2025:13:53:16 -0400] "GET /?e=0149581978907&channel=bd3e2f&from=shared.php%3Fid%3D819789-22439%26name%3D%E3%82%B9%E3%83%BC%E3%83%91%E3%83%BC%E3%83%AD%E3%83%B3%E3%82%B0%E3%83%95%E3%83%A9%E3%82%A4%E3%83%89%E3%83%9D%E3%83%86%E3%83%88%E3%83%A1%E3%83%BC%E3%82%AB%E3%83%BC%E3%80%81%E6%89%8B%E5%8B%95%E3%83%95%E3%83%A9%E3%82%A4%E3%83%89%E3%83%9D%E3%83%86%E3%83%88%E3%82%AB%E3%83%83%E3%82%BF%E3%83%BC%E3%83%9E%E3%82%B7%E3%83%B3%E3%80%81%E3%82%B9%E3%83%86%E3%83%B3%E3%83%AC%E3%82%B9%E9%8B%BC%E3%83%95%E3%83%A9%E3%82%A4%E3%83%89%E3%83%9D%E3%83%86%E3%83%88%E3%82%B9%E3%83%88%E3%83%AA%E3%83%83%E3%83%97%E3%82%B9%E3%82%AF%E3%82%A4%E3%83%BC%E3%82%B6%E3%83%BC%E3%80%81%E6%8A%BC%E5%87%BA%E3%83%90%E3%83%83%E3%82%BF HTTP/1.1" 200 0 "-" "Mozilla/5.0 (Linux; Android 6.0.1; Nexus 5X Build/MMB29P) AppleWebKit/537.36 (KHTML, like Gecko) Chrome/135.0.7049.95 Mobile Safari/537.36 (compatible; Googlebot/2.1; +http://www.google.com/bot.html)"
66.249.74.104 - - [02/May/2025:13:53:17 -0400] "GET /?e=4939477769008&channel=5058c3&from=info.php%3Fid%3D777690-3195%26name%3D%E3%80%90%E8%B6%85%E5%B8%8C%E5%B0%91%E3%80%91+%E7%9F%B3%E5%8E%9F%E3%82%B4%E3%83%AB%E3%83%95+MOZ+PRO+206+DG+S200+%E3%82%A2%E3%82%A4%E3%82%A2%E3%83%B3%E3%82%BB%E3%83%83%E3%83%88+%E3%83%9E%E3%83%83%E3%82%B9%E3%83%AB%E3%83%90%E3%83%83%E3%82%AF+%E3%82%B4%E3%83%AB%E3%83%95%E3%82%AF%E3%83%A9%E3%83%96+S+DG HTTP/1.1" 200 0 "-" "Mozilla/5.0 (Linux; Android 6.0.1; Nexus 5X Build/MMB29P) AppleWebKit/537.36 (KHTML, like Gecko) Chrome/135.0.7049.95 Mobile Safari/537.36 (compatible; Googlebot/2.1; +http://www.google.com/bot.html)"
66.249.74.104 - - [02/May/2025:13:53:20 -0400] "GET /?e=1296187841600&channel=60ffd8&from=brands.php%3Fid%3D878416-450%26name%3D%E7%A5%9E%E9%80%9F%E3%81%AE%E6%8B%B3%E3%80%80%E3%82%B7%E3%83%A3%E3%83%BC%E3%83%AD%E3%83%83%E3%83%88%E3%83%BB%E3%82%AB%E3%82%BF%E3%82%AF%E3%83%AASR4%E6%9E%9A%E3%82%BB%E3%83%83%E3%83%88 HTTP/1.1" 200 0 "-" "Mozilla/5.0 (Linux; Android 6.0.1; Nexus 5X Build/MMB29P) AppleWebKit/537.36 (KHTML, like Gecko) Chrome/135.0.7049.95 Mobile Safari/537.36 (compatible; Googlebot/2.1; +http://www.google.com/bot.html)"
66.249.74.104 - - [02/May/2025:13:53:21 -0400] "GET /?e=0259768512805&channel=2e03ca&from=form.php%3Fid%3D685128-9%26name%3D%E6%9C%A8%E6%9D%90%E3%81%AE%E3%81%9F%E3%82%81%E3%81%AE%E3%83%94%E3%83%B3%E3%82%BF%E3%82%A4%E3%83%97%E3%81%AE%E6%9C%A8%E6%9D%90%E6%B9%BF%E5%BA%A6%E6%A4%9C%E5%87%BA%E5%99%A8%E6%AD%A3%E7%A2%BA%E3%81%AA%E6%9C%A8%E5%B7%A5%E3%82%B2%E3%83%BC%E3%82%B8%E3%83%9D%E3%83%BC%E3%82%BF%E3%83%96%E3%83%AB%E6%AD%A3%E7%A2%BA%E3%81%AA%E6%9C%A8%E5%B7%A5%E3%82%B2%E3%83%BC%E3%82%B8 HTTP/1.1" 200 0 "-" "Mozilla/5.0 (Linux; Android 6.0.1; Nexus 5X Build/MMB29P) AppleWebKit/537.36 (KHTML, like Gecko) Chrome/135.0.7049.95 Mobile Safari/537.36 (compatible; Googlebot/2.1; +http://www.google.com/bot.html)"
66.249.74.104 - - [02/May/2025:13:53:22 -0400] "GET /?e=9866069420400&channel=374de6&from=news.php%3Fid%3D694204-20026%26name%3Dmommore+%E3%82%AF%E3%83%AA%E3%82%A2%E3%83%90%E3%83%83%E3%82%AF%E3%83%91%E3%83%83%E3%82%AF+%E9%AB%98%E8%80%90%E4%B9%85+%E5%8E%9A%E6%89%8B+PVC+%E3%82%AF%E3%83%AA%E3%82%A2%E3%83%96%E3%83%83%E3%82%AF%E3%83%90%E3%83%83%E3%82%B0+%E5%AD%A6%E6%A0%A1%E7%94%A8+%E5%A4%A7%E5%9E%8B%E9%80%8F%E6%98%8E%E3%83%90%E3%83%83%E3%82%AF%E3%83%91%E3%83%83%E3%82%AF+%E3%83%AD%E3%83%83%E3%82%AF%E5%8F%AF%E8%83%BD%E3%81%AA%E3%82%B8%E3%83%83%E3%83%91%E3%83%BC%E4%BB%98%E3%81%8D HTTP/1.1" 200 0 "-" "Mozilla/5.0 (Linux; Android 6.0.1; Nexus 5X Build/MMB29P) AppleWebKit/537.36 (KHTML, like Gecko) Chrome/135.0.7049.95 Mobile Safari/537.36 (compatible; Googlebot/2.1; +http://www.google.com/bot.html)"
66.249.74.104 - - [02/May/2025:13:53:23 -0400] "GET /?e=12201172597800&channel=29c7f9&from=form.php%3Fid%3D1725978-9208%26name%3DK00026510%2FSP%2F%E3%82%B5%E3%83%B4%E3%82%A3%E3%82%A8%E3%83%AB%E3%83%BB%E3%82%AF%E3%82%AC%E3%83%BC%E3%83%88%E6%A5%BD%E5%9B%A3%E3%80%8C%E3%83%A1%E3%83%AA%E3%82%A4%E3%83%BB%E3%82%A2%E3%83%B3%E3%80%8D HTTP/1.1" 200 0 "-" "Mozilla/5.0 (Linux; Android 6.0.1; Nexus 5X Build/MMB29P) AppleWebKit/537.36 (KHTML, like Gecko) Chrome/135.0.7049.95 Mobile Safari/537.36 (compatible; Googlebot/2.1; +http://www.google.com/bot.html)"
66.249.74.104 - - [02/May/2025:13:53:30 -0400] "GET /?e=96526178768604&channel=1878eb&from=blog.php%3Fid%3D1787686-1012%26name%3D%E3%81%8B%E3%82%93%E3%81%9F%E3%82%93%E3%82%B9%E3%83%9E%E3%83%9B2+%E3%82%B7%E3%83%AB%E3%83%90%E3%83%BC HTTP/1.1" 200 0 "-" "Mozilla/5.0 (Linux; Android 6.0.1; Nexus 5X Build/MMB29P) AppleWebKit/537.36 (KHTML, like Gecko) Chrome/135.0.7049.95 Mobile Safari/537.36 (compatible; Googlebot/2.1; +http://www.google.com/bot.html)"
66.249.74.104 - - [02/May/2025:13:53:31 -0400] "GET /?e=09839128677013&channel=6c663d&from=news.php%3Fid%3D1286770-616%26name%3D%E5%90%8D%E4%BD%9C%E3%80%90%E3%83%96%E3%83%AA%E3%83%BC%E3%83%81%EF%BC%86%E3%82%AF%E3%83%A9%E3%83%83%E3%82%B7%E3%83%A5%E5%8A%A0%E5%B7%A5%EF%BC%8F%E3%82%B3%E3%83%83%E3%83%88%E3%83%B3100%25%E3%80%91%E3%82%B7%E3%83%A5%E3%83%97%E3%83%AA%E3%83%BC%E3%83%A0%EF%BC%8F%E3%83%99%E3%83%93%E3%83%8D%E3%83%AB%E2%80%A2%E3%82%B7%E3%83%A3%E3%83%84 HTTP/1.1" 200 0 "-" "Mozilla/5.0 (Linux; Android 6.0.1; Nexus 5X Build/MMB29P) AppleWebKit/537.36 (KHTML, like Gecko) Chrome/135.0.7049.95 Mobile Safari/537.36 (compatible; Googlebot/2.1; +http://www.google.com/bot.html)"
66.249.74.104 - - [02/May/2025:13:53:32 -0400] "GET /?e=0812017151000&channel=cf62af&from=pin.php%3Fid%3D171510-3433%26name%3DNobby%E3%82%B9%E3%83%88%E3%83%AC%E3%83%BC%E3%83%88%E3%82%A2%E3%82%A4%E3%83%AD%E3%83%B3+NBS1200 HTTP/1.1" 200 0 "-" "Mozilla/5.0 (Linux; Android 6.0.1; Nexus 5X Build/MMB29P) AppleWebKit/537.36 (KHTML, like Gecko) Chrome/135.0.7049.95 Mobile Safari/537.36 (compatible; Googlebot/2.1; +http://www.google.com/bot.html)"
66.249.74.104 - - [02/May/2025:13:53:34 -0400] "GET /?e=3792911434008&channel=c9fc5a&from=shop.php%3Fid%3D114340-7964%26name%3DDior+Caro+%E3%83%9D%E3%83%BC%E3%83%81%E3%83%90%E3%83%83%E3%82%B0 HTTP/1.1" 200 0 "-" "Mozilla/5.0 (Linux; Android 6.0.1; Nexus 5X Build/MMB29P) AppleWebKit/537.36 (KHTML, like Gecko) Chrome/135.0.7049.95 Mobile Safari/537.36 (compatible; Googlebot/2.1; +http://www.google.com/bot.html)"
66.249.74.104 - - [02/May/2025:13:53:37 -0400] "GET /?e=281743085401&channel=2edc2e&from=brands.php%3Fid%3D30854-3541%26name%3D%E3%83%93%E3%82%B9%E3%82%B3%E3%83%B3%E3%83%86%E3%82%A3+VISCONTI+%E4%B8%87%E5%B9%B4%E7%AD%86+%E3%82%B9%E3%82%B1%E3%83%AB%E3%83%88%E3%83%B3+%E3%83%AC%E3%83%83%E3%83%89+%E3%82%B7%E3%83%AB%E3%83%90%E3%83%BC%E3%83%88%E3%83%AA%E3%83%A0+18K+%E5%90%B8%E5%85%A5%E5%BC%8F+%E4%B8%AD%E5%AD%97M+KP43-01-FPM HTTP/1.1" 200 0 "-" "Mozilla/5.0 (Linux; Android 6.0.1; Nexus 5X Build/MMB29P) AppleWebKit/537.36 (KHTML, like Gecko) Chrome/135.0.7049.95 Mobile Safari/537.36 (compatible; Googlebot/2.1; +http://www.google.com/bot.html)"
66.249.74.104 - - [02/May/2025:13:53:38 -0400] "GET /?e=89492118604402&channel=aa5114&from=news.php%3Fid%3D1186044-5888%26name%3DLED+%E3%83%95%E3%83%AD%E3%82%A2%E3%83%A9%E3%82%A4%E3%83%88+%E3%81%8A%E3%81%97%E3%82%83%E3%82%8C+%E3%83%AA%E3%83%A2%E3%82%B3%E3%83%B3+%E3%83%AA%E3%83%A2%E3%82%B3%E3%83%B3+%E3%83%95%E3%83%AD%E3%82%A2%E3%83%A9%E3%83%B3%E3%83%97+%E9%96%93%E6%8E%A5%E7%85%A7%E6%98%8E+%E3%82%B9%E3%82%BF%E3%83%B3%E3%83%89%E3%83%A9%E3%82%A4%E3%83%88+%E3%82%A4%E3%83%B3%E3%83%86%E3%83%AA%E3%82%A2+%E5%AF%9D%E5%AE%A4+%E5%8C%97%E6%AC%A7+%E3%83%87%E3%82%B6%E3%82%A4%E3%83%8A%E3%83%BC+%E7%85%A7%E6%98%8E+%E8%AA%BF%E8%89%B2%E8%AA%BF%E5%85%89+bluetooth+FL-67WH HTTP/1.1" 200 0 "-" "Mozilla/5.0 (Linux; Android 6.0.1; Nexus 5X Build/MMB29P) AppleWebKit/537.36 (KHTML, like Gecko) Chrome/135.0.7049.95 Mobile Safari/537.36 (compatible; Googlebot/2.1; +http://www.google.com/bot.html)"
66.249.74.104 - - [02/May/2025:13:53:39 -0400] "GET /?e=42390112887402&channel=ea43b9&from=blog.php%3Fid%3D1128874-13445%26name%3D%E9%80%81%E6%96%99%E7%84%A1%E6%96%99+%E8%B6%85%E7%BE%8E%E5%93%81+%E6%9D%BE%E5%B6%8B%E8%8F%9C%E3%80%85%E5%AD%90%E5%86%99%E7%9C%9F%E9%9B%86%E3%80%8C%E7%99%BE%E5%B9%B4%E3%81%AE%E7%89%A9%E8%AA%9E%E3%80%8D%E5%88%9D%E7%89%88%E7%99%BA%E8%A1%8C HTTP/1.1" 200 0 "-" "Mozilla/5.0 (Linux; Android 6.0.1; Nexus 5X Build/MMB29P) AppleWebKit/537.36 (KHTML, like Gecko) Chrome/135.0.7049.95 Mobile Safari/537.36 (compatible; Googlebot/2.1; +http://www.google.com/bot.html)"
66.249.74.104 - - [02/May/2025:13:53:41 -0400] "GET /?e=79923146281805&channel=b266b7&from=goods.php%3Fid%3D1462818-21745%26name%3D406v20%E3%80%87%E8%8D%89%E5%B1%A5%E3%83%90%E3%83%83%E3%82%B0%E3%82%BB%E3%83%83%E3%83%88+F%E3%82%B5%E3%82%A4%E3%82%BA+%E8%96%94%E8%96%87+%E9%87%91%E7%B3%B8%E3%80%87%E7%8A%B6%E6%85%8B%E8%89%AF%E5%A5%BD HTTP/1.1" 200 0 "-" "Mozilla/5.0 (Linux; Android 6.0.1; Nexus 5X Build/MMB29P) AppleWebKit/537.36 (KHTML, like Gecko) Chrome/135.0.7049.95 Mobile Safari/537.36 (compatible; Googlebot/2.1; +http://www.google.com/bot.html)"
66.249.74.104 - - [02/May/2025:13:53:43 -0400] "GET /?e=49122101907204&channel=8d017b&from=brands.php%3Fid%3D1019072-16837%26name%3DJBL+L88+PLUS+%E3%82%B9%E3%83%94%E3%83%BC%E3%82%AB%E3%83%BC%E3%83%9A%E3%82%A2%E3%80%82%28%E5%8B%95%E4%BD%9C%E8%89%AF%E5%A5%BD%EF%BC%89 HTTP/1.1" 200 0 "-" "Mozilla/5.0 (Linux; Android 6.0.1; Nexus 5X Build/MMB29P) AppleWebKit/537.36 (KHTML, like Gecko) Chrome/135.0.7049.95 Mobile Safari/537.36 (compatible; Googlebot/2.1; +http://www.google.com/bot.html)"
66.249.74.104 - - [02/May/2025:13:53:44 -0400] "GET /?e=05404195012002&channel=bfce8c&from=category-info.php%3Fid%3D1950120-21973%26name%3D%E9%80%81%E6%96%99%E8%BE%BC%EF%BC%81%E3%82%AB%E3%82%B9%E3%82%BF%E3%83%A0%E3%82%B3%E3%83%AB%E3%82%AF%E5%8D%8A%E3%80%80%E3%83%9B%E3%83%B3%E3%83%80%E3%80%80%E6%9C%80%E5%AE%89%E5%80%A4201 HTTP/1.1" 200 0 "-" "Mozilla/5.0 (Linux; Android 6.0.1; Nexus 5X Build/MMB29P) AppleWebKit/537.36 (KHTML, like Gecko) Chrome/135.0.7049.95 Mobile Safari/537.36 (compatible; Googlebot/2.1; +http://www.google.com/bot.html)"
66.249.74.104 - - [02/May/2025:13:53:47 -0400] "GET /?e=7602081977002&channel=bd3e2f&from=category-info.php%3Fid%3D819770-22439%26name%3D%E3%82%B9%E3%83%A0%E3%83%BC%E3%82%B8%E3%83%BC%E3%83%A1%E3%83%BC%E3%82%AB%E3%83%BC%E3%80%812000ml+%E9%9D%99%E3%81%8B%E3%81%AA%E3%82%B7%E3%83%BC%E3%83%AB%E3%83%89%E3%83%96%E3%83%AC%E3%83%B3%E3%83%80%E3%83%BC%E3%80%81%E3%82%B9%E3%83%86%E3%83%B3%E3%83%AC%E3%82%B9%E3%82%B9%E3%83%81%E3%83%BC%E3%83%AB%E3%82%BF%E3%83%BC%E3%83%93%E3%83%B3%E3%83%8A%E3%82%A4%E3%83%95%E3%81%A8%E3%82%B9%E3%83%9E%E3%83%BC%E3%83%88%E3%82%B3%E3%83%B3%E3%83%88%E3%83%AD%E3%83%BC%E3%83%AB%E3%83%91%E3%83%8D%E3%83%AB%E4%BB%98%E3%81%8D%E3%80%81%E9%80%9F%E5%BA%A61+%EF%BC%882.2l%E3%82%B5%E3%82%A4%E3%83%AC%E3%83%B3%E3%83%88%E3%82%B9%E3%83%A0%E3%83%BC%E3%82%B8%E3%83%BC%E3%83%9E%E3%82%B7%E3%83%B3%E3%80%81%E3%82%AB%E3%83%90%E3%83%BC%E3%82%A2%E3%82%A4%E3%82%B9%E3%82%B9%E3%83%A0%E3%83%BC%E3%82%B8%E3%83%BC%E3%83%9E%E3%82%B7%E3%83%B32000w%E3%82%A2%E3%82%A4%E3%82%B9%E3%83%96%E3%83%AC%E3%83%B3%E3%83%80%E3%83%BC%E3%83%98%E3%83%93%E3%83%BC%E3%83%87%E3%83%A5%E3%83%BC%E3%83%86%E3%82%A3%E3%83%BC+-+AliExpress%EF%BC%89 HTTP/1.1" 200 0 "-" "Mozilla/5.0 (Linux; Android 6.0.1; Nexus 5X Build/MMB29P) AppleWebKit/537.36 (KHTML, like Gecko) Chrome/135.0.7049.95 Mobile Safari/537.36 (compatible; Googlebot/2.1; +http://www.google.com/bot.html)"
66.249.74.104 - - [02/May/2025:13:53:49 -0400] "GET /?e=3915341289204&channel=2140e2&from=shared.php%3Fid%3D412892-8682%26name%3DDH78+Bruno+BJD+1%2F3+%E3%83%89%E3%83%BC%E3%83%AB%E6%9C%AC%E4%BD%93%E3%80%80%E7%90%83%E4%BD%93%E9%96%A2%E7%AF%80%E4%BA%BA%E5%BD%A2+%E3%83%8F%E3%83%B3%E3%83%89%E3%83%A1%E3%82%A4%E3%83%89 HTTP/1.1" 200 0 "-" "Mozilla/5.0 (Linux; Android 6.0.1; Nexus 5X Build/MMB29P) AppleWebKit/537.36 (KHTML, like Gecko) Chrome/135.0.7049.95 Mobile Safari/537.36 (compatible; Googlebot/2.1; +http://www.google.com/bot.html)"
66.249.74.104 - - [02/May/2025:13:53:52 -0400] "GET /?e=99008109802003&channel=c95c54&from=news.php%3Fid%3D1098020-5121%26name%3D%E2%98%85%E9%99%90%E5%AE%9A1%E5%80%8B%E2%98%85%E3%80%90%E6%AD%A3%E8%A6%8F%E5%93%81%E3%80%91COREFORCE%E3%80%90%E3%82%B3%E3%82%A2%E3%83%95%E3%82%A9%E3%83%BC%E3%82%B9%E3%80%91%E3%83%8D%E3%83%83%E3%82%AF%E3%83%97%E3%83%AD%E3%83%96%E3%83%A9%E3%83%83%E3%82%AF%E3%82%B9%E3%83%94%E3%83%8D%E3%83%AB%E3%80%90NECK+PRO+BLACK+SPINEL%E3%80%9144%E3%8E%9D%E3%80%90%E6%96%B0%E5%93%81%E3%80%91%E5%B0%82%E7%94%A8%E7%AE%B1%E4%BB%98%E3%81%8D HTTP/1.1" 200 0 "-" "Mozilla/5.0 (Linux; Android 6.0.1; Nexus 5X Build/MMB29P) AppleWebKit/537.36 (KHTML, like Gecko) Chrome/135.0.7049.95 Mobile Safari/537.36 (compatible; Googlebot/2.1; +http://www.google.com/bot.html)"
66.249.74.104 - - [02/May/2025:13:53:54 -0400] "GET /?e=32469148913402&channel=236216&from=info.php%3Fid%3D1489134-7010%26name%3D%E3%83%89%E3%83%A9%E3%82%B4%E3%83%B3%E3%83%9C%E3%83%BC%E3%83%AB%E3%83%92%E3%83%BC%E3%83%AD%E3%83%BC%E3%82%BA%E2%9D%B6 HTTP/1.1" 200 0 "-" "Mozilla/5.0 (Linux; Android 6.0.1; Nexus 5X Build/MMB29P) AppleWebKit/537.36 (KHTML, like Gecko) Chrome/135.0.7049.95 Mobile Safari/537.36 (compatible; Googlebot/2.1; +http://www.google.com/bot.html)"
66.249.74.104 - - [02/May/2025:13:53:59 -0400] "GET /?e=11942170420002&channel=30278a&from=brands.php%3Fid%3D1704200-16261%26name%3D8%E6%9C%88%E4%B8%8B%E6%97%AC%E3%80%80%E8%A8%B3%E3%81%82%E3%82%8A+%E5%B7%9D%E4%B8%AD%E5%B3%B6%E7%99%BD%E6%A1%83++%E6%B8%9B%E8%BE%B2%E8%96%AC+%E9%95%B7%E9%87%8E%E7%9C%8C%E7%94%A3+5%E3%82%AD%E3%83%AD HTTP/1.1" 200 0 "-" "Mozilla/5.0 (Linux; Android 6.0.1; Nexus 5X Build/MMB29P) AppleWebKit/537.36 (KHTML, like Gecko) Chrome/135.0.7049.95 Mobile Safari/537.36 (compatible; Googlebot/2.1; +http://www.google.com/bot.html)"
66.249.74.104 - - [02/May/2025:13:54:00 -0400] "GET /?e=9077727677400&channel=20fc8f&from=news.php%3Fid%3D276774-12892%26name%3DTORRAS+COOLiFY+2S+%E3%83%8D%E3%83%83%E3%82%AF%E3%82%AF%E3%83%BC%E3%83%A9%E3%83%BC%E3%80%80%E3%83%96%E3%83%A9%E3%83%83%E3%82%AF HTTP/1.1" 200 0 "-" "Mozilla/5.0 (Linux; Android 6.0.1; Nexus 5X Build/MMB29P) AppleWebKit/537.36 (KHTML, like Gecko) Chrome/135.0.7049.95 Mobile Safari/537.36 (compatible; Googlebot/2.1; +http://www.google.com/bot.html)"
66.249.74.104 - - [02/May/2025:13:54:01 -0400] "GET /?e=12827189748802&channel=64b24f&from=product.php%3Fid%3D1897488-3790%26name%3D%E3%80%90AUTOWAY%E3%80%91+%E6%96%B0%E5%93%81+165%2F55R14+%E3%82%B5%E3%83%9E%E3%83%BC%E3%82%BF%E3%82%A4%E3%83%A4+NANKANG+ECO-2+%2B%28Plus%29+14%E3%82%A4%E3%83%B3%E3%83%81+2%E6%9C%AC%E3%82%BB%E3%83%83%E3%83%88+%E5%A4%8F%E3%82%BF%E3%82%A4%E3%83%A4+%E3%82%AA%E3%83%BC%E3%83%88%E3%82%A6%E3%82%A7%E3%82%A4 HTTP/1.1" 200 0 "-" "Mozilla/5.0 (Linux; Android 6.0.1; Nexus 5X Build/MMB29P) AppleWebKit/537.36 (KHTML, like Gecko) Chrome/135.0.7049.95 Mobile Safari/537.36 (compatible; Googlebot/2.1; +http://www.google.com/bot.html)"
66.249.74.104 - - [02/May/2025:13:54:02 -0400] "GET /?e=04821104992606&channel=d2206e&from=shop.php%3Fid%3D1049926-27274%26name%3DSEHOO%E7%8A%AC%E6%9C%8D+%E3%83%A1%E3%83%83%E3%82%B7%E3%83%A5+%E4%B8%AD%E5%9E%8B%E7%8A%AC+%E5%A4%A7%E5%9E%8B%E7%8A%AC+%E5%A4%8F%E6%9C%8D+%E3%83%89%E3%83%83%E3%82%B0%E3%82%A6%E3%82%A7%E3%82%A2+T%E3%82%B7%E3%83%A3%E3%83%84+%E3%82%BF%E3%83%B3%E3%82%AF%E3%83%88%E3%83%83%E3%83%97+%E6%97%A5%E7%84%BC%E3%81%8D%E9%98%B2%E3%81%90+%E8%84%B1%E6%AF%9B%E4%BF%9D%E8%AD%B7+%E9%80%9A%E6%B0%97%E6%80%A7+%E3%81%8A%E3%81%97%E3%82%83%E3%82%8C+%E5%A4%A7%E5%9E%8B%E7%8A%AC HTTP/1.1" 200 0 "-" "Mozilla/5.0 (Linux; Android 6.0.1; Nexus 5X Build/MMB29P) AppleWebKit/537.36 (KHTML, like Gecko) Chrome/135.0.7049.95 Mobile Safari/537.36 (compatible; Googlebot/2.1; +http://www.google.com/bot.html)"
66.249.74.104 - - [02/May/2025:13:54:08 -0400] "GET /?e=88539162525204&channel=f79ee8&from=article.php%3Fid%3D1625252-9583%26name%3D%E3%82%AD%E3%83%83%E3%83%81%E3%83%B3%E3%82%B7%E3%82%A7%E3%83%95%E3%80%80%E3%83%9E%E3%83%AB%E3%83%81%E3%83%8F%E3%83%B3%E3%83%89%E3%83%AB HTTP/1.1" 200 0 "-" "Mozilla/5.0 (Linux; Android 6.0.1; Nexus 5X Build/MMB29P) AppleWebKit/537.36 (KHTML, like Gecko) Chrome/135.0.7049.95 Mobile Safari/537.36 (compatible; Googlebot/2.1; +http://www.google.com/bot.html)"
66.249.74.104 - - [02/May/2025:13:54:10 -0400] "GET /?e=7602081977003&channel=bd3e2f&from=brands.php%3Fid%3D819770-22439%26name%3D%E3%82%B9%E3%83%A0%E3%83%BC%E3%82%B8%E3%83%BC%E3%83%A1%E3%83%BC%E3%82%AB%E3%83%BC%E3%80%812000ml+%E9%9D%99%E3%81%8B%E3%81%AA%E3%82%B7%E3%83%BC%E3%83%AB%E3%83%89%E3%83%96%E3%83%AC%E3%83%B3%E3%83%80%E3%83%BC%E3%80%81%E3%82%B9%E3%83%86%E3%83%B3%E3%83%AC%E3%82%B9%E3%82%B9%E3%83%81%E3%83%BC%E3%83%AB%E3%82%BF%E3%83%BC%E3%83%93%E3%83%B3%E3%83%8A%E3%82%A4%E3%83%95%E3%81%A8%E3%82%B9%E3%83%9E%E3%83%BC%E3%83%88%E3%82%B3%E3%83%B3%E3%83%88%E3%83%AD%E3%83%BC%E3%83%AB%E3%83%91%E3%83%8D%E3%83%AB%E4%BB%98%E3%81%8D%E3%80%81%E9%80%9F%E5%BA%A61 HTTP/1.1" 200 0 "-" "Mozilla/5.0 (Linux; Android 6.0.1; Nexus 5X Build/MMB29P) AppleWebKit/537.36 (KHTML, like Gecko) Chrome/135.0.7049.95 Mobile Safari/537.36 (compatible; Googlebot/2.1; +http://www.google.com/bot.html)"
66.249.74.104 - - [02/May/2025:13:54:16 -0400] "GET /?e=9959886117604&channel=f1d714&from=blog.php%3Fid%3D861176-7235%26name%3D%E3%83%80%E3%83%96%E3%83%AB%E3%83%95%E3%82%A7%E3%83%8B%E3%83%83%E3%82%AF%E3%82%B9%E3%80%80%E6%B9%AF%E5%91%91%E3%81%BF%E8%8C%B6%E7%A2%97%E3%82%BB%E3%83%83%E3%83%88 HTTP/1.1" 200 0 "-" "Mozilla/5.0 (Linux; Android 6.0.1; Nexus 5X Build/MMB29P) AppleWebKit/537.36 (KHTML, like Gecko) Chrome/135.0.7049.95 Mobile Safari/537.36 (compatible; Googlebot/2.1; +http://www.google.com/bot.html)"
66.249.74.104 - - [02/May/2025:13:54:24 -0400] "GET /?e=0180525045800&channel=97716f&from=shop.php%3Fid%3D250458-14163%26name%3DSEVENTEEN+BEST+ALBUM+%E3%83%88%E3%83%AC%E3%82%AB+%E3%83%A6%E3%83%8B%E3%83%90+%E7%89%B9%E5%85%B8+%E3%82%B3%E3%83%B3%E3%83%97 HTTP/1.1" 200 0 "-" "Mozilla/5.0 (Linux; Android 6.0.1; Nexus 5X Build/MMB29P) AppleWebKit/537.36 (KHTML, like Gecko) Chrome/135.0.7049.95 Mobile Safari/537.36 (compatible; Googlebot/2.1; +http://www.google.com/bot.html)"
66.249.74.104 - - [02/May/2025:13:54:53 -0400] "GET /tag/youtuber-trevor-jacob/ HTTP/1.1" 200 0 "-" "Mozilla/5.0 (Linux; Android 6.0.1; Nexus 5X Build/MMB29P) AppleWebKit/537.36 (KHTML, like Gecko) Chrome/135.0.7049.95 Mobile Safari/537.36 (compatible; Googlebot/2.1; +http://www.google.com/bot.html)"
52.167.144.184 - - [02/May/2025:13:54:58 -0400] "GET /?e=2086769808801&channel=7c28f3&from=jp.php%3Fid%3D698088-23253%26name%3D%E5%BF%97%E9%87%8E%E7%84%BC%E8%8D%89%E8%8A%B1+%E5%B0%8F%E9%89%A2%E6%8F%83+5%E5%80%8B%E3%80%80%E5%85%B1%E7%AE%B1%E3%81%82%E3%82%8A%E3%80%82%E5%B3%B0%E5%B1%B1%E4%BD%9C%E3%80%80%E5%8F%A4%E3%81%84%E3%81%A7%E3%81%99 HTTP/1.1" 200 0 "-" "Mozilla/5.0 AppleWebKit/537.36 (KHTML, like Gecko; compatible; bingbot/2.0; +http://www.bing.com/bingbot.htm) Chrome/116.0.1938.76 Safari/537.36"
66.249.74.104 - - [02/May/2025:13:55:18 -0400] "GET /?e=80612165610600&channel=1878eb&from=product.php%3Fid%3D1656106-1012%26name%3DiPhone+14+128GB+%E3%83%9F%E3%83%83%E3%83%89%E3%83%8A%E3%82%A4%E3%83%88+sim%E3%83%95%E3%83%AA%E3%83%BC+Apple HTTP/1.1" 200 0 "-" "Mozilla/5.0 (Linux; Android 6.0.1; Nexus 5X Build/MMB29P) AppleWebKit/537.36 (KHTML, like Gecko) Chrome/135.0.7049.95 Mobile Safari/537.36 (compatible; Googlebot/2.1; +http://www.google.com/bot.html)"
152.42.193.202 - - [02/May/2025:13:55:40 -0400] "GET /wp-content/uploads/2023/11/6546b935bec9e.jpg HTTP/1.1" 200 83278 "-" "Mozilla/5.0 (Linux; Android 10; K) AppleWebKit/537.36 (KHTML, like Gecko) Chrome/122.0.0.0 Mobile Safari/537.36"
207.46.13.130 - - [02/May/2025:13:55:47 -0400] "GET /?e=79073188124001&channel=617395&from=goods.php%3Fid%3D1881240-33282%26name%3D%E6%A8%AA%E6%B5%9C%E3%83%BB%E5%85%AB%E6%99%AF%E5%B3%B6%E3%82%B7%E3%83%BC%E3%83%91%E3%83%A9%E3%83%80%E3%82%A4%E3%82%B9%E3%80%805%E5%90%8D%E3%81%BE%E3%81%A7%E5%8D%8A%E9%A1%8D%E3%80%80%E5%89%B2%E5%BC%95%E5%88%B8 HTTP/1.1" 200 0 "-" "Mozilla/5.0 AppleWebKit/537.36 (KHTML, like Gecko; compatible; bingbot/2.0; +http://www.bing.com/bingbot.htm) Chrome/116.0.1938.76 Safari/537.36"
52.167.144.184 - - [02/May/2025:13:57:09 -0400] "GET /?e=2062465735100&channel=0e477e&from=brands.php%3Fid%3D657351-22607%26name%3D%E3%83%8E%E3%82%B8%E3%83%9E%E6%A0%AA%E4%B8%BB%E5%84%AA%E5%BE%8510%25%E5%89%B2%E5%BC%95%E5%88%B8%C3%9715%E6%9E%9A%E3%80%80%E3%83%8D%E3%83%83%E3%83%88%E3%83%97%E3%83%AA%E3%83%B3%E3%83%88%E3%82%B5%E3%83%BC%E3%83%93%E3%82%B9%E5%88%B8%C3%971%E6%9E%9A HTTP/1.1" 200 0 "-" "Mozilla/5.0 AppleWebKit/537.36 (KHTML, like Gecko; compatible; bingbot/2.0; +http://www.bing.com/bingbot.htm) Chrome/116.0.1938.76 Safari/537.36"
52.167.144.184 - - [02/May/2025:13:57:10 -0400] "GET /?e=307012191000&channel=fc251b&from=category-info.php%3Fid%3D21910-2525%26name%3D%E3%82%AD%E3%83%83%E3%83%81%E3%83%B3%E3%83%8F%E3%83%B3%E3%82%AE%E3%83%B3%E3%82%B0%E3%83%AD%E3%83%83%E3%83%89+%E3%83%95%E3%83%83%E3%82%AF%E3%82%AD%E3%83%83%E3%83%81%E3%83%B3%E3%82%B5%E3%83%97%E3%83%A9%E3%82%A4%E3%83%A9%E3%83%83%E3%82%AF%E6%96%99%E7%90%86%E8%B2%AF%E8%94%B5%E3%83%A9%E3%83%83%E3%82%AF%E4%BB%98%E3%81%8D%E3%81%AE%E3%82%AD%E3%83%A3%E3%83%93%E3%83%8D%E3%83%83%E3%83%88%E3%83%8F%E3%83%B3%E3%82%AE%E3%83%B3%E3%82%B0%E3%83%90%E3%82%B9%E3%82%B1%E3%83%83%E3%83%88+%E3%82%AD%E3%83%83%E3%83%81%E3%83%B3%E3%81%AE%E8%A8%AD%E7%BD%AE%E3%81%AB%E9%81%A9%E3%81%97%E3%81%A6%E3%81%84 HTTP/1.1" 200 0 "-" "Mozilla/5.0 AppleWebKit/537.36 (KHTML, like Gecko; compatible; bingbot/2.0; +http://www.bing.com/bingbot.htm) Chrome/116.0.1938.76 Safari/537.36"
54.36.148.181 - - [02/May/2025:13:59:50 -0400] "GET /robots.txt HTTP/1.1" 200 0 "-" "Mozilla/5.0 (compatible; AhrefsBot/7.0; +http://ahrefs.com/robot/)"
52.167.144.184 - - [02/May/2025:14:00:39 -0400] "GET /?e=38172118839202&channel=da4b90&from=info.php%3Fid%3D1188392-5459%26name%3D%E9%AB%98%E7%B4%9A%E6%BC%86%E5%99%A8%E3%80%80%E3%80%90%E6%9C%A8%E6%9B%BD%E6%BC%86+%E9%BE%8D%E9%96%80%E5%A0%82%E3%80%91+%E6%9C%A8%E8%A3%BD HTTP/1.1" 200 0 "-" "Mozilla/5.0 AppleWebKit/537.36 (KHTML, like Gecko; compatible; bingbot/2.0; +http://www.bing.com/bingbot.htm) Chrome/116.0.1938.76 Safari/537.36"
66.249.74.104 - - [02/May/2025:14:01:09 -0400] "GET /?e=46849189904200&channel=08dd9d&from=jp.php%3Fid%3D1899042-25419%26name%3DDove+%E3%83%80%E3%83%A1%E3%83%BC%E3%82%B8%E3%82%B1%E3%82%A2+%E3%83%AA%E3%83%95%E3%82%A3%E3%83%AB%E3%83%91%E3%83%83%E3%82%AF+%E3%82%B7%E3%83%A3%E3%83%B3%E3%83%97%E3%83%BC%E3%80%81%E3%82%B3%E3%83%B3%E3%83%87%E3%82%A3%E3%82%B7%E3%83%A7%E3%83%8A%E3%83%BC%E5%90%842%E5%80%8B%E3%82%BB%E3%83%83%E3%83%88 HTTP/1.1" 200 0 "-" "Mozilla/5.0 (Linux; Android 6.0.1; Nexus 5X Build/MMB29P) AppleWebKit/537.36 (KHTML, like Gecko) Chrome/135.0.7049.95 Mobile Safari/537.36 (compatible; Googlebot/2.1; +http://www.google.com/bot.html)"
52.167.144.136 - - [02/May/2025:14:02:22 -0400] "GET /?e=78232119639206&channel=3f2b57&from=blog.php%3Fid%3D1196392-8763%26name%3DLIXIL+INAX+%E4%BA%A4%E6%8F%9B%E7%94%A8%E6%B5%84%E6%B0%B4%E3%82%AB%E3%83%BC%E3%83%88%E3%83%AA%E3%83%83%E3%82%B8JF-K22-D+%E3%83%8F%E3%82%A4%E3%82%B0%E3%83%AC%E3%83%BC%E3%83%89%E3%82%BF%E3%82%A4%E3%83%97 HTTP/1.1" 200 0 "-" "Mozilla/5.0 AppleWebKit/537.36 (KHTML, like Gecko; compatible; bingbot/2.0; +http://www.bing.com/bingbot.htm) Chrome/116.0.1938.76 Safari/537.36"
192.228.145.162 - - [02/May/2025:14:04:12 -0400] "GET /2023/12/28/nama-siskaeee-dan-meli3gp-masuk-daftar-tersangka-kasus-film-porno/ HTTP/1.1" 200 0 "https://t.co/" "Mozilla/5.0 (Linux; Android 10; K) AppleWebKit/537.36 (KHTML, like Gecko) Chrome/135.0.0.0 Mobile Safari/537.36"
192.228.145.162 - - [02/May/2025:14:04:13 -0400] "GET /favicon.ico HTTP/1.1" 404 1251 "https://beritafor4d.com/2023/12/28/nama-siskaeee-dan-meli3gp-masuk-daftar-tersangka-kasus-film-porno/" "Mozilla/5.0 (Linux; Android 10; K) AppleWebKit/537.36 (KHTML, like Gecko) Chrome/135.0.0.0 Mobile Safari/537.36"
192.228.145.162 - - [02/May/2025:14:04:18 -0400] "GET /2023/12/28/nama-siskaeee-dan-meli3gp-masuk-daftar-tersangka-kasus-film-porno/ HTTP/1.1" 200 0 "https://t.co/" "Mozilla/5.0 (Linux; Android 10; K) AppleWebKit/537.36 (KHTML, like Gecko) Chrome/135.0.0.0 Mobile Safari/537.36"
52.167.144.25 - - [02/May/2025:14:09:10 -0400] "GET /?e=77677182220005&channel=2386a8&from=blog.php%3Fid%3D1822200-7010%26name%3D%E7%AE%A1%E7%90%86%E7%94%A8%E3%80%80%E3%83%9D%E3%82%B1%E3%82%AB%E3%80%80%E3%83%90%E3%83%A9%E5%A3%B2%E3%82%8A%E7%94%A8%EF%BC%9F%E3%80%80%E7%9F%AD%E3%81%84%E3%82%B9%E3%83%88%E3%83%AC%E3%83%BC%E3%82%B8 HTTP/1.1" 200 0 "-" "Mozilla/5.0 AppleWebKit/537.36 (KHTML, like Gecko; compatible; bingbot/2.0; +http://www.bing.com/bingbot.htm) Chrome/116.0.1938.76 Safari/537.36"
85.208.96.205 - - [02/May/2025:14:09:19 -0400] "GET /robots.txt HTTP/1.1" 200 85 "-" "Mozilla/5.0 (compatible; SemrushBot/7~bl; +http://www.semrush.com/bot.html)"
85.208.96.193 - - [02/May/2025:14:09:20 -0400] "GET /tag/anak-babi-mirip-manusia/ HTTP/1.1" 200 0 "-" "Mozilla/5.0 (compatible; SemrushBot/7~bl; +http://www.semrush.com/bot.html)"
40.77.167.23 - - [02/May/2025:14:10:14 -0400] "GET /?e=3649966695100&channel=4a342d&from=info.php%3Fid%3D666951-3728%26name%3D%E9%9B%BB%E5%AD%90%E3%83%87%E3%82%B8%E3%82%BF%E3%83%AB%E3%82%BB%E3%82%AD%E3%83%A5%E3%83%AA%E3%83%86%E3%82%A3%E3%82%BB%E3%83%BC%E3%83%95%E3%83%86%E3%82%A3%E3%83%9C%E3%83%83%E3%82%AF%E3%82%B9%E3%80%81%E3%83%9B%E3%83%BC%E3%83%A0%E3%82%AA%E3%83%95%E3%82%A3%E3%82%B9%E3%83%9B%E3%83%86%E3%83%AB%E4%BA%8B%E6%A5%AD%E3%81%AE%E5%AE%9D%E7%9F%B3%E3%81%AE%E7%8F%BE%E9%87%91%E3%81%AE%E3%81%9F%E3%82%81%E3%81%AE%E3%83%87%E3%83%83%E3%83%89%E3%83%9C%E3%83%AB%E3%83%88%E3%83%AD%E3%83%83%E3%82%AF%E3%82%A6%E3%82%A9%E3%83%BC%E3%83%AB%E3%82%A2%E3%83%B3%E3%82%AB%E3%83%BC%E4%BB%98%E3%81%8D%E3%82%BD%E3%83%AA%E3%83%83 HTTP/1.1" 200 0 "-" "Mozilla/5.0 AppleWebKit/537.36 (KHTML, like Gecko; compatible; bingbot/2.0; +http://www.bing.com/bingbot.htm) Chrome/116.0.1938.76 Safari/537.36"
40.77.167.23 - - [02/May/2025:14:10:24 -0400] "GET /?e=88687166789600&channel=a1f5b5&from=article.php%3Fid%3D1667896-476%26name%3D%E4%B8%AD%E5%8F%A4%E3%82%B9%E3%83%9D%E3%83%BC%E3%83%84+18+%5B%E3%83%AC%E3%82%AE%E3%83%A5%E3%83%A9%E3%83%BC%E3%82%AB%E3%83%BC%E3%83%89A%5D+%EF%BC%9A+%E6%B3%A2%E6%88%B8+%E5%BA%B7%E5%BC%98%28%E3%82%AD%E3%83%A9%E3%83%91%E3%83%A9%E3%83%AC%E3%83%AB%E4%BB%95%E6%A7%98%29 HTTP/1.1" 200 0 "-" "Mozilla/5.0 AppleWebKit/537.36 (KHTML, like Gecko; compatible; bingbot/2.0; +http://www.bing.com/bingbot.htm) Chrome/116.0.1938.76 Safari/537.36"
66.249.74.104 - - [02/May/2025:14:11:13 -0400] "GET /?e=04274163711406&channel=392f17&from=news.php%3Fid%3D1637114-23748%26name%3D%E8%89%AF%E3%81%8F%E8%A6%8B%E3%81%88%E3%81%BE%E3%81%99%E3%82%88%EF%BC%81%E3%82%AA%E3%83%AA%E3%83%B3%E3%83%91%E3%82%B9%E5%8F%8C%E7%9C%BC%E6%98%8E%E8%A6%96%E9%87%8E%E9%A1%95%E5%BE%AE%E9%8F%A1E%E3%80%81%E6%9C%A8%E7%AE%B1%E3%81%82%E3%82%8A%E3%80%81%E3%81%8A%E3%81%BE%E3%81%91%E4%BB%98%E3%81%8D HTTP/1.1" 200 0 "-" "Mozilla/5.0 (Linux; Android 6.0.1; Nexus 5X Build/MMB29P) AppleWebKit/537.36 (KHTML, like Gecko) Chrome/135.0.7049.95 Mobile Safari/537.36 (compatible; Googlebot/2.1; +http://www.google.com/bot.html)"
185.191.171.5 - - [02/May/2025:14:12:33 -0400] "GET /tag/fenomena-alam-hujan-es/ HTTP/1.1" 200 0 "-" "Mozilla/5.0 (compatible; SemrushBot/7~bl; +http://www.semrush.com/bot.html)"
207.46.13.107 - - [02/May/2025:14:12:58 -0400] "GET /?e=41209190034203&channel=870e91&from=category-info.php%3Fid%3D1900342-13184%26name%3D304+%E3%82%B9%E3%83%86%E3%83%B3%E3%83%AC%E3%82%B9%E9%8B%BC%E8%A7%92%E3%82%AF%E3%83%A9%E3%83%B3%E3%83%97%2F%E8%A7%92%E3%83%91%E3%82%A4%E3%83%97%E3%83%90%E3%83%83%E3%82%AF%E3%83%AB%E3%80%81%E4%B9%97%E9%A6%AC%E3%82%AF%E3%83%A9%E3%83%B3%E3%83%97%E3%80%81%E7%9B%B4%E8%A7%92%E3%83%96%E3%83%A9%E3%82%B1%E3%83%83%E3%83%88%E3%82%AF%E3%83%A9%E3%83%B3%E3%83%97%E3%80%81U+%E5%AD%97%E3%83%91%E3%82%A4%E3%83%97+%28Color+%3A+Silver HTTP/1.1" 200 0 "-" "Mozilla/5.0 AppleWebKit/537.36 (KHTML, like Gecko; compatible; bingbot/2.0; +http://www.bing.com/bingbot.htm) Chrome/116.0.1938.76 Safari/537.36"
66.249.74.104 - - [02/May/2025:14:17:44 -0400] "GET /?e=1392065738400&channel=7b7def&from=shop.php%3Fid%3D657384-22607%26name%3D%E2%9C%B4BOOKOFF+%E5%89%B2%E5%BC%95%E5%88%B8+50%E5%86%86%E5%88%86%C3%9730%E6%9E%9A+%E8%B2%B7%E5%8F%96%E3%83%96%E3%83%83%E3%81%8F%E3%81%98%E7%A5%AD%EF%BC%81+%E5%8F%82%E5%8A%A0%E8%B3%9E+%E3%83%96%E3%83%83%E3%82%AF%E3%82%AA%E3%83%95 HTTP/1.1" 200 0 "-" "Mozilla/5.0 (Linux; Android 6.0.1; Nexus 5X Build/MMB29P) AppleWebKit/537.36 (KHTML, like Gecko) Chrome/135.0.7049.95 Mobile Safari/537.36 (compatible; Googlebot/2.1; +http://www.google.com/bot.html)"
66.249.74.104 - - [02/May/2025:14:20:00 -0400] "GET /tag/perceraian/feed/ HTTP/1.1" 200 0 "-" "Mozilla/5.0 (Linux; Android 6.0.1; Nexus 5X Build/MMB29P) AppleWebKit/537.36 (KHTML, like Gecko) Chrome/135.0.7049.95 Mobile Safari/537.36 (compatible; Googlebot/2.1; +http://www.google.com/bot.html)"
66.249.74.105 - - [02/May/2025:14:20:33 -0400] "GET /?e=48974176099605&channel=407bc6&from=blog.php%3Fid%3D1760996-25418%26name%3D%E5%AF%8C%E5%A3%AB%E3%83%95%E3%82%A4%E3%83%AB%E3%83%A0%28FUJIFILM%29+%E3%83%81%E3%82%A7%E3%82%AD+%E3%82%A4%E3%83%B3%E3%82%B9%E3%82%BF%E3%83%B3%E3%83%88%E3%82%AB%E3%83%A1%E3%83%A9%2F%E3%82%B9%E3%83%9E%E3%83%9B%E3%83%97%E3%83%AA%E3%83%B3%E3%82%BF%E3%83%BC+instax+mini+LiPlay+%E3%82%B9%E3%83%88%E3%83%BC%E3%83%B3%E3%83%9B%E3%83%AF%E3%82%A4 HTTP/1.1" 200 0 "-" "Mozilla/5.0 (Linux; Android 6.0.1; Nexus 5X Build/MMB29P) AppleWebKit/537.36 (KHTML, like Gecko) Chrome/135.0.7049.95 Mobile Safari/537.36 (compatible; Googlebot/2.1; +http://www.google.com/bot.html)"
66.249.74.104 - - [02/May/2025:14:21:02 -0400] "GET /?e=7170736933605&channel=3c3d51&from=goods.php%3Fid%3D369336-145%26name%3D%E3%83%92%E3%83%AD%E3%82%BF%E3%82%AB+Hirotaka+%E3%83%80%E3%82%A4%E3%83%A4%E3%83%A2%E3%83%B3%E3%83%89%E3%83%AA%E3%83%B3%E3%82%B0%E3%83%94%E3%82%A2%E3%82%B9+%E7%89%87%E8%80%B3 HTTP/1.1" 200 0 "-" "Mozilla/5.0 (Linux; Android 6.0.1; Nexus 5X Build/MMB29P) AppleWebKit/537.36 (KHTML, like Gecko) Chrome/135.0.7049.95 Mobile Safari/537.36 (compatible; Googlebot/2.1; +http://www.google.com/bot.html)"
20.15.133.174 - - [02/May/2025:14:22:35 -0400] "GET /?e=76524114426200&channel=7435b8&from=jp.php%3Fid%3D1144262-8720%26name%3D%E3%83%81%E3%83%A3%E3%83%B3%E3%83%94%E3%82%AA%E3%83%B3Miami+Heat+%E3%83%9E%E3%82%A4%E3%82%A2%E3%83%9F%E3%83%92%E3%83%BC%E3%83%88+%E3%83%8F%E3%83%AD%E3%83%AB%E3%83%89%E3%83%9E%E3%82%A4%E3%83%8A%E3%83%BC+%E3%83%A6%E3%83%8B%E3%83%95%E3%82%A9%E3%83%BC%E3%83%A0 HTTP/1.1" 200 0 "-" "Mozilla/5.0 AppleWebKit/537.36 (KHTML, like Gecko; compatible; bingbot/2.0; +http://www.bing.com/bingbot.htm) Chrome/116.0.1938.76 Safari/537.36"
157.55.39.201 - - [02/May/2025:14:23:10 -0400] "GET /?e=85900125790100&channel=8b165f&from=blog.php%3Fid%3D1257901-28833%26name%3D%E3%83%9D%E3%83%BC%E3%82%BF%E3%83%96%E3%83%ABdvd%E3%83%97%E3%83%AC%E3%83%BC%E3%83%A4%E3%83%BC+17.9%E5%9E%8B+%E6%B6%B2%E6%99%B6+15.6%E3%82%A4%E3%83%B3%E3%83%81%E8%B6%85%E5%A4%A7%E7%94%BB%E9%9D%A2+%E5%86%85%E8%94%B5%E3%83%80%E3%83%96%E3%83%AB%E3%82%B9%E3%83%94%E3%83%BC%E3%82%AB%E3%83%BC+5000mAh%E5%A4%A7%E5%AE%B9%E9%87%8F%E5%85%85%E9%9B%BB%E5%BC%8F%E3%83%90%E3%83%83%E3%83%86%E3%83%AA%E3%83%BC HTTP/1.1" 200 0 "-" "Mozilla/5.0 AppleWebKit/537.36 (KHTML, like Gecko; compatible; bingbot/2.0; +http://www.bing.com/bingbot.htm) Chrome/116.0.1938.76 Safari/537.36"
157.55.39.201 - - [02/May/2025:14:23:11 -0400] "GET /?e=8924142477200&channel=0050e5&from=product.php%3Fid%3D424772-18503%26name%3D%E5%BE%8C%E6%9C%9F%E3%83%A9%E3%82%AB%E3%83%B3%E5%85%A5%E9%96%80+%E3%83%A9%E3%82%AB%E3%83%B3%E7%9A%84%E4%B8%BB%E4%BD%93%E3%81%AB%E3%81%A4%E3%81%84%E3%81%A6 HTTP/1.1" 200 0 "-" "Mozilla/5.0 AppleWebKit/537.36 (KHTML, like Gecko; compatible; bingbot/2.0; +http://www.bing.com/bingbot.htm) Chrome/116.0.1938.76 Safari/537.36"
157.55.39.201 - - [02/May/2025:14:23:12 -0400] "GET /?e=75950189542906&channel=eefe29&from=article.php%3Fid%3D1895429-19356%26name%3D%E6%89%8B%E4%BD%9C%E3%82%8A%E3%81%AE%E3%83%8D%E3%83%83%E3%82%AF%E3%83%AC%E3%82%B9%E3%82%B8%E3%83%A5%E3%82%A8%E3%83%AA%E3%83%BC%E3%81%AE%E3%81%9F%E3%82%81%E3%81%AE%E3%82%AD%E3%83%A5%E3%83%BC%E3%83%93%E3%83%83%E3%82%AF%E3%82%B8%E3%83%AB%E3%82%B3%E3%83%8B%E3%82%A2%E3%82%AF%E3%83%A9%E3%82%B9%E3%83%97%E3%83%95%E3%83%83%E3%82%AF HTTP/1.1" 200 0 "-" "Mozilla/5.0 AppleWebKit/537.36 (KHTML, like Gecko; compatible; bingbot/2.0; +http://www.bing.com/bingbot.htm) Chrome/116.0.1938.76 Safari/537.36"
20.15.133.174 - - [02/May/2025:14:23:25 -0400] "GET /?e=4042297686400&channel=e1b31a&from=category-info.php%3Fid%3D976864-26616%26name%3D%E3%80%90%E6%96%B0%E5%93%81%E6%9C%AA%E9%96%8B%E5%B0%81%E5%93%81%E2%A0%80%E3%80%91%E3%82%A2%E3%83%B3%E3%83%91%E3%83%B3%E3%83%9E%E3%83%B3+%E6%8A%97%E8%8F%8C%E3%82%B9%E3%83%97%E3%83%BC%E3%83%B3%E3%83%95%E3%82%A9%E3%83%BC%E3%82%AF%E3%82%BB%E3%83%83%E3%83%88 HTTP/1.1" 200 0 "-" "Mozilla/5.0 AppleWebKit/537.36 (KHTML, like Gecko; compatible; bingbot/2.0; +http://www.bing.com/bingbot.htm) Chrome/116.0.1938.76 Safari/537.36"
40.77.167.42 - - [02/May/2025:14:26:19 -0400] "GET /?e=02373148428700&channel=5afaac&from=info.php%3Fid%3D1484287-22676%26name%3D%E8%BB%8A%E3%81%AE%E3%83%9B%E3%82%A4%E3%83%BC%E3%83%AB%E3%83%8A%E3%83%83%E3%83%88%E3%83%AA%E3%83%A0%E3%83%BC%E3%83%90%E3%83%BC+-+3%E5%80%8B+%E3%83%AD%E3%83%83%E3%82%AF%E3%83%8A%E3%83%83%E3%83%88%E3%82%A8%E3%82%AD%E3%82%B9%E3%83%88%E3%83%A9%E3%82%AF%E3%82%BF%E3%83%BC%E3%80%81%E9%AB%98%E5%BC%B7%E5%BA%A6%E3%82%B9%E3%83%81%E3%83%BC%E3%83%AB%E3%80%81%E7%B0%A1%E5%8D%98%E5%8F%96%E3%82%8A%E5%A4%96%E3%81%97+%7C+%E5%AE%89%E5%85%A8%E3%81%AA%E3%82%B0%E3%83%AA%E3%83%83%E3%83%97%E4%BB%98%E3%81%8D%E3%83%97%E3%83%AD%E3%83%95%E3%82%A7%E3%83%83 HTTP/1.1" 200 0 "-" "Mozilla/5.0 AppleWebKit/537.36 (KHTML, like Gecko; compatible; bingbot/2.0; +http://www.bing.com/bingbot.htm) Chrome/116.0.1938.76 Safari/537.36"
66.249.74.105 - - [02/May/2025:14:27:33 -0400] "GET /?e=2924271385603&channel=d36eb0&from=shared.php%3Fid%3D713856-16890%26name%3DLOVERAMICS+2020%E5%B9%B4%E9%99%90%E5%AE%9A%E3%82%B3%E3%83%BC%E3%83%92%E3%83%BC%E3%83%89%E3%83%AA%E3%83%83%E3%83%91%E3%83%BC+%E3%82%AE%E3%83%95%E3%83%88%E3%82%BB%E3%83%83%E3%83%88 HTTP/1.1" 200 0 "-" "Mozilla/5.0 (Linux; Android 6.0.1; Nexus 5X Build/MMB29P) AppleWebKit/537.36 (KHTML, like Gecko) Chrome/135.0.7049.95 Mobile Safari/537.36 (compatible; Googlebot/2.1; +http://www.google.com/bot.html)"
52.167.144.22 - - [02/May/2025:14:29:01 -0400] "GET /?e=79059112417204&channel=acf630&from=pin.php%3Fid%3D1124172-27725%26name%3D%E6%AE%8B%E7%95%99%E9%9B%BB%E6%B5%81%E3%82%B5%E3%83%BC%E3%82%AD%E3%83%83%E3%83%88%E3%83%96%E3%83%AC%E3%83%BC%E3%82%AB%E3%83%BC%E3%80%81%E7%B5%B6%E7%B8%81%E9%9B%86%E7%A9%8D%E3%82%B5%E3%83%BC%E3%82%AD%E3%83%83%E3%83%88%E3%83%96%E3%83%AC%E3%83%BC%E3%82%AB%E3%83%BC+0.7%E3%82%A4%E3%83%B3%E3%83%81%E3%80%81%E7%94%A3%E6%A5%AD%E7%94%A8%E7%92%B0%E5%A2%83%E3%81%AB%E5%84%AA%E3%81%97%E3%81%84+%2810A%29 HTTP/1.1" 200 0 "-" "Mozilla/5.0 AppleWebKit/537.36 (KHTML, like Gecko; compatible; bingbot/2.0; +http://www.bing.com/bingbot.htm) Chrome/116.0.1938.76 Safari/537.36"
207.46.13.160 - - [02/May/2025:14:29:50 -0400] "GET /?e=10217135734705&channel=f624ce&from=article.php%3Fid%3D1357347-8714%26name%3D%5B%E3%82%A8%E3%82%B9%E3%83%97%E3%83%AF%E3%83%BC%E3%83%AB%5D+K18+18%E9%87%91+%E5%96%9C%E5%B9%B3%E3%83%8D%E3%83%83%E3%82%AF%E3%83%AC%E3%82%B9+12%E9%9D%A2%E3%82%AB%E3%83%83%E3%83%88%E3%83%88%E3%83%AA%E3%83%97%E3%83%AB+30g+50cm+%E9%80%A0%E5%B9%A3%E5%B1%80%E6%A4%9C%E5%AE%9A%E3%83%9E%E3%83%BC%E3%82%AF+%E5%88%BB%E5%8D%B0%E5%85%A5%E3%82%8A+%E3%83%A6%E3%83%8B%E3%82%BB%E3%83%83%E3%82%AF%E3%82%B9 HTTP/1.1" 200 0 "-" "Mozilla/5.0 AppleWebKit/537.36 (KHTML, like Gecko; compatible; bingbot/2.0; +http://www.bing.com/bingbot.htm) Chrome/116.0.1938.76 Safari/537.36"
207.46.13.160 - - [02/May/2025:14:31:10 -0400] "GET /?e=86665137077000&channel=530d0c&from=goods.php%3Fid%3D1370770-4621%26name%3D%E3%82%AD%E3%83%83%E3%83%81%E3%83%B3%E3%81%AE%E6%9C%A8%E8%A3%BD%E3%83%81%E3%83%A7%E3%83%83%E3%83%94%E3%83%B3%E3%82%B0%E3%83%96%E3%83%AD%E3%83%83%E3%82%AF%E3%83%93%E3%83%BC%E3%83%81%E3%82%AF%E3%83%AB%E3%83%9F%E3%82%AB%E3%83%83%E3%83%86%E3%82%A3%E3%83%B3%E3%82%B0%E3%83%9C%E3%83%BC%E3%83%89%E3%83%94%E3%82%B6%E3%83%91%E3%83%B3%E3%83%95%E3%83%AB%E3%83%BC%E3%83%84%E5%AF%BF%E5%8F%B8%E3%83%88%E3%83%AC%E3%82%A4%E7%B5%9E%E9%A6%96%E5%88%91%E5%AE%A4%E3%82%AB%E3%83%83%E3%83%86%E3%82%A3%E3%83%B3%E3%82%B0%E3%83%9C%E3%83%BC%E3%83%89 HTTP/1.1" 200 0 "-" "Mozilla/5.0 AppleWebKit/537.36 (KHTML, like Gecko; compatible; bingbot/2.0; +http://www.bing.com/bingbot.htm) Chrome/116.0.1938.76 Safari/537.36"
207.46.13.160 - - [02/May/2025:14:35:31 -0400] "GET /?e=83778187737400&channel=43e99b&from=category-info.php%3Fid%3D1877374-29726%26name%3D%5BForeted%5D+%E3%82%BB%E3%82%AF%E3%82%B7%E3%83%BC%E3%83%A9%E3%83%B3%E3%82%B8%E3%82%A7%E3%83%AA%E3%83%BC+%E9%81%8E%E6%BF%80+%E5%A4%89%E6%85%8B+%E3%83%A1%E3%83%83%E3%82%B7%E3%83%A5+%E3%82%AA%E3%83%BC%E3%83%97%E3%83%B3%E3%82%AF%E3%83%AD%E3%83%83%E3%83%81T%E3%83%90%E3%83%83%E3%82%AF+%E9%81%8E%E6%BF%80+%E3%82%B7%E3%83%BC%E3%82%B9%E3%83%AB%E3%83%BC%E3%82%B7%E3%83%A7%E3%83%BC%E3%83%84+%E3%83%AC%E3%83%87%E3%82%A3%E3%83%BC%E3%82%B9+%E7%A9%B4%E3%81%82 HTTP/1.1" 200 0 "-" "Mozilla/5.0 AppleWebKit/537.36 (KHTML, like Gecko; compatible; bingbot/2.0; +http://www.bing.com/bingbot.htm) Chrome/116.0.1938.76 Safari/537.36"
40.77.167.47 - - [02/May/2025:14:35:35 -0400] "GET /?e=89252181276104&channel=5c389f&from=brands.php%3Fid%3D1812761-7612%26name%3D%E3%82%A6%E3%82%A4%E3%83%B3%E3%83%89%E3%83%96%E3%83%AC%E3%83%BC%E3%82%AB%E3%83%BC+%E3%83%A1%E3%83%B3%E3%82%BA+%E5%86%AC+%E3%82%BF%E3%83%AA%E3%83%BC%E9%98%B2%E5%AF%92%E7%9D%80+%E4%BD%9C%E6%A5%AD%E7%9D%80+%E6%98%A5+%E3%82%A6%E3%82%A9%E3%83%BC%E3%82%AD%E3%83%B3%E3%82%B0%E3%82%A6%E3%82%A7%E3%82%A2%E3%83%A1%E3%83%B3%E3%82%BA+%E3%83%9E%E3%81%99%E3%81%86%E3%81%87%E3%81%A3%E3%81%A8%E4%B8%8A%E4%B8%8B%E3%83%A1%E3%83%B3%E3%82%BA+%E9%BA%BB+%E3%82%B8%E3%83%A3%E3%82%B1%E3%83%83%E3%83%88+%E3%83%A1%E3%83%B3%E3%82%BA HTTP/1.1" 200 0 "-" "Mozilla/5.0 AppleWebKit/537.36 (KHTML, like Gecko; compatible; bingbot/2.0; +http://www.bing.com/bingbot.htm) Chrome/116.0.1938.76 Safari/537.36"
207.46.13.160 - - [02/May/2025:14:37:11 -0400] "GET /?e=419958982200&channel=b2ec49&from=category-info.php%3Fid%3D89822-7426%26name%3D%E6%9C%AA%E4%BD%BF%E7%94%A8%E3%80%80%E3%82%B3%E3%83%B3%E3%83%91%E3%82%AF%E3%83%88%E3%82%B9%E3%83%9D%E3%83%83%E3%83%88%E3%83%A9%E3%82%A4%E3%83%88%E3%80%80%E9%81%A0%E8%97%A4%E7%85%A7%E6%98%8E%E3%80%80%E8%BB%BD%E9%87%8F%E3%80%80LED%E3%80%80ERS5027SA%E3%80%80%E9%98%B2%E6%B9%BF%E9%98%B2%E9%9B%A8%E3%80%80%E9%9D%9E%E8%AA%BF%E5%85%89%E3%80%80%E3%82%A2%E3%83%AB%E3%83%9F%E3%83%80%E3%82%A4%E3%82%AB%E3%82%B9%E3%83%88%E3%80%80A8325C10 HTTP/1.1" 200 0 "-" "Mozilla/5.0 AppleWebKit/537.36 (KHTML, like Gecko; compatible; bingbot/2.0; +http://www.bing.com/bingbot.htm) Chrome/116.0.1938.76 Safari/537.36"
40.77.167.47 - - [02/May/2025:14:39:13 -0400] "GET /?e=59182111394600&channel=89bf66&from=jp.php%3Fid%3D1113946-11600%26name%3D%E3%83%88%E3%83%AF%E3%82%A4%E3%83%A9%E3%82%A4%E3%83%88%E3%82%A6%E3%82%A9%E3%83%AA%E3%82%A2%E3%83%BC%E3%82%BA%E3%80%80%E4%B9%9D%E9%BE%8D%E5%9F%8E%E7%A0%A6%E3%80%80%E4%BF%A1%E4%B8%80%E3%80%80%E3%83%9D%E3%82%B9%E3%83%88%E3%82%AB%E3%83%BC%E3%83%89%E3%80%80%E4%B8%AD%E5%9B%BD%E3%81%AE%E5%85%A5%E5%A0%B4%E7%89%B9%E5%85%B8 HTTP/1.1" 200 0 "-" "Mozilla/5.0 AppleWebKit/537.36 (KHTML, like Gecko; compatible; bingbot/2.0; +http://www.bing.com/bingbot.htm) Chrome/116.0.1938.76 Safari/537.36"
52.167.144.198 - - [02/May/2025:14:41:33 -0400] "GET /?e=28810121329500&channel=2654f5&from=category-info.php%3Fid%3D1213295-2307%26name%3D%E3%82%AC%E3%83%BC%E3%83%87%E3%83%B3%E9%9B%BB%E5%8B%95%E5%B7%A5%E5%85%B7%E9%83%A8%E5%93%81+%E3%83%A9%E3%82%A6%E3%83%B3%E3%83%89+2.4mm+%E4%BF%AE%E7%90%86%E3%83%AF%E3%82%A4%E3%83%A4%E3%83%BC+%E8%8A%9D%E5%88%88%E3%82%8A%E6%A9%9F%E7%94%A8 HTTP/1.1" 200 0 "-" "Mozilla/5.0 AppleWebKit/537.36 (KHTML, like Gecko; compatible; bingbot/2.0; +http://www.bing.com/bingbot.htm) Chrome/116.0.1938.76 Safari/537.36"
172.190.180.102 - - [02/May/2025:14:42:55 -0400] "GET /wp-content/uploads/2023/11/erw4tewgteg.jpg HTTP/1.1" 200 95911 "-" "Mozilla/5.0 (Windows NT 10.0; Win64; x64) AppleWebKit/537.36 (KHTML, like Gecko) Chrome/109.0.0.0 Safari/537.36"
172.190.180.102 - - [02/May/2025:14:43:10 -0400] "GET /wp-content/uploads/2023/12/PSD-WP-BERITA5-2-300x200.jpg HTTP/1.1" 200 23073 "-" "Mozilla/5.0 (Windows NT 10.0; Win64; x64) AppleWebKit/537.36 (KHTML, like Gecko) Chrome/109.0.0.0 Safari/537.36"
172.190.180.102 - - [02/May/2025:14:43:11 -0400] "GET /wp-content/uploads/2023/11/650558d6a93ee.jpg HTTP/1.1" 200 51473 "-" "Mozilla/5.0 (Windows NT 10.0; Win64; x64) AppleWebKit/537.36 (KHTML, like Gecko) Chrome/109.0.0.0 Safari/537.36"
172.190.180.102 - - [02/May/2025:14:43:16 -0400] "GET /wp-content/uploads/2024/04/Screenshot-2024-04-15-125718.png HTTP/1.1" 200 362132 "-" "Mozilla/5.0 (Windows NT 10.0; Win64; x64) AppleWebKit/537.36 (KHTML, like Gecko) Chrome/109.0.0.0 Safari/537.36"
172.190.180.102 - - [02/May/2025:14:43:17 -0400] "GET /wp-content/uploads/2023/12/PSD-WP-BERITA1-13-300x200.jpg HTTP/1.1" 200 17337 "-" "Mozilla/5.0 (Windows NT 10.0; Win64; x64) AppleWebKit/537.36 (KHTML, like Gecko) Chrome/109.0.0.0 Safari/537.36"
172.190.180.102 - - [02/May/2025:14:43:18 -0400] "GET /wp-content/uploads/2024/04/Screenshot-2024-04-22-140201-300x200.png HTTP/1.1" 200 127037 "-" "Mozilla/5.0 (Windows NT 10.0; Win64; x64) AppleWebKit/537.36 (KHTML, like Gecko) Chrome/109.0.0.0 Safari/537.36"
172.190.180.102 - - [02/May/2025:14:43:24 -0400] "GET /wp-content/uploads/2023/12/IMG_20231207_055404.jpg HTTP/1.1" 200 82409 "-" "Mozilla/5.0 (Windows NT 10.0; Win64; x64) AppleWebKit/537.36 (KHTML, like Gecko) Chrome/109.0.0.0 Safari/537.36"
172.190.180.102 - - [02/May/2025:14:43:31 -0400] "GET /wp-content/uploads/2023/11/capturejpg-20211012113236.jpg HTTP/1.1" 200 73677 "-" "Mozilla/5.0 (Windows NT 10.0; Win64; x64) AppleWebKit/537.36 (KHTML, like Gecko) Chrome/109.0.0.0 Safari/537.36"
172.190.180.102 - - [02/May/2025:14:43:31 -0400] "GET /wp-content/uploads/2023/11/6546daf4ade44.jpg HTTP/1.1" 200 53217 "-" "Mozilla/5.0 (Windows NT 10.0; Win64; x64) AppleWebKit/537.36 (KHTML, like Gecko) Chrome/109.0.0.0 Safari/537.36"
172.190.180.102 - - [02/May/2025:14:43:35 -0400] "GET /wp-content/uploads/2024/07/Screenshot-2024-07-11-045151-300x200.png HTTP/1.1" 200 113087 "-" "Mozilla/5.0 (Windows NT 10.0; Win64; x64) AppleWebKit/537.36 (KHTML, like Gecko) Chrome/109.0.0.0 Safari/537.36"
172.190.180.102 - - [02/May/2025:14:43:39 -0400] "GET /wp-content/uploads/2023/10/israel-palestinian-conflict.jpeg HTTP/1.1" 200 72000 "-" "Mozilla/5.0 (Windows NT 10.0; Win64; x64) AppleWebKit/537.36 (KHTML, like Gecko) Chrome/109.0.0.0 Safari/537.36"
52.167.144.198 - - [02/May/2025:14:44:43 -0400] "GET /?e=22617124074601&channel=8befec&from=pin.php%3Fid%3D1240746-28699%26name%3D33%E3%83%9F%E3%83%8B%E3%83%81%E3%83%A5%E3%82%A2%E3%83%89%E3%83%BC%E3%83%AB%E6%9C%8D%E8%B5%A4%E3%81%A1%E3%82%83%E3%82%93%E7%AB%A5%E8%A9%B1%E3%82%B7%E3%83%AA%E3%83%BC%E3%82%BA HTTP/1.1" 200 0 "-" "Mozilla/5.0 AppleWebKit/537.36 (KHTML, like Gecko; compatible; bingbot/2.0; +http://www.bing.com/bingbot.htm) Chrome/116.0.1938.76 Safari/537.36"
172.190.180.102 - - [02/May/2025:14:44:58 -0400] "GET /wp-content/uploads/2023/12/PSD-WP-BERITA3-10.jpg HTTP/1.1" 200 68781 "-" "Mozilla/5.0 (Windows NT 10.0; Win64; x64) AppleWebKit/537.36 (KHTML, like Gecko) Chrome/109.0.0.0 Safari/537.36"
185.191.171.6 - - [02/May/2025:14:45:17 -0400] "GET /tag/republik-indonesia/ HTTP/1.1" 200 0 "-" "Mozilla/5.0 (compatible; SemrushBot/7~bl; +http://www.semrush.com/bot.html)"
40.77.167.8 - - [02/May/2025:14:45:39 -0400] "GET /tag/sosok-zhafira-devi/ HTTP/1.1" 200 0 "-" "Mozilla/5.0 AppleWebKit/537.36 (KHTML, like Gecko; compatible; bingbot/2.0; +http://www.bing.com/bingbot.htm) Chrome/116.0.1938.76 Safari/537.36"
172.190.180.102 - - [02/May/2025:14:45:42 -0400] "GET /wp-content/uploads/2023/12/PSD-WP-BERITA1-12.jpg HTTP/1.1" 200 74906 "-" "Mozilla/5.0 (Windows NT 10.0; Win64; x64) AppleWebKit/537.36 (KHTML, like Gecko) Chrome/109.0.0.0 Safari/537.36"
52.167.144.198 - - [02/May/2025:14:45:43 -0400] "GET /?e=73895131470201&channel=3ad716&from=shop.php%3Fid%3D1314702-27680%26name%3D%E5%85%AB%E6%8E%9B%E2%98%86%E3%81%AF%E3%81%8E%E3%82%8C10%E6%9E%9A%E2%AD%90%EF%B8%8E%EF%BC%91%E7%9D%80%E5%88%86%E2%AD%90%EF%B8%8E%E3%81%BB%E3%81%A9%E3%81%8D%E5%B8%83%E2%AD%90%EF%B8%8E%E3%81%BC%E3%81%8B%E3%81%97%E6%9F%BF%E6%B8%8B%E8%89%B2 HTTP/1.1" 200 0 "-" "Mozilla/5.0 AppleWebKit/537.36 (KHTML, like Gecko; compatible; bingbot/2.0; +http://www.bing.com/bingbot.htm) Chrome/116.0.1938.76 Safari/537.36"
157.55.39.55 - - [02/May/2025:14:45:53 -0400] "GET /2023/11/21/polisi-pastikan-2-kekasih-yang-ditemukan-tewas-membusuk-di-indekosnya-di-makassar-nekat-akhiri-hidup/ HTTP/1.1" 200 0 "-" "Mozilla/5.0 AppleWebKit/537.36 (KHTML, like Gecko; compatible; bingbot/2.0; +http://www.bing.com/bingbot.htm) Chrome/116.0.1938.76 Safari/537.36"
172.190.180.102 - - [02/May/2025:14:46:01 -0400] "GET /wp-content/uploads/2023/11/654715f5a533b.jpg HTTP/1.1" 200 61165 "-" "Mozilla/5.0 (Windows NT 10.0; Win64; x64) AppleWebKit/537.36 (KHTML, like Gecko) Chrome/109.0.0.0 Safari/537.36"
172.190.180.102 - - [02/May/2025:14:46:15 -0400] "GET /wp-content/uploads/2023/12/PSD-WP-BERITA-5.jpg HTTP/1.1" 200 146075 "-" "Mozilla/5.0 (Windows NT 10.0; Win64; x64) AppleWebKit/537.36 (KHTML, like Gecko) Chrome/109.0.0.0 Safari/537.36"
172.190.180.102 - - [02/May/2025:14:46:19 -0400] "GET /wp-content/uploads/2023/12/PSD-WP-BERITA-6.jpg HTTP/1.1" 200 104790 "-" "Mozilla/5.0 (Windows NT 10.0; Win64; x64) AppleWebKit/537.36 (KHTML, like Gecko) Chrome/109.0.0.0 Safari/537.36"
