172.190.180.102 - - [02/May/2025:15:48:33 -0400] "GET /wp-content/uploads/2024/04/Screenshot-2024-04-22-141159.png HTTP/1.1" 200 379443 "-" "Mozilla/5.0 (Windows NT 10.0; Win64; x64) AppleWebKit/537.36 (KHTML, like Gecko) Chrome/109.0.0.0 Safari/537.36"
172.190.180.102 - - [02/May/2025:15:48:35 -0400] "GET /wp-content/uploads/2023/11/Screenshot-2023-11-05-085113.png HTTP/1.1" 200 414191 "-" "Mozilla/5.0 (Windows NT 10.0; Win64; x64) AppleWebKit/537.36 (KHTML, like Gecko) Chrome/109.0.0.0 Safari/537.36"
172.190.180.102 - - [02/May/2025:15:48:36 -0400] "GET /wp-content/uploads/2023/11/sdfgwehrtght.jpg HTTP/1.1" 200 79595 "-" "Mozilla/5.0 (Windows NT 10.0; Win64; x64) AppleWebKit/537.36 (KHTML, like Gecko) Chrome/109.0.0.0 Safari/537.36"
172.190.180.102 - - [02/May/2025:15:49:00 -0400] "GET /wp-content/uploads/2024/07/Screenshot-2024-07-05-045804-300x200.png HTTP/1.1" 200 98241 "-" "Mozilla/5.0 (Windows NT 10.0; Win64; x64) AppleWebKit/537.36 (KHTML, like Gecko) Chrome/109.0.0.0 Safari/537.36"
172.190.180.102 - - [02/May/2025:15:49:45 -0400] "GET /wp-content/uploads/2023/12/PSD-WP-BERITA3-13.jpg HTTP/1.1" 200 129314 "-" "Mozilla/5.0 (Windows NT 10.0; Win64; x64) AppleWebKit/537.36 (KHTML, like Gecko) Chrome/109.0.0.0 Safari/537.36"
66.249.74.105 - - [02/May/2025:15:49:45 -0400] "GET /2024/04/05/imam-jemaah-aolia-mengaku-sudah-telfon-allah-sebelum-menentukan-idul-fitri-lebih-awal/feed/ HTTP/1.1" 200 0 "-" "Mozilla/5.0 (Linux; Android 6.0.1; Nexus 5X Build/MMB29P) AppleWebKit/537.36 (KHTML, like Gecko) Chrome/135.0.7049.95 Mobile Safari/537.36 (compatible; Googlebot/2.1; +http://www.google.com/bot.html)"
172.190.180.102 - - [02/May/2025:15:50:03 -0400] "GET /wp-content/uploads/2024/05/Screenshot-2024-05-28-032310.png HTTP/1.1" 200 699910 "-" "Mozilla/5.0 (Windows NT 10.0; Win64; x64) AppleWebKit/537.36 (KHTML, like Gecko) Chrome/109.0.0.0 Safari/537.36"
172.190.180.102 - - [02/May/2025:15:50:09 -0400] "GET /wp-content/uploads/2023/11/656443dd44ce3.jpg HTTP/1.1" 200 125917 "-" "Mozilla/5.0 (Windows NT 10.0; Win64; x64) AppleWebKit/537.36 (KHTML, like Gecko) Chrome/109.0.0.0 Safari/537.36"
66.249.74.104 - - [02/May/2025:15:50:10 -0400] "GET /?e=6520867995004&channel=ba4925&from=jp.php%3Fid%3D679950-14108%26name%3D14K+YG+%E3%83%8D%E3%83%83%E3%82%AF%E3%83%AC%E3%82%B9+%E3%83%80%E3%82%A4%E3%83%A4+%E7%B7%8F%E9%87%8D%E9%87%8F%E7%B4%841.6g+%E7%B4%8441cm HTTP/1.1" 200 0 "-" "Mozilla/5.0 (Linux; Android 6.0.1; Nexus 5X Build/MMB29P) AppleWebKit/537.36 (KHTML, like Gecko) Chrome/135.0.7049.95 Mobile Safari/537.36 (compatible; Googlebot/2.1; +http://www.google.com/bot.html)"
172.190.180.102 - - [02/May/2025:15:50:13 -0400] "GET /wp-content/uploads/2024/01/PSD-WP-BERITA.jpg HTTP/1.1" 200 142616 "-" "Mozilla/5.0 (Windows NT 10.0; Win64; x64) AppleWebKit/537.36 (KHTML, like Gecko) Chrome/109.0.0.0 Safari/537.36"
172.190.180.102 - - [02/May/2025:15:50:31 -0400] "GET /wp-content/uploads/2023/12/PSD-WP-BERITA-7.jpg HTTP/1.1" 200 95138 "-" "Mozilla/5.0 (Windows NT 10.0; Win64; x64) AppleWebKit/537.36 (KHTML, like Gecko) Chrome/109.0.0.0 Safari/537.36"
172.190.180.102 - - [02/May/2025:15:50:31 -0400] "GET /wp-content/uploads/2024/03/Screenshot-2024-03-19-111553.png HTTP/1.1" 200 449952 "-" "Mozilla/5.0 (Windows NT 10.0; Win64; x64) AppleWebKit/537.36 (KHTML, like Gecko) Chrome/109.0.0.0 Safari/537.36"
172.190.180.102 - - [02/May/2025:15:50:59 -0400] "GET /wp-content/uploads/2023/11/615970ac866e8.jpg HTTP/1.1" 200 180655 "-" "Mozilla/5.0 (Windows NT 10.0; Win64; x64) AppleWebKit/537.36 (KHTML, like Gecko) Chrome/109.0.0.0 Safari/537.36"
157.55.39.51 - - [02/May/2025:15:50:58 -0400] "GET /?e=7219735007201&channel=79b236&from=article.php%3Fid%3D350072-14653%26name%3DTBX-M002%E3%80%80%E4%B8%89%E8%8F%B1%E3%83%87%E3%83%AA%E3%82%ABD5%E3%80%80%E3%82%AB%E3%83%BCAV%E3%82%A4%E3%83%B3%E3%82%B9%E3%83%88%E3%83%AC%E3%83%BC%E3%82%B7%E3%83%A7%E3%83%B3%E3%82%BB%E3%83%83%E3%83%88 HTTP/1.1" 200 0 "-" "Mozilla/5.0 AppleWebKit/537.36 (KHTML, like Gecko; compatible; bingbot/2.0; +http://www.bing.com/bingbot.htm) Chrome/116.0.1938.76 Safari/537.36"
172.190.180.102 - - [02/May/2025:15:51:25 -0400] "GET /wp-content/uploads/2023/12/PSD-WP-BERITA4-2.jpg HTTP/1.1" 200 78393 "-" "Mozilla/5.0 (Windows NT 10.0; Win64; x64) AppleWebKit/537.36 (KHTML, like Gecko) Chrome/109.0.0.0 Safari/537.36"
66.249.74.105 - - [02/May/2025:15:51:32 -0400] "GET /?e=35422160923201&channel=b8a62f&from=jp.php%3Fid%3D1609232-3535%26name%3DCameron+Sino+%E4%BA%92%E6%8F%9B%E7%94%A8%E5%85%85%E9%9B%BB%E5%BC%8F%E3%83%90%E3%83%83%E3%83%86%E3%83%AA%E3%83%BC+0V+145MPH+-+580CFM+Cordless+Ba%2C+Pro+GBL80 HTTP/1.1" 200 0 "-" "Mozilla/5.0 (Linux; Android 6.0.1; Nexus 5X Build/MMB29P) AppleWebKit/537.36 (KHTML, like Gecko) Chrome/135.0.7049.95 Mobile Safari/537.36 (compatible; Googlebot/2.1; +http://www.google.com/bot.html)"
172.190.180.102 - - [02/May/2025:15:51:37 -0400] "GET /wp-content/uploads/2023/12/657000eb6bd9f-1.jpg HTTP/1.1" 200 118770 "-" "Mozilla/5.0 (Windows NT 10.0; Win64; x64) AppleWebKit/537.36 (KHTML, like Gecko) Chrome/109.0.0.0 Safari/537.36"
172.190.180.102 - - [02/May/2025:15:51:45 -0400] "GET /wp-content/uploads/2024/06/PSD-WP-BERITA1-150x150.png HTTP/1.1" 200 37265 "-" "Mozilla/5.0 (Windows NT 10.0; Win64; x64) AppleWebKit/537.36 (KHTML, like Gecko) Chrome/109.0.0.0 Safari/537.36"
172.190.180.102 - - [02/May/2025:15:51:46 -0400] "GET /wp-content/uploads/2023/12/jeje-govinda-seusai-pemakaman-ibunya-di-tpu-cipinang-hanafi-jzoy.jpg HTTP/1.1" 200 112156 "-" "Mozilla/5.0 (Windows NT 10.0; Win64; x64) AppleWebKit/537.36 (KHTML, like Gecko) Chrome/109.0.0.0 Safari/537.36"
172.190.180.102 - - [02/May/2025:15:52:00 -0400] "GET /wp-content/uploads/2023/11/resources_news_2022_06_12_64836_potret-bunga-citra-lestari-manggung-pakai-dress-tipis-hingga-lekuk-tubuh-terlihat-netizen-janda-yang-meresahkan-220612v-300x200.jpg HTTP/1.1" 200 19560 "-" "Mozilla/5.0 (Windows NT 10.0; Win64; x64) AppleWebKit/537.36 (KHTML, like Gecko) Chrome/109.0.0.0 Safari/537.36"
172.190.180.102 - - [02/May/2025:15:52:03 -0400] "GET /wp-content/uploads/2023/11/20231127032519.jpg HTTP/1.1" 200 123775 "-" "Mozilla/5.0 (Windows NT 10.0; Win64; x64) AppleWebKit/537.36 (KHTML, like Gecko) Chrome/109.0.0.0 Safari/537.36"
172.190.180.102 - - [02/May/2025:15:52:06 -0400] "GET /wp-content/uploads/2023/12/PSD-WP-BERITA2-17.jpg HTTP/1.1" 200 80430 "-" "Mozilla/5.0 (Windows NT 10.0; Win64; x64) AppleWebKit/537.36 (KHTML, like Gecko) Chrome/109.0.0.0 Safari/537.36"
172.190.180.102 - - [02/May/2025:15:52:28 -0400] "GET /wp-content/uploads/2023/11/6544719a292bc.jpg HTTP/1.1" 200 69739 "-" "Mozilla/5.0 (Windows NT 10.0; Win64; x64) AppleWebKit/537.36 (KHTML, like Gecko) Chrome/109.0.0.0 Safari/537.36"
172.190.180.102 - - [02/May/2025:15:52:29 -0400] "GET /wp-content/uploads/2023/12/PSD-WP-BERITA5-2.jpg HTTP/1.1" 200 102783 "-" "Mozilla/5.0 (Windows NT 10.0; Win64; x64) AppleWebKit/537.36 (KHTML, like Gecko) Chrome/109.0.0.0 Safari/537.36"
172.190.180.102 - - [02/May/2025:15:52:34 -0400] "GET /wp-content/uploads/2023/11/654a2500bb609.jpg HTTP/1.1" 200 148438 "-" "Mozilla/5.0 (Windows NT 10.0; Win64; x64) AppleWebKit/537.36 (KHTML, like Gecko) Chrome/109.0.0.0 Safari/537.36"
172.190.180.102 - - [02/May/2025:15:52:37 -0400] "GET /wp-content/uploads/2023/11/64e0c32a90c8b.jpg HTTP/1.1" 200 95701 "-" "Mozilla/5.0 (Windows NT 10.0; Win64; x64) AppleWebKit/537.36 (KHTML, like Gecko) Chrome/109.0.0.0 Safari/537.36"
172.190.180.102 - - [02/May/2025:15:52:43 -0400] "GET /wp-content/uploads/2024/04/Screenshot-2024-04-27-174647.png HTTP/1.1" 200 290280 "-" "Mozilla/5.0 (Windows NT 10.0; Win64; x64) AppleWebKit/537.36 (KHTML, like Gecko) Chrome/109.0.0.0 Safari/537.36"
172.190.180.102 - - [02/May/2025:15:52:44 -0400] "GET /wp-content/uploads/2023/11/6546e2d092b77.jpg HTTP/1.1" 200 61517 "-" "Mozilla/5.0 (Windows NT 10.0; Win64; x64) AppleWebKit/537.36 (KHTML, like Gecko) Chrome/109.0.0.0 Safari/537.36"
172.190.180.102 - - [02/May/2025:15:52:54 -0400] "GET /wp-content/uploads/2023/12/a4e372126929e89cdc88087ffcf7199a.jpg HTTP/1.1" 200 118531 "-" "Mozilla/5.0 (Windows NT 10.0; Win64; x64) AppleWebKit/537.36 (KHTML, like Gecko) Chrome/109.0.0.0 Safari/537.36"
172.190.180.102 - - [02/May/2025:15:52:57 -0400] "GET /wp-content/uploads/2023/11/654b8da144b49.jpg HTTP/1.1" 200 66762 "-" "Mozilla/5.0 (Windows NT 10.0; Win64; x64) AppleWebKit/537.36 (KHTML, like Gecko) Chrome/109.0.0.0 Safari/537.36"
66.249.74.106 - - [02/May/2025:15:53:42 -0400] "GET /?e=93192176515801&channel=1d8b8e&from=brands.php%3Fid%3D1765158-9094%26name%3D%E3%82%A2%E3%83%B3%E3%83%96%E3%83%AC%E3%83%A9+%E3%83%AC%E3%83%BC%E3%82%B9%E3%82%AF%E3%83%AA%E3%82%B9%E3%83%9E%E3%82%B9%E5%A5%B3%E6%80%A7%E3%83%91%E3%83%A9%E3%82%BD%E3%83%AB%E8%B6%85%E8%BB%BD%E9%87%8F%E6%8A%98%E3%82%8A%E3%81%9F%E3%81%9F%E3%81%BF+UV+%E4%BF%9D%E8%AD%B7%E5%AE%B6%E5%BA%AD%E8%8F%9C%E5%9C%92%E5%82%98%E6%97%85%E8%A1%8C%E5%82%98+%E3%83%A1%E3%83%B3%E3%82%BA+%E3%83%AC%E3%83%87%E3%82%A3%E3%83%BC%E3%82%B9+%28Color+%3A+Blue HTTP/1.1" 200 0 "-" "Mozilla/5.0 (Linux; Android 6.0.1; Nexus 5X Build/MMB29P) AppleWebKit/537.36 (KHTML, like Gecko) Chrome/135.0.7049.95 Mobile Safari/537.36 (compatible; Googlebot/2.1; +http://www.google.com/bot.html)"
172.190.180.102 - - [02/May/2025:15:54:29 -0400] "GET /wp-content/uploads/2023/11/5d3861a91d2bc.jpg HTTP/1.1" 200 46674 "-" "Mozilla/5.0 (Windows NT 10.0; Win64; x64) AppleWebKit/537.36 (KHTML, like Gecko) Chrome/109.0.0.0 Safari/537.36"
172.190.180.102 - - [02/May/2025:15:54:56 -0400] "GET /wp-content/uploads/2024/05/Screenshot-2024-05-13-040839.png HTTP/1.1" 200 672459 "-" "Mozilla/5.0 (Windows NT 10.0; Win64; x64) AppleWebKit/537.36 (KHTML, like Gecko) Chrome/109.0.0.0 Safari/537.36"
172.190.180.102 - - [02/May/2025:15:55:02 -0400] "GET /wp-content/uploads/2023/11/652d020ab7062.jpg HTTP/1.1" 200 93390 "-" "Mozilla/5.0 (Windows NT 10.0; Win64; x64) AppleWebKit/537.36 (KHTML, like Gecko) Chrome/109.0.0.0 Safari/537.36"
172.190.180.102 - - [02/May/2025:15:55:02 -0400] "GET /wp-content/uploads/2023/12/63acfa2f22201-imigran-rohingya-terdampak-di-aceh_663_372-300x200.jpg HTTP/1.1" 200 26034 "-" "Mozilla/5.0 (Windows NT 10.0; Win64; x64) AppleWebKit/537.36 (KHTML, like Gecko) Chrome/109.0.0.0 Safari/537.36"
172.190.180.102 - - [02/May/2025:15:55:13 -0400] "GET /wp-content/uploads/2024/06/Screenshot-2024-07-01-030806.png HTTP/1.1" 200 700575 "-" "Mozilla/5.0 (Windows NT 10.0; Win64; x64) AppleWebKit/537.36 (KHTML, like Gecko) Chrome/109.0.0.0 Safari/537.36"
172.190.180.102 - - [02/May/2025:15:55:18 -0400] "GET /wp-content/uploads/2024/01/PSD-WP-BERITA3.jpg HTTP/1.1" 200 112517 "-" "Mozilla/5.0 (Windows NT 10.0; Win64; x64) AppleWebKit/537.36 (KHTML, like Gecko) Chrome/109.0.0.0 Safari/537.36"
172.190.180.102 - - [02/May/2025:15:55:28 -0400] "GET /wp-content/uploads/2023/12/PSD-WP-BERITA2-6-300x200.jpg HTTP/1.1" 200 24240 "-" "Mozilla/5.0 (Windows NT 10.0; Win64; x64) AppleWebKit/537.36 (KHTML, like Gecko) Chrome/109.0.0.0 Safari/537.36"
172.190.180.102 - - [02/May/2025:15:55:33 -0400] "GET /wp-content/uploads/2023/10/terdakwa-kasus-kematian-wayan-mirna-salihin-yang-diduga-diracun-_161020173346-825.jpg HTTP/1.1" 200 65336 "-" "Mozilla/5.0 (Windows NT 10.0; Win64; x64) AppleWebKit/537.36 (KHTML, like Gecko) Chrome/109.0.0.0 Safari/537.36"
172.190.180.102 - - [02/May/2025:15:55:38 -0400] "GET /wp-content/uploads/2024/07/Screenshot-2024-07-11-044230-150x150.png HTTP/1.1" 200 41405 "-" "Mozilla/5.0 (Windows NT 10.0; Win64; x64) AppleWebKit/537.36 (KHTML, like Gecko) Chrome/109.0.0.0 Safari/537.36"
172.190.180.102 - - [02/May/2025:15:55:46 -0400] "GET /wp-content/uploads/2024/04/PSD-WP-BERITA1.jpg HTTP/1.1" 200 150318 "-" "Mozilla/5.0 (Windows NT 10.0; Win64; x64) AppleWebKit/537.36 (KHTML, like Gecko) Chrome/109.0.0.0 Safari/537.36"
172.190.180.102 - - [02/May/2025:15:56:05 -0400] "GET /wp-content/uploads/2023/12/PSD-WP-BERITA2-2.jpg HTTP/1.1" 200 85454 "-" "Mozilla/5.0 (Windows NT 10.0; Win64; x64) AppleWebKit/537.36 (KHTML, like Gecko) Chrome/109.0.0.0 Safari/537.36"
114.10.12.166 - - [02/May/2025:15:56:33 -0400] "GET /2023/12/07/potret-cupi-cupita-kini-jadi-host-live-streamer-18-tampil-sexy-bikin-tegang/ HTTP/1.1" 200 0 "https://t.co/" "Mozilla/5.0 (Linux; Android 13; en; itel S681LN Build/SP1A.210812.016) AppleWebKit/537.36 (KHTML, like Gecko) Chrome/103.0.5060.129 HiBrowser/v2.24.1.3 UWS/ Mobile Safari/537.36"
114.10.12.166 - - [02/May/2025:15:56:33 -0400] "GET /favicon.ico HTTP/1.1" 404 1251 "https://beritafor4d.com/2023/12/07/potret-cupi-cupita-kini-jadi-host-live-streamer-18-tampil-sexy-bikin-tegang/" "Mozilla/5.0 (Linux; Android 13; en; itel S681LN Build/SP1A.210812.016) AppleWebKit/537.36 (KHTML, like Gecko) Chrome/103.0.5060.129 HiBrowser/v2.24.1.3 UWS/ Mobile Safari/537.36"
172.190.180.102 - - [02/May/2025:15:56:53 -0400] "GET /wp-content/uploads/2023/12/PSD-WP-BERITA1-9.jpg HTTP/1.1" 200 86545 "-" "Mozilla/5.0 (Windows NT 10.0; Win64; x64) AppleWebKit/537.36 (KHTML, like Gecko) Chrome/109.0.0.0 Safari/537.36"
172.190.180.102 - - [02/May/2025:15:57:02 -0400] "GET /wp-content/uploads/2023/11/Untitled-2-1.jpg HTTP/1.1" 200 86727 "-" "Mozilla/5.0 (Windows NT 10.0; Win64; x64) AppleWebKit/537.36 (KHTML, like Gecko) Chrome/109.0.0.0 Safari/537.36"
172.190.180.102 - - [02/May/2025:15:57:10 -0400] "GET /wp-content/uploads/2023/12/PSD-WP-BERITA-300x200.jpg HTTP/1.1" 200 21888 "-" "Mozilla/5.0 (Windows NT 10.0; Win64; x64) AppleWebKit/537.36 (KHTML, like Gecko) Chrome/109.0.0.0 Safari/537.36"
54.254.87.89 - - [02/May/2025:15:57:14 -0400] "GET /wp-content/uploads/2023/12/88826-mia-khalifa-instagram.jpg HTTP/1.1" 200 106059 "-" "python-requests/2.30.0"
172.190.180.102 - - [02/May/2025:15:57:18 -0400] "GET /wp-content/uploads/2023/12/PSD-WP-BERITA-7-300x200.jpg HTTP/1.1" 200 22064 "-" "Mozilla/5.0 (Windows NT 10.0; Win64; x64) AppleWebKit/537.36 (KHTML, like Gecko) Chrome/109.0.0.0 Safari/537.36"
172.190.180.102 - - [02/May/2025:15:57:40 -0400] "GET /wp-content/uploads/2023/11/TAMAN-SARI-JOGJAKARTA.png HTTP/1.1" 200 349526 "-" "Mozilla/5.0 (Windows NT 10.0; Win64; x64) AppleWebKit/537.36 (KHTML, like Gecko) Chrome/109.0.0.0 Safari/537.36"
52.167.144.234 - - [02/May/2025:15:57:49 -0400] "GET /?e=6982762770707&channel=57c54d&from=article.php%3Fid%3D627707-21923%26name%3D%E5%AE%B6%E5%BA%AD%E7%94%A8%E3%83%87%E3%82%B9%E3%82%AF%E3%83%88%E3%83%83%E3%83%979L%E6%9C%9D%E9%A3%9F%E3%83%A1%E3%83%BC%E3%82%AB%E3%83%BC%E3%80%811050W%E3%83%8E%E3%83%B3%E3%82%B9%E3%83%86%E3%82%A3%E3%83%83%E3%82%AF%E3%82%B0%E3%83%AA%E3%83%89%E3%83%AB%E3%82%B9%E3%83%86%E3%83%BC%E3%82%AD%E3%83%9E%E3%82%B7%E3%83%B3%E3%80%81%E3%82%B3%E3%83%BC%E3%83%92%E3%83%BC%E3%83%9E%E3%82%B7%E3%83%B3%26amp%3B4%E3%82%B9%E3%83%A9%E3%82%A4%E3%82%B9%E3%83%88%E3%83%BC%E3%82%B9%E3%82%BF%E3%83%BC%E3%82%AA%E3%83%BC HTTP/1.1" 200 0 "-" "Mozilla/5.0 AppleWebKit/537.36 (KHTML, like Gecko; compatible; bingbot/2.0; +http://www.bing.com/bingbot.htm) Chrome/116.0.1938.76 Safari/537.36"
172.190.180.102 - - [02/May/2025:15:58:04 -0400] "GET /wp-content/uploads/2023/12/PSD-WP-BERITA2-7.jpg HTTP/1.1" 200 91740 "-" "Mozilla/5.0 (Windows NT 10.0; Win64; x64) AppleWebKit/537.36 (KHTML, like Gecko) Chrome/109.0.0.0 Safari/537.36"
172.190.180.102 - - [02/May/2025:15:58:23 -0400] "GET /wp-content/uploads/2023/11/6543a264dd6d6.jpg HTTP/1.1" 200 97806 "-" "Mozilla/5.0 (Windows NT 10.0; Win64; x64) AppleWebKit/537.36 (KHTML, like Gecko) Chrome/109.0.0.0 Safari/537.36"
172.190.180.102 - - [02/May/2025:15:58:44 -0400] "GET /wp-content/uploads/2023/10/62958de9c1b32.png HTTP/1.1" 200 13716 "-" "Mozilla/5.0 (Windows NT 10.0; Win64; x64) AppleWebKit/537.36 (KHTML, like Gecko) Chrome/109.0.0.0 Safari/537.36"
172.190.180.102 - - [02/May/2025:15:58:45 -0400] "GET /wp-content/uploads/2023/12/PSD-WP-BERITA1.jpg HTTP/1.1" 200 88825 "-" "Mozilla/5.0 (Windows NT 10.0; Win64; x64) AppleWebKit/537.36 (KHTML, like Gecko) Chrome/109.0.0.0 Safari/537.36"
172.190.180.102 - - [02/May/2025:15:58:49 -0400] "GET /wp-content/uploads/2024/01/65aa02f4c726a.jpg HTTP/1.1" 200 156855 "-" "Mozilla/5.0 (Windows NT 10.0; Win64; x64) AppleWebKit/537.36 (KHTML, like Gecko) Chrome/109.0.0.0 Safari/537.36"
172.190.180.102 - - [02/May/2025:15:58:56 -0400] "GET /wp-content/uploads/2023/10/files-philippines-china-diplomacy-military-maritime_169.jpeg HTTP/1.1" 200 36584 "-" "Mozilla/5.0 (Windows NT 10.0; Win64; x64) AppleWebKit/537.36 (KHTML, like Gecko) Chrome/109.0.0.0 Safari/537.36"
172.190.180.102 - - [02/May/2025:15:58:57 -0400] "GET /wp-content/uploads/2023/12/656aa9cf30304.jpg HTTP/1.1" 200 84086 "-" "Mozilla/5.0 (Windows NT 10.0; Win64; x64) AppleWebKit/537.36 (KHTML, like Gecko) Chrome/109.0.0.0 Safari/537.36"
172.190.180.102 - - [02/May/2025:15:59:05 -0400] "GET /wp-content/uploads/2023/12/PSD-WP-BERITA.jpg HTTP/1.1" 200 96458 "-" "Mozilla/5.0 (Windows NT 10.0; Win64; x64) AppleWebKit/537.36 (KHTML, like Gecko) Chrome/109.0.0.0 Safari/537.36"
172.190.180.102 - - [02/May/2025:15:59:16 -0400] "GET /wp-content/uploads/2023/11/Untitled-4.jpg HTTP/1.1" 200 169468 "-" "Mozilla/5.0 (Windows NT 10.0; Win64; x64) AppleWebKit/537.36 (KHTML, like Gecko) Chrome/109.0.0.0 Safari/537.36"
172.190.180.102 - - [02/May/2025:15:59:26 -0400] "GET /wp-content/uploads/2024/07/Screenshot-2024-07-05-044733.png HTTP/1.1" 200 278689 "-" "Mozilla/5.0 (Windows NT 10.0; Win64; x64) AppleWebKit/537.36 (KHTML, like Gecko) Chrome/109.0.0.0 Safari/537.36"
172.190.180.102 - - [02/May/2025:15:59:31 -0400] "GET /wp-content/uploads/2023/11/64c45deb07e32.jpg HTTP/1.1" 200 85798 "-" "Mozilla/5.0 (Windows NT 10.0; Win64; x64) AppleWebKit/537.36 (KHTML, like Gecko) Chrome/109.0.0.0 Safari/537.36"
172.190.180.102 - - [02/May/2025:15:59:48 -0400] "GET /wp-content/uploads/2023/11/6558351ce9a0d.jpg HTTP/1.1" 200 76451 "-" "Mozilla/5.0 (Windows NT 10.0; Win64; x64) AppleWebKit/537.36 (KHTML, like Gecko) Chrome/109.0.0.0 Safari/537.36"
172.190.180.102 - - [02/May/2025:16:00:08 -0400] "GET /wp-content/uploads/2023/11/6535fdde94200.jpeg HTTP/1.1" 200 59915 "-" "Mozilla/5.0 (Windows NT 10.0; Win64; x64) AppleWebKit/537.36 (KHTML, like Gecko) Chrome/109.0.0.0 Safari/537.36"
157.55.39.63 - - [02/May/2025:16:00:19 -0400] "GET /?e=1168881919700&channel=d9f38b&from=jp.php%3Fid%3D819197-4205%26name%3D%E3%82%AA%E3%83%AA%E3%82%B8%E3%83%8A%E3%83%AB+39123-2B700+0349+ECU+%E8%BB%8A%E3%82%A8%E3%83%B3%E3%82%B8%E3%83%B3%E3%82%B3%E3%83%B3%E3%83%94%E3%83%A5%E3%83%BC%E3%82%BF%E3%83%9C%E3%83%BC%E3%83%89%E9%9B%BB%E5%AD%90%E5%88%B6%E5%BE%A1%E3%83%A6%E3%83%8B%E3%83%83%E3%83%88+9003050349KA+391 HTTP/1.1" 200 0 "-" "Mozilla/5.0 AppleWebKit/537.36 (KHTML, like Gecko; compatible; bingbot/2.0; +http://www.bing.com/bingbot.htm) Chrome/116.0.1938.76 Safari/537.36"
172.190.180.102 - - [02/May/2025:16:00:25 -0400] "GET /wp-content/uploads/2024/02/Screenshot-2024-03-01-052623.png HTTP/1.1" 200 254664 "-" "Mozilla/5.0 (Windows NT 10.0; Win64; x64) AppleWebKit/537.36 (KHTML, like Gecko) Chrome/109.0.0.0 Safari/537.36"
172.190.180.102 - - [02/May/2025:16:00:46 -0400] "GET /wp-content/uploads/2023/11/resources_news_2022_06_12_64836_potret-bunga-citra-lestari-manggung-pakai-dress-tipis-hingga-lekuk-tubuh-terlihat-netizen-janda-yang-meresahkan-220612v.jpg HTTP/1.1" 200 94252 "-" "Mozilla/5.0 (Windows NT 10.0; Win64; x64) AppleWebKit/537.36 (KHTML, like Gecko) Chrome/109.0.0.0 Safari/537.36"
172.190.180.102 - - [02/May/2025:16:00:53 -0400] "GET /wp-content/uploads/2023/11/6555b88093645.jpeg HTTP/1.1" 200 86458 "-" "Mozilla/5.0 (Windows NT 10.0; Win64; x64) AppleWebKit/537.36 (KHTML, like Gecko) Chrome/109.0.0.0 Safari/537.36"
172.190.180.102 - - [02/May/2025:16:00:53 -0400] "GET /wp-content/uploads/2023/12/pilot-susi-air-kapten-philip-mar-20230215010013.jpg HTTP/1.1" 200 157246 "-" "Mozilla/5.0 (Windows NT 10.0; Win64; x64) AppleWebKit/537.36 (KHTML, like Gecko) Chrome/109.0.0.0 Safari/537.36"
172.190.180.102 - - [02/May/2025:16:00:58 -0400] "GET /wp-content/uploads/2023/12/PSD-WP-BERITA1-1.jpg HTTP/1.1" 200 102254 "-" "Mozilla/5.0 (Windows NT 10.0; Win64; x64) AppleWebKit/537.36 (KHTML, like Gecko) Chrome/109.0.0.0 Safari/537.36"
172.190.180.102 - - [02/May/2025:16:01:08 -0400] "GET /wp-content/uploads/2023/11/6565a050e14cc.jpg HTTP/1.1" 200 110600 "-" "Mozilla/5.0 (Windows NT 10.0; Win64; x64) AppleWebKit/537.36 (KHTML, like Gecko) Chrome/109.0.0.0 Safari/537.36"
52.167.144.229 - - [02/May/2025:16:01:27 -0400] "GET /?e=29903136861626&channel=e913a9&from=jp.php%3Fid%3D1368616-24249%26name%3D%E3%83%91%E3%83%8A%E3%82%BD%E3%83%8B%E3%83%83%E3%82%AF+50V%E5%9E%8B+%E6%B6%B2%E6%99%B6+%E3%83%86%E3%83%AC%E3%83%93+4K+TV-50W80A+VIERA+FireTV%E6%90%AD%E8%BC%89+2024%E5%B9%B4%E3%82%A8%E3%83%B3%E3%83%88%E3%83%AA%E3%83%BC%E3%83%A2%E3%83%87%E3%83%AB HTTP/1.1" 200 0 "-" "Mozilla/5.0 AppleWebKit/537.36 (KHTML, like Gecko; compatible; bingbot/2.0; +http://www.bing.com/bingbot.htm) Chrome/116.0.1938.76 Safari/537.36"
172.190.180.102 - - [02/May/2025:16:01:40 -0400] "GET /wp-content/uploads/2023/12/PSD-WP-BERITA1-20.jpg HTTP/1.1" 200 64524 "-" "Mozilla/5.0 (Windows NT 10.0; Win64; x64) AppleWebKit/537.36 (KHTML, like Gecko) Chrome/109.0.0.0 Safari/537.36"
172.190.180.102 - - [02/May/2025:16:01:59 -0400] "GET /wp-content/uploads/2023/11/bgqxwpgndv62xdyzkbik_18827.jpg HTTP/1.1" 200 143676 "-" "Mozilla/5.0 (Windows NT 10.0; Win64; x64) AppleWebKit/537.36 (KHTML, like Gecko) Chrome/109.0.0.0 Safari/537.36"
172.190.180.102 - - [02/May/2025:16:02:00 -0400] "GET /wp-content/uploads/2023/12/PSD-WP-BERITA-9.jpg HTTP/1.1" 200 92175 "-" "Mozilla/5.0 (Windows NT 10.0; Win64; x64) AppleWebKit/537.36 (KHTML, like Gecko) Chrome/109.0.0.0 Safari/537.36"
172.190.180.102 - - [02/May/2025:16:02:10 -0400] "GET /wp-content/uploads/2024/02/1afagf.jpg HTTP/1.1" 200 105471 "-" "Mozilla/5.0 (Windows NT 10.0; Win64; x64) AppleWebKit/537.36 (KHTML, like Gecko) Chrome/109.0.0.0 Safari/537.36"
172.190.180.102 - - [02/May/2025:16:02:14 -0400] "GET /wp-content/uploads/2024/04/Screenshot-2024-04-15-1257189.png HTTP/1.1" 200 570326 "-" "Mozilla/5.0 (Windows NT 10.0; Win64; x64) AppleWebKit/537.36 (KHTML, like Gecko) Chrome/109.0.0.0 Safari/537.36"
172.190.180.102 - - [02/May/2025:16:02:32 -0400] "GET /wp-content/uploads/2023/12/p_headline_sempat-buat-heboh-film-kramat-tunggak-d-b400a4.jpg HTTP/1.1" 200 120573 "-" "Mozilla/5.0 (Windows NT 10.0; Win64; x64) AppleWebKit/537.36 (KHTML, like Gecko) Chrome/109.0.0.0 Safari/537.36"
172.190.180.102 - - [02/May/2025:16:02:34 -0400] "GET /wp-content/uploads/2023/12/Untitled-3-300x200.jpg HTTP/1.1" 200 18166 "-" "Mozilla/5.0 (Windows NT 10.0; Win64; x64) AppleWebKit/537.36 (KHTML, like Gecko) Chrome/109.0.0.0 Safari/537.36"
172.190.180.102 - - [02/May/2025:16:02:49 -0400] "GET /wp-content/uploads/2023/11/651ad3caedd9f.png HTTP/1.1" 200 836336 "-" "Mozilla/5.0 (Windows NT 10.0; Win64; x64) AppleWebKit/537.36 (KHTML, like Gecko) Chrome/109.0.0.0 Safari/537.36"
172.190.180.102 - - [02/May/2025:16:03:12 -0400] "GET /wp-content/uploads/2023/11/Untitled-5.jpg HTTP/1.1" 200 177809 "-" "Mozilla/5.0 (Windows NT 10.0; Win64; x64) AppleWebKit/537.36 (KHTML, like Gecko) Chrome/109.0.0.0 Safari/537.36"
172.190.180.102 - - [02/May/2025:16:03:40 -0400] "GET /wp-content/uploads/2023/11/654f4acdc1ae5.jpeg HTTP/1.1" 200 107192 "-" "Mozilla/5.0 (Windows NT 10.0; Win64; x64) AppleWebKit/537.36 (KHTML, like Gecko) Chrome/109.0.0.0 Safari/537.36"
172.190.180.102 - - [02/May/2025:16:03:52 -0400] "GET /wp-content/uploads/2023/12/PSD-WP-BERITA2.jpg HTTP/1.1" 200 122318 "-" "Mozilla/5.0 (Windows NT 10.0; Win64; x64) AppleWebKit/537.36 (KHTML, like Gecko) Chrome/109.0.0.0 Safari/537.36"
172.190.180.102 - - [02/May/2025:16:04:05 -0400] "GET /wp-content/uploads/2023/11/64eac4b3a77f3.jpeg HTTP/1.1" 200 119405 "-" "Mozilla/5.0 (Windows NT 10.0; Win64; x64) AppleWebKit/537.36 (KHTML, like Gecko) Chrome/109.0.0.0 Safari/537.36"
172.190.180.102 - - [02/May/2025:16:04:13 -0400] "GET /wp-content/uploads/2023/12/33YG48K-highres-e1701941039373.jpg HTTP/1.1" 200 108500 "-" "Mozilla/5.0 (Windows NT 10.0; Win64; x64) AppleWebKit/537.36 (KHTML, like Gecko) Chrome/109.0.0.0 Safari/537.36"
66.249.74.106 - - [02/May/2025:16:05:20 -0400] "GET /?e=18108101272601&channel=86cbbf&from=pin.php%3Fid%3D1012726-22992%26name%3D%E3%80%90%E9%80%81%E6%96%99%E7%84%A1%E6%96%99%E3%80%912.%E3%83%96%E3%83%AB%E3%83%BC%E3%83%BB%E3%82%B0%E3%83%AC%E3%83%BC_a.4%E6%9E%9A%E3%82%BB%E3%83%83%E3%83%88+%E3%83%96%E3%83%AB%E3%83%BC%E3%83%A0+%E4%BB%8A%E6%B2%BB%E3%82%BF%E3%82%AA%E3%83%AB+%E3%83%AD%E3%83%B3%E3%82%B0+%E3%83%95%E3%82%A7%E3%82%A4%E3%82%B9%E3%82%BF%E3%82%AA%E3%83%AB+4%E6%9E%9A%E3%82%BB%E3%83%83%E3%83%88+%E3%83%8A%E3%83%81%E3%83%A5%E3%83%A9%E3%83%AB%E3%83%9C%E3%83%BC%E3%83%80%E3%83%BC+%E5%90%B8%E6%B0%B4+%E9%80%9F%E4%B9%BE+%E9%83%A8%E5%B1%8B%E5%B9%B2%E3%81%97+%E3%82%84%E3%82%8F%E3%82%89%E3%81%8B+3 HTTP/1.1" 200 0 "-" "Mozilla/5.0 (Linux; Android 6.0.1; Nexus 5X Build/MMB29P) AppleWebKit/537.36 (KHTML, like Gecko) Chrome/135.0.7049.95 Mobile Safari/537.36 (compatible; Googlebot/2.1; +http://www.google.com/bot.html)"
207.46.13.153 - - [02/May/2025:16:07:19 -0400] "GET /?e=99888102644104&channel=9ecdf3&from=news.php%3Fid%3D1026441-6569%26name%3D%E3%83%9F%E3%83%8B%E3%83%81%E3%83%A5%E3%82%A2%E3%83%81%E3%83%A3%E3%83%BC%E3%83%A0%EF%BC%8F%E3%82%AD%E3%83%BC%E3%83%9B%E3%83%AB%E3%83%80%E3%83%BC%28%E8%8B%BA%E3%82%BF%E3%83%AB%E3%83%88%E3%81%A8%E3%83%8F%E3%83%BC%E3%83%88%E3%83%9E%E3%82%AB%E3%83%AD%E3%83%B3%29 HTTP/1.1" 200 0 "-" "Mozilla/5.0 AppleWebKit/537.36 (KHTML, like Gecko; compatible; bingbot/2.0; +http://www.bing.com/bingbot.htm) Chrome/116.0.1938.76 Safari/537.36"
20.15.133.165 - - [02/May/2025:16:08:39 -0400] "GET /robots.txt HTTP/1.1" 200 69 "-" "Mozilla/5.0 AppleWebKit/537.36 (KHTML, like Gecko; compatible; bingbot/2.0; +http://www.bing.com/bingbot.htm) Chrome/116.0.1938.76 Safari/537.36"
20.15.133.165 - - [02/May/2025:16:08:39 -0400] "GET /robots.txt HTTP/1.1" 200 69 "-" "Mozilla/5.0 AppleWebKit/537.36 (KHTML, like Gecko; compatible; bingbot/2.0; +http://www.bing.com/bingbot.htm) Chrome/116.0.1938.76 Safari/537.36"
20.15.133.174 - - [02/May/2025:16:08:44 -0400] "GET /?e=50891151777007&channel=057141&from=pin.php%3Fid%3D1517770-12860%26name%3DCALONG+%E3%82%B9%E3%83%BC%E3%83%91%E3%83%BCGSS%E3%83%91%E3%82%BF%E3%83%BC+%E3%83%AC%E3%82%A4%E3%83%B3%E3%83%9C%E3%83%BC+34%E3%82%A4%E3%83%B3%E3%83%81 HTTP/1.1" 200 0 "-" "Mozilla/5.0 AppleWebKit/537.36 (KHTML, like Gecko; compatible; bingbot/2.0; +http://www.bing.com/bingbot.htm) Chrome/116.0.1938.76 Safari/537.36"
66.249.74.104 - - [02/May/2025:16:08:59 -0400] "GET /?e=9564827070805&channel=dfd630&from=pin.php%3Fid%3D270708-14786%26name%3D%E6%96%B0%E5%93%81%E3%82%AF%E3%83%AD%E3%82%B3%E3%83%80%E3%82%A4%E3%83%AB%E3%82%B3%E3%82%A4%E3%83%B3%E3%83%91%E3%83%BC%E3%82%B9%E6%8A%98%E8%B2%A1%E5%B8%83 HTTP/1.1" 200 0 "-" "Mozilla/5.0 (Linux; Android 6.0.1; Nexus 5X Build/MMB29P) AppleWebKit/537.36 (KHTML, like Gecko) Chrome/135.0.7049.95 Mobile Safari/537.36 (compatible; Googlebot/2.1; +http://www.google.com/bot.html)"
52.167.144.172 - - [02/May/2025:16:10:29 -0400] "GET /?e=78184188122400&channel=617395&from=form.php%3Fid%3D1881224-33282%26name%3D%E8%97%A4%E7%94%B0%E8%A6%B3%E5%85%89%E6%A0%AA%E4%B8%BB%E5%84%AA%E5%BE%85%E3%80%80%E3%83%A6%E3%83%8D%E3%83%83%E3%82%B5%E3%83%B3%E3%80%80%E4%B8%8B%E7%94%B0%E6%B5%B7%E4%B8%AD%E6%B0%B4%E6%97%8F%E9%A4%A8%E3%80%80%E7%AE%B1%E6%A0%B9%E5%B0%8F%E6%B6%8C%E5%9C%92%E3%83%A6%E3%83%8D%E3%83%83%E3%82%B5%E3%83%B3 HTTP/1.1" 200 0 "-" "Mozilla/5.0 AppleWebKit/537.36 (KHTML, like Gecko; compatible; bingbot/2.0; +http://www.bing.com/bingbot.htm) Chrome/116.0.1938.76 Safari/537.36"
207.46.13.153 - - [02/May/2025:16:15:30 -0400] "GET /?e=0522773811502&channel=253a2d&from=shared.php%3Fid%3D738115-5265%26name%3D%E6%BF%80%E5%AE%89%5B254%5D+%E3%83%94%E3%83%B3+VAULT+ARNA+Platinum%2F%E3%82%AA%E3%83%AA%E3%82%B8%E3%83%8A%E3%83%AB%E3%82%B9%E3%83%81%E3%83%BC%E3%83%AB%2F%2F0 HTTP/1.1" 200 0 "-" "Mozilla/5.0 AppleWebKit/537.36 (KHTML, like Gecko; compatible; bingbot/2.0; +http://www.bing.com/bingbot.htm) Chrome/116.0.1938.76 Safari/537.36"
207.46.13.153 - - [02/May/2025:16:15:31 -0400] "GET /?e=0511826841403&channel=dcf07e&from=brands.php%3Fid%3D268414-6851%26name%3D%5B%EF%BC%B3%EF%BC%AF%EF%BC%A6%EF%BC%B4%EF%BC%B3%EF%BC%A5%EF%BC%A1%5D+%E3%82%B9%E3%83%BC%E3%83%84%E3%82%B1%E3%83%BC%E3%82%B9+%E6%A9%9F%E5%86%85%E6%8C%81%E3%81%A1%E8%BE%BC%E3%81%BF+%E3%82%AD%E3%83%A3%E3%83%AA%E3%83%BC%E3%82%B1%E3%83%BC%E3%82%B9+%E3%83%95%E3%83%AC%E3%83%BC%E3%83%A0%E3%82%BF%E3%82%A4%E3%83%97+%E3%83%89%E3%83%AA%E3%83%B3%E3%82%AF%E3%83%9B%E3%83%AB%E3%83%80%E3%83%BC+USB%E3%83%9D%E3%83%BC%E3%83%88+%E3%82%B9%E3%83%88%E3%83%83%E3%83%91%E3%83%BC%E4%BB%98%E3%81%8D+TS HTTP/1.1" 200 0 "-" "Mozilla/5.0 AppleWebKit/537.36 (KHTML, like Gecko; compatible; bingbot/2.0; +http://www.bing.com/bingbot.htm) Chrome/116.0.1938.76 Safari/537.36"
207.46.13.17 - - [02/May/2025:16:18:00 -0400] "GET /?e=11975152168905&channel=7683d6&from=category-info.php%3Fid%3D1521689-1285%26name%3DTEMPNAP+5%E5%80%8B+%E3%83%98%E3%83%AB%E3%83%A1%E3%83%83%E3%83%88%E3%82%B9%E3%83%9D%E3%83%B3%E3%82%B8%E8%A3%8F%E5%9C%B0+%E3%83%95%E3%83%83%E3%83%88%E3%83%9C%E3%83%BC%E3%83%AB%E3%83%98%E3%83%AB%E3%83%A1%E3%83%83%E3%83%88%E3%83%91%E3%83%83%E3%83%89+%E3%83%98%E3%83%AB%E3%83%A1%E3%83%83%E3%83%88%E7%94%A8%E3%83%91%E3%83%83%E3%83%89+%E3%82%AA%E3%83%BC%E3%83%88%E3%83%90%E3%82%A4%E3%81%AE%E3%83%98%E3%83%AB%E3%83%A1%E3%83%83%E3%83%88%E3%81%AE%E3%83%99%E3%83%BC%E3%82%B9+%E3%83%98%E3%83%AB HTTP/1.1" 200 0 "-" "Mozilla/5.0 AppleWebKit/537.36 (KHTML, like Gecko; compatible; bingbot/2.0; +http://www.bing.com/bingbot.htm) Chrome/116.0.1938.76 Safari/537.36"
52.167.144.21 - - [02/May/2025:16:18:04 -0400] "GET /?e=07610173451900&channel=edd3e1&from=form.php%3Fid%3D1734519-17971%26name%3D%E3%82%A4%E3%83%B3%E3%82%AB%E3%83%A0%E3%80%80%E3%82%B1%E3%83%BC%E3%83%96%E3%83%AB%E3%82%AF%E3%83%AA%E3%83%83%E3%83%97%E3%80%80FP0504%E3%80%80%E3%82%A2%E3%83%AB%E3%82%A4%E3%83%B3%E3%82%B3%E3%80%80ALINCO%E3%80%80%E7%84%A1%E7%B7%9A%E6%A9%9F%E3%80%80%E3%83%88%E3%83%A9%E3%83%B3%E3%82%B7%E3%83%BC%E3%83%90%E3%83%BC HTTP/1.1" 200 0 "-" "Mozilla/5.0 AppleWebKit/537.36 (KHTML, like Gecko; compatible; bingbot/2.0; +http://www.bing.com/bingbot.htm) Chrome/116.0.1938.76 Safari/537.36"
52.167.144.172 - - [02/May/2025:16:19:32 -0400] "GET /?e=2322887615801&channel=2a434c&from=goods.php%3Fid%3D876158-16768%26name%3DGENERIC+%E3%83%91%E3%83%BC%E3%83%9E%E7%B4%99%E3%83%9C%E3%83%83%E3%82%AF%E3%82%B9%E3%80%81%E3%83%98%E3%82%A2%E6%9F%93%E8%89%B2%E7%B4%99%E3%83%87%E3%82%A3%E3%82%B9%E3%83%9A%E3%83%B3%E3%82%B5%E3%83%BC%E3%80%81%E9%A0%91%E4%B8%88%E3%81%AA%E3%82%B1%E3%83%BC%E3%82%B9%E3%80%81%E3%82%B9%E3%82%BF%E3%82%A4%E3%83%AA%E3%83%83%E3%82%B7%E3%83%A5%E3%80%81%E8%BB%BD%E9%87%8F%E3%80%81%E3%83%98%E3%82%A2%E3%82%B5%E3%83%AD%E3%83%B3%E3%81%AE%E3%83%91%E3%83%BC%E3%83%9E%E7%B4%99%E3%83%9B%E3%83%AB%E3%83%80%E3%83%BC%E3%82%AA%E3%83%BC%E3%82%AC%E3%83%8A HTTP/1.1" 200 0 "-" "Mozilla/5.0 AppleWebKit/537.36 (KHTML, like Gecko; compatible; bingbot/2.0; +http://www.bing.com/bingbot.htm) Chrome/116.0.1938.76 Safari/537.36"
207.46.13.17 - - [02/May/2025:16:26:31 -0400] "GET /?e=1022571518101&channel=0d9187&from=shop.php%3Fid%3D715181-8442%26name%3D%E3%82%82%E3%81%B5%E3%82%82%E3%81%B5%E3%81%A8%E8%A1%8C%E3%81%8F%E3%80%81%E8%85%B9%E3%83%9A%E3%82%B3%E6%96%99%E7%90%86%E4%BA%BA%E3%81%AE%E7%B5%B6%E5%93%81%E3%82%B0%E3%83%AB%E3%83%A1%E3%83%A9%E3%82%A4%E3%83%952 HTTP/1.1" 200 0 "-" "Mozilla/5.0 AppleWebKit/537.36 (KHTML, like Gecko; compatible; bingbot/2.0; +http://www.bing.com/bingbot.htm) Chrome/116.0.1938.76 Safari/537.36"
40.77.167.47 - - [02/May/2025:16:33:15 -0400] "GET /?e=07542144411304&channel=d68169&from=info.php%3Fid%3D1444113-17715%26name%3DYONEX+%E3%83%90%E3%83%89%E3%83%9F%E3%83%B3%E3%83%88%E3%83%B3%E6%96%B0%E5%85%A5%E9%83%A8%E5%93%A1%E7%94%A8%E3%83%A9%E3%82%B1%E3%83%83%E3%83%88%E3%83%BB%E3%82%B7%E3%83%A5%E3%83%BC%E3%82%BA%E3%82%BB%E3%83%83%E3%83%88%28%E5%B0%8F%E4%B8%AD%E5%AD%A6%E7%94%9F%E5%90%91%E3%81%91%29 HTTP/1.1" 200 0 "-" "Mozilla/5.0 AppleWebKit/537.36 (KHTML, like Gecko; compatible; bingbot/2.0; +http://www.bing.com/bingbot.htm) Chrome/116.0.1938.76 Safari/537.36"
40.77.167.47 - - [02/May/2025:16:34:06 -0400] "GET /?e=7211223016705&channel=70ce9b&from=form.php%3Fid%3D230167-13692%26name%3D%E5%9C%9F%E4%BB%98%E3%81%8DS99%E3%83%96%E3%83%AB%E3%82%B2%E3%83%AA%E5%85%A5%E3%82%8A%E3%80%80%E3%82%AB%E3%83%A9%E3%83%95%E3%83%AB%E3%82%BB%E3%83%83%E3%83%88%E3%80%80%E5%A4%9A%E8%82%89%E6%A4%8D%E7%89%A9%E3%83%AA%E3%83%88%E3%83%BC%E3%83%97%E3%82%B9%2F%E3%82%B3%E3%83%8E%E3%83%95%E3%82%A3%E3%83%84%E3%83%A0%E6%8A%9C%E3%81%8D%E8%8B%97 HTTP/1.1" 200 0 "-" "Mozilla/5.0 AppleWebKit/537.36 (KHTML, like Gecko; compatible; bingbot/2.0; +http://www.bing.com/bingbot.htm) Chrome/116.0.1938.76 Safari/537.36"
157.55.39.52 - - [02/May/2025:16:36:32 -0400] "GET /?e=080984939202&channel=d9f38b&from=form.php%3Fid%3D49392-4205%26name%3D39106-26980+3910626980+%E8%BB%8A%E3%81%AE%E3%82%A8%E3%83%B3%E3%82%B8%E3%83%B3%E3%82%B3%E3%83%B3%E3%83%94%E3%83%A5%E3%83%BC%E3%82%BF%E3%83%9C%E3%83%BC%E3%83%89%E9%9B%BB%E5%AD%90%E5%88%B6%E5%BE%A1%E3%83%A6%E3%83%8B%E3%83%83%E3%83%88%E3%83%A2%E3%82%B8%E3%83%A5%E3%83%BC%E3%83%ABECM+ECU+Hyundai HTTP/1.1" 200 0 "-" "Mozilla/5.0 AppleWebKit/537.36 (KHTML, like Gecko; compatible; bingbot/2.0; +http://www.bing.com/bingbot.htm) Chrome/116.0.1938.76 Safari/537.36"
93.123.109.116 - - [02/May/2025:16:37:03 -0400] "GET / HTTP/1.1" 200 0 "https://beritafor4d.com" "Mozilla/5.0 (Windows NT 6.1) AppleWebKit/537.36 (KHTML, like Gecko) Chrome/48.0.2564.82 Safari/537.36 OPR/35.0.2066.37 (Edition Campaign 67)"
40.77.167.47 - - [02/May/2025:16:37:33 -0400] "GET /?e=1920867182201&channel=5e306a&from=article.php%3Fid%3D671822-22840%26name%3D%E3%83%A2%E3%83%80%E3%83%B3%E3%81%AA%E5%A3%81%E3%81%AB%E5%8F%96%E3%82%8A%E4%BB%98%E3%81%91%E3%82%89%E3%82%8C%E3%81%9F%E3%82%B9%E3%83%AA%E3%83%83%E3%83%91%E3%83%8F%E3%83%B3%E3%82%AC%E3%83%BC%E3%83%91%E3%83%B3%E3%83%81%E3%83%95%E3%83%AA%E3%83%BC%E3%81%AE%E8%87%AA%E5%B7%B1%E7%B2%98%E7%9D%80%E3%81%B6%E3%82%89%E3%81%B6%E3%82%89%E9%9D%B4%E3%83%A9%E3%83%83%E3%82%AF%E3%82%AD%E3%83%83%E3%83%81%E3%83%B3%E3%83%90%E3%82%B9%E3%83%AB%E3%83%BC%E3%83%A0%E3%82%BF%E3%82%AA%E3%83%AB%E6%A3%9A%E3%83%95%E3%83%83%E3%82%AF%E4%BB%98%E3%81%8D HTTP/1.1" 200 0 "-" "Mozilla/5.0 AppleWebKit/537.36 (KHTML, like Gecko; compatible; bingbot/2.0; +http://www.bing.com/bingbot.htm) Chrome/116.0.1938.76 Safari/537.36"
157.55.39.52 - - [02/May/2025:16:38:22 -0400] "GET /?e=01990151204805&channel=a57755&from=product.php%3Fid%3D1512048-1834%26name%3D%E6%8E%8C%E5%8B%95-XX+%E3%82%B7%E3%83%B3%E3%83%BB%E4%BB%AE%E9%9D%A2%E3%83%A9%E3%82%A4%E3%83%80%E3%83%BC+%E4%BB%AE%E9%9D%A2%E3%83%A9%E3%82%A4%E3%83%80%E3%83%BC%E7%AC%AC2%2B1%E5%8F%B7%EF%BC%86%E3%82%B7%E3%83%B3%E3%82%B5%E3%82%A4%E3%82%AF%E3%83%AD%E3%83%B3%E5%8F%B7%E3%82%BB%E3%83%83%E3%83%88 HTTP/1.1" 200 0 "-" "Mozilla/5.0 AppleWebKit/537.36 (KHTML, like Gecko; compatible; bingbot/2.0; +http://www.bing.com/bingbot.htm) Chrome/116.0.1938.76 Safari/537.36"
40.77.167.47 - - [02/May/2025:16:40:03 -0400] "GET /?e=38172118839202&channel=da4b90&from=info.php%3Fid%3D1188392-5459%26name%3D%E9%AB%98%E7%B4%9A%E6%BC%86%E5%99%A8%E3%80%80%E3%80%90%E6%9C%A8%E6%9B%BD%E6%BC%86+%E9%BE%8D%E9%96%80%E5%A0%82%E3%80%91+%E6%9C%A8%E8%A3%BD HTTP/1.1" 200 0 "-" "Mozilla/5.0 AppleWebKit/537.36 (KHTML, like Gecko; compatible; bingbot/2.0; +http://www.bing.com/bingbot.htm) Chrome/116.0.1938.76 Safari/537.36"
104.168.138.73 - - [02/May/2025:16:40:05 -0400] "GET /tag/kebakaran-manggarai/ HTTP/1.1" 200 0 "-" "Mozilla/5.0 (X11; Ubuntu; Linux x86_64; rv:114.0) Gecko/20100101 Firefox/114.0"
104.168.138.73 - - [02/May/2025:16:40:06 -0400] "GET /tag/kebakaran-manggarai/ HTTP/1.1" 200 0 "-" "Mozilla/5.0 (X11; Ubuntu; Linux x86_64; rv:114.0) Gecko/20100101 Firefox/114.0"
104.168.138.73 - - [02/May/2025:16:40:07 -0400] "GET /tag/kebakaran-manggarai/ HTTP/1.1" 200 0 "-" "Mozilla/5.0 (X11; Ubuntu; Linux x86_64; rv:114.0) Gecko/20100101 Firefox/114.0"
40.77.167.47 - - [02/May/2025:16:41:18 -0400] "GET /?e=19884174130001&channel=83fa01&from=shared.php%3Fid%3D1741300-20822%26name%3D1+%E5%80%8B%E3%81%AE%E8%AA%98%E5%B0%8E%E8%BF%91%E6%8E%A5%E3%82%B9%E3%82%A4%E3%83%83%E3%83%81+SK-3015%2FSJ-3018%2FSD-3020%2FSE-3025+%E8%80%B3%E5%9E%8B%E8%BF%91%E6%8E%A5%E3%82%B9%E3%82%A4%E3%83%83%E3%83%81%28SK-3015D%29 HTTP/1.1" 200 0 "-" "Mozilla/5.0 AppleWebKit/537.36 (KHTML, like Gecko; compatible; bingbot/2.0; +http://www.bing.com/bingbot.htm) Chrome/116.0.1938.76 Safari/537.36"
40.77.167.47 - - [02/May/2025:16:43:13 -0400] "GET /?e=70151124482402&channel=45ed99&from=goods.php%3Fid%3D1244824-28727%26name%3D%E3%82%B5%E3%83%BC%E3%83%95%E3%83%AA%E3%83%BC%E3%82%B7%E3%83%A5%E3%80%81%E3%82%B9%E3%83%8E%E3%83%BC%E3%83%9C%E3%83%BC%E3%83%89%E3%83%AA%E3%83%BC%E3%82%B7%E3%83%A5%E3%82%B3%E3%83%BC%E3%83%89+%7C+%E3%82%B5%E3%83%BC%E3%83%95%E3%82%A3%E3%83%B3%E3%83%AA%E3%83%BC%E3%82%B7%E3%83%A5+-+%E3%82%AF%E3%82%A4%E3%83%83%E3%82%AF%E3%83%AA%E3%83%AA%E3%83%BC%E3%82%B9%E3%82%B3%E3%83%8D%E3%82%AF%E3%82%BF%E3%82%A6%E3%82%A9%E3%83%BC%E3%82%BF%E3%83%BC%E3%82%B9%E3%83%9D%E3%83%BC%E3%83%84%E7%94%A8%E3%81%AE%E5%A1%A9%E6%B0%B4%E8%80%90%E6%80%A7%E3%83%8F%E3%83%BC%E3%83%89 HTTP/1.1" 200 0 "-" "Mozilla/5.0 AppleWebKit/537.36 (KHTML, like Gecko; compatible; bingbot/2.0; +http://www.bing.com/bingbot.htm) Chrome/116.0.1938.76 Safari/537.36"
20.15.133.191 - - [02/May/2025:16:45:19 -0400] "GET /?e=5229187901003&channel=bb832f&from=category-info.php%3Fid%3D879010-613%26name%3D%E7%89%B9%E4%BE%A1+COACH+%E3%83%88%E3%83%AC%E3%83%B3%E3%83%81%E3%82%B3%E3%83%BC%E3%83%88+%E5%AE%9A%E4%BE%A114.3%E4%B8%87%E5%86%86+%28%E6%98%A5%E7%A7%8B%E7%94%A8%29 HTTP/1.1" 200 0 "-" "Mozilla/5.0 AppleWebKit/537.36 (KHTML, like Gecko; compatible; bingbot/2.0; +http://www.bing.com/bingbot.htm) Chrome/116.0.1938.76 Safari/537.36"
52.167.144.185 - - [02/May/2025:16:47:24 -0400] "GET /wp-sitemap-taxonomies-post_tag-1.xml HTTP/1.1" 200 86822 "-" "Mozilla/5.0 AppleWebKit/537.36 (KHTML, like Gecko; compatible; bingbot/2.0; +http://www.bing.com/bingbot.htm) Chrome/116.0.1938.76 Safari/537.36"
207.46.13.127 - - [02/May/2025:16:50:04 -0400] "GET /?e=59612176532301&channel=19c2ba&from=jp.php%3Fid%3D1765323-25885%26name%3D%E5%A5%B3%E6%80%A7%E7%94%A8%E3%83%90%E3%83%AC%E3%83%B3%E3%82%BF%E3%82%A4%E3%83%B3%E3%83%87%E3%83%BC%E3%83%98%E3%83%83%E3%83%89%E3%83%90%E3%83%B3%E3%83%89+%E3%83%AF%E3%82%A4%E3%83%89%E3%83%96%E3%83%AA%E3%83%A0%E3%83%98%E3%83%83%E3%83%89%E3%83%90%E3%83%B3%E3%83%89+%E6%A8%B9%E8%84%82%E3%83%8F%E3%83%BC%E3%83%88%E8%A3%85%E9%A3%BE+%E3%82%AC%E3%83%BC%E3%83%AB%E3%82%BA%E3%83%A1%E3%82%A4%E3%82%AF%E3%82%A2%E3%83%83%E3%83%97%E3%82%B7%E3%83%A7%E3%83%83%E3%83%94%E3%83%B3%E3%82%B0%E7%94%A8 HTTP/1.1" 200 0 "-" "Mozilla/5.0 AppleWebKit/537.36 (KHTML, like Gecko; compatible; bingbot/2.0; +http://www.bing.com/bingbot.htm) Chrome/116.0.1938.76 Safari/537.36"
157.55.39.15 - - [02/May/2025:16:50:14 -0400] "GET /wp-sitemap-posts-post-1.xml HTTP/1.1" 200 87134 "-" "Mozilla/5.0 AppleWebKit/537.36 (KHTML, like Gecko; compatible; bingbot/2.0; +http://www.bing.com/bingbot.htm) Chrome/116.0.1938.76 Safari/537.36"
66.249.74.104 - - [02/May/2025:16:50:17 -0400] "GET /?e=91787109667000&channel=e19cab&from=shared.php%3Fid%3D1096670-2544%26name%3D%E8%80%8C%E4%BB%8A%E3%80%80%E7%B4%94%E7%B1%B3%E5%90%9F%E9%86%B8%E3%80%80%E5%85%AB%E5%8F%8D%E9%8C%A6%E3%80%80%E7%81%AB%E5%85%A5%E3%82%8C%E3%80%801800ml HTTP/1.1" 200 0 "-" "Mozilla/5.0 (Linux; Android 6.0.1; Nexus 5X Build/MMB29P) AppleWebKit/537.36 (KHTML, like Gecko) Chrome/135.0.7049.95 Mobile Safari/537.36 (compatible; Googlebot/2.1; +http://www.google.com/bot.html)"
40.77.167.41 - - [02/May/2025:16:50:20 -0400] "GET /sitemap.xml HTTP/1.1" 200 87020 "-" "Mozilla/5.0 AppleWebKit/537.36 (KHTML, like Gecko; compatible; bingbot/2.0; +http://www.bing.com/bingbot.htm) Chrome/116.0.1938.76 Safari/537.36"
52.167.144.196 - - [02/May/2025:16:54:55 -0400] "GET /wp-sitemap-posts-page-1.xml HTTP/1.1" 200 88849 "-" "Mozilla/5.0 AppleWebKit/537.36 (KHTML, like Gecko; compatible; bingbot/2.0; +http://www.bing.com/bingbot.htm) Chrome/116.0.1938.76 Safari/537.36"
52.167.144.185 - - [02/May/2025:16:56:34 -0400] "GET /?e=120016894000&channel=fab4d4&from=pin.php%3Fid%3D68940-5198%26name%3D%E8%A3%85%E9%A3%BE%E7%9A%84%E3%81%AA%E5%8D%93%E4%B8%8A%E4%BA%BA%E5%B7%A5%E7%9B%86%E6%A0%BD%E3%81%AE%E6%9C%A8%E5%81%BD%E3%81%AE%E6%A4%8D%E7%89%A9%E9%89%A2%E6%A4%8D%E3%81%88%E3%81%AE%E6%9D%BE%E7%9B%86%E6%A0%BD%E7%AA%93%E6%9E%A0%E3%82%AC%E3%83%BC%E3%83%87%E3%83%B3%E3%83%87%E3%82%B9%E3%82%AF%E3%83%88%E3%83%83%E3%83%97%E3%83%87%E3%82%A3%E3%82%B9%E3%83%97%E3%83%AC%E3%82%A411%E3%82%A4%E3%83%B3%E3%83%81 HTTP/1.1" 200 0 "-" "Mozilla/5.0 AppleWebKit/537.36 (KHTML, like Gecko; compatible; bingbot/2.0; +http://www.bing.com/bingbot.htm) Chrome/116.0.1938.76 Safari/537.36"
207.46.13.116 - - [02/May/2025:16:58:34 -0400] "GET /?e=59999112415900&channel=acf630&from=product.php%3Fid%3D1124159-27725%26name%3DCOMPUKAS+%E8%BB%8A%E3%81%AE%E3%82%B5%E3%83%BC%E3%82%AD%E3%83%83%E3%83%88%E3%83%96%E3%83%AC%E3%83%BC%E3%82%AB+%E8%BB%8A%E7%94%A8%E3%82%B5%E3%83%BC%E3%82%AD%E3%83%83%E3%83%88%E3%83%96%E3%83%AC%E3%83%BC%E3%82%AB+%E3%83%9C%E3%83%BC%E3%83%88%E7%94%A8%E3%82%B5%E3%83%BC%E3%82%AD%E3%83%83%E3%83%88%E3%83%96%E3%83%AC%E3%83%BC%E3%82%AB%E3%83%BC+%E3%82%AA%E3%83%BC%E3%83%88%E3%83%AA%E3%82%BB%E3%83%83%E3%83%88%E3%82%A2%E3%83%B3%E3%83%97%E3%82%B5%E3%83%BC%E3%82%AD%E3%83%83%E3%83%88%E3%83%96%E3%83%AC%E3%83%BC HTTP/1.1" 200 0 "-" "Mozilla/5.0 AppleWebKit/537.36 (KHTML, like Gecko; compatible; bingbot/2.0; +http://www.bing.com/bingbot.htm) Chrome/116.0.1938.76 Safari/537.36"
52.167.144.185 - - [02/May/2025:17:02:05 -0400] "GET /?e=7847821826706&channel=be3b4c&from=shared.php%3Fid%3D218267-13236%26name%3D%E6%8A%98%E3%82%8A%E3%81%9F%E3%81%9F%E3%81%BF%E9%BA%BB%E9%9B%80%E3%83%86%E3%83%BC%E3%83%96%E3%83%AB+%E9%BA%BB%E9%9B%80%E3%83%86%E3%83%BC%E3%83%96%E3%83%AB+%E3%82%AB%E3%83%BC%E3%83%89%E3%83%86%E3%83%BC%E3%83%96%E3%83%AB+%E6%8A%98%E3%82%8A%E3%81%9F%E3%81%9F%E3%81%BF%E6%AD%A3%E6%96%B9%E5%BD%A2%E3%83%89%E3%83%9F%E3%83%8E%E3%83%86%E3%83%BC%E3%83%96%E3%83%AB+%E5%BC%95%E3%81%8D%E5%87%BA%E3%81%974%E3%81%A4%E3%81%A8%E7%B7%91%E8%89%B2%E3%81%AE%E3%83%95%E3%82%A7%E3%83%AB%E3%83%88%E3%83%88%E3%83%83%E3%83%97%E4%BB%98%E3%81%8D+%E9%AB%98%E3%81%957 HTTP/1.1" 200 0 "-" "Mozilla/5.0 AppleWebKit/537.36 (KHTML, like Gecko; compatible; bingbot/2.0; +http://www.bing.com/bingbot.htm) Chrome/116.0.1938.76 Safari/537.36"
52.167.144.185 - - [02/May/2025:17:02:06 -0400] "GET /?e=18217133274800&channel=4a289d&from=pin.php%3Fid%3D1332748-29528%26name%3D%E7%AC%AC2%E9%A1%9E%E5%8C%BB%E8%96%AC%E5%93%81+5%E5%80%8B%E3%82%BB%E3%83%83%E3%83%88+%E3%82%A2%E3%83%BC%E3%82%B9%E8%A3%BD%E8%96%AC+%E5%8C%BB%E8%96%AC%E5%93%81%E3%82%B4%E3%82%AD%E3%82%B8%E3%82%A7%E3%83%83%E3%83%88%E3%83%97%E3%83%AD+450ml+%E6%AE%BA%E8%99%AB%E3%82%B9%E3%83%97%E3%83%AC%E3%83%BC HTTP/1.1" 200 0 "-" "Mozilla/5.0 AppleWebKit/537.36 (KHTML, like Gecko; compatible; bingbot/2.0; +http://www.bing.com/bingbot.htm) Chrome/116.0.1938.76 Safari/537.36"
52.167.144.204 - - [02/May/2025:17:02:24 -0400] "GET /?e=1861032600903&channel=c0c4af&from=goods.php%3Fid%3D326009-5986%26name%3D%E3%83%95%E3%83%AD%E3%83%B3%E3%83%88%E3%82%A8%E3%82%A2%E3%82%B9%E3%83%97%E3%83%AA%E3%83%B3%E3%82%B0%E3%83%90%E3%83%83%E3%82%B0+Ai+%E3%82%B9%E3%83%88%E3%83%A9%E3%83%83%E3%83%88%E3%82%A8%E3%82%A2%E3%82%B5%E3%82%B9%E3%83%9A%E3%83%B3%E3%82%B7%E3%83%A7%E3%83%B3%E3%82%AD%E3%83%83%E3%83%88+%E3%82%A8%E3%82%A2%E3%82%B7%E3%83%A7%E3%83%83%E3%82%AF%E5%AF%BE%E5%BF%9C+%2F+Q7+%2F+%E3%83%9D%E3%83%AB%E3%82%B7%E3%82%A7+%E3%82%AB%E3%82%A4%E3%82%A8%E3%83%B3%2FVW+T HTTP/1.1" 200 0 "-" "Mozilla/5.0 AppleWebKit/537.36 (KHTML, like Gecko; compatible; bingbot/2.0; +http://www.bing.com/bingbot.htm) Chrome/116.0.1938.76 Safari/537.36"
206.189.38.147 - - [02/May/2025:17:03:04 -0400] "GET /wp-content/uploads/2023/11/Siskaeee-kembali-berulah-ia-dikabarkan-terlibat-dalam-rumah-produksi-film-porno-300x168.jpg HTTP/1.1" 200 13921 "-" "Mozilla/5.0 (Linux; Android 10; K) AppleWebKit/537.36 (KHTML, like Gecko) Chrome/122.0.0.0 Mobile Safari/537.36"
52.167.144.185 - - [02/May/2025:17:07:05 -0400] "GET /?e=99888102644101&channel=9ecdf3&from=pin.php%3Fid%3D1026441-6569%26name%3D%E3%83%9F%E3%83%8B%E3%83%81%E3%83%A5%E3%82%A2%E3%83%81%E3%83%A3%E3%83%BC%E3%83%A0%EF%BC%8F%E3%82%AD%E3%83%BC%E3%83%9B%E3%83%AB%E3%83%80%E3%83%BC%28%E8%8B%BA%E3%82%BF%E3%83%AB%E3%83%88%E3%81%A8%E3%83%8F%E3%83%BC%E3%83%88%E3%83%9E%E3%82%AB%E3%83%AD%E3%83%B3%29 HTTP/1.1" 200 0 "-" "Mozilla/5.0 AppleWebKit/537.36 (KHTML, like Gecko; compatible; bingbot/2.0; +http://www.bing.com/bingbot.htm) Chrome/116.0.1938.76 Safari/537.36"
207.46.13.127 - - [02/May/2025:17:09:15 -0400] "GET /?e=8127547893403&channel=ac89ff&from=news.php%3Fid%3D478934-10518%26name%3D%E3%83%88%E3%83%A9%E3%83%83%E3%82%AF%E3%82%B8%E3%83%A3%E3%82%B1%E3%83%83%E3%83%88+%E3%83%A1%E3%83%B3%E3%82%BA+%E8%96%84%E6%89%8B%E3%83%80%E3%82%A6%E3%83%B3%E3%82%B8%E3%83%A3%E3%82%B1%E3%83%83%E3%83%88%E3%83%AC%E3%83%87%E3%82%A3%E3%83%BC%E3%82%B9+%E3%82%B7%E3%83%A3%E3%83%84+%E3%83%A1%E3%83%B3%E3%82%BA++%E3%83%80%E3%82%A6%E3%83%B3%E3%82%B3%E3%83%BC%E3%83%88%E3%83%A9%E3%83%B3%E3%82%AD%E3%83%B3%E3%82%B0+%E3%82%A2%E3%82%A6%E3%82%BF%E3%83%BC+%E3%83%A1%E3%83%B3%E3%82%BA+%E3%82%B4%E3%82%A2%E3%83%86%E3%83%83%E3%82%AF%E3%82%B9%EF%BC%88%E3%83%A2%E3%83%B3%E3%83%99%E3%83%AB%E3%80%81%E3%83%9E%E3%83%BC%E3%83%A2%E3%83%83%E3%83%88...+%E5%A4%A7%E4%BA%BA%E3%81%AE%E9%98%B2%E6%B0%B4%E3%83%BB%E9%80%8F%E6%B9%BF%E3%80%8C%E3%82%B4%E3%82%A2%E3%83%86%E3%83%83%E3%82%AF%E3%82%B9%E3%80%8D%E3%83%80%E3%82%A6%E3%83%B310%E9%81%B8%E3%80%90%E5%A4%A7%E4%BA%BA%E3%81%AE%E3%83%80%E3%82%A6%E3%83%B3150%E3%80%91+%7C+UOMO%EF%BC%89 HTTP/1.1" 200 0 "-" "Mozilla/5.0 AppleWebKit/537.36 (KHTML, like Gecko; compatible; bingbot/2.0; +http://www.bing.com/bingbot.htm) Chrome/116.0.1938.76 Safari/537.36"
52.167.144.192 - - [02/May/2025:17:12:46 -0400] "GET /?e=8575274639000&channel=4c7087&from=blog.php%3Fid%3D746390-17020%26name%3D%E8%B6%85%E6%99%82%E7%A9%BA%E8%A6%81%E5%A1%9E%E3%83%9E%E3%82%AF%E3%83%AD%E3%82%B9+%E3%83%BBP%EF%BC%ACAMAX1%2F20%E3%80%90%E3%82%B9%E3%83%BC%E3%83%91%E3%83%BC%26%E3%82%B9%E3%83%88%E3%83%A9%E3%82%A4%E3%82%AF%E3%83%90%E3%83%AB%E3%82%AD%E3%83%AA%E3%83%BC%E3%80%91%E5%85%A5%E6%89%8B%E5%9B%B0%E9%9B%A3%E3%83%BB%E5%B8%8C%E5%B0%91%E5%93%81 HTTP/1.1" 200 0 "-" "Mozilla/5.0 AppleWebKit/537.36 (KHTML, like Gecko; compatible; bingbot/2.0; +http://www.bing.com/bingbot.htm) Chrome/116.0.1938.76 Safari/537.36"
52.167.144.192 - - [02/May/2025:17:14:36 -0400] "GET /?e=0795057446600&channel=80bbf5&from=article.php%3Fid%3D574466-624%26name%3D%E3%83%87%E3%82%B6%E3%82%A4%E3%83%B3%E3%83%9A%E3%83%BC%E3%83%91%E3%83%BC%E3%81%BE%E3%81%A8%E3%82%81%E5%A3%B2%E3%82%8A.%E4%BD%A0%E5%A5%BD%E6%96%87%E5%85%B7.%E3%82%AD%E3%83%A3%E3%83%B3%E3%83%89%E3%82%A5.%E9%80%8F%E3%81%91%E3%82%8B%E7%B4%A0%E6%9D%90%E3%83%88%E3%83%AC%E3%83%BC%E3%82%B7%E3%83%B3%E3%82%B0 HTTP/1.1" 200 0 "-" "Mozilla/5.0 AppleWebKit/537.36 (KHTML, like Gecko; compatible; bingbot/2.0; +http://www.bing.com/bingbot.htm) Chrome/116.0.1938.76 Safari/537.36"
40.77.167.41 - - [02/May/2025:17:20:26 -0400] "GET /?s=6 HTTP/1.1" 200 0 "-" "Mozilla/5.0 AppleWebKit/537.36 (KHTML, like Gecko; compatible; bingbot/2.0; +http://www.bing.com/bingbot.htm) Chrome/116.0.1938.76 Safari/537.36"
66.249.74.104 - - [02/May/2025:17:21:11 -0400] "GET /?e=99191192732808&channel=9de551&from=blog.php%3Fid%3D1927328-13209%26name%3D%E3%82%A2%E3%82%A4%E3%82%A2%E3%83%B3%E3%83%91%E3%83%BC%E3%83%86%E3%83%BC%E3%82%B7%E3%83%A7%E3%83%B3+%E3%83%8F%E3%83%BC%E3%83%88+%E3%83%95%E3%83%A9%E3%83%AF%E3%83%BC HTTP/1.1" 200 0 "-" "Mozilla/5.0 (Linux; Android 6.0.1; Nexus 5X Build/MMB29P) AppleWebKit/537.36 (KHTML, like Gecko) Chrome/135.0.7049.95 Mobile Safari/537.36 (compatible; Googlebot/2.1; +http://www.google.com/bot.html)"
18.136.115.59 - - [02/May/2025:17:21:47 -0400] "GET /wp-content/uploads/2024/07/Screenshot-2024-07-05-045804-150x150.png HTTP/1.1" 200 41547 "-" "python-requests/2.30.0"
52.167.144.191 - - [02/May/2025:17:22:47 -0400] "GET /?e=8441244783400&channel=740901&from=product.php%3Fid%3D447834-17388%26name%3D%E6%97%A5%E7%A0%94%E5%B7%A5%E4%BD%9C%E6%89%80%3A%E5%BA%95%E4%BB%98%E3%81%8D%E7%A9%B4%E7%94%A8+NC%E3%82%BB%E3%83%B3%E3%82%B5%E3%83%BC%E3%83%AA%E3%83%BC%E3%83%9E+MT%E3%82%B7%E3%83%A3%E3%83%B3%E3%82%AF+NCM-F+%CF%8624.0mm HTTP/1.1" 200 0 "-" "Mozilla/5.0 AppleWebKit/537.36 (KHTML, like Gecko; compatible; bingbot/2.0; +http://www.bing.com/bingbot.htm) Chrome/116.0.1938.76 Safari/537.36"
52.167.144.183 - - [02/May/2025:17:25:41 -0400] "GET /?e=9867895472500&channel=79189c&from=category-info.php%3Fid%3D954725-20261%26name%3D%E7%BE%BD%E5%B0%BA%E3%80%80%E6%AD%A3%E7%B5%B9%E3%80%80%E7%BE%BD%E7%B9%94%E5%8F%8D%E7%89%A9%E3%80%80%E6%9C%AA%E4%BB%95%E7%AB%8B%E3%81%A6%E3%80%80%E3%83%AA%E3%83%A1%E3%82%A4%E3%82%AF%E3%80%80%E5%9C%A8%E5%BA%AB%E5%87%A6%E5%88%86%E5%93%81%E3%80%80%EF%BC%883%EF%BC%89 HTTP/1.1" 200 0 "-" "Mozilla/5.0 AppleWebKit/537.36 (KHTML, like Gecko; compatible; bingbot/2.0; +http://www.bing.com/bingbot.htm) Chrome/116.0.1938.76 Safari/537.36"
52.167.144.191 - - [02/May/2025:17:26:27 -0400] "GET /?e=28150119612503&channel=2fcdeb&from=goods.php%3Fid%3D1196125-3470%26name%3D%E3%80%90%E7%BE%8E%E5%93%81%E3%80%91%E7%84%A1%E5%8D%B0%E8%89%AF%E5%93%81%EF%BC%88MUJI%EF%BC%89%E3%83%8F%E3%82%A4%E3%83%90%E3%83%83%E3%82%AF%E3%83%AA%E3%82%AF%E3%83%A9%E3%82%A4%E3%83%8B%E3%83%B3%E3%82%B0%E3%82%BD%E3%83%95%E3%82%A1%E3%83%BB%E3%82%AA%E3%83%83%E3%83%88%E3%83%9E%E3%83%B3%E3%80%81%E8%B6%B3%E7%BD%AE HTTP/1.1" 200 0 "-" "Mozilla/5.0 AppleWebKit/537.36 (KHTML, like Gecko; compatible; bingbot/2.0; +http://www.bing.com/bingbot.htm) Chrome/116.0.1938.76 Safari/537.36"
