157.230.94.83 - - [02/May/2025:15:18:33 -0400] "GET / HTTP/1.1" 200 0 "-" "python-requests/2.32.3"
172.190.180.102 - - [02/May/2025:15:18:48 -0400] "GET /wp-content/uploads/2023/11/65434b5da8fc6.jpeg HTTP/1.1" 200 64296 "-" "Mozilla/5.0 (Windows NT 10.0; Win64; x64) AppleWebKit/537.36 (KHTML, like Gecko) Chrome/109.0.0.0 Safari/537.36"
172.190.180.102 - - [02/May/2025:15:18:48 -0400] "GET /wp-content/uploads/2023/11/ilustrasi_mayat.jpg HTTP/1.1" 200 123717 "-" "Mozilla/5.0 (Windows NT 10.0; Win64; x64) AppleWebKit/537.36 (KHTML, like Gecko) Chrome/109.0.0.0 Safari/537.36"
172.190.180.102 - - [02/May/2025:15:18:58 -0400] "GET /wp-content/uploads/2024/07/Screenshot-2024-07-11-044230-300x200.png HTTP/1.1" 200 102705 "-" "Mozilla/5.0 (Windows NT 10.0; Win64; x64) AppleWebKit/537.36 (KHTML, like Gecko) Chrome/109.0.0.0 Safari/537.36"
172.190.180.102 - - [02/May/2025:15:18:59 -0400] "GET /wp-content/uploads/2023/11/652fbc0770ae7.jpg HTTP/1.1" 200 56879 "-" "Mozilla/5.0 (Windows NT 10.0; Win64; x64) AppleWebKit/537.36 (KHTML, like Gecko) Chrome/109.0.0.0 Safari/537.36"
172.190.180.102 - - [02/May/2025:15:19:19 -0400] "GET /wp-content/uploads/2023/11/6541e5e35072b.jpg HTTP/1.1" 200 213727 "-" "Mozilla/5.0 (Windows NT 10.0; Win64; x64) AppleWebKit/537.36 (KHTML, like Gecko) Chrome/109.0.0.0 Safari/537.36"
172.190.180.102 - - [02/May/2025:15:19:28 -0400] "GET /wp-content/uploads/2023/11/6511215cc8dd7.jpg HTTP/1.1" 200 35779 "-" "Mozilla/5.0 (Windows NT 10.0; Win64; x64) AppleWebKit/537.36 (KHTML, like Gecko) Chrome/109.0.0.0 Safari/537.36"
66.249.74.104 - - [02/May/2025:15:19:31 -0400] "GET /?e=7472228771600&channel=1878eb&from=shop.php%3Fid%3D287716-1012%26name%3DOPPO+A79+5G+%E6%96%B0%E5%93%81%E6%9C%AA%E4%BD%BF%E7%94%A8 HTTP/1.1" 200 0 "-" "Mozilla/5.0 (Linux; Android 6.0.1; Nexus 5X Build/MMB29P) AppleWebKit/537.36 (KHTML, like Gecko) Chrome/135.0.7049.95 Mobile Safari/537.36 (compatible; Googlebot/2.1; +http://www.google.com/bot.html)"
66.249.74.106 - - [02/May/2025:15:19:34 -0400] "GET /?e=89198111123008&channel=aa5114&from=goods.php%3Fid%3D1111230-5888%26name%3D%E3%83%95%E3%83%AD%E3%82%A2%E3%83%A9%E3%83%B3%E3%83%97 HTTP/1.1" 200 0 "-" "Mozilla/5.0 (Linux; Android 6.0.1; Nexus 5X Build/MMB29P) AppleWebKit/537.36 (KHTML, like Gecko) Chrome/135.0.7049.95 Mobile Safari/537.36 (compatible; Googlebot/2.1; +http://www.google.com/bot.html)"
66.249.74.104 - - [02/May/2025:15:19:58 -0400] "GET /?e=5969596376403&channel=1a03cc&from=info.php%3Fid%3D963764-26518%26name%3D%E3%80%90%E7%89%B9%E4%BE%A1%E3%80%91+%E3%83%9B%E3%82%A4%E3%83%83%E3%82%B9%E3%83%AB+%EF%BC%95%E5%80%8B%E3%82%BB%E3%83%83%E3%83%88+%E6%95%91%E5%8A%A9%E7%AC%9B+%E9%98%B2%E7%8A%AF+%E9%98%B2%E7%81%BD+%E7%81%BD%E5%AE%B3+%E9%98%B2%E7%8A%AF%E3%83%96%E3%82%B6%E3%83%BC HTTP/1.1" 200 0 "-" "Mozilla/5.0 (Linux; Android 6.0.1; Nexus 5X Build/MMB29P) AppleWebKit/537.36 (KHTML, like Gecko) Chrome/135.0.7049.95 Mobile Safari/537.36 (compatible; Googlebot/2.1; +http://www.google.com/bot.html)"
66.249.74.106 - - [02/May/2025:15:20:16 -0400] "GET /?e=90712117370801&channel=454913&from=news.php%3Fid%3D1173708-18463%26name%3DPILOT+%E3%82%B7%E3%83%A3%E3%83%BC%E3%83%97%E3%83%9A%E3%83%B3%E3%82%B7%E3%83%AB+%E3%83%95%E3%83%AC%E3%83%95%E3%83%AC%E3%82%AA%E3%83%97%E3%83%88+%E3%82%B9%E3%83%88%E3%83%A9%E3%82%A4%E3%83%97+0.5mm+HOP-20R-SP+%E3%83%91%E3%82%A4%E3%83%AD%E3%83%83%E3%83%88+Opt. HTTP/1.1" 200 0 "-" "Mozilla/5.0 (Linux; Android 6.0.1; Nexus 5X Build/MMB29P) AppleWebKit/537.36 (KHTML, like Gecko) Chrome/135.0.7049.95 Mobile Safari/537.36 (compatible; Googlebot/2.1; +http://www.google.com/bot.html)"
172.190.180.102 - - [02/May/2025:15:20:45 -0400] "GET /wp-content/uploads/2023/12/131408792_gettyimages-1546737195.jpg HTTP/1.1" 200 96287 "-" "Mozilla/5.0 (Windows NT 10.0; Win64; x64) AppleWebKit/537.36 (KHTML, like Gecko) Chrome/109.0.0.0 Safari/537.36"
172.190.180.102 - - [02/May/2025:15:21:06 -0400] "GET /wp-content/uploads/2023/12/33YG48K-highres-e1701941039373-300x200.jpg HTTP/1.1" 200 23849 "-" "Mozilla/5.0 (Windows NT 10.0; Win64; x64) AppleWebKit/537.36 (KHTML, like Gecko) Chrome/109.0.0.0 Safari/537.36"
172.190.180.102 - - [02/May/2025:15:21:10 -0400] "GET /wp-content/uploads/2024/06/Screenshot-2024-07-01-025916-150x150.png HTTP/1.1" 200 43491 "-" "Mozilla/5.0 (Windows NT 10.0; Win64; x64) AppleWebKit/537.36 (KHTML, like Gecko) Chrome/109.0.0.0 Safari/537.36"
172.190.180.102 - - [02/May/2025:15:21:14 -0400] "GET /wp-content/uploads/2023/11/Untitled-2.jpg HTTP/1.1" 200 194935 "-" "Mozilla/5.0 (Windows NT 10.0; Win64; x64) AppleWebKit/537.36 (KHTML, like Gecko) Chrome/109.0.0.0 Safari/537.36"
172.190.180.102 - - [02/May/2025:15:21:16 -0400] "GET /wp-content/uploads/2023/11/0.jpg HTTP/1.1" 200 126577 "-" "Mozilla/5.0 (Windows NT 10.0; Win64; x64) AppleWebKit/537.36 (KHTML, like Gecko) Chrome/109.0.0.0 Safari/537.36"
172.190.180.102 - - [02/May/2025:15:21:27 -0400] "GET /wp-content/uploads/2023/12/PSD-WP-BERITA-4.jpg HTTP/1.1" 200 143822 "-" "Mozilla/5.0 (Windows NT 10.0; Win64; x64) AppleWebKit/537.36 (KHTML, like Gecko) Chrome/109.0.0.0 Safari/537.36"
172.190.180.102 - - [02/May/2025:15:21:30 -0400] "GET /wp-content/uploads/2024/06/Screenshot-2024-07-01-030806-300x200.png HTTP/1.1" 200 132999 "-" "Mozilla/5.0 (Windows NT 10.0; Win64; x64) AppleWebKit/537.36 (KHTML, like Gecko) Chrome/109.0.0.0 Safari/537.36"
195.2.75.64 - - [02/May/2025:15:21:54 -0400] "GET /2024/08/14/aksi-wartawan-jitak-armor-suami-cut-intan-nabila/ HTTP/1.0" 200 0 "https://beritafor4d.com/2024/08/14/aksi-wartawan-jitak-armor-suami-cut-intan-nabila/" "Mozilla/5.0 (Windows NT 10.0; Win64; x64) AppleWebKit/537.36 (KHTML, like Gecko) Chrome/131.0.0.0 Safari/537.36"
195.2.75.64 - - [02/May/2025:15:21:55 -0400] "GET / HTTP/1.0" 200 0 "https://beritafor4d.com/" "Mozilla/5.0 (Windows NT 10.0; Win64; x64) AppleWebKit/537.36 (KHTML, like Gecko) Chrome/131.0.0.0 Safari/537.36"
172.190.180.102 - - [02/May/2025:15:21:57 -0400] "GET /wp-content/uploads/2023/12/PSD-WP-BERITA1-11.jpg HTTP/1.1" 200 82873 "-" "Mozilla/5.0 (Windows NT 10.0; Win64; x64) AppleWebKit/537.36 (KHTML, like Gecko) Chrome/109.0.0.0 Safari/537.36"
172.190.180.102 - - [02/May/2025:15:22:20 -0400] "GET /wp-content/uploads/2023/12/PSD-WP-BERITA3-6.jpg HTTP/1.1" 200 121914 "-" "Mozilla/5.0 (Windows NT 10.0; Win64; x64) AppleWebKit/537.36 (KHTML, like Gecko) Chrome/109.0.0.0 Safari/537.36"
172.190.180.102 - - [02/May/2025:15:23:18 -0400] "GET /wp-content/uploads/2023/12/18154-nurhidayat-haji-haris-dan-sarah-ahmad-instagram.jpg HTTP/1.1" 200 102180 "-" "Mozilla/5.0 (Windows NT 10.0; Win64; x64) AppleWebKit/537.36 (KHTML, like Gecko) Chrome/109.0.0.0 Safari/537.36"
172.190.180.102 - - [02/May/2025:15:23:21 -0400] "GET /wp-content/uploads/2024/07/Screenshot-2024-07-05-045804.png HTTP/1.1" 200 385148 "-" "Mozilla/5.0 (Windows NT 10.0; Win64; x64) AppleWebKit/537.36 (KHTML, like Gecko) Chrome/109.0.0.0 Safari/537.36"
172.190.180.102 - - [02/May/2025:15:24:24 -0400] "GET /wp-content/uploads/2023/12/PSD-WP-BERITA-13.jpg HTTP/1.1" 200 101370 "-" "Mozilla/5.0 (Windows NT 10.0; Win64; x64) AppleWebKit/537.36 (KHTML, like Gecko) Chrome/109.0.0.0 Safari/537.36"
172.190.180.102 - - [02/May/2025:15:24:26 -0400] "GET /wp-content/uploads/2023/11/video-panas-mahasiswi.jpg HTTP/1.1" 200 57720 "-" "Mozilla/5.0 (Windows NT 10.0; Win64; x64) AppleWebKit/537.36 (KHTML, like Gecko) Chrome/109.0.0.0 Safari/537.36"
207.46.13.150 - - [02/May/2025:15:24:25 -0400] "GET /?e=4722058961901&channel=91837c&from=category-info.php%3Fid%3D589619-20446%26name%3D%E3%83%A6%E3%83%8B%E3%82%BB%E3%83%83%E3%82%AF%E3%82%B9%E3%83%99%E3%83%AC%E3%83%BC%E5%B8%BD%E3%83%96%E3%83%AA%E3%83%86%E3%82%A3%E3%83%83%E3%82%B7%E3%83%A5%E3%82%A8%E3%83%AC%E3%82%AC%E3%83%B3%E3%83%88%E3%81%AA%E7%94%BB%E5%AE%B6%E5%B8%BD%E5%AD%90%E3%81%8A%E3%81%98%E3%81%84%E3%81%A1%E3%82%83%E3%82%93%E3%83%8F%E3%83%83%E3%83%88%E3%82%AD%E3%83%A3%E3%83%96%E3%83%93%E3%83%BC%E3%83%8F%E3%83%83%E3%83%88%E3%82%A6%E3%82%A9%E3%83%BC%E3%82%AD%E3%83%B3%E3%82%B0%E3%83%89%E3%83%83%E3%82%B0%E3%82%B7%E3%83%86%E3%82%A3%E3%82%A6%E3%82%A9%E3%83%BC%E3%82%AF%E3%82%AF%E3%83%A9%E3%83%96%E3%83%89%E3%83%AC%E3%82%B9 HTTP/1.1" 200 0 "-" "Mozilla/5.0 AppleWebKit/537.36 (KHTML, like Gecko; compatible; bingbot/2.0; +http://www.bing.com/bingbot.htm) Chrome/116.0.1938.76 Safari/537.36"
172.190.180.102 - - [02/May/2025:15:24:30 -0400] "GET /wp-content/uploads/2023/11/65532506129c1.jpg HTTP/1.1" 200 61860 "-" "Mozilla/5.0 (Windows NT 10.0; Win64; x64) AppleWebKit/537.36 (KHTML, like Gecko) Chrome/109.0.0.0 Safari/537.36"
172.190.180.102 - - [02/May/2025:15:24:35 -0400] "GET /wp-content/uploads/2023/11/kkb-di-papua-kembali-berulah-warga-sipil-dan-tni-jadi-korban-alp.jpg HTTP/1.1" 200 116986 "-" "Mozilla/5.0 (Windows NT 10.0; Win64; x64) AppleWebKit/537.36 (KHTML, like Gecko) Chrome/109.0.0.0 Safari/537.36"
172.190.180.102 - - [02/May/2025:15:24:41 -0400] "GET /wp-content/uploads/2023/11/IMG_20231130_182323_11zon.jpg HTTP/1.1" 200 96659 "-" "Mozilla/5.0 (Windows NT 10.0; Win64; x64) AppleWebKit/537.36 (KHTML, like Gecko) Chrome/109.0.0.0 Safari/537.36"
172.190.180.102 - - [02/May/2025:15:25:02 -0400] "GET /wp-content/uploads/2023/12/PSD-WP-BERITA-14.jpg HTTP/1.1" 200 80092 "-" "Mozilla/5.0 (Windows NT 10.0; Win64; x64) AppleWebKit/537.36 (KHTML, like Gecko) Chrome/109.0.0.0 Safari/537.36"
172.190.180.102 - - [02/May/2025:15:25:07 -0400] "GET /wp-content/uploads/2024/01/65b12cdfb1cf9.jpg HTTP/1.1" 200 119807 "-" "Mozilla/5.0 (Windows NT 10.0; Win64; x64) AppleWebKit/537.36 (KHTML, like Gecko) Chrome/109.0.0.0 Safari/537.36"
172.190.180.102 - - [02/May/2025:15:25:09 -0400] "GET /wp-content/uploads/2023/11/Para-korban-tewas-yang-didominasi-anak-anak-dan-perempuan-pengungsi.jpg HTTP/1.1" 200 182237 "-" "Mozilla/5.0 (Windows NT 10.0; Win64; x64) AppleWebKit/537.36 (KHTML, like Gecko) Chrome/109.0.0.0 Safari/537.36"
172.190.180.102 - - [02/May/2025:15:25:13 -0400] "GET /wp-content/uploads/2023/11/64ae78a4d5999.jpeg HTTP/1.1" 200 35528 "-" "Mozilla/5.0 (Windows NT 10.0; Win64; x64) AppleWebKit/537.36 (KHTML, like Gecko) Chrome/109.0.0.0 Safari/537.36"
172.190.180.102 - - [02/May/2025:15:25:40 -0400] "GET /wp-content/uploads/2023/12/PSD-WP-BERITA3-7-300x200.jpg HTTP/1.1" 200 24860 "-" "Mozilla/5.0 (Windows NT 10.0; Win64; x64) AppleWebKit/537.36 (KHTML, like Gecko) Chrome/109.0.0.0 Safari/537.36"
66.249.74.104 - - [02/May/2025:15:25:50 -0400] "GET /?e=4185526683205&channel=4c0861&from=info.php%3Fid%3D266832-4619%26name%3D6+%E5%80%8B%E7%87%83%E6%96%99%E3%82%A4%E3%83%B3%E3%82%B8%E3%82%A7%E3%82%AF%E3%82%BF%E3%83%BC+195500-4140+%E4%B8%89%E8%8F%B1%E3%83%91%E3%82%B8%E3%82%A7%E3%83%AD%E3%82%B9%E3%83%9D%E3%83%BC%E3%83%84+6G72+3.0+%E3%81%A8%E4%BA%92%E6%8F%9B%E6%80%A7%E3%81%82%E3%82%8A HTTP/1.1" 200 0 "-" "Mozilla/5.0 (Linux; Android 6.0.1; Nexus 5X Build/MMB29P) AppleWebKit/537.36 (KHTML, like Gecko) Chrome/135.0.7049.95 Mobile Safari/537.36 (compatible; Googlebot/2.1; +http://www.google.com/bot.html)"
172.190.180.102 - - [02/May/2025:15:25:54 -0400] "GET /wp-content/uploads/2023/11/Untitled-1-3.jpg HTTP/1.1" 200 155581 "-" "Mozilla/5.0 (Windows NT 10.0; Win64; x64) AppleWebKit/537.36 (KHTML, like Gecko) Chrome/109.0.0.0 Safari/537.36"
172.190.180.102 - - [02/May/2025:15:26:03 -0400] "GET /wp-content/uploads/2023/11/Jorge-Martin-300x233.jpg HTTP/1.1" 200 25716 "-" "Mozilla/5.0 (Windows NT 10.0; Win64; x64) AppleWebKit/537.36 (KHTML, like Gecko) Chrome/109.0.0.0 Safari/537.36"
52.167.144.209 - - [02/May/2025:15:26:17 -0400] "GET /?e=68007148438600&channel=980c62&from=form.php%3Fid%3D1484386-30632%26name%3DFrioojity+32+ES32+R%E3%82%BB%E3%83%B3%E3%82%B5%E3%83%BC%E9%9A%8E%E6%AE%B5%E3%83%A9%E3%82%A4%E3%83%88%E3%82%B3%E3%83%B3%E3%83%88%E3%83%AD%E3%83%BC%E3%83%A9%E3%83%BC+%E4%BA%BA%E4%BD%93%E8%B5%A4%E5%A4%96%E7%B7%9A%E8%AA%98%E5%B0%8E%E3%82%B9%E3%82%A4%E3%83%83%E3%83%81%E9%9A%8E%E6%AE%B5%E3%83%A9%E3%83%B3%E3%83%97%E5%88%B6%E5%BE%A1+%E5%8D%98%E8%89%B2%E7%94%A8 HTTP/1.1" 200 0 "-" "Mozilla/5.0 AppleWebKit/537.36 (KHTML, like Gecko; compatible; bingbot/2.0; +http://www.bing.com/bingbot.htm) Chrome/116.0.1938.76 Safari/537.36"
172.190.180.102 - - [02/May/2025:15:26:50 -0400] "GET /wp-content/uploads/2024/05/Screenshot-2024-05-04-160908.png HTTP/1.1" 200 350677 "-" "Mozilla/5.0 (Windows NT 10.0; Win64; x64) AppleWebKit/537.36 (KHTML, like Gecko) Chrome/109.0.0.0 Safari/537.36"
172.190.180.102 - - [02/May/2025:15:26:59 -0400] "GET /wp-content/uploads/2024/05/Screenshot-2024-05-28-032425-150x150.png HTTP/1.1" 200 47475 "-" "Mozilla/5.0 (Windows NT 10.0; Win64; x64) AppleWebKit/537.36 (KHTML, like Gecko) Chrome/109.0.0.0 Safari/537.36"
207.46.13.150 - - [02/May/2025:15:27:25 -0400] "GET /?e=9291799711800&channel=c86e71&from=category-info.php%3Fid%3D997118-10492%26name%3D%E3%82%AC%E3%83%AC%E3%83%BC%E3%82%B8%E3%82%AD%E3%83%83%E3%83%88%E3%80%80%E3%83%AC%E3%82%B8%E3%83%B3%E3%82%AD%E3%83%83%E3%83%88%E3%80%80%E3%82%A8%E3%83%B4%E3%82%A1%E3%83%B3%E3%82%B2%E3%83%AA%E3%82%AA%E3%83%B3%E3%80%80%E7%B6%BE%E6%B3%A2%E3%83%AC%E3%82%A4+%E3%80%90%E6%9C%AA%E5%A1%97%E8%A3%85%E6%9C%AA%E7%B5%84%E7%AB%8B%E3%80%91 HTTP/1.1" 200 0 "-" "Mozilla/5.0 AppleWebKit/537.36 (KHTML, like Gecko; compatible; bingbot/2.0; +http://www.bing.com/bingbot.htm) Chrome/116.0.1938.76 Safari/537.36"
172.190.180.102 - - [02/May/2025:15:28:06 -0400] "GET /wp-content/uploads/2023/10/Screenshot-2023-10-25-200842.png HTTP/1.1" 200 198396 "-" "Mozilla/5.0 (Windows NT 10.0; Win64; x64) AppleWebKit/537.36 (KHTML, like Gecko) Chrome/109.0.0.0 Safari/537.36"
172.190.180.102 - - [02/May/2025:15:28:06 -0400] "GET /wp-content/uploads/2023/11/Seorang-remaja-di-Lampung-tewas-tersambar-petir-saat-tengah-berada-di-dalam-kamar.jpg HTTP/1.1" 200 64472 "-" "Mozilla/5.0 (Windows NT 10.0; Win64; x64) AppleWebKit/537.36 (KHTML, like Gecko) Chrome/109.0.0.0 Safari/537.36"
66.249.74.106 - - [02/May/2025:15:28:21 -0400] "GET /?e=1765219267608&channel=da6f26&from=goods.php%3Fid%3D192676-613%26name%3DPaulSmith+%E3%83%9D%E3%83%BC%E3%83%AB%E3%82%B9%E3%83%9F%E3%82%B9%E3%80%80%E8%B6%85%E3%83%AD%E3%83%B3%E3%82%B0%E3%82%B3%E3%83%BC%E3%83%88%E3%80%80%E3%82%A2%E3%83%B3%E3%82%B4%E3%83%A9%E3%80%80%E3%83%81%E3%82%A7%E3%83%83%E3%82%AF%E6%9F%84%E3%80%80%E5%8F%A4%E7%9D%80 HTTP/1.1" 200 0 "-" "Mozilla/5.0 (Linux; Android 6.0.1; Nexus 5X Build/MMB29P) AppleWebKit/537.36 (KHTML, like Gecko) Chrome/135.0.7049.95 Mobile Safari/537.36 (compatible; Googlebot/2.1; +http://www.google.com/bot.html)"
172.190.180.102 - - [02/May/2025:15:28:25 -0400] "GET /wp-content/uploads/2023/11/654df0fbe133b.jpg HTTP/1.1" 200 77311 "-" "Mozilla/5.0 (Windows NT 10.0; Win64; x64) AppleWebKit/537.36 (KHTML, like Gecko) Chrome/109.0.0.0 Safari/537.36"
172.190.180.102 - - [02/May/2025:15:28:57 -0400] "GET /wp-content/uploads/2023/12/PSD-WP-BERITA1-8-300x200.jpg HTTP/1.1" 200 17412 "-" "Mozilla/5.0 (Windows NT 10.0; Win64; x64) AppleWebKit/537.36 (KHTML, like Gecko) Chrome/109.0.0.0 Safari/537.36"
172.190.180.102 - - [02/May/2025:15:29:02 -0400] "GET /wp-content/uploads/2024/05/Screenshot-2024-05-13-040538.png HTTP/1.1" 200 476956 "-" "Mozilla/5.0 (Windows NT 10.0; Win64; x64) AppleWebKit/537.36 (KHTML, like Gecko) Chrome/109.0.0.0 Safari/537.36"
172.190.180.102 - - [02/May/2025:15:29:14 -0400] "GET /wp-content/uploads/2023/10/afifah-riyad-sambangi-polda-metro-jaya_169.jpeg HTTP/1.1" 200 94441 "-" "Mozilla/5.0 (Windows NT 10.0; Win64; x64) AppleWebKit/537.36 (KHTML, like Gecko) Chrome/109.0.0.0 Safari/537.36"
172.190.180.102 - - [02/May/2025:15:29:14 -0400] "GET /wp-content/uploads/2023/12/PSD-WP-BERITA-11.jpg HTTP/1.1" 200 124998 "-" "Mozilla/5.0 (Windows NT 10.0; Win64; x64) AppleWebKit/537.36 (KHTML, like Gecko) Chrome/109.0.0.0 Safari/537.36"
172.190.180.102 - - [02/May/2025:15:29:22 -0400] "GET /wp-content/uploads/2023/11/645862eecf85e.jpg HTTP/1.1" 200 18444 "-" "Mozilla/5.0 (Windows NT 10.0; Win64; x64) AppleWebKit/537.36 (KHTML, like Gecko) Chrome/109.0.0.0 Safari/537.36"
172.190.180.102 - - [02/May/2025:15:29:27 -0400] "GET /wp-content/uploads/2024/05/Screenshot-2024-05-28-032425.png HTTP/1.1" 200 640119 "-" "Mozilla/5.0 (Windows NT 10.0; Win64; x64) AppleWebKit/537.36 (KHTML, like Gecko) Chrome/109.0.0.0 Safari/537.36"
172.190.180.102 - - [02/May/2025:15:29:34 -0400] "GET /wp-content/uploads/2023/11/Heboh-Rekaman-Suara-Leon-Dozan-Ketakutan-Video-Aniaya-Rinoa-Aurora-Viral-Menangis-Minta-Dihapus.jpg HTTP/1.1" 200 93169 "-" "Mozilla/5.0 (Windows NT 10.0; Win64; x64) AppleWebKit/537.36 (KHTML, like Gecko) Chrome/109.0.0.0 Safari/537.36"
172.190.180.102 - - [02/May/2025:15:29:39 -0400] "GET /wp-content/uploads/2023/12/PSD-WP-BERITA2-5.jpg HTTP/1.1" 200 118388 "-" "Mozilla/5.0 (Windows NT 10.0; Win64; x64) AppleWebKit/537.36 (KHTML, like Gecko) Chrome/109.0.0.0 Safari/537.36"
172.190.180.102 - - [02/May/2025:15:29:40 -0400] "GET /wp-content/uploads/2023/12/PSD-WP-BERITA-10.jpg HTTP/1.1" 200 127878 "-" "Mozilla/5.0 (Windows NT 10.0; Win64; x64) AppleWebKit/537.36 (KHTML, like Gecko) Chrome/109.0.0.0 Safari/537.36"
172.190.180.102 - - [02/May/2025:15:29:41 -0400] "GET /wp-content/uploads/2024/02/Screenshot-2024-02-27-224707.png HTTP/1.1" 200 832417 "-" "Mozilla/5.0 (Windows NT 10.0; Win64; x64) AppleWebKit/537.36 (KHTML, like Gecko) Chrome/109.0.0.0 Safari/537.36"
172.190.180.102 - - [02/May/2025:15:30:05 -0400] "GET /wp-content/uploads/2024/04/Screenshot-2024-04-03-001235.png HTTP/1.1" 200 521483 "-" "Mozilla/5.0 (Windows NT 10.0; Win64; x64) AppleWebKit/537.36 (KHTML, like Gecko) Chrome/109.0.0.0 Safari/537.36"
172.190.180.102 - - [02/May/2025:15:30:10 -0400] "GET /wp-content/uploads/2024/04/Screenshot-2024-04-27-173614.png HTTP/1.1" 200 536466 "-" "Mozilla/5.0 (Windows NT 10.0; Win64; x64) AppleWebKit/537.36 (KHTML, like Gecko) Chrome/109.0.0.0 Safari/537.36"
172.190.180.102 - - [02/May/2025:15:30:14 -0400] "GET /wp-content/uploads/2023/11/IMG_20220513_161351.jpg HTTP/1.1" 200 64041 "-" "Mozilla/5.0 (Windows NT 10.0; Win64; x64) AppleWebKit/537.36 (KHTML, like Gecko) Chrome/109.0.0.0 Safari/537.36"
172.190.180.102 - - [02/May/2025:15:30:47 -0400] "GET /wp-content/uploads/2023/11/uDLNGicZxMw2uRej.jpg HTTP/1.1" 200 114522 "-" "Mozilla/5.0 (Windows NT 10.0; Win64; x64) AppleWebKit/537.36 (KHTML, like Gecko) Chrome/109.0.0.0 Safari/537.36"
207.46.13.150 - - [02/May/2025:15:30:46 -0400] "GET /?e=73701126816506&channel=6424f8&from=blog.php%3Fid%3D1268165-4364%26name%3D%E8%87%AA%E5%8B%95%E8%BB%8A%E9%83%A8%E5%93%81+2019+2020+2021+%E3%82%B9%E3%82%BA%E3%82%AD%E3%81%AE%E5%A0%B4%E5%90%88+%E3%82%B8%E3%83%A0%E3%83%8B%E3%83%BC%E3%81%AE%E5%A0%B4%E5%90%88+JB64+JB74+%E7%86%B1%E9%81%AE%E9%9F%B3%E7%B6%BF%E3%83%95%E3%83%AD%E3%83%B3%E3%83%88%E3%83%95%E3%83%BC%E3%83%89%E3%82%A8%E3%83%B3%E3%82%B8%E3%83%B3%E3%83%91%E3%83%83%E3%83%89%E3%82%AB%E3%83%90 HTTP/1.1" 200 0 "-" "Mozilla/5.0 AppleWebKit/537.36 (KHTML, like Gecko; compatible; bingbot/2.0; +http://www.bing.com/bingbot.htm) Chrome/116.0.1938.76 Safari/537.36"
172.190.180.102 - - [02/May/2025:15:30:52 -0400] "GET /wp-content/uploads/2024/01/PSD-WP-BERITA2-3.jpg HTTP/1.1" 200 96530 "-" "Mozilla/5.0 (Windows NT 10.0; Win64; x64) AppleWebKit/537.36 (KHTML, like Gecko) Chrome/109.0.0.0 Safari/537.36"
172.190.180.102 - - [02/May/2025:15:31:01 -0400] "GET /wp-content/uploads/2024/02/PSD-WP-BERITA-1.jpg HTTP/1.1" 200 90073 "-" "Mozilla/5.0 (Windows NT 10.0; Win64; x64) AppleWebKit/537.36 (KHTML, like Gecko) Chrome/109.0.0.0 Safari/537.36"
66.249.74.105 - - [02/May/2025:15:31:01 -0400] "GET /?e=66641182529205&channel=7393ed&from=brands.php%3Fid%3D1825292-20969%26name%3D%5BSAMAU%5D+%E7%9C%BC%E9%8F%A1%E3%83%9D%E3%83%BC%E3%83%81+%E3%83%A1%E3%82%AC%E3%83%8D%E3%82%B1%E3%83%BC%E3%82%B9+%E3%81%8A%E3%81%97%E3%82%83%E3%82%8C+%E3%82%B5%E3%83%B3%E3%82%B0%E3%83%A9%E3%82%B9+%E8%8A%B1%E6%9F%84+%E8%96%84%E3%81%84+%E5%8F%8E%E7%B4%8D+PU%E3%83%AC%E3%82%B6%E3%83%BC+%E5%A4%9A%E7%94%A8%E9%80%94+%E3%83%AC%E3%83%87%E3%82%A3%E3%83%BC%E3%82%B9+%E3%83%A1%E3%83%B3%E3%82%BA+%E3%82%AC%E3%83%BC%E3%83%AB%E3%82%BA HTTP/1.1" 200 0 "-" "Mozilla/5.0 (Linux; Android 6.0.1; Nexus 5X Build/MMB29P) AppleWebKit/537.36 (KHTML, like Gecko) Chrome/135.0.7049.95 Mobile Safari/537.36 (compatible; Googlebot/2.1; +http://www.google.com/bot.html)"
172.190.180.102 - - [02/May/2025:15:31:15 -0400] "GET /wp-content/uploads/2024/02/BERITA2-1.jpg HTTP/1.1" 200 116475 "-" "Mozilla/5.0 (Windows NT 10.0; Win64; x64) AppleWebKit/537.36 (KHTML, like Gecko) Chrome/109.0.0.0 Safari/537.36"
172.190.180.102 - - [02/May/2025:15:31:34 -0400] "GET /wp-content/uploads/2023/12/85kuazw274zzmo3i4o82_14081.jpg HTTP/1.1" 200 95224 "-" "Mozilla/5.0 (Windows NT 10.0; Win64; x64) AppleWebKit/537.36 (KHTML, like Gecko) Chrome/109.0.0.0 Safari/537.36"
172.190.180.102 - - [02/May/2025:15:31:43 -0400] "GET /wp-content/uploads/2024/03/Screenshot-2024-03-30-070215-1.png HTTP/1.1" 200 603259 "-" "Mozilla/5.0 (Windows NT 10.0; Win64; x64) AppleWebKit/537.36 (KHTML, like Gecko) Chrome/109.0.0.0 Safari/537.36"
172.190.180.102 - - [02/May/2025:15:31:50 -0400] "GET /wp-content/uploads/2023/11/jenazah-pemuda-aceh-yang-meninggal-diterkam-harimau-setelah-dievakuasi-warga.jpg HTTP/1.1" 200 88333 "-" "Mozilla/5.0 (Windows NT 10.0; Win64; x64) AppleWebKit/537.36 (KHTML, like Gecko) Chrome/109.0.0.0 Safari/537.36"
172.190.180.102 - - [02/May/2025:15:31:52 -0400] "GET /wp-content/uploads/2023/12/PSD-WP-BERITA4-1.jpg HTTP/1.1" 200 50179 "-" "Mozilla/5.0 (Windows NT 10.0; Win64; x64) AppleWebKit/537.36 (KHTML, like Gecko) Chrome/109.0.0.0 Safari/537.36"
172.190.180.102 - - [02/May/2025:15:31:55 -0400] "GET /wp-content/uploads/2023/12/PSD-WP-BERITA2-11.jpg HTTP/1.1" 200 82408 "-" "Mozilla/5.0 (Windows NT 10.0; Win64; x64) AppleWebKit/537.36 (KHTML, like Gecko) Chrome/109.0.0.0 Safari/537.36"
172.190.180.102 - - [02/May/2025:15:32:06 -0400] "GET /wp-content/uploads/2023/11/64ca388de8bc8.jpg HTTP/1.1" 200 209788 "-" "Mozilla/5.0 (Windows NT 10.0; Win64; x64) AppleWebKit/537.36 (KHTML, like Gecko) Chrome/109.0.0.0 Safari/537.36"
66.249.74.106 - - [02/May/2025:15:32:19 -0400] "GET /?e=79190111335802&channel=5408df&from=pin.php%3Fid%3D1113358-27647%26name%3D%E3%83%94%E3%83%B3%E3%82%AF%E3%83%8F%E3%82%A6%E3%82%B9%E3%80%80%E3%82%AE%E3%83%B3%E3%82%AC%E3%83%A0%E3%81%86%E3%81%95%E3%81%8E%E3%80%80%E3%83%95%E3%83%BC%E3%83%89%E3%82%B3%E3%83%B3%E3%83%86%E3%83%8A%E3%80%80%E3%83%A9%E3%83%B3%E3%83%81%E3%83%9C%E3%83%83%E3%82%AF%E3%82%B9%E3%80%80%E3%82%A2%E3%83%BC%E3%82%AB%E3%82%A4%E3%83%96%E3%83%97%E3%83%AA%E3%83%B3%E3%83%88 HTTP/1.1" 200 0 "-" "Mozilla/5.0 (Linux; Android 6.0.1; Nexus 5X Build/MMB29P) AppleWebKit/537.36 (KHTML, like Gecko) Chrome/135.0.7049.95 Mobile Safari/537.36 (compatible; Googlebot/2.1; +http://www.google.com/bot.html)"
172.190.180.102 - - [02/May/2025:15:32:26 -0400] "GET /wp-content/uploads/2023/11/padek20231122-4.jpg HTTP/1.1" 200 102672 "-" "Mozilla/5.0 (Windows NT 10.0; Win64; x64) AppleWebKit/537.36 (KHTML, like Gecko) Chrome/109.0.0.0 Safari/537.36"
172.190.180.102 - - [02/May/2025:15:32:54 -0400] "GET /wp-content/uploads/2024/07/Screenshot-2024-07-11-045151-150x150.png HTTP/1.1" 200 45600 "-" "Mozilla/5.0 (Windows NT 10.0; Win64; x64) AppleWebKit/537.36 (KHTML, like Gecko) Chrome/109.0.0.0 Safari/537.36"
172.190.180.102 - - [02/May/2025:15:33:39 -0400] "GET /wp-content/uploads/2023/12/PSD-WP-BERITA2-15.jpg HTTP/1.1" 200 123263 "-" "Mozilla/5.0 (Windows NT 10.0; Win64; x64) AppleWebKit/537.36 (KHTML, like Gecko) Chrome/109.0.0.0 Safari/537.36"
172.190.180.102 - - [02/May/2025:15:33:39 -0400] "GET /wp-content/uploads/2023/11/20231121-VIRAL-HEBOH-Anak-Babi-Mirip-Manusia-di-Kabupaten-Manggarai-Barat-NTT.jpg HTTP/1.1" 200 70263 "-" "Mozilla/5.0 (Windows NT 10.0; Win64; x64) AppleWebKit/537.36 (KHTML, like Gecko) Chrome/109.0.0.0 Safari/537.36"
172.190.180.102 - - [02/May/2025:15:33:43 -0400] "GET /wp-content/uploads/2023/12/PSD-WP-BERITA2-10.jpg HTTP/1.1" 200 73320 "-" "Mozilla/5.0 (Windows NT 10.0; Win64; x64) AppleWebKit/537.36 (KHTML, like Gecko) Chrome/109.0.0.0 Safari/537.36"
172.190.180.102 - - [02/May/2025:15:33:46 -0400] "GET /wp-content/uploads/2024/03/jbhwkjguwbg-1.png HTTP/1.1" 200 303205 "-" "Mozilla/5.0 (Windows NT 10.0; Win64; x64) AppleWebKit/537.36 (KHTML, like Gecko) Chrome/109.0.0.0 Safari/537.36"
40.77.167.25 - - [02/May/2025:15:33:57 -0400] "GET /?e=9867895472501&channel=79189c&from=brands.php%3Fid%3D954725-20261%26name%3D%E7%BE%BD%E5%B0%BA%E3%80%80%E6%AD%A3%E7%B5%B9%E3%80%80%E7%BE%BD%E7%B9%94%E5%8F%8D%E7%89%A9%E3%80%80%E6%9C%AA%E4%BB%95%E7%AB%8B%E3%81%A6%E3%80%80%E3%83%AA%E3%83%A1%E3%82%A4%E3%82%AF%E3%80%80%E5%9C%A8%E5%BA%AB%E5%87%A6%E5%88%86%E5%93%81%E3%80%80%EF%BC%883%EF%BC%89 HTTP/1.1" 200 0 "-" "Mozilla/5.0 AppleWebKit/537.36 (KHTML, like Gecko; compatible; bingbot/2.0; +http://www.bing.com/bingbot.htm) Chrome/116.0.1938.76 Safari/537.36"
52.167.144.209 - - [02/May/2025:15:34:01 -0400] "GET /?e=69692116269803&channel=6835ec&from=form.php%3Fid%3D1162698-12509%26name%3D%E3%81%8A%E5%80%A4%E4%B8%8B%E3%81%92%E6%96%B0%E5%93%81%E3%83%9E%E3%83%8B%E3%83%BC%E3%83%AD%E3%83%BC%E3%82%BA%E3%83%9B%E3%83%BC%E3%83%AD%E3%83%BC%E7%89%87%E6%89%8B%E9%8D%8B%E3%82%A4%E3%83%9E%E3%83%B3%E3%83%AD%E3%83%BC%E3%82%BA%E3%83%90%E3%82%B9%E3%82%B1%E3%83%83%E3%83%88%E8%96%94%E8%96%87%E7%90%BA%E7%91%AF%E3%82%A2%E3%83%B3%E3%83%86%E3%82%A3%E3%83%BC%E3%82%AF HTTP/1.1" 200 0 "-" "Mozilla/5.0 AppleWebKit/537.36 (KHTML, like Gecko; compatible; bingbot/2.0; +http://www.bing.com/bingbot.htm) Chrome/116.0.1938.76 Safari/537.36"
172.190.180.102 - - [02/May/2025:15:34:06 -0400] "GET /wp-content/uploads/2023/11/0676200f-0af8-4c87-a754-bff6467e55d7_169.jpg HTTP/1.1" 200 27957 "-" "Mozilla/5.0 (Windows NT 10.0; Win64; x64) AppleWebKit/537.36 (KHTML, like Gecko) Chrome/109.0.0.0 Safari/537.36"
172.190.180.102 - - [02/May/2025:15:34:15 -0400] "GET /wp-content/uploads/2023/11/2017031020170306friend-1057645_1280.jpg HTTP/1.1" 200 156585 "-" "Mozilla/5.0 (Windows NT 10.0; Win64; x64) AppleWebKit/537.36 (KHTML, like Gecko) Chrome/109.0.0.0 Safari/537.36"
66.249.74.104 - - [02/May/2025:15:35:32 -0400] "GET /?e=37732158171800&channel=da6f26&from=blog.php%3Fid%3D1581718-613%26name%3D%E3%83%9E%E3%83%83%E3%82%AD%E3%83%B3%E3%83%88%E3%83%83%E3%82%B7%E3%83%A5%E3%80%80104+%E3%82%B4%E3%83%A0%E5%BC%95%E3%81%8D%E3%82%B3%E3%83%BC%E3%83%88%E3%80%80%E3%83%96%E3%83%A9%E3%83%83%E3%82%AF HTTP/1.1" 200 0 "-" "Mozilla/5.0 (Linux; Android 6.0.1; Nexus 5X Build/MMB29P) AppleWebKit/537.36 (KHTML, like Gecko) Chrome/135.0.7049.95 Mobile Safari/537.36 (compatible; Googlebot/2.1; +http://www.google.com/bot.html)"
172.190.180.102 - - [02/May/2025:15:35:41 -0400] "GET /wp-content/uploads/2024/06/Screenshot-2024-07-01-025916-300x200.png HTTP/1.1" 200 96942 "-" "Mozilla/5.0 (Windows NT 10.0; Win64; x64) AppleWebKit/537.36 (KHTML, like Gecko) Chrome/109.0.0.0 Safari/537.36"
172.190.180.102 - - [02/May/2025:15:35:43 -0400] "GET /wp-content/uploads/2024/01/PSD-WP-BERITA1-1.jpg HTTP/1.1" 200 129646 "-" "Mozilla/5.0 (Windows NT 10.0; Win64; x64) AppleWebKit/537.36 (KHTML, like Gecko) Chrome/109.0.0.0 Safari/537.36"
172.190.180.102 - - [02/May/2025:15:35:53 -0400] "GET /wp-content/uploads/2023/11/baguette_20180326_081319.jpg HTTP/1.1" 200 175980 "-" "Mozilla/5.0 (Windows NT 10.0; Win64; x64) AppleWebKit/537.36 (KHTML, like Gecko) Chrome/109.0.0.0 Safari/537.36"
172.190.180.102 - - [02/May/2025:15:35:57 -0400] "GET /wp-content/uploads/2024/03/PSD-WP-BERITA1.jpg HTTP/1.1" 200 70061 "-" "Mozilla/5.0 (Windows NT 10.0; Win64; x64) AppleWebKit/537.36 (KHTML, like Gecko) Chrome/109.0.0.0 Safari/537.36"
172.190.180.102 - - [02/May/2025:15:35:59 -0400] "GET /wp-content/uploads/2023/12/PSD-WP-BERITA-25.jpg HTTP/1.1" 200 127958 "-" "Mozilla/5.0 (Windows NT 10.0; Win64; x64) AppleWebKit/537.36 (KHTML, like Gecko) Chrome/109.0.0.0 Safari/537.36"
66.249.74.105 - - [02/May/2025:15:36:55 -0400] "GET /?e=86768155567006&channel=cbe948&from=category-info.php%3Fid%3D1555670-1495%26name%3D%E4%B8%80%E9%83%A8%E5%8D%B3%E7%B4%8D+%E9%80%81%E6%96%99%E7%84%A1%E6%96%99+%E3%82%B9%E3%82%AD%E3%83%8B%E3%83%BC%E3%83%91%E3%83%B3%E3%83%84+%E6%8E%A5%E8%A7%A6%E5%86%B7%E6%84%9F+%E7%B4%B0%E3%82%81+19%E8%89%B2+%E3%82%B9%E3%83%88%E3%83%AC%E3%83%83%E3%83%81+%E4%BC%B8%E7%B8%AE+UV%E3%82%AB%E3%83%83%E3%83%88+%E3%82%AB%E3%83%A9%E3%83%BC%E3%82%B9%E3%82%AD%E3%83%8B%E3%83%BC+%E3%83%AC%E3%83%87%E3%82%A3%E3%83%BC%E3%82%B9+%E3%83%91%E3%83%B3%E3%83%84+%E3%82%AB%E3%83%A9%E3%83%BC%E3%83%87%E3%83%8B%E3%83%A0+%E3%82%B9%E3%82%AD%E3%83%8B%E3%83%BC%E3%83%87%E3%83%8B%E3%83%A0+%E6%B6%BC%E3%81%97%E3%81%84+%E7%BE%8E%E7%99%BD%E3%81%AA%E8%B6%B3 HTTP/1.1" 200 0 "-" "Mozilla/5.0 (Linux; Android 6.0.1; Nexus 5X Build/MMB29P) AppleWebKit/537.36 (KHTML, like Gecko) Chrome/135.0.7049.95 Mobile Safari/537.36 (compatible; Googlebot/2.1; +http://www.google.com/bot.html)"
172.190.180.102 - - [02/May/2025:15:37:10 -0400] "GET /wp-content/uploads/2023/11/0-300x200.jpg HTTP/1.1" 200 22810 "-" "Mozilla/5.0 (Windows NT 10.0; Win64; x64) AppleWebKit/537.36 (KHTML, like Gecko) Chrome/109.0.0.0 Safari/537.36"
172.190.180.102 - - [02/May/2025:15:37:29 -0400] "GET /wp-content/uploads/2024/06/PSD-WP-BERITA-150x150.png HTTP/1.1" 200 39887 "-" "Mozilla/5.0 (Windows NT 10.0; Win64; x64) AppleWebKit/537.36 (KHTML, like Gecko) Chrome/109.0.0.0 Safari/537.36"
172.190.180.102 - - [02/May/2025:15:37:46 -0400] "GET /wp-content/uploads/2023/12/Devid-Ai-Lesmana-dan-Nindi-Putri-Marifah.jpg HTTP/1.1" 200 99932 "-" "Mozilla/5.0 (Windows NT 10.0; Win64; x64) AppleWebKit/537.36 (KHTML, like Gecko) Chrome/109.0.0.0 Safari/537.36"
172.190.180.102 - - [02/May/2025:15:38:06 -0400] "GET /wp-content/uploads/2023/12/PSD-WP-BERITA-17.jpg HTTP/1.1" 200 83383 "-" "Mozilla/5.0 (Windows NT 10.0; Win64; x64) AppleWebKit/537.36 (KHTML, like Gecko) Chrome/109.0.0.0 Safari/537.36"
52.167.144.234 - - [02/May/2025:15:38:09 -0400] "GET /?e=189188324600&channel=027d56&from=form.php%3Fid%3D83246-4608%26name%3DKATO+10-86924%E7%B3%BB%E5%AF%9D%E5%8F%B0%E7%89%B9%E6%80%A5%E3%83%88%E3%83%AF%E3%82%A4%E3%83%A9%E3%82%A4%E3%83%88%E3%82%A8%E3%82%AF%E3%82%B9%E3%83%97%E3%83%AC%E3%82%B96%E4%B8%A1%E5%9F%BA%E6%9C%AC%E3%82%BB%E3%83%83%E3%83%88 HTTP/1.1" 200 0 "-" "Mozilla/5.0 AppleWebKit/537.36 (KHTML, like Gecko; compatible; bingbot/2.0; +http://www.bing.com/bingbot.htm) Chrome/116.0.1938.76 Safari/537.36"
172.190.180.102 - - [02/May/2025:15:38:28 -0400] "GET /wp-content/uploads/2024/07/Screenshot-2024-07-11-044230.png HTTP/1.1" 200 440978 "-" "Mozilla/5.0 (Windows NT 10.0; Win64; x64) AppleWebKit/537.36 (KHTML, like Gecko) Chrome/109.0.0.0 Safari/537.36"
172.190.180.102 - - [02/May/2025:15:38:28 -0400] "GET /wp-content/uploads/2023/10/Screenshot-2023-10-21-201414.png HTTP/1.1" 200 327641 "-" "Mozilla/5.0 (Windows NT 10.0; Win64; x64) AppleWebKit/537.36 (KHTML, like Gecko) Chrome/109.0.0.0 Safari/537.36"
172.190.180.102 - - [02/May/2025:15:38:46 -0400] "GET /wp-content/uploads/2024/01/PSD-WP-BERITA1-2.jpg HTTP/1.1" 200 141076 "-" "Mozilla/5.0 (Windows NT 10.0; Win64; x64) AppleWebKit/537.36 (KHTML, like Gecko) Chrome/109.0.0.0 Safari/537.36"
172.190.180.102 - - [02/May/2025:15:39:07 -0400] "GET /wp-content/uploads/2023/12/PSD-WP-BERITA3-8.jpg HTTP/1.1" 200 110449 "-" "Mozilla/5.0 (Windows NT 10.0; Win64; x64) AppleWebKit/537.36 (KHTML, like Gecko) Chrome/109.0.0.0 Safari/537.36"
52.167.144.234 - - [02/May/2025:15:39:21 -0400] "GET /?e=3981867181204&channel=b6197a&from=jp.php%3Fid%3D671812-22835%26name%3D%E3%83%90%E3%82%B9%E3%83%AB%E3%83%BC%E3%83%A0%E3%82%AD%E3%83%A3%E3%83%93%E3%83%8D%E3%83%83%E3%83%88%E3%82%AA%E3%83%BC%E3%82%AC%E3%83%8A%E3%82%A4%E3%82%B6%E3%83%BC%E3%80%81%E3%82%AD%E3%83%83%E3%83%81%E3%83%B3%E9%A3%9F%E5%99%A8%E6%A3%9A%E3%82%AA%E3%83%BC%E3%82%AC%E3%83%8A%E3%82%A4%E3%82%B6%E3%83%BC%2C%E9%80%8F%E6%98%8E%E3%81%AA%E3%82%AD%E3%83%83%E3%83%81%E3%83%B3%E5%BC%95%E3%81%8D%E5%87%BA%E3%81%97%E3%82%AA%E3%83%BC%E3%82%AC%E3%83%8A%E3%82%A4%E3%82%B6%E3%83%BC+-+%E3%82%B7%E3%83%B3%E3%82%AF%E3%83%91%E3%83%B3%E3%83%88%E3%83%AA%E3%83%BC%E3%83%9B%E3%83%BC%E3%83%A0 HTTP/1.1" 200 0 "-" "Mozilla/5.0 AppleWebKit/537.36 (KHTML, like Gecko; compatible; bingbot/2.0; +http://www.bing.com/bingbot.htm) Chrome/116.0.1938.76 Safari/537.36"
172.190.180.102 - - [02/May/2025:15:39:23 -0400] "GET /wp-content/uploads/2023/12/5fb36cf719332.jpg HTTP/1.1" 200 160843 "-" "Mozilla/5.0 (Windows NT 10.0; Win64; x64) AppleWebKit/537.36 (KHTML, like Gecko) Chrome/109.0.0.0 Safari/537.36"
172.190.180.102 - - [02/May/2025:15:39:23 -0400] "GET /wp-content/uploads/2023/12/PSD-WP-BERITA-12.jpg HTTP/1.1" 200 115344 "-" "Mozilla/5.0 (Windows NT 10.0; Win64; x64) AppleWebKit/537.36 (KHTML, like Gecko) Chrome/109.0.0.0 Safari/537.36"
172.190.180.102 - - [02/May/2025:15:39:30 -0400] "GET /wp-content/uploads/2023/10/wajah-yosep-dan-danu-tersangka-kasus-pembunuhan-ibu-dan-anak-di-subang_169.jpeg HTTP/1.1" 200 76908 "-" "Mozilla/5.0 (Windows NT 10.0; Win64; x64) AppleWebKit/537.36 (KHTML, like Gecko) Chrome/109.0.0.0 Safari/537.36"
66.249.74.106 - - [02/May/2025:15:40:16 -0400] "GET /?e=73995189216804&channel=7a5534&from=article.php%3Fid%3D1892168-520%26name%3DHermes+%E3%82%A8%E3%83%AB%E3%83%A1%E3%82%B9%E3%80%80%E3%82%B5%E3%83%B3%E3%83%80%E3%83%AB%E3%82%B7%E3%83%97%E3%83%AC%E3%80%80%E3%83%95%E3%82%A1%E3%83%BC%E3%82%B5%E3%83%B3%E3%83%80%E3%83%AB%E3%80%80%E3%83%A1%E3%83%B3%E3%82%BA+%EF%BC%8824AW%E2%98%86%E3%80%8BHERMES+%E3%82%B7%E3%83%97%E3%83%AC+%E3%82%B5%E3%83%B3%E3%83%80%E3%83%AB+%E3%83%99%E3%83%AD%E3%82%A2+%E3%82%B5%E3%83%B3%E3%83%80%E3%83%AB%E3%83%BB%E3%83%9F%E3%83%A5%E3%83%BC%E3%83%AB%EF%BC%89 HTTP/1.1" 200 0 "-" "Mozilla/5.0 (Linux; Android 6.0.1; Nexus 5X Build/MMB29P) AppleWebKit/537.36 (KHTML, like Gecko) Chrome/135.0.7049.95 Mobile Safari/537.36 (compatible; Googlebot/2.1; +http://www.google.com/bot.html)"
172.190.180.102 - - [02/May/2025:15:40:38 -0400] "GET /wp-content/uploads/2023/12/PSD-WP-BERITA-19.jpg HTTP/1.1" 200 66029 "-" "Mozilla/5.0 (Windows NT 10.0; Win64; x64) AppleWebKit/537.36 (KHTML, like Gecko) Chrome/109.0.0.0 Safari/537.36"
172.190.180.102 - - [02/May/2025:15:40:47 -0400] "GET /wp-content/uploads/2023/10/b35ebd26-04b2-4b8a-8ff5-9e35ad13dc5c_169.jpg HTTP/1.1" 200 89813 "-" "Mozilla/5.0 (Windows NT 10.0; Win64; x64) AppleWebKit/537.36 (KHTML, like Gecko) Chrome/109.0.0.0 Safari/537.36"
172.190.180.102 - - [02/May/2025:15:40:52 -0400] "GET /wp-content/uploads/2023/11/655b0c9783636.jpg HTTP/1.1" 200 168964 "-" "Mozilla/5.0 (Windows NT 10.0; Win64; x64) AppleWebKit/537.36 (KHTML, like Gecko) Chrome/109.0.0.0 Safari/537.36"
52.167.144.234 - - [02/May/2025:15:41:21 -0400] "GET /?e=48669134885301&channel=d8bc21&from=shop.php%3Fid%3D1348853-29686%26name%3D%E3%83%90%E3%83%8A%E3%83%8A%E3%82%AB%E3%83%83%E3%82%BF%E3%83%BC%E3%82%B9%E3%83%A9%E3%82%A4%E3%82%B5%E3%83%BC%E3%80%81%E3%83%9B%E3%83%83%E3%83%88%E3%83%89%E3%83%83%E3%82%B0%E3%82%B9%E3%83%A9%E3%82%A4%E3%82%B5%E3%83%BC+-+%E5%A4%9A%E6%A9%9F%E8%83%BD%E3%83%8F%E3%83%A0%E3%82%BD%E3%83%BC%E3%82%BB%E3%83%BC%E3%82%B8%E3%82%AB%E3%83%83%E3%82%BF%E3%83%BC%E3%82%B9%E3%83%86%E3%83%B3%E3%83%AC%E3%82%B9%E9%8B%BC%2C%E9%A3%9F%E5%99%A8%E6%B4%97%E3%81%84%E6%A9%9F%E3%82%BB%E3%83%BC%E3%83%95%E3%83%9B%E3%83%83%E3%83%88%E3%83%89%E3%83%83%E3%82%B0%E3%83%80%E3%82%A4%E3%82%AB%E3%83%BC HTTP/1.1" 200 0 "-" "Mozilla/5.0 AppleWebKit/537.36 (KHTML, like Gecko; compatible; bingbot/2.0; +http://www.bing.com/bingbot.htm) Chrome/116.0.1938.76 Safari/537.36"
172.190.180.102 - - [02/May/2025:15:41:23 -0400] "GET /wp-content/uploads/2023/11/654ada2f60a15.jpg HTTP/1.1" 200 50427 "-" "Mozilla/5.0 (Windows NT 10.0; Win64; x64) AppleWebKit/537.36 (KHTML, like Gecko) Chrome/109.0.0.0 Safari/537.36"
172.190.180.102 - - [02/May/2025:15:41:24 -0400] "GET /wp-content/uploads/2024/01/PSD-WP-BERITA3-3.jpg HTTP/1.1" 200 51844 "-" "Mozilla/5.0 (Windows NT 10.0; Win64; x64) AppleWebKit/537.36 (KHTML, like Gecko) Chrome/109.0.0.0 Safari/537.36"
172.190.180.102 - - [02/May/2025:15:41:37 -0400] "GET /wp-content/uploads/2024/04/Screenshot-2024-04-22-140201.png HTTP/1.1" 200 664148 "-" "Mozilla/5.0 (Windows NT 10.0; Win64; x64) AppleWebKit/537.36 (KHTML, like Gecko) Chrome/109.0.0.0 Safari/537.36"
172.190.180.102 - - [02/May/2025:15:41:51 -0400] "GET /wp-content/uploads/2023/12/PSD-WP-BERITA5-3.jpg HTTP/1.1" 200 51232 "-" "Mozilla/5.0 (Windows NT 10.0; Win64; x64) AppleWebKit/537.36 (KHTML, like Gecko) Chrome/109.0.0.0 Safari/537.36"
172.190.180.102 - - [02/May/2025:15:41:52 -0400] "GET /wp-content/uploads/2023/12/PSD-WP-BERITA4-5.jpg HTTP/1.1" 200 100536 "-" "Mozilla/5.0 (Windows NT 10.0; Win64; x64) AppleWebKit/537.36 (KHTML, like Gecko) Chrome/109.0.0.0 Safari/537.36"
172.190.180.102 - - [02/May/2025:15:42:06 -0400] "GET /wp-content/uploads/2023/12/PSD-WP-BERITA2-17-300x200.jpg HTTP/1.1" 200 19862 "-" "Mozilla/5.0 (Windows NT 10.0; Win64; x64) AppleWebKit/537.36 (KHTML, like Gecko) Chrome/109.0.0.0 Safari/537.36"
172.190.180.102 - - [02/May/2025:15:42:11 -0400] "GET /wp-content/uploads/2023/11/persekusi.jpg HTTP/1.1" 200 54402 "-" "Mozilla/5.0 (Windows NT 10.0; Win64; x64) AppleWebKit/537.36 (KHTML, like Gecko) Chrome/109.0.0.0 Safari/537.36"
66.249.74.106 - - [02/May/2025:15:42:11 -0400] "GET /?e=9329226865008&channel=15f81b&from=shop.php%3Fid%3D268650-6851%26name%3D%5B%E3%83%9D%E3%82%B1%E3%83%83%E3%83%88%E3%83%A2%E3%83%B3%E3%82%B9%E3%82%BF%E3%83%BC%5D+%E3%82%B9%E3%83%BC%E3%83%84%E3%82%B1%E3%83%BC%E3%82%B9+%E6%A9%9F%E5%86%85%E6%8C%81%E3%81%A1%E8%BE%BC%E3%81%BF+%E6%8B%A1%E5%BC%B5+%E8%BB%BD%E9%87%8F+S%E3%82%B5%E3%82%A4%E3%82%BA+%E3%83%94%E3%82%AB%E3%83%81%E3%83%A5%E3%82%A6+%E3%83%9D%E3%82%B1%E3%83%A2%E3%83%B3+%E3%83%94%E3%82%AF%E3%82%BB%E3%83%AB%E3%82%A2%E3%83%BC%E3%83%88+PK-0881-46 HTTP/1.1" 200 0 "-" "Mozilla/5.0 (Linux; Android 6.0.1; Nexus 5X Build/MMB29P) AppleWebKit/537.36 (KHTML, like Gecko) Chrome/135.0.7049.95 Mobile Safari/537.36 (compatible; Googlebot/2.1; +http://www.google.com/bot.html)"
172.190.180.102 - - [02/May/2025:15:42:29 -0400] "GET /wp-content/uploads/2023/10/Screenshot-2023-10-17-211741.png HTTP/1.1" 200 491403 "-" "Mozilla/5.0 (Windows NT 10.0; Win64; x64) AppleWebKit/537.36 (KHTML, like Gecko) Chrome/109.0.0.0 Safari/537.36"
172.190.180.102 - - [02/May/2025:15:42:45 -0400] "GET /wp-content/uploads/2023/12/siswa-smk-disabet-samura.jpg HTTP/1.1" 200 110252 "-" "Mozilla/5.0 (Windows NT 10.0; Win64; x64) AppleWebKit/537.36 (KHTML, like Gecko) Chrome/109.0.0.0 Safari/537.36"
172.190.180.102 - - [02/May/2025:15:42:47 -0400] "GET /wp-content/uploads/2023/11/5ea16130d6ebc.jpg HTTP/1.1" 200 107669 "-" "Mozilla/5.0 (Windows NT 10.0; Win64; x64) AppleWebKit/537.36 (KHTML, like Gecko) Chrome/109.0.0.0 Safari/537.36"
172.190.180.102 - - [02/May/2025:15:42:57 -0400] "GET /wp-content/uploads/2024/05/Screenshot-2024-05-18-041306-1.png HTTP/1.1" 200 249607 "-" "Mozilla/5.0 (Windows NT 10.0; Win64; x64) AppleWebKit/537.36 (KHTML, like Gecko) Chrome/109.0.0.0 Safari/537.36"
172.190.180.102 - - [02/May/2025:15:43:05 -0400] "GET /wp-content/uploads/2023/12/PSD-WP-BERITA1-6.jpg HTTP/1.1" 200 99272 "-" "Mozilla/5.0 (Windows NT 10.0; Win64; x64) AppleWebKit/537.36 (KHTML, like Gecko) Chrome/109.0.0.0 Safari/537.36"
172.190.180.102 - - [02/May/2025:15:43:40 -0400] "GET /wp-content/uploads/2023/11/64c011aebf9af.jpeg HTTP/1.1" 200 201390 "-" "Mozilla/5.0 (Windows NT 10.0; Win64; x64) AppleWebKit/537.36 (KHTML, like Gecko) Chrome/109.0.0.0 Safari/537.36"
172.190.180.102 - - [02/May/2025:15:43:45 -0400] "GET /wp-content/uploads/2023/12/24843.jpg HTTP/1.1" 200 97062 "-" "Mozilla/5.0 (Windows NT 10.0; Win64; x64) AppleWebKit/537.36 (KHTML, like Gecko) Chrome/109.0.0.0 Safari/537.36"
172.190.180.102 - - [02/May/2025:15:43:52 -0400] "GET /wp-content/uploads/2023/11/5dd22b838fbbb.jpg HTTP/1.1" 200 46098 "-" "Mozilla/5.0 (Windows NT 10.0; Win64; x64) AppleWebKit/537.36 (KHTML, like Gecko) Chrome/109.0.0.0 Safari/537.36"
66.249.74.105 - - [02/May/2025:15:43:59 -0400] "GET /?e=1971643947202&channel=45beb8&from=article.php%3Fid%3D439472-18952%26name%3D%E3%83%80%E3%83%83%E3%82%B7%E3%83%A5%E3%83%9C%E3%83%BC%E3%83%89%E3%83%9E%E3%83%83%E3%83%88+%E3%81%AB%E9%81%A9%E5%90%88%E3%81%99%E3%82%8B+%E4%B8%89%E8%8F%B1+%E3%81%AB%E9%81%A9%E5%90%88%E3%81%99%E3%82%8B+%E3%83%A9%E3%83%B3%E3%82%B5%E3%83%BC+2008-2017+%E3%81%AB%E9%81%A9%E5%90%88%E3%81%99%E3%82%8B+%E3%83%A9%E3%83%AA%E3%83%BC%E3%82%A2%E3%83%BC%E3%83%88+EVO+X+%E3%81%AB%E9%81%A9%E5%90%88%E3%81%99%E3%82%8B HTTP/1.1" 200 0 "-" "Mozilla/5.0 (Linux; Android 6.0.1; Nexus 5X Build/MMB29P) AppleWebKit/537.36 (KHTML, like Gecko) Chrome/135.0.7049.95 Mobile Safari/537.36 (compatible; Googlebot/2.1; +http://www.google.com/bot.html)"
172.190.180.102 - - [02/May/2025:15:44:03 -0400] "GET /wp-content/uploads/2023/12/PSD-WP-BERITA-1.jpg HTTP/1.1" 200 70735 "-" "Mozilla/5.0 (Windows NT 10.0; Win64; x64) AppleWebKit/537.36 (KHTML, like Gecko) Chrome/109.0.0.0 Safari/537.36"
172.190.180.102 - - [02/May/2025:15:44:33 -0400] "GET /wp-content/uploads/2024/02/PSD-WP-BERITA2-1.jpg HTTP/1.1" 200 180771 "-" "Mozilla/5.0 (Windows NT 10.0; Win64; x64) AppleWebKit/537.36 (KHTML, like Gecko) Chrome/109.0.0.0 Safari/537.36"
172.190.180.102 - - [02/May/2025:15:44:57 -0400] "GET /wp-content/uploads/2023/12/PSD-WP-BERITA2-4.jpg HTTP/1.1" 200 73509 "-" "Mozilla/5.0 (Windows NT 10.0; Win64; x64) AppleWebKit/537.36 (KHTML, like Gecko) Chrome/109.0.0.0 Safari/537.36"
172.190.180.102 - - [02/May/2025:15:45:02 -0400] "GET /wp-content/uploads/2023/11/654e680b14f59.jpg HTTP/1.1" 200 49939 "-" "Mozilla/5.0 (Windows NT 10.0; Win64; x64) AppleWebKit/537.36 (KHTML, like Gecko) Chrome/109.0.0.0 Safari/537.36"
172.190.180.102 - - [02/May/2025:15:45:10 -0400] "GET /wp-content/uploads/2023/11/65501644a1a5a.jpg HTTP/1.1" 200 24284 "-" "Mozilla/5.0 (Windows NT 10.0; Win64; x64) AppleWebKit/537.36 (KHTML, like Gecko) Chrome/109.0.0.0 Safari/537.36"
52.167.144.234 - - [02/May/2025:15:45:12 -0400] "GET /?e=4077380528502&channel=8cd74b&from=jp.php%3Fid%3D805285-682%26name%3DDKV11G+AC%E3%82%B3%E3%83%B3%E3%83%97%E3%83%AC%E3%83%83%E3%82%B5%E3%83%BC%E3%80%81%E6%97%A5%E7%94%A3%E3%82%A2%E3%83%AB%E3%83%A1%E3%83%BC%E3%83%A9Mk+II%E3%82%B5%E3%83%8B%E3%83%BCN16+1.6+1.8+C%E3%81%AB%E9%81%A9%E5%90%88 HTTP/1.1" 200 0 "-" "Mozilla/5.0 AppleWebKit/537.36 (KHTML, like Gecko; compatible; bingbot/2.0; +http://www.bing.com/bingbot.htm) Chrome/116.0.1938.76 Safari/537.36"
172.190.180.102 - - [02/May/2025:15:45:20 -0400] "GET /wp-content/uploads/2024/04/Screenshot-2024-04-06-045819.png HTTP/1.1" 200 280138 "-" "Mozilla/5.0 (Windows NT 10.0; Win64; x64) AppleWebKit/537.36 (KHTML, like Gecko) Chrome/109.0.0.0 Safari/537.36"
172.190.180.102 - - [02/May/2025:15:45:34 -0400] "GET /wp-content/uploads/2023/11/64e1003ca6704.jpeg HTTP/1.1" 200 155935 "-" "Mozilla/5.0 (Windows NT 10.0; Win64; x64) AppleWebKit/537.36 (KHTML, like Gecko) Chrome/109.0.0.0 Safari/537.36"
172.190.180.102 - - [02/May/2025:15:45:37 -0400] "GET /wp-content/uploads/2023/12/PSD-WP-BERITA3-7.jpg HTTP/1.1" 200 101450 "-" "Mozilla/5.0 (Windows NT 10.0; Win64; x64) AppleWebKit/537.36 (KHTML, like Gecko) Chrome/109.0.0.0 Safari/537.36"
52.167.144.234 - - [02/May/2025:15:46:03 -0400] "GET /?e=32217111835706&channel=c96fa7&from=info.php%3Fid%3D1118357-15863%26name%3D3D%E3%82%B9%E3%82%AD%E3%83%A3%E3%83%8A%E3%83%BC%E3%83%9E%E3%83%BC%E3%82%AF%E3%83%9D%E3%82%B8%E3%82%B7%E3%83%A7%E3%83%8B%E3%83%B3%E3%82%B0%E3%83%9D%E3%82%A4%E3%83%B3%E3%83%88%E7%A3%81%E6%B0%97%E3%83%9E%E3%83%BC%E3%82%AF%E5%8F%8D%E5%B0%84%E3%82%BF%E3%83%BC%E3%82%B2%E3%83%83%E3%83%88%E3%83%9D%E3%82%A4%E3%83%B3%E3%83%88%E3%82%BF%E3%83%BC%E3%82%B2%E3%83%83%E3%83%88%E3%83%9C%E3%83%BC%E3%83%AB%E5%86%99%E7%9C%9F%E6%B8%AC%E9%87%8F%E3%82%B3%E3%83%BC%E3%83%87%E3%82%A3%E3%83%B3%E3%82%B0%E3%82%B9%E3%83%86%E3%83%83%E3%82%AB%E3%83%BC%28Inner HTTP/1.1" 200 0 "-" "Mozilla/5.0 AppleWebKit/537.36 (KHTML, like Gecko; compatible; bingbot/2.0; +http://www.bing.com/bingbot.htm) Chrome/116.0.1938.76 Safari/537.36"
172.190.180.102 - - [02/May/2025:15:46:12 -0400] "GET /wp-content/uploads/2024/01/65ab07eb78c50.jpg HTTP/1.1" 200 112548 "-" "Mozilla/5.0 (Windows NT 10.0; Win64; x64) AppleWebKit/537.36 (KHTML, like Gecko) Chrome/109.0.0.0 Safari/537.36"
66.249.74.106 - - [02/May/2025:15:46:16 -0400] "GET /?e=17709129232202&channel=de9846&from=form.php%3Fid%3D1292322-19160%26name%3D%E5%B1%85%E5%90%88%E5%88%80 HTTP/1.1" 200 0 "-" "Mozilla/5.0 (Linux; Android 6.0.1; Nexus 5X Build/MMB29P) AppleWebKit/537.36 (KHTML, like Gecko) Chrome/135.0.7049.95 Mobile Safari/537.36 (compatible; Googlebot/2.1; +http://www.google.com/bot.html)"
172.190.180.102 - - [02/May/2025:15:46:38 -0400] "GET /wp-content/uploads/2024/03/BANNER-JAMGOAL-1.png HTTP/1.1" 200 364346 "-" "Mozilla/5.0 (Windows NT 10.0; Win64; x64) AppleWebKit/537.36 (KHTML, like Gecko) Chrome/109.0.0.0 Safari/537.36"
172.190.180.102 - - [02/May/2025:15:46:38 -0400] "GET /wp-content/uploads/2024/03/Screenshot-2024-03-19-113039.png HTTP/1.1" 200 443747 "-" "Mozilla/5.0 (Windows NT 10.0; Win64; x64) AppleWebKit/537.36 (KHTML, like Gecko) Chrome/109.0.0.0 Safari/537.36"
157.55.39.51 - - [02/May/2025:15:46:37 -0400] "GET /?e=888279424604&channel=c8800b&from=shop.php%3Fid%3D94246-1012%26name%3D%E3%80%90%E3%81%8F%E3%82%89%E3%81%99%E3%81%93%E3%81%A8%E6%A7%98%E5%B0%82%E7%94%A8%E3%80%91iphone8plus64G%E3%82%B9%E3%83%9A%E3%83%BC%E3%82%B9%E3%82%B0%E3%83%AC%E3%82%A4%EF%BC%88%E6%9C%AC%E4%BD%93%E4%BB%A5%E5%A4%96%E3%81%AF%E6%9C%AA%E4%BD%BF%E7%94%A8 HTTP/1.1" 200 0 "-" "Mozilla/5.0 AppleWebKit/537.36 (KHTML, like Gecko; compatible; bingbot/2.0; +http://www.bing.com/bingbot.htm) Chrome/116.0.1938.76 Safari/537.36"
172.190.180.102 - - [02/May/2025:15:46:46 -0400] "GET /wp-content/uploads/2023/11/654bd113adcb9.jpeg HTTP/1.1" 200 65824 "-" "Mozilla/5.0 (Windows NT 10.0; Win64; x64) AppleWebKit/537.36 (KHTML, like Gecko) Chrome/109.0.0.0 Safari/537.36"
172.190.180.102 - - [02/May/2025:15:46:46 -0400] "GET /wp-content/uploads/2024/02/rgwgw.png HTTP/1.1" 200 517147 "-" "Mozilla/5.0 (Windows NT 10.0; Win64; x64) AppleWebKit/537.36 (KHTML, like Gecko) Chrome/109.0.0.0 Safari/537.36"
172.190.180.102 - - [02/May/2025:15:46:55 -0400] "GET /wp-content/uploads/2024/06/Screenshot-2024-07-01-025916.png HTTP/1.1" 200 443842 "-" "Mozilla/5.0 (Windows NT 10.0; Win64; x64) AppleWebKit/537.36 (KHTML, like Gecko) Chrome/109.0.0.0 Safari/537.36"
40.77.167.60 - - [02/May/2025:15:46:58 -0400] "GET /?e=38172118839202&channel=da4b90&from=info.php%3Fid%3D1188392-5459%26name%3D%E9%AB%98%E7%B4%9A%E6%BC%86%E5%99%A8%E3%80%80%E3%80%90%E6%9C%A8%E6%9B%BD%E6%BC%86+%E9%BE%8D%E9%96%80%E5%A0%82%E3%80%91+%E6%9C%A8%E8%A3%BD HTTP/1.1" 200 0 "-" "Mozilla/5.0 AppleWebKit/537.36 (KHTML, like Gecko; compatible; bingbot/2.0; +http://www.bing.com/bingbot.htm) Chrome/116.0.1938.76 Safari/537.36"
52.167.144.234 - - [02/May/2025:15:47:13 -0400] "GET /?e=9407814818103&channel=eeb94d&from=product.php%3Fid%3D148181-10238%26name%3D%E5%86%85%E8%94%B5%E3%82%B1%E3%83%BC%E3%83%96%E3%83%AB%E3%81%A8AC%E3%82%A6%E3%82%A9%E3%83%BC%E3%83%AB%E3%83%97%E3%83%A9%E3%82%B0%E4%BB%98%E3%81%8D%E3%83%9D%E3%83%BC%E3%82%BF%E3%83%96%E3%83%AB%E5%85%85%E9%9B%BB%E5%99%A8%E3%80%8110000mAh%E3%82%B9%E3%83%AA%E3%83%A0%E3%83%91%E3%83%AF%E3%83%BC%E3%83%90%E3%83%B3%E3%82%AF%E3%80%81USB-C%E9%AB%98%E9%80%9F%E5%85%85%E9%9B%BB%E3%83%90%E3%83%83%E3%83%86%E3%83%AA%E3%83%BC%E3%83%91%E3%83%83%E3%82%AF%E3%80%81LED HTTP/1.1" 200 0 "-" "Mozilla/5.0 AppleWebKit/537.36 (KHTML, like Gecko; compatible; bingbot/2.0; +http://www.bing.com/bingbot.htm) Chrome/116.0.1938.76 Safari/537.36"
172.190.180.102 - - [02/May/2025:15:47:42 -0400] "GET /wp-content/uploads/2023/12/PSD-WP-BERITA2-14.jpg HTTP/1.1" 200 70415 "-" "Mozilla/5.0 (Windows NT 10.0; Win64; x64) AppleWebKit/537.36 (KHTML, like Gecko) Chrome/109.0.0.0 Safari/537.36"
172.190.180.102 - - [02/May/2025:15:47:43 -0400] "GET /wp-content/uploads/2023/11/Untitled-1-4.jpg HTTP/1.1" 200 182840 "-" "Mozilla/5.0 (Windows NT 10.0; Win64; x64) AppleWebKit/537.36 (KHTML, like Gecko) Chrome/109.0.0.0 Safari/537.36"
172.190.180.102 - - [02/May/2025:15:47:44 -0400] "GET /wp-content/uploads/2024/01/PSD-WP-BERITA1-3.jpg HTTP/1.1" 200 140917 "-" "Mozilla/5.0 (Windows NT 10.0; Win64; x64) AppleWebKit/537.36 (KHTML, like Gecko) Chrome/109.0.0.0 Safari/537.36"
66.249.74.106 - - [02/May/2025:15:47:53 -0400] "GET /?e=7299680851600&channel=fe6281&from=form.php%3Fid%3D808516-5610%26name%3D%E3%83%AD%E3%82%BC%E3%83%83%E3%83%88%E2%98%86+%E7%97%9B%E3%83%AD%E3%82%BC%E3%83%83%E3%83%88%E2%98%86+%E3%82%AA%E3%83%BC%E3%83%80%E3%83%BC%E3%83%9A%E3%83%BC%E3%82%B8 HTTP/1.1" 200 0 "-" "Mozilla/5.0 (Linux; Android 6.0.1; Nexus 5X Build/MMB29P) AppleWebKit/537.36 (KHTML, like Gecko) Chrome/135.0.7049.95 Mobile Safari/537.36 (compatible; Googlebot/2.1; +http://www.google.com/bot.html)"
157.55.39.51 - - [02/May/2025:15:47:57 -0400] "GET /?e=3718673920802&channel=03e11b&from=news.php%3Fid%3D739208-17176%26name%3D%E3%82%A2%E3%83%A1%E3%83%AA%E3%82%AB%E8%B3%BC%E5%85%A5%E3%82%B9%E3%82%BF%E3%83%BC%E3%83%90%E3%83%83%E3%82%AF%E3%82%B9%C3%97%E3%83%87%E3%82%A3%E3%82%BA%E3%83%8B%E3%83%BC%E6%9C%AA%E4%BD%BF%E7%94%A8%E3%82%B3%E3%83%A9%E3%83%9C%E9%99%90%E5%AE%9A%E3%82%BF%E3%83%B3%E3%83%96%E3%83%A9%E3%83%BC%E6%97%A5%E6%9C%AC%E6%9C%AA%E7%99%BA%E5%A3%B2%E3%83%AC%E3%82%A2 HTTP/1.1" 200 0 "-" "Mozilla/5.0 AppleWebKit/537.36 (KHTML, like Gecko; compatible; bingbot/2.0; +http://www.bing.com/bingbot.htm) Chrome/116.0.1938.76 Safari/537.36"
172.190.180.102 - - [02/May/2025:15:48:05 -0400] "GET /wp-content/uploads/2024/02/Screenshot-2024-02-29-001726.png HTTP/1.1" 200 659051 "-" "Mozilla/5.0 (Windows NT 10.0; Win64; x64) AppleWebKit/537.36 (KHTML, like Gecko) Chrome/109.0.0.0 Safari/537.36"
172.190.180.102 - - [02/May/2025:15:48:12 -0400] "GET /wp-content/uploads/2023/12/PSD-WP-BERITA5-1-300x200.jpg HTTP/1.1" 200 16287 "-" "Mozilla/5.0 (Windows NT 10.0; Win64; x64) AppleWebKit/537.36 (KHTML, like Gecko) Chrome/109.0.0.0 Safari/537.36"
172.190.180.102 - - [02/May/2025:15:48:29 -0400] "GET /wp-content/uploads/2023/11/6483d8a844e43.jpg HTTP/1.1" 200 119125 "-" "Mozilla/5.0 (Windows NT 10.0; Win64; x64) AppleWebKit/537.36 (KHTML, like Gecko) Chrome/109.0.0.0 Safari/537.36"
