172.190.180.102 - - [02/May/2025:14:46:22 -0400] "GET /wp-content/uploads/2023/10/japan-gp-motorcycle-racing.jpeg HTTP/1.1" 200 91633 "-" "Mozilla/5.0 (Windows NT 10.0; Win64; x64) AppleWebKit/537.36 (KHTML, like Gecko) Chrome/109.0.0.0 Safari/537.36"
172.190.180.102 - - [02/May/2025:14:46:23 -0400] "GET /wp-content/uploads/2023/11/Untitled-1-1.jpg HTTP/1.1" 200 91643 "-" "Mozilla/5.0 (Windows NT 10.0; Win64; x64) AppleWebKit/537.36 (KHTML, like Gecko) Chrome/109.0.0.0 Safari/537.36"
172.190.180.102 - - [02/May/2025:14:46:23 -0400] "GET /wp-content/uploads/2023/11/656722f25d307.jpg HTTP/1.1" 200 150325 "-" "Mozilla/5.0 (Windows NT 10.0; Win64; x64) AppleWebKit/537.36 (KHTML, like Gecko) Chrome/109.0.0.0 Safari/537.36"
172.190.180.102 - - [02/May/2025:14:46:26 -0400] "GET /wp-content/uploads/2024/02/Screenshot-2024-02-27-224707-300x200.png HTTP/1.1" 200 146038 "-" "Mozilla/5.0 (Windows NT 10.0; Win64; x64) AppleWebKit/537.36 (KHTML, like Gecko) Chrome/109.0.0.0 Safari/537.36"
172.190.180.102 - - [02/May/2025:14:46:28 -0400] "GET /wp-content/uploads/2024/07/Screenshot-2024-07-05-045804-150x150.png HTTP/1.1" 200 41547 "-" "Mozilla/5.0 (Windows NT 10.0; Win64; x64) AppleWebKit/537.36 (KHTML, like Gecko) Chrome/109.0.0.0 Safari/537.36"
172.190.180.102 - - [02/May/2025:14:46:29 -0400] "GET /wp-content/uploads/2023/12/PSD-WP-BERITA1-7-300x200.jpg HTTP/1.1" 200 20566 "-" "Mozilla/5.0 (Windows NT 10.0; Win64; x64) AppleWebKit/537.36 (KHTML, like Gecko) Chrome/109.0.0.0 Safari/537.36"
172.190.180.102 - - [02/May/2025:14:46:31 -0400] "GET /wp-content/uploads/2023/11/6552aa7a0a466.jpg HTTP/1.1" 200 55722 "-" "Mozilla/5.0 (Windows NT 10.0; Win64; x64) AppleWebKit/537.36 (KHTML, like Gecko) Chrome/109.0.0.0 Safari/537.36"
172.190.180.102 - - [02/May/2025:14:47:41 -0400] "GET /wp-content/uploads/2023/11/Siskaeee-kembali-berulah-ia-dikabarkan-terlibat-dalam-rumah-produksi-film-porno.jpg HTTP/1.1" 200 49295 "-" "Mozilla/5.0 (Windows NT 10.0; Win64; x64) AppleWebKit/537.36 (KHTML, like Gecko) Chrome/109.0.0.0 Safari/537.36"
172.190.180.102 - - [02/May/2025:14:47:41 -0400] "GET /wp-content/uploads/2023/11/65522e321bfa7.jpg HTTP/1.1" 200 102970 "-" "Mozilla/5.0 (Windows NT 10.0; Win64; x64) AppleWebKit/537.36 (KHTML, like Gecko) Chrome/109.0.0.0 Safari/537.36"
172.190.180.102 - - [02/May/2025:14:47:42 -0400] "GET /wp-content/uploads/2023/11/6398310f4bf12.jpg HTTP/1.1" 200 63791 "-" "Mozilla/5.0 (Windows NT 10.0; Win64; x64) AppleWebKit/537.36 (KHTML, like Gecko) Chrome/109.0.0.0 Safari/537.36"
172.190.180.102 - - [02/May/2025:14:47:43 -0400] "GET /wp-content/uploads/2023/12/PSD-WP-BERITA4-6.jpg HTTP/1.1" 200 145989 "-" "Mozilla/5.0 (Windows NT 10.0; Win64; x64) AppleWebKit/537.36 (KHTML, like Gecko) Chrome/109.0.0.0 Safari/537.36"
172.190.180.102 - - [02/May/2025:14:48:08 -0400] "GET /wp-content/uploads/2023/11/Siskaeee-kembali-berulah-ia-dikabarkan-terlibat-dalam-rumah-produksi-film-porno-300x168.jpg HTTP/1.1" 200 13921 "-" "Mozilla/5.0 (Windows NT 10.0; Win64; x64) AppleWebKit/537.36 (KHTML, like Gecko) Chrome/109.0.0.0 Safari/537.36"
172.190.180.102 - - [02/May/2025:14:48:09 -0400] "GET /wp-content/uploads/2023/11/65465702b2c2f.jpg HTTP/1.1" 200 69517 "-" "Mozilla/5.0 (Windows NT 10.0; Win64; x64) AppleWebKit/537.36 (KHTML, like Gecko) Chrome/109.0.0.0 Safari/537.36"
172.190.180.102 - - [02/May/2025:14:48:13 -0400] "GET /wp-content/uploads/2023/12/PSD-WP-BERITA-24.jpg HTTP/1.1" 200 89359 "-" "Mozilla/5.0 (Windows NT 10.0; Win64; x64) AppleWebKit/537.36 (KHTML, like Gecko) Chrome/109.0.0.0 Safari/537.36"
172.190.180.102 - - [02/May/2025:14:48:16 -0400] "GET /wp-content/uploads/2023/10/begini-aksi-pelaku-penembakan-brutal-di-maine-amerika-serikat-2_169.jpeg HTTP/1.1" 200 90294 "-" "Mozilla/5.0 (Windows NT 10.0; Win64; x64) AppleWebKit/537.36 (KHTML, like Gecko) Chrome/109.0.0.0 Safari/537.36"
172.190.180.102 - - [02/May/2025:14:48:17 -0400] "GET /wp-content/uploads/2023/12/Wariha-ibu-pelajar-yang-tewas-dianiaya-oknum-polisi-di-Subang.jpg HTTP/1.1" 200 93505 "-" "Mozilla/5.0 (Windows NT 10.0; Win64; x64) AppleWebKit/537.36 (KHTML, like Gecko) Chrome/109.0.0.0 Safari/537.36"
172.190.180.102 - - [02/May/2025:14:48:21 -0400] "GET /wp-content/uploads/2024/06/Screenshot-2024-07-01-030806-150x150.png HTTP/1.1" 200 52948 "-" "Mozilla/5.0 (Windows NT 10.0; Win64; x64) AppleWebKit/537.36 (KHTML, like Gecko) Chrome/109.0.0.0 Safari/537.36"
172.190.180.102 - - [02/May/2025:14:48:51 -0400] "GET /wp-content/uploads/2024/05/666-1.png HTTP/1.1" 200 726655 "-" "Mozilla/5.0 (Windows NT 10.0; Win64; x64) AppleWebKit/537.36 (KHTML, like Gecko) Chrome/109.0.0.0 Safari/537.36"
66.249.74.105 - - [02/May/2025:14:49:32 -0400] "GET /?e=5391351433308&channel=04f363&from=article.php%3Fid%3D514333-20136%26name%3D%E3%82%B7%E3%83%A5%E3%83%94%E3%82%B2%E3%83%A9%E3%82%A6%E3%80%802%E7%A8%AE%E9%A1%9E+%E5%90%843%E8%84%9A%E3%80%80%E3%83%AF%E3%82%A4%E3%83%B3%E3%82%B0%E3%83%A9%E3%82%B9+%E5%90%88%E8%A8%886%E8%84%9A%E3%82%BB%E3%83%83%E3%83%88 HTTP/1.1" 200 0 "-" "Mozilla/5.0 (Linux; Android 6.0.1; Nexus 5X Build/MMB29P) AppleWebKit/537.36 (KHTML, like Gecko) Chrome/135.0.7049.95 Mobile Safari/537.36 (compatible; Googlebot/2.1; +http://www.google.com/bot.html)"
52.167.144.195 - - [02/May/2025:14:49:33 -0400] "GET /?e=54311117424002&channel=187688&from=news.php%3Fid%3D1174240-26697%26name%3D3D%E3%82%B9%E3%82%AD%E3%83%A3%E3%83%B3%E3%83%9E%E3%83%BC%E3%82%AB%E3%83%BC%E3%80%81+%E3%83%8F%E3%83%B3%E3%83%89%E3%83%98%E3%83%AB%E3%83%893D%E3%82%B9%E3%82%AD%E3%83%A3%E3%83%8A%E3%83%BC%E3%82%BF%E3%83%BC%E3%82%B2%E3%83%83%E3%83%88%E3%83%9D%E3%82%A4%E3%83%B3%E3%83%88%E4%BD%8D%E7%BD%AE%E6%B1%BA%E3%82%81%E3%83%9D%E3%82%A4%E3%83%B3%E3%83%883D%E3%82%B9%E3%82%AD%E3%83%A3%E3%83%B3%E3%81%A8%E5%85%89%E5%AD%A6%E8%BF%BD%E8%B7%A1%E3%81%AE%E3%81%9F%E3%82%81%E3%81%AB%E5%BC%B7%E8%AA%BF%E8%A1%A8%E7%A4%BA HTTP/1.1" 200 0 "-" "Mozilla/5.0 AppleWebKit/537.36 (KHTML, like Gecko; compatible; bingbot/2.0; +http://www.bing.com/bingbot.htm) Chrome/116.0.1938.76 Safari/537.36"
66.249.74.105 - - [02/May/2025:14:49:40 -0400] "GET /?e=57724113834401&channel=a05bd7&from=shop.php%3Fid%3D1138344-4868%26name%3D%E3%82%AB%E3%83%AA%E3%83%95%E3%82%A9%E3%83%AB%E3%83%8B%E3%82%A2%E3%82%A6%E3%82%A7%E3%83%83%E3%83%88%E3%82%B9%E3%83%BC%E3%83%84%E3%83%96%E3%83%A9%E3%83%B3%E3%83%89%EF%BC%81%E3%82%A2%E3%83%83%E3%82%AF%E3%82%B9%E3%82%AF%E3%83%A9%E3%82%B7%E3%83%83%E3%82%AF%EF%BC%81%E3%83%AD%E3%83%B3%E3%82%B0%E3%82%B8%E3%83%A7%E3%83%B31.5mm HTTP/1.1" 200 0 "-" "Mozilla/5.0 (Linux; Android 6.0.1; Nexus 5X Build/MMB29P) AppleWebKit/537.36 (KHTML, like Gecko) Chrome/135.0.7049.95 Mobile Safari/537.36 (compatible; Googlebot/2.1; +http://www.google.com/bot.html)"
172.190.180.102 - - [02/May/2025:14:49:43 -0400] "GET /wp-content/uploads/2023/11/potret-mumi-stoneman-willie-128-tahun-dipajang-di-rumah-duka-reading-pennsylvania.jpg HTTP/1.1" 200 104838 "-" "Mozilla/5.0 (Windows NT 10.0; Win64; x64) AppleWebKit/537.36 (KHTML, like Gecko) Chrome/109.0.0.0 Safari/537.36"
172.190.180.102 - - [02/May/2025:14:49:44 -0400] "GET /wp-content/uploads/2023/12/PSD-WP-BERITA-16.jpg HTTP/1.1" 200 130475 "-" "Mozilla/5.0 (Windows NT 10.0; Win64; x64) AppleWebKit/537.36 (KHTML, like Gecko) Chrome/109.0.0.0 Safari/537.36"
172.190.180.102 - - [02/May/2025:14:49:48 -0400] "GET /wp-content/uploads/2023/11/632d41e170e31.jpg HTTP/1.1" 200 119617 "-" "Mozilla/5.0 (Windows NT 10.0; Win64; x64) AppleWebKit/537.36 (KHTML, like Gecko) Chrome/109.0.0.0 Safari/537.36"
172.190.180.102 - - [02/May/2025:14:49:48 -0400] "GET /wp-content/uploads/2024/07/Screenshot-2024-07-05-044733-300x200.png HTTP/1.1" 200 77182 "-" "Mozilla/5.0 (Windows NT 10.0; Win64; x64) AppleWebKit/537.36 (KHTML, like Gecko) Chrome/109.0.0.0 Safari/537.36"
172.190.180.102 - - [02/May/2025:14:49:55 -0400] "GET /wp-content/uploads/2023/11/65443f0c3824f.jpg HTTP/1.1" 200 75664 "-" "Mozilla/5.0 (Windows NT 10.0; Win64; x64) AppleWebKit/537.36 (KHTML, like Gecko) Chrome/109.0.0.0 Safari/537.36"
172.190.180.102 - - [02/May/2025:14:49:55 -0400] "GET /wp-content/uploads/2023/11/6553e67ad1615.png HTTP/1.1" 200 386715 "-" "Mozilla/5.0 (Windows NT 10.0; Win64; x64) AppleWebKit/537.36 (KHTML, like Gecko) Chrome/109.0.0.0 Safari/537.36"
157.55.39.51 - - [02/May/2025:14:50:02 -0400] "GET /?e=11911129558402&channel=56cf41&from=brands.php%3Fid%3D1295584-14416%26name%3D%E7%84%A1%E5%8D%B0%E8%89%AF%E5%93%81%E3%80%80%E8%B1%86%E3%81%8B%E3%82%89%E6%8C%BD%E3%81%91%E3%82%8B%E3%82%B3%E3%83%BC%E3%83%92%E3%83%BC%E3%83%A1%E3%83%BC%E3%82%AB%E3%83%BC%E4%BB%98%E5%B1%9E%E3%81%AE%E3%83%93%E3%83%BC%E3%82%AB%E3%83%BC HTTP/1.1" 200 0 "-" "Mozilla/5.0 AppleWebKit/537.36 (KHTML, like Gecko; compatible; bingbot/2.0; +http://www.bing.com/bingbot.htm) Chrome/116.0.1938.76 Safari/537.36"
172.190.180.102 - - [02/May/2025:14:50:23 -0400] "GET /wp-content/uploads/2023/11/Untitled-4-1.jpg HTTP/1.1" 200 125033 "-" "Mozilla/5.0 (Windows NT 10.0; Win64; x64) AppleWebKit/537.36 (KHTML, like Gecko) Chrome/109.0.0.0 Safari/537.36"
172.190.180.102 - - [02/May/2025:14:50:51 -0400] "GET /wp-content/uploads/2023/11/Dublin-3.jpg HTTP/1.1" 200 152713 "-" "Mozilla/5.0 (Windows NT 10.0; Win64; x64) AppleWebKit/537.36 (KHTML, like Gecko) Chrome/109.0.0.0 Safari/537.36"
172.190.180.102 - - [02/May/2025:14:50:52 -0400] "GET /wp-content/uploads/2023/11/Untitled-1-2.jpg HTTP/1.1" 200 125801 "-" "Mozilla/5.0 (Windows NT 10.0; Win64; x64) AppleWebKit/537.36 (KHTML, like Gecko) Chrome/109.0.0.0 Safari/537.36"
172.190.180.102 - - [02/May/2025:14:50:55 -0400] "GET /wp-content/uploads/2023/11/654e534eee1ed.jpg HTTP/1.1" 200 54594 "-" "Mozilla/5.0 (Windows NT 10.0; Win64; x64) AppleWebKit/537.36 (KHTML, like Gecko) Chrome/109.0.0.0 Safari/537.36"
172.190.180.102 - - [02/May/2025:14:51:05 -0400] "GET /wp-content/uploads/2023/11/617543bdb6a03-300x200.jpg HTTP/1.1" 200 10411 "-" "Mozilla/5.0 (Windows NT 10.0; Win64; x64) AppleWebKit/537.36 (KHTML, like Gecko) Chrome/109.0.0.0 Safari/537.36"
172.190.180.102 - - [02/May/2025:14:51:11 -0400] "GET /wp-content/uploads/2023/11/Petugas-dokpol-mengangkat-mayat-yang-ditemukan-di-salah-satu-kamar.jpg HTTP/1.1" 200 48268 "-" "Mozilla/5.0 (Windows NT 10.0; Win64; x64) AppleWebKit/537.36 (KHTML, like Gecko) Chrome/109.0.0.0 Safari/537.36"
172.190.180.102 - - [02/May/2025:14:51:34 -0400] "GET /wp-content/uploads/2023/12/PSD-WP-BERITA4-7.jpg HTTP/1.1" 200 130629 "-" "Mozilla/5.0 (Windows NT 10.0; Win64; x64) AppleWebKit/537.36 (KHTML, like Gecko) Chrome/109.0.0.0 Safari/537.36"
172.190.180.102 - - [02/May/2025:14:51:54 -0400] "GET /wp-content/uploads/2023/12/PSD-WP-BERITA1-12-300x200.jpg HTTP/1.1" 200 20226 "-" "Mozilla/5.0 (Windows NT 10.0; Win64; x64) AppleWebKit/537.36 (KHTML, like Gecko) Chrome/109.0.0.0 Safari/537.36"
52.167.144.147 - - [02/May/2025:14:52:36 -0400] "GET /?e=86429101517201&channel=1063b7&from=shared.php%3Fid%3D1015172-18450%26name%3D%E8%BE%BB%E5%88%A9%E3%80%80%E4%BA%AC%E9%83%BD%E5%AE%87%E6%B2%BB%E7%B7%8F%E6%9C%AC%E5%AE%B6%E3%80%80%E6%8A%B9%E8%8C%B6%E3%83%9F%E3%83%AB%E3%82%AF+190g%C3%973%E8%A2%8B%E3%80%80%E3%82%A2%E3%82%A4%E3%82%B9%E3%80%81%E3%83%9B%E3%83%83%E3%83%88%E3%80%80%E5%AE%87%E6%B2%BB%E6%8A%B9%E8%8C%B6%E9%A6%99%E3%82%8B HTTP/1.1" 200 0 "-" "Mozilla/5.0 AppleWebKit/537.36 (KHTML, like Gecko; compatible; bingbot/2.0; +http://www.bing.com/bingbot.htm) Chrome/116.0.1938.76 Safari/537.36"
52.167.144.195 - - [02/May/2025:14:52:43 -0400] "GET /?e=86016153243200&channel=fc0576&from=category-info.php%3Fid%3D1532432-14308%26name%3D%E9%BA%BB%E9%87%8C%E7%B5%B5%E3%80%80%E6%B5%85%E8%8D%89%E5%AF%BA%E3%80%8077%E5%B9%B4%E3%80%80%E7%99%BD%E3%83%A9%E3%83%99%E3%83%AB%E8%A6%8B%E6%9C%AC%E7%9B%A4%E3%80%80%E6%AD%8C%E8%AC%A1%E6%9B%B2%E3%80%80%E6%98%AD%E5%92%8C%E6%AD%8C%E8%AC%A1%E3%80%80%E5%A5%B3%E6%80%A7%E3%80%80%E3%83%95%E3%82%A9%E3%83%BC%E3%82%AF%E3%80%80%E3%83%87%E3%83%A5%E3%82%AA HTTP/1.1" 200 0 "-" "Mozilla/5.0 AppleWebKit/537.36 (KHTML, like Gecko; compatible; bingbot/2.0; +http://www.bing.com/bingbot.htm) Chrome/116.0.1938.76 Safari/537.36"
172.190.180.102 - - [02/May/2025:14:53:07 -0400] "GET /wp-content/uploads/2023/12/PSD-WP-BERITA3-11.jpg HTTP/1.1" 200 100564 "-" "Mozilla/5.0 (Windows NT 10.0; Win64; x64) AppleWebKit/537.36 (KHTML, like Gecko) Chrome/109.0.0.0 Safari/537.36"
172.190.180.102 - - [02/May/2025:14:53:11 -0400] "GET /wp-content/uploads/2024/07/Screenshot-2024-07-11-045151.png HTTP/1.1" 200 489160 "-" "Mozilla/5.0 (Windows NT 10.0; Win64; x64) AppleWebKit/537.36 (KHTML, like Gecko) Chrome/109.0.0.0 Safari/537.36"
172.190.180.102 - - [02/May/2025:14:53:17 -0400] "GET /wp-content/uploads/2023/11/g_p_o_potret_sophia_latjuba_saat_pakai_bikini_body_goals_hot_mom_52_tahun_bikin_gagal_fokus_p_sophia_latjuba-20221027-008-non_fotografer_kly.jpg HTTP/1.1" 200 134973 "-" "Mozilla/5.0 (Windows NT 10.0; Win64; x64) AppleWebKit/537.36 (KHTML, like Gecko) Chrome/109.0.0.0 Safari/537.36"
172.190.180.102 - - [02/May/2025:14:53:52 -0400] "GET /wp-content/uploads/2024/01/PSD-WP-BERITA2-1.jpg HTTP/1.1" 200 76411 "-" "Mozilla/5.0 (Windows NT 10.0; Win64; x64) AppleWebKit/537.36 (KHTML, like Gecko) Chrome/109.0.0.0 Safari/537.36"
172.190.180.102 - - [02/May/2025:14:53:53 -0400] "GET /wp-content/uploads/2023/10/palm-jumeirah-dubai.webp HTTP/1.1" 200 69482 "-" "Mozilla/5.0 (Windows NT 10.0; Win64; x64) AppleWebKit/537.36 (KHTML, like Gecko) Chrome/109.0.0.0 Safari/537.36"
52.167.144.195 - - [02/May/2025:14:54:13 -0400] "GET /?e=38172118839202&channel=da4b90&from=info.php%3Fid%3D1188392-5459%26name%3D%E9%AB%98%E7%B4%9A%E6%BC%86%E5%99%A8%E3%80%80%E3%80%90%E6%9C%A8%E6%9B%BD%E6%BC%86+%E9%BE%8D%E9%96%80%E5%A0%82%E3%80%91+%E6%9C%A8%E8%A3%BD HTTP/1.1" 200 0 "-" "Mozilla/5.0 AppleWebKit/537.36 (KHTML, like Gecko; compatible; bingbot/2.0; +http://www.bing.com/bingbot.htm) Chrome/116.0.1938.76 Safari/537.36"
172.190.180.102 - - [02/May/2025:14:54:31 -0400] "GET /wp-content/uploads/2023/12/60d5995774cf1.jpg HTTP/1.1" 200 129244 "-" "Mozilla/5.0 (Windows NT 10.0; Win64; x64) AppleWebKit/537.36 (KHTML, like Gecko) Chrome/109.0.0.0 Safari/537.36"
172.190.180.102 - - [02/May/2025:14:54:55 -0400] "GET /wp-content/uploads/2023/12/PSD-WP-BERITA1-14.jpg HTTP/1.1" 200 84257 "-" "Mozilla/5.0 (Windows NT 10.0; Win64; x64) AppleWebKit/537.36 (KHTML, like Gecko) Chrome/109.0.0.0 Safari/537.36"
172.190.180.102 - - [02/May/2025:14:55:19 -0400] "GET /wp-content/uploads/2023/12/Daihatsu-Ayla-ringsek-usai-kecelakaan-karambol-di-Jalan-Raya-Duduksampeyan-1.jpg HTTP/1.1" 200 119642 "-" "Mozilla/5.0 (Windows NT 10.0; Win64; x64) AppleWebKit/537.36 (KHTML, like Gecko) Chrome/109.0.0.0 Safari/537.36"
172.190.180.102 - - [02/May/2025:14:55:33 -0400] "GET /wp-content/uploads/2024/05/Screenshot-2024-05-04-160707.png HTTP/1.1" 200 618787 "-" "Mozilla/5.0 (Windows NT 10.0; Win64; x64) AppleWebKit/537.36 (KHTML, like Gecko) Chrome/109.0.0.0 Safari/537.36"
172.190.180.102 - - [02/May/2025:14:56:10 -0400] "GET /wp-content/uploads/2023/12/PSD-WP-BERITA2-13.jpg HTTP/1.1" 200 71677 "-" "Mozilla/5.0 (Windows NT 10.0; Win64; x64) AppleWebKit/537.36 (KHTML, like Gecko) Chrome/109.0.0.0 Safari/537.36"
172.190.180.102 - - [02/May/2025:14:56:10 -0400] "GET /wp-content/uploads/2023/11/AN_fe548dfb-2_Image_In_Body.jpg HTTP/1.1" 200 136483 "-" "Mozilla/5.0 (Windows NT 10.0; Win64; x64) AppleWebKit/537.36 (KHTML, like Gecko) Chrome/109.0.0.0 Safari/537.36"
172.190.180.102 - - [02/May/2025:14:56:14 -0400] "GET /wp-content/uploads/2023/11/hujan-es-surabaya-cek-2.jpg HTTP/1.1" 200 103478 "-" "Mozilla/5.0 (Windows NT 10.0; Win64; x64) AppleWebKit/537.36 (KHTML, like Gecko) Chrome/109.0.0.0 Safari/537.36"
172.190.180.102 - - [02/May/2025:14:56:16 -0400] "GET /wp-content/uploads/2023/12/PSD-WP-BERITA-19-300x200.jpg HTTP/1.1" 200 18540 "-" "Mozilla/5.0 (Windows NT 10.0; Win64; x64) AppleWebKit/537.36 (KHTML, like Gecko) Chrome/109.0.0.0 Safari/537.36"
66.249.74.106 - - [02/May/2025:14:56:22 -0400] "GET /?e=06511188222601&channel=623fa8&from=article.php%3Fid%3D1882226-33290%26name%3DPROBIODERM+%E3%82%B3%E3%83%A9%E3%83%BC%E3%82%B2%E3%83%B3%E3%83%AA%E3%83%A2%E3%83%87%E3%83%AA%E3%83%B3%E3%82%B0%E3%83%96%E3%83%BC%E3%82%B9%E3%82%BF%E3%83%BC HTTP/1.1" 200 0 "-" "Mozilla/5.0 (Linux; Android 6.0.1; Nexus 5X Build/MMB29P) AppleWebKit/537.36 (KHTML, like Gecko) Chrome/135.0.7049.95 Mobile Safari/537.36 (compatible; Googlebot/2.1; +http://www.google.com/bot.html)"
157.55.39.51 - - [02/May/2025:14:56:33 -0400] "GET /?e=57783108046412&channel=e659c6&from=form.php%3Fid%3D1080464-1925%26name%3D%E6%A1%9C%E3%82%B2%E3%83%B3%E3%82%AB%E3%82%A4%E3%83%84%E3%83%84%E3%82%B8%E2%91%A3 HTTP/1.1" 200 0 "-" "Mozilla/5.0 AppleWebKit/537.36 (KHTML, like Gecko; compatible; bingbot/2.0; +http://www.bing.com/bingbot.htm) Chrome/116.0.1938.76 Safari/537.36"
172.190.180.102 - - [02/May/2025:14:56:52 -0400] "GET /wp-content/uploads/2023/12/PSD-WP-BERITA3-6-300x200.jpg HTTP/1.1" 200 27295 "-" "Mozilla/5.0 (Windows NT 10.0; Win64; x64) AppleWebKit/537.36 (KHTML, like Gecko) Chrome/109.0.0.0 Safari/537.36"
172.190.180.102 - - [02/May/2025:14:56:54 -0400] "GET /wp-content/uploads/2024/02/Screenshot-2024-03-01-052623-1.png HTTP/1.1" 200 631051 "-" "Mozilla/5.0 (Windows NT 10.0; Win64; x64) AppleWebKit/537.36 (KHTML, like Gecko) Chrome/109.0.0.0 Safari/537.36"
52.167.144.195 - - [02/May/2025:14:57:04 -0400] "GET /?e=17877196772204&channel=d5d5a5&from=form.php%3Fid%3D1967722-12437%26name%3D%EF%BC%BB%E6%9C%AA%E4%BD%BF%E7%94%A8%E5%93%81%EF%BC%BD%E3%83%AF%E3%83%B3%E3%83%94%E3%83%BC%E3%82%B9%E3%80%80%E3%83%AC%E3%83%87%E3%82%A3%E3%83%BC%E3%82%B9%E3%80%80%E3%82%B0%E3%83%AC%E3%83%BC%E3%80%80%E5%8D%8A%E8%A2%96%E3%80%80%E3%83%95%E3%83%AA%E3%83%BC%E3%82%B5%E3%82%A4%E3%82%BA%E3%80%80D%E3%82%AB%E3%83%B3%E3%80%80%E3%83%AD%E3%83%B3%E3%82%B0 HTTP/1.1" 200 0 "-" "Mozilla/5.0 AppleWebKit/537.36 (KHTML, like Gecko; compatible; bingbot/2.0; +http://www.bing.com/bingbot.htm) Chrome/116.0.1938.76 Safari/537.36"
172.190.180.102 - - [02/May/2025:14:57:10 -0400] "GET /wp-content/uploads/2023/12/PSD-WP-BERITA3-9.jpg HTTP/1.1" 200 80664 "-" "Mozilla/5.0 (Windows NT 10.0; Win64; x64) AppleWebKit/537.36 (KHTML, like Gecko) Chrome/109.0.0.0 Safari/537.36"
66.249.74.104 - - [02/May/2025:14:57:17 -0400] "GET /?e=25049163271201&channel=bfb481&from=news.php%3Fid%3D1632712-7397%26name%3D%E3%80%902%E6%9E%9A%E3%82%BB%E3%83%83%E3%83%88%E3%80%91%E3%83%A2%E3%83%BC%E3%83%8B%E3%83%B3%E3%82%B0%E5%A8%98%E3%80%82%2725+%E7%9F%B3%E7%94%B0%E4%BA%9C%E4%BD%91%E7%BE%8E+%E7%9B%B4%E7%AD%86%E3%82%B5%E3%82%A4%E3%83%B3%E4%BB%98%E3%81%8D%E3%83%9D%E3%82%B9%E3%82%BF%E3%83%BC HTTP/1.1" 200 0 "-" "Mozilla/5.0 (Linux; Android 6.0.1; Nexus 5X Build/MMB29P) AppleWebKit/537.36 (KHTML, like Gecko) Chrome/135.0.7049.95 Mobile Safari/537.36 (compatible; Googlebot/2.1; +http://www.google.com/bot.html)"
40.77.167.17 - - [02/May/2025:14:57:18 -0400] "GET /?e=27899174470800&channel=7e0676&from=news.php%3Fid%3D1744708-20787%26name%3D%E6%96%B0%E5%93%81%E3%80%801%2F43%E3%80%80%E3%82%A8%E3%83%96%E3%83%AD%E3%80%80%E3%83%81%E3%83%BC%E3%83%A0%E3%82%A4%E3%83%B3%E3%83%91%E3%83%AB%E3%80%80Z%E3%80%80%E3%82%AB%E3%83%AB%E3%82%BD%E3%83%8B%E3%83%83%E3%82%AF%E3%80%80%E6%98%9F%E9%87%8E%E3%83%AC%E3%83%BC%E3%82%B7%E3%83%B3%E3%82%B0%E3%80%80%E9%99%90%E5%AE%9A300%E5%8F%B0%E3%80%80%E7%B5%B6%E7%89%88 HTTP/1.1" 200 0 "-" "Mozilla/5.0 AppleWebKit/537.36 (KHTML, like Gecko; compatible; bingbot/2.0; +http://www.bing.com/bingbot.htm) Chrome/116.0.1938.76 Safari/537.36"
66.249.74.104 - - [02/May/2025:14:57:35 -0400] "GET /?e=0660113439200&channel=783194&from=goods.php%3Fid%3D134392-851%26name%3D%E5%B8%8C%E5%B0%91%E3%80%80%E3%82%A4%E3%83%B3%E3%83%89%E3%83%A4%E3%83%9E%E3%83%8F%E3%80%80%E3%83%9E%E3%83%83%E3%83%88%E3%83%96%E3%83%A9%E3%83%83%E3%82%AF%E3%80%80Fz-x150 HTTP/1.1" 200 0 "-" "Mozilla/5.0 (Linux; Android 6.0.1; Nexus 5X Build/MMB29P) AppleWebKit/537.36 (KHTML, like Gecko) Chrome/135.0.7049.95 Mobile Safari/537.36 (compatible; Googlebot/2.1; +http://www.google.com/bot.html)"
172.190.180.102 - - [02/May/2025:14:57:38 -0400] "GET /wp-content/uploads/2023/12/Anda-di-Surabaya-Inilah-Pentingnya-Menggunakan-Konsultan-Pajak-Surabaya.jpg HTTP/1.1" 200 116494 "-" "Mozilla/5.0 (Windows NT 10.0; Win64; x64) AppleWebKit/537.36 (KHTML, like Gecko) Chrome/109.0.0.0 Safari/537.36"
172.190.180.102 - - [02/May/2025:14:57:49 -0400] "GET /wp-content/uploads/2024/06/PSD-WP-BERITA1.png HTTP/1.1" 200 359344 "-" "Mozilla/5.0 (Windows NT 10.0; Win64; x64) AppleWebKit/537.36 (KHTML, like Gecko) Chrome/109.0.0.0 Safari/537.36"
172.190.180.102 - - [02/May/2025:14:58:14 -0400] "GET /wp-content/uploads/2023/11/654b4dbb45dc9.jpg HTTP/1.1" 200 69236 "-" "Mozilla/5.0 (Windows NT 10.0; Win64; x64) AppleWebKit/537.36 (KHTML, like Gecko) Chrome/109.0.0.0 Safari/537.36"
66.249.74.105 - - [02/May/2025:14:58:50 -0400] "GET /?e=79276165036600&channel=473d25&from=shared.php%3Fid%3D1650366-2064%26name%3DWyazziv%E3%81%9A%E3%82%93%E3%81%A9%E3%81%86%E9%8D%8B+%E6%B7%B1%E5%9E%8B+%E5%AF%B8%E8%83%B4+%E3%81%AA%E3%81%B9+%E6%A5%AD%E5%8B%99%E7%94%A8%E3%82%B9%E3%83%86%E3%83%B3%E3%83%AC%E3%82%B9%E5%AF%B8%E8%83%B4%E9%8D%8B+%E5%A4%A7%E5%AE%B9%E9%87%8F+%E9%8C%86%E3%81%AB%E5%BC%B7%E3%81%84+%E8%93%8B%E4%BB%98%E3%81%8D+%28%E5%8F%A3%E5%BE%8430cm+%E9%AB%9820cm%29 HTTP/1.1" 200 0 "-" "Mozilla/5.0 (Linux; Android 6.0.1; Nexus 5X Build/MMB29P) AppleWebKit/537.36 (KHTML, like Gecko) Chrome/135.0.7049.95 Mobile Safari/537.36 (compatible; Googlebot/2.1; +http://www.google.com/bot.html)"
172.190.180.102 - - [02/May/2025:14:59:08 -0400] "GET /wp-content/uploads/2024/04/Screenshot-2024-04-16-144807.png HTTP/1.1" 200 432519 "-" "Mozilla/5.0 (Windows NT 10.0; Win64; x64) AppleWebKit/537.36 (KHTML, like Gecko) Chrome/109.0.0.0 Safari/537.36"
172.190.180.102 - - [02/May/2025:14:59:13 -0400] "GET /wp-content/uploads/2023/11/654a499f91b2b.jpg HTTP/1.1" 200 50351 "-" "Mozilla/5.0 (Windows NT 10.0; Win64; x64) AppleWebKit/537.36 (KHTML, like Gecko) Chrome/109.0.0.0 Safari/537.36"
172.190.180.102 - - [02/May/2025:14:59:48 -0400] "GET /wp-content/uploads/2023/12/Wariha-ibu-pelajar-yang-tewas-dianiaya-oknum-polisi-di-Subang-300x200.jpg HTTP/1.1" 200 23138 "-" "Mozilla/5.0 (Windows NT 10.0; Win64; x64) AppleWebKit/537.36 (KHTML, like Gecko) Chrome/109.0.0.0 Safari/537.36"
172.190.180.102 - - [02/May/2025:14:59:50 -0400] "GET /wp-content/uploads/2023/11/6hgmzrxghe0u4fas9qe6_15681.jpg HTTP/1.1" 200 119347 "-" "Mozilla/5.0 (Windows NT 10.0; Win64; x64) AppleWebKit/537.36 (KHTML, like Gecko) Chrome/109.0.0.0 Safari/537.36"
68.183.234.75 - - [02/May/2025:14:59:54 -0400] "GET /wp-content/uploads/2023/11/6398310f4bf12-300x200.jpg HTTP/1.1" 200 16790 "-" "Mozilla/5.0 (Windows NT 10.0; Win64; x64) AppleWebKit/537.36 (KHTML, like Gecko) Chrome/121.0.0.0 Safari/537.36 Edg/121.0.0.0"
172.190.180.102 - - [02/May/2025:15:00:14 -0400] "GET /wp-content/uploads/2024/01/PSD-WP-BERITA3-1.jpg HTTP/1.1" 200 97746 "-" "Mozilla/5.0 (Windows NT 10.0; Win64; x64) AppleWebKit/537.36 (KHTML, like Gecko) Chrome/109.0.0.0 Safari/537.36"
172.190.180.102 - - [02/May/2025:15:00:39 -0400] "GET /wp-content/uploads/2024/04/Screenshot-2024-04-19-144909.png HTTP/1.1" 200 609756 "-" "Mozilla/5.0 (Windows NT 10.0; Win64; x64) AppleWebKit/537.36 (KHTML, like Gecko) Chrome/109.0.0.0 Safari/537.36"
66.249.74.104 - - [02/May/2025:15:00:56 -0400] "GET /?e=8492157806403&channel=0a6900&from=article.php%3Fid%3D578064-6915%26name%3DDENMOUS+14.25+Ratti+13.00%E3%82%AB%E3%83%A9%E3%83%83%E3%83%88+%E3%82%B9%E3%83%BC%E3%83%91%E3%83%BC%E3%83%9E%E3%83%AB%E3%83%81%E3%83%95%E3%82%A1%E3%82%A4%E3%82%A2%E3%82%AA%E3%83%91%E3%83%BC%E3%83%AB%E3%82%B7%E3%83%AB%E3%83%90%E3%83%BC%E3%83%AA%E3%83%B3%E3%82%B0+%E8%AA%8D%E5%AE%9A+%E5%A4%A9%E7%84%B6%E3%82%AA%E3%83%BC%E3%83%90%E3%83%AB+%E3%83%9B%E3%83%AF%E3%82%A4 HTTP/1.1" 200 0 "-" "Mozilla/5.0 (Linux; Android 6.0.1; Nexus 5X Build/MMB29P) AppleWebKit/537.36 (KHTML, like Gecko) Chrome/135.0.7049.95 Mobile Safari/537.36 (compatible; Googlebot/2.1; +http://www.google.com/bot.html)"
172.190.180.102 - - [02/May/2025:15:01:01 -0400] "GET /wp-content/uploads/2023/12/PSD-WP-BERITA3-10-300x200.jpg HTTP/1.1" 200 18629 "-" "Mozilla/5.0 (Windows NT 10.0; Win64; x64) AppleWebKit/537.36 (KHTML, like Gecko) Chrome/109.0.0.0 Safari/537.36"
172.190.180.102 - - [02/May/2025:15:01:13 -0400] "GET /wp-content/uploads/2023/11/1447328shutterstock-255844921780x390-1.jpg HTTP/1.1" 200 80534 "-" "Mozilla/5.0 (Windows NT 10.0; Win64; x64) AppleWebKit/537.36 (KHTML, like Gecko) Chrome/109.0.0.0 Safari/537.36"
172.190.180.102 - - [02/May/2025:15:01:15 -0400] "GET /wp-content/uploads/2024/05/Screenshot-2024-05-18-041306-1-300x200.png HTTP/1.1" 200 62101 "-" "Mozilla/5.0 (Windows NT 10.0; Win64; x64) AppleWebKit/537.36 (KHTML, like Gecko) Chrome/109.0.0.0 Safari/537.36"
172.190.180.102 - - [02/May/2025:15:02:07 -0400] "GET /wp-content/uploads/2023/11/Untitled-1-1-300x200.jpg HTTP/1.1" 200 18365 "-" "Mozilla/5.0 (Windows NT 10.0; Win64; x64) AppleWebKit/537.36 (KHTML, like Gecko) Chrome/109.0.0.0 Safari/537.36"
172.190.180.102 - - [02/May/2025:15:02:14 -0400] "GET /wp-content/uploads/2023/12/PSD-WP-BERITA2-1.jpg HTTP/1.1" 200 121303 "-" "Mozilla/5.0 (Windows NT 10.0; Win64; x64) AppleWebKit/537.36 (KHTML, like Gecko) Chrome/109.0.0.0 Safari/537.36"
172.190.180.102 - - [02/May/2025:15:02:47 -0400] "GET /wp-content/uploads/2023/12/PSD-WP-BERITA4-3.jpg HTTP/1.1" 200 84077 "-" "Mozilla/5.0 (Windows NT 10.0; Win64; x64) AppleWebKit/537.36 (KHTML, like Gecko) Chrome/109.0.0.0 Safari/537.36"
207.46.13.92 - - [02/May/2025:15:02:54 -0400] "GET /?e=22117181435703&channel=5eec57&from=jp.php%3Fid%3D1814357-5960%26name%3D%E3%83%86%E3%83%AC%E3%83%93%E3%83%96%E3%83%A9%E3%82%B1%E3%83%83%E3%83%88+%E3%83%86%E3%83%AC%E3%83%93%E3%82%B9%E3%82%BF%E3%83%B3%E3%83%89+%E8%AA%BF%E7%AF%80%E5%8F%AF%E8%83%BD%E3%81%AA%E5%A4%A9%E4%BA%95%E3%83%86%E3%83%AC%E3%83%93%E3%83%9E%E3%82%A6%E3%83%B3%E3%83%88%E3%83%96%E3%83%A9%E3%82%B1%E3%83%83%E3%83%88+%E5%82%BE%E6%96%9C%E5%9B%9E%E8%BB%A2%E5%A4%A9%E4%BA%95%E3%83%86%E3%83%AC%E3%83%93%E3%83%9E%E3%82%A6%E3%83%B3%E3%83%88+%E3%81%BB%E3%81%A8%E3%82%93%E3%81%A9%E3%81%AE32-70%E3%82%A4%E3%83%B3%E3%83%81LE HTTP/1.1" 200 0 "-" "Mozilla/5.0 AppleWebKit/537.36 (KHTML, like Gecko; compatible; bingbot/2.0; +http://www.bing.com/bingbot.htm) Chrome/116.0.1938.76 Safari/537.36"
40.77.167.17 - - [02/May/2025:15:03:00 -0400] "GET /?e=13290104073002&channel=6bc54b&from=news.php%3Fid%3D1040730-2553%26name%3D%E6%B0%B4%E6%B8%A9%E3%82%BB%E3%83%B3%E3%82%B5%E3%83%BC+%E6%B0%B4%E6%B8%A9%E8%A8%88%E7%94%A8%E3%82%BB%E3%83%B3%E3%82%B5%E3%83%BC%E3%82%A2%E3%83%80%E3%83%97%E3%82%BF%E3%83%BC+%E6%B0%B4%E6%B8%A9%E8%A8%88+%E3%82%B8%E3%83%A7%E3%82%A4%E3%83%B3%E3%83%88%E3%83%91%E3%82%A4%E3%83%97%E3%82%BB%E3%83%B3%E3%82%B5%E3%83%BC+%E3%82%AA%E3%83%BC%E3%83%88%E3%83%90%E3%82%A4%2F%E8%87%AA%E5%8B%95%E8%BB%8A%E7%94%A8+%E3%83%9B%E3%83%BC%E3%82%B9%E3%82%A2%E3%83%80%E3%83%97%E3%82%BF%E3%83%BC+%E3%82%AF%E3%83%A9%E3%83%B3%E3%83%97%E4%BB%98+%2822mm%29 HTTP/1.1" 200 0 "-" "Mozilla/5.0 AppleWebKit/537.36 (KHTML, like Gecko; compatible; bingbot/2.0; +http://www.bing.com/bingbot.htm) Chrome/116.0.1938.76 Safari/537.36"
172.190.180.102 - - [02/May/2025:15:03:45 -0400] "GET /wp-content/uploads/2024/04/Screenshot-2024-04-16-145731-300x200.png HTTP/1.1" 200 100398 "-" "Mozilla/5.0 (Windows NT 10.0; Win64; x64) AppleWebKit/537.36 (KHTML, like Gecko) Chrome/109.0.0.0 Safari/537.36"
66.249.74.105 - - [02/May/2025:15:04:01 -0400] "GET /?e=79925112474401&channel=2e3ccb&from=goods.php%3Fid%3D1124744-10519%26name%3DZOJIRUSHI+%E9%89%84%E3%80%80%E8%B1%AA%E7%82%8E%E3%81%8B%E3%81%BE%E3%81%A9%E9%87%9C%E3%80%80NW-JU10-BA HTTP/1.1" 200 0 "-" "Mozilla/5.0 (Linux; Android 6.0.1; Nexus 5X Build/MMB29P) AppleWebKit/537.36 (KHTML, like Gecko) Chrome/135.0.7049.95 Mobile Safari/537.36 (compatible; Googlebot/2.1; +http://www.google.com/bot.html)"
52.167.144.215 - - [02/May/2025:15:04:10 -0400] "GET /?e=91718140010800&channel=8e5d69&from=blog.php%3Fid%3D1400108-14041%26name%3DB%27z%E3%80%80%E3%83%95%E3%82%A1%E3%83%B3%E3%82%AF%E3%83%A9%E3%83%96%E4%BC%9A%E5%A0%B1%E3%80%80Be%2BwiZ+VOL.005+%E6%9D%BE%E6%9C%AC%E5%AD%9D%E5%BC%98%E6%A7%98%E3%80%80%E7%A8%B2%E8%91%89%E6%B5%A9%E5%BF%97%E6%A7%98 HTTP/1.1" 200 0 "-" "Mozilla/5.0 AppleWebKit/537.36 (KHTML, like Gecko; compatible; bingbot/2.0; +http://www.bing.com/bingbot.htm) Chrome/116.0.1938.76 Safari/537.36"
172.190.180.102 - - [02/May/2025:15:04:19 -0400] "GET /wp-content/uploads/2023/11/654b4dbb45dc9-300x200.jpg HTTP/1.1" 200 16224 "-" "Mozilla/5.0 (Windows NT 10.0; Win64; x64) AppleWebKit/537.36 (KHTML, like Gecko) Chrome/109.0.0.0 Safari/537.36"
172.190.180.102 - - [02/May/2025:15:04:20 -0400] "GET /wp-content/uploads/2023/11/korban_penusukan.jpg HTTP/1.1" 200 58104 "-" "Mozilla/5.0 (Windows NT 10.0; Win64; x64) AppleWebKit/537.36 (KHTML, like Gecko) Chrome/109.0.0.0 Safari/537.36"
172.190.180.102 - - [02/May/2025:15:04:31 -0400] "GET /wp-content/uploads/2024/02/89-1.jpg HTTP/1.1" 200 114580 "-" "Mozilla/5.0 (Windows NT 10.0; Win64; x64) AppleWebKit/537.36 (KHTML, like Gecko) Chrome/109.0.0.0 Safari/537.36"
172.190.180.102 - - [02/May/2025:15:04:34 -0400] "GET /wp-content/uploads/2024/02/rgwgw-300x200.png HTTP/1.1" 200 104132 "-" "Mozilla/5.0 (Windows NT 10.0; Win64; x64) AppleWebKit/537.36 (KHTML, like Gecko) Chrome/109.0.0.0 Safari/537.36"
172.190.180.102 - - [02/May/2025:15:04:38 -0400] "GET /wp-content/uploads/2024/03/Screenshot-2024-03-30-070215.png HTTP/1.1" 200 444430 "-" "Mozilla/5.0 (Windows NT 10.0; Win64; x64) AppleWebKit/537.36 (KHTML, like Gecko) Chrome/109.0.0.0 Safari/537.36"
172.190.180.102 - - [02/May/2025:15:04:38 -0400] "GET /wp-content/uploads/2023/12/betrand-peto-dan-sarwendah-digosipkan-terlibat-skandal-hubun-36ud.jpg HTTP/1.1" 200 86319 "-" "Mozilla/5.0 (Windows NT 10.0; Win64; x64) AppleWebKit/537.36 (KHTML, like Gecko) Chrome/109.0.0.0 Safari/537.36"
172.190.180.102 - - [02/May/2025:15:04:45 -0400] "GET /wp-content/uploads/2023/11/6552183430f86.jpeg HTTP/1.1" 200 139879 "-" "Mozilla/5.0 (Windows NT 10.0; Win64; x64) AppleWebKit/537.36 (KHTML, like Gecko) Chrome/109.0.0.0 Safari/537.36"
172.190.180.102 - - [02/May/2025:15:04:52 -0400] "GET /wp-content/uploads/2024/02/Screenshot-2024-02-27-225852.png HTTP/1.1" 200 483044 "-" "Mozilla/5.0 (Windows NT 10.0; Win64; x64) AppleWebKit/537.36 (KHTML, like Gecko) Chrome/109.0.0.0 Safari/537.36"
172.190.180.102 - - [02/May/2025:15:04:52 -0400] "GET /wp-content/uploads/2023/11/Untitled-1-2-300x200.jpg HTTP/1.1" 200 22277 "-" "Mozilla/5.0 (Windows NT 10.0; Win64; x64) AppleWebKit/537.36 (KHTML, like Gecko) Chrome/109.0.0.0 Safari/537.36"
172.190.180.102 - - [02/May/2025:15:05:05 -0400] "GET /wp-content/uploads/2023/11/655a90031e9aa.jpg HTTP/1.1" 200 145463 "-" "Mozilla/5.0 (Windows NT 10.0; Win64; x64) AppleWebKit/537.36 (KHTML, like Gecko) Chrome/109.0.0.0 Safari/537.36"
172.190.180.102 - - [02/May/2025:15:05:15 -0400] "GET /wp-content/uploads/2023/12/ilustrasi-masker.jpg HTTP/1.1" 200 114344 "-" "Mozilla/5.0 (Windows NT 10.0; Win64; x64) AppleWebKit/537.36 (KHTML, like Gecko) Chrome/109.0.0.0 Safari/537.36"
172.190.180.102 - - [02/May/2025:15:05:24 -0400] "GET /wp-content/uploads/2023/11/Untitled-1.jpg HTTP/1.1" 200 122996 "-" "Mozilla/5.0 (Windows NT 10.0; Win64; x64) AppleWebKit/537.36 (KHTML, like Gecko) Chrome/109.0.0.0 Safari/537.36"
172.190.180.102 - - [02/May/2025:15:05:38 -0400] "GET /wp-content/uploads/2024/05/afba.png HTTP/1.1" 200 637120 "-" "Mozilla/5.0 (Windows NT 10.0; Win64; x64) AppleWebKit/537.36 (KHTML, like Gecko) Chrome/109.0.0.0 Safari/537.36"
172.190.180.102 - - [02/May/2025:15:05:54 -0400] "GET /wp-content/uploads/2023/11/64fedefd5e6ea.jpg HTTP/1.1" 200 99134 "-" "Mozilla/5.0 (Windows NT 10.0; Win64; x64) AppleWebKit/537.36 (KHTML, like Gecko) Chrome/109.0.0.0 Safari/537.36"
172.190.180.102 - - [02/May/2025:15:06:04 -0400] "GET /wp-content/uploads/2023/12/65766b6d8acaa.jpg HTTP/1.1" 200 119791 "-" "Mozilla/5.0 (Windows NT 10.0; Win64; x64) AppleWebKit/537.36 (KHTML, like Gecko) Chrome/109.0.0.0 Safari/537.36"
172.190.180.102 - - [02/May/2025:15:06:07 -0400] "GET /wp-content/uploads/2024/01/PSD-WP-BERITA2-2.jpg HTTP/1.1" 200 137177 "-" "Mozilla/5.0 (Windows NT 10.0; Win64; x64) AppleWebKit/537.36 (KHTML, like Gecko) Chrome/109.0.0.0 Safari/537.36"
172.190.180.102 - - [02/May/2025:15:06:18 -0400] "GET /wp-content/uploads/2023/12/PSD-WP-BERITA3-1.jpg HTTP/1.1" 200 89708 "-" "Mozilla/5.0 (Windows NT 10.0; Win64; x64) AppleWebKit/537.36 (KHTML, like Gecko) Chrome/109.0.0.0 Safari/537.36"
66.249.74.105 - - [02/May/2025:15:06:22 -0400] "GET /?e=02203167843400&channel=594381&from=news.php%3Fid%3D1678434-9363%26name%3DiPad+Air+2+Wi-Fi+64GB+%E3%82%B4%E3%83%BC%E3%83%AB%E3%83%89 HTTP/1.1" 200 0 "-" "Mozilla/5.0 (Linux; Android 6.0.1; Nexus 5X Build/MMB29P) AppleWebKit/537.36 (KHTML, like Gecko) Chrome/135.0.7049.95 Mobile Safari/537.36 (compatible; Googlebot/2.1; +http://www.google.com/bot.html)"
172.190.180.102 - - [02/May/2025:15:06:47 -0400] "GET /wp-content/uploads/2024/05/666.png HTTP/1.1" 200 710176 "-" "Mozilla/5.0 (Windows NT 10.0; Win64; x64) AppleWebKit/537.36 (KHTML, like Gecko) Chrome/109.0.0.0 Safari/537.36"
165.22.99.247 - - [02/May/2025:15:06:48 -0400] "GET /wp-content/uploads/2023/11/AN_fe548dfb-2_Image_In_Body.jpg HTTP/1.1" 200 136483 "-" "Mozilla/5.0 (Windows NT 10.0; Win64; x64) AppleWebKit/537.36 (KHTML, like Gecko) Chrome/121.0.0.0 Safari/537.36 Edg/121.0.0.0"
172.190.180.102 - - [02/May/2025:15:06:49 -0400] "GET /wp-content/uploads/2024/06/PSD-WP-BERITA1-300x200.png HTTP/1.1" 200 89944 "-" "Mozilla/5.0 (Windows NT 10.0; Win64; x64) AppleWebKit/537.36 (KHTML, like Gecko) Chrome/109.0.0.0 Safari/537.36"
172.190.180.102 - - [02/May/2025:15:06:52 -0400] "GET /wp-content/uploads/2023/12/4654654-1-1.jpg HTTP/1.1" 200 59053 "-" "Mozilla/5.0 (Windows NT 10.0; Win64; x64) AppleWebKit/537.36 (KHTML, like Gecko) Chrome/109.0.0.0 Safari/537.36"
172.190.180.102 - - [02/May/2025:15:06:54 -0400] "GET /wp-content/uploads/2024/04/Screenshot-2024-04-03-002214.png HTTP/1.1" 200 428820 "-" "Mozilla/5.0 (Windows NT 10.0; Win64; x64) AppleWebKit/537.36 (KHTML, like Gecko) Chrome/109.0.0.0 Safari/537.36"
172.190.180.102 - - [02/May/2025:15:06:59 -0400] "GET /wp-content/uploads/2024/03/PSD-WP-BERITA-2.jpg HTTP/1.1" 200 73436 "-" "Mozilla/5.0 (Windows NT 10.0; Win64; x64) AppleWebKit/537.36 (KHTML, like Gecko) Chrome/109.0.0.0 Safari/537.36"
172.190.180.102 - - [02/May/2025:15:07:06 -0400] "GET /wp-content/uploads/2023/09/artis.jpg HTTP/1.1" 200 56035 "-" "Mozilla/5.0 (Windows NT 10.0; Win64; x64) AppleWebKit/537.36 (KHTML, like Gecko) Chrome/109.0.0.0 Safari/537.36"
138.246.253.24 - - [02/May/2025:15:07:29 -0400] "GET /robots.txt HTTP/1.1" 200 69 "-" "Mozilla/5.0 (Windows NT 10.0; Win64; x64) AppleWebKit/537.36 (KHTML, like Gecko) Chrome/103.0.5060.134 Safari/537.36"
172.190.180.102 - - [02/May/2025:15:07:48 -0400] "GET /wp-content/uploads/2023/11/65443cbd62c70.jpg HTTP/1.1" 200 27251 "-" "Mozilla/5.0 (Windows NT 10.0; Win64; x64) AppleWebKit/537.36 (KHTML, like Gecko) Chrome/109.0.0.0 Safari/537.36"
172.190.180.102 - - [02/May/2025:15:07:53 -0400] "GET /wp-content/uploads/2023/11/654bb793d2326.jpg HTTP/1.1" 200 44351 "-" "Mozilla/5.0 (Windows NT 10.0; Win64; x64) AppleWebKit/537.36 (KHTML, like Gecko) Chrome/109.0.0.0 Safari/537.36"
66.249.74.105 - - [02/May/2025:15:08:17 -0400] "GET /?e=84082152032007&channel=d752c3&from=shared.php%3Fid%3D1520320-5581%26name%3DAngoily+1%E3%82%BB%E3%83%83%E3%83%88%E3%81%AE%E3%82%B9%E3%82%AF%E3%83%A9%E3%83%83%E3%83%81%E3%83%9A%E3%83%BC%E3%83%91%E3%83%BC%E3%83%9A%E3%82%A4%E3%83%B3%E3%83%86%E3%82%A3%E3%83%B3%E3%82%B0%E3%82%AF%E3%83%A9%E3%83%95%E3%83%88%E5%AD%90%E4%BE%9B%E3%81%9F%E3%81%A1%E3%81%AF%E7%B4%99%E3%81%A8%E7%AB%B9%E3%81%AE%E3%82%B9%E3%82%AF%E3%83%A9%E3%83%83%E3%83%81%E3%82%B9%E3%83%86%E3%82%A3%E3%83%83%E3%82%AF%E3%82%92%E3%82%B9%E3%82%AF%E3%83%A9%E3%83%83%E3%83%81%E3%81%97%E3%81%BE%E3%81%99 HTTP/1.1" 200 0 "-" "Mozilla/5.0 (Linux; Android 6.0.1; Nexus 5X Build/MMB29P) AppleWebKit/537.36 (KHTML, like Gecko) Chrome/135.0.7049.95 Mobile Safari/537.36 (compatible; Googlebot/2.1; +http://www.google.com/bot.html)"
172.190.180.102 - - [02/May/2025:15:08:29 -0400] "GET /wp-content/uploads/2023/10/rumah-270-miliar-di-pondok-indahtangkapan-layarinstagram-lisa-kuntjoro-3_169.jpeg HTTP/1.1" 200 87359 "-" "Mozilla/5.0 (Windows NT 10.0; Win64; x64) AppleWebKit/537.36 (KHTML, like Gecko) Chrome/109.0.0.0 Safari/537.36"
172.190.180.102 - - [02/May/2025:15:08:42 -0400] "GET /wp-content/uploads/2023/11/64df09403ce18.jpg HTTP/1.1" 200 101026 "-" "Mozilla/5.0 (Windows NT 10.0; Win64; x64) AppleWebKit/537.36 (KHTML, like Gecko) Chrome/109.0.0.0 Safari/537.36"
172.190.180.102 - - [02/May/2025:15:08:46 -0400] "GET /wp-content/uploads/2024/02/BERITA1-1.jpg HTTP/1.1" 200 163410 "-" "Mozilla/5.0 (Windows NT 10.0; Win64; x64) AppleWebKit/537.36 (KHTML, like Gecko) Chrome/109.0.0.0 Safari/537.36"
172.190.180.102 - - [02/May/2025:15:09:10 -0400] "GET /wp-content/uploads/2024/05/afbaa.png HTTP/1.1" 200 614892 "-" "Mozilla/5.0 (Windows NT 10.0; Win64; x64) AppleWebKit/537.36 (KHTML, like Gecko) Chrome/109.0.0.0 Safari/537.36"
172.190.180.102 - - [02/May/2025:15:09:16 -0400] "GET /wp-content/uploads/2023/11/65593c30cf663.jpg HTTP/1.1" 200 54312 "-" "Mozilla/5.0 (Windows NT 10.0; Win64; x64) AppleWebKit/537.36 (KHTML, like Gecko) Chrome/109.0.0.0 Safari/537.36"
172.190.180.102 - - [02/May/2025:15:09:20 -0400] "GET /wp-content/uploads/2023/11/1664648049_600_794.jpg HTTP/1.1" 200 73024 "-" "Mozilla/5.0 (Windows NT 10.0; Win64; x64) AppleWebKit/537.36 (KHTML, like Gecko) Chrome/109.0.0.0 Safari/537.36"
207.46.13.154 - - [02/May/2025:15:09:34 -0400] "GET /category/sports/page/3/ HTTP/1.1" 200 0 "-" "Mozilla/5.0 AppleWebKit/537.36 (KHTML, like Gecko; compatible; bingbot/2.0; +http://www.bing.com/bingbot.htm) Chrome/116.0.1938.76 Safari/537.36"
172.190.180.102 - - [02/May/2025:15:09:38 -0400] "GET /wp-content/uploads/2023/11/64e2b6cd9aed2.jpg HTTP/1.1" 200 55123 "-" "Mozilla/5.0 (Windows NT 10.0; Win64; x64) AppleWebKit/537.36 (KHTML, like Gecko) Chrome/109.0.0.0 Safari/537.36"
172.190.180.102 - - [02/May/2025:15:09:47 -0400] "GET /wp-content/uploads/2023/12/hqdefault.jpg HTTP/1.1" 200 121333 "-" "Mozilla/5.0 (Windows NT 10.0; Win64; x64) AppleWebKit/537.36 (KHTML, like Gecko) Chrome/109.0.0.0 Safari/537.36"
66.249.74.106 - - [02/May/2025:15:10:19 -0400] "GET /?e=9229122315002&channel=8aa749&from=form.php%3Fid%3D223150-6280%26name%3D%E3%82%AA%E3%83%BC%E3%83%80%E3%83%BC%E3%82%AB%E3%82%B9%E3%82%BF%E3%83%A0%E5%8F%97%E6%B3%A8%E7%94%9F%E7%94%A3%E5%93%81+%E3%83%95%E3%82%A9%E3%83%BC%E3%83%86%E3%82%A3%E3%83%BC%E3%83%B3+%E3%82%A6%E3%82%A7%E3%83%83%E3%82%B8+24%E3%83%A2%E3%83%87%E3%83%AB+FRZ+WEDGE+FOURTEEN+%E3%83%98%E3%83%83%E3%83%89%E4%BB%95%E4%B8%8A%E3%81%92%EF%BC%9A%E3%82%B9%E3%83%A2%E3%83%BC%E3%82%AD%E3%83%BC%E3%82%B5%E3%83%86 HTTP/1.1" 200 0 "-" "Mozilla/5.0 (Linux; Android 6.0.1; Nexus 5X Build/MMB29P) AppleWebKit/537.36 (KHTML, like Gecko) Chrome/135.0.7049.95 Mobile Safari/537.36 (compatible; Googlebot/2.1; +http://www.google.com/bot.html)"
172.190.180.102 - - [02/May/2025:15:10:23 -0400] "GET /wp-content/uploads/2023/12/88826-mia-khalifa-instagram.jpg HTTP/1.1" 200 106059 "-" "Mozilla/5.0 (Windows NT 10.0; Win64; x64) AppleWebKit/537.36 (KHTML, like Gecko) Chrome/109.0.0.0 Safari/537.36"
172.190.180.102 - - [02/May/2025:15:10:34 -0400] "GET /wp-content/uploads/2023/11/PDIP.png HTTP/1.1" 200 579958 "-" "Mozilla/5.0 (Windows NT 10.0; Win64; x64) AppleWebKit/537.36 (KHTML, like Gecko) Chrome/109.0.0.0 Safari/537.36"
172.190.180.102 - - [02/May/2025:15:11:13 -0400] "GET /wp-content/uploads/2024/05/666-1-300x200.png HTTP/1.1" 200 138236 "-" "Mozilla/5.0 (Windows NT 10.0; Win64; x64) AppleWebKit/537.36 (KHTML, like Gecko) Chrome/109.0.0.0 Safari/537.36"
172.190.180.102 - - [02/May/2025:15:11:18 -0400] "GET /wp-content/uploads/2023/12/sddefault-1.jpg.optimal.jpg HTTP/1.1" 200 123984 "-" "Mozilla/5.0 (Windows NT 10.0; Win64; x64) AppleWebKit/537.36 (KHTML, like Gecko) Chrome/109.0.0.0 Safari/537.36"
172.190.180.102 - - [02/May/2025:15:11:54 -0400] "GET /wp-content/uploads/2024/03/jbhwkjguwbg.png HTTP/1.1" 200 297824 "-" "Mozilla/5.0 (Windows NT 10.0; Win64; x64) AppleWebKit/537.36 (KHTML, like Gecko) Chrome/109.0.0.0 Safari/537.36"
172.190.180.102 - - [02/May/2025:15:11:56 -0400] "GET /wp-content/uploads/2023/12/PSD-WP-BERITA-21.jpg HTTP/1.1" 200 79158 "-" "Mozilla/5.0 (Windows NT 10.0; Win64; x64) AppleWebKit/537.36 (KHTML, like Gecko) Chrome/109.0.0.0 Safari/537.36"
172.190.180.102 - - [02/May/2025:15:12:00 -0400] "GET /wp-content/uploads/2023/12/PSD-WP-BERITA3-3.jpg HTTP/1.1" 200 120500 "-" "Mozilla/5.0 (Windows NT 10.0; Win64; x64) AppleWebKit/537.36 (KHTML, like Gecko) Chrome/109.0.0.0 Safari/537.36"
172.190.180.102 - - [02/May/2025:15:12:27 -0400] "GET /wp-content/uploads/2023/12/PSD-WP-BERITA2-12.jpg HTTP/1.1" 200 82904 "-" "Mozilla/5.0 (Windows NT 10.0; Win64; x64) AppleWebKit/537.36 (KHTML, like Gecko) Chrome/109.0.0.0 Safari/537.36"
66.249.74.104 - - [02/May/2025:15:12:36 -0400] "GET /?e=05091153292200&channel=fb0864&from=pin.php%3Fid%3D1532922-23380%26name%3DGalaxy+S21+Ultra+5G+%E3%83%AC%E3%82%B6%E3%83%BC%E3%82%B1%E3%83%BC%E3%82%B9+SC-52B+%E3%82%AE%E3%83%A3%E3%83%A9%E3%82%AF%E3%82%B7%E3%83%BC+s21+%E3%82%A6%E3%83%AB%E3%83%88%E3%83%A9%E3%80%80%E3%82%B1%E3%83%BC%E3%82%B9%E3%80%80%E6%89%8B%E5%B8%B3%E5%9E%8B+%E3%81%8A%E8%B2%A1%E5%B8%83%E4%BB%98%E3%81%8D+%E3%82%AB%E3%83%BC%E3%83%89%E5%8F%8E%E7%B4%8D+%E3%82%AB%E3%83%90%E3%83%BC%E3%80%80brown HTTP/1.1" 200 0 "-" "Mozilla/5.0 (Linux; Android 6.0.1; Nexus 5X Build/MMB29P) AppleWebKit/537.36 (KHTML, like Gecko) Chrome/135.0.7049.95 Mobile Safari/537.36 (compatible; Googlebot/2.1; +http://www.google.com/bot.html)"
172.190.180.102 - - [02/May/2025:15:12:37 -0400] "GET /wp-content/uploads/2023/12/PSD-WP-BERITA1-18.jpg HTTP/1.1" 200 86149 "-" "Mozilla/5.0 (Windows NT 10.0; Win64; x64) AppleWebKit/537.36 (KHTML, like Gecko) Chrome/109.0.0.0 Safari/537.36"
172.190.180.102 - - [02/May/2025:15:12:47 -0400] "GET /wp-content/uploads/2023/11/ilustrasi-kepergok-berhubungan-badan-foto-ini-bukan-foto-orang-yang-dimaksud-dalam-berita.jpg HTTP/1.1" 200 46483 "-" "Mozilla/5.0 (Windows NT 10.0; Win64; x64) AppleWebKit/537.36 (KHTML, like Gecko) Chrome/109.0.0.0 Safari/537.36"
172.190.180.102 - - [02/May/2025:15:12:56 -0400] "GET /wp-content/uploads/2023/12/IMG_20231202_081507.jpg HTTP/1.1" 200 147823 "-" "Mozilla/5.0 (Windows NT 10.0; Win64; x64) AppleWebKit/537.36 (KHTML, like Gecko) Chrome/109.0.0.0 Safari/537.36"
172.190.180.102 - - [02/May/2025:15:13:05 -0400] "GET /wp-content/uploads/2024/04/Screenshot-2024-04-19-151358.png HTTP/1.1" 200 263856 "-" "Mozilla/5.0 (Windows NT 10.0; Win64; x64) AppleWebKit/537.36 (KHTML, like Gecko) Chrome/109.0.0.0 Safari/537.36"
172.190.180.102 - - [02/May/2025:15:13:29 -0400] "GET /wp-content/uploads/2023/12/PSD-WP-BERITA3-4.jpg HTTP/1.1" 200 57085 "-" "Mozilla/5.0 (Windows NT 10.0; Win64; x64) AppleWebKit/537.36 (KHTML, like Gecko) Chrome/109.0.0.0 Safari/537.36"
172.190.180.102 - - [02/May/2025:15:13:40 -0400] "GET /wp-content/uploads/2023/11/652d31528726c.jpg HTTP/1.1" 200 73353 "-" "Mozilla/5.0 (Windows NT 10.0; Win64; x64) AppleWebKit/537.36 (KHTML, like Gecko) Chrome/109.0.0.0 Safari/537.36"
172.190.180.102 - - [02/May/2025:15:13:58 -0400] "GET /wp-content/uploads/2024/04/Screenshot-2024-04-16-145731.png HTTP/1.1" 200 464202 "-" "Mozilla/5.0 (Windows NT 10.0; Win64; x64) AppleWebKit/537.36 (KHTML, like Gecko) Chrome/109.0.0.0 Safari/537.36"
66.249.74.105 - - [02/May/2025:15:14:29 -0400] "GET /?e=7798958823400&channel=81e8a3&from=product.php%3Fid%3D588234-19803%26name%3DMT+DMAE+%E3%83%9C%E3%83%87%E3%82%A3%E3%82%AF%E3%83%AA%E3%83%BC%E3%83%A0+250ml HTTP/1.1" 200 0 "-" "Mozilla/5.0 (Linux; Android 6.0.1; Nexus 5X Build/MMB29P) AppleWebKit/537.36 (KHTML, like Gecko) Chrome/135.0.7049.95 Mobile Safari/537.36 (compatible; Googlebot/2.1; +http://www.google.com/bot.html)"
172.190.180.102 - - [02/May/2025:15:14:42 -0400] "GET /wp-content/uploads/2023/11/6546b935bec9e.jpg HTTP/1.1" 200 83278 "-" "Mozilla/5.0 (Windows NT 10.0; Win64; x64) AppleWebKit/537.36 (KHTML, like Gecko) Chrome/109.0.0.0 Safari/537.36"
172.190.180.102 - - [02/May/2025:15:14:43 -0400] "GET /wp-content/uploads/2024/06/PSD-WP-BERITA.png HTTP/1.1" 200 439639 "-" "Mozilla/5.0 (Windows NT 10.0; Win64; x64) AppleWebKit/537.36 (KHTML, like Gecko) Chrome/109.0.0.0 Safari/537.36"
172.190.180.102 - - [02/May/2025:15:14:50 -0400] "GET /wp-content/uploads/2024/03/BANNER-JAMGOAL.png HTTP/1.1" 200 326425 "-" "Mozilla/5.0 (Windows NT 10.0; Win64; x64) AppleWebKit/537.36 (KHTML, like Gecko) Chrome/109.0.0.0 Safari/537.36"
172.190.180.102 - - [02/May/2025:15:15:13 -0400] "GET /wp-content/uploads/2024/04/Screenshot-2024-04-15-1257189-300x200.png HTTP/1.1" 200 122327 "-" "Mozilla/5.0 (Windows NT 10.0; Win64; x64) AppleWebKit/537.36 (KHTML, like Gecko) Chrome/109.0.0.0 Safari/537.36"
172.190.180.102 - - [02/May/2025:15:15:15 -0400] "GET /wp-content/uploads/2023/11/36199-konser-god-bless.webp HTTP/1.1" 200 56912 "-" "Mozilla/5.0 (Windows NT 10.0; Win64; x64) AppleWebKit/537.36 (KHTML, like Gecko) Chrome/109.0.0.0 Safari/537.36"
172.190.180.102 - - [02/May/2025:15:15:32 -0400] "GET /wp-content/uploads/2023/11/5e449a549534e.jpg HTTP/1.1" 200 90424 "-" "Mozilla/5.0 (Windows NT 10.0; Win64; x64) AppleWebKit/537.36 (KHTML, like Gecko) Chrome/109.0.0.0 Safari/537.36"
66.249.74.104 - - [02/May/2025:15:15:45 -0400] "GET /?e=9284233021800&channel=188472&from=category-info.php%3Fid%3D330218-6996%26name%3DAstell%26Kern+AK+HC2+Ayaka+Ohashi+Pink HTTP/1.1" 200 0 "-" "Mozilla/5.0 (Linux; Android 6.0.1; Nexus 5X Build/MMB29P) AppleWebKit/537.36 (KHTML, like Gecko) Chrome/135.0.7049.95 Mobile Safari/537.36 (compatible; Googlebot/2.1; +http://www.google.com/bot.html)"
172.190.180.102 - - [02/May/2025:15:15:59 -0400] "GET /wp-content/uploads/2023/12/PSD-WP-BERITA2-9.jpg HTTP/1.1" 200 105704 "-" "Mozilla/5.0 (Windows NT 10.0; Win64; x64) AppleWebKit/537.36 (KHTML, like Gecko) Chrome/109.0.0.0 Safari/537.36"
172.190.180.102 - - [02/May/2025:15:16:18 -0400] "GET /wp-content/uploads/2023/12/meGNdHgaaaamhw9yU09EKXMNHDEmc12-1.jpg HTTP/1.1" 200 68635 "-" "Mozilla/5.0 (Windows NT 10.0; Win64; x64) AppleWebKit/537.36 (KHTML, like Gecko) Chrome/109.0.0.0 Safari/537.36"
172.190.180.102 - - [02/May/2025:15:16:18 -0400] "GET /wp-content/uploads/2023/12/Untitled-3.jpg HTTP/1.1" 200 95680 "-" "Mozilla/5.0 (Windows NT 10.0; Win64; x64) AppleWebKit/537.36 (KHTML, like Gecko) Chrome/109.0.0.0 Safari/537.36"
172.190.180.102 - - [02/May/2025:15:16:26 -0400] "GET /wp-content/uploads/2023/12/ten-hag.jpg HTTP/1.1" 200 108528 "-" "Mozilla/5.0 (Windows NT 10.0; Win64; x64) AppleWebKit/537.36 (KHTML, like Gecko) Chrome/109.0.0.0 Safari/537.36"
172.190.180.102 - - [02/May/2025:15:16:28 -0400] "GET /wp-content/uploads/2023/12/20231212_122935.jpg HTTP/1.1" 200 81633 "-" "Mozilla/5.0 (Windows NT 10.0; Win64; x64) AppleWebKit/537.36 (KHTML, like Gecko) Chrome/109.0.0.0 Safari/537.36"
172.190.180.102 - - [02/May/2025:15:16:59 -0400] "GET /wp-content/uploads/2024/04/Screenshot-2024-04-27-173614-300x200.png HTTP/1.1" 200 109181 "-" "Mozilla/5.0 (Windows NT 10.0; Win64; x64) AppleWebKit/537.36 (KHTML, like Gecko) Chrome/109.0.0.0 Safari/537.36"
66.249.74.104 - - [02/May/2025:15:16:59 -0400] "GET /?e=68775166866202&channel=529e98&from=product.php%3Fid%3D1668662-20380%26name%3D%E3%82%B2%E3%83%AB%E3%83%9E%E3%83%8B%E3%82%A6%E3%83%A0%E3%83%96%E3%83%AC%E3%82%B9%E3%83%AC%E3%83%83%E3%83%882%E5%80%8B%E3%82%BB%E3%83%83%E3%83%88%E3%80%80%E4%BC%B8%E7%B8%AE%E6%80%A7%E3%82%B2%E3%83%AB%E3%83%9E%E3%83%96%E3%83%AC%E3%82%B9+%E3%80%80%E7%94%B7%E5%A5%B3%E5%85%BC%E7%94%A8 HTTP/1.1" 200 0 "-" "Mozilla/5.0 (Linux; Android 6.0.1; Nexus 5X Build/MMB29P) AppleWebKit/537.36 (KHTML, like Gecko) Chrome/135.0.7049.95 Mobile Safari/537.36 (compatible; Googlebot/2.1; +http://www.google.com/bot.html)"
172.190.180.102 - - [02/May/2025:15:17:12 -0400] "GET /wp-content/uploads/2023/12/PSD-WP-BERITA1-16.jpg HTTP/1.1" 200 91101 "-" "Mozilla/5.0 (Windows NT 10.0; Win64; x64) AppleWebKit/537.36 (KHTML, like Gecko) Chrome/109.0.0.0 Safari/537.36"
172.190.180.102 - - [02/May/2025:15:17:35 -0400] "GET /wp-content/uploads/2023/10/gereja-ortodoks-di-gaza-turut-diserang-israel-2_169.jpeg HTTP/1.1" 200 55802 "-" "Mozilla/5.0 (Windows NT 10.0; Win64; x64) AppleWebKit/537.36 (KHTML, like Gecko) Chrome/109.0.0.0 Safari/537.36"
66.249.74.104 - - [02/May/2025:15:17:36 -0400] "GET /?e=1969746516000&channel=30e69d&from=form.php%3Fid%3D465160-19302%26name%3DSARAYA+%E3%82%B5%E3%83%A9%E3%83%A4+%E6%89%8B%E6%8C%87%E6%B6%88%E6%AF%92%E7%94%A8%E3%82%A2%E3%83%AB%E3%82%B3%E3%83%BC%E3%83%AB+%E3%82%A2%E3%83%AB%E3%83%9A%E3%83%83%E3%83%88%E6%89%8B%E6%8C%87%E6%B6%88%E6%AF%92%E7%94%A8%CE%B1%EF%BC%88%E3%82%A2%E3%83%AB%E3%83%95%E3%82%A1%EF%BC%89+17L+%2841467%29 HTTP/1.1" 200 0 "-" "Mozilla/5.0 (Linux; Android 6.0.1; Nexus 5X Build/MMB29P) AppleWebKit/537.36 (KHTML, like Gecko) Chrome/135.0.7049.95 Mobile Safari/537.36 (compatible; Googlebot/2.1; +http://www.google.com/bot.html)"
172.190.180.102 - - [02/May/2025:15:17:52 -0400] "GET /wp-content/uploads/2023/11/operasi-gabungan-sudinsos-jakarta-selatan-amankan-10-psk-dan-38-pmks.jpg HTTP/1.1" 200 81615 "-" "Mozilla/5.0 (Windows NT 10.0; Win64; x64) AppleWebKit/537.36 (KHTML, like Gecko) Chrome/109.0.0.0 Safari/537.36"
172.190.180.102 - - [02/May/2025:15:17:58 -0400] "GET /wp-content/uploads/2024/05/Screenshot-2024-05-18-041306.png HTTP/1.1" 200 453866 "-" "Mozilla/5.0 (Windows NT 10.0; Win64; x64) AppleWebKit/537.36 (KHTML, like Gecko) Chrome/109.0.0.0 Safari/537.36"
172.190.180.102 - - [02/May/2025:15:17:59 -0400] "GET /wp-content/uploads/2024/07/Screenshot-2024-07-05-044733-150x150.png HTTP/1.1" 200 33022 "-" "Mozilla/5.0 (Windows NT 10.0; Win64; x64) AppleWebKit/537.36 (KHTML, like Gecko) Chrome/109.0.0.0 Safari/537.36"
172.190.180.102 - - [02/May/2025:15:18:04 -0400] "GET /wp-content/uploads/2023/12/PSD-WP-BERITA-8.jpg HTTP/1.1" 200 87406 "-" "Mozilla/5.0 (Windows NT 10.0; Win64; x64) AppleWebKit/537.36 (KHTML, like Gecko) Chrome/109.0.0.0 Safari/537.36"
