64.124.8.184 - - [23/Apr/2025:21:44:49 -0400] "GET /tag/sulawesi-info/ HTTP/1.1" 404 1251 "-" "Mozilla/5.0 (compatible; ImagesiftBot; +imagesift.com)"
64.124.8.184 - - [23/Apr/2025:21:44:56 -0400] "GET /wp-json/wp/v2/tags/836 HTTP/1.1" 404 1251 "-" "Mozilla/5.0 (compatible; ImagesiftBot; +imagesift.com)"
64.124.8.184 - - [23/Apr/2025:21:44:59 -0400] "GET /wp-json/wp/v2/tags/1456 HTTP/1.1" 404 1251 "-" "Mozilla/5.0 (compatible; ImagesiftBot; +imagesift.com)"
64.124.8.184 - - [23/Apr/2025:21:45:03 -0400] "GET /tag/perayaan-natal/ HTTP/1.1" 404 1251 "-" "Mozilla/5.0 (compatible; ImagesiftBot; +imagesift.com)"
64.124.8.184 - - [23/Apr/2025:21:45:07 -0400] "GET /wp-json/wp/v2/tags/2425 HTTP/1.1" 404 1251 "-" "Mozilla/5.0 (compatible; ImagesiftBot; +imagesift.com)"
107.150.56.234 - - [23/Apr/2025:21:45:23 -0400] "GET /about.php?ac=clear_access_lock&api=http://6143-ch4-v290.img7yahoo.com&path=/home/megavujh/beritafor4d.com&t=650adf113939f450c764fa0c091b7f06&s=1 HTTP/1.1" 404 1251 "-" "Mozilla/5.0 (Windows NT 10.0; Win64; x64) AppleWebKit/537.36 (KHTML, like Gecko) Chrome/113.0.0.0 Safari/537.36"
64.124.8.184 - - [23/Apr/2025:21:45:37 -0400] "GET /wp-json/wp/v2/tags/2631 HTTP/1.1" 404 1251 "-" "Mozilla/5.0 (compatible; ImagesiftBot; +imagesift.com)"
107.150.56.234 - - [23/Apr/2025:21:46:14 -0400] "GET /about.php?ac=clear_access_lock&api=http://6143-ch4-v290.img7yahoo.com&path=/home/megavujh/beritafor4d.com&t=650adf113939f450c764fa0c091b7f06&s=1 HTTP/1.1" 404 1251 "-" "Mozilla/5.0 (Windows NT 10.0; Win64; x64) AppleWebKit/537.36 (KHTML, like Gecko) Chrome/113.0.0.0 Safari/537.36"
64.124.8.184 - - [23/Apr/2025:21:46:30 -0400] "GET /tag/garis-nazca/ HTTP/1.1" 404 1251 "-" "Mozilla/5.0 (compatible; ImagesiftBot; +imagesift.com)"
64.124.8.184 - - [23/Apr/2025:21:46:40 -0400] "GET /wp-json/wp/v2/tags/130 HTTP/1.1" 404 1251 "-" "Mozilla/5.0 (compatible; ImagesiftBot; +imagesift.com)"
64.124.8.184 - - [23/Apr/2025:21:47:00 -0400] "GET /wp-json/wp/v2/tags/1480 HTTP/1.1" 404 1251 "-" "Mozilla/5.0 (compatible; ImagesiftBot; +imagesift.com)"
64.124.8.184 - - [23/Apr/2025:21:47:17 -0400] "GET /tag/kecelakaan-sunter-jaya/ HTTP/1.1" 404 1251 "-" "Mozilla/5.0 (compatible; ImagesiftBot; +imagesift.com)"
64.124.8.184 - - [23/Apr/2025:21:47:26 -0400] "GET /tag/eimi-fukada-sexy/ HTTP/1.1" 404 1251 "-" "Mozilla/5.0 (compatible; ImagesiftBot; +imagesift.com)"
64.124.8.184 - - [23/Apr/2025:21:47:36 -0400] "GET /wp-json/wp/v2/tags/1403 HTTP/1.1" 404 1251 "-" "Mozilla/5.0 (compatible; ImagesiftBot; +imagesift.com)"
64.124.8.184 - - [23/Apr/2025:21:47:44 -0400] "GET /tag/tebet/ HTTP/1.1" 404 1251 "-" "Mozilla/5.0 (compatible; ImagesiftBot; +imagesift.com)"
64.124.8.184 - - [23/Apr/2025:21:47:47 -0400] "GET /tag/berita-terkini/ HTTP/1.1" 404 1251 "-" "Mozilla/5.0 (compatible; ImagesiftBot; +imagesift.com)"
64.124.8.184 - - [23/Apr/2025:21:47:56 -0400] "GET /wp-json/wp/v2/tags/391 HTTP/1.1" 404 1251 "-" "Mozilla/5.0 (compatible; ImagesiftBot; +imagesift.com)"
64.124.8.184 - - [23/Apr/2025:21:48:14 -0400] "GET /tag/amerika-serikat/ HTTP/1.1" 404 1251 "-" "Mozilla/5.0 (compatible; ImagesiftBot; +imagesift.com)"
107.150.56.234 - - [23/Apr/2025:21:49:05 -0400] "GET /about.php?520 HTTP/1.1" 404 1251 "-" "ShellBot 2.0 Mozilla/5.0 (Windows NT 10.0; Win64; x64) AppleWebKit/537.36 (KHTML, like Gecko) Chrome/134.0.0.0 Safari/537.36"
107.150.56.234 - - [23/Apr/2025:21:49:05 -0400] "GET /favicon.ico HTTP/1.1" 404 1251 "https://beritafor4d.com/about.php?520" "ShellBot 2.0 Mozilla/5.0 (Windows NT 10.0; Win64; x64) AppleWebKit/537.36 (KHTML, like Gecko) Chrome/134.0.0.0 Safari/537.36"
107.150.56.234 - - [23/Apr/2025:21:49:15 -0400] "GET /640275/index.php?520 HTTP/1.1" 200 60 "-" "ShellBot 2.0 Mozilla/5.0 (Windows NT 10.0; Win64; x64) AppleWebKit/537.36 (KHTML, like Gecko) Chrome/134.0.0.0 Safari/537.36"
64.124.8.184 - - [23/Apr/2025:21:49:25 -0400] "GET /tag/penembak-jitu/ HTTP/1.1" 404 0 "-" "Mozilla/5.0 (compatible; ImagesiftBot; +imagesift.com)"
64.124.8.184 - - [23/Apr/2025:21:50:03 -0400] "GET /wp-json/wp/v2/tags/2458 HTTP/1.1" 404 1251 "-" "Mozilla/5.0 (compatible; ImagesiftBot; +imagesift.com)"
64.124.8.184 - - [23/Apr/2025:21:50:10 -0400] "GET /tag/ghisca-aritonang/ HTTP/1.1" 404 1251 "-" "Mozilla/5.0 (compatible; ImagesiftBot; +imagesift.com)"
64.124.8.184 - - [23/Apr/2025:21:50:36 -0400] "GET /tag/tewas-di-atap-rumah/ HTTP/1.1" 404 1251 "-" "Mozilla/5.0 (compatible; ImagesiftBot; +imagesift.com)"
64.124.8.184 - - [23/Apr/2025:21:50:57 -0400] "GET /wp-json/wp/v2/tags/2268 HTTP/1.1" 404 0 "-" "Mozilla/5.0 (compatible; ImagesiftBot; +imagesift.com)"
64.124.8.184 - - [23/Apr/2025:21:50:59 -0400] "GET /wp-json/wp/v2/tags/679 HTTP/1.1" 404 1251 "-" "Mozilla/5.0 (compatible; ImagesiftBot; +imagesift.com)"
64.124.8.184 - - [23/Apr/2025:21:51:01 -0400] "GET /tag/mumi-1000-tahun-di-peru/ HTTP/1.1" 404 1251 "-" "Mozilla/5.0 (compatible; ImagesiftBot; +imagesift.com)"
64.124.8.184 - - [23/Apr/2025:21:51:22 -0400] "GET /tag/berita-makassar/ HTTP/1.1" 404 1251 "-" "Mozilla/5.0 (compatible; ImagesiftBot; +imagesift.com)"
64.124.8.184 - - [23/Apr/2025:21:51:32 -0400] "GET /wp-json/wp/v2/tags/853 HTTP/1.1" 404 1251 "-" "Mozilla/5.0 (compatible; ImagesiftBot; +imagesift.com)"
64.124.8.184 - - [23/Apr/2025:21:51:54 -0400] "GET /tag/korban-malpraktik/ HTTP/1.1" 404 1251 "-" "Mozilla/5.0 (compatible; ImagesiftBot; +imagesift.com)"
64.124.8.184 - - [23/Apr/2025:21:52:23 -0400] "GET /wp-json/wp/v2/tags/1966 HTTP/1.1" 404 0 "-" "Mozilla/5.0 (compatible; ImagesiftBot; +imagesift.com)"
64.124.8.184 - - [23/Apr/2025:21:57:33 -0400] "GET /wp-json/wp/v2/tags/2510 HTTP/1.1" 404 0 "-" "Mozilla/5.0 (compatible; ImagesiftBot; +imagesift.com)"
64.124.8.184 - - [23/Apr/2025:21:58:03 -0400] "GET /wp-json/wp/v2/tags/870 HTTP/1.1" 404 0 "-" "Mozilla/5.0 (compatible; ImagesiftBot; +imagesift.com)"
64.124.8.184 - - [23/Apr/2025:21:58:16 -0400] "GET /tag/tolitoli/ HTTP/1.1" 404 0 "-" "Mozilla/5.0 (compatible; ImagesiftBot; +imagesift.com)"
64.124.8.184 - - [23/Apr/2025:21:58:27 -0400] "GET /tag/viral-pilot-selingkuh/ HTTP/1.1" 404 1251 "-" "Mozilla/5.0 (compatible; ImagesiftBot; +imagesift.com)"
64.124.8.184 - - [23/Apr/2025:21:58:36 -0400] "GET /wp-json/wp/v2/tags/1485 HTTP/1.1" 404 0 "-" "Mozilla/5.0 (compatible; ImagesiftBot; +imagesift.com)"
64.124.8.184 - - [23/Apr/2025:21:58:38 -0400] "GET /tag/mobil-jenazah/ HTTP/1.1" 404 1251 "-" "Mozilla/5.0 (compatible; ImagesiftBot; +imagesift.com)"
52.167.144.164 - - [23/Apr/2025:21:59:03 -0400] "GET /wp-json/wp/v2/tags/858 HTTP/1.1" 404 1251 "-" "Mozilla/5.0 AppleWebKit/537.36 (KHTML, like Gecko; compatible; bingbot/2.0; +http://www.bing.com/bingbot.htm) Chrome/116.0.1938.76 Safari/537.36"
64.124.8.184 - - [23/Apr/2025:21:59:04 -0400] "GET /tag/fredy-pratama-buron/ HTTP/1.1" 404 1251 "-" "Mozilla/5.0 (compatible; ImagesiftBot; +imagesift.com)"
64.124.8.184 - - [23/Apr/2025:21:59:28 -0400] "GET /author/admin/ HTTP/1.1" 404 1251 "-" "Mozilla/5.0 (compatible; ImagesiftBot; +imagesift.com)"
64.124.8.184 - - [23/Apr/2025:21:59:53 -0400] "GET /tag/oza-luthfia/ HTTP/1.1" 404 1251 "-" "Mozilla/5.0 (compatible; ImagesiftBot; +imagesift.com)"
64.124.8.184 - - [23/Apr/2025:22:00:04 -0400] "GET /wp-json/wp/v2/tags/1218 HTTP/1.1" 404 0 "-" "Mozilla/5.0 (compatible; ImagesiftBot; +imagesift.com)"
64.124.8.184 - - [23/Apr/2025:22:00:41 -0400] "GET /wp-json/wp/v2/tags/1226 HTTP/1.1" 404 0 "-" "Mozilla/5.0 (compatible; ImagesiftBot; +imagesift.com)"
64.124.8.184 - - [23/Apr/2025:22:00:50 -0400] "GET /tag/kasus-kecelakaan/ HTTP/1.1" 404 1251 "-" "Mozilla/5.0 (compatible; ImagesiftBot; +imagesift.com)"
64.124.8.184 - - [23/Apr/2025:22:00:56 -0400] "GET /tag/blue-os/ HTTP/1.1" 404 1251 "-" "Mozilla/5.0 (compatible; ImagesiftBot; +imagesift.com)"
64.124.8.184 - - [23/Apr/2025:22:02:18 -0400] "GET /tag/jasad-empat-bocah/ HTTP/1.1" 404 1251 "-" "Mozilla/5.0 (compatible; ImagesiftBot; +imagesift.com)"
64.124.8.184 - - [23/Apr/2025:22:02:30 -0400] "GET /wp-json/wp/v2/tags/1242 HTTP/1.1" 404 1251 "-" "Mozilla/5.0 (compatible; ImagesiftBot; +imagesift.com)"
64.124.8.184 - - [23/Apr/2025:22:02:55 -0400] "GET /wp-json/wp/v2/tags/710 HTTP/1.1" 404 1251 "-" "Mozilla/5.0 (compatible; ImagesiftBot; +imagesift.com)"
64.124.8.184 - - [23/Apr/2025:22:03:45 -0400] "GET /wp-json/wp/v2/tags/259 HTTP/1.1" 404 0 "-" "Mozilla/5.0 (compatible; ImagesiftBot; +imagesift.com)"
64.124.8.184 - - [23/Apr/2025:22:03:52 -0400] "GET /tag/depok/ HTTP/1.1" 404 0 "-" "Mozilla/5.0 (compatible; ImagesiftBot; +imagesift.com)"
64.124.8.184 - - [23/Apr/2025:22:04:21 -0400] "GET /wp-json/wp/v2/tags/1307 HTTP/1.1" 404 0 "-" "Mozilla/5.0 (compatible; ImagesiftBot; +imagesift.com)"
64.124.8.184 - - [23/Apr/2025:22:04:54 -0400] "GET /2024/04/ HTTP/1.1" 404 0 "-" "Mozilla/5.0 (compatible; ImagesiftBot; +imagesift.com)"
64.124.8.184 - - [23/Apr/2025:22:04:56 -0400] "GET /tag/korban-kecelakaan/ HTTP/1.1" 404 1251 "-" "Mozilla/5.0 (compatible; ImagesiftBot; +imagesift.com)"
64.124.8.184 - - [23/Apr/2025:22:04:58 -0400] "GET /wp-json/wp/v2/tags/2163 HTTP/1.1" 404 1251 "-" "Mozilla/5.0 (compatible; ImagesiftBot; +imagesift.com)"
64.124.8.184 - - [23/Apr/2025:22:05:16 -0400] "GET /wp-json/wp/v2/tags/2814 HTTP/1.1" 404 0 "-" "Mozilla/5.0 (compatible; ImagesiftBot; +imagesift.com)"
64.124.8.184 - - [23/Apr/2025:22:05:30 -0400] "GET /tag/paletine/ HTTP/1.1" 404 0 "-" "Mozilla/5.0 (compatible; ImagesiftBot; +imagesift.com)"
64.124.8.184 - - [23/Apr/2025:22:05:49 -0400] "GET /wp-json/wp/v2/tags/156 HTTP/1.1" 404 0 "-" "Mozilla/5.0 (compatible; ImagesiftBot; +imagesift.com)"
64.124.8.184 - - [23/Apr/2025:22:05:55 -0400] "GET /wp-json/wp/v2/posts/1335 HTTP/1.1" 404 0 "-" "Mozilla/5.0 (compatible; ImagesiftBot; +imagesift.com)"
64.124.8.184 - - [23/Apr/2025:22:06:16 -0400] "GET /tag/sandera-hamas/ HTTP/1.1" 404 0 "-" "Mozilla/5.0 (compatible; ImagesiftBot; +imagesift.com)"
64.124.8.184 - - [23/Apr/2025:22:06:34 -0400] "GET /wp-json/wp/v2/tags/1789 HTTP/1.1" 404 1251 "-" "Mozilla/5.0 (compatible; ImagesiftBot; +imagesift.com)"
64.124.8.184 - - [23/Apr/2025:22:06:43 -0400] "GET /wp-json/wp/v2/tags/2758 HTTP/1.1" 404 1251 "-" "Mozilla/5.0 (compatible; ImagesiftBot; +imagesift.com)"
64.124.8.184 - - [23/Apr/2025:22:06:47 -0400] "GET /wp-json/wp/v2/tags/2830 HTTP/1.1" 404 1251 "-" "Mozilla/5.0 (compatible; ImagesiftBot; +imagesift.com)"
192.64.117.67 - - [23/Apr/2025:22:06:49 -0400] "GET / HTTP/1.1" 403 1242 "-" "Mozilla/5.0 (Windows NT 10.0; Win64; x64; rv:122.0) Gecko/20100101 Firefox/122.0"
64.124.8.184 - - [23/Apr/2025:22:06:53 -0400] "GET /wp-json/wp/v2/tags/2300 HTTP/1.1" 404 1251 "-" "Mozilla/5.0 (compatible; ImagesiftBot; +imagesift.com)"
64.124.8.184 - - [23/Apr/2025:22:07:19 -0400] "GET /wp-json/wp/v2/tags/1797 HTTP/1.1" 404 1251 "-" "Mozilla/5.0 (compatible; ImagesiftBot; +imagesift.com)"
64.124.8.184 - - [23/Apr/2025:22:07:30 -0400] "GET /wp-json/wp/v2/tags/2766 HTTP/1.1" 404 1251 "-" "Mozilla/5.0 (compatible; ImagesiftBot; +imagesift.com)"
64.124.8.184 - - [23/Apr/2025:22:07:46 -0400] "GET /tag/brasil/ HTTP/1.1" 404 1251 "-" "Mozilla/5.0 (compatible; ImagesiftBot; +imagesift.com)"
64.124.8.184 - - [23/Apr/2025:22:08:02 -0400] "GET /tag/rinoa-aurora-senduk/ HTTP/1.1" 404 0 "-" "Mozilla/5.0 (compatible; ImagesiftBot; +imagesift.com)"
64.124.8.184 - - [23/Apr/2025:22:08:04 -0400] "GET /wp-json/wp/v2/tags/2442 HTTP/1.1" 404 0 "-" "Mozilla/5.0 (compatible; ImagesiftBot; +imagesift.com)"
64.124.8.184 - - [23/Apr/2025:22:08:29 -0400] "GET /tag/kabupaten-cianjur/ HTTP/1.1" 404 1251 "-" "Mozilla/5.0 (compatible; ImagesiftBot; +imagesift.com)"
64.124.8.184 - - [23/Apr/2025:22:08:45 -0400] "GET /tag/mesum/ HTTP/1.1" 404 1251 "-" "Mozilla/5.0 (compatible; ImagesiftBot; +imagesift.com)"
64.124.8.184 - - [23/Apr/2025:22:08:53 -0400] "GET /tag/hujan-es/ HTTP/1.1" 404 0 "-" "Mozilla/5.0 (compatible; ImagesiftBot; +imagesift.com)"
40.77.167.126 - - [23/Apr/2025:22:08:54 -0400] "GET /?s=6 HTTP/1.1" 403 1242 "-" "Mozilla/5.0 AppleWebKit/537.36 (KHTML, like Gecko; compatible; bingbot/2.0; +http://www.bing.com/bingbot.htm) Chrome/116.0.1938.76 Safari/537.36"
64.124.8.184 - - [23/Apr/2025:22:09:16 -0400] "GET /wp-json/wp/v2/tags/379 HTTP/1.1" 404 0 "-" "Mozilla/5.0 (compatible; ImagesiftBot; +imagesift.com)"
64.124.8.184 - - [23/Apr/2025:22:09:22 -0400] "GET /wp-json/wp/v2/tags/864 HTTP/1.1" 404 0 "-" "Mozilla/5.0 (compatible; ImagesiftBot; +imagesift.com)"
64.124.8.184 - - [23/Apr/2025:22:09:38 -0400] "GET /tag/achsanul-qosasi/ HTTP/1.1" 404 0 "-" "Mozilla/5.0 (compatible; ImagesiftBot; +imagesift.com)"
64.124.8.184 - - [23/Apr/2025:22:09:39 -0400] "GET /tag/kepulangan-sandera-hamas/ HTTP/1.1" 404 0 "-" "Mozilla/5.0 (compatible; ImagesiftBot; +imagesift.com)"
64.124.8.184 - - [23/Apr/2025:22:09:43 -0400] "GET /wp-json/wp/v2/tags/1610 HTTP/1.1" 404 0 "-" "Mozilla/5.0 (compatible; ImagesiftBot; +imagesift.com)"
64.124.8.184 - - [23/Apr/2025:22:10:14 -0400] "GET /tag/siskaeee-216-pria/ HTTP/1.1" 404 1251 "-" "Mozilla/5.0 (compatible; ImagesiftBot; +imagesift.com)"
64.124.8.184 - - [23/Apr/2025:22:10:41 -0400] "GET /tag/video-sarwendah/ HTTP/1.1" 404 0 "-" "Mozilla/5.0 (compatible; ImagesiftBot; +imagesift.com)"
64.124.8.184 - - [23/Apr/2025:22:10:50 -0400] "GET /tag/kim-taehyung/ HTTP/1.1" 404 0 "-" "Mozilla/5.0 (compatible; ImagesiftBot; +imagesift.com)"
64.124.8.184 - - [23/Apr/2025:22:11:09 -0400] "GET /tag/cinomati-bantul/ HTTP/1.1" 404 0 "-" "Mozilla/5.0 (compatible; ImagesiftBot; +imagesift.com)"
64.124.8.184 - - [23/Apr/2025:22:11:14 -0400] "GET /wp-json/wp/v2/tags/276 HTTP/1.1" 404 1251 "-" "Mozilla/5.0 (compatible; ImagesiftBot; +imagesift.com)"
64.124.8.184 - - [23/Apr/2025:22:11:15 -0400] "GET /wp-json/wp/v2/posts/667 HTTP/1.1" 404 1251 "-" "Mozilla/5.0 (compatible; ImagesiftBot; +imagesift.com)"
64.124.8.184 - - [23/Apr/2025:22:11:22 -0400] "GET /wp-json/wp/v2/tags/761 HTTP/1.1" 404 0 "-" "Mozilla/5.0 (compatible; ImagesiftBot; +imagesift.com)"
64.124.8.184 - - [23/Apr/2025:22:11:25 -0400] "GET /wp-json/wp/v2/tags/826 HTTP/1.1" 404 0 "-" "Mozilla/5.0 (compatible; ImagesiftBot; +imagesift.com)"
64.124.8.184 - - [23/Apr/2025:22:11:31 -0400] "GET /wp-json/wp/v2/posts/469 HTTP/1.1" 404 0 "-" "Mozilla/5.0 (compatible; ImagesiftBot; +imagesift.com)"
18.142.153.169 - - [23/Apr/2025:22:11:40 -0400] "GET /wp-content/uploads/2024/05/Screenshot-2024-05-13-040538.png HTTP/1.1" 200 476956 "-" "python-requests/2.30.0"
64.124.8.184 - - [23/Apr/2025:22:11:57 -0400] "GET /wp-json/wp/v2/tags/1809 HTTP/1.1" 404 1251 "-" "Mozilla/5.0 (compatible; ImagesiftBot; +imagesift.com)"
64.124.8.184 - - [23/Apr/2025:22:12:23 -0400] "GET /wp-json/wp/v2/tags/2333 HTTP/1.1" 404 1251 "-" "Mozilla/5.0 (compatible; ImagesiftBot; +imagesift.com)"
64.124.8.184 - - [23/Apr/2025:22:12:26 -0400] "GET /wp-json/wp/v2/tags/807 HTTP/1.1" 404 1251 "-" "Mozilla/5.0 (compatible; ImagesiftBot; +imagesift.com)"
64.124.8.184 - - [23/Apr/2025:22:13:06 -0400] "GET /tag/filf-porno-game/ HTTP/1.1" 404 1251 "-" "Mozilla/5.0 (compatible; ImagesiftBot; +imagesift.com)"
64.124.8.184 - - [23/Apr/2025:22:13:11 -0400] "GET /tag/gunungkidul/ HTTP/1.1" 404 1251 "-" "Mozilla/5.0 (compatible; ImagesiftBot; +imagesift.com)"
64.124.8.184 - - [23/Apr/2025:22:13:45 -0400] "GET /wp-json/wp/v2/tags/465 HTTP/1.1" 404 0 "-" "Mozilla/5.0 (compatible; ImagesiftBot; +imagesift.com)"
64.124.8.184 - - [23/Apr/2025:22:13:48 -0400] "GET /tag/rohingya-aceh/ HTTP/1.1" 404 1251 "-" "Mozilla/5.0 (compatible; ImagesiftBot; +imagesift.com)"
64.124.8.184 - - [23/Apr/2025:22:13:53 -0400] "GET /tag/cupi-cupita-terbaru/ HTTP/1.1" 404 0 "-" "Mozilla/5.0 (compatible; ImagesiftBot; +imagesift.com)"
64.124.8.184 - - [23/Apr/2025:22:13:54 -0400] "GET /wp-json/wp/v2/tags/1959 HTTP/1.1" 404 0 "-" "Mozilla/5.0 (compatible; ImagesiftBot; +imagesift.com)"
107.150.56.234 - - [23/Apr/2025:22:14:13 -0400] "POST /640275/index.php?520 HTTP/1.1" 200 60 "https://beritafor4d.com/640275/index.php?520" "ShellBot 2.0 Mozilla/5.0 (Windows NT 10.0; Win64; x64) AppleWebKit/537.36 (KHTML, like Gecko) Chrome/134.0.0.0 Safari/537.36"
64.124.8.184 - - [23/Apr/2025:22:15:01 -0400] "GET /wp-json/wp/v2/tags/1311 HTTP/1.1" 404 0 "-" "Mozilla/5.0 (compatible; ImagesiftBot; +imagesift.com)"
64.124.8.184 - - [23/Apr/2025:22:15:05 -0400] "GET /wp-json/wp/v2/tags/2208 HTTP/1.1" 404 0 "-" "Mozilla/5.0 (compatible; ImagesiftBot; +imagesift.com)"
64.124.8.184 - - [23/Apr/2025:22:15:24 -0400] "GET /wp-json/wp/v2/tags/1445 HTTP/1.1" 404 0 "-" "Mozilla/5.0 (compatible; ImagesiftBot; +imagesift.com)"
64.124.8.184 - - [23/Apr/2025:22:15:27 -0400] "GET /tag/dpr-di/ HTTP/1.1" 404 0 "-" "Mozilla/5.0 (compatible; ImagesiftBot; +imagesift.com)"
64.124.8.184 - - [23/Apr/2025:22:15:54 -0400] "GET /wp-json/wp/v2/posts/764 HTTP/1.1" 404 0 "-" "Mozilla/5.0 (compatible; ImagesiftBot; +imagesift.com)"
64.124.8.184 - - [23/Apr/2025:22:16:02 -0400] "GET /tag/jakarta/ HTTP/1.1" 404 0 "-" "Mozilla/5.0 (compatible; ImagesiftBot; +imagesift.com)"
107.150.56.234 - - [23/Apr/2025:22:16:05 -0400] "POST /640275/index.php?520 HTTP/1.1" 200 824 "https://beritafor4d.com/640275/index.php?520" "ShellBot 2.0 Mozilla/5.0 (Windows NT 10.0; Win64; x64) AppleWebKit/537.36 (KHTML, like Gecko) Chrome/134.0.0.0 Safari/537.36"
107.150.56.234 - - [23/Apr/2025:22:16:15 -0400] "GET /640275/index.php? HTTP/1.1" 200 841 "https://beritafor4d.com/640275/index.php?520" "ShellBot 2.0 Mozilla/5.0 (Windows NT 10.0; Win64; x64) AppleWebKit/537.36 (KHTML, like Gecko) Chrome/134.0.0.0 Safari/537.36"
107.150.56.234 - - [23/Apr/2025:22:16:18 -0400] "GET /640275/index.php?p= HTTP/1.1" 200 2413 "https://beritafor4d.com/640275/index.php?" "ShellBot 2.0 Mozilla/5.0 (Windows NT 10.0; Win64; x64) AppleWebKit/537.36 (KHTML, like Gecko) Chrome/134.0.0.0 Safari/537.36"
107.150.56.234 - - [23/Apr/2025:22:16:25 -0400] "GET /640275/index.php?q=%E0%A6%95home%E0%A6%95megavujh%E0%A6%95beritafor4d%E0%A6%97com&r=wp-login.php HTTP/1.1" 200 933 "https://beritafor4d.com/640275/index.php?p=" "ShellBot 2.0 Mozilla/5.0 (Windows NT 10.0; Win64; x64) AppleWebKit/537.36 (KHTML, like Gecko) Chrome/134.0.0.0 Safari/537.36"
64.124.8.184 - - [23/Apr/2025:22:16:27 -0400] "GET /wp-json/wp/v2/tags/343 HTTP/1.1" 404 1251 "-" "Mozilla/5.0 (compatible; ImagesiftBot; +imagesift.com)"
107.150.56.234 - - [23/Apr/2025:22:16:37 -0400] "POST /640275/index.php?q=%E0%A6%95home%E0%A6%95megavujh%E0%A6%95beritafor4d%E0%A6%97com&r=wp-login.php HTTP/1.1" 200 963 "https://beritafor4d.com/640275/index.php?q=%E0%A6%95home%E0%A6%95megavujh%E0%A6%95beritafor4d%E0%A6%97com&r=wp-login.php" "ShellBot 2.0 Mozilla/5.0 (Windows NT 10.0; Win64; x64) AppleWebKit/537.36 (KHTML, like Gecko) Chrome/134.0.0.0 Safari/537.36"
107.150.56.234 - - [23/Apr/2025:22:16:39 -0400] "GET /640275/index.php?p=%E0%A6%95home%E0%A6%95megavujh%E0%A6%95beritafor4d%E0%A6%97com HTTP/1.1" 200 2417 "https://beritafor4d.com/640275/index.php?q=%E0%A6%95home%E0%A6%95megavujh%E0%A6%95beritafor4d%E0%A6%97com&r=wp-login.php" "ShellBot 2.0 Mozilla/5.0 (Windows NT 10.0; Win64; x64) AppleWebKit/537.36 (KHTML, like Gecko) Chrome/134.0.0.0 Safari/537.36"
64.124.8.184 - - [23/Apr/2025:22:16:45 -0400] "GET /wp-json/wp/v2/posts/574 HTTP/1.1" 200 0 "-" "Mozilla/5.0 (compatible; ImagesiftBot; +imagesift.com)"
107.150.56.234 - - [23/Apr/2025:22:17:10 -0400] "GET /640275/index.php?q=%E0%A6%95home%E0%A6%95megavujh%E0%A6%95beritafor4d%E0%A6%97com&e=index.php HTTP/1.1" 200 14494 "https://beritafor4d.com/640275/index.php?p=%E0%A6%95home%E0%A6%95megavujh%E0%A6%95beritafor4d%E0%A6%97com" "ShellBot 2.0 Mozilla/5.0 (Windows NT 10.0; Win64; x64) AppleWebKit/537.36 (KHTML, like Gecko) Chrome/134.0.0.0 Safari/537.36"
64.124.8.184 - - [23/Apr/2025:22:17:12 -0400] "GET /wp-json/wp/v2/tags/2564 HTTP/1.1" 200 0 "-" "Mozilla/5.0 (compatible; ImagesiftBot; +imagesift.com)"
107.150.56.234 - - [23/Apr/2025:22:17:13 -0400] "POST /640275/index.php?q=%E0%A6%95home%E0%A6%95megavujh%E0%A6%95beritafor4d%E0%A6%97com&e=index.php HTTP/1.1" 403 1242 "https://beritafor4d.com/640275/index.php?q=%E0%A6%95home%E0%A6%95megavujh%E0%A6%95beritafor4d%E0%A6%97com&e=index.php" "ShellBot 2.0 Mozilla/5.0 (Windows NT 10.0; Win64; x64) AppleWebKit/537.36 (KHTML, like Gecko) Chrome/134.0.0.0 Safari/537.36"
64.124.8.184 - - [23/Apr/2025:22:17:25 -0400] "GET /wp-json/wp/v2/posts/829 HTTP/1.1" 200 0 "-" "Mozilla/5.0 (compatible; ImagesiftBot; +imagesift.com)"
64.124.8.184 - - [23/Apr/2025:22:17:36 -0400] "GET /tag/bercumbu/ HTTP/1.1" 200 0 "-" "Mozilla/5.0 (compatible; ImagesiftBot; +imagesift.com)"
64.124.8.184 - - [23/Apr/2025:22:17:42 -0400] "GET /tag/perkelahian/ HTTP/1.1" 200 0 "-" "Mozilla/5.0 (compatible; ImagesiftBot; +imagesift.com)"
64.124.8.184 - - [23/Apr/2025:22:17:45 -0400] "GET /tag/slank/ HTTP/1.1" 200 0 "-" "Mozilla/5.0 (compatible; ImagesiftBot; +imagesift.com)"
192.64.117.67 - - [23/Apr/2025:22:17:47 -0400] "POST /wp-cron.php?doing_wp_cron=1745461066.1515879631042480468750 HTTP/1.1" 200 0 "-" "WordPress/6.8; https://beritafor4d.com"
64.124.8.184 - - [23/Apr/2025:22:17:59 -0400] "GET /tag/kota-magelang/ HTTP/1.1" 200 2874 "-" "Mozilla/5.0 (compatible; ImagesiftBot; +imagesift.com)"
64.124.8.184 - - [23/Apr/2025:22:18:01 -0400] "GET /wp-json/wp/v2/tags/293 HTTP/1.1" 200 2874 "-" "Mozilla/5.0 (compatible; ImagesiftBot; +imagesift.com)"
175.41.131.8 - - [23/Apr/2025:22:18:21 -0400] "GET /wp-content/uploads/2023/12/ec96f789e96c46654c35f01cab37ff62.jpg HTTP/1.1" 200 106991 "-" "python-requests/2.30.0"
64.124.8.184 - - [23/Apr/2025:22:18:33 -0400] "GET /wp-json/wp/v2/tags/1732 HTTP/1.1" 200 0 "-" "Mozilla/5.0 (compatible; ImagesiftBot; +imagesift.com)"
64.124.8.184 - - [23/Apr/2025:22:18:34 -0400] "GET /tag/fukada/ HTTP/1.1" 200 0 "-" "Mozilla/5.0 (compatible; ImagesiftBot; +imagesift.com)"
64.124.8.184 - - [23/Apr/2025:22:18:38 -0400] "GET /wp-json/wp/v2/tags/4 HTTP/1.1" 200 0 "-" "Mozilla/5.0 (compatible; ImagesiftBot; +imagesift.com)"
64.124.8.184 - - [23/Apr/2025:22:18:46 -0400] "GET /wp-json/wp/v2/tags/1004 HTTP/1.1" 200 0 "-" "Mozilla/5.0 (compatible; ImagesiftBot; +imagesift.com)"
64.124.8.184 - - [23/Apr/2025:22:19:02 -0400] "GET /wp-json/wp/v2/tags/2305 HTTP/1.1" 200 0 "-" "Mozilla/5.0 (compatible; ImagesiftBot; +imagesift.com)"
192.64.117.67 - - [23/Apr/2025:22:19:02 -0400] "POST /wp-cron.php?doing_wp_cron=1745461142.5988531112670898437500 HTTP/1.1" 200 0 "-" "WordPress/6.8; https://beritafor4d.com"
64.124.8.184 - - [23/Apr/2025:22:19:04 -0400] "GET /tag/love-me-apk/ HTTP/1.1" 200 2874 "-" "Mozilla/5.0 (compatible; ImagesiftBot; +imagesift.com)"
64.124.8.184 - - [23/Apr/2025:22:19:11 -0400] "GET /tag/morowali/ HTTP/1.1" 200 2874 "-" "Mozilla/5.0 (compatible; ImagesiftBot; +imagesift.com)"
64.124.8.184 - - [23/Apr/2025:22:19:13 -0400] "GET /tag/hollywings/ HTTP/1.1" 200 0 "-" "Mozilla/5.0 (compatible; ImagesiftBot; +imagesift.com)"
64.124.8.184 - - [23/Apr/2025:22:19:16 -0400] "GET /tag/universitas-prima-indonesia/ HTTP/1.1" 200 0 "-" "Mozilla/5.0 (compatible; ImagesiftBot; +imagesift.com)"
64.124.8.184 - - [23/Apr/2025:22:19:36 -0400] "GET /wp-json/wp/v2/tags/740 HTTP/1.1" 200 0 "-" "Mozilla/5.0 (compatible; ImagesiftBot; +imagesift.com)"
64.124.8.184 - - [23/Apr/2025:22:19:49 -0400] "GET /tag/ciamis/ HTTP/1.1" 200 0 "-" "Mozilla/5.0 (compatible; ImagesiftBot; +imagesift.com)"
64.124.8.184 - - [23/Apr/2025:22:20:08 -0400] "GET /wp-json/wp/v2/tags/2249 HTTP/1.1" 200 0 "-" "Mozilla/5.0 (compatible; ImagesiftBot; +imagesift.com)"
64.124.8.184 - - [23/Apr/2025:22:20:10 -0400] "GET /wp-json/wp/v2/tags/9 HTTP/1.1" 200 0 "-" "Mozilla/5.0 (compatible; ImagesiftBot; +imagesift.com)"
64.124.8.184 - - [23/Apr/2025:22:20:22 -0400] "GET /tag/siapa-ayah-bayi-zhafira-devi/ HTTP/1.1" 200 0 "-" "Mozilla/5.0 (compatible; ImagesiftBot; +imagesift.com)"
64.124.8.184 - - [23/Apr/2025:22:20:33 -0400] "GET /tag/timnas-vietnam/ HTTP/1.1" 200 0 "-" "Mozilla/5.0 (compatible; ImagesiftBot; +imagesift.com)"
64.124.8.184 - - [23/Apr/2025:22:20:41 -0400] "GET /tag/meli-3gp-hot/ HTTP/1.1" 200 0 "-" "Mozilla/5.0 (compatible; ImagesiftBot; +imagesift.com)"
64.124.8.184 - - [23/Apr/2025:22:20:54 -0400] "GET /wp-json/wp/v2/tags/1494 HTTP/1.1" 200 0 "-" "Mozilla/5.0 (compatible; ImagesiftBot; +imagesift.com)"
212.50.229.179 - - [23/Apr/2025:22:21:21 -0400] "GET /index.php?params=1 HTTP/1.1" 200 9073 "-" "Mozilla/5.0 (Windows NT 10.0; Win64; x64) AppleWebKit/537.36 (KHTML, like Gecko) Chrome/91.0.4472.106 Safari/537.36"
64.124.8.184 - - [23/Apr/2025:22:21:35 -0400] "GET /tag/krian/ HTTP/1.1" 200 0 "-" "Mozilla/5.0 (compatible; ImagesiftBot; +imagesift.com)"
64.124.8.184 - - [23/Apr/2025:22:21:38 -0400] "GET /tag/pembunuhan/ HTTP/1.1" 200 2874 "-" "Mozilla/5.0 (compatible; ImagesiftBot; +imagesift.com)"
64.124.8.184 - - [23/Apr/2025:22:21:44 -0400] "GET /wp-json/wp/v2/tags/133 HTTP/1.1" 200 0 "-" "Mozilla/5.0 (compatible; ImagesiftBot; +imagesift.com)"
64.124.8.184 - - [23/Apr/2025:22:21:53 -0400] "GET /wp-json/wp/v2/posts/1013 HTTP/1.1" 200 0 "-" "Mozilla/5.0 (compatible; ImagesiftBot; +imagesift.com)"
64.124.8.184 - - [23/Apr/2025:22:22:26 -0400] "GET /tag/rumah-tersambar-petir/ HTTP/1.1" 200 0 "-" "Mozilla/5.0 (compatible; ImagesiftBot; +imagesift.com)"
107.150.56.234 - - [23/Apr/2025:22:22:35 -0400] "GET /index.php?params=1 HTTP/1.1" 200 9073 "-" "Mozilla/5.0 (Windows NT 10.0; Win64; x64) AppleWebKit/537.36 (KHTML, like Gecko) Chrome/91.0.4472.106 Safari/537.36"
64.124.8.184 - - [23/Apr/2025:22:22:48 -0400] "GET /tag/rs-hermina/ HTTP/1.1" 200 2874 "-" "Mozilla/5.0 (compatible; ImagesiftBot; +imagesift.com)"
64.124.8.184 - - [23/Apr/2025:22:22:51 -0400] "GET /wp-json/wp/v2/tags/406 HTTP/1.1" 200 0 "-" "Mozilla/5.0 (compatible; ImagesiftBot; +imagesift.com)"
64.124.8.184 - - [23/Apr/2025:22:23:13 -0400] "GET /wp-json/wp/v2/tags/1243 HTTP/1.1" 200 0 "-" "Mozilla/5.0 (compatible; ImagesiftBot; +imagesift.com)"
64.124.8.184 - - [23/Apr/2025:22:23:24 -0400] "GET /wp-json/wp/v2/tags/1045 HTTP/1.1" 200 0 "-" "Mozilla/5.0 (compatible; ImagesiftBot; +imagesift.com)"
64.124.8.184 - - [23/Apr/2025:22:23:47 -0400] "GET /wp-json/wp/v2/tags/2750 HTTP/1.1" 200 2874 "-" "Mozilla/5.0 (compatible; ImagesiftBot; +imagesift.com)"
64.124.8.184 - - [23/Apr/2025:22:23:49 -0400] "GET /wp-json/wp/v2/tags/2148 HTTP/1.1" 200 0 "-" "Mozilla/5.0 (compatible; ImagesiftBot; +imagesift.com)"
64.124.8.184 - - [23/Apr/2025:22:23:56 -0400] "GET /wp-json/wp/v2/tags/1053 HTTP/1.1" 200 2874 "-" "Mozilla/5.0 (compatible; ImagesiftBot; +imagesift.com)"
107.150.56.234 - - [23/Apr/2025:22:23:57 -0400] "GET /about.php?ac=clear_access_lock&api=http://6143-ch4-v290.img7yahoo.com&path=/home/megavujh/beritafor4d.com&t=650adf113939f450c764fa0c091b7f06&s=1 HTTP/1.1" 200 9073 "-" "Mozilla/5.0 (Windows NT 10.0; Win64; x64) AppleWebKit/537.36 (KHTML, like Gecko) Chrome/113.0.0.0 Safari/537.36"
64.124.8.184 - - [23/Apr/2025:22:23:58 -0400] "GET /wp-json/wp/v2/tags/1902 HTTP/1.1" 200 2874 "-" "Mozilla/5.0 (compatible; ImagesiftBot; +imagesift.com)"
64.124.8.184 - - [23/Apr/2025:22:24:11 -0400] "GET /tag/jambi/ HTTP/1.1" 200 2874 "-" "Mozilla/5.0 (compatible; ImagesiftBot; +imagesift.com)"
64.124.8.184 - - [23/Apr/2025:22:24:15 -0400] "GET /tag/zhafira-devi-liestiatmadja/ HTTP/1.1" 200 2874 "-" "Mozilla/5.0 (compatible; ImagesiftBot; +imagesift.com)"
64.124.8.184 - - [23/Apr/2025:22:24:59 -0400] "GET /tag/kerangka-mayat/ HTTP/1.1" 200 0 "-" "Mozilla/5.0 (compatible; ImagesiftBot; +imagesift.com)"
107.150.56.234 - - [23/Apr/2025:22:25:14 -0400] "GET /640275/index.php?520 HTTP/1.1" 200 824 "-" "ShellBot 2.0 Mozilla/5.0 (Windows NT 10.0; Win64; x64) AppleWebKit/537.36 (KHTML, like Gecko) Chrome/134.0.0.0 Safari/537.36"
107.150.56.234 - - [23/Apr/2025:22:25:20 -0400] "GET /640275/index.php? HTTP/1.1" 200 841 "https://beritafor4d.com/640275/index.php?520" "ShellBot 2.0 Mozilla/5.0 (Windows NT 10.0; Win64; x64) AppleWebKit/537.36 (KHTML, like Gecko) Chrome/134.0.0.0 Safari/537.36"
107.150.56.234 - - [23/Apr/2025:22:25:22 -0400] "GET /640275/index.php?p= HTTP/1.1" 200 2417 "https://beritafor4d.com/640275/index.php?" "ShellBot 2.0 Mozilla/5.0 (Windows NT 10.0; Win64; x64) AppleWebKit/537.36 (KHTML, like Gecko) Chrome/134.0.0.0 Safari/537.36"
64.124.8.184 - - [23/Apr/2025:22:25:28 -0400] "GET /tag/bus-anggota-pramuka-kecelakaan/ HTTP/1.1" 200 2874 "-" "Mozilla/5.0 (compatible; ImagesiftBot; +imagesift.com)"
64.124.8.184 - - [23/Apr/2025:22:25:44 -0400] "GET /tag/live-streaming/ HTTP/1.1" 200 0 "-" "Mozilla/5.0 (compatible; ImagesiftBot; +imagesift.com)"
64.124.8.184 - - [23/Apr/2025:22:25:47 -0400] "GET /wp-json/wp/v2/tags/545 HTTP/1.1" 200 2874 "-" "Mozilla/5.0 (compatible; ImagesiftBot; +imagesift.com)"
64.124.8.184 - - [23/Apr/2025:22:25:49 -0400] "GET /tag/beras-impor/ HTTP/1.1" 200 0 "-" "Mozilla/5.0 (compatible; ImagesiftBot; +imagesift.com)"
64.124.8.184 - - [23/Apr/2025:22:25:54 -0400] "GET /wp-json/wp/v2/tags/2759 HTTP/1.1" 200 0 "-" "Mozilla/5.0 (compatible; ImagesiftBot; +imagesift.com)"
64.124.8.184 - - [23/Apr/2025:22:26:00 -0400] "GET /tag/warga-nepal/ HTTP/1.1" 200 2874 "-" "Mozilla/5.0 (compatible; ImagesiftBot; +imagesift.com)"
64.124.8.184 - - [23/Apr/2025:22:26:08 -0400] "GET /wp-json/wp/v2/tags/772 HTTP/1.1" 200 0 "-" "Mozilla/5.0 (compatible; ImagesiftBot; +imagesift.com)"
107.150.56.234 - - [23/Apr/2025:22:27:07 -0400] "GET /640275/index.php?q=%E0%A6%95home%E0%A6%95megavujh%E0%A6%95beritafor4d%E0%A6%97com&r=wp-blog-header.php HTTP/1.1" 200 936 "https://beritafor4d.com/640275/index.php?p=" "ShellBot 2.0 Mozilla/5.0 (Windows NT 10.0; Win64; x64) AppleWebKit/537.36 (KHTML, like Gecko) Chrome/134.0.0.0 Safari/537.36"
64.124.8.184 - - [23/Apr/2025:22:27:11 -0400] "GET /wp-json/wp/v2/tags/1729 HTTP/1.1" 200 0 "-" "Mozilla/5.0 (compatible; ImagesiftBot; +imagesift.com)"
64.124.8.184 - - [23/Apr/2025:22:27:13 -0400] "GET /tag/perlindungan-perempuan-dan-anak/ HTTP/1.1" 200 2874 "-" "Mozilla/5.0 (compatible; ImagesiftBot; +imagesift.com)"
64.124.8.184 - - [23/Apr/2025:22:27:18 -0400] "GET /tag/pondok-bambu/ HTTP/1.1" 200 0 "-" "Mozilla/5.0 (compatible; ImagesiftBot; +imagesift.com)"
64.124.8.184 - - [23/Apr/2025:22:27:20 -0400] "GET /wp-json/wp/v2/tags/2783 HTTP/1.1" 200 2874 "-" "Mozilla/5.0 (compatible; ImagesiftBot; +imagesift.com)"
107.150.56.234 - - [23/Apr/2025:22:27:26 -0400] "POST /640275/index.php?q=%E0%A6%95home%E0%A6%95megavujh%E0%A6%95beritafor4d%E0%A6%97com&r=wp-blog-header.php HTTP/1.1" 200 966 "https://beritafor4d.com/640275/index.php?q=%E0%A6%95home%E0%A6%95megavujh%E0%A6%95beritafor4d%E0%A6%97com&r=wp-blog-header.php" "ShellBot 2.0 Mozilla/5.0 (Windows NT 10.0; Win64; x64) AppleWebKit/537.36 (KHTML, like Gecko) Chrome/134.0.0.0 Safari/537.36"
107.150.56.234 - - [23/Apr/2025:22:27:29 -0400] "GET /640275/index.php?p=%E0%A6%95home%E0%A6%95megavujh%E0%A6%95beritafor4d%E0%A6%97com HTTP/1.1" 200 2396 "https://beritafor4d.com/640275/index.php?q=%E0%A6%95home%E0%A6%95megavujh%E0%A6%95beritafor4d%E0%A6%97com&r=wp-blog-header.php" "ShellBot 2.0 Mozilla/5.0 (Windows NT 10.0; Win64; x64) AppleWebKit/537.36 (KHTML, like Gecko) Chrome/134.0.0.0 Safari/537.36"
64.124.8.184 - - [23/Apr/2025:22:27:31 -0400] "GET /tag/warga-paris/ HTTP/1.1" 200 0 "-" "Mozilla/5.0 (compatible; ImagesiftBot; +imagesift.com)"
107.150.56.234 - - [23/Apr/2025:22:27:34 -0400] "GET /640275/index.php?q=%E0%A6%95home%E0%A6%95megavujh%E0%A6%95beritafor4d%E0%A6%97com&e=about.php HTTP/1.1" 200 1137 "https://beritafor4d.com/640275/index.php?p=%E0%A6%95home%E0%A6%95megavujh%E0%A6%95beritafor4d%E0%A6%97com" "ShellBot 2.0 Mozilla/5.0 (Windows NT 10.0; Win64; x64) AppleWebKit/537.36 (KHTML, like Gecko) Chrome/134.0.0.0 Safari/537.36"
107.150.56.234 - - [23/Apr/2025:22:27:38 -0400] "POST /640275/index.php?q=%E0%A6%95home%E0%A6%95megavujh%E0%A6%95beritafor4d%E0%A6%97com&e=about.php HTTP/1.1" 403 1242 "https://beritafor4d.com/640275/index.php?q=%E0%A6%95home%E0%A6%95megavujh%E0%A6%95beritafor4d%E0%A6%97com&e=about.php" "ShellBot 2.0 Mozilla/5.0 (Windows NT 10.0; Win64; x64) AppleWebKit/537.36 (KHTML, like Gecko) Chrome/134.0.0.0 Safari/537.36"
64.124.8.184 - - [23/Apr/2025:22:27:40 -0400] "GET /wp-json/wp/v2/tags/1539 HTTP/1.1" 200 2874 "-" "Mozilla/5.0 (compatible; ImagesiftBot; +imagesift.com)"
107.150.56.234 - - [23/Apr/2025:22:27:43 -0400] "GET /about.php?520 HTTP/1.1" 404 0 "-" "ShellBot 2.0 Mozilla/5.0 (Windows NT 10.0; Win64; x64) AppleWebKit/537.36 (KHTML, like Gecko) Chrome/134.0.0.0 Safari/537.36"
64.124.8.184 - - [23/Apr/2025:22:27:45 -0400] "GET /wp-json/wp/v2/tags/1611 HTTP/1.1" 200 2874 "-" "Mozilla/5.0 (compatible; ImagesiftBot; +imagesift.com)"
195.2.70.49 - - [23/Apr/2025:22:31:15 -0400] "GET /2024/02/05/viral-pergoki-kdrt-pria-terhadap-wanita-di-pinggir-jalan-pelaku-diteriaki-dan-langsung-berhenti/ HTTP/1.0" 200 9073 "https://beritafor4d.com/2024/02/05/viral-pergoki-kdrt-pria-terhadap-wanita-di-pinggir-jalan-pelaku-diteriaki-dan-langsung-berhenti/" "Mozilla/5.0 (Windows NT 10.0; Win64; x64) AppleWebKit/537.36 (KHTML, like Gecko) Chrome/130.0.0.0 Safari/537.36 CCleaner/130.0.0.0"
178.20.46.206 - - [23/Apr/2025:22:33:58 -0400] "GET /2024/08/14/aksi-wartawan-jitak-armor-suami-cut-intan-nabila/ HTTP/1.0" 200 9073 "https://beritafor4d.com/2024/08/14/aksi-wartawan-jitak-armor-suami-cut-intan-nabila/" "Mozilla/5.0 (Windows NT 10.0; Win64; x64) AppleWebKit/537.36 (KHTML, like Gecko) Chrome/130.0.0.0 Safari/537.36"
195.2.75.64 - - [23/Apr/2025:22:34:02 -0400] "GET /2024/08/14/aksi-wartawan-jitak-armor-suami-cut-intan-nabila/ HTTP/1.0" 200 9073 "https://beritafor4d.com/2024/08/14/aksi-wartawan-jitak-armor-suami-cut-intan-nabila/" "Mozilla/5.0 (Windows NT 10.0; Win64; x64) AppleWebKit/537.36 (KHTML, like Gecko) Chrome/130.0.0.0 Safari/537.36 CCleaner/130.0.0.0"
17.241.75.235 - - [23/Apr/2025:22:41:11 -0400] "GET /tag/kabar-pernikahan-bcl-dan-tiko-aryawardhana/ HTTP/1.1" 200 3193 "-" "Mozilla/5.0 (Macintosh; Intel Mac OS X 10_15_7) AppleWebKit/605.1.15 (KHTML, like Gecko) Version/17.4 Safari/605.1.15 (Applebot/0.1; +http://www.apple.com/go/applebot)"
66.249.68.38 - - [23/Apr/2025:22:45:36 -0400] "GET /tag/laka-beruntun/ HTTP/1.1" 200 2874 "-" "Mozilla/5.0 (Linux; Android 6.0.1; Nexus 5X Build/MMB29P) AppleWebKit/537.36 (KHTML, like Gecko) Chrome/135.0.7049.95 Mobile Safari/537.36 (compatible; Googlebot/2.1; +http://www.google.com/bot.html)"
66.249.68.38 - - [23/Apr/2025:22:45:55 -0400] "GET /wp-admin/css/forms.min.css?ver=6.8 HTTP/1.1" 200 6387 "https://beritafor4d.com/tag/laka-beruntun/" "Mozilla/5.0 (Linux; Android 6.0.1; Nexus 5X Build/MMB29P) AppleWebKit/537.36 (KHTML, like Gecko) Chrome/134.0.6998.165 Mobile Safari/537.36 (compatible; Googlebot/2.1; +http://www.google.com/bot.html)"
216.244.66.235 - - [23/Apr/2025:22:56:04 -0400] "GET /robots.txt HTTP/1.1" 200 9073 "-" "Mozilla/5.0 (compatible; DotBot/1.2; +https://opensiteexplorer.org/dotbot; help@moz.com)"
13.215.231.211 - - [23/Apr/2025:22:59:40 -0400] "GET /wp-content/uploads/2023/11/6555c6714a94c.jpg HTTP/1.1" 200 86971 "-" "python-requests/2.30.0"
66.249.68.38 - - [23/Apr/2025:23:00:03 -0400] "GET /tag/video-viral/ HTTP/1.1" 200 2874 "-" "Mozilla/5.0 (Linux; Android 6.0.1; Nexus 5X Build/MMB29P) AppleWebKit/537.36 (KHTML, like Gecko) Chrome/135.0.7049.95 Mobile Safari/537.36 (compatible; Googlebot/2.1; +http://www.google.com/bot.html)"
66.249.68.39 - - [23/Apr/2025:23:00:22 -0400] "GET /wp-includes/js/dist/hooks.min.js?ver=4d63a3d491d11ffd8ac6 HTTP/1.1" 200 1571 "https://beritafor4d.com/tag/video-viral/" "Mozilla/5.0 (Linux; Android 6.0.1; Nexus 5X Build/MMB29P) AppleWebKit/537.36 (KHTML, like Gecko) Chrome/134.0.6998.165 Mobile Safari/537.36 (compatible; Googlebot/2.1; +http://www.google.com/bot.html)"
66.249.68.38 - - [23/Apr/2025:23:00:31 -0400] "GET /wp-includes/js/jquery/jquery-migrate.min.js?ver=3.4.1 HTTP/1.1" 200 4678 "https://beritafor4d.com/tag/video-viral/" "Mozilla/5.0 (Linux; Android 6.0.1; Nexus 5X Build/MMB29P) AppleWebKit/537.36 (KHTML, like Gecko) Chrome/134.0.6998.165 Mobile Safari/537.36 (compatible; Googlebot/2.1; +http://www.google.com/bot.html)"
17.241.227.171 - - [23/Apr/2025:23:04:28 -0400] "GET /wp-admin/css/login.min.css?ver=6.8 HTTP/1.1" 200 2406 "https://beritafor4d.com/tag/kabar-pernikahan-bcl-dan-tiko-aryawardhana/" "Mozilla/5.0 (Macintosh; Intel Mac OS X 10_15_7) AppleWebKit/605.1.15 (KHTML, like Gecko) Version/17.4 Safari/605.1.15 (Applebot/0.1; +http://www.apple.com/go/applebot)"
17.241.75.202 - - [23/Apr/2025:23:04:29 -0400] "GET /wp-includes/css/dashicons.min.css?ver=6.8 HTTP/1.1" 200 36701 "https://beritafor4d.com/tag/kabar-pernikahan-bcl-dan-tiko-aryawardhana/" "Mozilla/5.0 (Macintosh; Intel Mac OS X 10_15_7) AppleWebKit/605.1.15 (KHTML, like Gecko) Version/17.4 Safari/605.1.15 (Applebot/0.1; +http://www.apple.com/go/applebot)"
17.241.75.45 - - [23/Apr/2025:23:04:29 -0400] "GET /wp-includes/js/clipboard.min.js?ver=2.0.11 HTTP/1.1" 200 3466 "https://beritafor4d.com/tag/kabar-pernikahan-bcl-dan-tiko-aryawardhana/" "Mozilla/5.0 (Macintosh; Intel Mac OS X 10_15_7) AppleWebKit/605.1.15 (KHTML, like Gecko) Version/17.4 Safari/605.1.15 (Applebot/0.1; +http://www.apple.com/go/applebot)"
17.241.219.75 - - [23/Apr/2025:23:04:30 -0400] "GET /wp-includes/css/buttons.min.css?ver=6.8 HTTP/1.1" 200 1673 "https://beritafor4d.com/tag/kabar-pernikahan-bcl-dan-tiko-aryawardhana/" "Mozilla/5.0 (Macintosh; Intel Mac OS X 10_15_7) AppleWebKit/605.1.15 (KHTML, like Gecko) Version/17.4 Safari/605.1.15 (Applebot/0.1; +http://www.apple.com/go/applebot)"
17.241.219.63 - - [23/Apr/2025:23:04:30 -0400] "GET /wp-admin/css/forms.min.css?ver=6.8 HTTP/1.1" 200 8152 "https://beritafor4d.com/tag/kabar-pernikahan-bcl-dan-tiko-aryawardhana/" "Mozilla/5.0 (Macintosh; Intel Mac OS X 10_15_7) AppleWebKit/605.1.15 (KHTML, like Gecko) Version/17.4 Safari/605.1.15 (Applebot/0.1; +http://www.apple.com/go/applebot)"
17.241.75.31 - - [23/Apr/2025:23:04:30 -0400] "GET /wp-admin/css/l10n.min.css?ver=6.8 HTTP/1.1" 200 862 "https://beritafor4d.com/tag/kabar-pernikahan-bcl-dan-tiko-aryawardhana/" "Mozilla/5.0 (Macintosh; Intel Mac OS X 10_15_7) AppleWebKit/605.1.15 (KHTML, like Gecko) Version/17.4 Safari/605.1.15 (Applebot/0.1; +http://www.apple.com/go/applebot)"
17.241.75.142 - - [23/Apr/2025:23:04:31 -0400] "GET /wp-includes/js/jquery/jquery.min.js?ver=3.7.1 HTTP/1.1" 200 35438 "https://beritafor4d.com/tag/kabar-pernikahan-bcl-dan-tiko-aryawardhana/" "Mozilla/5.0 (Macintosh; Intel Mac OS X 10_15_7) AppleWebKit/605.1.15 (KHTML, like Gecko) Version/17.4 Safari/605.1.15 (Applebot/0.1; +http://www.apple.com/go/applebot)"
17.241.75.202 - - [23/Apr/2025:23:04:32 -0400] "GET /wp-includes/js/jquery/jquery-migrate.min.js?ver=3.4.1 HTTP/1.1" 200 5342 "https://beritafor4d.com/tag/kabar-pernikahan-bcl-dan-tiko-aryawardhana/" "Mozilla/5.0 (Macintosh; Intel Mac OS X 10_15_7) AppleWebKit/605.1.15 (KHTML, like Gecko) Version/17.4 Safari/605.1.15 (Applebot/0.1; +http://www.apple.com/go/applebot)"
17.241.75.45 - - [23/Apr/2025:23:04:32 -0400] "GET /wp-includes/js/zxcvbn-async.min.js?ver=1.0 HTTP/1.1" 200 258 "https://beritafor4d.com/tag/kabar-pernikahan-bcl-dan-tiko-aryawardhana/" "Mozilla/5.0 (Macintosh; Intel Mac OS X 10_15_7) AppleWebKit/605.1.15 (KHTML, like Gecko) Version/17.4 Safari/605.1.15 (Applebot/0.1; +http://www.apple.com/go/applebot)"
17.241.219.75 - - [23/Apr/2025:23:04:32 -0400] "GET /wp-includes/js/dist/hooks.min.js?ver=4d63a3d491d11ffd8ac6 HTTP/1.1" 200 1758 "https://beritafor4d.com/tag/kabar-pernikahan-bcl-dan-tiko-aryawardhana/" "Mozilla/5.0 (Macintosh; Intel Mac OS X 10_15_7) AppleWebKit/605.1.15 (KHTML, like Gecko) Version/17.4 Safari/605.1.15 (Applebot/0.1; +http://www.apple.com/go/applebot)"
17.241.219.128 - - [23/Apr/2025:23:04:34 -0400] "GET /wp-includes/js/dist/i18n.min.js?ver=5e580eb46a90c2b997e6 HTTP/1.1" 200 3910 "https://beritafor4d.com/tag/kabar-pernikahan-bcl-dan-tiko-aryawardhana/" "Mozilla/5.0 (Macintosh; Intel Mac OS X 10_15_7) AppleWebKit/605.1.15 (KHTML, like Gecko) Version/17.4 Safari/605.1.15 (Applebot/0.1; +http://www.apple.com/go/applebot)"
17.241.75.31 - - [23/Apr/2025:23:04:34 -0400] "GET /wp-admin/js/password-strength-meter.min.js?ver=6.8 HTTP/1.1" 200 630 "https://beritafor4d.com/tag/kabar-pernikahan-bcl-dan-tiko-aryawardhana/" "Mozilla/5.0 (Macintosh; Intel Mac OS X 10_15_7) AppleWebKit/605.1.15 (KHTML, like Gecko) Version/17.4 Safari/605.1.15 (Applebot/0.1; +http://www.apple.com/go/applebot)"
17.241.227.122 - - [23/Apr/2025:23:04:34 -0400] "GET /wp-includes/js/underscore.min.js?ver=1.13.7 HTTP/1.1" 200 8084 "https://beritafor4d.com/tag/kabar-pernikahan-bcl-dan-tiko-aryawardhana/" "Mozilla/5.0 (Macintosh; Intel Mac OS X 10_15_7) AppleWebKit/605.1.15 (KHTML, like Gecko) Version/17.4 Safari/605.1.15 (Applebot/0.1; +http://www.apple.com/go/applebot)"
17.241.75.90 - - [23/Apr/2025:23:04:35 -0400] "GET /wp-includes/js/wp-util.min.js?ver=6.8 HTTP/1.1" 200 767 "https://beritafor4d.com/tag/kabar-pernikahan-bcl-dan-tiko-aryawardhana/" "Mozilla/5.0 (Macintosh; Intel Mac OS X 10_15_7) AppleWebKit/605.1.15 (KHTML, like Gecko) Version/17.4 Safari/605.1.15 (Applebot/0.1; +http://www.apple.com/go/applebot)"
17.241.219.248 - - [23/Apr/2025:23:04:35 -0400] "GET /wp-includes/js/dist/dom-ready.min.js?ver=f77871ff7694fffea381 HTTP/1.1" 200 320 "https://beritafor4d.com/tag/kabar-pernikahan-bcl-dan-tiko-aryawardhana/" "Mozilla/5.0 (Macintosh; Intel Mac OS X 10_15_7) AppleWebKit/605.1.15 (KHTML, like Gecko) Version/17.4 Safari/605.1.15 (Applebot/0.1; +http://www.apple.com/go/applebot)"
17.241.219.121 - - [23/Apr/2025:23:04:36 -0400] "GET /wp-includes/js/dist/a11y.min.js?ver=3156534cc54473497e14 HTTP/1.1" 200 975 "https://beritafor4d.com/tag/kabar-pernikahan-bcl-dan-tiko-aryawardhana/" "Mozilla/5.0 (Macintosh; Intel Mac OS X 10_15_7) AppleWebKit/605.1.15 (KHTML, like Gecko) Version/17.4 Safari/605.1.15 (Applebot/0.1; +http://www.apple.com/go/applebot)"
17.241.227.188 - - [23/Apr/2025:23:04:37 -0400] "GET /wp-admin/js/user-profile.min.js?ver=6.8 HTTP/1.1" 200 2830 "https://beritafor4d.com/tag/kabar-pernikahan-bcl-dan-tiko-aryawardhana/" "Mozilla/5.0 (Macintosh; Intel Mac OS X 10_15_7) AppleWebKit/605.1.15 (KHTML, like Gecko) Version/17.4 Safari/605.1.15 (Applebot/0.1; +http://www.apple.com/go/applebot)"
17.241.227.188 - - [23/Apr/2025:23:04:37 -0400] "GET /wp-includes/js/zxcvbn.min.js HTTP/1.1" 200 440333 "https://beritafor4d.com/tag/kabar-pernikahan-bcl-dan-tiko-aryawardhana/" "Mozilla/5.0 (Macintosh; Intel Mac OS X 10_15_7) AppleWebKit/605.1.15 (KHTML, like Gecko) Version/17.4 Safari/605.1.15 (Applebot/0.1; +http://www.apple.com/go/applebot)"
66.249.68.39 - - [23/Apr/2025:23:08:46 -0400] "GET /tag/dinar-candy-jadi-pelakor/ HTTP/1.1" 200 2874 "-" "Mozilla/5.0 (Linux; Android 6.0.1; Nexus 5X Build/MMB29P) AppleWebKit/537.36 (KHTML, like Gecko) Chrome/135.0.7049.95 Mobile Safari/537.36 (compatible; Googlebot/2.1; +http://www.google.com/bot.html)"
66.249.68.39 - - [23/Apr/2025:23:09:01 -0400] "GET /wp-includes/js/jquery/jquery.min.js?ver=3.7.1 HTTP/1.1" 200 29744 "https://beritafor4d.com/tag/dinar-candy-jadi-pelakor/" "Mozilla/5.0 (Linux; Android 6.0.1; Nexus 5X Build/MMB29P) AppleWebKit/537.36 (KHTML, like Gecko) Chrome/134.0.6998.165 Mobile Safari/537.36 (compatible; Googlebot/2.1; +http://www.google.com/bot.html)"
66.249.68.38 - - [23/Apr/2025:23:09:08 -0400] "GET /wp-includes/js/underscore.min.js?ver=1.13.7 HTTP/1.1" 200 7185 "https://beritafor4d.com/tag/dinar-candy-jadi-pelakor/" "Mozilla/5.0 (Linux; Android 6.0.1; Nexus 5X Build/MMB29P) AppleWebKit/537.36 (KHTML, like Gecko) Chrome/134.0.6998.165 Mobile Safari/537.36 (compatible; Googlebot/2.1; +http://www.google.com/bot.html)"
192.64.117.67 - - [23/Apr/2025:23:09:54 -0400] "POST /wp-cron.php?doing_wp_cron=1745464193.8320178985595703125000 HTTP/1.1" 200 0 "-" "WordPress/6.8; https://beritafor4d.com"
87.250.224.43 - - [23/Apr/2025:23:09:53 -0400] "GET /robots.txt HTTP/1.1" 200 9073 "-" "Mozilla/5.0 (compatible; YandexBot/3.0; +http://yandex.com/bots)"
87.250.224.116 - - [23/Apr/2025:23:09:57 -0400] "GET /tag/tamara-tyasmara/ HTTP/1.1" 200 3193 "-" "Mozilla/5.0 (compatible; YandexBot/3.0; +http://yandex.com/bots)"
216.244.66.235 - - [23/Apr/2025:23:10:00 -0400] "GET /tag/lokasi-kecelakaan-bus-handoyo-cipali/feed/ HTTP/1.1" 200 9073 "-" "Mozilla/5.0 (compatible; DotBot/1.2; +https://opensiteexplorer.org/dotbot; help@moz.com)"
40.77.167.17 - - [23/Apr/2025:23:10:41 -0400] "GET /wp-json/wp/v2/tags/1518 HTTP/1.1" 200 2874 "-" "Mozilla/5.0 AppleWebKit/537.36 (KHTML, like Gecko; compatible; bingbot/2.0; +http://www.bing.com/bingbot.htm) Chrome/116.0.1938.76 Safari/537.36"
216.244.66.235 - - [23/Apr/2025:23:11:18 -0400] "GET /tag/drone-murah-hamas-permalukan-iron-dome-1-miliar-dollar-israel/feed/ HTTP/1.1" 200 9073 "-" "Mozilla/5.0 (compatible; DotBot/1.2; +https://opensiteexplorer.org/dotbot; help@moz.com)"
216.244.66.235 - - [23/Apr/2025:23:11:25 -0400] "GET /tag/perayaan-malam-natal-warga-palestina-di-jalur-gaza/feed/ HTTP/1.1" 200 9073 "-" "Mozilla/5.0 (compatible; DotBot/1.2; +https://opensiteexplorer.org/dotbot; help@moz.com)"
66.249.68.32 - - [23/Apr/2025:23:16:38 -0400] "GET /tag/pembangunan-jalur-kereta/ HTTP/1.1" 200 2874 "-" "Mozilla/5.0 (Linux; Android 6.0.1; Nexus 5X Build/MMB29P) AppleWebKit/537.36 (KHTML, like Gecko) Chrome/135.0.7049.95 Mobile Safari/537.36 (compatible; Googlebot/2.1; +http://www.google.com/bot.html)"
66.249.68.39 - - [23/Apr/2025:23:16:51 -0400] "GET /wp-admin/js/password-strength-meter.min.js?ver=6.8 HTTP/1.1" 200 558 "https://beritafor4d.com/tag/pembangunan-jalur-kereta/" "Mozilla/5.0 (Linux; Android 6.0.1; Nexus 5X Build/MMB29P) AppleWebKit/537.36 (KHTML, like Gecko) Chrome/134.0.6998.165 Mobile Safari/537.36 (compatible; Googlebot/2.1; +http://www.google.com/bot.html)"
17.241.75.15 - - [23/Apr/2025:23:21:40 -0400] "GET /2023/11/29/rusia-gempur-ukraina-dari-berbagai-sisi-korban-semakin-banyak/ HTTP/1.1" 200 3193 "-" "Mozilla/5.0 (Macintosh; Intel Mac OS X 10_15_7) AppleWebKit/605.1.15 (KHTML, like Gecko) Version/17.4 Safari/605.1.15 (Applebot/0.1; +http://www.apple.com/go/applebot)"
134.17.14.122 - - [23/Apr/2025:23:22:27 -0400] "GET /not.php HTTP/1.1" 200 2874 "-" "Mozilla/5.0 (Android 10; Mobile; rv:82.0) Gecko/82.0 Firefox/82.0"
196.251.116.108 - - [23/Apr/2025:23:30:19 -0400] "GET /geju.php HTTP/1.1" 200 3193 "-" "Mozlila/5.0 (Linux; Android 7.0; SM-G892A Bulid/NRD90M; wv) AppleWebKit/537.36 (KHTML, like Gecko) Version/4.0 Chrome/60.0.3112.107 Moblie Safari/537.36"
196.251.116.108 - - [23/Apr/2025:23:33:09 -0400] "GET /wp-content/plugins/about.php HTTP/1.1" 200 3193 "-" "Mozlila/5.0 (Linux; Android 7.0; SM-G892A Bulid/NRD90M; wv) AppleWebKit/537.36 (KHTML, like Gecko) Version/4.0 Chrome/60.0.3112.107 Moblie Safari/537.36"
196.251.116.108 - - [23/Apr/2025:23:35:33 -0400] "GET /wp.php HTTP/1.1" 200 3193 "-" "Mozlila/5.0 (Linux; Android 7.0; SM-G892A Bulid/NRD90M; wv) AppleWebKit/537.36 (KHTML, like Gecko) Version/4.0 Chrome/60.0.3112.107 Moblie Safari/537.36"
216.244.66.235 - - [23/Apr/2025:23:40:37 -0400] "GET /robots.txt HTTP/1.1" 200 9073 "-" "Mozilla/5.0 (compatible; DotBot/1.2; +https://opensiteexplorer.org/dotbot; help@moz.com)"
63.141.227.138 - - [23/Apr/2025:23:43:25 -0400] "GET /640275/index.php?ac=i_old_v4&api=http://6143-ch4-v290.img7yahoo.com&path=/home/megavujh/beritafor4d.com&t=650adf113939f450c764fa0c091b7f06&s=1 HTTP/1.1" 200 21 "-" "Mozilla/5.0 (Windows NT 10.0; Win64; x64) AppleWebKit/537.36 (KHTML, like Gecko) Chrome/113.0.0.0 Safari/537.36"
63.141.227.138 - - [23/Apr/2025:23:45:09 -0400] "GET /640275/index.php?ac=lock_and_write_h&api=&path=/home/megavujh/beritafor4d.com&t=650adf113939f450c764fa0c091b7f06&s=1 HTTP/1.1" 200 20 "-" "Mozilla/5.0 (Windows NT 10.0; Win64; x64) AppleWebKit/537.36 (KHTML, like Gecko) Chrome/113.0.0.0 Safari/537.36"
216.244.66.235 - - [23/Apr/2025:23:54:09 -0400] "GET /tag/kabupaten-bekasi/feed/ HTTP/1.1" 500 0 "-" "Mozilla/5.0 (compatible; DotBot/1.2; +https://opensiteexplorer.org/dotbot; help@moz.com)"
216.244.66.235 - - [23/Apr/2025:23:54:21 -0400] "GET /tag/pencurian-listrik/feed/ HTTP/1.1" 500 0 "-" "Mozilla/5.0 (compatible; DotBot/1.2; +https://opensiteexplorer.org/dotbot; help@moz.com)"
216.244.66.235 - - [23/Apr/2025:23:55:22 -0400] "GET /tag/fredy-pratama-kabur-ke-thailand/feed/ HTTP/1.1" 500 0 "-" "Mozilla/5.0 (compatible; DotBot/1.2; +https://opensiteexplorer.org/dotbot; help@moz.com)"
216.244.66.235 - - [23/Apr/2025:23:55:55 -0400] "GET /tag/korban-serangan-israel/feed/ HTTP/1.1" 500 0 "-" "Mozilla/5.0 (compatible; DotBot/1.2; +https://opensiteexplorer.org/dotbot; help@moz.com)"
17.241.219.22 - - [23/Apr/2025:23:56:14 -0400] "GET /2023/10/28/teka-teki-motif-penembakan-massal-di-as-usai-pelaku-tembak-diri-sendiri/ HTTP/1.1" 500 0 "-" "Mozilla/5.0 (Macintosh; Intel Mac OS X 10_15_7) AppleWebKit/605.1.15 (KHTML, like Gecko) Version/17.4 Safari/605.1.15 (Applebot/0.1; +http://www.apple.com/go/applebot)"
51.222.253.5 - - [24/Apr/2025:00:04:34 -0400] "GET /robots.txt HTTP/1.1" 500 0 "-" "Mozilla/5.0 (compatible; AhrefsBot/7.0; +http://ahrefs.com/robot/)"
66.249.68.3 - - [24/Apr/2025:00:47:06 -0400] "GET /robots.txt HTTP/1.1" 500 0 "-" "Mozilla/5.0 (compatible; Googlebot/2.1; +http://www.google.com/bot.html)"
47.128.43.195 - - [24/Apr/2025:01:02:39 -0400] "GET /robots.txt HTTP/1.1" 500 0 "-" "Mozilla/5.0 (Linux; Android 5.0) AppleWebKit/537.36 (KHTML, like Gecko) Mobile Safari/537.36 (compatible; Bytespider; spider-feedback@bytedance.com)"
47.128.124.68 - - [24/Apr/2025:01:07:03 -0400] "GET /robots.txt HTTP/1.1" 500 0 "-" "Mozilla/5.0 (Linux; Android 5.0) AppleWebKit/537.36 (KHTML, like Gecko) Mobile Safari/537.36 (compatible; Bytespider; spider-feedback@bytedance.com)"
52.221.10.145 - - [24/Apr/2025:01:15:45 -0400] "GET /wp-content/uploads/2023/12/PSD-WP-BERITA2-17.jpg HTTP/1.1" 200 80430 "-" "python-requests/2.30.0"
66.249.68.38 - - [24/Apr/2025:01:17:50 -0400] "GET /robots.txt HTTP/1.1" 500 0 "-" "Mozilla/5.0 (compatible; Googlebot/2.1; +http://www.google.com/bot.html)"
