165.22.107.245 - - [23/Apr/2025:18:02:22 -0400] "GET /wp-content/uploads/2023/11/uDLNGicZxMw2uRej.jpg HTTP/1.1" 200 114522 "-" "Mozilla/5.0 (Linux; Android 10; K) AppleWebKit/537.36 (KHTML, like Gecko) Chrome/122.0.0.0 Mobile Safari/537.36"
185.81.128.36 - - [23/Apr/2025:18:03:58 -0400] "GET /wp-content/plugins/cost-calculator-builder/readme.txt HTTP/1.1" 404 1251 "-" "Mozilla/5.0 (Windows NT 10.0; Win64; x64) AppleWebKit/537.36 (KHTML, like Gecko) Chrome/120.1.2.3 Safari/537.36 Edg/121.0.623.86"
66.249.68.39 - - [23/Apr/2025:18:09:29 -0400] "GET /tag/love-me-apk/ HTTP/1.1" 404 1251 "-" "Mozilla/5.0 (Linux; Android 6.0.1; Nexus 5X Build/MMB29P) AppleWebKit/537.36 (KHTML, like Gecko) Chrome/135.0.7049.95 Mobile Safari/537.36 (compatible; Googlebot/2.1; +http://www.google.com/bot.html)"
146.190.86.186 - - [23/Apr/2025:18:09:41 -0400] "GET /wp-content/uploads/2023/11/645862eecf85e-300x200.jpg HTTP/1.1" 200 5268 "-" "Mozilla/5.0 (Windows NT 10.0; Win64; x64) AppleWebKit/537.36 (KHTML, like Gecko) Chrome/121.0.0.0 Safari/537.36 Edg/121.0.0.0"
66.249.68.39 - - [23/Apr/2025:18:11:21 -0400] "GET /tag/manajemen-bulog/feed/ HTTP/1.1" 404 1251 "-" "Mozilla/5.0 (Linux; Android 6.0.1; Nexus 5X Build/MMB29P) AppleWebKit/537.36 (KHTML, like Gecko) Chrome/135.0.7049.95 Mobile Safari/537.36 (compatible; Googlebot/2.1; +http://www.google.com/bot.html)"
185.61.219.205 - - [23/Apr/2025:18:36:16 -0400] "GET / HTTP/1.1" 403 1242 "-" "Mozilla/5.0 (Windows NT 10.0; Win64; x64) AppleWebKit/537.36 (KHTML, like Gecko) Chrome/114.0.0.0 Safari/537.36 Vivaldi/5.3.2679.68"
185.61.219.205 - - [23/Apr/2025:18:36:23 -0400] "GET / HTTP/1.1" 403 1242 "-" "Mozilla/5.0 (Windows NT 10.0; Win64; x64) AppleWebKit/537.36 (KHTML, like Gecko) Chrome/114.0.0.0 Safari/537.36 Vivaldi/5.3.2679.68"
185.61.219.205 - - [23/Apr/2025:18:36:30 -0400] "GET / HTTP/1.1" 403 1242 "-" "Mozilla/5.0 (Windows NT 10.0; Win64; x64) AppleWebKit/537.36 (KHTML, like Gecko) Chrome/114.0.0.0 Safari/537.36 Vivaldi/5.3.2679.68"
185.61.219.205 - - [23/Apr/2025:18:36:38 -0400] "GET / HTTP/1.1" 403 1242 "-" "Mozilla/5.0 (Windows NT 10.0; Win64; x64) AppleWebKit/537.36 (KHTML, like Gecko) Chrome/114.0.0.0 Safari/537.36 Vivaldi/5.3.2679.68"
17.241.75.218 - - [23/Apr/2025:18:43:29 -0400] "GET /tag/tawuran-pelajar-smk/ HTTP/1.1" 404 1251 "-" "Mozilla/5.0 (Macintosh; Intel Mac OS X 10_15_7) AppleWebKit/605.1.15 (KHTML, like Gecko) Version/17.4 Safari/605.1.15 (Applebot/0.1; +http://www.apple.com/go/applebot)"
52.74.66.25 - - [23/Apr/2025:18:52:08 -0400] "GET /wp-content/uploads/2023/12/PSD-WP-BERITA1-9.jpg HTTP/1.1" 200 86545 "-" "python-requests/2.30.0"
40.77.167.57 - - [23/Apr/2025:19:02:29 -0400] "GET /wp-json/wp/v2/tags/1986 HTTP/1.1" 404 1251 "-" "Mozilla/5.0 AppleWebKit/537.36 (KHTML, like Gecko; compatible; bingbot/2.0; +http://www.bing.com/bingbot.htm) Chrome/116.0.1938.76 Safari/537.36"
66.70.185.71 - - [23/Apr/2025:19:19:17 -0400] "GET /robots.txt HTTP/1.1" 404 1251 "-" "Mozilla/5.0 (compatible; YaK/1.0; http://linkfluence.com/; bot@linkfluence.com)"
66.70.185.71 - - [23/Apr/2025:19:19:18 -0400] "GET / HTTP/1.1" 403 1242 "-" "Mozilla/5.0 (compatible; YaK/1.0; http://linkfluence.com/; bot@linkfluence.com)"
52.167.144.169 - - [23/Apr/2025:19:25:32 -0400] "GET /wp-json/wp/v2/tags/926 HTTP/1.1" 404 1251 "-" "Mozilla/5.0 AppleWebKit/537.36 (KHTML, like Gecko; compatible; bingbot/2.0; +http://www.bing.com/bingbot.htm) Chrome/116.0.1938.76 Safari/537.36"
40.77.167.132 - - [23/Apr/2025:19:25:40 -0400] "GET /tag/vey-ruby-jane-omek/ HTTP/1.1" 404 1251 "-" "Mozilla/5.0 AppleWebKit/537.36 (KHTML, like Gecko; compatible; bingbot/2.0; +http://www.bing.com/bingbot.htm) Chrome/116.0.1938.76 Safari/537.36"
5.9.16.92 - - [23/Apr/2025:19:29:11 -0400] "GET /2024/08/14/aksi-wartawan-jitak-armor-suami-cut-intan-nabila/ HTTP/1.0" 404 1251 "https://beritafor4d.com/2024/08/14/aksi-wartawan-jitak-armor-suami-cut-intan-nabila/" "Mozilla/5.0 (Windows NT 10.0; Win64; x64) AppleWebKit/537.36 (KHTML, like Gecko) Chrome/129.0.0.0 Safari/537.36"
5.9.16.92 - - [23/Apr/2025:19:29:13 -0400] "GET / HTTP/1.0" 403 1242 "https://beritafor4d.com/" "Mozilla/5.0 (Windows NT 10.0; Win64; x64) AppleWebKit/537.36 (KHTML, like Gecko) Chrome/129.0.0.0 Safari/537.36"
5.9.16.92 - - [23/Apr/2025:19:29:14 -0400] "GET / HTTP/1.0" 403 1242 "https://beritafor4d.com/" "Mozilla/5.0 (Windows NT 10.0; Win64; x64) AppleWebKit/537.36 (KHTML, like Gecko) Chrome/129.0.0.0 Safari/537.36"
66.249.68.39 - - [23/Apr/2025:20:13:23 -0400] "GET /tag/babi/ HTTP/1.1" 404 1251 "-" "Mozilla/5.0 (Linux; Android 6.0.1; Nexus 5X Build/MMB29P) AppleWebKit/537.36 (KHTML, like Gecko) Chrome/135.0.7049.95 Mobile Safari/537.36 (compatible; Googlebot/2.1; +http://www.google.com/bot.html)"
134.17.14.122 - - [23/Apr/2025:20:14:02 -0400] "GET /wp-content/plugins/pwnd/pwnd.php HTTP/1.1" 404 1251 "-" "Mozilla/4.0 (compatible; MSIE 6.0; Windows NT 5.1; SV1)"
63.141.227.138 - - [23/Apr/2025:20:29:58 -0400] "GET /640275/about.php?520&d_time HTTP/1.1" 404 1251 "-" "Mozilla/5.0 (Windows NT 10.0; Win64; x64) AppleWebKit/537.36 (KHTML, like Gecko) Chrome/113.0.0.0 Safari/537.36"
182.253.112.19 - - [23/Apr/2025:20:34:20 -0400] "GET /640275/about.php?520&d_time HTTP/1.1" 404 1251 "-" "Mozilla/5.0 (Windows NT 10.0; Win64; x64) AppleWebKit/537.36 (KHTML, like Gecko) Chrome/113.0.0.0 Safari/537.36"
17.241.75.199 - - [23/Apr/2025:20:35:42 -0400] "GET /robots.txt HTTP/1.1" 404 1251 "-" "Mozilla/5.0 (Macintosh; Intel Mac OS X 10_15_7) AppleWebKit/605.1.15 (KHTML, like Gecko) Version/17.4 Safari/605.1.15 (Applebot/0.1; +http://www.apple.com/go/applebot)"
17.241.75.199 - - [23/Apr/2025:20:35:43 -0400] "GET /tag/pakistan/ HTTP/1.1" 404 1251 "-" "Mozilla/5.0 (Macintosh; Intel Mac OS X 10_15_7) AppleWebKit/605.1.15 (KHTML, like Gecko) Version/17.4 Safari/605.1.15 (Applebot/0.1; +http://www.apple.com/go/applebot)"
63.141.227.138 - - [23/Apr/2025:20:48:36 -0400] "GET /640275/index.php?520&d_time HTTP/1.1" 200 38 "-" "Mozilla/5.0 (Windows NT 10.0; Win64; x64) AppleWebKit/537.36 (KHTML, like Gecko) Chrome/113.0.0.0 Safari/537.36"
107.150.56.234 - - [23/Apr/2025:20:59:28 -0400] "GET /640275/index.php?520 HTTP/1.1" 200 109 "-" "Mozilla/5.0 (Windows NT 10.0; Win64; x64) AppleWebKit/537.36 (KHTML, like Gecko) Chrome/113.0.0.0 Safari/537.36"
107.150.56.234 - - [23/Apr/2025:20:59:29 -0400] "GET /640275/index.php?520 HTTP/1.1" 200 109 "-" "Mozilla/5.0 (Windows NT 10.0; Win64; x64) AppleWebKit/537.36 (KHTML, like Gecko) Chrome/113.0.0.0 Safari/537.36"
107.150.56.234 - - [23/Apr/2025:20:59:30 -0400] "POST /640275/index.php?520 HTTP/1.1" 200 1660 "-" "Mozilla/5.0 (Windows NT 10.0; Win64; x64) AppleWebKit/537.36 (KHTML, like Gecko) Chrome/113.0.0.0 Safari/537.36"
107.150.56.234 - - [23/Apr/2025:20:59:32 -0400] "POST /640275/index.php?520 HTTP/1.1" 200 1697 "-" "Mozilla/5.0 (Windows NT 10.0; Win64; x64) AppleWebKit/537.36 (KHTML, like Gecko) Chrome/113.0.0.0 Safari/537.36"
107.150.56.234 - - [23/Apr/2025:20:59:32 -0400] "GET /640275/lock360.php?ac=p&api=&path=&t=650adf113939f450c764fa0c091b7f06 HTTP/1.1" 404 1251 "-" "Mozilla/5.0 (Windows NT 10.0; Win64; x64) AppleWebKit/537.36 (KHTML, like Gecko) Chrome/113.0.0.0 Safari/537.36"
107.150.56.234 - - [23/Apr/2025:20:59:33 -0400] "GET /640275/lock360.php?ac=delete_myself&api=&path=&t=650adf113939f450c764fa0c091b7f06 HTTP/1.1" 404 1251 "-" "Mozilla/5.0 (Windows NT 10.0; Win64; x64) AppleWebKit/537.36 (KHTML, like Gecko) Chrome/113.0.0.0 Safari/537.36"
66.249.68.32 - - [23/Apr/2025:21:06:05 -0400] "GET /tag/stasiun-kereta-cepat/ HTTP/1.1" 404 1251 "-" "Mozilla/5.0 (Linux; Android 6.0.1; Nexus 5X Build/MMB29P) AppleWebKit/537.36 (KHTML, like Gecko) Chrome/135.0.7049.95 Mobile Safari/537.36 (compatible; Googlebot/2.1; +http://www.google.com/bot.html)"
107.150.56.234 - - [23/Apr/2025:21:06:18 -0400] "GET /640275/index.php?ac=u-about&api=&path=&t=650adf113939f450c764fa0c091b7f06&s=1 HTTP/1.1" 200 45 "-" "Mozilla/5.0 (Windows NT 10.0; Win64; x64) AppleWebKit/537.36 (KHTML, like Gecko) Chrome/113.0.0.0 Safari/537.36"
107.150.56.234 - - [23/Apr/2025:21:07:05 -0400] "GET /about.php?ac=i_old_v4&api=http://6143-ch4-v290.img7yahoo.com&path=/home/megavujh/beritafor4d.com&t=650adf113939f450c764fa0c091b7f06&s=1 HTTP/1.1" 404 1251 "-" "Mozilla/5.0 (Windows NT 10.0; Win64; x64) AppleWebKit/537.36 (KHTML, like Gecko) Chrome/113.0.0.0 Safari/537.36"
192.42.116.179 - - [23/Apr/2025:21:07:47 -0400] "GET / HTTP/1.1" 403 1242 "https://beritafor4d.com" "Mozilla/5.0 (Windows NT 6.1; WOW64) AppleWebKit/537.36 (KHTML, like Gecko) Chrome/65.0.3325.181 Safari/537.36 OPR/52.0.2871.64"
64.124.8.184 - - [23/Apr/2025:21:09:21 -0400] "GET /robots.txt HTTP/1.1" 404 1251 "-" "Mozilla/5.0 (compatible; ImagesiftBot; +imagesift.com)"
64.124.8.184 - - [23/Apr/2025:21:09:22 -0400] "GET /wp-json/wp/v2/tags/768 HTTP/1.1" 404 1251 "-" "Mozilla/5.0 (compatible; ImagesiftBot; +imagesift.com)"
64.124.8.184 - - [23/Apr/2025:21:09:27 -0400] "GET /tag/jakarta-barat/ HTTP/1.1" 404 1251 "-" "Mozilla/5.0 (compatible; ImagesiftBot; +imagesift.com)"
64.124.8.184 - - [23/Apr/2025:21:09:29 -0400] "GET /wp-json/wp/v2/tags/2714 HTTP/1.1" 404 1251 "-" "Mozilla/5.0 (compatible; ImagesiftBot; +imagesift.com)"
64.124.8.184 - - [23/Apr/2025:21:09:31 -0400] "GET /tag/begal-handphone/ HTTP/1.1" 404 1251 "-" "Mozilla/5.0 (compatible; ImagesiftBot; +imagesift.com)"
64.124.8.184 - - [23/Apr/2025:21:09:33 -0400] "GET /wp-json/wp/v2/tags/404 HTTP/1.1" 404 1251 "-" "Mozilla/5.0 (compatible; ImagesiftBot; +imagesift.com)"
64.124.8.184 - - [23/Apr/2025:21:09:34 -0400] "GET /tag/mahasiswa-ipb-meninggal-dunia/ HTTP/1.1" 404 1251 "-" "Mozilla/5.0 (compatible; ImagesiftBot; +imagesift.com)"
64.124.8.184 - - [23/Apr/2025:21:09:38 -0400] "GET /wp-json/wp/v2/tags/146 HTTP/1.1" 404 1251 "-" "Mozilla/5.0 (compatible; ImagesiftBot; +imagesift.com)"
64.124.8.184 - - [23/Apr/2025:21:09:43 -0400] "GET /tag/pemberantasan-korupsi/ HTTP/1.1" 404 1251 "-" "Mozilla/5.0 (compatible; ImagesiftBot; +imagesift.com)"
64.124.8.184 - - [23/Apr/2025:21:09:44 -0400] "GET /tag/berhubungan-seks/ HTTP/1.1" 404 1251 "-" "Mozilla/5.0 (compatible; ImagesiftBot; +imagesift.com)"
64.124.8.184 - - [23/Apr/2025:21:09:47 -0400] "GET /tag/wulan-guritno/ HTTP/1.1" 404 1251 "-" "Mozilla/5.0 (compatible; ImagesiftBot; +imagesift.com)"
64.124.8.184 - - [23/Apr/2025:21:09:51 -0400] "GET /wp-json/wp/v2/tags/2326 HTTP/1.1" 404 1251 "-" "Mozilla/5.0 (compatible; ImagesiftBot; +imagesift.com)"
64.124.8.184 - - [23/Apr/2025:21:09:52 -0400] "GET /wp-json/wp/v2/tags/1689 HTTP/1.1" 404 1251 "-" "Mozilla/5.0 (compatible; ImagesiftBot; +imagesift.com)"
64.124.8.184 - - [23/Apr/2025:21:09:55 -0400] "GET /tag/tanah-longsor/ HTTP/1.1" 404 1251 "-" "Mozilla/5.0 (compatible; ImagesiftBot; +imagesift.com)"
64.124.8.184 - - [23/Apr/2025:21:10:00 -0400] "GET /wp-json/wp/v2/tags/892 HTTP/1.1" 404 1251 "-" "Mozilla/5.0 (compatible; ImagesiftBot; +imagesift.com)"
64.124.8.184 - - [23/Apr/2025:21:10:04 -0400] "GET /wp-json/wp/v2/tags/904 HTTP/1.1" 404 1251 "-" "Mozilla/5.0 (compatible; ImagesiftBot; +imagesift.com)"
64.124.8.184 - - [23/Apr/2025:21:10:10 -0400] "GET /wp-json/wp/v2/tags/1818 HTTP/1.1" 404 0 "-" "Mozilla/5.0 (compatible; ImagesiftBot; +imagesift.com)"
64.124.8.184 - - [23/Apr/2025:21:10:13 -0400] "GET /wp-json/wp/v2/tags/2342 HTTP/1.1" 404 1251 "-" "Mozilla/5.0 (compatible; ImagesiftBot; +imagesift.com)"
64.124.8.184 - - [23/Apr/2025:21:10:16 -0400] "GET /tag/mutilasi/ HTTP/1.1" 404 1251 "-" "Mozilla/5.0 (compatible; ImagesiftBot; +imagesift.com)"
64.124.8.184 - - [23/Apr/2025:21:10:18 -0400] "GET /tag/kabar-olahraga/ HTTP/1.1" 404 1251 "-" "Mozilla/5.0 (compatible; ImagesiftBot; +imagesift.com)"
64.124.8.184 - - [23/Apr/2025:21:10:20 -0400] "GET /tag/mahasiswa-trisakti/ HTTP/1.1" 404 1251 "-" "Mozilla/5.0 (compatible; ImagesiftBot; +imagesift.com)"
64.124.8.184 - - [23/Apr/2025:21:10:21 -0400] "GET /tag/meli-3gp/ HTTP/1.1" 404 1251 "-" "Mozilla/5.0 (compatible; ImagesiftBot; +imagesift.com)"
64.124.8.184 - - [23/Apr/2025:21:10:24 -0400] "GET /tag/korea-selatan/ HTTP/1.1" 404 1251 "-" "Mozilla/5.0 (compatible; ImagesiftBot; +imagesift.com)"
64.124.8.184 - - [23/Apr/2025:21:10:27 -0400] "GET /tag/kjp/ HTTP/1.1" 404 1251 "-" "Mozilla/5.0 (compatible; ImagesiftBot; +imagesift.com)"
64.124.8.184 - - [23/Apr/2025:21:10:30 -0400] "GET /tag/film-kramat-tunggak/ HTTP/1.1" 404 1251 "-" "Mozilla/5.0 (compatible; ImagesiftBot; +imagesift.com)"
64.124.8.184 - - [23/Apr/2025:21:10:35 -0400] "GET /wp-json/wp/v2/tags/1700 HTTP/1.1" 404 1251 "-" "Mozilla/5.0 (compatible; ImagesiftBot; +imagesift.com)"
64.124.8.184 - - [23/Apr/2025:21:10:37 -0400] "GET /tag/kecelakaan-cipali/ HTTP/1.1" 404 1251 "-" "Mozilla/5.0 (compatible; ImagesiftBot; +imagesift.com)"
64.124.8.184 - - [23/Apr/2025:21:10:47 -0400] "GET /wp-json/wp/v2/tags/2160 HTTP/1.1" 404 1251 "-" "Mozilla/5.0 (compatible; ImagesiftBot; +imagesift.com)"
64.124.8.184 - - [23/Apr/2025:21:10:54 -0400] "GET /tag/motogp-thailand/ HTTP/1.1" 404 1251 "-" "Mozilla/5.0 (compatible; ImagesiftBot; +imagesift.com)"
64.124.8.184 - - [23/Apr/2025:21:11:00 -0400] "GET /tag/selebgram-indonesia/ HTTP/1.1" 404 1251 "-" "Mozilla/5.0 (compatible; ImagesiftBot; +imagesift.com)"
64.124.8.184 - - [23/Apr/2025:21:11:04 -0400] "GET /tag/aksi-long-march/ HTTP/1.1" 404 1251 "-" "Mozilla/5.0 (compatible; ImagesiftBot; +imagesift.com)"
64.124.8.184 - - [23/Apr/2025:21:11:09 -0400] "GET /wp-json/wp/v2/tags/2019 HTTP/1.1" 404 1251 "-" "Mozilla/5.0 (compatible; ImagesiftBot; +imagesift.com)"
107.150.56.234 - - [23/Apr/2025:21:11:18 -0400] "GET /640275/index.php?520 HTTP/1.1" 200 0 "-" "ShellBot 2.0 Mozilla/5.0 (Windows NT 10.0; Win64; x64) AppleWebKit/537.36 (KHTML, like Gecko) Chrome/134.0.0.0 Safari/537.36"
107.150.56.234 - - [23/Apr/2025:21:11:18 -0400] "GET /640275/index.php?520 HTTP/1.1" 200 60 "-" "ShellBot 2.0 Mozilla/5.0 (Windows NT 10.0; Win64; x64) AppleWebKit/537.36 (KHTML, like Gecko) Chrome/134.0.0.0 Safari/537.36"
64.124.8.184 - - [23/Apr/2025:21:11:19 -0400] "GET /wp-json/wp/v2/tags/1256 HTTP/1.1" 404 1251 "-" "Mozilla/5.0 (compatible; ImagesiftBot; +imagesift.com)"
107.150.56.234 - - [23/Apr/2025:21:11:20 -0400] "GET /favicon.ico HTTP/1.1" 404 1251 "https://beritafor4d.com/640275/index.php?520" "ShellBot 2.0 Mozilla/5.0 (Windows NT 10.0; Win64; x64) AppleWebKit/537.36 (KHTML, like Gecko) Chrome/134.0.0.0 Safari/537.36"
64.124.8.184 - - [23/Apr/2025:21:11:22 -0400] "GET /wp-json/wp/v2/posts/377 HTTP/1.1" 404 1251 "-" "Mozilla/5.0 (compatible; ImagesiftBot; +imagesift.com)"
64.124.8.184 - - [23/Apr/2025:21:11:25 -0400] "GET /tag/ipb/ HTTP/1.1" 404 1251 "-" "Mozilla/5.0 (compatible; ImagesiftBot; +imagesift.com)"
64.124.8.184 - - [23/Apr/2025:21:11:30 -0400] "GET /tag/jeje-govinda-suami-syahnaz/ HTTP/1.1" 404 1251 "-" "Mozilla/5.0 (compatible; ImagesiftBot; +imagesift.com)"
64.124.8.184 - - [23/Apr/2025:21:11:34 -0400] "GET /tag/iklim-tropis/ HTTP/1.1" 404 1251 "-" "Mozilla/5.0 (compatible; ImagesiftBot; +imagesift.com)"
64.124.8.184 - - [23/Apr/2025:21:11:36 -0400] "GET /wp-json/wp/v2/tags/713 HTTP/1.1" 404 1251 "-" "Mozilla/5.0 (compatible; ImagesiftBot; +imagesift.com)"
64.124.8.184 - - [23/Apr/2025:21:11:38 -0400] "GET /tag/liga-premier-league-2023-2024/ HTTP/1.1" 404 1251 "-" "Mozilla/5.0 (compatible; ImagesiftBot; +imagesift.com)"
64.124.8.184 - - [23/Apr/2025:21:11:42 -0400] "GET /tag/aksi-kejar-kejaran/ HTTP/1.1" 404 1251 "-" "Mozilla/5.0 (compatible; ImagesiftBot; +imagesift.com)"
64.124.8.184 - - [23/Apr/2025:21:11:44 -0400] "GET /tag/magelang/ HTTP/1.1" 404 1251 "-" "Mozilla/5.0 (compatible; ImagesiftBot; +imagesift.com)"
64.124.8.184 - - [23/Apr/2025:21:11:46 -0400] "GET /wp-json/wp/v2/tags/2185 HTTP/1.1" 404 1251 "-" "Mozilla/5.0 (compatible; ImagesiftBot; +imagesift.com)"
64.124.8.184 - - [23/Apr/2025:21:11:48 -0400] "GET /wp-json/wp/v2/tags/371 HTTP/1.1" 404 1251 "-" "Mozilla/5.0 (compatible; ImagesiftBot; +imagesift.com)"
64.124.8.184 - - [23/Apr/2025:21:11:53 -0400] "GET /wp-json/wp/v2/tags/1090 HTTP/1.1" 404 0 "-" "Mozilla/5.0 (compatible; ImagesiftBot; +imagesift.com)"
64.124.8.184 - - [23/Apr/2025:21:12:01 -0400] "GET /wp-json/wp/v2/tags/2844 HTTP/1.1" 404 1251 "-" "Mozilla/5.0 (compatible; ImagesiftBot; +imagesift.com)"
64.124.8.184 - - [23/Apr/2025:21:12:06 -0400] "GET /wp-json/wp/v2/tags/890 HTTP/1.1" 404 1251 "-" "Mozilla/5.0 (compatible; ImagesiftBot; +imagesift.com)"
64.124.8.184 - - [23/Apr/2025:21:12:15 -0400] "GET /wp-json/wp/v2/tags/902 HTTP/1.1" 404 1251 "-" "Mozilla/5.0 (compatible; ImagesiftBot; +imagesift.com)"
64.124.8.184 - - [23/Apr/2025:21:12:17 -0400] "GET /tag/seksual/ HTTP/1.1" 404 1251 "-" "Mozilla/5.0 (compatible; ImagesiftBot; +imagesift.com)"
64.124.8.184 - - [23/Apr/2025:21:12:22 -0400] "GET /tag/berita-viral/ HTTP/1.1" 404 1251 "-" "Mozilla/5.0 (compatible; ImagesiftBot; +imagesift.com)"
64.124.8.184 - - [23/Apr/2025:21:12:24 -0400] "GET /tag/unjuk-rasa-buruh/ HTTP/1.1" 404 1251 "-" "Mozilla/5.0 (compatible; ImagesiftBot; +imagesift.com)"
107.150.56.234 - - [23/Apr/2025:21:12:27 -0400] "POST /640275/index.php?520 HTTP/1.1" 200 0 "https://beritafor4d.com/640275/index.php?520" "ShellBot 2.0 Mozilla/5.0 (Windows NT 10.0; Win64; x64) AppleWebKit/537.36 (KHTML, like Gecko) Chrome/134.0.0.0 Safari/537.36"
13.228.74.91 - - [23/Apr/2025:21:12:27 -0400] "GET /wp-content/uploads/2023/11/dex-300x300.png HTTP/1.1" 200 56643 "-" "python-requests/2.30.0"
107.150.56.234 - - [23/Apr/2025:21:12:27 -0400] "POST /640275/index.php?520 HTTP/1.1" 200 824 "https://beritafor4d.com/640275/index.php?520" "ShellBot 2.0 Mozilla/5.0 (Windows NT 10.0; Win64; x64) AppleWebKit/537.36 (KHTML, like Gecko) Chrome/134.0.0.0 Safari/537.36"
107.150.56.234 - - [23/Apr/2025:21:12:29 -0400] "POST /640275/index.php?520 HTTP/1.1" 200 0 "https://beritafor4d.com/640275/index.php?520" "ShellBot 2.0 Mozilla/5.0 (Windows NT 10.0; Win64; x64) AppleWebKit/537.36 (KHTML, like Gecko) Chrome/134.0.0.0 Safari/537.36"
107.150.56.234 - - [23/Apr/2025:21:12:30 -0400] "POST /640275/index.php?520 HTTP/1.1" 200 0 "https://beritafor4d.com/640275/index.php?520" "ShellBot 2.0 Mozilla/5.0 (Windows NT 10.0; Win64; x64) AppleWebKit/537.36 (KHTML, like Gecko) Chrome/134.0.0.0 Safari/537.36"
107.150.56.234 - - [23/Apr/2025:21:12:30 -0400] "POST /640275/index.php?520 HTTP/1.1" 200 0 "https://beritafor4d.com/640275/index.php?520" "ShellBot 2.0 Mozilla/5.0 (Windows NT 10.0; Win64; x64) AppleWebKit/537.36 (KHTML, like Gecko) Chrome/134.0.0.0 Safari/537.36"
107.150.56.234 - - [23/Apr/2025:21:12:30 -0400] "POST /640275/index.php?520 HTTP/1.1" 200 0 "https://beritafor4d.com/640275/index.php?520" "ShellBot 2.0 Mozilla/5.0 (Windows NT 10.0; Win64; x64) AppleWebKit/537.36 (KHTML, like Gecko) Chrome/134.0.0.0 Safari/537.36"
107.150.56.234 - - [23/Apr/2025:21:12:31 -0400] "POST /640275/index.php?520 HTTP/1.1" 200 0 "https://beritafor4d.com/640275/index.php?520" "ShellBot 2.0 Mozilla/5.0 (Windows NT 10.0; Win64; x64) AppleWebKit/537.36 (KHTML, like Gecko) Chrome/134.0.0.0 Safari/537.36"
64.124.8.184 - - [23/Apr/2025:21:12:31 -0400] "GET /wp-json/wp/v2/tags/2132 HTTP/1.1" 404 1251 "-" "Mozilla/5.0 (compatible; ImagesiftBot; +imagesift.com)"
107.150.56.234 - - [23/Apr/2025:21:12:31 -0400] "POST /640275/index.php?520 HTTP/1.1" 200 0 "https://beritafor4d.com/640275/index.php?520" "ShellBot 2.0 Mozilla/5.0 (Windows NT 10.0; Win64; x64) AppleWebKit/537.36 (KHTML, like Gecko) Chrome/134.0.0.0 Safari/537.36"
107.150.56.234 - - [23/Apr/2025:21:12:31 -0400] "POST /640275/index.php?520 HTTP/1.1" 200 0 "https://beritafor4d.com/640275/index.php?520" "ShellBot 2.0 Mozilla/5.0 (Windows NT 10.0; Win64; x64) AppleWebKit/537.36 (KHTML, like Gecko) Chrome/134.0.0.0 Safari/537.36"
107.150.56.234 - - [23/Apr/2025:21:12:32 -0400] "POST /640275/index.php?520 HTTP/1.1" 200 0 "https://beritafor4d.com/640275/index.php?520" "ShellBot 2.0 Mozilla/5.0 (Windows NT 10.0; Win64; x64) AppleWebKit/537.36 (KHTML, like Gecko) Chrome/134.0.0.0 Safari/537.36"
107.150.56.234 - - [23/Apr/2025:21:12:32 -0400] "POST /640275/index.php?520 HTTP/1.1" 200 0 "https://beritafor4d.com/640275/index.php?520" "ShellBot 2.0 Mozilla/5.0 (Windows NT 10.0; Win64; x64) AppleWebKit/537.36 (KHTML, like Gecko) Chrome/134.0.0.0 Safari/537.36"
107.150.56.234 - - [23/Apr/2025:21:12:32 -0400] "POST /640275/index.php?520 HTTP/1.1" 200 0 "https://beritafor4d.com/640275/index.php?520" "ShellBot 2.0 Mozilla/5.0 (Windows NT 10.0; Win64; x64) AppleWebKit/537.36 (KHTML, like Gecko) Chrome/134.0.0.0 Safari/537.36"
107.150.56.234 - - [23/Apr/2025:21:12:32 -0400] "POST /640275/index.php?520 HTTP/1.1" 200 0 "https://beritafor4d.com/640275/index.php?520" "ShellBot 2.0 Mozilla/5.0 (Windows NT 10.0; Win64; x64) AppleWebKit/537.36 (KHTML, like Gecko) Chrome/134.0.0.0 Safari/537.36"
107.150.56.234 - - [23/Apr/2025:21:12:32 -0400] "POST /640275/index.php?520 HTTP/1.1" 200 0 "https://beritafor4d.com/640275/index.php?520" "ShellBot 2.0 Mozilla/5.0 (Windows NT 10.0; Win64; x64) AppleWebKit/537.36 (KHTML, like Gecko) Chrome/134.0.0.0 Safari/537.36"
107.150.56.234 - - [23/Apr/2025:21:12:32 -0400] "POST /640275/index.php?520 HTTP/1.1" 200 0 "https://beritafor4d.com/640275/index.php?520" "ShellBot 2.0 Mozilla/5.0 (Windows NT 10.0; Win64; x64) AppleWebKit/537.36 (KHTML, like Gecko) Chrome/134.0.0.0 Safari/537.36"
107.150.56.234 - - [23/Apr/2025:21:12:32 -0400] "POST /640275/index.php?520 HTTP/1.1" 200 0 "https://beritafor4d.com/640275/index.php?520" "ShellBot 2.0 Mozilla/5.0 (Windows NT 10.0; Win64; x64) AppleWebKit/537.36 (KHTML, like Gecko) Chrome/134.0.0.0 Safari/537.36"
107.150.56.234 - - [23/Apr/2025:21:12:33 -0400] "POST /640275/index.php?520 HTTP/1.1" 200 0 "https://beritafor4d.com/640275/index.php?520" "ShellBot 2.0 Mozilla/5.0 (Windows NT 10.0; Win64; x64) AppleWebKit/537.36 (KHTML, like Gecko) Chrome/134.0.0.0 Safari/537.36"
107.150.56.234 - - [23/Apr/2025:21:12:34 -0400] "POST /640275/index.php?520 HTTP/1.1" 200 824 "https://beritafor4d.com/640275/index.php?520" "ShellBot 2.0 Mozilla/5.0 (Windows NT 10.0; Win64; x64) AppleWebKit/537.36 (KHTML, like Gecko) Chrome/134.0.0.0 Safari/537.36"
64.124.8.184 - - [23/Apr/2025:21:12:39 -0400] "GET /wp-json/wp/v2/tags/852 HTTP/1.1" 404 1251 "-" "Mozilla/5.0 (compatible; ImagesiftBot; +imagesift.com)"
64.124.8.184 - - [23/Apr/2025:21:12:44 -0400] "GET /wp-json/wp/v2/tags/1948 HTTP/1.1" 404 1251 "-" "Mozilla/5.0 (compatible; ImagesiftBot; +imagesift.com)"
64.124.8.184 - - [23/Apr/2025:21:12:45 -0400] "GET /tag/road-race/ HTTP/1.1" 404 1251 "-" "Mozilla/5.0 (compatible; ImagesiftBot; +imagesift.com)"
64.124.8.184 - - [23/Apr/2025:21:12:47 -0400] "GET /wp-json/wp/v2/tags/230 HTTP/1.1" 404 1251 "-" "Mozilla/5.0 (compatible; ImagesiftBot; +imagesift.com)"
64.124.8.184 - - [23/Apr/2025:21:12:54 -0400] "GET /tag/timnas-indonesia-tembus-semifinal/ HTTP/1.1" 404 1251 "-" "Mozilla/5.0 (compatible; ImagesiftBot; +imagesift.com)"
64.124.8.184 - - [23/Apr/2025:21:13:01 -0400] "GET /tag/klarifikasi-baim-wong-ipad/ HTTP/1.1" 404 1251 "-" "Mozilla/5.0 (compatible; ImagesiftBot; +imagesift.com)"
64.124.8.184 - - [23/Apr/2025:21:13:02 -0400] "GET /wp-json/wp/v2/posts/611 HTTP/1.1" 404 1251 "-" "Mozilla/5.0 (compatible; ImagesiftBot; +imagesift.com)"
64.124.8.184 - - [23/Apr/2025:21:13:04 -0400] "GET /wp-json/wp/v2/tags/1300 HTTP/1.1" 404 1251 "-" "Mozilla/5.0 (compatible; ImagesiftBot; +imagesift.com)"
64.124.8.184 - - [23/Apr/2025:21:13:11 -0400] "GET /wp-json/wp/v2/tags/1102 HTTP/1.1" 404 1251 "-" "Mozilla/5.0 (compatible; ImagesiftBot; +imagesift.com)"
64.124.8.184 - - [23/Apr/2025:21:13:19 -0400] "GET /wp-json/wp/v2/tags/1434 HTTP/1.1" 404 1251 "-" "Mozilla/5.0 (compatible; ImagesiftBot; +imagesift.com)"
64.124.8.184 - - [23/Apr/2025:21:13:30 -0400] "GET /tag/ngurah-rai/ HTTP/1.1" 404 1251 "-" "Mozilla/5.0 (compatible; ImagesiftBot; +imagesift.com)"
64.124.8.184 - - [23/Apr/2025:21:13:43 -0400] "GET /tag/berita-pornografi/ HTTP/1.1" 404 1251 "-" "Mozilla/5.0 (compatible; ImagesiftBot; +imagesift.com)"
64.124.8.184 - - [23/Apr/2025:21:13:52 -0400] "GET /wp-json/wp/v2/tags/298 HTTP/1.1" 404 1251 "-" "Mozilla/5.0 (compatible; ImagesiftBot; +imagesift.com)"
64.124.8.184 - - [23/Apr/2025:21:13:56 -0400] "GET /wp-json/wp/v2/tags/1576 HTTP/1.1" 404 0 "-" "Mozilla/5.0 (compatible; ImagesiftBot; +imagesift.com)"
64.124.8.184 - - [23/Apr/2025:21:13:58 -0400] "GET /wp-json/wp/v2/tags/472 HTTP/1.1" 404 1251 "-" "Mozilla/5.0 (compatible; ImagesiftBot; +imagesift.com)"
64.124.8.184 - - [23/Apr/2025:21:14:11 -0400] "GET /tag/tim-terbaik-di-dunia/ HTTP/1.1" 404 1251 "-" "Mozilla/5.0 (compatible; ImagesiftBot; +imagesift.com)"
64.124.8.184 - - [23/Apr/2025:21:14:27 -0400] "GET /tag/anak-muda-pacaran/ HTTP/1.1" 404 1251 "-" "Mozilla/5.0 (compatible; ImagesiftBot; +imagesift.com)"
107.150.56.234 - - [23/Apr/2025:21:14:39 -0400] "GET /640275/index.php? HTTP/1.1" 200 841 "https://beritafor4d.com/640275/index.php?520" "ShellBot 2.0 Mozilla/5.0 (Windows NT 10.0; Win64; x64) AppleWebKit/537.36 (KHTML, like Gecko) Chrome/134.0.0.0 Safari/537.36"
107.150.56.234 - - [23/Apr/2025:21:14:41 -0400] "GET /640275/index.php?p= HTTP/1.1" 200 0 "https://beritafor4d.com/640275/index.php?" "ShellBot 2.0 Mozilla/5.0 (Windows NT 10.0; Win64; x64) AppleWebKit/537.36 (KHTML, like Gecko) Chrome/134.0.0.0 Safari/537.36"
64.124.8.184 - - [23/Apr/2025:21:14:41 -0400] "GET /wp-json/wp/v2/tags/711 HTTP/1.1" 404 1251 "-" "Mozilla/5.0 (compatible; ImagesiftBot; +imagesift.com)"
107.150.56.234 - - [23/Apr/2025:21:14:41 -0400] "GET /640275/index.php? HTTP/1.1" 200 841 "https://beritafor4d.com/640275/index.php?" "ShellBot 2.0 Mozilla/5.0 (Windows NT 10.0; Win64; x64) AppleWebKit/537.36 (KHTML, like Gecko) Chrome/134.0.0.0 Safari/537.36"
107.150.56.234 - - [23/Apr/2025:21:14:41 -0400] "GET /640275/index.php?p= HTTP/1.1" 200 0 "https://beritafor4d.com/640275/index.php?" "ShellBot 2.0 Mozilla/5.0 (Windows NT 10.0; Win64; x64) AppleWebKit/537.36 (KHTML, like Gecko) Chrome/134.0.0.0 Safari/537.36"
107.150.56.234 - - [23/Apr/2025:21:14:42 -0400] "GET /640275/index.php? HTTP/1.1" 200 841 "https://beritafor4d.com/640275/index.php?" "ShellBot 2.0 Mozilla/5.0 (Windows NT 10.0; Win64; x64) AppleWebKit/537.36 (KHTML, like Gecko) Chrome/134.0.0.0 Safari/537.36"
64.124.8.184 - - [23/Apr/2025:21:14:44 -0400] "GET /tag/brimob-tertembak/ HTTP/1.1" 404 1251 "-" "Mozilla/5.0 (compatible; ImagesiftBot; +imagesift.com)"
107.150.56.234 - - [23/Apr/2025:21:14:43 -0400] "GET /640275/index.php?p= HTTP/1.1" 200 2413 "https://beritafor4d.com/640275/index.php?" "ShellBot 2.0 Mozilla/5.0 (Windows NT 10.0; Win64; x64) AppleWebKit/537.36 (KHTML, like Gecko) Chrome/134.0.0.0 Safari/537.36"
64.124.8.184 - - [23/Apr/2025:21:14:46 -0400] "GET /tag/majenang/ HTTP/1.1" 404 1251 "-" "Mozilla/5.0 (compatible; ImagesiftBot; +imagesift.com)"
64.124.8.184 - - [23/Apr/2025:21:14:54 -0400] "GET /wp-json/wp/v2/tags/400 HTTP/1.1" 404 1251 "-" "Mozilla/5.0 (compatible; ImagesiftBot; +imagesift.com)"
107.150.56.234 - - [23/Apr/2025:21:14:55 -0400] "GET /640275/index.php?upload&q=%E0%A6%95home%E0%A6%95megavujh%E0%A6%95beritafor4d%E0%A6%97com HTTP/1.1" 200 964 "https://beritafor4d.com/640275/index.php?p=" "ShellBot 2.0 Mozilla/5.0 (Windows NT 10.0; Win64; x64) AppleWebKit/537.36 (KHTML, like Gecko) Chrome/134.0.0.0 Safari/537.36"
107.150.56.234 - - [23/Apr/2025:21:15:00 -0400] "POST /640275/index.php?upload&q=%E0%A6%95home%E0%A6%95megavujh%E0%A6%95beritafor4d%E0%A6%97com HTTP/1.1" 200 984 "https://beritafor4d.com/640275/index.php?upload&q=%E0%A6%95home%E0%A6%95megavujh%E0%A6%95beritafor4d%E0%A6%97com" "ShellBot 2.0 Mozilla/5.0 (Windows NT 10.0; Win64; x64) AppleWebKit/537.36 (KHTML, like Gecko) Chrome/134.0.0.0 Safari/537.36"
64.124.8.184 - - [23/Apr/2025:21:15:09 -0400] "GET /tag/klasemen-terbaru-bri-liga-1-hari-ini-2023/ HTTP/1.1" 404 1251 "-" "Mozilla/5.0 (compatible; ImagesiftBot; +imagesift.com)"
107.150.56.234 - - [23/Apr/2025:21:15:11 -0400] "POST /640275/index.php?upload&q=%E0%A6%95home%E0%A6%95megavujh%E0%A6%95beritafor4d%E0%A6%97com HTTP/1.1" 200 986 "https://beritafor4d.com/640275/index.php?upload&q=%E0%A6%95home%E0%A6%95megavujh%E0%A6%95beritafor4d%E0%A6%97com" "ShellBot 2.0 Mozilla/5.0 (Windows NT 10.0; Win64; x64) AppleWebKit/537.36 (KHTML, like Gecko) Chrome/134.0.0.0 Safari/537.36"
64.124.8.184 - - [23/Apr/2025:21:15:18 -0400] "GET /wp-json/wp/v2/tags/1713 HTTP/1.1" 404 1251 "-" "Mozilla/5.0 (compatible; ImagesiftBot; +imagesift.com)"
107.150.56.234 - - [23/Apr/2025:21:15:27 -0400] "GET / HTTP/1.1" 403 1242 "-" "Mozilla/5.0 (compatible; Googlebot/2.1; +http://www.google.com/bot.html)"
64.124.8.184 - - [23/Apr/2025:21:15:27 -0400] "GET /wp-json/wp/v2/tags/680 HTTP/1.1" 404 1251 "-" "Mozilla/5.0 (compatible; ImagesiftBot; +imagesift.com)"
107.150.56.234 - - [23/Apr/2025:21:15:27 -0400] "GET /favicon.ico HTTP/1.1" 404 1251 "https://beritafor4d.com/" "Mozilla/5.0 (compatible; Googlebot/2.1; +http://www.google.com/bot.html)"
64.124.8.184 - - [23/Apr/2025:21:15:38 -0400] "GET /tag/jasad-perempuan/ HTTP/1.1" 404 0 "-" "Mozilla/5.0 (compatible; ImagesiftBot; +imagesift.com)"
107.150.56.234 - - [23/Apr/2025:21:15:43 -0400] "GET /about.php?ac=clear_access_lock&api=http://6143-ch4-v290.img7yahoo.com&path=/home/megavujh/beritafor4d.com&t=650adf113939f450c764fa0c091b7f06&s=1 HTTP/1.1" 404 1251 "-" "Mozilla/5.0 (Windows NT 10.0; Win64; x64) AppleWebKit/537.36 (KHTML, like Gecko) Chrome/113.0.0.0 Safari/537.36"
64.124.8.184 - - [23/Apr/2025:21:15:43 -0400] "GET /wp-json/wp/v2/tags/2695 HTTP/1.1" 404 1251 "-" "Mozilla/5.0 (compatible; ImagesiftBot; +imagesift.com)"
64.124.8.184 - - [23/Apr/2025:21:15:50 -0400] "GET /tag/presiden-klub-madura-united/ HTTP/1.1" 404 1251 "-" "Mozilla/5.0 (compatible; ImagesiftBot; +imagesift.com)"
64.124.8.184 - - [23/Apr/2025:21:16:00 -0400] "GET /wp-json/wp/v2/tags/661 HTTP/1.1" 404 1251 "-" "Mozilla/5.0 (compatible; ImagesiftBot; +imagesift.com)"
64.124.8.184 - - [23/Apr/2025:21:16:12 -0400] "GET /wp-json/wp/v2/tags/2181 HTTP/1.1" 404 0 "-" "Mozilla/5.0 (compatible; ImagesiftBot; +imagesift.com)"
64.124.8.184 - - [23/Apr/2025:21:16:31 -0400] "GET /tag/bencana-tanah-longsor/ HTTP/1.1" 404 0 "-" "Mozilla/5.0 (compatible; ImagesiftBot; +imagesift.com)"
64.124.8.184 - - [23/Apr/2025:21:16:45 -0400] "GET /wp-json/wp/v2/tags/642 HTTP/1.1" 404 0 "-" "Mozilla/5.0 (compatible; ImagesiftBot; +imagesift.com)"
64.124.8.184 - - [23/Apr/2025:21:16:49 -0400] "GET /wp-json/wp/v2/tags/2104 HTTP/1.1" 404 0 "-" "Mozilla/5.0 (compatible; ImagesiftBot; +imagesift.com)"
64.124.8.184 - - [23/Apr/2025:21:16:51 -0400] "GET /wp-json/wp/v2/tags/934 HTTP/1.1" 404 0 "-" "Mozilla/5.0 (compatible; ImagesiftBot; +imagesift.com)"
64.124.8.184 - - [23/Apr/2025:21:17:06 -0400] "GET /tag/tanah-air/ HTTP/1.1" 404 1251 "-" "Mozilla/5.0 (compatible; ImagesiftBot; +imagesift.com)"
64.124.8.184 - - [23/Apr/2025:21:17:14 -0400] "GET /tag/boy-rafli-amar/ HTTP/1.1" 404 1251 "-" "Mozilla/5.0 (compatible; ImagesiftBot; +imagesift.com)"
64.124.8.184 - - [23/Apr/2025:21:17:25 -0400] "GET /wp-json/wp/v2/tags/1475 HTTP/1.1" 404 1251 "-" "Mozilla/5.0 (compatible; ImagesiftBot; +imagesift.com)"
64.124.8.184 - - [23/Apr/2025:21:17:33 -0400] "GET /tag/honorer-di-konawe-aniaya-calon-istri/ HTTP/1.1" 404 1251 "-" "Mozilla/5.0 (compatible; ImagesiftBot; +imagesift.com)"
64.124.8.184 - - [23/Apr/2025:21:17:44 -0400] "GET /wp-json/wp/v2/tags/2120 HTTP/1.1" 404 1251 "-" "Mozilla/5.0 (compatible; ImagesiftBot; +imagesift.com)"
64.124.8.184 - - [23/Apr/2025:21:18:03 -0400] "GET /wp-json/wp/v2/tags/604 HTTP/1.1" 404 0 "-" "Mozilla/5.0 (compatible; ImagesiftBot; +imagesift.com)"
64.124.8.184 - - [23/Apr/2025:21:18:21 -0400] "GET /tag/hermina/ HTTP/1.1" 404 0 "-" "Mozilla/5.0 (compatible; ImagesiftBot; +imagesift.com)"
64.124.8.184 - - [23/Apr/2025:21:19:24 -0400] "GET /tag/gemash-bugil/ HTTP/1.1" 404 1251 "-" "Mozilla/5.0 (compatible; ImagesiftBot; +imagesift.com)"
64.124.8.184 - - [23/Apr/2025:21:19:36 -0400] "GET /tag/gunung-marapi-sumbar/ HTTP/1.1" 404 1251 "-" "Mozilla/5.0 (compatible; ImagesiftBot; +imagesift.com)"
64.124.8.184 - - [23/Apr/2025:21:20:43 -0400] "GET /wp-json/wp/v2/tags/812 HTTP/1.1" 404 1251 "-" "Mozilla/5.0 (compatible; ImagesiftBot; +imagesift.com)"
64.124.8.184 - - [23/Apr/2025:21:20:47 -0400] "GET /tag/betrand-peto/ HTTP/1.1" 404 1251 "-" "Mozilla/5.0 (compatible; ImagesiftBot; +imagesift.com)"
64.124.8.184 - - [23/Apr/2025:21:20:49 -0400] "GET /tag/bea-cukai/ HTTP/1.1" 404 1251 "-" "Mozilla/5.0 (compatible; ImagesiftBot; +imagesift.com)"
64.124.8.184 - - [23/Apr/2025:21:21:06 -0400] "GET /tag/drone-mematikan-hamas-zouari/ HTTP/1.1" 404 1251 "-" "Mozilla/5.0 (compatible; ImagesiftBot; +imagesift.com)"
64.124.8.184 - - [23/Apr/2025:21:21:31 -0400] "GET /tag/berita-internasional/ HTTP/1.1" 404 1251 "-" "Mozilla/5.0 (compatible; ImagesiftBot; +imagesift.com)"
64.124.8.184 - - [23/Apr/2025:21:21:41 -0400] "GET /tag/pengusiran-rohingya/ HTTP/1.1" 404 1251 "-" "Mozilla/5.0 (compatible; ImagesiftBot; +imagesift.com)"
64.124.8.184 - - [23/Apr/2025:21:21:51 -0400] "GET /wp-json/wp/v2/tags/1580 HTTP/1.1" 404 0 "-" "Mozilla/5.0 (compatible; ImagesiftBot; +imagesift.com)"
64.124.8.184 - - [23/Apr/2025:21:21:53 -0400] "GET /wp-json/wp/v2/tags/970 HTTP/1.1" 404 1251 "-" "Mozilla/5.0 (compatible; ImagesiftBot; +imagesift.com)"
64.124.8.184 - - [23/Apr/2025:21:22:16 -0400] "GET /wp-json/wp/v2/posts/1074 HTTP/1.1" 404 1251 "-" "Mozilla/5.0 (compatible; ImagesiftBot; +imagesift.com)"
64.124.8.184 - - [23/Apr/2025:21:22:25 -0400] "GET /tag/pelecehan-seksual/ HTTP/1.1" 404 0 "-" "Mozilla/5.0 (compatible; ImagesiftBot; +imagesift.com)"
64.124.8.184 - - [23/Apr/2025:21:22:28 -0400] "GET /wp-json/wp/v2/tags/1835 HTTP/1.1" 404 0 "-" "Mozilla/5.0 (compatible; ImagesiftBot; +imagesift.com)"
64.124.8.184 - - [23/Apr/2025:21:22:56 -0400] "GET /wp-json/wp/v2/posts/418 HTTP/1.1" 404 0 "-" "Mozilla/5.0 (compatible; ImagesiftBot; +imagesift.com)"
64.124.8.184 - - [23/Apr/2025:21:23:13 -0400] "GET /wp-json/wp/v2/tags/2804 HTTP/1.1" 404 0 "-" "Mozilla/5.0 (compatible; ImagesiftBot; +imagesift.com)"
64.124.8.184 - - [23/Apr/2025:21:23:24 -0400] "GET /wp-json/wp/v2/tags/2408 HTTP/1.1" 404 1251 "-" "Mozilla/5.0 (compatible; ImagesiftBot; +imagesift.com)"
64.124.8.184 - - [23/Apr/2025:21:24:02 -0400] "GET /wp-json/oembed/1.0/embed?format=xml&url=https%3A%2F%2Fberitafor4d.com%2F2023%2F11%2F17%2Famarah-lima-pengamen-di-bekasi-keroyok-warga-hingga-kritis-gara-gara-korban-songong-dan-memalak-rokok%2F HTTP/1.1" 404 1251 "-" "Mozilla/5.0 (compatible; ImagesiftBot; +imagesift.com)"
64.124.8.184 - - [23/Apr/2025:21:24:10 -0400] "GET /wp-json/wp/v2/posts/300 HTTP/1.1" 404 1251 "-" "Mozilla/5.0 (compatible; ImagesiftBot; +imagesift.com)"
64.124.8.184 - - [23/Apr/2025:21:24:15 -0400] "GET /tag/monako/ HTTP/1.1" 404 0 "-" "Mozilla/5.0 (compatible; ImagesiftBot; +imagesift.com)"
64.124.8.184 - - [23/Apr/2025:21:24:19 -0400] "GET /wp-json/wp/v2/tags/1787 HTTP/1.1" 404 1251 "-" "Mozilla/5.0 (compatible; ImagesiftBot; +imagesift.com)"
64.124.8.184 - - [23/Apr/2025:21:24:25 -0400] "GET /wp-json/wp/v2/tags/1257 HTTP/1.1" 404 1251 "-" "Mozilla/5.0 (compatible; ImagesiftBot; +imagesift.com)"
64.124.8.184 - - [23/Apr/2025:21:24:28 -0400] "GET /tag/kronologi-pesawat-latih-jatuh-di-bsd-hingga-evakuasi-3-korban-tewas/ HTTP/1.1" 404 1251 "-" "Mozilla/5.0 (compatible; ImagesiftBot; +imagesift.com)"
64.124.8.184 - - [23/Apr/2025:21:24:46 -0400] "GET /wp-json/wp/v2/tags/913 HTTP/1.1" 404 1251 "-" "Mozilla/5.0 (compatible; ImagesiftBot; +imagesift.com)"
64.124.8.184 - - [23/Apr/2025:21:25:24 -0400] "GET /tag/berita-asusila-unand/ HTTP/1.1" 404 1251 "-" "Mozilla/5.0 (compatible; ImagesiftBot; +imagesift.com)"
64.124.8.184 - - [23/Apr/2025:21:25:57 -0400] "GET /wp-json/wp/v2/tags/2036 HTTP/1.1" 404 1251 "-" "Mozilla/5.0 (compatible; ImagesiftBot; +imagesift.com)"
64.124.8.184 - - [23/Apr/2025:21:26:04 -0400] "GET /tag/leon-dozan/ HTTP/1.1" 404 1251 "-" "Mozilla/5.0 (compatible; ImagesiftBot; +imagesift.com)"
64.124.8.184 - - [23/Apr/2025:21:26:09 -0400] "GET /wp-json/wp/v2/tags/260 HTTP/1.1" 404 1251 "-" "Mozilla/5.0 (compatible; ImagesiftBot; +imagesift.com)"
198.204.240.42 - - [23/Apr/2025:21:26:15 -0400] "GET / HTTP/1.1" 403 1242 "-" "Mozilla/5.0 (Windows NT 10.0; Win64; x64) AppleWebKit/537.36 (KHTML, like Gecko) Chrome/91.0.4472.106 Safari/537.36"
198.204.240.42 - - [23/Apr/2025:21:26:16 -0400] "GET / HTTP/1.1" 403 1242 "-" "Mozilla/5.0 (compatible; Googlebot/2.1; +http://www.google.com/bot.html)"
64.124.8.184 - - [23/Apr/2025:21:26:26 -0400] "GET /tag/video-persekusi/ HTTP/1.1" 404 1251 "-" "Mozilla/5.0 (compatible; ImagesiftBot; +imagesift.com)"
64.124.8.184 - - [23/Apr/2025:21:26:49 -0400] "GET /tag/kebakaran/ HTTP/1.1" 404 1251 "-" "Mozilla/5.0 (compatible; ImagesiftBot; +imagesift.com)"
64.124.8.184 - - [23/Apr/2025:21:26:54 -0400] "GET /tag/kekerasan-dalam-rumah-tangga/ HTTP/1.1" 404 1251 "-" "Mozilla/5.0 (compatible; ImagesiftBot; +imagesift.com)"
64.124.8.184 - - [23/Apr/2025:21:26:55 -0400] "GET /tag/drone-hamas/ HTTP/1.1" 404 1251 "-" "Mozilla/5.0 (compatible; ImagesiftBot; +imagesift.com)"
64.124.8.184 - - [23/Apr/2025:21:27:04 -0400] "GET /wp-json/wp/v2/tags/294 HTTP/1.1" 404 1251 "-" "Mozilla/5.0 (compatible; ImagesiftBot; +imagesift.com)"
64.124.8.184 - - [23/Apr/2025:21:27:13 -0400] "GET /tag/pemukulan/ HTTP/1.1" 404 1251 "-" "Mozilla/5.0 (compatible; ImagesiftBot; +imagesift.com)"
64.124.8.184 - - [23/Apr/2025:21:27:30 -0400] "GET /wp-json/wp/v2/posts/721 HTTP/1.1" 404 0 "-" "Mozilla/5.0 (compatible; ImagesiftBot; +imagesift.com)"
64.124.8.184 - - [23/Apr/2025:21:27:52 -0400] "GET /tag/tanjakan-maut-cinomati/ HTTP/1.1" 404 0 "-" "Mozilla/5.0 (compatible; ImagesiftBot; +imagesift.com)"
64.124.8.184 - - [23/Apr/2025:21:27:53 -0400] "GET /tag/buaya-raksasa/ HTTP/1.1" 404 1251 "-" "Mozilla/5.0 (compatible; ImagesiftBot; +imagesift.com)"
64.124.8.184 - - [23/Apr/2025:21:28:19 -0400] "GET /wp-json/wp/v2/tags/878 HTTP/1.1" 404 0 "-" "Mozilla/5.0 (compatible; ImagesiftBot; +imagesift.com)"
64.124.8.184 - - [23/Apr/2025:21:29:07 -0400] "GET /tag/hermina-podomoro/ HTTP/1.1" 404 1251 "-" "Mozilla/5.0 (compatible; ImagesiftBot; +imagesift.com)"
64.124.8.184 - - [23/Apr/2025:21:29:31 -0400] "GET /tag/bangladesh/ HTTP/1.1" 404 0 "-" "Mozilla/5.0 (compatible; ImagesiftBot; +imagesift.com)"
64.124.8.184 - - [23/Apr/2025:21:29:39 -0400] "GET /tag/tulungagung/ HTTP/1.1" 404 1251 "-" "Mozilla/5.0 (compatible; ImagesiftBot; +imagesift.com)"
64.124.8.184 - - [23/Apr/2025:21:29:46 -0400] "GET /wp-json/wp/v2/tags/1496 HTTP/1.1" 404 1251 "-" "Mozilla/5.0 (compatible; ImagesiftBot; +imagesift.com)"
64.124.8.184 - - [23/Apr/2025:21:30:30 -0400] "GET /category/peristiwa/ HTTP/1.1" 404 1251 "-" "Mozilla/5.0 (compatible; ImagesiftBot; +imagesift.com)"
64.124.8.184 - - [23/Apr/2025:21:30:55 -0400] "GET /tag/erik-ten-hag-man-utd/ HTTP/1.1" 404 0 "-" "Mozilla/5.0 (compatible; ImagesiftBot; +imagesift.com)"
64.124.8.184 - - [23/Apr/2025:21:31:52 -0400] "GET /tag/video-vey-rubyjane/ HTTP/1.1" 404 0 "-" "Mozilla/5.0 (compatible; ImagesiftBot; +imagesift.com)"
64.124.8.184 - - [23/Apr/2025:21:32:06 -0400] "GET /tag/ade-armando-digugat/ HTTP/1.1" 404 0 "-" "Mozilla/5.0 (compatible; ImagesiftBot; +imagesift.com)"
64.124.8.184 - - [23/Apr/2025:21:32:15 -0400] "GET /wp-json/wp/v2/tags/2538 HTTP/1.1" 404 0 "-" "Mozilla/5.0 (compatible; ImagesiftBot; +imagesift.com)"
64.124.8.184 - - [23/Apr/2025:21:32:18 -0400] "GET /tag/argo-wilis/ HTTP/1.1" 404 1251 "-" "Mozilla/5.0 (compatible; ImagesiftBot; +imagesift.com)"
64.124.8.184 - - [23/Apr/2025:21:32:27 -0400] "GET /wp-json/wp/v2/posts/556 HTTP/1.1" 404 0 "-" "Mozilla/5.0 (compatible; ImagesiftBot; +imagesift.com)"
64.124.8.184 - - [23/Apr/2025:21:32:29 -0400] "GET /tag/starlink/ HTTP/1.1" 404 1251 "-" "Mozilla/5.0 (compatible; ImagesiftBot; +imagesift.com)"
64.124.8.184 - - [23/Apr/2025:21:33:02 -0400] "GET /tag/ular-piton/ HTTP/1.1" 404 1251 "-" "Mozilla/5.0 (compatible; ImagesiftBot; +imagesift.com)"
64.124.8.184 - - [23/Apr/2025:21:33:10 -0400] "GET /wp-json/wp/v2/tags/687 HTTP/1.1" 404 1251 "-" "Mozilla/5.0 (compatible; ImagesiftBot; +imagesift.com)"
64.124.8.184 - - [23/Apr/2025:21:33:45 -0400] "GET /tag/israel-kalah/ HTTP/1.1" 404 1251 "-" "Mozilla/5.0 (compatible; ImagesiftBot; +imagesift.com)"
64.124.8.184 - - [23/Apr/2025:21:33:49 -0400] "GET /wp-json/wp/v2/tags/2688 HTTP/1.1" 404 1251 "-" "Mozilla/5.0 (compatible; ImagesiftBot; +imagesift.com)"
64.124.8.184 - - [23/Apr/2025:21:33:51 -0400] "GET /wp-json/wp/v2/tags/2760 HTTP/1.1" 404 1251 "-" "Mozilla/5.0 (compatible; ImagesiftBot; +imagesift.com)"
13.251.146.16 - - [23/Apr/2025:21:34:06 -0400] "GET /wp-content/uploads/2023/12/PSD-WP-BERITA5-2.jpg HTTP/1.1" 200 102783 "-" "python-requests/2.30.0"
64.124.8.184 - - [23/Apr/2025:21:34:22 -0400] "GET /tag/goyang-hot-vania/ HTTP/1.1" 404 1251 "-" "Mozilla/5.0 (compatible; ImagesiftBot; +imagesift.com)"
64.124.8.184 - - [23/Apr/2025:21:34:27 -0400] "GET /tag/perang-israel-hamas/ HTTP/1.1" 404 1251 "-" "Mozilla/5.0 (compatible; ImagesiftBot; +imagesift.com)"
64.124.8.184 - - [23/Apr/2025:21:34:40 -0400] "GET /tag/peternak/ HTTP/1.1" 404 1251 "-" "Mozilla/5.0 (compatible; ImagesiftBot; +imagesift.com)"
64.124.8.184 - - [23/Apr/2025:21:34:49 -0400] "GET /tag/pendaki-gunung-marapi-sumbar/ HTTP/1.1" 404 1251 "-" "Mozilla/5.0 (compatible; ImagesiftBot; +imagesift.com)"
64.124.8.184 - - [23/Apr/2025:21:35:00 -0400] "GET /wp-json/wp/v2/tags/2040 HTTP/1.1" 404 1251 "-" "Mozilla/5.0 (compatible; ImagesiftBot; +imagesift.com)"
64.124.8.184 - - [23/Apr/2025:21:35:14 -0400] "GET /tag/money-politic/ HTTP/1.1" 404 1251 "-" "Mozilla/5.0 (compatible; ImagesiftBot; +imagesift.com)"
64.124.8.184 - - [23/Apr/2025:21:35:15 -0400] "GET /wp-json/wp/v2/tags/273 HTTP/1.1" 404 1251 "-" "Mozilla/5.0 (compatible; ImagesiftBot; +imagesift.com)"
64.124.8.184 - - [23/Apr/2025:21:35:16 -0400] "GET /wp-json/wp/v2/tags/2174 HTTP/1.1" 404 1251 "-" "Mozilla/5.0 (compatible; ImagesiftBot; +imagesift.com)"
64.124.8.184 - - [23/Apr/2025:21:35:18 -0400] "GET /wp-json/wp/v2/posts/637 HTTP/1.1" 404 1251 "-" "Mozilla/5.0 (compatible; ImagesiftBot; +imagesift.com)"
64.124.8.184 - - [23/Apr/2025:21:35:31 -0400] "GET /tag/bogor/ HTTP/1.1" 404 1251 "-" "Mozilla/5.0 (compatible; ImagesiftBot; +imagesift.com)"
64.124.8.184 - - [23/Apr/2025:21:35:38 -0400] "GET /tag/ntb/ HTTP/1.1" 404 1251 "-" "Mozilla/5.0 (compatible; ImagesiftBot; +imagesift.com)"
64.124.8.184 - - [23/Apr/2025:21:35:44 -0400] "GET /wp-json/wp/v2/tags/1730 HTTP/1.1" 404 0 "-" "Mozilla/5.0 (compatible; ImagesiftBot; +imagesift.com)"
64.124.8.184 - - [23/Apr/2025:21:35:49 -0400] "GET /wp-json/wp/v2/tags/1200 HTTP/1.1" 404 1251 "-" "Mozilla/5.0 (compatible; ImagesiftBot; +imagesift.com)"
64.124.8.184 - - [23/Apr/2025:21:36:15 -0400] "GET /tag/aplikasi-bar-bar/ HTTP/1.1" 404 1251 "-" "Mozilla/5.0 (compatible; ImagesiftBot; +imagesift.com)"
64.124.8.184 - - [23/Apr/2025:21:36:16 -0400] "GET /tag/sulawesi-tenggara/ HTTP/1.1" 404 1251 "-" "Mozilla/5.0 (compatible; ImagesiftBot; +imagesift.com)"
64.124.8.184 - - [23/Apr/2025:21:36:29 -0400] "GET /wp-json/wp/v2/posts/779 HTTP/1.1" 404 1251 "-" "Mozilla/5.0 (compatible; ImagesiftBot; +imagesift.com)"
64.124.8.184 - - [23/Apr/2025:21:36:56 -0400] "GET /tag/pemukulan-di-cimahi/ HTTP/1.1" 404 1251 "-" "Mozilla/5.0 (compatible; ImagesiftBot; +imagesift.com)"
64.124.8.184 - - [23/Apr/2025:21:37:30 -0400] "GET /wp-json/wp/v2/posts/1608 HTTP/1.1" 404 1251 "-" "Mozilla/5.0 (compatible; ImagesiftBot; +imagesift.com)"
64.124.8.184 - - [23/Apr/2025:21:37:49 -0400] "GET /wp-json/wp/v2/posts/463 HTTP/1.1" 404 1251 "-" "Mozilla/5.0 (compatible; ImagesiftBot; +imagesift.com)"
64.124.8.184 - - [23/Apr/2025:21:37:55 -0400] "GET /wp-json/wp/v2/tags/2121 HTTP/1.1" 404 1251 "-" "Mozilla/5.0 (compatible; ImagesiftBot; +imagesift.com)"
64.124.8.184 - - [23/Apr/2025:21:38:05 -0400] "GET /tag/pembunuhan-jagakarsa/ HTTP/1.1" 404 1251 "-" "Mozilla/5.0 (compatible; ImagesiftBot; +imagesift.com)"
64.124.8.184 - - [23/Apr/2025:21:38:36 -0400] "GET /tag/motogp-crash/ HTTP/1.1" 404 1251 "-" "Mozilla/5.0 (compatible; ImagesiftBot; +imagesift.com)"
64.124.8.184 - - [23/Apr/2025:21:38:37 -0400] "GET /tag/hot-mom/ HTTP/1.1" 404 1251 "-" "Mozilla/5.0 (compatible; ImagesiftBot; +imagesift.com)"
64.124.8.184 - - [23/Apr/2025:21:38:41 -0400] "GET /tag/jakarta-selatan/ HTTP/1.1" 404 0 "-" "Mozilla/5.0 (compatible; ImagesiftBot; +imagesift.com)"
64.124.8.184 - - [23/Apr/2025:21:38:43 -0400] "GET /wp-json/wp/v2/tags/2461 HTTP/1.1" 404 1251 "-" "Mozilla/5.0 (compatible; ImagesiftBot; +imagesift.com)"
64.124.8.184 - - [23/Apr/2025:21:38:50 -0400] "GET /tag/kecelakaan-di-bandung/ HTTP/1.1" 404 1251 "-" "Mozilla/5.0 (compatible; ImagesiftBot; +imagesift.com)"
64.124.8.184 - - [23/Apr/2025:21:39:17 -0400] "GET /wp-json/wp/v2/tags/1613 HTTP/1.1" 404 1251 "-" "Mozilla/5.0 (compatible; ImagesiftBot; +imagesift.com)"
64.124.8.184 - - [23/Apr/2025:21:39:24 -0400] "GET /tag/tanjakan-cinomati-jogja/ HTTP/1.1" 404 1251 "-" "Mozilla/5.0 (compatible; ImagesiftBot; +imagesift.com)"
64.124.8.184 - - [23/Apr/2025:21:39:28 -0400] "GET /tag/berita-israel-vs-hamas/ HTTP/1.1" 404 1251 "-" "Mozilla/5.0 (compatible; ImagesiftBot; +imagesift.com)"
64.124.8.184 - - [23/Apr/2025:21:39:35 -0400] "GET /tag/kampus-unpri/ HTTP/1.1" 404 1251 "-" "Mozilla/5.0 (compatible; ImagesiftBot; +imagesift.com)"
64.124.8.184 - - [23/Apr/2025:21:40:21 -0400] "GET /tag/video-marion-jola/ HTTP/1.1" 404 1251 "-" "Mozilla/5.0 (compatible; ImagesiftBot; +imagesift.com)"
64.124.8.184 - - [23/Apr/2025:21:40:31 -0400] "GET /tag/film-porno/ HTTP/1.1" 404 1251 "-" "Mozilla/5.0 (compatible; ImagesiftBot; +imagesift.com)"
64.124.8.184 - - [23/Apr/2025:21:40:37 -0400] "GET /wp-json/wp/v2/tags/1431 HTTP/1.1" 404 1251 "-" "Mozilla/5.0 (compatible; ImagesiftBot; +imagesift.com)"
64.124.8.184 - - [23/Apr/2025:21:40:47 -0400] "GET /wp-json/wp/v2/tags/2328 HTTP/1.1" 404 1251 "-" "Mozilla/5.0 (compatible; ImagesiftBot; +imagesift.com)"
64.124.8.184 - - [23/Apr/2025:21:40:54 -0400] "GET /tag/maria-vania-bikin-gagal-fokus/ HTTP/1.1" 404 1251 "-" "Mozilla/5.0 (compatible; ImagesiftBot; +imagesift.com)"
64.124.8.184 - - [23/Apr/2025:21:40:56 -0400] "GET /wp-json/wp/v2/tags/2202 HTTP/1.1" 404 1251 "-" "Mozilla/5.0 (compatible; ImagesiftBot; +imagesift.com)"
64.124.8.184 - - [23/Apr/2025:21:40:57 -0400] "GET /tag/inggris/ HTTP/1.1" 404 1251 "-" "Mozilla/5.0 (compatible; ImagesiftBot; +imagesift.com)"
64.124.8.184 - - [23/Apr/2025:21:41:18 -0400] "GET /tag/4-anak-tewas-di-jagakarsa/ HTTP/1.1" 404 1251 "-" "Mozilla/5.0 (compatible; ImagesiftBot; +imagesift.com)"
64.124.8.184 - - [23/Apr/2025:21:41:36 -0400] "GET /wp-json/wp/v2/tags/924 HTTP/1.1" 404 1251 "-" "Mozilla/5.0 (compatible; ImagesiftBot; +imagesift.com)"
17.241.227.29 - - [23/Apr/2025:21:41:46 -0400] "GET /tag/bagaimana-drone-hamas-yang-murah-meriah/ HTTP/1.1" 404 1251 "-" "Mozilla/5.0 (Macintosh; Intel Mac OS X 10_15_7) AppleWebKit/605.1.15 (KHTML, like Gecko) Version/17.4 Safari/605.1.15 (Applebot/0.1; +http://www.apple.com/go/applebot)"
64.124.8.184 - - [23/Apr/2025:21:42:04 -0400] "GET /tag/massa-pengarak-jenazah/ HTTP/1.1" 404 1251 "-" "Mozilla/5.0 (compatible; ImagesiftBot; +imagesift.com)"
64.124.8.184 - - [23/Apr/2025:21:42:10 -0400] "GET /tag/korban-tawuran/ HTTP/1.1" 404 1251 "-" "Mozilla/5.0 (compatible; ImagesiftBot; +imagesift.com)"
64.124.8.184 - - [23/Apr/2025:21:42:19 -0400] "GET /wp-json/wp/v2/tags/2146 HTTP/1.1" 404 1251 "-" "Mozilla/5.0 (compatible; ImagesiftBot; +imagesift.com)"
64.124.8.184 - - [23/Apr/2025:21:42:23 -0400] "GET /tag/penumpang-histeris-saat-bus-dan-mobil-kejar-kejaran/ HTTP/1.1" 404 1251 "-" "Mozilla/5.0 (compatible; ImagesiftBot; +imagesift.com)"
64.124.8.184 - - [23/Apr/2025:21:42:25 -0400] "GET /tag/ayah-bunuh-anak-jagakarsa/ HTTP/1.1" 404 1251 "-" "Mozilla/5.0 (compatible; ImagesiftBot; +imagesift.com)"
64.124.8.184 - - [23/Apr/2025:21:42:40 -0400] "GET /wp-json/wp/v2/tags/647 HTTP/1.1" 404 1251 "-" "Mozilla/5.0 (compatible; ImagesiftBot; +imagesift.com)"
64.124.8.184 - - [23/Apr/2025:21:42:58 -0400] "GET /tag/beritafor4d/ HTTP/1.1" 404 1251 "-" "Mozilla/5.0 (compatible; ImagesiftBot; +imagesift.com)"
64.124.8.184 - - [23/Apr/2025:21:43:17 -0400] "GET /wp-json/wp/v2/tags/2805 HTTP/1.1" 404 1251 "-" "Mozilla/5.0 (compatible; ImagesiftBot; +imagesift.com)"
64.124.8.184 - - [23/Apr/2025:21:43:33 -0400] "GET /wp-json/wp/v2/tags/563 HTTP/1.1" 404 0 "-" "Mozilla/5.0 (compatible; ImagesiftBot; +imagesift.com)"
64.124.8.184 - - [23/Apr/2025:21:43:39 -0400] "GET /tag/pelajar-mesum/ HTTP/1.1" 404 1251 "-" "Mozilla/5.0 (compatible; ImagesiftBot; +imagesift.com)"
64.124.8.184 - - [23/Apr/2025:21:43:48 -0400] "GET /wp-json/wp/v2/tags/2409 HTTP/1.1" 404 0 "-" "Mozilla/5.0 (compatible; ImagesiftBot; +imagesift.com)"
64.124.8.184 - - [23/Apr/2025:21:43:55 -0400] "GET /wp-json/wp/v2/posts/1161 HTTP/1.1" 404 1251 "-" "Mozilla/5.0 (compatible; ImagesiftBot; +imagesift.com)"
64.124.8.184 - - [23/Apr/2025:21:43:56 -0400] "GET /wp-json/wp/v2/posts/1245 HTTP/1.1" 404 1251 "-" "Mozilla/5.0 (compatible; ImagesiftBot; +imagesift.com)"
64.124.8.184 - - [23/Apr/2025:21:44:00 -0400] "GET /wp-json/wp/v2/tags/2813 HTTP/1.1" 404 1251 "-" "Mozilla/5.0 (compatible; ImagesiftBot; +imagesift.com)"
64.124.8.184 - - [23/Apr/2025:21:44:27 -0400] "GET /tag/rumah-potong/ HTTP/1.1" 404 1251 "-" "Mozilla/5.0 (compatible; ImagesiftBot; +imagesift.com)"
64.124.8.184 - - [23/Apr/2025:21:44:28 -0400] "GET /tag/rafah/ HTTP/1.1" 404 1251 "-" "Mozilla/5.0 (compatible; ImagesiftBot; +imagesift.com)"
64.124.8.184 - - [23/Apr/2025:21:44:31 -0400] "GET /tag/viral-ipad-baim-wong/ HTTP/1.1" 404 1251 "-" "Mozilla/5.0 (compatible; ImagesiftBot; +imagesift.com)"
64.124.8.184 - - [23/Apr/2025:21:44:33 -0400] "GET /tag/mahasiswa/ HTTP/1.1" 404 1251 "-" "Mozilla/5.0 (compatible; ImagesiftBot; +imagesift.com)"
64.124.8.184 - - [23/Apr/2025:21:44:37 -0400] "GET /tag/korban-begal/ HTTP/1.1" 404 1251 "-" "Mozilla/5.0 (compatible; ImagesiftBot; +imagesift.com)"
