OwlCyberSecurity - MANAGER
Edit File: beritamega4d.com.megahosting.pw
89.169.15.118 - - [22/Apr/2025:21:35:13 -0400] "GET / HTTP/1.1" 200 2148 "-" "Mozilla/5.0 (Macintosh; Intel Mac OS X 10.8; rv:46.0) Gecko/20100101 Firefox/46.0"
89.169.15.118 - - [22/Apr/2025:21:35:25 -0400] "POST /wp-json/hc/v1/themehunk-import HTTP/1.1" 404 1251 "http://beritamega4d.com/" "Mozilla/5.0 (Macintosh; Intel Mac OS X 10.8; rv:46.0) Gecko/20100101 Firefox/46.0"
89.169.15.118 - - [22/Apr/2025:21:35:26 -0400] "POST /wp-json/hc/v1/themehunk-import HTTP/1.1" 404 1251 "http://beritamega4d.com/wp-json/hc/v1/themehunk-import" "Mozilla/5.0 (Macintosh; Intel Mac OS X 10.8; rv:46.0) Gecko/20100101 Firefox/46.0"
89.169.15.118 - - [22/Apr/2025:21:35:26 -0400] "POST /?rest_route=/wqc/v1/query HTTP/1.1" 200 2148 "http://beritamega4d.com/wp-json/hc/v1/themehunk-import" "Mozilla/5.0 (Macintosh; Intel Mac OS X 10.8; rv:46.0) Gecko/20100101 Firefox/46.0"
89.169.15.118 - - [22/Apr/2025:21:35:31 -0400] "GET /324588f52f40.php HTTP/1.1" 404 1251 "http://beritamega4d.com/?rest_route=/wqc/v1/query" "Mozilla/5.0 (Macintosh; Intel Mac OS X 10.8; rv:46.0) Gecko/20100101 Firefox/46.0"
185.191.171.5 - - [22/Apr/2025:21:40:44 -0400] "GET /tag/longsor-sei-bingai/ HTTP/1.1" 404 1251 "-" "Mozilla/5.0 (compatible; SemrushBot/7~bl; +http://www.semrush.com/bot.html)"
15.235.114.125 - - [22/Apr/2025:22:00:20 -0400] "GET / HTTP/1.1" 200 2148 "-" "Faraday v2.11.0"
216.244.66.199 - - [22/Apr/2025:22:11:19 -0400] "GET /robots.txt HTTP/1.1" 404 1251 "-" "Mozilla/5.0 (compatible; DotBot/1.2; +https://opensiteexplorer.org/dotbot; help@moz.com)"
216.244.66.199 - - [22/Apr/2025:22:17:42 -0400] "GET /kondisi-mencekam-di-lokasi-kebakaran-glodok-plaza-hingga-dini-hari/ HTTP/1.1" 404 1251 "-" "Mozilla/5.0 (compatible; DotBot/1.2; +https://opensiteexplorer.org/dotbot; help@moz.com)"
216.244.66.199 - - [22/Apr/2025:22:56:23 -0400] "GET /robots.txt HTTP/1.1" 404 1251 "-" "Mozilla/5.0 (compatible; DotBot/1.2; +https://opensiteexplorer.org/dotbot; help@moz.com)"
216.244.66.199 - - [22/Apr/2025:23:04:09 -0400] "GET /tag/vape/ HTTP/1.1" 404 1251 "-" "Mozilla/5.0 (compatible; DotBot/1.2; +https://opensiteexplorer.org/dotbot; help@moz.com)"
216.244.66.199 - - [22/Apr/2025:23:06:32 -0400] "GET /tag/pilihjalansendiri/ HTTP/1.1" 404 1251 "-" "Mozilla/5.0 (compatible; DotBot/1.2; +https://opensiteexplorer.org/dotbot; help@moz.com)"
216.244.66.199 - - [22/Apr/2025:23:07:32 -0400] "GET /tag/keamananisrael/ HTTP/1.1" 404 1251 "-" "Mozilla/5.0 (compatible; DotBot/1.2; +https://opensiteexplorer.org/dotbot; help@moz.com)"
216.244.66.199 - - [22/Apr/2025:23:07:52 -0400] "GET /tag/program-sehat/ HTTP/1.1" 404 1251 "-" "Mozilla/5.0 (compatible; DotBot/1.2; +https://opensiteexplorer.org/dotbot; help@moz.com)"
216.244.66.199 - - [22/Apr/2025:23:19:25 -0400] "GET /israel-buka-suara-usai-serang-pos-unifil-4-personel-terluka/feed/ HTTP/1.1" 404 1251 "-" "Mozilla/5.0 (compatible; DotBot/1.2; +https://opensiteexplorer.org/dotbot; help@moz.com)"
216.244.66.199 - - [22/Apr/2025:23:19:27 -0400] "GET /tag/doa-lintas-agama/feed/ HTTP/1.1" 404 1251 "-" "Mozilla/5.0 (compatible; DotBot/1.2; +https://opensiteexplorer.org/dotbot; help@moz.com)"
216.244.66.199 - - [22/Apr/2025:23:19:30 -0400] "GET /tag/relokasi-warga-pulau-rempang/feed/ HTTP/1.1" 404 1251 "-" "Mozilla/5.0 (compatible; DotBot/1.2; +https://opensiteexplorer.org/dotbot; help@moz.com)"
43.157.38.131 - - [22/Apr/2025:23:20:01 -0400] "GET / HTTP/1.1" 200 2152 "-" "Mozilla/5.0 (iPhone; CPU iPhone OS 13_2_3 like Mac OS X) AppleWebKit/605.1.15 (KHTML, like Gecko) Version/13.0.3 Mobile/15E148 Safari/604.1"
146.19.215.32 - - [22/Apr/2025:23:32:25 -0400] "GET /config.json HTTP/1.1" 404 1251 "-" "Mozilla/5.0 (Windows; U; Windows NT 6.1; en-US; rv:1.9.1.5) Gecko/20091102 Firefox/3.5.5 (.NET CLR 3.5.30729)"
43.166.226.186 - - [22/Apr/2025:23:35:31 -0400] "GET /error_log HTTP/1.1" 403 1242 "-" "Mozilla/5.0 (iPhone; CPU iPhone OS 13_2_3 like Mac OS X) AppleWebKit/605.1.15 (KHTML, like Gecko) Version/13.0.3 Mobile/15E148 Safari/604.1"
216.244.66.199 - - [22/Apr/2025:23:42:59 -0400] "GET /robots.txt HTTP/1.1" 404 1251 "-" "Mozilla/5.0 (compatible; DotBot/1.2; +https://opensiteexplorer.org/dotbot; help@moz.com)"
216.244.66.199 - - [22/Apr/2025:23:51:15 -0400] "GET /tag/kpp/ HTTP/1.1" 404 1251 "-" "Mozilla/5.0 (compatible; DotBot/1.2; +https://opensiteexplorer.org/dotbot; help@moz.com)"
216.244.66.199 - - [22/Apr/2025:23:51:20 -0400] "GET /tag/pemkot-bandar-lampung/ HTTP/1.1" 404 1251 "-" "Mozilla/5.0 (compatible; DotBot/1.2; +https://opensiteexplorer.org/dotbot; help@moz.com)"
216.244.66.199 - - [22/Apr/2025:23:51:25 -0400] "GET /tag/pt-sps/ HTTP/1.1" 404 1251 "-" "Mozilla/5.0 (compatible; DotBot/1.2; +https://opensiteexplorer.org/dotbot; help@moz.com)"
216.244.66.199 - - [22/Apr/2025:23:51:35 -0400] "GET /tabrakan-beruntun-di-tol-cipularang-bus-ringsek-hingga-mobil-terguling/ HTTP/1.1" 404 1251 "-" "Mozilla/5.0 (compatible; DotBot/1.2; +https://opensiteexplorer.org/dotbot; help@moz.com)"
216.244.66.199 - - [22/Apr/2025:23:53:22 -0400] "GET /tag/seranganrudaliran/ HTTP/1.1" 404 1251 "-" "Mozilla/5.0 (compatible; DotBot/1.2; +https://opensiteexplorer.org/dotbot; help@moz.com)"
216.244.66.199 - - [22/Apr/2025:23:54:25 -0400] "GET /tag/kesiapan-bencana/ HTTP/1.1" 404 1251 "-" "Mozilla/5.0 (compatible; DotBot/1.2; +https://opensiteexplorer.org/dotbot; help@moz.com)"
216.244.66.199 - - [23/Apr/2025:00:06:43 -0400] "GET /tag/hajiisam/feed/ HTTP/1.1" 404 1251 "-" "Mozilla/5.0 (compatible; DotBot/1.2; +https://opensiteexplorer.org/dotbot; help@moz.com)"
216.244.66.199 - - [23/Apr/2025:00:06:44 -0400] "GET /tag/tangerang/feed/ HTTP/1.1" 404 1251 "-" "Mozilla/5.0 (compatible; DotBot/1.2; +https://opensiteexplorer.org/dotbot; help@moz.com)"
216.244.66.199 - - [23/Apr/2025:00:28:27 -0400] "GET /robots.txt HTTP/1.1" 404 1251 "-" "Mozilla/5.0 (compatible; DotBot/1.2; +https://opensiteexplorer.org/dotbot; help@moz.com)"
85.208.98.23 - - [23/Apr/2025:00:38:21 -0400] "GET /robots.txt HTTP/1.1" 404 1251 "-" "Mozilla/5.0 (compatible; SemrushBot-BA; +http://www.semrush.com/bot.html)"
85.208.98.20 - - [23/Apr/2025:00:39:58 -0400] "GET / HTTP/1.1" 200 2148 "-" "Mozilla/5.0 (compatible; SemrushBot-BA; +http://www.semrush.com/bot.html)"
216.244.66.199 - - [23/Apr/2025:00:41:42 -0400] "GET /tag/bus/feed/ HTTP/1.1" 404 1251 "-" "Mozilla/5.0 (compatible; DotBot/1.2; +https://opensiteexplorer.org/dotbot; help@moz.com)"
216.244.66.199 - - [23/Apr/2025:00:42:35 -0400] "GET /momen-menakutkan-pesawat-boeing-777-bergoyang-diterpa-angin-badai/ HTTP/1.1" 404 1251 "-" "Mozilla/5.0 (compatible; DotBot/1.2; +https://opensiteexplorer.org/dotbot; help@moz.com)"
216.244.66.199 - - [23/Apr/2025:00:42:39 -0400] "GET /tag/tokohindonesia/ HTTP/1.1" 404 1251 "-" "Mozilla/5.0 (compatible; DotBot/1.2; +https://opensiteexplorer.org/dotbot; help@moz.com)"
216.244.66.199 - - [23/Apr/2025:00:43:16 -0400] "GET /tag/pt-waskita-toll-road/ HTTP/1.1" 404 1251 "-" "Mozilla/5.0 (compatible; DotBot/1.2; +https://opensiteexplorer.org/dotbot; help@moz.com)"
216.244.66.199 - - [23/Apr/2025:00:44:10 -0400] "GET /tag/masjid-istiqlal-dan-gereja-katedral/ HTTP/1.1" 404 1251 "-" "Mozilla/5.0 (compatible; DotBot/1.2; +https://opensiteexplorer.org/dotbot; help@moz.com)"
216.244.66.199 - - [23/Apr/2025:00:53:17 -0400] "GET /category/nasional/page/4/ HTTP/1.1" 404 1251 "-" "Mozilla/5.0 (compatible; DotBot/1.2; +https://opensiteexplorer.org/dotbot; help@moz.com)"
216.244.66.199 - - [23/Apr/2025:00:58:00 -0400] "GET /tag/supir-truk/feed/ HTTP/1.1" 404 1251 "-" "Mozilla/5.0 (compatible; DotBot/1.2; +https://opensiteexplorer.org/dotbot; help@moz.com)"
216.244.66.199 - - [23/Apr/2025:00:58:33 -0400] "GET /siskaeee-mengaku-dibayar-rp-10-juta-untuk-main-di-film-kramat-tunggak/feed/ HTTP/1.1" 404 1251 "-" "Mozilla/5.0 (compatible; DotBot/1.2; +https://opensiteexplorer.org/dotbot; help@moz.com)"
1.32.42.249 - - [23/Apr/2025:01:04:28 -0400] "GET /wp-json/wp/v2/posts HTTP/1.1" 404 1251 "-" "Mozilla/5.0 (Windows NT 10.0; Win64; x64) AppleWebKit/537.36 (KHTML, like Gecko) Chrome/120.0.0.0 Safari/537.36"
216.244.66.199 - - [23/Apr/2025:01:16:14 -0400] "GET /robots.txt HTTP/1.1" 404 1251 "-" "Mozilla/5.0 (compatible; DotBot/1.2; +https://opensiteexplorer.org/dotbot; help@moz.com)"
216.244.66.199 - - [23/Apr/2025:01:25:41 -0400] "GET /tag/berita-mega4d/ HTTP/1.1" 404 1251 "-" "Mozilla/5.0 (compatible; DotBot/1.2; +https://opensiteexplorer.org/dotbot; help@moz.com)"
216.244.66.199 - - [23/Apr/2025:01:25:50 -0400] "GET /tag/lukas-enembe/ HTTP/1.1" 404 1251 "-" "Mozilla/5.0 (compatible; DotBot/1.2; +https://opensiteexplorer.org/dotbot; help@moz.com)"
216.244.66.199 - - [23/Apr/2025:01:26:16 -0400] "GET /dea-onlyfans-pamer-surat-bebas-dari-penjara/ HTTP/1.1" 404 1251 "-" "Mozilla/5.0 (compatible; DotBot/1.2; +https://opensiteexplorer.org/dotbot; help@moz.com)"
216.244.66.199 - - [23/Apr/2025:01:26:48 -0400] "GET /tag/sandera-israel/ HTTP/1.1" 404 1251 "-" "Mozilla/5.0 (compatible; DotBot/1.2; +https://opensiteexplorer.org/dotbot; help@moz.com)"
216.244.66.199 - - [23/Apr/2025:01:27:04 -0400] "GET /tag/jembatan-francis-scott-key/ HTTP/1.1" 404 1251 "-" "Mozilla/5.0 (compatible; DotBot/1.2; +https://opensiteexplorer.org/dotbot; help@moz.com)"
216.244.66.199 - - [23/Apr/2025:01:30:14 -0400] "GET /tag/plat-dinas/ HTTP/1.1" 404 1251 "-" "Mozilla/5.0 (compatible; DotBot/1.2; +https://opensiteexplorer.org/dotbot; help@moz.com)"
185.191.171.12 - - [23/Apr/2025:01:30:20 -0400] "GET /wp-config-sample.php__46e9fa3 HTTP/1.1" 200 3336 "-" "Mozilla/5.0 (compatible; SemrushBot/7~bl; +http://www.semrush.com/bot.html)"
216.244.66.199 - - [23/Apr/2025:01:35:01 -0400] "GET /page/27/ HTTP/1.1" 404 1251 "-" "Mozilla/5.0 (compatible; DotBot/1.2; +https://opensiteexplorer.org/dotbot; help@moz.com)"
95.179.208.42 - - [23/Apr/2025:01:35:22 -0400] "GET /wp-content/plugins/suretriggers/readme.txt HTTP/1.1" 404 1251 "-" "Mozilla/5.0 (iPhone; CPU iPhone OS 17_2 like Mac OS X) AppleWebKit/605.1.15 (KHTML, like Gecko) Version/17.2 Mobile/15E148 Safari/604.1"
66.212.18.223 - - [23/Apr/2025:01:42:33 -0400] "GET /static/admin/webupload/server/preview.php HTTP/1.1" 404 1251 "-" "Mozilla/5.0 (Windows NT 10.0; Win64; x64) AppleWebKit/537.36 (KHTML, like Gecko) Chrome/90.0.4430.85 Safari/537.36"
43.135.182.95 - - [23/Apr/2025:02:03:25 -0400] "GET / HTTP/1.1" 200 2148 "-" "Mozilla/5.0 (iPhone; CPU iPhone OS 13_2_3 like Mac OS X) AppleWebKit/605.1.15 (KHTML, like Gecko) Version/13.0.3 Mobile/15E148 Safari/604.1"
216.244.66.199 - - [23/Apr/2025:02:05:20 -0400] "GET /robots.txt HTTP/1.1" 404 1251 "-" "Mozilla/5.0 (compatible; DotBot/1.2; +https://opensiteexplorer.org/dotbot; help@moz.com)"
199.244.88.229 - - [23/Apr/2025:02:05:55 -0400] "GET / HTTP/1.1" 200 2148 "-" "Mozilla/5.0 (X11; Linux x86_64) AppleWebKit/537.36 (KHTML, like Gecko) Chrome/105.0.0.0 Safari/537.36"
216.244.66.199 - - [23/Apr/2025:02:14:48 -0400] "GET /tag/kerusuhan/ HTTP/1.1" 404 1251 "-" "Mozilla/5.0 (compatible; DotBot/1.2; +https://opensiteexplorer.org/dotbot; help@moz.com)"
216.244.66.199 - - [23/Apr/2025:02:15:31 -0400] "GET /tag/menurunkan-berat-badan/ HTTP/1.1" 404 1251 "-" "Mozilla/5.0 (compatible; DotBot/1.2; +https://opensiteexplorer.org/dotbot; help@moz.com)"
216.244.66.199 - - [23/Apr/2025:02:18:30 -0400] "GET /tag/basf/feed/ HTTP/1.1" 404 1251 "-" "Mozilla/5.0 (compatible; DotBot/1.2; +https://opensiteexplorer.org/dotbot; help@moz.com)"
216.244.66.199 - - [23/Apr/2025:02:19:45 -0400] "GET /tag/natal-2023/ HTTP/1.1" 404 1251 "-" "Mozilla/5.0 (compatible; DotBot/1.2; +https://opensiteexplorer.org/dotbot; help@moz.com)"
216.244.66.199 - - [23/Apr/2025:02:19:48 -0400] "GET /tag/semangathuttni/ HTTP/1.1" 404 1251 "-" "Mozilla/5.0 (compatible; DotBot/1.2; +https://opensiteexplorer.org/dotbot; help@moz.com)"
216.244.66.199 - - [23/Apr/2025:02:19:51 -0400] "GET /tag/tniuntuknegeri/ HTTP/1.1" 404 1251 "-" "Mozilla/5.0 (compatible; DotBot/1.2; +https://opensiteexplorer.org/dotbot; help@moz.com)"
216.244.66.199 - - [23/Apr/2025:02:21:11 -0400] "GET /tag/masjid-istiqlal/ HTTP/1.1" 404 1251 "-" "Mozilla/5.0 (compatible; DotBot/1.2; +https://opensiteexplorer.org/dotbot; help@moz.com)"
216.244.66.199 - - [23/Apr/2025:02:26:04 -0400] "GET /category/berita/page/21/ HTTP/1.1" 404 1251 "-" "Mozilla/5.0 (compatible; DotBot/1.2; +https://opensiteexplorer.org/dotbot; help@moz.com)"
113.219.218.197 - - [23/Apr/2025:02:29:16 -0400] "GET / HTTP/1.1" 200 2148 "-" "Mozilla/5.0 (iPhone; CPU iPhone OS 13_2_3 like Mac OS X) AppleWebKit/605.1.15 (KHTML, like Gecko) Version/13.0.3 Mobile/15E148 Safari/604.1"
216.244.66.199 - - [23/Apr/2025:02:30:39 -0400] "GET /tag/lalu-lintas/feed/ HTTP/1.1" 404 1251 "-" "Mozilla/5.0 (compatible; DotBot/1.2; +https://opensiteexplorer.org/dotbot; help@moz.com)"
216.244.66.199 - - [23/Apr/2025:02:31:12 -0400] "GET /tag/ammar-zoni-narkoba/feed/ HTTP/1.1" 404 1251 "-" "Mozilla/5.0 (compatible; DotBot/1.2; +https://opensiteexplorer.org/dotbot; help@moz.com)"
216.244.66.199 - - [23/Apr/2025:02:31:13 -0400] "GET /tag/hut-bhayangkara-ke-78/feed/ HTTP/1.1" 404 1251 "-" "Mozilla/5.0 (compatible; DotBot/1.2; +https://opensiteexplorer.org/dotbot; help@moz.com)"
216.244.66.199 - - [23/Apr/2025:02:31:14 -0400] "GET /tag/kebakaran-jakarta/feed/ HTTP/1.1" 404 1251 "-" "Mozilla/5.0 (compatible; DotBot/1.2; +https://opensiteexplorer.org/dotbot; help@moz.com)"
216.244.66.199 - - [23/Apr/2025:02:31:51 -0400] "GET /tag/simpang-susun-cikunir-dan-karawang-barat/feed/ HTTP/1.1" 404 1251 "-" "Mozilla/5.0 (compatible; DotBot/1.2; +https://opensiteexplorer.org/dotbot; help@moz.com)"
185.128.227.185 - - [23/Apr/2025:02:35:50 -0400] "GET /wp-content/themes/homey/css/main.css HTTP/1.1" 404 1251 "-" "Mozilla/5.0 (Windows; U; Windows NT 6.1; en-US; rv:1.9.1.5) Gecko/20091102 Firefox/3.5.5 (.NET CLR 3.5.30729)"
66.249.68.70 - - [23/Apr/2025:02:44:03 -0400] "GET /tag/Chery-Indonesia HTTP/1.1" 404 1251 "-" "Mozilla/5.0 (Linux; Android 6.0.1; Nexus 5X Build/MMB29P) AppleWebKit/537.36 (KHTML, like Gecko) Chrome/135.0.7049.95 Mobile Safari/537.36 (compatible; Googlebot/2.1; +http://www.google.com/bot.html)"
216.244.66.199 - - [23/Apr/2025:03:03:45 -0400] "GET /robots.txt HTTP/1.1" 404 1251 "-" "Mozilla/5.0 (compatible; DotBot/1.2; +https://opensiteexplorer.org/dotbot; help@moz.com)"
216.244.66.199 - - [23/Apr/2025:03:14:25 -0400] "GET /tag/kramat-tunggak/feed/ HTTP/1.1" 404 1251 "-" "Mozilla/5.0 (compatible; DotBot/1.2; +https://opensiteexplorer.org/dotbot; help@moz.com)"
216.244.66.199 - - [23/Apr/2025:03:14:29 -0400] "GET /tag/pertamina/feed/ HTTP/1.1" 404 1251 "-" "Mozilla/5.0 (compatible; DotBot/1.2; +https://opensiteexplorer.org/dotbot; help@moz.com)"
216.244.66.199 - - [23/Apr/2025:03:14:52 -0400] "GET /tag/wilayahperbatasan/feed/ HTTP/1.1" 404 1251 "-" "Mozilla/5.0 (compatible; DotBot/1.2; +https://opensiteexplorer.org/dotbot; help@moz.com)"
216.244.66.199 - - [23/Apr/2025:03:51:19 -0400] "GET /robots.txt HTTP/1.1" 404 1251 "-" "Mozilla/5.0 (compatible; DotBot/1.2; +https://opensiteexplorer.org/dotbot; help@moz.com)"
216.244.66.199 - - [23/Apr/2025:04:02:52 -0400] "GET /tag/maritime-security/feed/ HTTP/1.1" 404 1251 "-" "Mozilla/5.0 (compatible; DotBot/1.2; +https://opensiteexplorer.org/dotbot; help@moz.com)"
216.244.66.199 - - [23/Apr/2025:04:36:37 -0400] "GET /robots.txt HTTP/1.1" 404 1251 "-" "Mozilla/5.0 (compatible; DotBot/1.2; +https://opensiteexplorer.org/dotbot; help@moz.com)"
216.244.66.199 - - [23/Apr/2025:04:44:55 -0400] "GET /tag/Eropa HTTP/1.1" 404 1251 "-" "Mozilla/5.0 (compatible; DotBot/1.2; +https://opensiteexplorer.org/dotbot; help@moz.com)"
216.244.66.199 - - [23/Apr/2025:04:46:31 -0400] "GET /category/ekonomis-bisnis/page/4/ HTTP/1.1" 404 1251 "-" "Mozilla/5.0 (compatible; DotBot/1.2; +https://opensiteexplorer.org/dotbot; help@moz.com)"
216.244.66.199 - - [23/Apr/2025:04:49:52 -0400] "GET /tag/zona-ekonomi-eksklusif/feed/ HTTP/1.1" 404 1251 "-" "Mozilla/5.0 (compatible; DotBot/1.2; +https://opensiteexplorer.org/dotbot; help@moz.com)"
212.34.141.234 - - [23/Apr/2025:05:18:04 -0400] "GET /buset-deh-harga-emas-hari-ini-anjlok-cek-di-sini-rinciannya/ HTTP/1.0" 404 1251 "http://beritamega4d.com/buset-deh-harga-emas-hari-ini-anjlok-cek-di-sini-rinciannya/" "Mozilla/5.0 (Windows NT 10.0; Win64; x64) AppleWebKit/537.36 (KHTML, like Gecko) Chrome/130.0.0.0 Safari/537.36"
212.34.141.234 - - [23/Apr/2025:05:18:07 -0400] "GET / HTTP/1.0" 200 9069 "http://beritamega4d.com/" "Mozilla/5.0 (Windows NT 10.0; Win64; x64) AppleWebKit/537.36 (KHTML, like Gecko) Chrome/130.0.0.0 Safari/537.36"
216.244.66.199 - - [23/Apr/2025:05:21:49 -0400] "GET /robots.txt HTTP/1.1" 404 1251 "-" "Mozilla/5.0 (compatible; DotBot/1.2; +https://opensiteexplorer.org/dotbot; help@moz.com)"
142.93.155.8 - - [23/Apr/2025:05:28:21 -0400] "GET / HTTP/1.1" 200 2148 "-" "Mozilla/5.0 (Windows NT 10.0; Win64; x64) AppleWebKit/537.36 (KHTML, like Gecko) Chrome/124.0.0.0 Safari/537.36"
216.244.66.199 - - [23/Apr/2025:05:31:28 -0400] "GET /program-gizi-sdn-slipi-menu-gratis-ayam-sayur-dan-buah-untuk-siswa/feed/ HTTP/1.1" 404 1251 "-" "Mozilla/5.0 (compatible; DotBot/1.2; +https://opensiteexplorer.org/dotbot; help@moz.com)"
85.208.96.206 - - [23/Apr/2025:05:40:34 -0400] "GET /tag/Konflik-Gaza/ HTTP/1.1" 404 1251 "-" "Mozilla/5.0 (compatible; SemrushBot/7~bl; +http://www.semrush.com/bot.html)"
45.219.16.186 - - [23/Apr/2025:05:52:30 -0400] "GET /about.php HTTP/1.1" 200 1481 "-" "python-requests/2.30.0"
45.61.161.58 - - [23/Apr/2025:05:55:39 -0400] "POST /about.php HTTP/1.1" 200 1505 "-" "python-requests/2.32.3"
45.61.161.58 - - [23/Apr/2025:05:55:48 -0400] "GET /wp-bl28n.php HTTP/1.1" 403 1242 "-" "Mozilla/5.0 (Windows NT 10.0; Win64; x64) AppleWebKit/537.36 (KHTML, like Gecko) Chrome/122.0.0.0 Safari/537.36"
43.159.128.155 - - [23/Apr/2025:06:15:03 -0400] "GET / HTTP/1.1" 200 2204 "-" "Mozilla/5.0 (iPhone; CPU iPhone OS 13_2_3 like Mac OS X) AppleWebKit/605.1.15 (KHTML, like Gecko) Version/13.0.3 Mobile/15E148 Safari/604.1"
43.166.245.250 - - [23/Apr/2025:06:29:11 -0400] "GET /wp-bl28n.php HTTP/1.1" 403 1242 "-" "Mozilla/5.0 (iPhone; CPU iPhone OS 13_2_3 like Mac OS X) AppleWebKit/605.1.15 (KHTML, like Gecko) Version/13.0.3 Mobile/15E148 Safari/604.1"
216.244.66.199 - - [23/Apr/2025:06:53:51 -0400] "GET /robots.txt HTTP/1.1" 404 1251 "-" "Mozilla/5.0 (compatible; DotBot/1.2; +https://opensiteexplorer.org/dotbot; help@moz.com)"
216.244.66.199 - - [23/Apr/2025:07:01:52 -0400] "GET /tag/inovasipertanian/feed/ HTTP/1.1" 404 1251 "-" "Mozilla/5.0 (compatible; DotBot/1.2; +https://opensiteexplorer.org/dotbot; help@moz.com)"
216.244.66.199 - - [23/Apr/2025:07:07:22 -0400] "GET /pagi-pagi-gibran-blusukan-di-pasar-induk-kramat-jati-dan-pasar-minggu/feed/ HTTP/1.1" 404 1251 "-" "Mozilla/5.0 (compatible; DotBot/1.2; +https://opensiteexplorer.org/dotbot; help@moz.com)"
60.188.57.0 - - [23/Apr/2025:07:23:32 -0400] "GET / HTTP/1.1" 200 2204 "-" "Mozilla/5.0 (iPhone; CPU iPhone OS 13_2_3 like Mac OS X) AppleWebKit/605.1.15 (KHTML, like Gecko) Version/13.0.3 Mobile/15E148 Safari/604.1"
216.244.66.199 - - [23/Apr/2025:07:39:16 -0400] "GET /robots.txt HTTP/1.1" 404 1251 "-" "Mozilla/5.0 (compatible; DotBot/1.2; +https://opensiteexplorer.org/dotbot; help@moz.com)"
216.244.66.199 - - [23/Apr/2025:07:47:54 -0400] "GET /tag/anak-indonesia-sehat/ HTTP/1.1" 404 1251 "-" "Mozilla/5.0 (compatible; DotBot/1.2; +https://opensiteexplorer.org/dotbot; help@moz.com)"
45.88.78.37 - - [23/Apr/2025:08:30:50 -0400] "GET / HTTP/1.0" 200 9310 "http://beritamega4d.com/" "Mozilla/5.0 (Windows NT 10.0; Win64; x64) AppleWebKit/537.36 (KHTML, like Gecko) Chrome/130.0.0.0 Safari/537.36 CCleaner/130.0.0.0"
43.153.107.22 - - [23/Apr/2025:08:32:09 -0400] "GET / HTTP/1.1" 200 2200 "-" "Mozilla/5.0 (iPhone; CPU iPhone OS 13_2_3 like Mac OS X) AppleWebKit/605.1.15 (KHTML, like Gecko) Version/13.0.3 Mobile/15E148 Safari/604.1"
43.135.135.57 - - [23/Apr/2025:08:46:09 -0400] "GET /wp-bl28n.php HTTP/1.1" 403 1242 "-" "Mozilla/5.0 (iPhone; CPU iPhone OS 13_2_3 like Mac OS X) AppleWebKit/605.1.15 (KHTML, like Gecko) Version/13.0.3 Mobile/15E148 Safari/604.1"
216.244.66.199 - - [23/Apr/2025:09:10:59 -0400] "GET /robots.txt HTTP/1.1" 404 1251 "-" "Mozilla/5.0 (compatible; DotBot/1.2; +https://opensiteexplorer.org/dotbot; help@moz.com)"
216.244.66.199 - - [23/Apr/2025:09:19:37 -0400] "GET /tag/myanmar-earth-quake/ HTTP/1.1" 404 1251 "-" "Mozilla/5.0 (compatible; DotBot/1.2; +https://opensiteexplorer.org/dotbot; help@moz.com)"
54.236.1.11 - - [23/Apr/2025:09:41:55 -0400] "GET / HTTP/1.1" 200 2200 "-" "Mozilla/5.0 (compatible; Pinterestbot/1.0; +http://www.pinterest.com/bot.html)"
216.244.66.199 - - [23/Apr/2025:09:56:18 -0400] "GET /robots.txt HTTP/1.1" 404 1251 "-" "Mozilla/5.0 (compatible; DotBot/1.2; +https://opensiteexplorer.org/dotbot; help@moz.com)"
216.244.66.199 - - [23/Apr/2025:10:05:13 -0400] "GET /tag/beritatimurtengah/ HTTP/1.1" 404 1251 "-" "Mozilla/5.0 (compatible; DotBot/1.2; +https://opensiteexplorer.org/dotbot; help@moz.com)"
216.244.66.199 - - [23/Apr/2025:10:05:18 -0400] "GET /tag/solidaritastni/ HTTP/1.1" 404 1251 "-" "Mozilla/5.0 (compatible; DotBot/1.2; +https://opensiteexplorer.org/dotbot; help@moz.com)"
172.245.168.36 - - [23/Apr/2025:10:25:49 -0400] "POST /index.php/wp-json/litespeed/v1/cdn_status HTTP/1.1" 404 1251 "https://beritamega4d.com/wp-admin/update.php?action=upload-plugin" "Mozilla/5.0 (Windows NT 10.0; Win64; x64; rv:128.0) Gecko/20100101 Firefox/128.0"
216.244.66.199 - - [23/Apr/2025:11:27:05 -0400] "GET /robots.txt HTTP/1.1" 404 1251 "-" "Mozilla/5.0 (compatible; DotBot/1.2; +https://opensiteexplorer.org/dotbot; help@moz.com)"
186.22.238.36 - - [23/Apr/2025:11:37:11 -0400] "GET /wp-json/wp/v2/posts HTTP/1.1" 404 1251 "-" "Mozilla/5.0 (Windows NT 10.0; Win64; x64) AppleWebKit/537.36 (KHTML, like Gecko) Chrome/120.0.0.0 Safari/537.36"
216.244.66.199 - - [23/Apr/2025:11:40:06 -0400] "GET /tag/krisistimurtengah/feed/ HTTP/1.1" 404 1251 "-" "Mozilla/5.0 (compatible; DotBot/1.2; +https://opensiteexplorer.org/dotbot; help@moz.com)"
216.244.66.199 - - [23/Apr/2025:12:12:59 -0400] "GET /robots.txt HTTP/1.1" 404 1251 "-" "Mozilla/5.0 (compatible; DotBot/1.2; +https://opensiteexplorer.org/dotbot; help@moz.com)"
182.43.70.143 - - [23/Apr/2025:12:18:18 -0400] "GET / HTTP/1.1" 200 2200 "-" "Mozilla/5.0 (iPhone; CPU iPhone OS 13_2_3 like Mac OS X) AppleWebKit/605.1.15 (KHTML, like Gecko) Version/13.0.3 Mobile/15E148 Safari/604.1"
216.244.66.199 - - [23/Apr/2025:12:22:18 -0400] "GET /tag/sdn-slipi/ HTTP/1.1" 404 1251 "-" "Mozilla/5.0 (compatible; DotBot/1.2; +https://opensiteexplorer.org/dotbot; help@moz.com)"
43.130.139.177 - - [23/Apr/2025:12:31:33 -0400] "GET / HTTP/1.1" 200 2204 "-" "Mozilla/5.0 (iPhone; CPU iPhone OS 13_2_3 like Mac OS X) AppleWebKit/605.1.15 (KHTML, like Gecko) Version/13.0.3 Mobile/15E148 Safari/604.1"
3.133.97.11 - - [23/Apr/2025:12:52:30 -0400] "GET /wp-content/plugins/suretriggers/readme.txt HTTP/1.1" 404 1251 "-" "Mozilla/5.0 (Linux; Android 7.0; SM-G892A) AppleWebKit/537.36 (KHTML, like Gecko) Chrome/60.0.3112.107 Mobile Safari/537.36"
216.244.66.199 - - [23/Apr/2025:12:59:24 -0400] "GET /robots.txt HTTP/1.1" 404 1251 "-" "Mozilla/5.0 (compatible; DotBot/1.2; +https://opensiteexplorer.org/dotbot; help@moz.com)"
216.244.66.199 - - [23/Apr/2025:13:06:48 -0400] "GET /tag/pertemuan-darurat/ HTTP/1.1" 404 1251 "-" "Mozilla/5.0 (compatible; DotBot/1.2; +https://opensiteexplorer.org/dotbot; help@moz.com)"
216.244.66.199 - - [23/Apr/2025:13:46:12 -0400] "GET /robots.txt HTTP/1.1" 404 1251 "-" "Mozilla/5.0 (compatible; DotBot/1.2; +https://opensiteexplorer.org/dotbot; help@moz.com)"
216.244.66.199 - - [23/Apr/2025:13:53:59 -0400] "GET /tag/proyekcetaksawah/feed/ HTTP/1.1" 404 1251 "-" "Mozilla/5.0 (compatible; DotBot/1.2; +https://opensiteexplorer.org/dotbot; help@moz.com)"
216.244.66.199 - - [23/Apr/2025:13:54:36 -0400] "GET /tag/menolakmenteri/ HTTP/1.1" 404 1251 "-" "Mozilla/5.0 (compatible; DotBot/1.2; +https://opensiteexplorer.org/dotbot; help@moz.com)"
216.244.66.199 - - [23/Apr/2025:13:54:41 -0400] "GET /tag/menteriprabowo/ HTTP/1.1" 404 1251 "-" "Mozilla/5.0 (compatible; DotBot/1.2; +https://opensiteexplorer.org/dotbot; help@moz.com)"
216.244.66.199 - - [23/Apr/2025:13:58:53 -0400] "GET /tag/seranganudara/feed/ HTTP/1.1" 404 1251 "-" "Mozilla/5.0 (compatible; DotBot/1.2; +https://opensiteexplorer.org/dotbot; help@moz.com)"
216.244.66.199 - - [23/Apr/2025:14:31:59 -0400] "GET /robots.txt HTTP/1.1" 404 1251 "-" "Mozilla/5.0 (compatible; DotBot/1.2; +https://opensiteexplorer.org/dotbot; help@moz.com)"
185.167.98.136 - - [23/Apr/2025:14:39:27 -0400] "GET / HTTP/1.1" 200 2200 "-" "python-requests/2.25.1"
145.223.41.98 - - [23/Apr/2025:14:39:30 -0400] "GET / HTTP/1.1" 200 2200 "-" "Mozilla/5.0 (Windows NT 6.2; WOW64) AppleWebKit/537.27 (KHTML, like Gecko) Chrome/26.0.1384.2 Safari/537.27"
216.244.66.199 - - [23/Apr/2025:14:41:58 -0400] "GET /tag/siagabanjir/ HTTP/1.1" 404 1251 "-" "Mozilla/5.0 (compatible; DotBot/1.2; +https://opensiteexplorer.org/dotbot; help@moz.com)"
216.244.66.199 - - [23/Apr/2025:14:42:36 -0400] "GET /terjebak-4-hari-di-reruntuhan-korban-gempa-myanmar-dapat-pertolongan/feed/ HTTP/1.1" 404 1251 "-" "Mozilla/5.0 (compatible; DotBot/1.2; +https://opensiteexplorer.org/dotbot; help@moz.com)"
188.239.41.209 - - [23/Apr/2025:14:49:46 -0400] "GET /tag/Netanyahu HTTP/1.1" 404 1251 "http://beritamega4d.com/tag/Netanyahu" "Mozilla/5.0 (Windows NT 10.0; Win64; x64) AppleWebKit/537.36 (KHTML, like Gecko) Chrome/101.0.4951.67 Safari/537.36"
43.157.142.101 - - [23/Apr/2025:14:59:18 -0400] "GET / HTTP/1.1" 200 2200 "-" "Mozilla/5.0 (iPhone; CPU iPhone OS 13_2_3 like Mac OS X) AppleWebKit/605.1.15 (KHTML, like Gecko) Version/13.0.3 Mobile/15E148 Safari/604.1"
216.244.66.199 - - [23/Apr/2025:15:18:52 -0400] "GET /robots.txt HTTP/1.1" 404 1251 "-" "Mozilla/5.0 (compatible; DotBot/1.2; +https://opensiteexplorer.org/dotbot; help@moz.com)"
216.244.66.199 - - [23/Apr/2025:15:27:44 -0400] "GET /tag/politik-dunia/ HTTP/1.1" 404 1251 "-" "Mozilla/5.0 (compatible; DotBot/1.2; +https://opensiteexplorer.org/dotbot; help@moz.com)"
216.244.66.199 - - [23/Apr/2025:15:28:53 -0400] "GET /tag/banjirjakarta/ HTTP/1.1" 404 1251 "-" "Mozilla/5.0 (compatible; DotBot/1.2; +https://opensiteexplorer.org/dotbot; help@moz.com)"
216.244.66.199 - - [23/Apr/2025:15:28:57 -0400] "GET /tag/pbnu/feed/ HTTP/1.1" 404 1251 "-" "Mozilla/5.0 (compatible; DotBot/1.2; +https://opensiteexplorer.org/dotbot; help@moz.com)"
52.167.144.207 - - [23/Apr/2025:15:36:41 -0400] "GET /tag/Serangan-Anjing HTTP/1.1" 404 1251 "-" "Mozilla/5.0 AppleWebKit/537.36 (KHTML, like Gecko; compatible; bingbot/2.0; +http://www.bing.com/bingbot.htm) Chrome/116.0.1938.76 Safari/537.36"
216.244.66.199 - - [23/Apr/2025:16:04:41 -0400] "GET /robots.txt HTTP/1.1" 404 1251 "-" "Mozilla/5.0 (compatible; DotBot/1.2; +https://opensiteexplorer.org/dotbot; help@moz.com)"
216.244.66.199 - - [23/Apr/2025:16:13:26 -0400] "GET /tag/senjatairan/ HTTP/1.1" 404 1251 "-" "Mozilla/5.0 (compatible; DotBot/1.2; +https://opensiteexplorer.org/dotbot; help@moz.com)"
216.244.66.199 - - [23/Apr/2025:16:16:54 -0400] "GET /tag/prabowo-in-peru/feed/ HTTP/1.1" 404 1251 "-" "Mozilla/5.0 (compatible; DotBot/1.2; +https://opensiteexplorer.org/dotbot; help@moz.com)"
216.244.66.199 - - [23/Apr/2025:16:49:33 -0400] "GET /robots.txt HTTP/1.1" 404 1251 "-" "Mozilla/5.0 (compatible; DotBot/1.2; +https://opensiteexplorer.org/dotbot; help@moz.com)"
216.244.66.199 - - [23/Apr/2025:17:01:12 -0400] "GET /tag/politikindonesia/ HTTP/1.1" 404 1251 "-" "Mozilla/5.0 (compatible; DotBot/1.2; +https://opensiteexplorer.org/dotbot; help@moz.com)"
144.76.133.160 - - [23/Apr/2025:17:02:10 -0400] "GET / HTTP/1.1" 200 2200 "-" "Mozilla/5.0 (Windows NT 10.0; WOW64; rv:45.0) Gecko/20100101 Firefox/45.0"
216.244.66.199 - - [23/Apr/2025:17:07:19 -0400] "GET /situasi-terkini-jayapura-massa-pengantar-lukas-enembe-bakar-puluhan-ruko-dan-kendaraan-kerugian-tak-terhitung/feed/ HTTP/1.1" 404 1251 "-" "Mozilla/5.0 (compatible; DotBot/1.2; +https://opensiteexplorer.org/dotbot; help@moz.com)"
223.15.245.170 - - [23/Apr/2025:17:13:24 -0400] "GET / HTTP/1.1" 200 2204 "-" "Mozilla/5.0 (iPhone; CPU iPhone OS 13_2_3 like Mac OS X) AppleWebKit/605.1.15 (KHTML, like Gecko) Version/13.0.3 Mobile/15E148 Safari/604.1"
185.245.106.103 - - [23/Apr/2025:17:31:38 -0400] "GET /usai-baut-hilang-dicuri-jembatan-di-bekasi-amblas/ HTTP/1.0" 404 1251 "http://beritamega4d.com/usai-baut-hilang-dicuri-jembatan-di-bekasi-amblas/#comment-8775" "Mozilla/5.0 (Windows NT 10.0; Win64; x64) AppleWebKit/537.36 (KHTML, like Gecko) Chrome/131.0.0.0 Safari/537.36"
185.245.106.103 - - [23/Apr/2025:17:31:41 -0400] "GET / HTTP/1.0" 200 9310 "http://beritamega4d.com/" "Mozilla/5.0 (Windows NT 10.0; Win64; x64) AppleWebKit/537.36 (KHTML, like Gecko) Chrome/131.0.0.0 Safari/537.36"
216.244.66.199 - - [23/Apr/2025:17:37:17 -0400] "GET /robots.txt HTTP/1.1" 404 1251 "-" "Mozilla/5.0 (compatible; DotBot/1.2; +https://opensiteexplorer.org/dotbot; help@moz.com)"
193.176.23.38 - - [23/Apr/2025:17:44:04 -0400] "GET / HTTP/1.0" 200 9310 "http://beritamega4d.com/" "Mozilla/5.0 (Windows NT 10.0; Win64; x64) AppleWebKit/537.36 (KHTML, like Gecko) Chrome/130.0.0.0 Safari/537.36"
216.244.66.199 - - [23/Apr/2025:17:46:55 -0400] "GET /tag/prabowo-diplomacy/feed/ HTTP/1.1" 404 1251 "-" "Mozilla/5.0 (compatible; DotBot/1.2; +https://opensiteexplorer.org/dotbot; help@moz.com)"
216.244.66.199 - - [23/Apr/2025:17:52:05 -0400] "GET /tag/penembakan-bos-rental/feed/ HTTP/1.1" 404 1251 "-" "Mozilla/5.0 (compatible; DotBot/1.2; +https://opensiteexplorer.org/dotbot; help@moz.com)"
107.174.26.151 - - [23/Apr/2025:18:17:46 -0400] "GET / HTTP/1.1" 200 9314 "-" "-"
107.174.26.151 - - [23/Apr/2025:18:17:46 -0400] "GET /wordpress HTTP/1.1" 404 1251 "-" "-"
107.174.26.151 - - [23/Apr/2025:18:17:47 -0400] "GET /wp HTTP/1.1" 404 1251 "-" "-"
107.174.26.151 - - [23/Apr/2025:18:17:47 -0400] "GET /blog HTTP/1.1" 404 1251 "-" "-"
107.174.26.151 - - [23/Apr/2025:18:17:48 -0400] "GET /new HTTP/1.1" 404 1251 "-" "-"
107.174.26.151 - - [23/Apr/2025:18:17:48 -0400] "GET /old HTTP/1.1" 404 1251 "-" "-"
107.174.26.151 - - [23/Apr/2025:18:17:49 -0400] "GET /test HTTP/1.1" 404 1251 "-" "-"
107.174.26.151 - - [23/Apr/2025:18:17:49 -0400] "GET /main HTTP/1.1" 404 1251 "-" "-"
107.174.26.151 - - [23/Apr/2025:18:17:50 -0400] "GET /testing HTTP/1.1" 404 1251 "-" "-"
216.244.66.199 - - [23/Apr/2025:18:22:06 -0400] "GET /robots.txt HTTP/1.1" 404 1251 "-" "Mozilla/5.0 (compatible; DotBot/1.2; +https://opensiteexplorer.org/dotbot; help@moz.com)"
181.57.141.38 - - [23/Apr/2025:18:37:11 -0400] "GET /wp-json/wp/v2/posts HTTP/1.1" 404 1251 "-" "Mozilla/5.0 (Windows NT 10.0; Win64; x64) AppleWebKit/537.36 (KHTML, like Gecko) Chrome/120.0.0.0 Safari/537.36"
216.244.66.199 - - [23/Apr/2025:18:40:31 -0400] "GET /tag/leasing/feed/ HTTP/1.1" 404 1251 "-" "Mozilla/5.0 (compatible; DotBot/1.2; +https://opensiteexplorer.org/dotbot; help@moz.com)"
216.244.66.199 - - [23/Apr/2025:19:06:20 -0400] "GET /robots.txt HTTP/1.1" 404 1251 "-" "Mozilla/5.0 (compatible; DotBot/1.2; +https://opensiteexplorer.org/dotbot; help@moz.com)"
216.244.66.199 - - [23/Apr/2025:19:27:00 -0400] "GET /tag/dugaan-korupsi-rp-64-m/feed/ HTTP/1.1" 404 1251 "-" "Mozilla/5.0 (compatible; DotBot/1.2; +https://opensiteexplorer.org/dotbot; help@moz.com)"
43.153.104.196 - - [23/Apr/2025:19:28:54 -0400] "GET / HTTP/1.1" 200 2204 "-" "Mozilla/5.0 (iPhone; CPU iPhone OS 13_2_3 like Mac OS X) AppleWebKit/605.1.15 (KHTML, like Gecko) Version/13.0.3 Mobile/15E148 Safari/604.1"
216.244.66.199 - - [23/Apr/2025:19:51:35 -0400] "GET /robots.txt HTTP/1.1" 404 1251 "-" "Mozilla/5.0 (compatible; DotBot/1.2; +https://opensiteexplorer.org/dotbot; help@moz.com)"
216.244.66.199 - - [23/Apr/2025:20:03:44 -0400] "GET /tag/eropa/feed/ HTTP/1.1" 404 1251 "-" "Mozilla/5.0 (compatible; DotBot/1.2; +https://opensiteexplorer.org/dotbot; help@moz.com)"
77.238.237.38 - - [23/Apr/2025:20:20:05 -0400] "GET /buset-deh-harga-emas-hari-ini-anjlok-cek-di-sini-rinciannya/ HTTP/1.0" 404 1251 "http://beritamega4d.com/buset-deh-harga-emas-hari-ini-anjlok-cek-di-sini-rinciannya/" "Mozilla/5.0 (Windows NT 10.0; Win64; x64) AppleWebKit/537.36 (KHTML, like Gecko) Chrome/130.0.0.0 Safari/537.36"
77.238.237.38 - - [23/Apr/2025:20:20:06 -0400] "GET / HTTP/1.0" 200 9310 "http://beritamega4d.com/" "Mozilla/5.0 (Windows NT 10.0; Win64; x64) AppleWebKit/537.36 (KHTML, like Gecko) Chrome/130.0.0.0 Safari/537.36"
216.244.66.199 - - [23/Apr/2025:20:37:12 -0400] "GET /robots.txt HTTP/1.1" 404 1251 "-" "Mozilla/5.0 (compatible; DotBot/1.2; +https://opensiteexplorer.org/dotbot; help@moz.com)"
216.244.66.199 - - [23/Apr/2025:20:44:24 -0400] "GET /tag/menteng/ HTTP/1.1" 404 1251 "-" "Mozilla/5.0 (compatible; DotBot/1.2; +https://opensiteexplorer.org/dotbot; help@moz.com)"
216.244.66.199 - - [23/Apr/2025:20:46:27 -0400] "GET /tag/peringatanbmkg/ HTTP/1.1" 404 1251 "-" "Mozilla/5.0 (compatible; DotBot/1.2; +https://opensiteexplorer.org/dotbot; help@moz.com)"
216.244.66.199 - - [23/Apr/2025:20:47:11 -0400] "GET /tag/krisis-global/feed/ HTTP/1.1" 404 1251 "-" "Mozilla/5.0 (compatible; DotBot/1.2; +https://opensiteexplorer.org/dotbot; help@moz.com)"
216.244.66.199 - - [23/Apr/2025:21:23:51 -0400] "GET /robots.txt HTTP/1.1" 404 1251 "-" "Mozilla/5.0 (compatible; DotBot/1.2; +https://opensiteexplorer.org/dotbot; help@moz.com)"
198.204.240.42 - - [23/Apr/2025:21:26:18 -0400] "GET /index.php?params=1 HTTP/1.1" 404 1251 "-" "Mozilla/5.0 (Windows NT 10.0; Win64; x64) AppleWebKit/537.36 (KHTML, like Gecko) Chrome/91.0.4472.106 Safari/537.36"
216.244.66.199 - - [23/Apr/2025:21:31:06 -0400] "GET /tag/rokokelektrik/ HTTP/1.1" 404 1251 "-" "Mozilla/5.0 (compatible; DotBot/1.2; +https://opensiteexplorer.org/dotbot; help@moz.com)"
216.244.66.199 - - [23/Apr/2025:21:31:21 -0400] "GET /tag/ketangkap-polisi/ HTTP/1.1" 404 1251 "-" "Mozilla/5.0 (compatible; DotBot/1.2; +https://opensiteexplorer.org/dotbot; help@moz.com)"
216.244.66.199 - - [23/Apr/2025:21:32:40 -0400] "GET /tag/operasi-damai-cartenz/ HTTP/1.1" 404 1251 "-" "Mozilla/5.0 (compatible; DotBot/1.2; +https://opensiteexplorer.org/dotbot; help@moz.com)"
216.244.66.199 - - [23/Apr/2025:21:33:28 -0400] "GET /tag/jalan-tol-japek/ HTTP/1.1" 404 1251 "-" "Mozilla/5.0 (compatible; DotBot/1.2; +https://opensiteexplorer.org/dotbot; help@moz.com)"
216.244.66.199 - - [23/Apr/2025:21:34:26 -0400] "GET /page/6/ HTTP/1.1" 404 1251 "-" "Mozilla/5.0 (compatible; DotBot/1.2; +https://opensiteexplorer.org/dotbot; help@moz.com)"
216.244.66.199 - - [23/Apr/2025:21:41:38 -0400] "GET /tag/capres/feed/ HTTP/1.1" 404 1251 "-" "Mozilla/5.0 (compatible; DotBot/1.2; +https://opensiteexplorer.org/dotbot; help@moz.com)"
113.219.218.197 - - [23/Apr/2025:21:52:34 -0400] "GET / HTTP/1.1" 200 2201 "-" "Mozilla/5.0 (iPhone; CPU iPhone OS 13_2_3 like Mac OS X) AppleWebKit/605.1.15 (KHTML, like Gecko) Version/13.0.3 Mobile/15E148 Safari/604.1"
170.106.107.87 - - [23/Apr/2025:22:15:24 -0400] "GET / HTTP/1.1" 200 2201 "-" "Mozilla/5.0 (iPhone; CPU iPhone OS 13_2_3 like Mac OS X) AppleWebKit/605.1.15 (KHTML, like Gecko) Version/13.0.3 Mobile/15E148 Safari/604.1"
195.2.70.49 - - [23/Apr/2025:22:50:36 -0400] "GET /buset-deh-harga-emas-hari-ini-anjlok-cek-di-sini-rinciannya/ HTTP/1.0" 404 1251 "http://beritamega4d.com/buset-deh-harga-emas-hari-ini-anjlok-cek-di-sini-rinciannya/" "Mozilla/5.0 (Windows NT 10.0; Win64; x64) AppleWebKit/537.36 (KHTML, like Gecko) Chrome/130.0.0.0 Safari/537.36"
195.2.70.49 - - [23/Apr/2025:22:50:37 -0400] "GET / HTTP/1.0" 200 9310 "http://beritamega4d.com/" "Mozilla/5.0 (Windows NT 10.0; Win64; x64) AppleWebKit/537.36 (KHTML, like Gecko) Chrome/130.0.0.0 Safari/537.36"
183.56.236.152 - - [23/Apr/2025:23:15:55 -0400] "GET /wp-login.php HTTP/1.1" 404 1251 "-" "Apache-HttpClient/4.5.2 (Java/1.8.0_161)"
183.56.236.152 - - [23/Apr/2025:23:15:58 -0400] "GET /?author=1 HTTP/1.1" 200 2201 "-" "Apache-HttpClient/4.5.2 (Java/1.8.0_161)"
183.56.236.152 - - [23/Apr/2025:23:16:00 -0400] "GET /?author=2 HTTP/1.1" 200 2201 "-" "Apache-HttpClient/4.5.2 (Java/1.8.0_161)"
183.56.236.152 - - [23/Apr/2025:23:16:01 -0400] "GET /?author=3 HTTP/1.1" 200 2201 "-" "Apache-HttpClient/4.5.2 (Java/1.8.0_161)"
183.56.236.152 - - [23/Apr/2025:23:16:02 -0400] "GET /?author=4 HTTP/1.1" 200 2201 "-" "Apache-HttpClient/4.5.2 (Java/1.8.0_161)"
183.56.236.152 - - [23/Apr/2025:23:16:04 -0400] "GET /?author=5 HTTP/1.1" 200 2201 "-" "Apache-HttpClient/4.5.2 (Java/1.8.0_161)"
183.56.236.152 - - [23/Apr/2025:23:16:06 -0400] "GET /?author=6 HTTP/1.1" 200 2201 "-" "Apache-HttpClient/4.5.2 (Java/1.8.0_161)"
183.56.236.152 - - [23/Apr/2025:23:16:09 -0400] "GET /?author=7 HTTP/1.1" 200 2201 "-" "Apache-HttpClient/4.5.2 (Java/1.8.0_161)"
183.56.236.152 - - [23/Apr/2025:23:16:10 -0400] "GET /?author=8 HTTP/1.1" 200 2201 "-" "Apache-HttpClient/4.5.2 (Java/1.8.0_161)"
183.56.236.152 - - [23/Apr/2025:23:16:12 -0400] "GET /?author=9 HTTP/1.1" 200 2201 "-" "Apache-HttpClient/4.5.2 (Java/1.8.0_161)"
183.56.236.152 - - [23/Apr/2025:23:16:14 -0400] "GET /?author=10 HTTP/1.1" 200 2201 "-" "Apache-HttpClient/4.5.2 (Java/1.8.0_161)"
183.56.236.152 - - [23/Apr/2025:23:16:15 -0400] "GET /?author=11 HTTP/1.1" 200 2201 "-" "Apache-HttpClient/4.5.2 (Java/1.8.0_161)"
183.56.236.152 - - [23/Apr/2025:23:16:17 -0400] "GET /?author=12 HTTP/1.1" 200 2201 "-" "Apache-HttpClient/4.5.2 (Java/1.8.0_161)"
183.56.236.152 - - [23/Apr/2025:23:16:19 -0400] "GET /?author=13 HTTP/1.1" 200 2201 "-" "Apache-HttpClient/4.5.2 (Java/1.8.0_161)"
183.56.236.152 - - [23/Apr/2025:23:16:22 -0400] "GET /?author=14 HTTP/1.1" 200 2201 "-" "Apache-HttpClient/4.5.2 (Java/1.8.0_161)"
183.56.236.152 - - [23/Apr/2025:23:16:24 -0400] "GET /?author=15 HTTP/1.1" 200 2201 "-" "Apache-HttpClient/4.5.2 (Java/1.8.0_161)"
183.56.236.152 - - [23/Apr/2025:23:16:26 -0400] "GET /?author=16 HTTP/1.1" 200 2201 "-" "Apache-HttpClient/4.5.2 (Java/1.8.0_161)"
183.56.236.152 - - [23/Apr/2025:23:16:28 -0400] "GET /?author=17 HTTP/1.1" 200 2201 "-" "Apache-HttpClient/4.5.2 (Java/1.8.0_161)"
183.56.236.152 - - [23/Apr/2025:23:16:29 -0400] "GET /?author=18 HTTP/1.1" 200 2201 "-" "Apache-HttpClient/4.5.2 (Java/1.8.0_161)"
183.56.236.152 - - [23/Apr/2025:23:16:31 -0400] "GET /?author=19 HTTP/1.1" 200 2201 "-" "Apache-HttpClient/4.5.2 (Java/1.8.0_161)"
183.56.236.152 - - [23/Apr/2025:23:16:35 -0400] "GET /?author=20 HTTP/1.1" 200 2201 "-" "Apache-HttpClient/4.5.2 (Java/1.8.0_161)"
156.228.94.140 - - [24/Apr/2025:00:10:26 -0400] "GET / HTTP/1.1" 200 1849 "-" "Mozilla/5.0 (Linux x86_64; rv:114.0) Gecko/20100101 Firefox/114.0"
156.228.94.140 - - [24/Apr/2025:00:10:31 -0400] "GET /google5b0df04774f30452.html__46e9fa3 HTTP/1.1" 200 53 "http://beritamega4d.com/" "Mozilla/5.0 (Linux x86_64; rv:114.0) Gecko/20100101 Firefox/114.0"
164.92.244.132 - - [24/Apr/2025:00:19:55 -0400] "GET / HTTP/1.1" 200 9314 "-" "-"
164.92.244.132 - - [24/Apr/2025:00:19:56 -0400] "GET / HTTP/1.1" 200 9314 "-" "Mozilla/5.0 (Linux; Android 6.0; HTC One M9 Build/MRA453229) AppleWebKit/537.36 (KHTML, like Gecko) Chrome/52.0.3225.98 Mobile Safari/537.3"
164.92.244.132 - - [24/Apr/2025:00:19:57 -0400] "GET /@vite/env HTTP/1.1" 404 1251 "-" "Go-http-client/1.1"
164.92.244.132 - - [24/Apr/2025:00:19:58 -0400] "GET /actuator/env HTTP/1.1" 404 1251 "-" "Go-http-client/1.1"
164.92.244.132 - - [24/Apr/2025:00:19:59 -0400] "GET /server HTTP/1.1" 404 1251 "-" "Go-http-client/1.1"
164.92.244.132 - - [24/Apr/2025:00:20:00 -0400] "GET /.vscode/sftp.json HTTP/1.1" 404 1251 "-" "Go-http-client/1.1"
164.92.244.132 - - [24/Apr/2025:00:20:00 -0400] "GET /about HTTP/1.1" 404 1251 "-" "Go-http-client/1.1"
164.92.244.132 - - [24/Apr/2025:00:20:01 -0400] "GET /debug/default/view?panel=config HTTP/1.1" 404 1251 "-" "Go-http-client/1.1"
164.92.244.132 - - [24/Apr/2025:00:20:02 -0400] "GET /v2/_catalog HTTP/1.1" 404 1251 "-" "Go-http-client/1.1"
164.92.244.132 - - [24/Apr/2025:00:20:03 -0400] "GET /ecp/Current/exporttool/microsoft.exchange.ediscovery.exporttool.application HTTP/1.1" 404 1251 "-" "Go-http-client/1.1"
164.92.244.132 - - [24/Apr/2025:00:20:04 -0400] "GET /login.action HTTP/1.1" 404 1251 "-" "Go-http-client/1.1"
164.92.244.132 - - [24/Apr/2025:00:20:05 -0400] "GET /_all_dbs HTTP/1.1" 404 1251 "-" "Mozilla/5.0 (l9scan/2.0.7363e2731313e24363e2239313; +https://leakix.net)"
164.92.244.132 - - [24/Apr/2025:00:20:05 -0400] "GET /.DS_Store HTTP/1.1" 404 1251 "-" "Go-http-client/1.1"
164.92.244.132 - - [24/Apr/2025:00:20:06 -0400] "GET /.env HTTP/1.1" 404 1251 "-" "Go-http-client/1.1"
164.92.244.132 - - [24/Apr/2025:00:20:07 -0400] "GET /.git/config HTTP/1.1" 403 1242 "-" "Go-http-client/1.1"
164.92.244.132 - - [24/Apr/2025:00:20:07 -0400] "GET /s/7363e2731313e24363e2239313/_/;/META-INF/maven/com.atlassian.jira/jira-webapp-dist/pom.properties HTTP/1.1" 404 1251 "-" "Go-http-client/1.1"
164.92.244.132 - - [24/Apr/2025:00:20:08 -0400] "GET /config.json HTTP/1.1" 404 1251 "-" "Go-http-client/1.1"
164.92.244.132 - - [24/Apr/2025:00:20:09 -0400] "GET /telescope/requests HTTP/1.1" 404 1251 "-" "Go-http-client/1.1"
164.92.244.132 - - [24/Apr/2025:00:20:10 -0400] "GET /info.php HTTP/1.1" 403 1242 "-" "Go-http-client/1.1"
164.92.244.132 - - [24/Apr/2025:00:20:12 -0400] "GET /?rest_route=/wp/v2/users/ HTTP/1.1" 200 2204 "-" "Go-http-client/1.1"
146.19.215.32 - - [24/Apr/2025:00:35:07 -0400] "GET /admin.php?520 HTTP/1.1" 200 114 "-" "Mozilla/5.0 (Windows; U; Windows NT 6.1; en-US; rv:1.9.1.5) Gecko/20091102 Firefox/3.5.5 (.NET CLR 3.5.30729)"
216.244.66.199 - - [24/Apr/2025:01:08:17 -0400] "GET /robots.txt HTTP/1.1" 404 1251 "-" "Mozilla/5.0 (compatible; DotBot/1.2; +https://opensiteexplorer.org/dotbot; help@moz.com)"
216.244.66.199 - - [24/Apr/2025:01:18:09 -0400] "GET /tag/kp2kp/ HTTP/1.1" 404 1251 "-" "Mozilla/5.0 (compatible; DotBot/1.2; +https://opensiteexplorer.org/dotbot; help@moz.com)"
216.244.66.199 - - [24/Apr/2025:01:18:28 -0400] "GET /tag/bca-mobile/ HTTP/1.1" 404 1251 "-" "Mozilla/5.0 (compatible; DotBot/1.2; +https://opensiteexplorer.org/dotbot; help@moz.com)"
216.244.66.199 - - [24/Apr/2025:01:22:12 -0400] "GET /tag/pilpres-2024/feed/ HTTP/1.1" 404 1251 "-" "Mozilla/5.0 (compatible; DotBot/1.2; +https://opensiteexplorer.org/dotbot; help@moz.com)"
216.244.66.199 - - [24/Apr/2025:01:23:06 -0400] "GET /tag/direktur-operasional-ii-pt-bukaka-teknik-utama/ HTTP/1.1" 404 1251 "-" "Mozilla/5.0 (compatible; DotBot/1.2; +https://opensiteexplorer.org/dotbot; help@moz.com)"
216.244.66.199 - - [24/Apr/2025:01:24:10 -0400] "GET /tag/rest-area-seperti-km-57/ HTTP/1.1" 404 1251 "-" "Mozilla/5.0 (compatible; DotBot/1.2; +https://opensiteexplorer.org/dotbot; help@moz.com)"
106.227.49.113 - - [24/Apr/2025:01:24:48 -0400] "GET / HTTP/1.1" 200 2204 "-" "Mozilla/5.0 (iPhone; CPU iPhone OS 13_2_3 like Mac OS X) AppleWebKit/605.1.15 (KHTML, like Gecko) Version/13.0.3 Mobile/15E148 Safari/604.1"
195.20.18.145 - - [24/Apr/2025:01:32:53 -0400] "GET /sites/all/libraries/elfinder/src/connectors/php/connector.php HTTP/1.1" 404 1251 "-" "ALittle Client"
216.244.66.199 - - [24/Apr/2025:01:52:50 -0400] "GET /robots.txt HTTP/1.1" 404 1251 "-" "Mozilla/5.0 (compatible; DotBot/1.2; +https://opensiteexplorer.org/dotbot; help@moz.com)"
216.244.66.199 - - [24/Apr/2025:02:38:18 -0400] "GET /robots.txt HTTP/1.1" 404 1251 "-" "Mozilla/5.0 (compatible; DotBot/1.2; +https://opensiteexplorer.org/dotbot; help@moz.com)"
143.198.91.130 - - [24/Apr/2025:02:42:14 -0400] "GET / HTTP/1.1" 200 9310 "-" "Mozilla/5.0 (Windows NT 10.0; Win64; x64) AppleWebKit/537.36 (KHTML, like Gecko) Chrome/95.0.4638.69 Safari/537.36"
143.198.91.130 - - [24/Apr/2025:02:42:15 -0400] "GET /wp-includes/ID3/license.txt HTTP/1.1" 404 1251 "-" "Mozilla/5.0 (Windows NT 10.0; Win64; x64) AppleWebKit/537.36 (KHTML, like Gecko) Chrome/95.0.4638.69 Safari/537.36"
143.198.91.130 - - [24/Apr/2025:02:42:16 -0400] "GET /feed/ HTTP/1.1" 404 1251 "-" "Mozilla/5.0 (Windows NT 10.0; Win64; x64) AppleWebKit/537.36 (KHTML, like Gecko) Chrome/95.0.4638.69 Safari/537.36"
143.198.91.130 - - [24/Apr/2025:02:42:16 -0400] "GET /xmlrpc.php?rsd HTTP/1.1" 404 1251 "-" "Mozilla/5.0 (Windows NT 10.0; Win64; x64) AppleWebKit/537.36 (KHTML, like Gecko) Chrome/95.0.4638.69 Safari/537.36"
143.198.91.130 - - [24/Apr/2025:02:42:17 -0400] "GET /blog/wp-includes/wlwmanifest.xml HTTP/1.1" 404 1251 "-" "Mozilla/5.0 (Windows NT 10.0; Win64; x64) AppleWebKit/537.36 (KHTML, like Gecko) Chrome/95.0.4638.69 Safari/537.36"
143.198.91.130 - - [24/Apr/2025:02:42:17 -0400] "GET /web/wp-includes/wlwmanifest.xml HTTP/1.1" 404 1251 "-" "Mozilla/5.0 (Windows NT 10.0; Win64; x64) AppleWebKit/537.36 (KHTML, like Gecko) Chrome/95.0.4638.69 Safari/537.36"
143.198.91.130 - - [24/Apr/2025:02:42:18 -0400] "GET /wordpress/wp-includes/wlwmanifest.xml HTTP/1.1" 404 1251 "-" "Mozilla/5.0 (Windows NT 10.0; Win64; x64) AppleWebKit/537.36 (KHTML, like Gecko) Chrome/95.0.4638.69 Safari/537.36"
143.198.91.130 - - [24/Apr/2025:02:42:19 -0400] "GET /wp/wp-includes/wlwmanifest.xml HTTP/1.1" 404 1251 "-" "Mozilla/5.0 (Windows NT 10.0; Win64; x64) AppleWebKit/537.36 (KHTML, like Gecko) Chrome/95.0.4638.69 Safari/537.36"
143.198.91.130 - - [24/Apr/2025:02:42:20 -0400] "GET /2020/wp-includes/wlwmanifest.xml HTTP/1.1" 404 1251 "-" "Mozilla/5.0 (Windows NT 10.0; Win64; x64) AppleWebKit/537.36 (KHTML, like Gecko) Chrome/95.0.4638.69 Safari/537.36"
143.198.91.130 - - [24/Apr/2025:02:42:20 -0400] "GET /2019/wp-includes/wlwmanifest.xml HTTP/1.1" 404 1251 "-" "Mozilla/5.0 (Windows NT 10.0; Win64; x64) AppleWebKit/537.36 (KHTML, like Gecko) Chrome/95.0.4638.69 Safari/537.36"
143.198.91.130 - - [24/Apr/2025:02:42:20 -0400] "GET /2021/wp-includes/wlwmanifest.xml HTTP/1.1" 404 1251 "-" "Mozilla/5.0 (Windows NT 10.0; Win64; x64) AppleWebKit/537.36 (KHTML, like Gecko) Chrome/95.0.4638.69 Safari/537.36"
143.198.91.130 - - [24/Apr/2025:02:42:20 -0400] "GET /shop/wp-includes/wlwmanifest.xml HTTP/1.1" 404 1251 "-" "Mozilla/5.0 (Windows NT 10.0; Win64; x64) AppleWebKit/537.36 (KHTML, like Gecko) Chrome/95.0.4638.69 Safari/537.36"
143.198.91.130 - - [24/Apr/2025:02:42:21 -0400] "GET /wp1/wp-includes/wlwmanifest.xml HTTP/1.1" 404 1251 "-" "Mozilla/5.0 (Windows NT 10.0; Win64; x64) AppleWebKit/537.36 (KHTML, like Gecko) Chrome/95.0.4638.69 Safari/537.36"
143.198.91.130 - - [24/Apr/2025:02:42:22 -0400] "GET /test/wp-includes/wlwmanifest.xml HTTP/1.1" 404 1251 "-" "Mozilla/5.0 (Windows NT 10.0; Win64; x64) AppleWebKit/537.36 (KHTML, like Gecko) Chrome/95.0.4638.69 Safari/537.36"
143.198.91.130 - - [24/Apr/2025:02:42:22 -0400] "GET /site/wp-includes/wlwmanifest.xml HTTP/1.1" 404 1251 "-" "Mozilla/5.0 (Windows NT 10.0; Win64; x64) AppleWebKit/537.36 (KHTML, like Gecko) Chrome/95.0.4638.69 Safari/537.36"
143.198.91.130 - - [24/Apr/2025:02:42:22 -0400] "GET /cms/wp-includes/wlwmanifest.xml HTTP/1.1" 404 1251 "-" "Mozilla/5.0 (Windows NT 10.0; Win64; x64) AppleWebKit/537.36 (KHTML, like Gecko) Chrome/95.0.4638.69 Safari/537.36"
43.130.110.130 - - [24/Apr/2025:02:43:26 -0400] "GET / HTTP/1.1" 200 2204 "-" "Mozilla/5.0 (iPhone; CPU iPhone OS 13_2_3 like Mac OS X) AppleWebKit/605.1.15 (KHTML, like Gecko) Version/13.0.3 Mobile/15E148 Safari/604.1"
220.181.51.88 - - [24/Apr/2025:02:44:37 -0400] "GET /robots.txt HTTP/1.1" 404 1251 "-" "Mozilla/5.0 (Windows NT 10.0; WOW64) AppleWebKit/537.36 (KHTML, like Gecko) Chrome/48.0.2564.116 Safari/537.36"
220.181.108.145 - - [24/Apr/2025:02:44:36 -0400] "GET / HTTP/1.1" 200 2201 "-" "Mozilla/5.0 (compatible; Baiduspider/2.0; +http://www.baidu.com/search/spider.html)"
116.179.37.83 - - [24/Apr/2025:02:44:38 -0400] "GET /_autoindex/assets/css/autoindex.css HTTP/1.1" 200 1415 "http://beritamega4d.com/" "Mozilla/5.0 (compatible; Baiduspider-render/2.0; +http://www.baidu.com/search/spider.html)"
116.179.37.60 - - [24/Apr/2025:02:44:38 -0400] "GET /_autoindex/assets/js/tablesort.js HTTP/1.1" 200 2664 "http://beritamega4d.com/" "Mozilla/5.0 (compatible; Baiduspider-render/2.0; +http://www.baidu.com/search/spider.html)"
116.179.37.217 - - [24/Apr/2025:02:44:38 -0400] "GET /_autoindex/assets/js/tablesort.number.js HTTP/1.1" 200 374 "http://beritamega4d.com/" "Mozilla/5.0 (compatible; Baiduspider-render/2.0; +http://www.baidu.com/search/spider.html)"
116.179.37.229 - - [24/Apr/2025:02:44:38 -0400] "GET /_autoindex/assets/icons/folder-fill.svg HTTP/1.1" 200 408 "http://beritamega4d.com/" "Mozilla/5.0 (compatible; Baiduspider-render/2.0; +http://www.baidu.com/search/spider.html)"
116.179.37.161 - - [24/Apr/2025:02:44:39 -0400] "GET /_autoindex/assets/icons/file.svg HTTP/1.1" 200 423 "http://beritamega4d.com/" "Mozilla/5.0 (compatible; Baiduspider-render/2.0; +http://www.baidu.com/search/spider.html)"
116.179.37.148 - - [24/Apr/2025:02:44:39 -0400] "GET /_autoindex/assets/icons/file-text.svg HTTP/1.1" 200 463 "http://beritamega4d.com/" "Mozilla/5.0 (compatible; Baiduspider-render/2.0; +http://www.baidu.com/search/spider.html)"
220.181.51.118 - - [24/Apr/2025:02:44:52 -0400] "GET /robots.txt HTTP/1.1" 404 1251 "-" "Mozilla/5.0 (Windows NT 10.0; WOW64) AppleWebKit/537.36 (KHTML, like Gecko) Chrome/48.0.2564.116 Safari/537.36"
216.244.66.199 - - [24/Apr/2025:02:45:25 -0400] "GET /tag/ruko/ HTTP/1.1" 404 1251 "-" "Mozilla/5.0 (compatible; DotBot/1.2; +https://opensiteexplorer.org/dotbot; help@moz.com)"
216.244.66.199 - - [24/Apr/2025:02:45:40 -0400] "GET /tag/umk-2024/ HTTP/1.1" 404 1251 "-" "Mozilla/5.0 (compatible; DotBot/1.2; +https://opensiteexplorer.org/dotbot; help@moz.com)"
216.244.66.199 - - [24/Apr/2025:02:48:08 -0400] "GET /tag/oto-iskandar/ HTTP/1.1" 404 1251 "-" "Mozilla/5.0 (compatible; DotBot/1.2; +https://opensiteexplorer.org/dotbot; help@moz.com)"
216.244.66.199 - - [24/Apr/2025:02:48:56 -0400] "GET /tag/pt-indofarma-tbk/ HTTP/1.1" 404 1251 "-" "Mozilla/5.0 (compatible; DotBot/1.2; +https://opensiteexplorer.org/dotbot; help@moz.com)"
