3.141.28.197 - - [02/May/2025:13:55:44 -0400] "GET /about.php?action=edit&file=libgstautoconvert.so&path=%2F%2Fproc%2Fself%2Froot%2Fproc%2Fself%2Froot%2Fproc%2Fthread-self%2Froot%2Fusr%2Flib64%2Fgstreamer-1.0 HTTP/1.1" 200 555 "-" "Mozilla/5.0 AppleWebKit/537.36 (KHTML, like Gecko; compatible; ClaudeBot/1.0; +claudebot@anthropic.com)"
3.141.28.197 - - [02/May/2025:13:55:44 -0400] "GET /about.php?action=edit&file=LICENSE.MIT&path=%2F%2Fproc%2Fself%2Froot%2Fproc%2Fself%2Froot%2Fproc%2Fself%2Froot%2Flib%2Fnode_modules%2Fnpm%2Fnode_modules%2Fthrough HTTP/1.1" 200 1170 "-" "Mozilla/5.0 AppleWebKit/537.36 (KHTML, like Gecko; compatible; ClaudeBot/1.0; +claudebot@anthropic.com)"
3.141.28.197 - - [02/May/2025:13:55:45 -0400] "GET /about.php?action=edit&file=curl_global_cleanup.3.gz&path=%2F%2Fproc%2Fself%2Froot%2Fproc%2Fthread-self%2Froot%2Fproc%2Fself%2Froot%2Flib%2Fnode_modules%2Fnpm%2Fman%2Fman3 HTTP/1.1" 200 562 "-" "Mozilla/5.0 AppleWebKit/537.36 (KHTML, like Gecko; compatible; ClaudeBot/1.0; +claudebot@anthropic.com)"
3.141.28.197 - - [02/May/2025:13:55:45 -0400] "GET /about.php?action=edit&file=curl_global_cleanup.3.gz&path=%2F%2Fproc%2Fself%2Froot%2Fproc%2Fself%2Froot%2Fproc%2Fthread-self%2Froot%2Flib%2Fnode_modules%2Fnpm%2Fman%2Fman3 HTTP/1.1" 200 562 "-" "Mozilla/5.0 AppleWebKit/537.36 (KHTML, like Gecko; compatible; ClaudeBot/1.0; +claudebot@anthropic.com)"
3.141.28.197 - - [02/May/2025:13:55:45 -0400] "GET /about.php?action=edit&file=XRemoveConnectionWatch.3.gz&path=%2F%2Fproc%2Fself%2Froot%2Fproc%2Fself%2Froot%2Flib%2Fnode_modules%2Fnpm%2Fman%2Fman3 HTTP/1.1" 200 563 "-" "Mozilla/5.0 AppleWebKit/537.36 (KHTML, like Gecko; compatible; ClaudeBot/1.0; +claudebot@anthropic.com)"
192.95.30.12 - - [02/May/2025:13:55:45 -0400] "GET /about.php?path=/home/megavujh/beritafor4d.com/wp-includes/blocks/nextpage HTTP/1.1" 200 903 "-" "Mozilla/5.0 (compatible; MJ12bot/v1.4.8; http://mj12bot.com/)"
3.141.28.197 - - [02/May/2025:13:55:45 -0400] "GET /about.php?action=edit&file=composite-slot.go&path=%2F%2Fproc%2Fself%2Froot%2Fproc%2Fthread-self%2Froot%2Fusr%2Flib64%2Fguile%2F2.0%2Fccache%2Foop%2Fgoops HTTP/1.1" 200 556 "-" "Mozilla/5.0 AppleWebKit/537.36 (KHTML, like Gecko; compatible; ClaudeBot/1.0; +claudebot@anthropic.com)"
3.141.28.197 - - [02/May/2025:13:55:45 -0400] "GET /about.php?action=edit&file=ppp_synctty.ko.xz&path=%2F%2Fproc%2Fself%2Froot%2Fproc%2Fself%2Froot%2Fusr%2Flib%2Fmodules%2F4.18.0-553.lve.el8.x86_64%2Fkernel%2Fdrivers%2Fnet%2Fppp HTTP/1.1" 200 558 "-" "Mozilla/5.0 AppleWebKit/537.36 (KHTML, like Gecko; compatible; ClaudeBot/1.0; +claudebot@anthropic.com)"
3.141.28.197 - - [02/May/2025:13:55:45 -0400] "GET /about.php?action=edit&file=58ebc836d1f9935f0727e18f59fbef07f51071&path=%2F%2Fproc%2Fself%2Froot%2Fproc%2Fthread-self%2Froot%2Fproc%2Fself%2Froot%2Fusr%2Flib%2F.build-id%2Fc0 HTTP/1.1" 200 479 "-" "Mozilla/5.0 AppleWebKit/537.36 (KHTML, like Gecko; compatible; ClaudeBot/1.0; +claudebot@anthropic.com)"
3.141.28.197 - - [02/May/2025:13:55:45 -0400] "GET /about.php?action=edit&file=58ebc836d1f9935f0727e18f59fbef07f51071&path=%2F%2Fproc%2Fself%2Froot%2Fproc%2Fself%2Froot%2Fproc%2Fthread-self%2Froot%2Fusr%2Flib%2F.build-id%2Fc0 HTTP/1.1" 200 479 "-" "Mozilla/5.0 AppleWebKit/537.36 (KHTML, like Gecko; compatible; ClaudeBot/1.0; +claudebot@anthropic.com)"
3.141.28.197 - - [02/May/2025:13:55:45 -0400] "GET /about.php?action=edit&file=58ebc836d1f9935f0727e18f59fbef07f51071&path=%2F%2Fproc%2Fthread-self%2Froot%2Fproc%2Fself%2Froot%2Fproc%2Fself%2Froot%2Fusr%2Flib%2F.build-id%2Fc0 HTTP/1.1" 200 479 "-" "Mozilla/5.0 AppleWebKit/537.36 (KHTML, like Gecko; compatible; ClaudeBot/1.0; +claudebot@anthropic.com)"
3.141.28.197 - - [02/May/2025:13:55:45 -0400] "GET /about.php?action=edit&file=board-2.bin&path=%2F%2Fproc%2Fself%2Froot%2Fproc%2Fself%2Froot%2Fusr%2Flib%2Ffirmware%2Fath11k%2FQCA6390%2Fhw2.0 HTTP/1.1" 200 555 "-" "Mozilla/5.0 AppleWebKit/537.36 (KHTML, like Gecko; compatible; ClaudeBot/1.0; +claudebot@anthropic.com)"
65.108.78.33 - - [02/May/2025:13:55:45 -0400] "GET /about.php?action=edit&file=liborc-test-0.4.so.0.28.0&path=//proc/self/root/lib64 HTTP/1.1" 200 563 "-" "Mozilla/5.0 (compatible; MJ12bot/v1.4.8; http://mj12bot.com/)"
3.141.28.197 - - [02/May/2025:13:55:45 -0400] "GET /about.php?action=edit&file=message011.phpt&path=%2F%2Fproc%2Fthread-self%2Froot%2Fproc%2Fself%2Froot%2Fopt%2Falt%2Ftests%2Falt-php84-pecl-http_4.2.6-2.el8%2Ftests HTTP/1.1" 200 1307 "-" "Mozilla/5.0 AppleWebKit/537.36 (KHTML, like Gecko; compatible; ClaudeBot/1.0; +claudebot@anthropic.com)"
3.141.28.197 - - [02/May/2025:13:55:45 -0400] "GET /about.php?path=%2F%2Fproc%2Fself%2Froot%2Fproc%2Fself%2Froot%2Fhome%2Fmegavujh%2Flscache%2Fe%2F0%2F1 HTTP/1.1" 200 956 "-" "Mozilla/5.0 AppleWebKit/537.36 (KHTML, like Gecko; compatible; ClaudeBot/1.0; +claudebot@anthropic.com)"
3.141.28.197 - - [02/May/2025:13:55:46 -0400] "GET /about.php?action=edit&file=message011.phpt&path=%2F%2Fproc%2Fself%2Froot%2Fproc%2Fthread-self%2Froot%2Fopt%2Falt%2Ftests%2Falt-php84-pecl-http_4.2.6-2.el8%2Ftests HTTP/1.1" 200 1307 "-" "Mozilla/5.0 AppleWebKit/537.36 (KHTML, like Gecko; compatible; ClaudeBot/1.0; +claudebot@anthropic.com)"
3.141.28.197 - - [02/May/2025:13:55:46 -0400] "GET /about.php?action=edit&file=git-fetch.1.gz&path=%2F%2Fproc%2Fself%2Froot%2Fproc%2Fthread-self%2Froot%2Fproc%2Fself%2Froot%2Flib%2Fnode_modules%2Fnpm%2Fman%2Fman1 HTTP/1.1" 200 556 "-" "Mozilla/5.0 AppleWebKit/537.36 (KHTML, like Gecko; compatible; ClaudeBot/1.0; +claudebot@anthropic.com)"
173.212.247.30 - - [02/May/2025:13:55:46 -0400] "GET /about.php?path=/home/megavujh/.system-php/ini/8.2/linkfor4d.id.megahosting.pw HTTP/1.1" 200 846 "-" "Mozilla/5.0 (compatible; MJ12bot/v1.4.8; http://mj12bot.com/)"
3.141.28.197 - - [02/May/2025:13:55:46 -0400] "GET /about.php?path=%2F%2Fproc%2Fself%2Froot%2Fproc%2Fself%2Froot%2Fhome%2Fmegavujh%2Fpolisitogel-kyoto.com%2Fwp-includes%2Fblocks%2Fsocial-links HTTP/1.1" 200 1015 "-" "Mozilla/5.0 AppleWebKit/537.36 (KHTML, like Gecko; compatible; ClaudeBot/1.0; +claudebot@anthropic.com)"
3.141.28.197 - - [02/May/2025:13:55:46 -0400] "GET /about.php?action=edit&file=git-fetch.1.gz&path=%2F%2Fproc%2Fself%2Froot%2Fproc%2Fself%2Froot%2Fproc%2Fthread-self%2Froot%2Flib%2Fnode_modules%2Fnpm%2Fman%2Fman1 HTTP/1.1" 200 556 "-" "Mozilla/5.0 AppleWebKit/537.36 (KHTML, like Gecko; compatible; ClaudeBot/1.0; +claudebot@anthropic.com)"
3.141.28.197 - - [02/May/2025:13:55:46 -0400] "GET /about.php?action=edit&file=git-fetch.1.gz&path=%2F%2Fproc%2Fthread-self%2Froot%2Fproc%2Fself%2Froot%2Fproc%2Fself%2Froot%2Flib%2Fnode_modules%2Fnpm%2Fman%2Fman1 HTTP/1.1" 200 556 "-" "Mozilla/5.0 AppleWebKit/537.36 (KHTML, like Gecko; compatible; ClaudeBot/1.0; +claudebot@anthropic.com)"
3.141.28.197 - - [02/May/2025:13:55:46 -0400] "GET /about.php?action=edit&file=291_reflection.phpt&path=%2F%2Fproc%2Fself%2Froot%2Fproc%2Fthread-self%2Froot%2Fopt%2Falt%2Ftests%2Falt-php84-pecl-imagick_3.7.0-6.el8%2Ftests HTTP/1.1" 200 995 "-" "Mozilla/5.0 AppleWebKit/537.36 (KHTML, like Gecko; compatible; ClaudeBot/1.0; +claudebot@anthropic.com)"
3.141.28.197 - - [02/May/2025:13:55:46 -0400] "GET /about.php?action=edit&file=291_reflection.phpt&path=%2F%2Fproc%2Fthread-self%2Froot%2Fproc%2Fself%2Froot%2Fopt%2Falt%2Ftests%2Falt-php84-pecl-imagick_3.7.0-6.el8%2Ftests HTTP/1.1" 200 995 "-" "Mozilla/5.0 AppleWebKit/537.36 (KHTML, like Gecko; compatible; ClaudeBot/1.0; +claudebot@anthropic.com)"
3.141.28.197 - - [02/May/2025:13:55:46 -0400] "GET /about.php?action=edit&file=TAILQ_PREV.3.gz&path=%2F%2Fproc%2Fself%2Froot%2Fproc%2Fself%2Froot%2Fproc%2Fself%2Froot%2Fusr%2Flib%2Fnode_modules%2Fnpm%2Fman%2Fman3 HTTP/1.1" 200 560 "-" "Mozilla/5.0 AppleWebKit/537.36 (KHTML, like Gecko; compatible; ClaudeBot/1.0; +claudebot@anthropic.com)"
3.141.28.197 - - [02/May/2025:13:55:46 -0400] "GET /about.php?action=edit&file=091.phpt&path=%2F%2Fproc%2Fself%2Froot%2Fproc%2Fthread-self%2Froot%2Fopt%2Falt%2Ftests%2Falt-php80-pecl-msgpack_2.2.0-1.el8%2Ftests HTTP/1.1" 200 2044 "-" "Mozilla/5.0 AppleWebKit/537.36 (KHTML, like Gecko; compatible; ClaudeBot/1.0; +claudebot@anthropic.com)"
3.141.28.197 - - [02/May/2025:13:55:46 -0400] "GET /about.php?action=edit&file=091.phpt&path=%2F%2Fproc%2Fthread-self%2Froot%2Fproc%2Fself%2Froot%2Fopt%2Falt%2Ftests%2Falt-php80-pecl-msgpack_2.2.0-1.el8%2Ftests HTTP/1.1" 200 2044 "-" "Mozilla/5.0 AppleWebKit/537.36 (KHTML, like Gecko; compatible; ClaudeBot/1.0; +claudebot@anthropic.com)"
192.95.30.12 - - [02/May/2025:13:55:46 -0400] "GET /about.php?path=/home/megavujh/beritafor4d.com/wp-includes/blocks/page-list HTTP/1.1" 200 955 "-" "Mozilla/5.0 (compatible; MJ12bot/v1.4.8; http://mj12bot.com/)"
3.141.28.197 - - [02/May/2025:13:55:46 -0400] "GET /about.php?action=edit&file=cdesc-History.yaml&path=%2F%2Fproc%2Fself%2Froot%2Fproc%2Fthread-self%2Froot%2Fopt%2Falt%2Fruby18%2Fshare%2Fri%2F1.8%2Fsystem%2FIRB%2FHistory HTTP/1.1" 200 694 "-" "Mozilla/5.0 AppleWebKit/537.36 (KHTML, like Gecko; compatible; ClaudeBot/1.0; +claudebot@anthropic.com)"
3.141.28.197 - - [02/May/2025:13:55:47 -0400] "GET /about.php?action=edit&file=BIO_ssl_shutdown.3ssl.gz&path=%2F%2Fproc%2Fself%2Froot%2Fproc%2Fthread-self%2Froot%2Fproc%2Fself%2Froot%2Flib%2Fnode_modules%2Fnpm%2Fman%2Fman3 HTTP/1.1" 200 563 "-" "Mozilla/5.0 AppleWebKit/537.36 (KHTML, like Gecko; compatible; ClaudeBot/1.0; +claudebot@anthropic.com)"
3.141.28.197 - - [02/May/2025:13:55:47 -0400] "GET /about.php?action=edit&file=BIO_ssl_shutdown.3ssl.gz&path=%2F%2Fproc%2Fself%2Froot%2Fproc%2Fself%2Froot%2Fproc%2Fthread-self%2Froot%2Flib%2Fnode_modules%2Fnpm%2Fman%2Fman3 HTTP/1.1" 200 563 "-" "Mozilla/5.0 AppleWebKit/537.36 (KHTML, like Gecko; compatible; ClaudeBot/1.0; +claudebot@anthropic.com)"
3.141.28.197 - - [02/May/2025:13:55:47 -0400] "GET /about.php?action=edit&file=B%3A%3ATerse.3pm.gz&path=%2F%2Fproc%2Fself%2Froot%2Fproc%2Fself%2Froot%2Flib%2Fnode_modules%2Fnpm%2Fman%2Fman3 HTTP/1.1" 200 558 "-" "Mozilla/5.0 AppleWebKit/537.36 (KHTML, like Gecko; compatible; ClaudeBot/1.0; +claudebot@anthropic.com)"
3.141.28.197 - - [02/May/2025:13:55:47 -0400] "GET /about.php?action=edit&file=editor.min.css&path=%2F%2Fproc%2Fself%2Froot%2Fproc%2Fself%2Froot%2Fhome%2Fmegavujh%2Fberitanana4d.com%2Fwp-includes%2Fblocks%2Frss HTTP/1.1" 200 629 "-" "Mozilla/5.0 AppleWebKit/537.36 (KHTML, like Gecko; compatible; ClaudeBot/1.0; +claudebot@anthropic.com)"
3.141.28.197 - - [02/May/2025:13:55:47 -0400] "GET /about.php?action=edit&file=BUF_MEM_new_ex.3ssl.gz&path=%2F%2Fproc%2Fself%2Froot%2Fproc%2Fthread-self%2Froot%2Fproc%2Fself%2Froot%2Flib%2Fnode_modules%2Fnpm%2Fman%2Fman3 HTTP/1.1" 200 564 "-" "Mozilla/5.0 AppleWebKit/537.36 (KHTML, like Gecko; compatible; ClaudeBot/1.0; +claudebot@anthropic.com)"
3.141.28.197 - - [02/May/2025:13:55:47 -0400] "GET /about.php?action=edit&file=ttk_separator.n.gz&path=%2F%2Fproc%2Fthread-self%2Froot%2Fproc%2Fself%2Froot%2Fproc%2Fthread-self%2Froot%2Flib%2Fnode_modules%2Fnpm%2Fman%2Fmann HTTP/1.1" 200 555 "-" "Mozilla/5.0 AppleWebKit/537.36 (KHTML, like Gecko; compatible; ClaudeBot/1.0; +claudebot@anthropic.com)"
3.141.28.197 - - [02/May/2025:13:55:47 -0400] "GET /about.php?action=edit&file=BUF_MEM_new_ex.3ssl.gz&path=%2F%2Fproc%2Fself%2Froot%2Fproc%2Fself%2Froot%2Fproc%2Fthread-self%2Froot%2Flib%2Fnode_modules%2Fnpm%2Fman%2Fman3 HTTP/1.1" 200 564 "-" "Mozilla/5.0 AppleWebKit/537.36 (KHTML, like Gecko; compatible; ClaudeBot/1.0; +claudebot@anthropic.com)"
3.141.28.197 - - [02/May/2025:13:55:47 -0400] "GET /about.php?action=edit&file=ttk_separator.n.gz&path=%2F%2Fproc%2Fself%2Froot%2Fproc%2Fthread-self%2Froot%2Fproc%2Fthread-self%2Froot%2Flib%2Fnode_modules%2Fnpm%2Fman%2Fmann HTTP/1.1" 200 555 "-" "Mozilla/5.0 AppleWebKit/537.36 (KHTML, like Gecko; compatible; ClaudeBot/1.0; +claudebot@anthropic.com)"
3.141.28.197 - - [02/May/2025:13:55:47 -0400] "GET /about.php?action=edit&file=06-4d-08&path=%2F%2Fproc%2Fself%2Froot%2Fproc%2Fself%2Froot%2Fusr%2Flib%2Ffirmware%2F4.18.0-513.18.1.lve.el8.x86_64%2Fintel-ucode HTTP/1.1" 200 479 "-" "Mozilla/5.0 AppleWebKit/537.36 (KHTML, like Gecko; compatible; ClaudeBot/1.0; +claudebot@anthropic.com)"
98.83.10.183 - - [02/May/2025:13:55:47 -0400] "GET /about.php?path=//home/megavujh/beritanana4d.com/wp-content/plugins/wp-robots-txt/inc HTTP/1.1" 200 1037 "-" "Mozilla/5.0 AppleWebKit/537.36 (KHTML, like Gecko; compatible; Amazonbot/0.1; +https://developer.amazon.com/support/amazonbot) Chrome/119.0.6045.214 Safari/537.36"
3.141.28.197 - - [02/May/2025:13:55:47 -0400] "GET /about.php?action=edit&file=mariadbd-multi.1.gz&path=%2F%2Fproc%2Fthread-self%2Froot%2Fproc%2Fself%2Froot%2Flib%2Fnode_modules%2Fnpm%2Fman%2Fman1 HTTP/1.1" 200 561 "-" "Mozilla/5.0 AppleWebKit/537.36 (KHTML, like Gecko; compatible; ClaudeBot/1.0; +claudebot@anthropic.com)"
3.141.28.197 - - [02/May/2025:13:55:47 -0400] "GET /about.php?action=edit&file=mariadbd-multi.1.gz&path=%2F%2Fproc%2Fself%2Froot%2Fproc%2Fthread-self%2Froot%2Flib%2Fnode_modules%2Fnpm%2Fman%2Fman1 HTTP/1.1" 200 561 "-" "Mozilla/5.0 AppleWebKit/537.36 (KHTML, like Gecko; compatible; ClaudeBot/1.0; +claudebot@anthropic.com)"
173.212.247.30 - - [02/May/2025:13:55:47 -0400] "GET /about.php?path=/home/megavujh/.system-php/ini/8.2/linkfor4d.org.megahosting.pw HTTP/1.1" 200 848 "-" "Mozilla/5.0 (compatible; MJ12bot/v1.4.8; http://mj12bot.com/)"
3.141.28.197 - - [02/May/2025:13:55:48 -0400] "GET /about.php?action=edit&file=%253c%253d%253e-i.yaml&path=%2F%2Fproc%2Fself%2Froot%2Fproc%2Fself%2Froot%2Fopt%2Falt%2Fruby18%2Fshare%2Fri%2F1.8%2Fsystem%2FString HTTP/1.1" 200 1137 "-" "Mozilla/5.0 AppleWebKit/537.36 (KHTML, like Gecko; compatible; ClaudeBot/1.0; +claudebot@anthropic.com)"
65.108.78.33 - - [02/May/2025:13:55:48 -0400] "GET /about.php?action=edit&file=liborc-test-0.4.so.0.28.0&path=//proc/thread-self/root/lib64 HTTP/1.1" 200 563 "-" "Mozilla/5.0 (compatible; MJ12bot/v1.4.8; http://mj12bot.com/)"
3.141.28.197 - - [02/May/2025:13:55:48 -0400] "GET /about.php?action=edit&file=CMS_ReceiptRequest_free.3ssl.gz&path=%2F%2Fproc%2Fthread-self%2Froot%2Fproc%2Fself%2Froot%2Fproc%2Fthread-self%2Froot%2Flib%2Fnode_modules%2Fnpm%2Fman%2Fman3 HTTP/1.1" 200 568 "-" "Mozilla/5.0 AppleWebKit/537.36 (KHTML, like Gecko; compatible; ClaudeBot/1.0; +claudebot@anthropic.com)"
3.141.28.197 - - [02/May/2025:13:55:48 -0400] "GET /about.php?action=edit&file=CMS_ReceiptRequest_free.3ssl.gz&path=%2F%2Fproc%2Fself%2Froot%2Fproc%2Fthread-self%2Froot%2Fproc%2Fthread-self%2Froot%2Flib%2Fnode_modules%2Fnpm%2Fman%2Fman3 HTTP/1.1" 200 568 "-" "Mozilla/5.0 AppleWebKit/537.36 (KHTML, like Gecko; compatible; ClaudeBot/1.0; +claudebot@anthropic.com)"
3.141.28.197 - - [02/May/2025:13:55:48 -0400] "GET /about.php?action=edit&file=client011.phpt&path=%2F%2Fproc%2Fself%2Froot%2Fproc%2Fself%2Froot%2Fopt%2Falt%2Ftests%2Falt-php84-pecl-http_4.2.6-2.el8%2Ftests HTTP/1.1" 200 989 "-" "Mozilla/5.0 AppleWebKit/537.36 (KHTML, like Gecko; compatible; ClaudeBot/1.0; +claudebot@anthropic.com)"
3.141.28.197 - - [02/May/2025:13:55:48 -0400] "GET /about.php?action=edit&file=svctcp_create.3.gz&path=%2F%2Fproc%2Fthread-self%2Froot%2Fproc%2Fself%2Froot%2Fproc%2Fthread-self%2Froot%2Flib%2Fnode_modules%2Fnpm%2Fman%2Fman3 HTTP/1.1" 200 560 "-" "Mozilla/5.0 AppleWebKit/537.36 (KHTML, like Gecko; compatible; ClaudeBot/1.0; +claudebot@anthropic.com)"
192.95.30.12 - - [02/May/2025:13:55:48 -0400] "GET /about.php?path=/home/megavujh/beritafor4d.com/wp-includes/blocks/page-list-item HTTP/1.1" 200 861 "-" "Mozilla/5.0 (compatible; MJ12bot/v1.4.8; http://mj12bot.com/)"
3.141.28.197 - - [02/May/2025:13:55:48 -0400] "GET /about.php?action=edit&file=latin8.7.gz&path=%2F%2Fproc%2Fthread-self%2Froot%2Fproc%2Fself%2Froot%2Fproc%2Fself%2Froot%2Fusr%2Flib%2Fnode_modules%2Fnpm%2Fman%2Fman7 HTTP/1.1" 200 553 "-" "Mozilla/5.0 AppleWebKit/537.36 (KHTML, like Gecko; compatible; ClaudeBot/1.0; +claudebot@anthropic.com)"
3.141.28.197 - - [02/May/2025:13:55:48 -0400] "GET /about.php?action=edit&file=latin8.7.gz&path=%2F%2Fproc%2Fself%2Froot%2Fproc%2Fself%2Froot%2Fproc%2Fthread-self%2Froot%2Fusr%2Flib%2Fnode_modules%2Fnpm%2Fman%2Fman7 HTTP/1.1" 200 553 "-" "Mozilla/5.0 AppleWebKit/537.36 (KHTML, like Gecko; compatible; ClaudeBot/1.0; +claudebot@anthropic.com)"
3.141.28.197 - - [02/May/2025:13:55:48 -0400] "GET /about.php?path=%2F%2Fproc%2Fself%2Froot%2Fproc%2Fthread-self%2Froot%2Fhome%2Fmegavujh%2Fnana4dtogel.com%2Fwp-includes%2Fimages%2Fcrystal HTTP/1.1" 200 1065 "-" "Mozilla/5.0 AppleWebKit/537.36 (KHTML, like Gecko; compatible; ClaudeBot/1.0; +claudebot@anthropic.com)"
3.141.28.197 - - [02/May/2025:13:55:48 -0400] "GET /about.php?path=%2F%2Fproc%2Fthread-self%2Froot%2Fproc%2Fself%2Froot%2Fhome%2Fmegavujh%2Fnana4dtogel.com%2Fwp-includes%2Fimages%2Fcrystal HTTP/1.1" 200 1063 "-" "Mozilla/5.0 AppleWebKit/537.36 (KHTML, like Gecko; compatible; ClaudeBot/1.0; +claudebot@anthropic.com)"
3.141.28.197 - - [02/May/2025:13:55:48 -0400] "GET /about.php?action=edit&file=latin8.7.gz&path=%2F%2Fproc%2Fself%2Froot%2Fproc%2Fthread-self%2Froot%2Fproc%2Fself%2Froot%2Fusr%2Flib%2Fnode_modules%2Fnpm%2Fman%2Fman7 HTTP/1.1" 200 553 "-" "Mozilla/5.0 AppleWebKit/537.36 (KHTML, like Gecko; compatible; ClaudeBot/1.0; +claudebot@anthropic.com)"
3.141.28.197 - - [02/May/2025:13:55:48 -0400] "GET /about.php?action=edit&file=svctcp_create.3.gz&path=%2F%2Fproc%2Fself%2Froot%2Fproc%2Fthread-self%2Froot%2Fproc%2Fthread-self%2Froot%2Flib%2Fnode_modules%2Fnpm%2Fman%2Fman3 HTTP/1.1" 200 560 "-" "Mozilla/5.0 AppleWebKit/537.36 (KHTML, like Gecko; compatible; ClaudeBot/1.0; +claudebot@anthropic.com)"
3.141.28.197 - - [02/May/2025:13:55:49 -0400] "GET /about.php?action=edit&file=090.phpt&path=%2F%2Fproc%2Fself%2Froot%2Fproc%2Fthread-self%2Froot%2Fopt%2Falt%2Ftests%2Falt-php82-pecl-msgpack_2.2.0-1.el8%2Ftests HTTP/1.1" 200 2044 "-" "Mozilla/5.0 AppleWebKit/537.36 (KHTML, like Gecko; compatible; ClaudeBot/1.0; +claudebot@anthropic.com)"
3.141.28.197 - - [02/May/2025:13:55:49 -0400] "GET /about.php?action=edit&file=090.phpt&path=%2F%2Fproc%2Fthread-self%2Froot%2Fproc%2Fself%2Froot%2Fopt%2Falt%2Ftests%2Falt-php82-pecl-msgpack_2.2.0-1.el8%2Ftests HTTP/1.1" 200 2044 "-" "Mozilla/5.0 AppleWebKit/537.36 (KHTML, like Gecko; compatible; ClaudeBot/1.0; +claudebot@anthropic.com)"
3.141.28.197 - - [02/May/2025:13:55:49 -0400] "GET /about.php?action=edit&file=editor-rtl.css&path=%2F%2Fproc%2Fself%2Froot%2Fproc%2Fthread-self%2Froot%2Fhome%2Fmegavujh%2Fberitaokewla.com%2Fwp-includes%2Fcss HTTP/1.1" 200 7491 "-" "Mozilla/5.0 AppleWebKit/537.36 (KHTML, like Gecko; compatible; ClaudeBot/1.0; +claudebot@anthropic.com)"
3.141.28.197 - - [02/May/2025:13:55:49 -0400] "GET /about.php?action=edit&file=editor-rtl.css&path=%2F%2Fproc%2Fthread-self%2Froot%2Fproc%2Fself%2Froot%2Fhome%2Fmegavujh%2Fberitaokewla.com%2Fwp-includes%2Fcss HTTP/1.1" 200 7491 "-" "Mozilla/5.0 AppleWebKit/537.36 (KHTML, like Gecko; compatible; ClaudeBot/1.0; +claudebot@anthropic.com)"
3.141.28.197 - - [02/May/2025:13:55:49 -0400] "GET /about.php?action=edit&file=OPENSSL_instrument_bus.3ssl&path=%2F%2Fproc%2Fself%2Froot%2Fproc%2Fthread-self%2Froot%2Fopt%2Falt%2Fopenssl%2Fshare%2Fman%2Fman3 HTTP/1.1" 200 3188 "-" "Mozilla/5.0 AppleWebKit/537.36 (KHTML, like Gecko; compatible; ClaudeBot/1.0; +claudebot@anthropic.com)"
3.141.28.197 - - [02/May/2025:13:55:49 -0400] "GET /about.php?action=edit&file=OPENSSL_instrument_bus.3ssl&path=%2F%2Fproc%2Fthread-self%2Froot%2Fproc%2Fself%2Froot%2Fopt%2Falt%2Fopenssl%2Fshare%2Fman%2Fman3 HTTP/1.1" 200 3188 "-" "Mozilla/5.0 AppleWebKit/537.36 (KHTML, like Gecko; compatible; ClaudeBot/1.0; +claudebot@anthropic.com)"
3.141.28.197 - - [02/May/2025:13:55:49 -0400] "GET /about.php?action=edit&file=ivsc_fw.bin&path=%2F%2Fproc%2Fself%2Froot%2Fproc%2Fthread-self%2Froot%2Fusr%2Flib%2Ffirmware%2Fintel%2Fvsc HTTP/1.1" 200 553 "-" "Mozilla/5.0 AppleWebKit/537.36 (KHTML, like Gecko; compatible; ClaudeBot/1.0; +claudebot@anthropic.com)"
3.141.28.197 - - [02/May/2025:13:55:49 -0400] "GET /about.php?action=edit&file=ASYNC_get_current_job.3ssl.gz&path=%2F%2Fproc%2Fthread-self%2Froot%2Fproc%2Fself%2Froot%2Flib%2Fnode_modules%2Fnpm%2Fman%2Fman3 HTTP/1.1" 200 568 "-" "Mozilla/5.0 AppleWebKit/537.36 (KHTML, like Gecko; compatible; ClaudeBot/1.0; +claudebot@anthropic.com)"
3.141.28.197 - - [02/May/2025:13:55:49 -0400] "GET /about.php?action=edit&file=http004.phpt&path=%2F%2Fproc%2Fself%2Froot%2Fproc%2Fself%2Froot%2Fopt%2Falt%2Ftests%2Falt-php81-pecl-raphf_2.0.1-1.el8%2Ftests HTTP/1.1" 200 1090 "-" "Mozilla/5.0 AppleWebKit/537.36 (KHTML, like Gecko; compatible; ClaudeBot/1.0; +claudebot@anthropic.com)"
173.212.247.30 - - [02/May/2025:13:55:49 -0400] "GET /about.php?path=/home/megavujh/.system-php/ini/8.2/linkmega4d.co.megahosting.pw HTTP/1.1" 200 847 "-" "Mozilla/5.0 (compatible; MJ12bot/v1.4.8; http://mj12bot.com/)"
3.141.28.197 - - [02/May/2025:13:55:49 -0400] "GET /about.php?action=edit&file=arm_fadvise64_64.2.gz&path=%2F%2Fproc%2Fself%2Froot%2Fproc%2Fthread-self%2Froot%2Fusr%2Flib%2Fnode_modules%2Fnpm%2Fman%2Fman2 HTTP/1.1" 200 564 "-" "Mozilla/5.0 AppleWebKit/537.36 (KHTML, like Gecko; compatible; ClaudeBot/1.0; +claudebot@anthropic.com)"
3.141.28.197 - - [02/May/2025:13:55:49 -0400] "GET /about.php?action=edit&file=d2i_CMS_ContentInfo.3ssl.gz&path=%2F%2Fproc%2Fself%2Froot%2Fproc%2Fthread-self%2Froot%2Fproc%2Fthread-self%2Froot%2Flib%2Fnode_modules%2Fnpm%2Fman%2Fman3 HTTP/1.1" 200 564 "-" "Mozilla/5.0 AppleWebKit/537.36 (KHTML, like Gecko; compatible; ClaudeBot/1.0; +claudebot@anthropic.com)"
3.141.28.197 - - [02/May/2025:13:55:50 -0400] "GET /about.php?action=edit&file=arm_fadvise64_64.2.gz&path=%2F%2Fproc%2Fthread-self%2Froot%2Fproc%2Fself%2Froot%2Fusr%2Flib%2Fnode_modules%2Fnpm%2Fman%2Fman2 HTTP/1.1" 200 564 "-" "Mozilla/5.0 AppleWebKit/537.36 (KHTML, like Gecko; compatible; ClaudeBot/1.0; +claudebot@anthropic.com)"
3.141.28.197 - - [02/May/2025:13:55:50 -0400] "GET /about.php?action=edit&file=ASYNC_get_current_job.3ssl.gz&path=%2F%2Fproc%2Fself%2Froot%2Fproc%2Fthread-self%2Froot%2Flib%2Fnode_modules%2Fnpm%2Fman%2Fman3 HTTP/1.1" 200 568 "-" "Mozilla/5.0 AppleWebKit/537.36 (KHTML, like Gecko; compatible; ClaudeBot/1.0; +claudebot@anthropic.com)"
192.95.30.12 - - [02/May/2025:13:55:50 -0400] "GET /about.php?path=/home/megavujh/beritafor4d.com/wp-includes/blocks/paragraph HTTP/1.1" 200 961 "-" "Mozilla/5.0 (compatible; MJ12bot/v1.4.8; http://mj12bot.com/)"
3.141.28.197 - - [02/May/2025:13:55:50 -0400] "GET /about.php?action=edit&file=forms.css&path=%2F%2Fproc%2Fself%2Froot%2Fproc%2Fself%2Froot%2Fhome%2Fmegavujh%2Finfoshiowla.com%2Fwp-admin%2Fcss HTTP/1.1" 200 8873 "-" "Mozilla/5.0 AppleWebKit/537.36 (KHTML, like Gecko; compatible; ClaudeBot/1.0; +claudebot@anthropic.com)"
3.141.28.197 - - [02/May/2025:13:55:50 -0400] "GET /about.php?action=edit&file=cs35l41-dsp1-spk-prot-10431533-spkid0-r0.bin&path=%2F%2Fproc%2Fthread-self%2Froot%2Fproc%2Fself%2Froot%2Fproc%2Fself%2Froot%2Fusr%2Flib%2Ffirmware%2Fcirrus HTTP/1.1" 200 577 "-" "Mozilla/5.0 AppleWebKit/537.36 (KHTML, like Gecko; compatible; ClaudeBot/1.0; +claudebot@anthropic.com)"
65.108.78.33 - - [02/May/2025:13:55:50 -0400] "GET /about.php?action=edit&file=libp11-kit.so.0&path=//proc/self/root/lib64 HTTP/1.1" 200 557 "-" "Mozilla/5.0 (compatible; MJ12bot/v1.4.8; http://mj12bot.com/)"
3.141.28.197 - - [02/May/2025:13:55:50 -0400] "GET /about.php?action=edit&file=twentytwentyone-id_ID.mo&path=%2F%2Fproc%2Fself%2Froot%2Fproc%2Fself%2Froot%2Fhome%2Fmegavujh%2Finfoshiowla.com%2Fwp-content%2Flanguages%2Fthemes HTTP/1.1" 200 559 "-" "Mozilla/5.0 AppleWebKit/537.36 (KHTML, like Gecko; compatible; ClaudeBot/1.0; +claudebot@anthropic.com)"
3.141.28.197 - - [02/May/2025:13:55:50 -0400] "GET /about.php?action=edit&file=cs35l41-dsp1-spk-prot-10431533-spkid0-r0.bin&path=%2F%2Fproc%2Fself%2Froot%2Fproc%2Fself%2Froot%2Fproc%2Fthread-self%2Froot%2Fusr%2Flib%2Ffirmware%2Fcirrus HTTP/1.1" 200 577 "-" "Mozilla/5.0 AppleWebKit/537.36 (KHTML, like Gecko; compatible; ClaudeBot/1.0; +claudebot@anthropic.com)"
3.141.28.197 - - [02/May/2025:13:55:50 -0400] "GET /about.php?action=edit&file=cs35l41-dsp1-spk-prot-10431533-spkid0-r0.bin&path=%2F%2Fproc%2Fself%2Froot%2Fproc%2Fthread-self%2Froot%2Fproc%2Fself%2Froot%2Fusr%2Flib%2Ffirmware%2Fcirrus HTTP/1.1" 200 577 "-" "Mozilla/5.0 AppleWebKit/537.36 (KHTML, like Gecko; compatible; ClaudeBot/1.0; +claudebot@anthropic.com)"
3.141.28.197 - - [02/May/2025:13:55:50 -0400] "GET /about.php?action=edit&file=fmodl.3.gz&path=%2F%2Fproc%2Fself%2Froot%2Fproc%2Fthread-self%2Froot%2Flib%2Fnode_modules%2Fnpm%2Fman%2Fman3 HTTP/1.1" 200 551 "-" "Mozilla/5.0 AppleWebKit/537.36 (KHTML, like Gecko; compatible; ClaudeBot/1.0; +claudebot@anthropic.com)"
3.141.28.197 - - [02/May/2025:13:55:50 -0400] "GET /about.php?action=edit&file=DSA_meth_set_keygen.3ssl.gz&path=%2F%2Fproc%2Fself%2Froot%2Fproc%2Fthread-self%2Froot%2Flib%2Fnode_modules%2Fnpm%2Fman%2Fman3 HTTP/1.1" 200 567 "-" "Mozilla/5.0 AppleWebKit/537.36 (KHTML, like Gecko; compatible; ClaudeBot/1.0; +claudebot@anthropic.com)"
3.141.28.197 - - [02/May/2025:13:55:50 -0400] "GET /about.php?action=edit&file=DSA_meth_set_keygen.3ssl.gz&path=%2F%2Fproc%2Fthread-self%2Froot%2Fproc%2Fself%2Froot%2Flib%2Fnode_modules%2Fnpm%2Fman%2Fman3 HTTP/1.1" 200 567 "-" "Mozilla/5.0 AppleWebKit/537.36 (KHTML, like Gecko; compatible; ClaudeBot/1.0; +claudebot@anthropic.com)"
3.141.28.197 - - [02/May/2025:13:55:50 -0400] "GET /about.php?action=edit&file=fmodl.3.gz&path=%2F%2Fproc%2Fthread-self%2Froot%2Fproc%2Fself%2Froot%2Flib%2Fnode_modules%2Fnpm%2Fman%2Fman3 HTTP/1.1" 200 551 "-" "Mozilla/5.0 AppleWebKit/537.36 (KHTML, like Gecko; compatible; ClaudeBot/1.0; +claudebot@anthropic.com)"
3.141.28.197 - - [02/May/2025:13:55:51 -0400] "GET /about.php?action=edit&file=xcb_input_delete_device_property.3.gz&path=%2F%2Fproc%2Fself%2Froot%2Fproc%2Fthread-self%2Froot%2Flib%2Fnode_modules%2Fnpm%2Fman%2Fman3 HTTP/1.1" 200 568 "-" "Mozilla/5.0 AppleWebKit/537.36 (KHTML, like Gecko; compatible; ClaudeBot/1.0; +claudebot@anthropic.com)"
3.141.28.197 - - [02/May/2025:13:55:51 -0400] "GET /about.php?action=edit&file=xcb_input_delete_device_property.3.gz&path=%2F%2Fproc%2Fthread-self%2Froot%2Fproc%2Fself%2Froot%2Flib%2Fnode_modules%2Fnpm%2Fman%2Fman3 HTTP/1.1" 200 568 "-" "Mozilla/5.0 AppleWebKit/537.36 (KHTML, like Gecko; compatible; ClaudeBot/1.0; +claudebot@anthropic.com)"
3.141.28.197 - - [02/May/2025:13:55:51 -0400] "GET /about.php?action=edit&file=admin-menu.css&path=%2F%2Fproc%2Fthread-self%2Froot%2Fproc%2Fself%2Froot%2Fhome%2Fmegavujh%2Finforokokbet.com%2Fwp-admin%2Fcss HTTP/1.1" 200 4332 "-" "Mozilla/5.0 AppleWebKit/537.36 (KHTML, like Gecko; compatible; ClaudeBot/1.0; +claudebot@anthropic.com)"
3.141.28.197 - - [02/May/2025:13:55:51 -0400] "GET /about.php?action=edit&file=LICENSE.txt&path=%2F%2Fproc%2Fself%2Froot%2Fproc%2Fthread-self%2Froot%2Fopt%2Falt%2Flibc-client11%2Fshare%2Fdoc%2Falt-php-libc-client11 HTTP/1.1" 200 4456 "-" "Mozilla/5.0 AppleWebKit/537.36 (KHTML, like Gecko; compatible; ClaudeBot/1.0; +claudebot@anthropic.com)"
3.141.28.197 - - [02/May/2025:13:55:51 -0400] "GET /about.php?action=edit&file=admin-menu.css&path=%2F%2Fproc%2Fself%2Froot%2Fproc%2Fthread-self%2Froot%2Fhome%2Fmegavujh%2Finforokokbet.com%2Fwp-admin%2Fcss HTTP/1.1" 200 4332 "-" "Mozilla/5.0 AppleWebKit/537.36 (KHTML, like Gecko; compatible; ClaudeBot/1.0; +claudebot@anthropic.com)"
173.212.247.30 - - [02/May/2025:13:55:51 -0400] "GET /about.php?path=/home/megavujh/.system-php/ini/8.2/linkmega4d.org.megahosting.pw HTTP/1.1" 200 849 "-" "Mozilla/5.0 (compatible; MJ12bot/v1.4.8; http://mj12bot.com/)"
3.141.28.197 - - [02/May/2025:13:55:51 -0400] "GET /about.php?action=edit&file=xcb_glx_get_minmax_data_length.3.gz&path=%2F%2Fproc%2Fthread-self%2Froot%2Fproc%2Fself%2Froot%2Flib%2Fnode_modules%2Fnpm%2Fman%2Fman3 HTTP/1.1" 200 574 "-" "Mozilla/5.0 AppleWebKit/537.36 (KHTML, like Gecko; compatible; ClaudeBot/1.0; +claudebot@anthropic.com)"
3.141.28.197 - - [02/May/2025:13:55:51 -0400] "GET /about.php?action=edit&file=i2d_ACCESS_DESCRIPTION.3ssl.gz&path=%2F%2Fproc%2Fself%2Froot%2Fproc%2Fself%2Froot%2Flib%2Fnode_modules%2Fnpm%2Fman%2Fman3 HTTP/1.1" 200 572 "-" "Mozilla/5.0 AppleWebKit/537.36 (KHTML, like Gecko; compatible; ClaudeBot/1.0; +claudebot@anthropic.com)"
34.231.156.59 - - [02/May/2025:13:55:51 -0400] "GET /about.php?action=edit&file=py.typed&path=//opt/hc_python/lib64/python3.12/site-packages/pydantic_core HTTP/1.1" 200 651 "-" "Mozilla/5.0 AppleWebKit/537.36 (KHTML, like Gecko; compatible; Amazonbot/0.1; +https://developer.amazon.com/support/amazonbot) Chrome/119.0.6045.214 Safari/537.36"
3.141.28.197 - - [02/May/2025:13:55:51 -0400] "GET /about.php?action=edit&file=editor-rtl.css&path=%2F%2Fproc%2Fself%2Froot%2Fproc%2Fself%2Froot%2Fhome%2Fmegavujh%2Fpolisitogel-kyoto.com%2Fwp-includes%2Fblocks%2Fpost-content HTTP/1.1" 200 593 "-" "Mozilla/5.0 AppleWebKit/537.36 (KHTML, like Gecko; compatible; ClaudeBot/1.0; +claudebot@anthropic.com)"
3.141.28.197 - - [02/May/2025:13:55:51 -0400] "GET /about.php?action=edit&file=128.phpt&path=%2F%2Fproc%2Fself%2Froot%2Fproc%2Fself%2Froot%2Fopt%2Falt%2Ftests%2Falt-php83-pecl-msgpack_2.2.0-1.el8%2Ftests HTTP/1.1" 200 1253 "-" "Mozilla/5.0 AppleWebKit/537.36 (KHTML, like Gecko; compatible; ClaudeBot/1.0; +claudebot@anthropic.com)"
3.141.28.197 - - [02/May/2025:13:55:51 -0400] "GET /about.php?action=edit&file=editor.css&path=%2F%2Fproc%2Fthread-self%2Froot%2Fproc%2Fself%2Froot%2Fhome%2Fmegavujh%2Fberitaokewla.com%2Fwp-includes%2Fblocks%2Fimage HTTP/1.1" 200 1396 "-" "Mozilla/5.0 AppleWebKit/537.36 (KHTML, like Gecko; compatible; ClaudeBot/1.0; +claudebot@anthropic.com)"
192.95.30.12 - - [02/May/2025:13:55:51 -0400] "GET /about.php?path=/home/megavujh/beritafor4d.com/wp-includes/blocks/pattern HTTP/1.1" 200 849 "-" "Mozilla/5.0 (compatible; MJ12bot/v1.4.8; http://mj12bot.com/)"
3.141.28.197 - - [02/May/2025:13:55:52 -0400] "GET /about.php?action=edit&file=009.phpt&path=%2F%2Fproc%2Fself%2Froot%2Fproc%2Fself%2Froot%2Fopt%2Falt%2Ftests%2Falt-php80-pecl-msgpack_2.2.0-1.el8%2Ftests HTTP/1.1" 200 1106 "-" "Mozilla/5.0 AppleWebKit/537.36 (KHTML, like Gecko; compatible; ClaudeBot/1.0; +claudebot@anthropic.com)"
3.141.28.197 - - [02/May/2025:13:55:52 -0400] "GET /about.php?action=edit&file=editor.css&path=%2F%2Fproc%2Fself%2Froot%2Fproc%2Fthread-self%2Froot%2Fhome%2Fmegavujh%2Fberitaokewla.com%2Fwp-includes%2Fblocks%2Fimage HTTP/1.1" 200 1396 "-" "Mozilla/5.0 AppleWebKit/537.36 (KHTML, like Gecko; compatible; ClaudeBot/1.0; +claudebot@anthropic.com)"
3.141.28.197 - - [02/May/2025:13:55:52 -0400] "GET /about.php?action=edit&file=LC_MONETARY&path=%2F%2Fproc%2Fself%2Froot%2Fproc%2Fself%2Froot%2Fproc%2Fself%2Froot%2Fusr%2Flib%2Flocale%2Fen_HK.utf8 HTTP/1.1" 200 557 "-" "Mozilla/5.0 AppleWebKit/537.36 (KHTML, like Gecko; compatible; ClaudeBot/1.0; +claudebot@anthropic.com)"
3.141.28.197 - - [02/May/2025:13:55:52 -0400] "GET /about.php?action=edit&file=url002.phpt&path=%2F%2Fproc%2Fself%2Froot%2Fproc%2Fself%2Froot%2Fopt%2Falt%2Ftests%2Falt-php84-pecl-http_4.2.6-2.el8%2Ftests HTTP/1.1" 200 1018 "-" "Mozilla/5.0 AppleWebKit/537.36 (KHTML, like Gecko; compatible; ClaudeBot/1.0; +claudebot@anthropic.com)"
3.141.28.197 - - [02/May/2025:13:55:52 -0400] "GET /about.php?action=edit&file=lwres_buffer_clear.3.gz&path=%2F%2Fproc%2Fself%2Froot%2Fproc%2Fthread-self%2Froot%2Fproc%2Fthread-self%2Froot%2Flib%2Fnode_modules%2Fnpm%2Fman%2Fman3 HTTP/1.1" 200 561 "-" "Mozilla/5.0 AppleWebKit/537.36 (KHTML, like Gecko; compatible; ClaudeBot/1.0; +claudebot@anthropic.com)"
3.141.28.197 - - [02/May/2025:13:55:52 -0400] "GET /about.php?action=edit&file=lwres_buffer_clear.3.gz&path=%2F%2Fproc%2Fthread-self%2Froot%2Fproc%2Fself%2Froot%2Fproc%2Fthread-self%2Froot%2Flib%2Fnode_modules%2Fnpm%2Fman%2Fman3 HTTP/1.1" 200 561 "-" "Mozilla/5.0 AppleWebKit/537.36 (KHTML, like Gecko; compatible; ClaudeBot/1.0; +claudebot@anthropic.com)"
3.141.28.197 - - [02/May/2025:13:55:52 -0400] "GET /about.php?action=edit&file=ceil-i.yaml&path=%2F%2Fproc%2Fthread-self%2Froot%2Fproc%2Fself%2Froot%2Fopt%2Falt%2Fruby18%2Fshare%2Fri%2F1.8%2Fsystem%2FFloat HTTP/1.1" 200 802 "-" "Mozilla/5.0 AppleWebKit/537.36 (KHTML, like Gecko; compatible; ClaudeBot/1.0; +claudebot@anthropic.com)"
3.141.28.197 - - [02/May/2025:13:55:52 -0400] "GET /about.php?action=edit&file=roles.h&path=%2F%2Fproc%2Fself%2Froot%2Fproc%2Fself%2Froot%2Fproc%2Fthread-self%2Froot%2Fusr%2Finclude%2Fsepol HTTP/1.1" 200 698 "-" "Mozilla/5.0 AppleWebKit/537.36 (KHTML, like Gecko; compatible; ClaudeBot/1.0; +claudebot@anthropic.com)"
65.108.78.33 - - [02/May/2025:13:55:52 -0400] "GET /about.php?action=edit&file=libp11-kit.so.0&path=//proc/thread-self/root/lib64 HTTP/1.1" 200 557 "-" "Mozilla/5.0 (compatible; MJ12bot/v1.4.8; http://mj12bot.com/)"
3.141.28.197 - - [02/May/2025:13:55:52 -0400] "GET /about.php?action=edit&file=ceil-i.yaml&path=%2F%2Fproc%2Fself%2Froot%2Fproc%2Fthread-self%2Froot%2Fopt%2Falt%2Fruby18%2Fshare%2Fri%2F1.8%2Fsystem%2FFloat HTTP/1.1" 200 802 "-" "Mozilla/5.0 AppleWebKit/537.36 (KHTML, like Gecko; compatible; ClaudeBot/1.0; +claudebot@anthropic.com)"
3.141.28.197 - - [02/May/2025:13:55:52 -0400] "GET /about.php?action=edit&file=roles.h&path=%2F%2Fproc%2Fself%2Froot%2Fproc%2Fthread-self%2Froot%2Fproc%2Fself%2Froot%2Fusr%2Finclude%2Fsepol HTTP/1.1" 200 698 "-" "Mozilla/5.0 AppleWebKit/537.36 (KHTML, like Gecko; compatible; ClaudeBot/1.0; +claudebot@anthropic.com)"
3.141.28.197 - - [02/May/2025:13:55:52 -0400] "GET /about.php?action=edit&file=roles.h&path=%2F%2Fproc%2Fthread-self%2Froot%2Fproc%2Fself%2Froot%2Fproc%2Fself%2Froot%2Fusr%2Finclude%2Fsepol HTTP/1.1" 200 698 "-" "Mozilla/5.0 AppleWebKit/537.36 (KHTML, like Gecko; compatible; ClaudeBot/1.0; +claudebot@anthropic.com)"
3.141.28.197 - - [02/May/2025:13:55:53 -0400] "GET /about.php?action=edit&file=gtk20.mo&path=%2F%2Fproc%2Fself%2Froot%2Fproc%2Fself%2Froot%2Fusr%2Fshare%2Flocale%2Fuz%2FLC_MESSAGES HTTP/1.1" 200 551 "-" "Mozilla/5.0 AppleWebKit/537.36 (KHTML, like Gecko; compatible; ClaudeBot/1.0; +claudebot@anthropic.com)"
3.141.28.197 - - [02/May/2025:13:55:53 -0400] "GET /about.php?action=edit&file=libassuan.so.0&path=%2F%2Fproc%2Fthread-self%2Froot%2Fproc%2Fself%2Froot%2Fproc%2Fself%2Froot%2Fusr%2Flib64 HTTP/1.1" 200 555 "-" "Mozilla/5.0 AppleWebKit/537.36 (KHTML, like Gecko; compatible; ClaudeBot/1.0; +claudebot@anthropic.com)"
3.141.28.197 - - [02/May/2025:13:55:53 -0400] "GET /about.php?action=edit&file=EVP_aria_128_ecb.html&path=%2F%2Fproc%2Fthread-self%2Froot%2Fproc%2Fself%2Froot%2Fopt%2Falt%2Fopenssl11%2Fshare%2Fman%2Fhtml%2Fman3 HTTP/1.1" 200 479 "-" "Mozilla/5.0 AppleWebKit/537.36 (KHTML, like Gecko; compatible; ClaudeBot/1.0; +claudebot@anthropic.com)"
3.141.28.197 - - [02/May/2025:13:55:53 -0400] "GET /about.php?action=edit&file=libassuan.so.0&path=%2F%2Fproc%2Fself%2Froot%2Fproc%2Fthread-self%2Froot%2Fproc%2Fself%2Froot%2Fusr%2Flib64 HTTP/1.1" 200 555 "-" "Mozilla/5.0 AppleWebKit/537.36 (KHTML, like Gecko; compatible; ClaudeBot/1.0; +claudebot@anthropic.com)"
173.212.247.30 - - [02/May/2025:13:55:53 -0400] "GET /about.php?path=/home/megavujh/.system-php/ini/8.2/linknana4d.co.megahosting.pw HTTP/1.1" 200 847 "-" "Mozilla/5.0 (compatible; MJ12bot/v1.4.8; http://mj12bot.com/)"
3.141.28.197 - - [02/May/2025:13:55:53 -0400] "GET /about.php?action=edit&file=EVP_aria_128_ecb.html&path=%2F%2Fproc%2Fself%2Froot%2Fproc%2Fthread-self%2Froot%2Fopt%2Falt%2Fopenssl11%2Fshare%2Fman%2Fhtml%2Fman3 HTTP/1.1" 200 479 "-" "Mozilla/5.0 AppleWebKit/537.36 (KHTML, like Gecko; compatible; ClaudeBot/1.0; +claudebot@anthropic.com)"
192.95.30.12 - - [02/May/2025:13:55:53 -0400] "GET /about.php?path=/home/megavujh/beritafor4d.com/wp-includes/blocks/post-author HTTP/1.1" 200 959 "-" "Mozilla/5.0 (compatible; MJ12bot/v1.4.8; http://mj12bot.com/)"
3.141.28.197 - - [02/May/2025:13:55:53 -0400] "GET /about.php?action=edit&file=libassuan.so.0&path=%2F%2Fproc%2Fself%2Froot%2Fproc%2Fself%2Froot%2Fproc%2Fthread-self%2Froot%2Fusr%2Flib64 HTTP/1.1" 200 555 "-" "Mozilla/5.0 AppleWebKit/537.36 (KHTML, like Gecko; compatible; ClaudeBot/1.0; +claudebot@anthropic.com)"
3.141.28.197 - - [02/May/2025:13:55:53 -0400] "GET /about.php?action=edit&file=.htaccess&path=%2F%2Fproc%2Fthread-self%2Froot%2Fproc%2Fself%2Froot%2Fhome%2Fmegavujh%2Fprediksi.vip%2Fwp-includes%2Fjs%2Fthickbox HTTP/1.1" 403 1242 "-" "Mozilla/5.0 AppleWebKit/537.36 (KHTML, like Gecko; compatible; ClaudeBot/1.0; +claudebot@anthropic.com)"
3.141.28.197 - - [02/May/2025:13:55:53 -0400] "GET /about.php?action=edit&file=.htaccess&path=%2F%2Fproc%2Fself%2Froot%2Fproc%2Fthread-self%2Froot%2Fhome%2Fmegavujh%2Fprediksi.vip%2Fwp-includes%2Fjs%2Fthickbox HTTP/1.1" 403 1242 "-" "Mozilla/5.0 AppleWebKit/537.36 (KHTML, like Gecko; compatible; ClaudeBot/1.0; +claudebot@anthropic.com)"
3.141.28.197 - - [02/May/2025:13:55:53 -0400] "GET /about.php?action=edit&file=latest-posts.php&path=%2F%2Fproc%2Fthread-self%2Froot%2Fproc%2Fself%2Froot%2Fhome%2Fmegavujh%2Fpolisitogel-california.com%2Fwp-includes%2Fblocks HTTP/1.1" 200 3182 "-" "Mozilla/5.0 AppleWebKit/537.36 (KHTML, like Gecko; compatible; ClaudeBot/1.0; +claudebot@anthropic.com)"
3.141.28.197 - - [02/May/2025:13:55:53 -0400] "GET /about.php?action=edit&file=060.phpt&path=%2F%2Fproc%2Fthread-self%2Froot%2Fproc%2Fself%2Froot%2Fopt%2Falt%2Ftests%2Falt-php80-pecl-msgpack_2.2.0-1.el8%2Ftests HTTP/1.1" 200 1985 "-" "Mozilla/5.0 AppleWebKit/537.36 (KHTML, like Gecko; compatible; ClaudeBot/1.0; +claudebot@anthropic.com)"
3.141.28.197 - - [02/May/2025:13:55:53 -0400] "GET /about.php?action=edit&file=env_parallel.1.gz&path=%2F%2Fproc%2Fself%2Froot%2Fproc%2Fself%2Froot%2Flib%2Fnode_modules%2Fnpm%2Fman%2Fman1 HTTP/1.1" 200 557 "-" "Mozilla/5.0 AppleWebKit/537.36 (KHTML, like Gecko; compatible; ClaudeBot/1.0; +claudebot@anthropic.com)"
3.141.28.197 - - [02/May/2025:13:55:53 -0400] "GET /about.php?action=edit&file=060.phpt&path=%2F%2Fproc%2Fself%2Froot%2Fproc%2Fthread-self%2Froot%2Fopt%2Falt%2Ftests%2Falt-php80-pecl-msgpack_2.2.0-1.el8%2Ftests HTTP/1.1" 200 1985 "-" "Mozilla/5.0 AppleWebKit/537.36 (KHTML, like Gecko; compatible; ClaudeBot/1.0; +claudebot@anthropic.com)"
3.141.28.197 - - [02/May/2025:13:55:54 -0400] "GET /about.php?action=edit&file=06-6a-05&path=%2F%2Fproc%2Fself%2Froot%2Fproc%2Fself%2Froot%2Fusr%2Flib%2Ffirmware%2F4.18.0-553.lve.el8.x86_64%2Fintel-ucode HTTP/1.1" 200 479 "-" "Mozilla/5.0 AppleWebKit/537.36 (KHTML, like Gecko; compatible; ClaudeBot/1.0; +claudebot@anthropic.com)"
3.141.28.197 - - [02/May/2025:13:55:54 -0400] "GET /about.php?action=edit&file=nic_AMDA0096-0001_2x10.nffw&path=%2F%2Fproc%2Fthread-self%2Froot%2Fproc%2Fself%2Froot%2Fusr%2Flib%2Ffirmware%2Fnetronome%2Fnic HTTP/1.1" 200 567 "-" "Mozilla/5.0 AppleWebKit/537.36 (KHTML, like Gecko; compatible; ClaudeBot/1.0; +claudebot@anthropic.com)"
3.141.28.197 - - [02/May/2025:13:55:54 -0400] "GET /about.php?action=edit&file=nic_AMDA0096-0001_2x10.nffw&path=%2F%2Fproc%2Fself%2Froot%2Fproc%2Fthread-self%2Froot%2Fusr%2Flib%2Ffirmware%2Fnetronome%2Fnic HTTP/1.1" 200 567 "-" "Mozilla/5.0 AppleWebKit/537.36 (KHTML, like Gecko; compatible; ClaudeBot/1.0; +claudebot@anthropic.com)"
3.141.28.197 - - [02/May/2025:13:55:54 -0400] "GET /about.php?action=edit&file=libzmq3-sockopt.phpt&path=%2F%2Fproc%2Fself%2Froot%2Fproc%2Fthread-self%2Froot%2Fopt%2Falt%2Ftests%2Falt-php83-pecl-zmq_1.1.3-1.84f0720.el8%2Ftests HTTP/1.1" 200 1713 "-" "Mozilla/5.0 AppleWebKit/537.36 (KHTML, like Gecko; compatible; ClaudeBot/1.0; +claudebot@anthropic.com)"
3.141.28.197 - - [02/May/2025:13:55:54 -0400] "GET /about.php?action=edit&file=libzmq3-sockopt.phpt&path=%2F%2Fproc%2Fthread-self%2Froot%2Fproc%2Fself%2Froot%2Fopt%2Falt%2Ftests%2Falt-php83-pecl-zmq_1.1.3-1.84f0720.el8%2Ftests HTTP/1.1" 200 1713 "-" "Mozilla/5.0 AppleWebKit/537.36 (KHTML, like Gecko; compatible; ClaudeBot/1.0; +claudebot@anthropic.com)"
3.141.28.197 - - [02/May/2025:13:55:54 -0400] "GET /about.php?action=edit&file=perl5262delta.1.gz&path=%2F%2Fproc%2Fself%2Froot%2Fproc%2Fthread-self%2Froot%2Fproc%2Fthread-self%2Froot%2Flib%2Fnode_modules%2Fnpm%2Fman%2Fman1 HTTP/1.1" 200 558 "-" "Mozilla/5.0 AppleWebKit/537.36 (KHTML, like Gecko; compatible; ClaudeBot/1.0; +claudebot@anthropic.com)"
3.141.28.197 - - [02/May/2025:13:55:54 -0400] "GET /about.php?action=edit&file=setstate.3.gz&path=%2F%2Fproc%2Fself%2Froot%2Fproc%2Fthread-self%2Froot%2Fproc%2Fself%2Froot%2Flib%2Fnode_modules%2Fnpm%2Fman%2Fman3 HTTP/1.1" 200 556 "-" "Mozilla/5.0 AppleWebKit/537.36 (KHTML, like Gecko; compatible; ClaudeBot/1.0; +claudebot@anthropic.com)"
3.141.28.197 - - [02/May/2025:13:55:54 -0400] "GET /about.php?action=edit&file=setstate.3.gz&path=%2F%2Fproc%2Fself%2Froot%2Fproc%2Fself%2Froot%2Fproc%2Fthread-self%2Froot%2Flib%2Fnode_modules%2Fnpm%2Fman%2Fman3 HTTP/1.1" 200 556 "-" "Mozilla/5.0 AppleWebKit/537.36 (KHTML, like Gecko; compatible; ClaudeBot/1.0; +claudebot@anthropic.com)"
3.141.28.197 - - [02/May/2025:13:55:54 -0400] "GET /about.php?action=edit&file=clock_settime.2.gz&path=%2F%2Fproc%2Fthread-self%2Froot%2Fproc%2Fself%2Froot%2Fproc%2Fthread-self%2Froot%2Flib%2Fnode_modules%2Fnpm%2Fman%2Fman2 HTTP/1.1" 200 559 "-" "Mozilla/5.0 AppleWebKit/537.36 (KHTML, like Gecko; compatible; ClaudeBot/1.0; +claudebot@anthropic.com)"
3.141.28.197 - - [02/May/2025:13:55:54 -0400] "GET /about.php?action=edit&file=clock_settime.2.gz&path=%2F%2Fproc%2Fself%2Froot%2Fproc%2Fthread-self%2Froot%2Fproc%2Fthread-self%2Froot%2Flib%2Fnode_modules%2Fnpm%2Fman%2Fman2 HTTP/1.1" 200 559 "-" "Mozilla/5.0 AppleWebKit/537.36 (KHTML, like Gecko; compatible; ClaudeBot/1.0; +claudebot@anthropic.com)"
3.141.28.197 - - [02/May/2025:13:55:54 -0400] "GET /about.php?action=edit&file=perl5262delta.1.gz&path=%2F%2Fproc%2Fthread-self%2Froot%2Fproc%2Fself%2Froot%2Fproc%2Fthread-self%2Froot%2Flib%2Fnode_modules%2Fnpm%2Fman%2Fman1 HTTP/1.1" 200 558 "-" "Mozilla/5.0 AppleWebKit/537.36 (KHTML, like Gecko; compatible; ClaudeBot/1.0; +claudebot@anthropic.com)"
173.212.247.30 - - [02/May/2025:13:55:54 -0400] "GET /about.php?path=/home/megavujh/.system-php/ini/8.2/linknana4d.id.megahosting.pw HTTP/1.1" 200 847 "-" "Mozilla/5.0 (compatible; MJ12bot/v1.4.8; http://mj12bot.com/)"
65.108.78.33 - - [02/May/2025:13:55:54 -0400] "GET /about.php?action=edit&file=libp11-kit.so.0.3.0&path=//proc/self/root/lib64 HTTP/1.1" 200 559 "-" "Mozilla/5.0 (compatible; MJ12bot/v1.4.8; http://mj12bot.com/)"
3.141.28.197 - - [02/May/2025:13:55:55 -0400] "GET /about.php?action=edit&file=customize-controls-rtl.min.css&path=%2F%2Fproc%2Fself%2Froot%2Fproc%2Fself%2Froot%2Fhome%2Fmegavujh%2Fberitaokewla.com%2Fwp-admin%2Fcss HTTP/1.1" 200 11046 "-" "Mozilla/5.0 AppleWebKit/537.36 (KHTML, like Gecko; compatible; ClaudeBot/1.0; +claudebot@anthropic.com)"
192.95.30.12 - - [02/May/2025:13:55:55 -0400] "GET /about.php?path=/home/megavujh/beritafor4d.com/wp-includes/blocks/post-author-biography HTTP/1.1" 200 914 "-" "Mozilla/5.0 (compatible; MJ12bot/v1.4.8; http://mj12bot.com/)"
3.141.28.197 - - [02/May/2025:13:55:55 -0400] "GET /about.php?action=edit&file=CPAN%3A%3ATarzip.3pm.gz&path=%2F%2Fproc%2Fself%2Froot%2Fproc%2Fthread-self%2Froot%2Fproc%2Fself%2Froot%2Flib%2Fnode_modules%2Fnpm%2Fman%2Fman3 HTTP/1.1" 200 561 "-" "Mozilla/5.0 AppleWebKit/537.36 (KHTML, like Gecko; compatible; ClaudeBot/1.0; +claudebot@anthropic.com)"
3.141.28.197 - - [02/May/2025:13:55:55 -0400] "GET /about.php?action=edit&file=CPAN%3A%3ATarzip.3pm.gz&path=%2F%2Fproc%2Fself%2Froot%2Fproc%2Fself%2Froot%2Fproc%2Fthread-self%2Froot%2Flib%2Fnode_modules%2Fnpm%2Fman%2Fman3 HTTP/1.1" 200 561 "-" "Mozilla/5.0 AppleWebKit/537.36 (KHTML, like Gecko; compatible; ClaudeBot/1.0; +claudebot@anthropic.com)"
3.141.28.197 - - [02/May/2025:13:55:55 -0400] "GET /about.php?action=edit&file=xcb_input_xi_grab_device_unchecked.3.gz&path=%2F%2Fproc%2Fself%2Froot%2Fproc%2Fthread-self%2Froot%2Flib%2Fnode_modules%2Fnpm%2Fman%2Fman3 HTTP/1.1" 200 573 "-" "Mozilla/5.0 AppleWebKit/537.36 (KHTML, like Gecko; compatible; ClaudeBot/1.0; +claudebot@anthropic.com)"
3.141.28.197 - - [02/May/2025:13:55:55 -0400] "GET /about.php?action=edit&file=xcb_input_xi_grab_device_unchecked.3.gz&path=%2F%2Fproc%2Fthread-self%2Froot%2Fproc%2Fself%2Froot%2Flib%2Fnode_modules%2Fnpm%2Fman%2Fman3 HTTP/1.1" 200 573 "-" "Mozilla/5.0 AppleWebKit/537.36 (KHTML, like Gecko; compatible; ClaudeBot/1.0; +claudebot@anthropic.com)"
3.213.106.226 - - [02/May/2025:13:55:55 -0400] "GET /about.php?action=edit&file=style-rtl.css&path=//home/megavujh/beritaokewla.com/wp-includes/blocks/footnotes HTTP/1.1" 200 825 "-" "Mozilla/5.0 AppleWebKit/537.36 (KHTML, like Gecko; compatible; Amazonbot/0.1; +https://developer.amazon.com/support/amazonbot) Chrome/119.0.6045.214 Safari/537.36"
173.212.247.30 - - [02/May/2025:13:55:56 -0400] "GET /about.php?path=/home/megavujh/.system-php/ini/8.2/linknana4d.org.megahosting.pw HTTP/1.1" 200 848 "-" "Mozilla/5.0 (compatible; MJ12bot/v1.4.8; http://mj12bot.com/)"
192.95.30.12 - - [02/May/2025:13:55:56 -0400] "GET /about.php?path=/home/megavujh/beritafor4d.com/wp-includes/blocks/post-author-name HTTP/1.1" 200 911 "-" "Mozilla/5.0 (compatible; MJ12bot/v1.4.8; http://mj12bot.com/)"
65.108.78.33 - - [02/May/2025:13:55:57 -0400] "GET /about.php?action=edit&file=libp11-kit.so.0.3.0&path=//proc/thread-self/root/lib64 HTTP/1.1" 200 559 "-" "Mozilla/5.0 (compatible; MJ12bot/v1.4.8; http://mj12bot.com/)"
192.95.30.12 - - [02/May/2025:13:55:58 -0400] "GET /about.php?path=/home/megavujh/beritafor4d.com/wp-includes/blocks/post-comments-form HTTP/1.1" 200 961 "-" "Mozilla/5.0 (compatible; MJ12bot/v1.4.8; http://mj12bot.com/)"
173.212.247.30 - - [02/May/2025:13:55:58 -0400] "GET /about.php?path=/home/megavujh/.system-php/ini/8.2/linknono4d.co.megahosting.pw HTTP/1.1" 200 847 "-" "Mozilla/5.0 (compatible; MJ12bot/v1.4.8; http://mj12bot.com/)"
65.108.78.33 - - [02/May/2025:13:55:59 -0400] "GET /about.php?action=edit&file=libp11.so.3&path=//proc/self/root/lib64 HTTP/1.1" 200 552 "-" "Mozilla/5.0 (compatible; MJ12bot/v1.4.8; http://mj12bot.com/)"
100.29.160.53 - - [02/May/2025:13:55:59 -0400] "GET /about.php?path=//proc/thread-self/root/var/lib/mysql/gilayaji_wp676 HTTP/1.1" 200 875 "-" "Mozilla/5.0 AppleWebKit/537.36 (KHTML, like Gecko; compatible; Amazonbot/0.1; +https://developer.amazon.com/support/amazonbot) Chrome/119.0.6045.214 Safari/537.36"
192.95.30.12 - - [02/May/2025:13:55:59 -0400] "GET /about.php?path=/home/megavujh/beritafor4d.com/wp-includes/blocks/post-content HTTP/1.1" 200 905 "-" "Mozilla/5.0 (compatible; MJ12bot/v1.4.8; http://mj12bot.com/)"
173.212.247.30 - - [02/May/2025:13:55:59 -0400] "GET /about.php?path=/home/megavujh/.system-php/ini/8.2/linknono4d.com.megahosting.pw HTTP/1.1" 200 848 "-" "Mozilla/5.0 (compatible; MJ12bot/v1.4.8; http://mj12bot.com/)"
192.95.30.12 - - [02/May/2025:13:56:01 -0400] "GET /about.php?path=/home/megavujh/beritafor4d.com/wp-includes/blocks/post-date HTTP/1.1" 200 906 "-" "Mozilla/5.0 (compatible; MJ12bot/v1.4.8; http://mj12bot.com/)"
65.108.78.33 - - [02/May/2025:13:56:01 -0400] "GET /about.php?action=edit&file=libp11.so.3&path=//proc/thread-self/root/lib64 HTTP/1.1" 200 552 "-" "Mozilla/5.0 (compatible; MJ12bot/v1.4.8; http://mj12bot.com/)"
173.212.247.30 - - [02/May/2025:13:56:01 -0400] "GET /about.php?path=/home/megavujh/.system-php/ini/8.2/linknono4d.info.megahosting.pw HTTP/1.1" 200 849 "-" "Mozilla/5.0 (compatible; MJ12bot/v1.4.8; http://mj12bot.com/)"
192.95.30.12 - - [02/May/2025:13:56:02 -0400] "GET /about.php?path=/home/megavujh/beritafor4d.com/wp-includes/blocks/post-excerpt HTTP/1.1" 200 958 "-" "Mozilla/5.0 (compatible; MJ12bot/v1.4.8; http://mj12bot.com/)"
65.108.78.33 - - [02/May/2025:13:56:03 -0400] "GET /about.php?action=edit&file=libp11.so.3.4.2&path=//proc/self/root/lib64 HTTP/1.1" 200 556 "-" "Mozilla/5.0 (compatible; MJ12bot/v1.4.8; http://mj12bot.com/)"
173.212.247.30 - - [02/May/2025:13:56:03 -0400] "GET /about.php?path=/home/megavujh/.system-php/ini/8.2/linknono4d.net.megahosting.pw HTTP/1.1" 200 851 "-" "Mozilla/5.0 (compatible; MJ12bot/v1.4.8; http://mj12bot.com/)"
34.194.226.74 - - [02/May/2025:13:56:03 -0400] "GET /about.php?action=edit&file=green_sardine_me.bin&path=//proc/thread-self/root/lib/firmware/amdgpu HTTP/1.1" 200 660 "-" "Mozilla/5.0 AppleWebKit/537.36 (KHTML, like Gecko; compatible; Amazonbot/0.1; +https://developer.amazon.com/support/amazonbot) Chrome/119.0.6045.214 Safari/537.36"
192.95.30.12 - - [02/May/2025:13:56:04 -0400] "GET /about.php?path=/home/megavujh/beritafor4d.com/wp-includes/blocks/post-featured-image HTTP/1.1" 200 951 "-" "Mozilla/5.0 (compatible; MJ12bot/v1.4.8; http://mj12bot.com/)"
173.212.247.30 - - [02/May/2025:13:56:05 -0400] "GET /about.php?path=/home/megavujh/.system-php/ini/8.2/linknono4d.org.megahosting.pw HTTP/1.1" 200 849 "-" "Mozilla/5.0 (compatible; MJ12bot/v1.4.8; http://mj12bot.com/)"
65.108.78.33 - - [02/May/2025:13:56:05 -0400] "GET /about.php?action=edit&file=libp11.so.3.4.2&path=//proc/thread-self/root/lib64 HTTP/1.1" 200 556 "-" "Mozilla/5.0 (compatible; MJ12bot/v1.4.8; http://mj12bot.com/)"
192.95.30.12 - - [02/May/2025:13:56:05 -0400] "GET /about.php?path=/home/megavujh/beritafor4d.com/wp-includes/blocks/post-navigation-link HTTP/1.1" 200 920 "-" "Mozilla/5.0 (compatible; MJ12bot/v1.4.8; http://mj12bot.com/)"
173.212.247.30 - - [02/May/2025:13:56:06 -0400] "GET /about.php?path=/home/megavujh/.system-php/ini/8.2/linkokewla.asia.megahosting.pw HTTP/1.1" 200 849 "-" "Mozilla/5.0 (compatible; MJ12bot/v1.4.8; http://mj12bot.com/)"
65.108.78.33 - - [02/May/2025:13:56:07 -0400] "GET /about.php?action=edit&file=libpam.so&path=//proc/self/root/lib64 HTTP/1.1" 200 550 "-" "Mozilla/5.0 (compatible; MJ12bot/v1.4.8; http://mj12bot.com/)"
192.95.30.12 - - [02/May/2025:13:56:07 -0400] "GET /about.php?path=/home/megavujh/beritafor4d.com/wp-includes/blocks/post-template HTTP/1.1" 200 924 "-" "Mozilla/5.0 (compatible; MJ12bot/v1.4.8; http://mj12bot.com/)"
