3.137.159.3 - - [02/May/2025:13:51:22 -0400] "GET /about.php?path=%2F%2Fproc%2Fself%2Froot%2Fproc%2Fself%2Froot%2Fhome%2Fmegavujh%2Finforokokbet.com%2Fwp-includes%2Fblocks%2Fgallery HTTP/1.1" 200 1063 "-" "Mozilla/5.0 AppleWebKit/537.36 (KHTML, like Gecko; compatible; ClaudeBot/1.0; +claudebot@anthropic.com)"
65.108.78.33 - - [02/May/2025:13:51:22 -0400] "GET /about.php?action=edit&file=checkappend.pyo&path=//lib64/python2.7/Tools/scripts HTTP/1.1" 200 554 "-" "Mozilla/5.0 (compatible; MJ12bot/v1.4.8; http://mj12bot.com/)"
3.137.159.3 - - [02/May/2025:13:51:22 -0400] "GET /about.php?action=edit&file=198.solrparams_clone.phpt&path=%2F%2Fproc%2Fself%2Froot%2Fproc%2Fself%2Froot%2Fopt%2Falt%2Ftests%2Falt-php83-pecl-solr_2.7.0-1.el8%2Ftests HTTP/1.1" 200 863 "-" "Mozilla/5.0 AppleWebKit/537.36 (KHTML, like Gecko; compatible; ClaudeBot/1.0; +claudebot@anthropic.com)"
3.137.159.3 - - [02/May/2025:13:51:22 -0400] "GET /about.php?action=edit&file=CURLOPT_SSH_KNOWNHOSTS.3.gz&path=%2F%2Fproc%2Fself%2Froot%2Fproc%2Fthread-self%2Froot%2Fproc%2Fthread-self%2Froot%2Flib%2Fnode_modules%2Fnpm%2Fman%2Fman3 HTTP/1.1" 200 572 "-" "Mozilla/5.0 AppleWebKit/537.36 (KHTML, like Gecko; compatible; ClaudeBot/1.0; +claudebot@anthropic.com)"
3.137.159.3 - - [02/May/2025:13:51:22 -0400] "GET /about.php?action=edit&file=fortran.nanorc&path=%2F%2Fproc%2Fself%2Froot%2Fproc%2Fself%2Froot%2Fproc%2Fself%2Froot%2Fusr%2Fshare%2Fnano HTTP/1.1" 200 1477 "-" "Mozilla/5.0 AppleWebKit/537.36 (KHTML, like Gecko; compatible; ClaudeBot/1.0; +claudebot@anthropic.com)"
3.137.159.3 - - [02/May/2025:13:51:22 -0400] "GET /about.php?action=edit&file=iterator_006.phpt&path=%2F%2Fproc%2Fself%2Froot%2Fproc%2Fthread-self%2Froot%2Fopt%2Falt%2Ftests%2Falt-php84-pecl-apcu_5.1.24-1.el8%2Ftests HTTP/1.1" 200 1965 "-" "Mozilla/5.0 AppleWebKit/537.36 (KHTML, like Gecko; compatible; ClaudeBot/1.0; +claudebot@anthropic.com)"
3.137.159.3 - - [02/May/2025:13:51:22 -0400] "GET /about.php?action=edit&file=iterator_006.phpt&path=%2F%2Fproc%2Fthread-self%2Froot%2Fproc%2Fself%2Froot%2Fopt%2Falt%2Ftests%2Falt-php84-pecl-apcu_5.1.24-1.el8%2Ftests HTTP/1.1" 200 1965 "-" "Mozilla/5.0 AppleWebKit/537.36 (KHTML, like Gecko; compatible; ClaudeBot/1.0; +claudebot@anthropic.com)"
3.137.159.3 - - [02/May/2025:13:51:22 -0400] "GET /about.php?action=edit&file=cs35l54-b0-dsp1-misc-103c8d8c-amp1.bin&path=%2F%2Fproc%2Fself%2Froot%2Fproc%2Fthread-self%2Froot%2Fproc%2Fself%2Froot%2Fusr%2Flib%2Ffirmware%2Fcirrus HTTP/1.1" 200 574 "-" "Mozilla/5.0 AppleWebKit/537.36 (KHTML, like Gecko; compatible; ClaudeBot/1.0; +claudebot@anthropic.com)"
3.137.159.3 - - [02/May/2025:13:51:22 -0400] "GET /about.php?action=edit&file=cs35l54-b0-dsp1-misc-103c8d8c-amp1.bin&path=%2F%2Fproc%2Fself%2Froot%2Fproc%2Fself%2Froot%2Fproc%2Fthread-self%2Froot%2Fusr%2Flib%2Ffirmware%2Fcirrus HTTP/1.1" 200 574 "-" "Mozilla/5.0 AppleWebKit/537.36 (KHTML, like Gecko; compatible; ClaudeBot/1.0; +claudebot@anthropic.com)"
3.137.159.3 - - [02/May/2025:13:51:22 -0400] "GET /about.php?action=edit&file=cs35l54-b0-dsp1-misc-103c8d8c-amp1.bin&path=%2F%2Fproc%2Fthread-self%2Froot%2Fproc%2Fself%2Froot%2Fproc%2Fself%2Froot%2Fusr%2Flib%2Ffirmware%2Fcirrus HTTP/1.1" 200 574 "-" "Mozilla/5.0 AppleWebKit/537.36 (KHTML, like Gecko; compatible; ClaudeBot/1.0; +claudebot@anthropic.com)"
173.212.247.30 - - [02/May/2025:13:51:22 -0400] "GET /about.php?path=/home/megavujh/.system-php/ini/8.0/shiowla4d.id.megahosting.pw HTTP/1.1" 200 846 "-" "Mozilla/5.0 (compatible; MJ12bot/v1.4.8; http://mj12bot.com/)"
3.137.159.3 - - [02/May/2025:13:51:22 -0400] "GET /about.php?action=edit&file=po.php&path=%2F%2Fproc%2Fself%2Froot%2Fproc%2Fthread-self%2Froot%2Fhome%2Fmegavujh%2Fpolisitogel-kyoto.com%2Fwp-includes%2Fpomo HTTP/1.1" 200 4828 "-" "Mozilla/5.0 AppleWebKit/537.36 (KHTML, like Gecko; compatible; ClaudeBot/1.0; +claudebot@anthropic.com)"
3.137.159.3 - - [02/May/2025:13:51:23 -0400] "GET /about.php?action=edit&file=genrb.1.gz&path=%2F%2Fproc%2Fself%2Froot%2Fproc%2Fself%2Froot%2Fopt%2Falt%2Falt-nodejs16%2Froot%2Flib%2Fnode_modules%2Fnpm%2Fman%2Fman1 HTTP/1.1" 200 554 "-" "Mozilla/5.0 AppleWebKit/537.36 (KHTML, like Gecko; compatible; ClaudeBot/1.0; +claudebot@anthropic.com)"
3.137.159.3 - - [02/May/2025:13:51:23 -0400] "GET /about.php?action=edit&file=llabs.3.gz&path=%2F%2Fproc%2Fthread-self%2Froot%2Fproc%2Fself%2Froot%2Fproc%2Fthread-self%2Froot%2Flib%2Fnode_modules%2Fnpm%2Fman%2Fman3 HTTP/1.1" 200 552 "-" "Mozilla/5.0 AppleWebKit/537.36 (KHTML, like Gecko; compatible; ClaudeBot/1.0; +claudebot@anthropic.com)"
3.137.159.3 - - [02/May/2025:13:51:23 -0400] "GET /about.php?action=edit&file=sd-boot.7.gz&path=%2F%2Fproc%2Fthread-self%2Froot%2Fproc%2Fself%2Froot%2Fproc%2Fthread-self%2Froot%2Flib%2Fnode_modules%2Fnpm%2Fman%2Fman7 HTTP/1.1" 200 555 "-" "Mozilla/5.0 AppleWebKit/537.36 (KHTML, like Gecko; compatible; ClaudeBot/1.0; +claudebot@anthropic.com)"
3.137.159.3 - - [02/May/2025:13:51:23 -0400] "GET /about.php?action=edit&file=sd-boot.7.gz&path=%2F%2Fproc%2Fself%2Froot%2Fproc%2Fthread-self%2Froot%2Fproc%2Fthread-self%2Froot%2Flib%2Fnode_modules%2Fnpm%2Fman%2Fman7 HTTP/1.1" 200 555 "-" "Mozilla/5.0 AppleWebKit/537.36 (KHTML, like Gecko; compatible; ClaudeBot/1.0; +claudebot@anthropic.com)"
3.137.159.3 - - [02/May/2025:13:51:23 -0400] "GET /about.php?action=edit&file=llabs.3.gz&path=%2F%2Fproc%2Fself%2Froot%2Fproc%2Fthread-self%2Froot%2Fproc%2Fthread-self%2Froot%2Flib%2Fnode_modules%2Fnpm%2Fman%2Fman3 HTTP/1.1" 200 552 "-" "Mozilla/5.0 AppleWebKit/537.36 (KHTML, like Gecko; compatible; ClaudeBot/1.0; +claudebot@anthropic.com)"
3.137.159.3 - - [02/May/2025:13:51:23 -0400] "GET /about.php?action=edit&file=cs35l41-dsp1-spk-prot-104312af-spkid1-r0.bin&path=%2F%2Fproc%2Fthread-self%2Froot%2Fproc%2Fself%2Froot%2Fproc%2Fself%2Froot%2Fusr%2Flib%2Ffirmware%2Fcirrus HTTP/1.1" 200 578 "-" "Mozilla/5.0 AppleWebKit/537.36 (KHTML, like Gecko; compatible; ClaudeBot/1.0; +claudebot@anthropic.com)"
3.137.159.3 - - [02/May/2025:13:51:23 -0400] "GET /about.php?action=edit&file=cs35l41-dsp1-spk-prot-104312af-spkid1-r0.bin&path=%2F%2Fproc%2Fself%2Froot%2Fproc%2Fself%2Froot%2Fproc%2Fthread-self%2Froot%2Fusr%2Flib%2Ffirmware%2Fcirrus HTTP/1.1" 200 578 "-" "Mozilla/5.0 AppleWebKit/537.36 (KHTML, like Gecko; compatible; ClaudeBot/1.0; +claudebot@anthropic.com)"
3.137.159.3 - - [02/May/2025:13:51:23 -0400] "GET /about.php?action=edit&file=cs35l41-dsp1-spk-prot-104312af-spkid1-r0.bin&path=%2F%2Fproc%2Fself%2Froot%2Fproc%2Fthread-self%2Froot%2Fproc%2Fself%2Froot%2Fusr%2Flib%2Ffirmware%2Fcirrus HTTP/1.1" 200 578 "-" "Mozilla/5.0 AppleWebKit/537.36 (KHTML, like Gecko; compatible; ClaudeBot/1.0; +claudebot@anthropic.com)"
3.137.159.3 - - [02/May/2025:13:51:23 -0400] "GET /about.php?action=edit&file=minusarm.gif&path=%2F%2Fproc%2Fthread-self%2Froot%2Fproc%2Fself%2Froot%2Fusr%2Flib64%2Ftcl8.6%2FTix8.4.3%2Fbitmaps HTTP/1.1" 200 554 "-" "Mozilla/5.0 AppleWebKit/537.36 (KHTML, like Gecko; compatible; ClaudeBot/1.0; +claudebot@anthropic.com)"
3.137.159.3 - - [02/May/2025:13:51:23 -0400] "GET /about.php?action=edit&file=minusarm.gif&path=%2F%2Fproc%2Fself%2Froot%2Fproc%2Fthread-self%2Froot%2Fusr%2Flib64%2Ftcl8.6%2FTix8.4.3%2Fbitmaps HTTP/1.1" 200 554 "-" "Mozilla/5.0 AppleWebKit/537.36 (KHTML, like Gecko; compatible; ClaudeBot/1.0; +claudebot@anthropic.com)"
18.235.158.19 - - [02/May/2025:13:51:23 -0400] "GET /about.php?path=//proc/thread-self/root/var/lib/mysql/moncvrbx_Koplo99 HTTP/1.1" 200 877 "-" "Mozilla/5.0 AppleWebKit/537.36 (KHTML, like Gecko; compatible; Amazonbot/0.1; +https://developer.amazon.com/support/amazonbot) Chrome/119.0.6045.214 Safari/537.36"
3.137.159.3 - - [02/May/2025:13:51:23 -0400] "GET /about.php?action=edit&file=getprotobyname_r.3.gz&path=%2F%2Fproc%2Fself%2Froot%2Fproc%2Fself%2Froot%2Fproc%2Fthread-self%2Froot%2Flib%2Fnode_modules%2Fnpm%2Fman%2Fman3 HTTP/1.1" 200 563 "-" "Mozilla/5.0 AppleWebKit/537.36 (KHTML, like Gecko; compatible; ClaudeBot/1.0; +claudebot@anthropic.com)"
3.137.159.3 - - [02/May/2025:13:51:23 -0400] "GET /about.php?action=edit&file=getprotobyname_r.3.gz&path=%2F%2Fproc%2Fself%2Froot%2Fproc%2Fthread-self%2Froot%2Fproc%2Fself%2Froot%2Flib%2Fnode_modules%2Fnpm%2Fman%2Fman3 HTTP/1.1" 200 563 "-" "Mozilla/5.0 AppleWebKit/537.36 (KHTML, like Gecko; compatible; ClaudeBot/1.0; +claudebot@anthropic.com)"
3.137.159.3 - - [02/May/2025:13:51:24 -0400] "GET /about.php?action=edit&file=download&path=%2F%2Fproc%2Fself%2Froot%2Fproc%2Fself%2Froot%2Fusr%2Fshare%2Fgroff%2F1.22.3%2Ffont%2Fdevps HTTP/1.1" 200 642 "-" "Mozilla/5.0 AppleWebKit/537.36 (KHTML, like Gecko; compatible; ClaudeBot/1.0; +claudebot@anthropic.com)"
3.137.159.3 - - [02/May/2025:13:51:24 -0400] "GET /about.php?action=edit&file=.htaccess&path=%2F%2Fproc%2Fthread-self%2Froot%2Fproc%2Fself%2Froot%2Fhome%2Fmegavujh%2Fberitanana4d.com%2Fwp-content%2Fthemes%2Fstorefront HTTP/1.1" 403 1242 "-" "Mozilla/5.0 AppleWebKit/537.36 (KHTML, like Gecko; compatible; ClaudeBot/1.0; +claudebot@anthropic.com)"
65.108.78.33 - - [02/May/2025:13:51:24 -0400] "GET /about.php?action=edit&file=checkpip.pyo&path=//lib64/python2.7/Tools/scripts HTTP/1.1" 200 552 "-" "Mozilla/5.0 (compatible; MJ12bot/v1.4.8; http://mj12bot.com/)"
173.212.247.30 - - [02/May/2025:13:51:24 -0400] "GET /about.php?path=/home/megavujh/.system-php/ini/8.0/situs-slotgacor.id.megahosting.pw HTTP/1.1" 200 849 "-" "Mozilla/5.0 (compatible; MJ12bot/v1.4.8; http://mj12bot.com/)"
173.212.247.30 - - [02/May/2025:13:51:26 -0400] "GET /about.php?path=/home/megavujh/.system-php/ini/8.0/situsokewla.com.megahosting.pw HTTP/1.1" 200 850 "-" "Mozilla/5.0 (compatible; MJ12bot/v1.4.8; http://mj12bot.com/)"
65.108.78.33 - - [02/May/2025:13:51:26 -0400] "GET /about.php?action=edit&file=checkpyc.py&path=//lib64/python2.7/Tools/scripts HTTP/1.1" 200 1206 "-" "Mozilla/5.0 (compatible; MJ12bot/v1.4.8; http://mj12bot.com/)"
173.212.247.30 - - [02/May/2025:13:51:27 -0400] "GET /about.php?path=/home/megavujh/.system-php/ini/8.0/situsslotpulsa.id.megahosting.pw HTTP/1.1" 200 850 "-" "Mozilla/5.0 (compatible; MJ12bot/v1.4.8; http://mj12bot.com/)"
52.204.174.139 - - [02/May/2025:13:51:28 -0400] "GET /about.php?path=//proc/thread-self/root/var/lib/mysql/myspdzxq_myspurr_staging HTTP/1.1" 200 881 "-" "Mozilla/5.0 AppleWebKit/537.36 (KHTML, like Gecko; compatible; Amazonbot/0.1; +https://developer.amazon.com/support/amazonbot) Chrome/119.0.6045.214 Safari/537.36"
65.108.78.33 - - [02/May/2025:13:51:28 -0400] "GET /about.php?action=edit&file=checkpyc.pyc&path=//lib64/python2.7/Tools/scripts HTTP/1.1" 200 554 "-" "Mozilla/5.0 (compatible; MJ12bot/v1.4.8; http://mj12bot.com/)"
173.212.247.30 - - [02/May/2025:13:51:29 -0400] "GET /about.php?path=/home/megavujh/.system-php/ini/8.0/slot5000gacor.id.megahosting.pw HTTP/1.1" 200 845 "-" "Mozilla/5.0 (compatible; MJ12bot/v1.4.8; http://mj12bot.com/)"
65.108.78.33 - - [02/May/2025:13:51:30 -0400] "GET /about.php?action=edit&file=checkpyc.pyo&path=//lib64/python2.7/Tools/scripts HTTP/1.1" 200 553 "-" "Mozilla/5.0 (compatible; MJ12bot/v1.4.8; http://mj12bot.com/)"
173.212.247.30 - - [02/May/2025:13:51:31 -0400] "GET /about.php?path=/home/megavujh/.system-php/ini/8.0/tipspolagacor.info.megahosting.pw HTTP/1.1" 200 850 "-" "Mozilla/5.0 (compatible; MJ12bot/v1.4.8; http://mj12bot.com/)"
192.95.30.12 - - [02/May/2025:13:51:31 -0400] "GET /robots.txt HTTP/1.1" 404 1251 "-" "Mozilla/5.0 (compatible; MJ12bot/v1.4.8; http://mj12bot.com/)"
65.108.78.33 - - [02/May/2025:13:51:32 -0400] "GET /about.php?action=edit&file=chgrp&path=//proc/self/root/bin HTTP/1.1" 200 549 "-" "Mozilla/5.0 (compatible; MJ12bot/v1.4.8; http://mj12bot.com/)"
173.212.247.30 - - [02/May/2025:13:51:32 -0400] "GET /about.php?path=/home/megavujh/.system-php/ini/8.0/top-mega4d.com.megahosting.pw HTTP/1.1" 200 849 "-" "Mozilla/5.0 (compatible; MJ12bot/v1.4.8; http://mj12bot.com/)"
44.205.180.155 - - [02/May/2025:13:51:33 -0400] "GET /about.php?path=//home/megavujh/bocorantogeljitu.co/wp-includes__c454f3a/blocks/more HTTP/1.1" 200 1027 "-" "Mozilla/5.0 AppleWebKit/537.36 (KHTML, like Gecko; compatible; Amazonbot/0.1; +https://developer.amazon.com/support/amazonbot) Chrome/119.0.6045.214 Safari/537.36"
192.95.30.12 - - [02/May/2025:13:51:33 -0400] "GET /about.php?path=/home/megavujh/.system-php/ini/8.3/linkmega4d.org.megahosting.pw HTTP/1.1" 200 847 "-" "Mozilla/5.0 (compatible; MJ12bot/v1.4.8; http://mj12bot.com/)"
173.212.247.30 - - [02/May/2025:13:51:34 -0400] "GET /about.php?path=/home/megavujh/.system-php/ini/8.0/xn--88-hc8ijnw63b23g7uz.com.megahosting.pw HTTP/1.1" 200 852 "-" "Mozilla/5.0 (compatible; MJ12bot/v1.4.8; http://mj12bot.com/)"
192.95.30.12 - - [02/May/2025:13:51:34 -0400] "GET /about.php?path=/home/megavujh/.system-php/ini/8.3/linknana4d.co.megahosting.pw HTTP/1.1" 200 847 "-" "Mozilla/5.0 (compatible; MJ12bot/v1.4.8; http://mj12bot.com/)"
65.108.78.33 - - [02/May/2025:13:51:34 -0400] "GET /about.php?action=edit&file=chgrp&path=//proc/thread-self/root/bin HTTP/1.1" 200 549 "-" "Mozilla/5.0 (compatible; MJ12bot/v1.4.8; http://mj12bot.com/)"
52.2.191.202 - - [02/May/2025:13:51:35 -0400] "GET /about.php?path=//proc/thread-self/root/var/lib/mysql/regejnkx_wp177 HTTP/1.1" 200 876 "-" "Mozilla/5.0 AppleWebKit/537.36 (KHTML, like Gecko; compatible; Amazonbot/0.1; +https://developer.amazon.com/support/amazonbot) Chrome/119.0.6045.214 Safari/537.36"
173.212.247.30 - - [02/May/2025:13:51:36 -0400] "GET /about.php?path=/home/megavujh/.system-php/ini/8.1/akun.situs-slotgacor.id HTTP/1.1" 200 839 "-" "Mozilla/5.0 (compatible; MJ12bot/v1.4.8; http://mj12bot.com/)"
192.95.30.12 - - [02/May/2025:13:51:36 -0400] "GET /about.php?path=/home/megavujh/.system-php/ini/8.3/linknana4d.id.megahosting.pw HTTP/1.1" 200 847 "-" "Mozilla/5.0 (compatible; MJ12bot/v1.4.8; http://mj12bot.com/)"
65.108.78.33 - - [02/May/2025:13:51:37 -0400] "GET /about.php?action=edit&file=chinese.so&path=//lib64/ruby/enc/trans HTTP/1.1" 200 554 "-" "Mozilla/5.0 (compatible; MJ12bot/v1.4.8; http://mj12bot.com/)"
192.95.30.12 - - [02/May/2025:13:51:37 -0400] "GET /about.php?path=/home/megavujh/.system-php/ini/8.3/linknana4d.org.megahosting.pw HTTP/1.1" 200 849 "-" "Mozilla/5.0 (compatible; MJ12bot/v1.4.8; http://mj12bot.com/)"
173.212.247.30 - - [02/May/2025:13:51:37 -0400] "GET /about.php?path=/home/megavujh/.system-php/ini/8.1/apkfor4d.org.megahosting.pw HTTP/1.1" 200 846 "-" "Mozilla/5.0 (compatible; MJ12bot/v1.4.8; http://mj12bot.com/)"
65.108.78.33 - - [02/May/2025:13:51:39 -0400] "GET /about.php?action=edit&file=chmod&path=//proc/self/root/bin HTTP/1.1" 200 549 "-" "Mozilla/5.0 (compatible; MJ12bot/v1.4.8; http://mj12bot.com/)"
173.212.247.30 - - [02/May/2025:13:51:39 -0400] "GET /about.php?path=/home/megavujh/.system-php/ini/8.1/apkrokokslot.org.megahosting.pw HTTP/1.1" 200 846 "-" "Mozilla/5.0 (compatible; MJ12bot/v1.4.8; http://mj12bot.com/)"
192.95.30.12 - - [02/May/2025:13:51:39 -0400] "GET /about.php?path=/home/megavujh/.system-php/ini/8.3/linknono4d.co.megahosting.pw HTTP/1.1" 200 847 "-" "Mozilla/5.0 (compatible; MJ12bot/v1.4.8; http://mj12bot.com/)"
192.95.30.12 - - [02/May/2025:13:51:41 -0400] "GET /about.php?path=/home/megavujh/.system-php/ini/8.3/linknono4d.com.megahosting.pw HTTP/1.1" 200 849 "-" "Mozilla/5.0 (compatible; MJ12bot/v1.4.8; http://mj12bot.com/)"
173.212.247.30 - - [02/May/2025:13:51:41 -0400] "GET /about.php?path=/home/megavujh/.system-php/ini/8.1/aquabekas.com.megahosting.pw HTTP/1.1" 200 847 "-" "Mozilla/5.0 (compatible; MJ12bot/v1.4.8; http://mj12bot.com/)"
65.108.78.33 - - [02/May/2025:13:51:41 -0400] "GET /about.php?action=edit&file=chmod&path=//proc/thread-self/root/bin HTTP/1.1" 200 549 "-" "Mozilla/5.0 (compatible; MJ12bot/v1.4.8; http://mj12bot.com/)"
192.95.30.12 - - [02/May/2025:13:51:42 -0400] "GET /about.php?path=/home/megavujh/.system-php/ini/8.3/linknono4d.info.megahosting.pw HTTP/1.1" 200 849 "-" "Mozilla/5.0 (compatible; MJ12bot/v1.4.8; http://mj12bot.com/)"
173.212.247.30 - - [02/May/2025:13:51:43 -0400] "GET /about.php?path=/home/megavujh/.system-php/ini/8.1/beritafor4d.com.megahosting.pw HTTP/1.1" 200 849 "-" "Mozilla/5.0 (compatible; MJ12bot/v1.4.8; http://mj12bot.com/)"
65.108.78.33 - - [02/May/2025:13:51:43 -0400] "GET /about.php?action=edit&file=chown&path=//proc/self/root/bin HTTP/1.1" 200 549 "-" "Mozilla/5.0 (compatible; MJ12bot/v1.4.8; http://mj12bot.com/)"
3.208.146.193 - - [02/May/2025:13:51:43 -0400] "GET /about.php?path=//proc/thread-self/root/var/lib/mysql/hollzvek_wp_olat HTTP/1.1" 200 875 "-" "Mozilla/5.0 AppleWebKit/537.36 (KHTML, like Gecko; compatible; Amazonbot/0.1; +https://developer.amazon.com/support/amazonbot) Chrome/119.0.6045.214 Safari/537.36"
44.206.93.215 - - [02/May/2025:13:51:44 -0400] "GET /about.php?action=edit&file=navi12_vcn.bin&path=//proc/thread-self/root/lib/firmware/amdgpu HTTP/1.1" 200 656 "-" "Mozilla/5.0 AppleWebKit/537.36 (KHTML, like Gecko; compatible; Amazonbot/0.1; +https://developer.amazon.com/support/amazonbot) Chrome/119.0.6045.214 Safari/537.36"
192.95.30.12 - - [02/May/2025:13:51:44 -0400] "GET /about.php?path=/home/megavujh/.system-php/ini/8.3/linknono4d.net.megahosting.pw HTTP/1.1" 200 850 "-" "Mozilla/5.0 (compatible; MJ12bot/v1.4.8; http://mj12bot.com/)"
173.212.247.30 - - [02/May/2025:13:51:44 -0400] "GET /about.php?path=/home/megavujh/.system-php/ini/8.1/beritamega4d.com.megahosting.pw HTTP/1.1" 200 845 "-" "Mozilla/5.0 (compatible; MJ12bot/v1.4.8; http://mj12bot.com/)"
65.108.78.33 - - [02/May/2025:13:51:45 -0400] "GET /about.php?action=edit&file=chown&path=//proc/thread-self/root/bin HTTP/1.1" 200 549 "-" "Mozilla/5.0 (compatible; MJ12bot/v1.4.8; http://mj12bot.com/)"
192.95.30.12 - - [02/May/2025:13:51:45 -0400] "GET /about.php?path=/home/megavujh/.system-php/ini/8.3/linknono4d.org.megahosting.pw HTTP/1.1" 200 849 "-" "Mozilla/5.0 (compatible; MJ12bot/v1.4.8; http://mj12bot.com/)"
173.212.247.30 - - [02/May/2025:13:51:46 -0400] "GET /about.php?path=/home/megavujh/.system-php/ini/8.1/beritanana4d.com.megahosting.pw HTTP/1.1" 200 845 "-" "Mozilla/5.0 (compatible; MJ12bot/v1.4.8; http://mj12bot.com/)"
192.95.30.12 - - [02/May/2025:13:51:47 -0400] "GET /about.php?path=/home/megavujh/.system-php/ini/8.3/linkokewla.asia.megahosting.pw HTTP/1.1" 200 849 "-" "Mozilla/5.0 (compatible; MJ12bot/v1.4.8; http://mj12bot.com/)"
65.108.78.33 - - [02/May/2025:13:51:47 -0400] "GET /about.php?action=edit&file=chroot&path=//proc/self/root/sbin HTTP/1.1" 200 550 "-" "Mozilla/5.0 (compatible; MJ12bot/v1.4.8; http://mj12bot.com/)"
35.169.119.108 - - [02/May/2025:13:51:47 -0400] "GET /about.php?path=//opt/alt/ruby30/share/gems/gems/bundler-2.2.33 HTTP/1.1" 200 933 "-" "Mozilla/5.0 AppleWebKit/537.36 (KHTML, like Gecko; compatible; Amazonbot/0.1; +https://developer.amazon.com/support/amazonbot) Chrome/119.0.6045.214 Safari/537.36"
173.212.247.30 - - [02/May/2025:13:51:48 -0400] "GET /about.php?path=/home/megavujh/.system-php/ini/8.1/beritanono4d.com.megahosting.pw HTTP/1.1" 200 845 "-" "Mozilla/5.0 (compatible; MJ12bot/v1.4.8; http://mj12bot.com/)"
192.95.30.12 - - [02/May/2025:13:51:48 -0400] "GET /about.php?path=/home/megavujh/.system-php/ini/8.3/linkokewla.id.megahosting.pw HTTP/1.1" 200 848 "-" "Mozilla/5.0 (compatible; MJ12bot/v1.4.8; http://mj12bot.com/)"
173.212.247.30 - - [02/May/2025:13:51:49 -0400] "GET /about.php?path=/home/megavujh/.system-php/ini/8.1/beritarokokbet.com.megahosting.pw HTTP/1.1" 200 849 "-" "Mozilla/5.0 (compatible; MJ12bot/v1.4.8; http://mj12bot.com/)"
65.108.78.33 - - [02/May/2025:13:51:49 -0400] "GET /about.php?action=edit&file=chroot&path=//proc/thread-self/root/sbin HTTP/1.1" 200 550 "-" "Mozilla/5.0 (compatible; MJ12bot/v1.4.8; http://mj12bot.com/)"
192.95.30.12 - - [02/May/2025:13:51:50 -0400] "GET /about.php?path=/home/megavujh/.system-php/ini/8.3/linkokewla.net.megahosting.pw HTTP/1.1" 200 850 "-" "Mozilla/5.0 (compatible; MJ12bot/v1.4.8; http://mj12bot.com/)"
173.212.247.30 - - [02/May/2025:13:51:51 -0400] "GET /about.php?path=/home/megavujh/.system-php/ini/8.1/beritarokokslot.com.megahosting.pw HTTP/1.1" 200 850 "-" "Mozilla/5.0 (compatible; MJ12bot/v1.4.8; http://mj12bot.com/)"
192.95.30.12 - - [02/May/2025:13:51:51 -0400] "GET /about.php?path=/home/megavujh/.system-php/ini/8.3/linkrokokbet.co.megahosting.pw HTTP/1.1" 200 852 "-" "Mozilla/5.0 (compatible; MJ12bot/v1.4.8; http://mj12bot.com/)"
65.108.78.33 - - [02/May/2025:13:51:51 -0400] "GET /about.php?action=edit&file=chrt&path=//proc/self/root/bin HTTP/1.1" 200 547 "-" "Mozilla/5.0 (compatible; MJ12bot/v1.4.8; http://mj12bot.com/)"
98.84.60.17 - - [02/May/2025:13:51:52 -0400] "GET /about.php?path=//home/megavujh/hindiart.org/wp-includes/css/dist/customize-widgets HTTP/1.1" 200 1017 "-" "Mozilla/5.0 AppleWebKit/537.36 (KHTML, like Gecko; compatible; Amazonbot/0.1; +https://developer.amazon.com/support/amazonbot) Chrome/119.0.6045.214 Safari/537.36"
192.95.30.12 - - [02/May/2025:13:51:53 -0400] "GET /about.php?path=/home/megavujh/.system-php/ini/8.3/linkrokokbet.id.megahosting.pw HTTP/1.1" 200 852 "-" "Mozilla/5.0 (compatible; MJ12bot/v1.4.8; http://mj12bot.com/)"
173.212.247.30 - - [02/May/2025:13:51:53 -0400] "GET /about.php?path=/home/megavujh/.system-php/ini/8.1/bet4dgo.id.megahosting.pw HTTP/1.1" 200 840 "-" "Mozilla/5.0 (compatible; MJ12bot/v1.4.8; http://mj12bot.com/)"
65.108.78.33 - - [02/May/2025:13:51:53 -0400] "GET /about.php?action=edit&file=chrt&path=//proc/thread-self/root/bin HTTP/1.1" 200 547 "-" "Mozilla/5.0 (compatible; MJ12bot/v1.4.8; http://mj12bot.com/)"
192.95.30.12 - - [02/May/2025:13:51:54 -0400] "GET /about.php?path=/home/megavujh/.system-php/ini/8.3/linkrokokbet4d.co.megahosting.pw HTTP/1.1" 200 853 "-" "Mozilla/5.0 (compatible; MJ12bot/v1.4.8; http://mj12bot.com/)"
173.212.247.30 - - [02/May/2025:13:51:54 -0400] "GET /about.php?path=/home/megavujh/.system-php/ini/8.1/bocoranangkahk.com.megahosting.pw HTTP/1.1" 200 849 "-" "Mozilla/5.0 (compatible; MJ12bot/v1.4.8; http://mj12bot.com/)"
65.108.78.33 - - [02/May/2025:13:51:55 -0400] "GET /about.php?action=edit&file=cipso_cache_bucket_size&path=//proc/sys/net/ipv4 HTTP/1.1" 200 564 "-" "Mozilla/5.0 (compatible; MJ12bot/v1.4.8; http://mj12bot.com/)"
44.193.102.198 - - [02/May/2025:13:51:56 -0400] "GET /about.php?path=//proc/thread-self/root/var/lib/mysql/doktiwcu_wp342 HTTP/1.1" 200 874 "-" "Mozilla/5.0 AppleWebKit/537.36 (KHTML, like Gecko; compatible; Amazonbot/0.1; +https://developer.amazon.com/support/amazonbot) Chrome/119.0.6045.214 Safari/537.36"
192.95.30.12 - - [02/May/2025:13:51:56 -0400] "GET /about.php?path=/home/megavujh/.system-php/ini/8.3/linkrokokbet4d.org.megahosting.pw HTTP/1.1" 200 851 "-" "Mozilla/5.0 (compatible; MJ12bot/v1.4.8; http://mj12bot.com/)"
173.212.247.30 - - [02/May/2025:13:51:56 -0400] "GET /about.php?path=/home/megavujh/.system-php/ini/8.1/bocorantogeljitu.co.megahosting.pw HTTP/1.1" 200 850 "-" "Mozilla/5.0 (compatible; MJ12bot/v1.4.8; http://mj12bot.com/)"
192.95.30.12 - - [02/May/2025:13:51:57 -0400] "GET /about.php?path=/home/megavujh/.system-php/ini/8.3/linkrokokslot.co.megahosting.pw HTTP/1.1" 200 847 "-" "Mozilla/5.0 (compatible; MJ12bot/v1.4.8; http://mj12bot.com/)"
173.212.247.30 - - [02/May/2025:13:51:58 -0400] "GET /about.php?path=/home/megavujh/.system-php/ini/8.1/for4d.link.megahosting.pw HTTP/1.1" 200 840 "-" "Mozilla/5.0 (compatible; MJ12bot/v1.4.8; http://mj12bot.com/)"
65.108.78.33 - - [02/May/2025:13:51:58 -0400] "GET /about.php?action=edit&file=cipso_cache_enable&path=//proc/sys/net/ipv4 HTTP/1.1" 200 560 "-" "Mozilla/5.0 (compatible; MJ12bot/v1.4.8; http://mj12bot.com/)"
192.95.30.12 - - [02/May/2025:13:51:59 -0400] "GET /about.php?path=/home/megavujh/.system-php/ini/8.3/linkrokokslot.id.megahosting.pw HTTP/1.1" 200 847 "-" "Mozilla/5.0 (compatible; MJ12bot/v1.4.8; http://mj12bot.com/)"
173.212.247.30 - - [02/May/2025:13:51:59 -0400] "GET /about.php?path=/home/megavujh/.system-php/ini/8.1/for4d.situsslotpulsa.id HTTP/1.1" 200 839 "-" "Mozilla/5.0 (compatible; MJ12bot/v1.4.8; http://mj12bot.com/)"
52.21.62.139 - - [02/May/2025:13:51:59 -0400] "GET /about.php?path=//proc/thread-self/root/var/lib/mysql/impactech_ttest HTTP/1.1" 200 872 "-" "Mozilla/5.0 AppleWebKit/537.36 (KHTML, like Gecko; compatible; Amazonbot/0.1; +https://developer.amazon.com/support/amazonbot) Chrome/119.0.6045.214 Safari/537.36"
65.108.78.33 - - [02/May/2025:13:52:00 -0400] "GET /about.php?action=edit&file=cipso_rbm_optfmt&path=//proc/sys/net/ipv4 HTTP/1.1" 200 560 "-" "Mozilla/5.0 (compatible; MJ12bot/v1.4.8; http://mj12bot.com/)"
192.95.30.12 - - [02/May/2025:13:52:00 -0400] "GET /about.php?path=/home/megavujh/.system-php/ini/8.3/linkshiowla.co.megahosting.pw HTTP/1.1" 200 849 "-" "Mozilla/5.0 (compatible; MJ12bot/v1.4.8; http://mj12bot.com/)"
173.212.247.30 - - [02/May/2025:13:52:01 -0400] "GET /about.php?path=/home/megavujh/.system-php/ini/8.1/for4dmania.com.megahosting.pw HTTP/1.1" 200 849 "-" "Mozilla/5.0 (compatible; MJ12bot/v1.4.8; http://mj12bot.com/)"
65.108.78.33 - - [02/May/2025:13:52:02 -0400] "GET /about.php?action=edit&file=cipso_rbm_strictvalid&path=//proc/sys/net/ipv4 HTTP/1.1" 200 562 "-" "Mozilla/5.0 (compatible; MJ12bot/v1.4.8; http://mj12bot.com/)"
192.95.30.12 - - [02/May/2025:13:52:02 -0400] "GET /about.php?path=/home/megavujh/.system-php/ini/8.3/linkshiowla.id.megahosting.pw HTTP/1.1" 200 849 "-" "Mozilla/5.0 (compatible; MJ12bot/v1.4.8; http://mj12bot.com/)"
3.135.182.75 - - [02/May/2025:13:52:03 -0400] "GET /about.php?action=edit&file=ENGINE_set_default_DH.3ssl.gz&path=%2F%2Fproc%2Fself%2Froot%2Fproc%2Fthread-self%2Froot%2Fproc%2Fthread-self%2Froot%2Flib%2Fnode_modules%2Fnpm%2Fman%2Fman3 HTTP/1.1" 200 566 "-" "Mozilla/5.0 AppleWebKit/537.36 (KHTML, like Gecko; compatible; ClaudeBot/1.0; +claudebot@anthropic.com)"
3.135.182.75 - - [02/May/2025:13:52:03 -0400] "GET /about.php?action=edit&file=isort-identify-imports&path=%2F%2Fproc%2Fself%2Froot%2Fproc%2Fthread-self%2Froot%2Fproc%2Fthread-self%2Froot%2Fopt%2Fcloudlinux%2Fvenv%2Fbin HTTP/1.1" 200 711 "-" "Mozilla/5.0 AppleWebKit/537.36 (KHTML, like Gecko; compatible; ClaudeBot/1.0; +claudebot@anthropic.com)"
3.135.182.75 - - [02/May/2025:13:52:03 -0400] "GET /about.php?action=edit&file=ENGINE_set_default_DH.3ssl.gz&path=%2F%2Fproc%2Fthread-self%2Froot%2Fproc%2Fself%2Froot%2Fproc%2Fthread-self%2Froot%2Flib%2Fnode_modules%2Fnpm%2Fman%2Fman3 HTTP/1.1" 200 566 "-" "Mozilla/5.0 AppleWebKit/537.36 (KHTML, like Gecko; compatible; ClaudeBot/1.0; +claudebot@anthropic.com)"
43.159.145.149 - - [02/May/2025:13:52:03 -0400] "GET /wp-content__46e9fa3/ HTTP/1.1" 200 687 "-" "Mozilla/5.0 (iPhone; CPU iPhone OS 13_2_3 like Mac OS X) AppleWebKit/605.1.15 (KHTML, like Gecko) Version/13.0.3 Mobile/15E148 Safari/604.1"
3.135.182.75 - - [02/May/2025:13:52:03 -0400] "GET /about.php?action=edit&file=gnupgt.inc&path=%2F%2Fproc%2Fself%2Froot%2Fproc%2Fself%2Froot%2Fopt%2Falt%2Ftests%2Falt-php83-pecl-gnupg_1.5.1-1.el8%2Ftests HTTP/1.1" 200 2165 "-" "Mozilla/5.0 AppleWebKit/537.36 (KHTML, like Gecko; compatible; ClaudeBot/1.0; +claudebot@anthropic.com)"
173.212.247.30 - - [02/May/2025:13:52:03 -0400] "GET /about.php?path=/home/megavujh/.system-php/ini/8.1/for4dtogel.com.megahosting.pw HTTP/1.1" 200 849 "-" "Mozilla/5.0 (compatible; MJ12bot/v1.4.8; http://mj12bot.com/)"
3.135.182.75 - - [02/May/2025:13:52:03 -0400] "GET /about.php?action=edit&file=m3_fw.flist&path=%2F%2Fproc%2Fself%2Froot%2Fproc%2Fself%2Froot%2Fusr%2Flib%2Ffirmware%2Fath11k%2FIPQ8074%2Fhw2.0 HTTP/1.1" 200 604 "-" "Mozilla/5.0 AppleWebKit/537.36 (KHTML, like Gecko; compatible; ClaudeBot/1.0; +claudebot@anthropic.com)"
3.135.182.75 - - [02/May/2025:13:52:03 -0400] "GET /about.php?action=edit&file=apc_019.phpt&path=%2F%2Fproc%2Fthread-self%2Froot%2Fproc%2Fself%2Froot%2Fopt%2Falt%2Ftests%2Falt-php82-pecl-apcu_5.1.23-1.el8%2Ftests HTTP/1.1" 200 913 "-" "Mozilla/5.0 AppleWebKit/537.36 (KHTML, like Gecko; compatible; ClaudeBot/1.0; +claudebot@anthropic.com)"
3.135.182.75 - - [02/May/2025:13:52:03 -0400] "GET /about.php?action=edit&file=apc_019.phpt&path=%2F%2Fproc%2Fself%2Froot%2Fproc%2Fthread-self%2Froot%2Fopt%2Falt%2Ftests%2Falt-php82-pecl-apcu_5.1.23-1.el8%2Ftests HTTP/1.1" 200 913 "-" "Mozilla/5.0 AppleWebKit/537.36 (KHTML, like Gecko; compatible; ClaudeBot/1.0; +claudebot@anthropic.com)"
3.135.182.75 - - [02/May/2025:13:52:03 -0400] "GET /about.php?action=edit&file=editor-rtl.css&path=%2F%2Fproc%2Fself%2Froot%2Fproc%2Fthread-self%2Froot%2Fhome%2Fmegavujh%2Fnana4dtogel.com%2Fwp-includes%2Fblocks%2Fsite-title HTTP/1.1" 200 597 "-" "Mozilla/5.0 AppleWebKit/537.36 (KHTML, like Gecko; compatible; ClaudeBot/1.0; +claudebot@anthropic.com)"
3.135.182.75 - - [02/May/2025:13:52:03 -0400] "GET /about.php?action=edit&file=editor-rtl.css&path=%2F%2Fproc%2Fthread-self%2Froot%2Fproc%2Fself%2Froot%2Fhome%2Fmegavujh%2Fnana4dtogel.com%2Fwp-includes%2Fblocks%2Fsite-title HTTP/1.1" 200 597 "-" "Mozilla/5.0 AppleWebKit/537.36 (KHTML, like Gecko; compatible; ClaudeBot/1.0; +claudebot@anthropic.com)"
3.135.182.75 - - [02/May/2025:13:52:03 -0400] "GET /about.php?action=edit&file=OPENSSL_INIT_set_config_filename.3ssl.gz&path=%2F%2Fproc%2Fself%2Froot%2Fproc%2Fself%2Froot%2Flib%2Fnode_modules%2Fnpm%2Fman%2Fman3 HTTP/1.1" 200 577 "-" "Mozilla/5.0 AppleWebKit/537.36 (KHTML, like Gecko; compatible; ClaudeBot/1.0; +claudebot@anthropic.com)"
3.135.182.75 - - [02/May/2025:13:52:03 -0400] "GET /about.php?action=edit&file=git-write-tree.1.gz&path=%2F%2Fproc%2Fself%2Froot%2Fproc%2Fthread-self%2Froot%2Fproc%2Fself%2Froot%2Flib%2Fnode_modules%2Fnpm%2Fman%2Fman1 HTTP/1.1" 200 559 "-" "Mozilla/5.0 AppleWebKit/537.36 (KHTML, like Gecko; compatible; ClaudeBot/1.0; +claudebot@anthropic.com)"
3.135.182.75 - - [02/May/2025:13:52:03 -0400] "GET /about.php?action=edit&file=git-write-tree.1.gz&path=%2F%2Fproc%2Fself%2Froot%2Fproc%2Fself%2Froot%2Fproc%2Fthread-self%2Froot%2Flib%2Fnode_modules%2Fnpm%2Fman%2Fman1 HTTP/1.1" 200 559 "-" "Mozilla/5.0 AppleWebKit/537.36 (KHTML, like Gecko; compatible; ClaudeBot/1.0; +claudebot@anthropic.com)"
192.95.30.12 - - [02/May/2025:13:52:04 -0400] "GET /about.php?path=/home/megavujh/.system-php/ini/8.3/linksitusmaxwin.com.megahosting.pw HTTP/1.1" 200 850 "-" "Mozilla/5.0 (compatible; MJ12bot/v1.4.8; http://mj12bot.com/)"
3.135.182.75 - - [02/May/2025:13:52:04 -0400] "GET /about.php?action=edit&file=git-write-tree.1.gz&path=%2F%2Fproc%2Fthread-self%2Froot%2Fproc%2Fself%2Froot%2Fproc%2Fself%2Froot%2Flib%2Fnode_modules%2Fnpm%2Fman%2Fman1 HTTP/1.1" 200 559 "-" "Mozilla/5.0 AppleWebKit/537.36 (KHTML, like Gecko; compatible; ClaudeBot/1.0; +claudebot@anthropic.com)"
34.235.239.240 - - [02/May/2025:13:52:04 -0400] "GET /about.php?path=//proc/thread-self/root/home/megavujh/polisitogel-pcso.com/wp-includes HTTP/1.1" 200 5413 "-" "Mozilla/5.0 AppleWebKit/537.36 (KHTML, like Gecko; compatible; Amazonbot/0.1; +https://developer.amazon.com/support/amazonbot) Chrome/119.0.6045.214 Safari/537.36"
3.135.182.75 - - [02/May/2025:13:52:04 -0400] "GET /about.php?action=edit&file=git-send-pack.1.gz&path=%2F%2Fproc%2Fthread-self%2Froot%2Fproc%2Fself%2Froot%2Flib%2Fnode_modules%2Fnpm%2Fman%2Fman1 HTTP/1.1" 200 559 "-" "Mozilla/5.0 AppleWebKit/537.36 (KHTML, like Gecko; compatible; ClaudeBot/1.0; +claudebot@anthropic.com)"
3.135.182.75 - - [02/May/2025:13:52:04 -0400] "GET /about.php?action=edit&file=item_name.3x.gz&path=%2F%2Fproc%2Fself%2Froot%2Fproc%2Fself%2Froot%2Fproc%2Fthread-self%2Froot%2Fusr%2Flib%2Fnode_modules%2Fnpm%2Fman%2Fman3 HTTP/1.1" 200 557 "-" "Mozilla/5.0 AppleWebKit/537.36 (KHTML, like Gecko; compatible; ClaudeBot/1.0; +claudebot@anthropic.com)"
3.135.182.75 - - [02/May/2025:13:52:04 -0400] "GET /about.php?action=edit&file=git-send-pack.1.gz&path=%2F%2Fproc%2Fself%2Froot%2Fproc%2Fthread-self%2Froot%2Flib%2Fnode_modules%2Fnpm%2Fman%2Fman1 HTTP/1.1" 200 559 "-" "Mozilla/5.0 AppleWebKit/537.36 (KHTML, like Gecko; compatible; ClaudeBot/1.0; +claudebot@anthropic.com)"
65.108.78.33 - - [02/May/2025:13:52:04 -0400] "GET /about.php?action=edit&file=ck_def.xbm&path=//lib64/tcl8.6/Tix8.4.3/bitmaps HTTP/1.1" 200 633 "-" "Mozilla/5.0 (compatible; MJ12bot/v1.4.8; http://mj12bot.com/)"
3.135.182.75 - - [02/May/2025:13:52:04 -0400] "GET /about.php?action=edit&file=item_name.3x.gz&path=%2F%2Fproc%2Fthread-self%2Froot%2Fproc%2Fself%2Froot%2Fproc%2Fself%2Froot%2Fusr%2Flib%2Fnode_modules%2Fnpm%2Fman%2Fman3 HTTP/1.1" 200 557 "-" "Mozilla/5.0 AppleWebKit/537.36 (KHTML, like Gecko; compatible; ClaudeBot/1.0; +claudebot@anthropic.com)"
3.135.182.75 - - [02/May/2025:13:52:04 -0400] "GET /about.php?action=edit&file=CAICOS_smc.bin&path=%2F%2Fproc%2Fself%2Froot%2Fproc%2Fthread-self%2Froot%2Fproc%2Fthread-self%2Froot%2Flib%2Ffirmware%2Fradeon HTTP/1.1" 200 557 "-" "Mozilla/5.0 AppleWebKit/537.36 (KHTML, like Gecko; compatible; ClaudeBot/1.0; +claudebot@anthropic.com)"
3.135.182.75 - - [02/May/2025:13:52:04 -0400] "GET /about.php?action=edit&file=CAICOS_smc.bin&path=%2F%2Fproc%2Fthread-self%2Froot%2Fproc%2Fself%2Froot%2Fproc%2Fthread-self%2Froot%2Flib%2Ffirmware%2Fradeon HTTP/1.1" 200 557 "-" "Mozilla/5.0 AppleWebKit/537.36 (KHTML, like Gecko; compatible; ClaudeBot/1.0; +claudebot@anthropic.com)"
3.135.182.75 - - [02/May/2025:13:52:04 -0400] "GET /about.php?action=edit&file=item_name.3x.gz&path=%2F%2Fproc%2Fself%2Froot%2Fproc%2Fthread-self%2Froot%2Fproc%2Fself%2Froot%2Fusr%2Flib%2Fnode_modules%2Fnpm%2Fman%2Fman3 HTTP/1.1" 200 557 "-" "Mozilla/5.0 AppleWebKit/537.36 (KHTML, like Gecko; compatible; ClaudeBot/1.0; +claudebot@anthropic.com)"
3.135.182.75 - - [02/May/2025:13:52:04 -0400] "GET /about.php?action=edit&file=view.min.asset.php&path=%2F%2Fproc%2Fself%2Froot%2Fproc%2Fself%2Froot%2Fhome%2Fmegavujh%2Fpolisitogel-hongkong.com%2Fwp-includes%2Fblocks%2Fsearch HTTP/1.1" 200 617 "-" "Mozilla/5.0 AppleWebKit/537.36 (KHTML, like Gecko; compatible; ClaudeBot/1.0; +claudebot@anthropic.com)"
3.135.182.75 - - [02/May/2025:13:52:04 -0400] "GET /about.php?action=edit&file=d2i_ASN1_UTCTIME.3ssl.gz&path=%2F%2Fproc%2Fself%2Froot%2Fproc%2Fself%2Froot%2Flib%2Fnode_modules%2Fnpm%2Fman%2Fman3 HTTP/1.1" 200 567 "-" "Mozilla/5.0 AppleWebKit/537.36 (KHTML, like Gecko; compatible; ClaudeBot/1.0; +claudebot@anthropic.com)"
3.135.182.75 - - [02/May/2025:13:52:04 -0400] "GET /about.php?action=edit&file=FcFontSetSortDestroy.3.gz&path=%2F%2Fproc%2Fself%2Froot%2Fproc%2Fthread-self%2Froot%2Fproc%2Fthread-self%2Froot%2Flib%2Fnode_modules%2Fnpm%2Fman%2Fman3 HTTP/1.1" 200 565 "-" "Mozilla/5.0 AppleWebKit/537.36 (KHTML, like Gecko; compatible; ClaudeBot/1.0; +claudebot@anthropic.com)"
3.135.182.75 - - [02/May/2025:13:52:05 -0400] "GET /about.php?action=edit&file=X509_get_pubkey.3ssl.gz&path=%2F%2Fproc%2Fself%2Froot%2Fproc%2Fself%2Froot%2Fproc%2Fthread-self%2Froot%2Flib%2Fnode_modules%2Fnpm%2Fman%2Fman3 HTTP/1.1" 200 563 "-" "Mozilla/5.0 AppleWebKit/537.36 (KHTML, like Gecko; compatible; ClaudeBot/1.0; +claudebot@anthropic.com)"
173.212.247.30 - - [02/May/2025:13:52:05 -0400] "GET /about.php?path=/home/megavujh/.system-php/ini/8.1/hindiart.org.megahosting.pw HTTP/1.1" 200 845 "-" "Mozilla/5.0 (compatible; MJ12bot/v1.4.8; http://mj12bot.com/)"
3.135.182.75 - - [02/May/2025:13:52:05 -0400] "GET /about.php?action=edit&file=url001.phpt&path=%2F%2Fproc%2Fthread-self%2Froot%2Fproc%2Fself%2Froot%2Fopt%2Falt%2Ftests%2Falt-php83-pecl-http_4.2.4-1.el8%2Ftests HTTP/1.1" 200 925 "-" "Mozilla/5.0 AppleWebKit/537.36 (KHTML, like Gecko; compatible; ClaudeBot/1.0; +claudebot@anthropic.com)"
3.135.182.75 - - [02/May/2025:13:52:05 -0400] "GET /about.php?action=edit&file=FcFontSetSortDestroy.3.gz&path=%2F%2Fproc%2Fthread-self%2Froot%2Fproc%2Fself%2Froot%2Fproc%2Fthread-self%2Froot%2Flib%2Fnode_modules%2Fnpm%2Fman%2Fman3 HTTP/1.1" 200 565 "-" "Mozilla/5.0 AppleWebKit/537.36 (KHTML, like Gecko; compatible; ClaudeBot/1.0; +claudebot@anthropic.com)"
3.135.182.75 - - [02/May/2025:13:52:05 -0400] "GET /about.php?action=edit&file=url001.phpt&path=%2F%2Fproc%2Fself%2Froot%2Fproc%2Fthread-self%2Froot%2Fopt%2Falt%2Ftests%2Falt-php83-pecl-http_4.2.4-1.el8%2Ftests HTTP/1.1" 200 925 "-" "Mozilla/5.0 AppleWebKit/537.36 (KHTML, like Gecko; compatible; ClaudeBot/1.0; +claudebot@anthropic.com)"
192.95.30.12 - - [02/May/2025:13:52:05 -0400] "GET /about.php?path=/home/megavujh/.system-php/ini/8.3/linksitustoto.com.megahosting.pw HTTP/1.1" 200 851 "-" "Mozilla/5.0 (compatible; MJ12bot/v1.4.8; http://mj12bot.com/)"
3.135.182.75 - - [02/May/2025:13:52:05 -0400] "GET /about.php?action=edit&file=X509_get_pubkey.3ssl.gz&path=%2F%2Fproc%2Fself%2Froot%2Fproc%2Fthread-self%2Froot%2Fproc%2Fself%2Froot%2Flib%2Fnode_modules%2Fnpm%2Fman%2Fman3 HTTP/1.1" 200 563 "-" "Mozilla/5.0 AppleWebKit/537.36 (KHTML, like Gecko; compatible; ClaudeBot/1.0; +claudebot@anthropic.com)"
3.135.182.75 - - [02/May/2025:13:52:05 -0400] "GET /about.php?action=edit&file=012-pollsetremoveinvalid.phpt&path=%2F%2Fproc%2Fself%2Froot%2Fproc%2Fself%2Froot%2Fopt%2Falt%2Ftests%2Falt-php81-pecl-zmq_1.1.3-1.84f0720.el8%2Ftests HTTP/1.1" 200 823 "-" "Mozilla/5.0 AppleWebKit/537.36 (KHTML, like Gecko; compatible; ClaudeBot/1.0; +claudebot@anthropic.com)"
3.135.182.75 - - [02/May/2025:13:52:05 -0400] "GET /about.php?action=edit&file=arcturus_sdma.bin&path=%2F%2Fproc%2Fthread-self%2Froot%2Fproc%2Fself%2Froot%2Fproc%2Fself%2Froot%2Flib%2Ffirmware%2Famdgpu HTTP/1.1" 200 557 "-" "Mozilla/5.0 AppleWebKit/537.36 (KHTML, like Gecko; compatible; ClaudeBot/1.0; +claudebot@anthropic.com)"
3.135.182.75 - - [02/May/2025:13:52:05 -0400] "GET /about.php?action=edit&file=arcturus_sdma.bin&path=%2F%2Fproc%2Fself%2Froot%2Fproc%2Fthread-self%2Froot%2Fproc%2Fself%2Froot%2Flib%2Ffirmware%2Famdgpu HTTP/1.1" 200 557 "-" "Mozilla/5.0 AppleWebKit/537.36 (KHTML, like Gecko; compatible; ClaudeBot/1.0; +claudebot@anthropic.com)"
3.135.182.75 - - [02/May/2025:13:52:05 -0400] "GET /about.php?action=edit&file=pam_getenv.3.gz&path=%2F%2Fproc%2Fthread-self%2Froot%2Fproc%2Fself%2Froot%2Flib%2Fnode_modules%2Fnpm%2Fman%2Fman3 HTTP/1.1" 200 557 "-" "Mozilla/5.0 AppleWebKit/537.36 (KHTML, like Gecko; compatible; ClaudeBot/1.0; +claudebot@anthropic.com)"
3.135.182.75 - - [02/May/2025:13:52:05 -0400] "GET /about.php?action=edit&file=pam_getenv.3.gz&path=%2F%2Fproc%2Fself%2Froot%2Fproc%2Fthread-self%2Froot%2Flib%2Fnode_modules%2Fnpm%2Fman%2Fman3 HTTP/1.1" 200 557 "-" "Mozilla/5.0 AppleWebKit/537.36 (KHTML, like Gecko; compatible; ClaudeBot/1.0; +claudebot@anthropic.com)"
3.135.182.75 - - [02/May/2025:13:52:06 -0400] "GET /about.php?action=edit&file=arcturus_sdma.bin&path=%2F%2Fproc%2Fself%2Froot%2Fproc%2Fself%2Froot%2Fproc%2Fthread-self%2Froot%2Flib%2Ffirmware%2Famdgpu HTTP/1.1" 200 557 "-" "Mozilla/5.0 AppleWebKit/537.36 (KHTML, like Gecko; compatible; ClaudeBot/1.0; +claudebot@anthropic.com)"
3.135.182.75 - - [02/May/2025:13:52:06 -0400] "GET /about.php?action=edit&file=pam_pwhistory.so&path=%2F%2Fproc%2Fself%2Froot%2Fproc%2Fself%2Froot%2Fproc%2Fself%2Froot%2Fusr%2Flib64%2Fsecurity HTTP/1.1" 200 554 "-" "Mozilla/5.0 AppleWebKit/537.36 (KHTML, like Gecko; compatible; ClaudeBot/1.0; +claudebot@anthropic.com)"
3.135.182.75 - - [02/May/2025:13:52:06 -0400] "GET /about.php?action=edit&file=tep_get_common_field_val.3.gz&path=%2F%2Fproc%2Fself%2Froot%2Fproc%2Fself%2Froot%2Fproc%2Fthread-self%2Froot%2Flib%2Fnode_modules%2Fnpm%2Fman%2Fman3 HTTP/1.1" 200 565 "-" "Mozilla/5.0 AppleWebKit/537.36 (KHTML, like Gecko; compatible; ClaudeBot/1.0; +claudebot@anthropic.com)"
3.135.182.75 - - [02/May/2025:13:52:06 -0400] "GET /about.php?action=edit&file=tep_get_common_field_val.3.gz&path=%2F%2Fproc%2Fself%2Froot%2Fproc%2Fthread-self%2Froot%2Fproc%2Fself%2Froot%2Flib%2Fnode_modules%2Fnpm%2Fman%2Fman3 HTTP/1.1" 200 565 "-" "Mozilla/5.0 AppleWebKit/537.36 (KHTML, like Gecko; compatible; ClaudeBot/1.0; +claudebot@anthropic.com)"
3.135.182.75 - - [02/May/2025:13:52:06 -0400] "GET /about.php?action=edit&file=BIO_new_file.3ssl.gz&path=%2F%2Fproc%2Fthread-self%2Froot%2Fproc%2Fself%2Froot%2Fproc%2Fthread-self%2Froot%2Flib%2Fnode_modules%2Fnpm%2Fman%2Fman3 HTTP/1.1" 200 561 "-" "Mozilla/5.0 AppleWebKit/537.36 (KHTML, like Gecko; compatible; ClaudeBot/1.0; +claudebot@anthropic.com)"
3.135.182.75 - - [02/May/2025:13:52:06 -0400] "GET /about.php?action=edit&file=_dump-i.yaml&path=%2F%2Fproc%2Fself%2Froot%2Fproc%2Fself%2Froot%2Fopt%2Falt%2Fruby18%2Fshare%2Fri%2F1.8%2Fsystem%2FDate HTTP/1.1" 200 691 "-" "Mozilla/5.0 AppleWebKit/537.36 (KHTML, like Gecko; compatible; ClaudeBot/1.0; +claudebot@anthropic.com)"
3.135.182.75 - - [02/May/2025:13:52:06 -0400] "GET /about.php?action=edit&file=isgreater.3.gz&path=%2F%2Fproc%2Fself%2Froot%2Fproc%2Fself%2Froot%2Flib%2Fnode_modules%2Fnpm%2Fman%2Fman3 HTTP/1.1" 200 557 "-" "Mozilla/5.0 AppleWebKit/537.36 (KHTML, like Gecko; compatible; ClaudeBot/1.0; +claudebot@anthropic.com)"
3.135.182.75 - - [02/May/2025:13:52:06 -0400] "GET /about.php?action=edit&file=EVP_PKEY_verify_recover.3ssl.gz&path=%2F%2Fproc%2Fthread-self%2Froot%2Fproc%2Fself%2Froot%2Fproc%2Fthread-self%2Froot%2Flib%2Fnode_modules%2Fnpm%2Fman%2Fman3 HTTP/1.1" 200 567 "-" "Mozilla/5.0 AppleWebKit/537.36 (KHTML, like Gecko; compatible; ClaudeBot/1.0; +claudebot@anthropic.com)"
3.135.182.75 - - [02/May/2025:13:52:06 -0400] "GET /about.php?action=edit&file=EVP_PKEY_verify_recover.3ssl.gz&path=%2F%2Fproc%2Fself%2Froot%2Fproc%2Fthread-self%2Froot%2Fproc%2Fthread-self%2Froot%2Flib%2Fnode_modules%2Fnpm%2Fman%2Fman3 HTTP/1.1" 200 567 "-" "Mozilla/5.0 AppleWebKit/537.36 (KHTML, like Gecko; compatible; ClaudeBot/1.0; +claudebot@anthropic.com)"
65.108.78.33 - - [02/May/2025:13:52:06 -0400] "GET /about.php?action=edit&file=ck_off.xbm&path=//lib64/tcl8.6/Tix8.4.3/bitmaps HTTP/1.1" 200 627 "-" "Mozilla/5.0 (compatible; MJ12bot/v1.4.8; http://mj12bot.com/)"
192.95.30.12 - - [02/May/2025:13:52:06 -0400] "GET /about.php?path=/home/megavujh/.system-php/ini/8.3/loginrokokbet.net.megahosting.pw HTTP/1.1" 200 851 "-" "Mozilla/5.0 (compatible; MJ12bot/v1.4.8; http://mj12bot.com/)"
3.135.182.75 - - [02/May/2025:13:52:06 -0400] "GET /about.php?action=edit&file=BIO_new_file.3ssl.gz&path=%2F%2Fproc%2Fself%2Froot%2Fproc%2Fthread-self%2Froot%2Fproc%2Fthread-self%2Froot%2Flib%2Fnode_modules%2Fnpm%2Fman%2Fman3 HTTP/1.1" 200 561 "-" "Mozilla/5.0 AppleWebKit/537.36 (KHTML, like Gecko; compatible; ClaudeBot/1.0; +claudebot@anthropic.com)"
173.212.247.30 - - [02/May/2025:13:52:06 -0400] "GET /about.php?path=/home/megavujh/.system-php/ini/8.1/infobet4d.com.megahosting.pw HTTP/1.1" 200 847 "-" "Mozilla/5.0 (compatible; MJ12bot/v1.4.8; http://mj12bot.com/)"
3.135.182.75 - - [02/May/2025:13:52:06 -0400] "GET /about.php?action=edit&file=pam_sm_open_session.3.gz&path=%2F%2Fproc%2Fself%2Froot%2Fproc%2Fthread-self%2Froot%2Fproc%2Fself%2Froot%2Flib%2Fnode_modules%2Fnpm%2Fman%2Fman3 HTTP/1.1" 200 565 "-" "Mozilla/5.0 AppleWebKit/537.36 (KHTML, like Gecko; compatible; ClaudeBot/1.0; +claudebot@anthropic.com)"
3.135.182.75 - - [02/May/2025:13:52:07 -0400] "GET /about.php?action=edit&file=pam_sm_open_session.3.gz&path=%2F%2Fproc%2Fself%2Froot%2Fproc%2Fself%2Froot%2Fproc%2Fthread-self%2Froot%2Flib%2Fnode_modules%2Fnpm%2Fman%2Fman3 HTTP/1.1" 200 565 "-" "Mozilla/5.0 AppleWebKit/537.36 (KHTML, like Gecko; compatible; ClaudeBot/1.0; +claudebot@anthropic.com)"
3.135.182.75 - - [02/May/2025:13:52:07 -0400] "GET /about.php?action=edit&file=trader_t3_01.phpt&path=%2F%2Fproc%2Fself%2Froot%2Fproc%2Fself%2Froot%2Fopt%2Falt%2Ftests%2Falt-php84-pecl-trader_0.5.1-1.el8%2Ftests HTTP/1.1" 200 901 "-" "Mozilla/5.0 AppleWebKit/537.36 (KHTML, like Gecko; compatible; ClaudeBot/1.0; +claudebot@anthropic.com)"
3.135.182.75 - - [02/May/2025:13:52:07 -0400] "GET /about.php?action=edit&file=fail1-eval.phpt&path=%2F%2Fproc%2Fself%2Froot%2Fproc%2Fthread-self%2Froot%2Fopt%2Falt%2Ftests%2Falt-php83-diseval_0.2-3.el8%2Ftests HTTP/1.1" 200 680 "-" "Mozilla/5.0 AppleWebKit/537.36 (KHTML, like Gecko; compatible; ClaudeBot/1.0; +claudebot@anthropic.com)"
3.135.182.75 - - [02/May/2025:13:52:07 -0400] "GET /about.php?action=edit&file=unlink.1p.gz&path=%2F%2Fproc%2Fself%2Froot%2Fproc%2Fself%2Froot%2Fproc%2Fself%2Froot%2Fusr%2Flib%2Fnode_modules%2Fnpm%2Fman%2Fman1p HTTP/1.1" 200 553 "-" "Mozilla/5.0 AppleWebKit/537.36 (KHTML, like Gecko; compatible; ClaudeBot/1.0; +claudebot@anthropic.com)"
3.135.182.75 - - [02/May/2025:13:52:07 -0400] "GET /about.php?action=edit&file=npm-bugs.1.gz&path=%2F%2Fproc%2Fself%2Froot%2Fproc%2Fself%2Froot%2Fproc%2Fthread-self%2Froot%2Flib%2Fnode_modules%2Fnpm%2Fman%2Fman1 HTTP/1.1" 200 556 "-" "Mozilla/5.0 AppleWebKit/537.36 (KHTML, like Gecko; compatible; ClaudeBot/1.0; +claudebot@anthropic.com)"
3.135.182.75 - - [02/May/2025:13:52:07 -0400] "GET /about.php?action=edit&file=npm-bugs.1.gz&path=%2F%2Fproc%2Fthread-self%2Froot%2Fproc%2Fself%2Froot%2Fproc%2Fself%2Froot%2Flib%2Fnode_modules%2Fnpm%2Fman%2Fman1 HTTP/1.1" 200 556 "-" "Mozilla/5.0 AppleWebKit/537.36 (KHTML, like Gecko; compatible; ClaudeBot/1.0; +claudebot@anthropic.com)"
3.135.182.75 - - [02/May/2025:13:52:07 -0400] "GET /about.php?action=edit&file=npm-bugs.1.gz&path=%2F%2Fproc%2Fself%2Froot%2Fproc%2Fthread-self%2Froot%2Fproc%2Fself%2Froot%2Flib%2Fnode_modules%2Fnpm%2Fman%2Fman1 HTTP/1.1" 200 556 "-" "Mozilla/5.0 AppleWebKit/537.36 (KHTML, like Gecko; compatible; ClaudeBot/1.0; +claudebot@anthropic.com)"
3.135.182.75 - - [02/May/2025:13:52:07 -0400] "GET /about.php?action=edit&file=prec_i-i.yaml&path=%2F%2Fproc%2Fself%2Froot%2Fproc%2Fself%2Froot%2Fopt%2Falt%2Fruby18%2Fshare%2Fri%2F1.8%2Fsystem%2FPrecision HTTP/1.1" 200 761 "-" "Mozilla/5.0 AppleWebKit/537.36 (KHTML, like Gecko; compatible; ClaudeBot/1.0; +claudebot@anthropic.com)"
3.135.182.75 - - [02/May/2025:13:52:07 -0400] "GET /about.php?action=edit&file=13970c361ccb0a76f43a8823db4ebcad3bb618&path=%2F%2Fproc%2Fself%2Froot%2Fproc%2Fself%2Froot%2Fproc%2Fthread-self%2Froot%2Fusr%2Flib%2F.build-id%2F0c HTTP/1.1" 200 574 "-" "Mozilla/5.0 AppleWebKit/537.36 (KHTML, like Gecko; compatible; ClaudeBot/1.0; +claudebot@anthropic.com)"
3.135.182.75 - - [02/May/2025:13:52:07 -0400] "GET /about.php?action=edit&file=13970c361ccb0a76f43a8823db4ebcad3bb618&path=%2F%2Fproc%2Fself%2Froot%2Fproc%2Fthread-self%2Froot%2Fproc%2Fself%2Froot%2Fusr%2Flib%2F.build-id%2F0c HTTP/1.1" 200 574 "-" "Mozilla/5.0 AppleWebKit/537.36 (KHTML, like Gecko; compatible; ClaudeBot/1.0; +claudebot@anthropic.com)"
3.135.182.75 - - [02/May/2025:13:52:07 -0400] "GET /about.php?action=edit&file=apc_025.phpt&path=%2F%2Fproc%2Fself%2Froot%2Fproc%2Fself%2Froot%2Fopt%2Falt%2Ftests%2Falt-php83-pecl-apcu_5.1.23-1.el8%2Ftests HTTP/1.1" 200 798 "-" "Mozilla/5.0 AppleWebKit/537.36 (KHTML, like Gecko; compatible; ClaudeBot/1.0; +claudebot@anthropic.com)"
3.135.182.75 - - [02/May/2025:13:52:08 -0400] "GET /about.php?action=edit&file=PEM_write_bio_PKCS8.3ssl.gz&path=%2F%2Fproc%2Fself%2Froot%2Fproc%2Fthread-self%2Froot%2Fproc%2Fthread-self%2Froot%2Flib%2Fnode_modules%2Fnpm%2Fman%2Fman3 HTTP/1.1" 200 567 "-" "Mozilla/5.0 AppleWebKit/537.36 (KHTML, like Gecko; compatible; ClaudeBot/1.0; +claudebot@anthropic.com)"
3.135.182.75 - - [02/May/2025:13:52:08 -0400] "GET /about.php?action=edit&file=style-rtl.css&path=%2F%2Fproc%2Fself%2Froot%2Fproc%2Fthread-self%2Froot%2Fhome%2Fmegavujh%2Flinksitusmaxwin.com%2Fwp-includes%2Fblocks%2Fvideo HTTP/1.1" 200 699 "-" "Mozilla/5.0 AppleWebKit/537.36 (KHTML, like Gecko; compatible; ClaudeBot/1.0; +claudebot@anthropic.com)"
3.135.182.75 - - [02/May/2025:13:52:08 -0400] "GET /about.php?action=edit&file=PEM_write_bio_PKCS8.3ssl.gz&path=%2F%2Fproc%2Fthread-self%2Froot%2Fproc%2Fself%2Froot%2Fproc%2Fthread-self%2Froot%2Flib%2Fnode_modules%2Fnpm%2Fman%2Fman3 HTTP/1.1" 200 567 "-" "Mozilla/5.0 AppleWebKit/537.36 (KHTML, like Gecko; compatible; ClaudeBot/1.0; +claudebot@anthropic.com)"
3.135.182.75 - - [02/May/2025:13:52:08 -0400] "GET /about.php?action=edit&file=style-rtl.css&path=%2F%2Fproc%2Fthread-self%2Froot%2Fproc%2Fself%2Froot%2Fhome%2Fmegavujh%2Flinksitusmaxwin.com%2Fwp-includes%2Fblocks%2Fvideo HTTP/1.1" 200 699 "-" "Mozilla/5.0 AppleWebKit/537.36 (KHTML, like Gecko; compatible; ClaudeBot/1.0; +claudebot@anthropic.com)"
192.95.30.12 - - [02/May/2025:13:52:08 -0400] "GET /about.php?path=/home/megavujh/.system-php/ini/8.3/loginrokokbet.org.megahosting.pw HTTP/1.1" 200 852 "-" "Mozilla/5.0 (compatible; MJ12bot/v1.4.8; http://mj12bot.com/)"
3.135.182.75 - - [02/May/2025:13:52:08 -0400] "GET /about.php?action=edit&file=EVP_VerifyFinal.3ssl.gz&path=%2F%2Fproc%2Fself%2Froot%2Fproc%2Fthread-self%2Froot%2Fproc%2Fthread-self%2Froot%2Flib%2Fnode_modules%2Fnpm%2Fman%2Fman3 HTTP/1.1" 200 565 "-" "Mozilla/5.0 AppleWebKit/537.36 (KHTML, like Gecko; compatible; ClaudeBot/1.0; +claudebot@anthropic.com)"
173.212.247.30 - - [02/May/2025:13:52:08 -0400] "GET /about.php?path=/home/megavujh/.system-php/ini/8.1/infofor4dcom.megahosting.pw HTTP/1.1" 200 846 "-" "Mozilla/5.0 (compatible; MJ12bot/v1.4.8; http://mj12bot.com/)"
3.135.182.75 - - [02/May/2025:13:52:08 -0400] "GET /about.php?action=edit&file=EVP_VerifyFinal.3ssl.gz&path=%2F%2Fproc%2Fthread-self%2Froot%2Fproc%2Fself%2Froot%2Fproc%2Fthread-self%2Froot%2Flib%2Fnode_modules%2Fnpm%2Fman%2Fman3 HTTP/1.1" 200 565 "-" "Mozilla/5.0 AppleWebKit/537.36 (KHTML, like Gecko; compatible; ClaudeBot/1.0; +claudebot@anthropic.com)"
3.135.182.75 - - [02/May/2025:13:52:08 -0400] "GET /about.php?action=edit&file=encstream017.phpt&path=%2F%2Fproc%2Fself%2Froot%2Fproc%2Fthread-self%2Froot%2Fopt%2Falt%2Ftests%2Falt-php81-pecl-http_4.2.4-1.el8%2Ftests HTTP/1.1" 200 922 "-" "Mozilla/5.0 AppleWebKit/537.36 (KHTML, like Gecko; compatible; ClaudeBot/1.0; +claudebot@anthropic.com)"
3.135.182.75 - - [02/May/2025:13:52:08 -0400] "GET /about.php?action=edit&file=encstream017.phpt&path=%2F%2Fproc%2Fthread-self%2Froot%2Fproc%2Fself%2Froot%2Fopt%2Falt%2Ftests%2Falt-php81-pecl-http_4.2.4-1.el8%2Ftests HTTP/1.1" 200 922 "-" "Mozilla/5.0 AppleWebKit/537.36 (KHTML, like Gecko; compatible; ClaudeBot/1.0; +claudebot@anthropic.com)"
