13.59.51.100 - - [02/May/2025:13:57:19 -0400] "GET /about.php?action=edit&file=X509_STORE_add_cert.3ssl.gz&path=%2F%2Fproc%2Fself%2Froot%2Fproc%2Fthread-self%2Froot%2Fproc%2Fself%2Froot%2Flib%2Fnode_modules%2Fnpm%2Fman%2Fman3 HTTP/1.1" 200 568 "-" "Mozilla/5.0 AppleWebKit/537.36 (KHTML, like Gecko; compatible; ClaudeBot/1.0; +claudebot@anthropic.com)"
13.59.51.100 - - [02/May/2025:13:57:19 -0400] "GET /about.php?action=edit&file=X509_STORE_add_cert.3ssl.gz&path=%2F%2Fproc%2Fself%2Froot%2Fproc%2Fself%2Froot%2Fproc%2Fthread-self%2Froot%2Flib%2Fnode_modules%2Fnpm%2Fman%2Fman3 HTTP/1.1" 200 568 "-" "Mozilla/5.0 AppleWebKit/537.36 (KHTML, like Gecko; compatible; ClaudeBot/1.0; +claudebot@anthropic.com)"
3.226.106.93 - - [02/May/2025:13:57:19 -0400] "GET /about.php?action=edit&file=ruwin_cplk-KOI8-R.map.gz&path=//lib/kbd/keymaps/legacy/i386/qwerty HTTP/1.1" 200 668 "-" "Mozilla/5.0 AppleWebKit/537.36 (KHTML, like Gecko; compatible; Amazonbot/0.1; +https://developer.amazon.com/support/amazonbot) Chrome/119.0.6045.214 Safari/537.36"
13.59.51.100 - - [02/May/2025:13:57:19 -0400] "GET /about.php?path=%2F%2Fproc%2Fself%2Froot%2Fproc%2Fself%2Froot%2Fproc%2Fself%2Froot%2Fvar%2Flib%2Fmysql%2Fqlnkuavh_niki4d HTTP/1.1" 200 789 "-" "Mozilla/5.0 AppleWebKit/537.36 (KHTML, like Gecko; compatible; ClaudeBot/1.0; +claudebot@anthropic.com)"
13.59.51.100 - - [02/May/2025:13:57:19 -0400] "GET /about.php?action=edit&file=modprobe.8.gz&path=%2F%2Fproc%2Fthread-self%2Froot%2Fproc%2Fself%2Froot%2Fproc%2Fself%2Froot%2Fusr%2Flib%2Fnode_modules%2Fnpm%2Fman%2Fman8 HTTP/1.1" 200 557 "-" "Mozilla/5.0 AppleWebKit/537.36 (KHTML, like Gecko; compatible; ClaudeBot/1.0; +claudebot@anthropic.com)"
13.59.51.100 - - [02/May/2025:13:57:19 -0400] "GET /about.php?action=edit&file=modprobe.8.gz&path=%2F%2Fproc%2Fself%2Froot%2Fproc%2Fthread-self%2Froot%2Fproc%2Fself%2Froot%2Fusr%2Flib%2Fnode_modules%2Fnpm%2Fman%2Fman8 HTTP/1.1" 200 557 "-" "Mozilla/5.0 AppleWebKit/537.36 (KHTML, like Gecko; compatible; ClaudeBot/1.0; +claudebot@anthropic.com)"
192.95.30.12 - - [02/May/2025:13:57:19 -0400] "GET /about.php?path=/home/megavujh/beritafor4d.com/wp-includes/js/plupload HTTP/1.1" 200 966 "-" "Mozilla/5.0 (compatible; MJ12bot/v1.4.8; http://mj12bot.com/)"
13.59.51.100 - - [02/May/2025:13:57:20 -0400] "GET /about.php?action=edit&file=xcb_glx_create_context_checked.3.gz&path=%2F%2Fproc%2Fself%2Froot%2Fproc%2Fthread-self%2Froot%2Flib%2Fnode_modules%2Fnpm%2Fman%2Fman3 HTTP/1.1" 200 571 "-" "Mozilla/5.0 AppleWebKit/537.36 (KHTML, like Gecko; compatible; ClaudeBot/1.0; +claudebot@anthropic.com)"
13.59.51.100 - - [02/May/2025:13:57:20 -0400] "GET /about.php?action=edit&file=BIO_s_socket.3ssl.gz&path=%2F%2Fproc%2Fself%2Froot%2Fproc%2Fthread-self%2Froot%2Fproc%2Fthread-self%2Froot%2Flib%2Fnode_modules%2Fnpm%2Fman%2Fman3 HTTP/1.1" 200 560 "-" "Mozilla/5.0 AppleWebKit/537.36 (KHTML, like Gecko; compatible; ClaudeBot/1.0; +claudebot@anthropic.com)"
13.59.51.100 - - [02/May/2025:13:57:20 -0400] "GET /about.php?action=edit&file=BIO_s_socket.3ssl.gz&path=%2F%2Fproc%2Fthread-self%2Froot%2Fproc%2Fself%2Froot%2Fproc%2Fthread-self%2Froot%2Flib%2Fnode_modules%2Fnpm%2Fman%2Fman3 HTTP/1.1" 200 560 "-" "Mozilla/5.0 AppleWebKit/537.36 (KHTML, like Gecko; compatible; ClaudeBot/1.0; +claudebot@anthropic.com)"
13.59.51.100 - - [02/May/2025:13:57:20 -0400] "GET /about.php?action=edit&file=3b14f72d73f5ab24ce46be414008d0d90cabb7&path=%2F%2Fproc%2Fself%2Froot%2Fproc%2Fthread-self%2Froot%2Fproc%2Fself%2Froot%2Fusr%2Flib%2F.build-id%2F01 HTTP/1.1" 200 575 "-" "Mozilla/5.0 AppleWebKit/537.36 (KHTML, like Gecko; compatible; ClaudeBot/1.0; +claudebot@anthropic.com)"
13.59.51.100 - - [02/May/2025:13:57:20 -0400] "GET /about.php?action=edit&file=3b14f72d73f5ab24ce46be414008d0d90cabb7&path=%2F%2Fproc%2Fself%2Froot%2Fproc%2Fself%2Froot%2Fproc%2Fthread-self%2Froot%2Fusr%2Flib%2F.build-id%2F01 HTTP/1.1" 200 575 "-" "Mozilla/5.0 AppleWebKit/537.36 (KHTML, like Gecko; compatible; ClaudeBot/1.0; +claudebot@anthropic.com)"
13.59.51.100 - - [02/May/2025:13:57:20 -0400] "GET /about.php?action=edit&file=3b14f72d73f5ab24ce46be414008d0d90cabb7&path=%2F%2Fproc%2Fthread-self%2Froot%2Fproc%2Fself%2Froot%2Fproc%2Fself%2Froot%2Fusr%2Flib%2F.build-id%2F01 HTTP/1.1" 200 575 "-" "Mozilla/5.0 AppleWebKit/537.36 (KHTML, like Gecko; compatible; ClaudeBot/1.0; +claudebot@anthropic.com)"
173.212.247.30 - - [02/May/2025:13:57:20 -0400] "GET /about.php?path=/home/megavujh/.system-php/ini/8.2/polisitogel-moskow.com.megahosting.pw HTTP/1.1" 200 854 "-" "Mozilla/5.0 (compatible; MJ12bot/v1.4.8; http://mj12bot.com/)"
65.108.78.33 - - [02/May/2025:13:57:21 -0400] "GET /about.php?action=edit&file=libpanelw.so.6&path=//proc/thread-self/root/lib64 HTTP/1.1" 200 554 "-" "Mozilla/5.0 (compatible; MJ12bot/v1.4.8; http://mj12bot.com/)"
192.95.30.12 - - [02/May/2025:13:57:21 -0400] "GET /about.php?path=/home/megavujh/beritafor4d.com/wp-includes/js/swfupload HTTP/1.1" 200 894 "-" "Mozilla/5.0 (compatible; MJ12bot/v1.4.8; http://mj12bot.com/)"
173.212.247.30 - - [02/May/2025:13:57:22 -0400] "GET /about.php?path=/home/megavujh/.system-php/ini/8.2/polisitogel-ottawa.com.megahosting.pw HTTP/1.1" 200 850 "-" "Mozilla/5.0 (compatible; MJ12bot/v1.4.8; http://mj12bot.com/)"
192.95.30.12 - - [02/May/2025:13:57:23 -0400] "GET /about.php?path=/home/megavujh/beritafor4d.com/wp-includes/js/thickbox HTTP/1.1" 200 919 "-" "Mozilla/5.0 (compatible; MJ12bot/v1.4.8; http://mj12bot.com/)"
65.108.78.33 - - [02/May/2025:13:57:23 -0400] "GET /about.php?action=edit&file=libpanelw.so.6.1&path=//proc/self/root/lib64 HTTP/1.1" 200 556 "-" "Mozilla/5.0 (compatible; MJ12bot/v1.4.8; http://mj12bot.com/)"
44.221.180.179 - - [02/May/2025:13:57:23 -0400] "GET /about.php?action=edit&file=X509_STORE_CTX_get_error.3ssl&path=//opt/alt/openssl/share/man/man3 HTTP/1.1" 200 6848 "-" "Mozilla/5.0 AppleWebKit/537.36 (KHTML, like Gecko; compatible; Amazonbot/0.1; +https://developer.amazon.com/support/amazonbot) Chrome/119.0.6045.214 Safari/537.36"
173.212.247.30 - - [02/May/2025:13:57:23 -0400] "GET /about.php?path=/home/megavujh/.system-php/ini/8.2/polisitogel-panama.com.megahosting.pw HTTP/1.1" 200 850 "-" "Mozilla/5.0 (compatible; MJ12bot/v1.4.8; http://mj12bot.com/)"
192.95.30.12 - - [02/May/2025:13:57:24 -0400] "GET /about.php?path=/home/megavujh/beritafor4d.com/wp-includes/js/tinymce HTTP/1.1" 200 995 "-" "Mozilla/5.0 (compatible; MJ12bot/v1.4.8; http://mj12bot.com/)"
65.108.78.33 - - [02/May/2025:13:57:25 -0400] "GET /about.php?action=edit&file=libpanelw.so.6.1&path=//proc/thread-self/root/lib64 HTTP/1.1" 200 556 "-" "Mozilla/5.0 (compatible; MJ12bot/v1.4.8; http://mj12bot.com/)"
173.212.247.30 - - [02/May/2025:13:57:25 -0400] "GET /about.php?path=/home/megavujh/.system-php/ini/8.2/polisitogel-pcso.com.megahosting.pw HTTP/1.1" 200 850 "-" "Mozilla/5.0 (compatible; MJ12bot/v1.4.8; http://mj12bot.com/)"
192.95.30.12 - - [02/May/2025:13:57:26 -0400] "GET /about.php?path=/home/megavujh/beritafor4d.com/wp-includes/rest-api/endpoints HTTP/1.1" 200 1528 "-" "Mozilla/5.0 (compatible; MJ12bot/v1.4.8; http://mj12bot.com/)"
173.212.247.30 - - [02/May/2025:13:57:27 -0400] "GET /about.php?path=/home/megavujh/.system-php/ini/8.2/polisitogel-sdy.com.megahosting.pw HTTP/1.1" 200 851 "-" "Mozilla/5.0 (compatible; MJ12bot/v1.4.8; http://mj12bot.com/)"
65.108.78.33 - - [02/May/2025:13:57:27 -0400] "GET /about.php?action=edit&file=libpango-1.0.so.0&path=//proc/self/root/lib64 HTTP/1.1" 200 557 "-" "Mozilla/5.0 (compatible; MJ12bot/v1.4.8; http://mj12bot.com/)"
192.95.30.12 - - [02/May/2025:13:57:27 -0400] "GET /about.php?path=/home/megavujh/beritafor4d.com/wp-includes/rest-api/fields HTTP/1.1" 200 929 "-" "Mozilla/5.0 (compatible; MJ12bot/v1.4.8; http://mj12bot.com/)"
23.21.175.228 - - [02/May/2025:13:57:27 -0400] "GET /about.php?action=edit&file=gc_12_0_1_imu.bin&path=//proc/thread-self/root/lib/firmware/amdgpu HTTP/1.1" 200 659 "-" "Mozilla/5.0 AppleWebKit/537.36 (KHTML, like Gecko; compatible; Amazonbot/0.1; +https://developer.amazon.com/support/amazonbot) Chrome/119.0.6045.214 Safari/537.36"
173.212.247.30 - - [02/May/2025:13:57:29 -0400] "GET /about.php?path=/home/megavujh/.system-php/ini/8.2/polisitogel-sgp.com.megahosting.pw HTTP/1.1" 200 850 "-" "Mozilla/5.0 (compatible; MJ12bot/v1.4.8; http://mj12bot.com/)"
192.95.30.12 - - [02/May/2025:13:57:29 -0400] "GET /about.php?path=/home/megavujh/beritafor4d.com/wp-includes/rest-api/search HTTP/1.1" 200 922 "-" "Mozilla/5.0 (compatible; MJ12bot/v1.4.8; http://mj12bot.com/)"
65.108.78.33 - - [02/May/2025:13:57:29 -0400] "GET /about.php?action=edit&file=libpango-1.0.so.0&path=//proc/thread-self/root/lib64 HTTP/1.1" 200 557 "-" "Mozilla/5.0 (compatible; MJ12bot/v1.4.8; http://mj12bot.com/)"
173.212.247.30 - - [02/May/2025:13:57:30 -0400] "GET /about.php?path=/home/megavujh/.system-php/ini/8.2/polisitogel-virginia.com.megahosting.pw HTTP/1.1" 200 849 "-" "Mozilla/5.0 (compatible; MJ12bot/v1.4.8; http://mj12bot.com/)"
192.95.30.12 - - [02/May/2025:13:57:30 -0400] "GET /about.php?path=/home/megavujh/beritafor4d.com/wp-includes/sitemaps/providers HTTP/1.1" 200 906 "-" "Mozilla/5.0 (compatible; MJ12bot/v1.4.8; http://mj12bot.com/)"
65.108.78.33 - - [02/May/2025:13:57:31 -0400] "GET /about.php?action=edit&file=libpango-1.0.so.0.4200.3&path=//proc/self/root/lib64 HTTP/1.1" 200 563 "-" "Mozilla/5.0 (compatible; MJ12bot/v1.4.8; http://mj12bot.com/)"
54.156.55.147 - - [02/May/2025:13:57:31 -0400] "GET /about.php?path=//lib/modules/4.18.0-553.44.1.lve.el8.x86_64/kernel/drivers/i2c HTTP/1.1" 200 1072 "-" "Mozilla/5.0 AppleWebKit/537.36 (KHTML, like Gecko; compatible; Amazonbot/0.1; +https://developer.amazon.com/support/amazonbot) Chrome/119.0.6045.214 Safari/537.36"
173.212.247.30 - - [02/May/2025:13:57:32 -0400] "GET /about.php?path=/home/megavujh/.system-php/ini/8.2/prediksi.vip.megahosting.pw HTTP/1.1" 200 846 "-" "Mozilla/5.0 (compatible; MJ12bot/v1.4.8; http://mj12bot.com/)"
192.95.30.12 - - [02/May/2025:13:57:32 -0400] "GET /about.php?path=/home/megavujh/beritafor4d.com/wp-includes/sodium_compat/lib HTTP/1.1" 200 1006 "-" "Mozilla/5.0 (compatible; MJ12bot/v1.4.8; http://mj12bot.com/)"
65.108.78.33 - - [02/May/2025:13:57:33 -0400] "GET /about.php?action=edit&file=libpango-1.0.so.0.4200.3&path=//proc/thread-self/root/lib64 HTTP/1.1" 200 563 "-" "Mozilla/5.0 (compatible; MJ12bot/v1.4.8; http://mj12bot.com/)"
192.95.30.12 - - [02/May/2025:13:57:34 -0400] "GET /about.php?path=/home/megavujh/beritafor4d.com/wp-includes/sodium_compat/namespaced HTTP/1.1" 200 913 "-" "Mozilla/5.0 (compatible; MJ12bot/v1.4.8; http://mj12bot.com/)"
173.212.247.30 - - [02/May/2025:13:57:34 -0400] "GET /about.php?path=/home/megavujh/.system-php/ini/8.2/prediksimbahgimin.com.megahosting.pw HTTP/1.1" 200 849 "-" "Mozilla/5.0 (compatible; MJ12bot/v1.4.8; http://mj12bot.com/)"
192.95.30.12 - - [02/May/2025:13:57:35 -0400] "GET /about.php?path=/home/megavujh/beritafor4d.com/wp-includes/sodium_compat/src HTTP/1.1" 200 982 "-" "Mozilla/5.0 (compatible; MJ12bot/v1.4.8; http://mj12bot.com/)"
50.19.79.213 - - [02/May/2025:13:57:35 -0400] "GET /about.php?action=edit&file=ruwin_cplk-CP1251.map.gz&path=//lib/kbd/keymaps/legacy/i386/qwerty HTTP/1.1" 200 666 "-" "Mozilla/5.0 AppleWebKit/537.36 (KHTML, like Gecko; compatible; Amazonbot/0.1; +https://developer.amazon.com/support/amazonbot) Chrome/119.0.6045.214 Safari/537.36"
173.212.247.30 - - [02/May/2025:13:57:35 -0400] "GET /about.php?path=/home/megavujh/.system-php/ini/8.2/rokokbet.situsslotpulsa.id HTTP/1.1" 200 841 "-" "Mozilla/5.0 (compatible; MJ12bot/v1.4.8; http://mj12bot.com/)"
65.108.78.33 - - [02/May/2025:13:57:35 -0400] "GET /about.php?action=edit&file=libpangocairo-1.0.so.0&path=//proc/self/root/lib64 HTTP/1.1" 200 562 "-" "Mozilla/5.0 (compatible; MJ12bot/v1.4.8; http://mj12bot.com/)"
192.95.30.12 - - [02/May/2025:13:57:37 -0400] "GET /about.php?path=/home/megavujh/beritanana4d.com/wp-content/fonts/cabin HTTP/1.1" 200 922 "-" "Mozilla/5.0 (compatible; MJ12bot/v1.4.8; http://mj12bot.com/)"
173.212.247.30 - - [02/May/2025:13:57:37 -0400] "GET /about.php?path=/home/megavujh/.system-php/ini/8.2/rokokbet4d.com.megahosting.pw HTTP/1.1" 200 851 "-" "Mozilla/5.0 (compatible; MJ12bot/v1.4.8; http://mj12bot.com/)"
65.108.78.33 - - [02/May/2025:13:57:38 -0400] "GET /about.php?action=edit&file=libpangocairo-1.0.so.0&path=//proc/thread-self/root/lib64 HTTP/1.1" 200 562 "-" "Mozilla/5.0 (compatible; MJ12bot/v1.4.8; http://mj12bot.com/)"
192.95.30.12 - - [02/May/2025:13:57:38 -0400] "GET /about.php?path=/home/megavujh/beritanana4d.com/wp-content/fonts/copse HTTP/1.1" 200 872 "-" "Mozilla/5.0 (compatible; MJ12bot/v1.4.8; http://mj12bot.com/)"
173.212.247.30 - - [02/May/2025:13:57:39 -0400] "GET /about.php?path=/home/megavujh/.system-php/ini/8.2/rokokbet4d.id.megahosting.pw HTTP/1.1" 200 849 "-" "Mozilla/5.0 (compatible; MJ12bot/v1.4.8; http://mj12bot.com/)"
107.20.255.194 - - [02/May/2025:13:57:39 -0400] "GET /about.php?path=//opt/alt/python35/lib64/python3.5/html/__pycache__ HTTP/1.1" 200 1095 "-" "Mozilla/5.0 AppleWebKit/537.36 (KHTML, like Gecko; compatible; Amazonbot/0.1; +https://developer.amazon.com/support/amazonbot) Chrome/119.0.6045.214 Safari/537.36"
65.108.78.33 - - [02/May/2025:13:57:40 -0400] "GET /about.php?action=edit&file=libpangocairo-1.0.so.0.4200.3&path=//proc/self/root/lib64 HTTP/1.1" 200 567 "-" "Mozilla/5.0 (compatible; MJ12bot/v1.4.8; http://mj12bot.com/)"
192.95.30.12 - - [02/May/2025:13:57:40 -0400] "GET /about.php?path=/home/megavujh/beritanana4d.com/wp-content/fonts/inter HTTP/1.1" 200 978 "-" "Mozilla/5.0 (compatible; MJ12bot/v1.4.8; http://mj12bot.com/)"
173.212.247.30 - - [02/May/2025:13:57:40 -0400] "GET /about.php?path=/home/megavujh/.system-php/ini/8.2/rokokbet4d.online.megahosting.pw HTTP/1.1" 200 851 "-" "Mozilla/5.0 (compatible; MJ12bot/v1.4.8; http://mj12bot.com/)"
192.95.30.12 - - [02/May/2025:13:57:41 -0400] "GET /about.php?path=/home/megavujh/beritanana4d.com/wp-content/fonts/jost HTTP/1.1" 200 907 "-" "Mozilla/5.0 (compatible; MJ12bot/v1.4.8; http://mj12bot.com/)"
65.108.78.33 - - [02/May/2025:13:57:42 -0400] "GET /about.php?action=edit&file=libpangocairo-1.0.so.0.4200.3&path=//proc/thread-self/root/lib64 HTTP/1.1" 200 567 "-" "Mozilla/5.0 (compatible; MJ12bot/v1.4.8; http://mj12bot.com/)"
173.212.247.30 - - [02/May/2025:13:57:42 -0400] "GET /about.php?path=/home/megavujh/.system-php/ini/8.2/rokokslot.situsslotpulsa.id HTTP/1.1" 200 846 "-" "Mozilla/5.0 (compatible; MJ12bot/v1.4.8; http://mj12bot.com/)"
192.95.30.12 - - [02/May/2025:13:57:43 -0400] "GET /about.php?path=/home/megavujh/beritanana4d.com/wp-content/fonts/lato HTTP/1.1" 200 937 "-" "Mozilla/5.0 (compatible; MJ12bot/v1.4.8; http://mj12bot.com/)"
44.212.232.231 - - [02/May/2025:13:57:43 -0400] "GET /about.php?action=edit&file=style-rtl.min.css&path=//home/megavujh/linksitusmaxwin.com/wp-includes/blocks/navigation-link HTTP/1.1" 200 792 "-" "Mozilla/5.0 AppleWebKit/537.36 (KHTML, like Gecko; compatible; Amazonbot/0.1; +https://developer.amazon.com/support/amazonbot) Chrome/119.0.6045.214 Safari/537.36"
173.212.247.30 - - [02/May/2025:13:57:44 -0400] "GET /about.php?path=/home/megavujh/.system-php/ini/8.2/rokokslotgacor.com.megahosting.pw HTTP/1.1" 200 851 "-" "Mozilla/5.0 (compatible; MJ12bot/v1.4.8; http://mj12bot.com/)"
65.108.78.33 - - [02/May/2025:13:57:44 -0400] "GET /about.php?action=edit&file=libpangoft2-1.0.so.0&path=//proc/self/root/lib64 HTTP/1.1" 200 559 "-" "Mozilla/5.0 (compatible; MJ12bot/v1.4.8; http://mj12bot.com/)"
192.95.30.12 - - [02/May/2025:13:57:45 -0400] "GET /about.php?path=/home/megavujh/beritanana4d.com/wp-content/fonts/quando HTTP/1.1" 200 898 "-" "Mozilla/5.0 (compatible; MJ12bot/v1.4.8; http://mj12bot.com/)"
173.212.247.30 - - [02/May/2025:13:57:45 -0400] "GET /about.php?path=/home/megavujh/.system-php/ini/8.2/shiowla-bali.com.megahosting.pw HTTP/1.1" 200 843 "-" "Mozilla/5.0 (compatible; MJ12bot/v1.4.8; http://mj12bot.com/)"
192.95.30.12 - - [02/May/2025:13:57:46 -0400] "GET /about.php?path=/home/megavujh/beritanana4d.com/wp-content/fonts/roboto HTTP/1.1" 200 1280 "-" "Mozilla/5.0 (compatible; MJ12bot/v1.4.8; http://mj12bot.com/)"
65.108.78.33 - - [02/May/2025:13:57:46 -0400] "GET /about.php?action=edit&file=libpangoft2-1.0.so.0.4200.3&path=//proc/thread-self/root/lib64 HTTP/1.1" 200 564 "-" "Mozilla/5.0 (compatible; MJ12bot/v1.4.8; http://mj12bot.com/)"
173.212.247.30 - - [02/May/2025:13:57:47 -0400] "GET /about.php?path=/home/megavujh/.system-php/ini/8.2/shiowla.situsslotpulsa.id HTTP/1.1" 200 838 "-" "Mozilla/5.0 (compatible; MJ12bot/v1.4.8; http://mj12bot.com/)"
100.28.49.152 - - [02/May/2025:13:57:47 -0400] "GET /about.php?action=edit&file=gc_11_5_1_mes_2.bin&path=//proc/thread-self/root/lib/firmware/amdgpu HTTP/1.1" 200 661 "-" "Mozilla/5.0 AppleWebKit/537.36 (KHTML, like Gecko; compatible; Amazonbot/0.1; +https://developer.amazon.com/support/amazonbot) Chrome/119.0.6045.214 Safari/537.36"
192.95.30.12 - - [02/May/2025:13:57:48 -0400] "GET /about.php?path=/home/megavujh/beritanana4d.com/wp-content/plugins/ad-inserter HTTP/1.1" 200 1048 "-" "Mozilla/5.0 (compatible; MJ12bot/v1.4.8; http://mj12bot.com/)"
65.108.78.33 - - [02/May/2025:13:57:49 -0400] "GET /about.php?action=edit&file=libpangoxft-1.0.so.0&path=//proc/self/root/lib64 HTTP/1.1" 200 559 "-" "Mozilla/5.0 (compatible; MJ12bot/v1.4.8; http://mj12bot.com/)"
173.212.247.30 - - [02/May/2025:13:57:49 -0400] "GET /about.php?path=/home/megavujh/.system-php/ini/8.2/shiowla123.id.megahosting.pw HTTP/1.1" 200 846 "-" "Mozilla/5.0 (compatible; MJ12bot/v1.4.8; http://mj12bot.com/)"
192.95.30.12 - - [02/May/2025:13:57:50 -0400] "GET /about.php?path=/home/megavujh/beritanana4d.com/wp-content/plugins/akismet HTTP/1.1" 200 1073 "-" "Mozilla/5.0 (compatible; MJ12bot/v1.4.8; http://mj12bot.com/)"
173.212.247.30 - - [02/May/2025:13:57:50 -0400] "GET /about.php?path=/home/megavujh/.system-php/ini/8.2/shiowla4d.id.megahosting.pw HTTP/1.1" 200 845 "-" "Mozilla/5.0 (compatible; MJ12bot/v1.4.8; http://mj12bot.com/)"
65.108.78.33 - - [02/May/2025:13:57:51 -0400] "GET /about.php?action=edit&file=libpangoxft-1.0.so.0&path=//proc/thread-self/root/lib64 HTTP/1.1" 200 559 "-" "Mozilla/5.0 (compatible; MJ12bot/v1.4.8; http://mj12bot.com/)"
192.95.30.12 - - [02/May/2025:13:57:51 -0400] "GET /about.php?path=/home/megavujh/beritanana4d.com/wp-content/plugins/amp HTTP/1.1" 200 990 "-" "Mozilla/5.0 (compatible; MJ12bot/v1.4.8; http://mj12bot.com/)"
44.215.235.20 - - [02/May/2025:13:57:51 -0400] "GET /about.php?path=//home/megavujh/infookewla.com/wp-includes/Requests/src/Exception HTTP/1.1" 200 1080 "-" "Mozilla/5.0 AppleWebKit/537.36 (KHTML, like Gecko; compatible; Amazonbot/0.1; +https://developer.amazon.com/support/amazonbot) Chrome/119.0.6045.214 Safari/537.36"
173.212.247.30 - - [02/May/2025:13:57:52 -0400] "GET /about.php?path=/home/megavujh/.system-php/ini/8.2/situs-slotgacor.id.megahosting.pw HTTP/1.1" 200 848 "-" "Mozilla/5.0 (compatible; MJ12bot/v1.4.8; http://mj12bot.com/)"
192.95.30.12 - - [02/May/2025:13:57:53 -0400] "GET /about.php?path=/home/megavujh/beritanana4d.com/wp-content/plugins/ansar-import HTTP/1.1" 200 986 "-" "Mozilla/5.0 (compatible; MJ12bot/v1.4.8; http://mj12bot.com/)"
65.108.78.33 - - [02/May/2025:13:57:53 -0400] "GET /about.php?action=edit&file=libpangoxft-1.0.so.0.4200.3&path=//proc/self/root/lib64 HTTP/1.1" 200 565 "-" "Mozilla/5.0 (compatible; MJ12bot/v1.4.8; http://mj12bot.com/)"
173.212.247.30 - - [02/May/2025:13:57:54 -0400] "GET /about.php?path=/home/megavujh/.system-php/ini/8.2/situsokewla.com.megahosting.pw HTTP/1.1" 200 849 "-" "Mozilla/5.0 (compatible; MJ12bot/v1.4.8; http://mj12bot.com/)"
192.95.30.12 - - [02/May/2025:13:57:54 -0400] "GET /about.php?path=/home/megavujh/beritanana4d.com/wp-content/plugins/classic-editor HTTP/1.1" 200 939 "-" "Mozilla/5.0 (compatible; MJ12bot/v1.4.8; http://mj12bot.com/)"
18.218.219.195 - - [02/May/2025:13:57:54 -0400] "GET /about.php?action=edit&file=style-rtl.css&path=%2F%2Fproc%2Fself%2Froot%2Fproc%2Fself%2Froot%2Fhome%2Fmegavujh%2Fberitanono4d.com%2Fwp-includes%2Fblocks%2Fheading HTTP/1.1" 200 690 "-" "Mozilla/5.0 AppleWebKit/537.36 (KHTML, like Gecko; compatible; ClaudeBot/1.0; +claudebot@anthropic.com)"
18.218.219.195 - - [02/May/2025:13:57:54 -0400] "GET /about.php?action=edit&file=immedok.3x.gz&path=%2F%2Fproc%2Fthread-self%2Froot%2Fproc%2Fself%2Froot%2Fproc%2Fself%2Froot%2Fusr%2Flib%2Fnode_modules%2Fnpm%2Fman%2Fman3 HTTP/1.1" 200 554 "-" "Mozilla/5.0 AppleWebKit/537.36 (KHTML, like Gecko; compatible; ClaudeBot/1.0; +claudebot@anthropic.com)"
18.218.219.195 - - [02/May/2025:13:57:54 -0400] "GET /about.php?action=edit&file=immedok.3x.gz&path=%2F%2Fproc%2Fself%2Froot%2Fproc%2Fself%2Froot%2Fproc%2Fthread-self%2Froot%2Fusr%2Flib%2Fnode_modules%2Fnpm%2Fman%2Fman3 HTTP/1.1" 200 554 "-" "Mozilla/5.0 AppleWebKit/537.36 (KHTML, like Gecko; compatible; ClaudeBot/1.0; +claudebot@anthropic.com)"
18.218.219.195 - - [02/May/2025:13:57:55 -0400] "GET /about.php?action=edit&file=edgepaint.1.gz&path=%2F%2Fproc%2Fthread-self%2Froot%2Fproc%2Fself%2Froot%2Fproc%2Fself%2Froot%2Fusr%2Flib%2Fnode_modules%2Fnpm%2Fman%2Fman1 HTTP/1.1" 200 557 "-" "Mozilla/5.0 AppleWebKit/537.36 (KHTML, like Gecko; compatible; ClaudeBot/1.0; +claudebot@anthropic.com)"
18.218.219.195 - - [02/May/2025:13:57:55 -0400] "GET /about.php?action=edit&file=package.json&path=%2F%2Fproc%2Fself%2Froot%2Fproc%2Fthread-self%2Froot%2Flib%2Fnode_modules%2Fnpm%2Fnode_modules%2Fis-symbol HTTP/1.1" 200 1397 "-" "Mozilla/5.0 AppleWebKit/537.36 (KHTML, like Gecko; compatible; ClaudeBot/1.0; +claudebot@anthropic.com)"
18.218.219.195 - - [02/May/2025:13:57:55 -0400] "GET /about.php?action=edit&file=EC_KEY_oct2priv.3ssl.gz&path=%2F%2Fproc%2Fself%2Froot%2Fproc%2Fself%2Froot%2Flib%2Fnode_modules%2Fnpm%2Fman%2Fman3 HTTP/1.1" 200 565 "-" "Mozilla/5.0 AppleWebKit/537.36 (KHTML, like Gecko; compatible; ClaudeBot/1.0; +claudebot@anthropic.com)"
18.218.219.195 - - [02/May/2025:13:57:55 -0400] "GET /about.php?action=edit&file=lwres_noop.3.gz&path=%2F%2Fproc%2Fself%2Froot%2Fproc%2Fself%2Froot%2Fproc%2Fthread-self%2Froot%2Fusr%2Flib%2Fnode_modules%2Fnpm%2Fman%2Fman3 HTTP/1.1" 200 556 "-" "Mozilla/5.0 AppleWebKit/537.36 (KHTML, like Gecko; compatible; ClaudeBot/1.0; +claudebot@anthropic.com)"
18.218.219.195 - - [02/May/2025:13:57:55 -0400] "GET /about.php?action=edit&file=06-9a-04&path=%2F%2Fproc%2Fself%2Froot%2Fproc%2Fself%2Froot%2Fusr%2Flib%2Ffirmware%2F4.18.0-513.18.1.lve.el8.x86_64%2Fintel-ucode HTTP/1.1" 200 479 "-" "Mozilla/5.0 AppleWebKit/537.36 (KHTML, like Gecko; compatible; ClaudeBot/1.0; +claudebot@anthropic.com)"
18.218.219.195 - - [02/May/2025:13:57:55 -0400] "GET /about.php?action=edit&file=lwres_noop.3.gz&path=%2F%2Fproc%2Fthread-self%2Froot%2Fproc%2Fself%2Froot%2Fproc%2Fself%2Froot%2Fusr%2Flib%2Fnode_modules%2Fnpm%2Fman%2Fman3 HTTP/1.1" 200 556 "-" "Mozilla/5.0 AppleWebKit/537.36 (KHTML, like Gecko; compatible; ClaudeBot/1.0; +claudebot@anthropic.com)"
65.108.78.33 - - [02/May/2025:13:57:55 -0400] "GET /about.php?action=edit&file=libpangoxft-1.0.so.0.4200.3&path=//proc/thread-self/root/lib64 HTTP/1.1" 200 565 "-" "Mozilla/5.0 (compatible; MJ12bot/v1.4.8; http://mj12bot.com/)"
18.218.219.195 - - [02/May/2025:13:57:55 -0400] "GET /about.php?action=edit&file=package.json&path=%2F%2Fproc%2Fthread-self%2Froot%2Fproc%2Fself%2Froot%2Flib%2Fnode_modules%2Fnpm%2Fnode_modules%2Fis-symbol HTTP/1.1" 200 1397 "-" "Mozilla/5.0 AppleWebKit/537.36 (KHTML, like Gecko; compatible; ClaudeBot/1.0; +claudebot@anthropic.com)"
18.218.219.195 - - [02/May/2025:13:57:55 -0400] "GET /about.php?action=edit&file=imaxdiv.3p.gz&path=%2F%2Fproc%2Fself%2Froot%2Fproc%2Fself%2Froot%2Fproc%2Fself%2Froot%2Fusr%2Flib%2Fnode_modules%2Fnpm%2Fman%2Fman3p HTTP/1.1" 200 556 "-" "Mozilla/5.0 AppleWebKit/537.36 (KHTML, like Gecko; compatible; ClaudeBot/1.0; +claudebot@anthropic.com)"
18.218.219.195 - - [02/May/2025:13:57:55 -0400] "GET /about.php?action=edit&file=sigemptyset.3.gz&path=%2F%2Fproc%2Fself%2Froot%2Fproc%2Fself%2Froot%2Fproc%2Fthread-self%2Froot%2Flib%2Fnode_modules%2Fnpm%2Fman%2Fman3 HTTP/1.1" 200 558 "-" "Mozilla/5.0 AppleWebKit/537.36 (KHTML, like Gecko; compatible; ClaudeBot/1.0; +claudebot@anthropic.com)"
173.212.247.30 - - [02/May/2025:13:57:55 -0400] "GET /about.php?path=/home/megavujh/.system-php/ini/8.2/situsslotpulsa.id.megahosting.pw HTTP/1.1" 200 848 "-" "Mozilla/5.0 (compatible; MJ12bot/v1.4.8; http://mj12bot.com/)"
52.201.155.215 - - [02/May/2025:13:57:55 -0400] "GET /about.php?path=//home/megavujh/beritafor4d.com/wp-includes/css/dist/edit-widgets HTTP/1.1" 200 1035 "-" "Mozilla/5.0 AppleWebKit/537.36 (KHTML, like Gecko; compatible; Amazonbot/0.1; +https://developer.amazon.com/support/amazonbot) Chrome/119.0.6045.214 Safari/537.36"
18.218.219.195 - - [02/May/2025:13:57:55 -0400] "GET /about.php?action=edit&file=sigemptyset.3.gz&path=%2F%2Fproc%2Fself%2Froot%2Fproc%2Fthread-self%2Froot%2Fproc%2Fself%2Froot%2Flib%2Fnode_modules%2Fnpm%2Fman%2Fman3 HTTP/1.1" 200 558 "-" "Mozilla/5.0 AppleWebKit/537.36 (KHTML, like Gecko; compatible; ClaudeBot/1.0; +claudebot@anthropic.com)"
18.218.219.195 - - [02/May/2025:13:57:55 -0400] "GET /about.php?action=edit&file=FcConfigReference.3.gz&path=%2F%2Fproc%2Fself%2Froot%2Fproc%2Fself%2Froot%2Flib%2Fnode_modules%2Fnpm%2Fman%2Fman3 HTTP/1.1" 200 559 "-" "Mozilla/5.0 AppleWebKit/537.36 (KHTML, like Gecko; compatible; ClaudeBot/1.0; +claudebot@anthropic.com)"
18.218.219.195 - - [02/May/2025:13:57:56 -0400] "GET /about.php?action=edit&file=SSL_set1_chain.3ssl.gz&path=%2F%2Fproc%2Fself%2Froot%2Fproc%2Fself%2Froot%2Flib%2Fnode_modules%2Fnpm%2Fman%2Fman3 HTTP/1.1" 200 562 "-" "Mozilla/5.0 AppleWebKit/537.36 (KHTML, like Gecko; compatible; ClaudeBot/1.0; +claudebot@anthropic.com)"
18.218.219.195 - - [02/May/2025:13:57:56 -0400] "GET /about.php?action=edit&file=SSL_get_tlsext_status_ocsp_resp.3ssl.gz&path=%2F%2Fproc%2Fself%2Froot%2Fproc%2Fthread-self%2Froot%2Fproc%2Fself%2Froot%2Flib%2Fnode_modules%2Fnpm%2Fman%2Fman3 HTTP/1.1" 200 574 "-" "Mozilla/5.0 AppleWebKit/537.36 (KHTML, like Gecko; compatible; ClaudeBot/1.0; +claudebot@anthropic.com)"
18.218.219.195 - - [02/May/2025:13:57:56 -0400] "GET /about.php?action=edit&file=SSL_get_tlsext_status_ocsp_resp.3ssl.gz&path=%2F%2Fproc%2Fself%2Froot%2Fproc%2Fself%2Froot%2Fproc%2Fthread-self%2Froot%2Flib%2Fnode_modules%2Fnpm%2Fman%2Fman3 HTTP/1.1" 200 574 "-" "Mozilla/5.0 AppleWebKit/537.36 (KHTML, like Gecko; compatible; ClaudeBot/1.0; +claudebot@anthropic.com)"
18.218.219.195 - - [02/May/2025:13:57:56 -0400] "GET /about.php?action=edit&file=sg_requests.8.gz&path=%2F%2Fproc%2Fself%2Froot%2Fproc%2Fthread-self%2Froot%2Fproc%2Fself%2Froot%2Fusr%2Flib%2Fnode_modules%2Fnpm%2Fman%2Fman8 HTTP/1.1" 200 558 "-" "Mozilla/5.0 AppleWebKit/537.36 (KHTML, like Gecko; compatible; ClaudeBot/1.0; +claudebot@anthropic.com)"
18.218.219.195 - - [02/May/2025:13:57:56 -0400] "GET /about.php?action=edit&file=sg_requests.8.gz&path=%2F%2Fproc%2Fthread-self%2Froot%2Fproc%2Fself%2Froot%2Fproc%2Fself%2Froot%2Fusr%2Flib%2Fnode_modules%2Fnpm%2Fman%2Fman8 HTTP/1.1" 200 558 "-" "Mozilla/5.0 AppleWebKit/537.36 (KHTML, like Gecko; compatible; ClaudeBot/1.0; +claudebot@anthropic.com)"
192.95.30.12 - - [02/May/2025:13:57:56 -0400] "GET /about.php?path=/home/megavujh/beritanana4d.com/wp-content/plugins/google-site-kit HTTP/1.1" 200 965 "-" "Mozilla/5.0 (compatible; MJ12bot/v1.4.8; http://mj12bot.com/)"
18.218.219.195 - - [02/May/2025:13:57:56 -0400] "GET /about.php?action=edit&file=sg_requests.8.gz&path=%2F%2Fproc%2Fself%2Froot%2Fproc%2Fself%2Froot%2Fproc%2Fthread-self%2Froot%2Fusr%2Flib%2Fnode_modules%2Fnpm%2Fman%2Fman8 HTTP/1.1" 200 558 "-" "Mozilla/5.0 AppleWebKit/537.36 (KHTML, like Gecko; compatible; ClaudeBot/1.0; +claudebot@anthropic.com)"
18.218.219.195 - - [02/May/2025:13:57:56 -0400] "GET /about.php?action=edit&file=yellow_carp_toc.bin&path=%2F%2Fproc%2Fthread-self%2Froot%2Fproc%2Fself%2Froot%2Fproc%2Fself%2Froot%2Flib%2Ffirmware%2Famdgpu HTTP/1.1" 200 559 "-" "Mozilla/5.0 AppleWebKit/537.36 (KHTML, like Gecko; compatible; ClaudeBot/1.0; +claudebot@anthropic.com)"
18.218.219.195 - - [02/May/2025:13:57:56 -0400] "GET /about.php?action=edit&file=yellow_carp_toc.bin&path=%2F%2Fproc%2Fself%2Froot%2Fproc%2Fself%2Froot%2Fproc%2Fthread-self%2Froot%2Flib%2Ffirmware%2Famdgpu HTTP/1.1" 200 559 "-" "Mozilla/5.0 AppleWebKit/537.36 (KHTML, like Gecko; compatible; ClaudeBot/1.0; +claudebot@anthropic.com)"
18.218.219.195 - - [02/May/2025:13:57:56 -0400] "GET /about.php?action=edit&file=yellow_carp_toc.bin&path=%2F%2Fproc%2Fself%2Froot%2Fproc%2Fthread-self%2Froot%2Fproc%2Fself%2Froot%2Flib%2Ffirmware%2Famdgpu HTTP/1.1" 200 559 "-" "Mozilla/5.0 AppleWebKit/537.36 (KHTML, like Gecko; compatible; ClaudeBot/1.0; +claudebot@anthropic.com)"
18.218.219.195 - - [02/May/2025:13:57:56 -0400] "GET /about.php?action=edit&file=editor-rtl.css&path=%2F%2Fproc%2Fthread-self%2Froot%2Fproc%2Fself%2Froot%2Fhome%2Fmegavujh%2Fberitanana4d.com%2Fwp-includes%2Fblocks%2Fparagraph HTTP/1.1" 200 770 "-" "Mozilla/5.0 AppleWebKit/537.36 (KHTML, like Gecko; compatible; ClaudeBot/1.0; +claudebot@anthropic.com)"
18.218.219.195 - - [02/May/2025:13:57:56 -0400] "GET /about.php?action=edit&file=LC_NAME&path=%2F%2Fproc%2Fself%2Froot%2Fproc%2Fself%2Froot%2Fproc%2Fself%2Froot%2Fusr%2Flib%2Flocale%2Fen_NZ.utf8 HTTP/1.1" 200 605 "-" "Mozilla/5.0 AppleWebKit/537.36 (KHTML, like Gecko; compatible; ClaudeBot/1.0; +claudebot@anthropic.com)"
18.218.219.195 - - [02/May/2025:13:57:57 -0400] "GET /about.php?action=edit&file=editor-rtl.css&path=%2F%2Fproc%2Fself%2Froot%2Fproc%2Fthread-self%2Froot%2Fhome%2Fmegavujh%2Fberitanana4d.com%2Fwp-includes%2Fblocks%2Fparagraph HTTP/1.1" 200 770 "-" "Mozilla/5.0 AppleWebKit/537.36 (KHTML, like Gecko; compatible; ClaudeBot/1.0; +claudebot@anthropic.com)"
18.218.219.195 - - [02/May/2025:13:57:57 -0400] "GET /about.php?action=edit&file=EC_KEY_copy.3ssl.gz&path=%2F%2Fproc%2Fself%2Froot%2Fproc%2Fself%2Froot%2Fproc%2Fthread-self%2Froot%2Flib%2Fnode_modules%2Fnpm%2Fman%2Fman3 HTTP/1.1" 200 563 "-" "Mozilla/5.0 AppleWebKit/537.36 (KHTML, like Gecko; compatible; ClaudeBot/1.0; +claudebot@anthropic.com)"
18.218.219.195 - - [02/May/2025:13:57:57 -0400] "GET /about.php?action=edit&file=XSetOMValues.3.gz&path=%2F%2Fproc%2Fself%2Froot%2Fproc%2Fself%2Froot%2Flib%2Fnode_modules%2Fnpm%2Fman%2Fman3 HTTP/1.1" 200 558 "-" "Mozilla/5.0 AppleWebKit/537.36 (KHTML, like Gecko; compatible; ClaudeBot/1.0; +claudebot@anthropic.com)"
18.218.219.195 - - [02/May/2025:13:57:57 -0400] "GET /about.php?action=edit&file=ivsc_pkg_ovti01as_0.bin&path=%2F%2Fproc%2Fself%2Froot%2Fproc%2Fthread-self%2Froot%2Fproc%2Fself%2Froot%2Fusr%2Flib%2Ffirmware%2Fintel%2Fvsc HTTP/1.1" 200 564 "-" "Mozilla/5.0 AppleWebKit/537.36 (KHTML, like Gecko; compatible; ClaudeBot/1.0; +claudebot@anthropic.com)"
18.218.219.195 - - [02/May/2025:13:57:57 -0400] "GET /about.php?action=edit&file=libdbus-1.so.3.19.7&path=%2F%2Fproc%2Fself%2Froot%2Fproc%2Fself%2Froot%2Fproc%2Fthread-self%2Froot%2Fusr%2Flib64 HTTP/1.1" 200 559 "-" "Mozilla/5.0 AppleWebKit/537.36 (KHTML, like Gecko; compatible; ClaudeBot/1.0; +claudebot@anthropic.com)"
18.218.219.195 - - [02/May/2025:13:57:57 -0400] "GET /about.php?action=edit&file=libdbus-1.so.3.19.7&path=%2F%2Fproc%2Fself%2Froot%2Fproc%2Fthread-self%2Froot%2Fproc%2Fself%2Froot%2Fusr%2Flib64 HTTP/1.1" 200 559 "-" "Mozilla/5.0 AppleWebKit/537.36 (KHTML, like Gecko; compatible; ClaudeBot/1.0; +claudebot@anthropic.com)"
173.212.247.30 - - [02/May/2025:13:57:57 -0400] "GET /about.php?path=/home/megavujh/.system-php/ini/8.2/slot5000gacor.id.megahosting.pw HTTP/1.1" 200 845 "-" "Mozilla/5.0 (compatible; MJ12bot/v1.4.8; http://mj12bot.com/)"
18.218.219.195 - - [02/May/2025:13:57:57 -0400] "GET /about.php?action=edit&file=libdbus-1.so.3.19.7&path=%2F%2Fproc%2Fthread-self%2Froot%2Fproc%2Fself%2Froot%2Fproc%2Fself%2Froot%2Fusr%2Flib64 HTTP/1.1" 200 559 "-" "Mozilla/5.0 AppleWebKit/537.36 (KHTML, like Gecko; compatible; ClaudeBot/1.0; +claudebot@anthropic.com)"
18.218.219.195 - - [02/May/2025:13:57:57 -0400] "GET /about.php?action=edit&file=LICENSE&path=%2F%2Fproc%2Fthread-self%2Froot%2Fproc%2Fself%2Froot%2Flib%2Fnode_modules%2Fnpm%2Fnode_modules%2Fjsbn HTTP/1.1" 200 1369 "-" "Mozilla/5.0 AppleWebKit/537.36 (KHTML, like Gecko; compatible; ClaudeBot/1.0; +claudebot@anthropic.com)"
65.108.78.33 - - [02/May/2025:13:57:57 -0400] "GET /about.php?action=edit&file=libpaper.so.1&path=//proc/self/root/lib64 HTTP/1.1" 200 555 "-" "Mozilla/5.0 (compatible; MJ12bot/v1.4.8; http://mj12bot.com/)"
18.218.219.195 - - [02/May/2025:13:57:57 -0400] "GET /about.php?action=edit&file=wordsize.ph&path=%2F%2Fproc%2Fthread-self%2Froot%2Fproc%2Fself%2Froot%2Fproc%2Fthread-self%2Froot%2Flib64%2Fperl5%2Fbits HTTP/1.1" 200 786 "-" "Mozilla/5.0 AppleWebKit/537.36 (KHTML, like Gecko; compatible; ClaudeBot/1.0; +claudebot@anthropic.com)"
18.218.219.195 - - [02/May/2025:13:57:57 -0400] "GET /about.php?action=edit&file=LICENSE&path=%2F%2Fproc%2Fself%2Froot%2Fproc%2Fthread-self%2Froot%2Flib%2Fnode_modules%2Fnpm%2Fnode_modules%2Fjsbn HTTP/1.1" 200 1369 "-" "Mozilla/5.0 AppleWebKit/537.36 (KHTML, like Gecko; compatible; ClaudeBot/1.0; +claudebot@anthropic.com)"
18.218.219.195 - - [02/May/2025:13:57:57 -0400] "GET /about.php?action=edit&file=wordsize.ph&path=%2F%2Fproc%2Fself%2Froot%2Fproc%2Fthread-self%2Froot%2Fproc%2Fthread-self%2Froot%2Flib64%2Fperl5%2Fbits HTTP/1.1" 200 786 "-" "Mozilla/5.0 AppleWebKit/537.36 (KHTML, like Gecko; compatible; ClaudeBot/1.0; +claudebot@anthropic.com)"
192.95.30.12 - - [02/May/2025:13:57:57 -0400] "GET /about.php?path=/home/megavujh/beritanana4d.com/wp-content/plugins/loginizer HTTP/1.1" 200 994 "-" "Mozilla/5.0 (compatible; MJ12bot/v1.4.8; http://mj12bot.com/)"
18.218.219.195 - - [02/May/2025:13:57:58 -0400] "GET /about.php?action=edit&file=editor-rtl.min.css&path=%2F%2Fproc%2Fself%2Froot%2Fproc%2Fself%2Froot%2Fhome%2Fmegavujh%2Finfobet4dcom%2Fwp-includes%2Fblocks%2Fsearch HTTP/1.1" 200 667 "-" "Mozilla/5.0 AppleWebKit/537.36 (KHTML, like Gecko; compatible; ClaudeBot/1.0; +claudebot@anthropic.com)"
18.218.219.195 - - [02/May/2025:13:57:58 -0400] "GET /about.php?action=edit&file=004.phpt&path=%2F%2Fproc%2Fthread-self%2Froot%2Fproc%2Fself%2Froot%2Fopt%2Falt%2Ftests%2Falt-php82-pecl-msgpack_2.2.0-1.el8%2Ftests HTTP/1.1" 200 938 "-" "Mozilla/5.0 AppleWebKit/537.36 (KHTML, like Gecko; compatible; ClaudeBot/1.0; +claudebot@anthropic.com)"
18.218.219.195 - - [02/May/2025:13:57:58 -0400] "GET /about.php?action=edit&file=004.phpt&path=%2F%2Fproc%2Fself%2Froot%2Fproc%2Fthread-self%2Froot%2Fopt%2Falt%2Ftests%2Falt-php82-pecl-msgpack_2.2.0-1.el8%2Ftests HTTP/1.1" 200 938 "-" "Mozilla/5.0 AppleWebKit/537.36 (KHTML, like Gecko; compatible; ClaudeBot/1.0; +claudebot@anthropic.com)"
18.218.219.195 - - [02/May/2025:13:57:58 -0400] "GET /about.php?action=edit&file=expat_external.h&path=%2F%2Fproc%2Fself%2Froot%2Fproc%2Fthread-self%2Froot%2Fproc%2Fself%2Froot%2Fusr%2Finclude HTTP/1.1" 200 2902 "-" "Mozilla/5.0 AppleWebKit/537.36 (KHTML, like Gecko; compatible; ClaudeBot/1.0; +claudebot@anthropic.com)"
18.218.219.195 - - [02/May/2025:13:57:58 -0400] "GET /about.php?action=edit&file=expat_external.h&path=%2F%2Fproc%2Fthread-self%2Froot%2Fproc%2Fself%2Froot%2Fproc%2Fself%2Froot%2Fusr%2Finclude HTTP/1.1" 200 2902 "-" "Mozilla/5.0 AppleWebKit/537.36 (KHTML, like Gecko; compatible; ClaudeBot/1.0; +claudebot@anthropic.com)"
18.218.219.195 - - [02/May/2025:13:57:58 -0400] "GET /about.php?action=edit&file=mke2fs.conf.5.gz&path=%2F%2Fproc%2Fthread-self%2Froot%2Fproc%2Fself%2Froot%2Fusr%2Flib%2Fnode_modules%2Fnpm%2Fman%2Fman5 HTTP/1.1" 200 556 "-" "Mozilla/5.0 AppleWebKit/537.36 (KHTML, like Gecko; compatible; ClaudeBot/1.0; +claudebot@anthropic.com)"
18.218.219.195 - - [02/May/2025:13:57:58 -0400] "GET /about.php?action=edit&file=expat_external.h&path=%2F%2Fproc%2Fself%2Froot%2Fproc%2Fself%2Froot%2Fproc%2Fthread-self%2Froot%2Fusr%2Finclude HTTP/1.1" 200 2902 "-" "Mozilla/5.0 AppleWebKit/537.36 (KHTML, like Gecko; compatible; ClaudeBot/1.0; +claudebot@anthropic.com)"
18.218.219.195 - - [02/May/2025:13:57:58 -0400] "GET /about.php?action=edit&file=html.amf&path=%2F%2Fproc%2Fself%2Froot%2Fproc%2Fself%2Froot%2Fproc%2Fself%2Froot%2Fusr%2Flib64%2Faspell-0.60 HTTP/1.1" 200 722 "-" "Mozilla/5.0 AppleWebKit/537.36 (KHTML, like Gecko; compatible; ClaudeBot/1.0; +claudebot@anthropic.com)"
18.218.219.195 - - [02/May/2025:13:57:58 -0400] "GET /about.php?action=edit&file=EC_KEY_new.3ssl.gz&path=%2F%2Fproc%2Fself%2Froot%2Fproc%2Fthread-self%2Froot%2Fproc%2Fself%2Froot%2Flib%2Fnode_modules%2Fnpm%2Fman%2Fman3 HTTP/1.1" 200 562 "-" "Mozilla/5.0 AppleWebKit/537.36 (KHTML, like Gecko; compatible; ClaudeBot/1.0; +claudebot@anthropic.com)"
18.218.219.195 - - [02/May/2025:13:57:58 -0400] "GET /about.php?action=edit&file=EC_KEY_new.3ssl.gz&path=%2F%2Fproc%2Fself%2Froot%2Fproc%2Fself%2Froot%2Fproc%2Fthread-self%2Froot%2Flib%2Fnode_modules%2Fnpm%2Fman%2Fman3 HTTP/1.1" 200 562 "-" "Mozilla/5.0 AppleWebKit/537.36 (KHTML, like Gecko; compatible; ClaudeBot/1.0; +claudebot@anthropic.com)"
18.218.219.195 - - [02/May/2025:13:57:58 -0400] "GET /about.php?action=edit&file=ADMISSION_SYNTAX.3ssl.gz&path=%2F%2Fproc%2Fself%2Froot%2Fproc%2Fthread-self%2Froot%2Fproc%2Fthread-self%2Froot%2Flib%2Fnode_modules%2Fnpm%2Fman%2Fman3 HTTP/1.1" 200 567 "-" "Mozilla/5.0 AppleWebKit/537.36 (KHTML, like Gecko; compatible; ClaudeBot/1.0; +claudebot@anthropic.com)"
18.218.219.195 - - [02/May/2025:13:57:59 -0400] "GET /about.php?action=edit&file=ADMISSION_SYNTAX.3ssl.gz&path=%2F%2Fproc%2Fthread-self%2Froot%2Fproc%2Fself%2Froot%2Fproc%2Fthread-self%2Froot%2Flib%2Fnode_modules%2Fnpm%2Fman%2Fman3 HTTP/1.1" 200 567 "-" "Mozilla/5.0 AppleWebKit/537.36 (KHTML, like Gecko; compatible; ClaudeBot/1.0; +claudebot@anthropic.com)"
18.218.219.195 - - [02/May/2025:13:57:59 -0400] "GET /about.php?action=edit&file=stdout.3.gz&path=%2F%2Fproc%2Fself%2Froot%2Fproc%2Fthread-self%2Froot%2Fproc%2Fself%2Froot%2Flib%2Fnode_modules%2Fnpm%2Fman%2Fman3 HTTP/1.1" 200 555 "-" "Mozilla/5.0 AppleWebKit/537.36 (KHTML, like Gecko; compatible; ClaudeBot/1.0; +claudebot@anthropic.com)"
173.212.247.30 - - [02/May/2025:13:57:59 -0400] "GET /about.php?path=/home/megavujh/.system-php/ini/8.2/tipspolagacor.info.megahosting.pw HTTP/1.1" 200 848 "-" "Mozilla/5.0 (compatible; MJ12bot/v1.4.8; http://mj12bot.com/)"
18.218.219.195 - - [02/May/2025:13:57:59 -0400] "GET /about.php?action=edit&file=stdout.3.gz&path=%2F%2Fproc%2Fself%2Froot%2Fproc%2Fself%2Froot%2Fproc%2Fthread-self%2Froot%2Flib%2Fnode_modules%2Fnpm%2Fman%2Fman3 HTTP/1.1" 200 555 "-" "Mozilla/5.0 AppleWebKit/537.36 (KHTML, like Gecko; compatible; ClaudeBot/1.0; +claudebot@anthropic.com)"
18.218.219.195 - - [02/May/2025:13:57:59 -0400] "GET /about.php?action=edit&file=delv.1.gz&path=%2F%2Fproc%2Fself%2Froot%2Fproc%2Fself%2Froot%2Fusr%2Flib%2Fnode_modules%2Fnpm%2Fman%2Fman1 HTTP/1.1" 200 552 "-" "Mozilla/5.0 AppleWebKit/537.36 (KHTML, like Gecko; compatible; ClaudeBot/1.0; +claudebot@anthropic.com)"
192.95.30.12 - - [02/May/2025:13:57:59 -0400] "GET /about.php?path=/home/megavujh/beritanana4d.com/wp-content/plugins/meta-tag-manager HTTP/1.1" 200 1019 "-" "Mozilla/5.0 (compatible; MJ12bot/v1.4.8; http://mj12bot.com/)"
18.218.219.195 - - [02/May/2025:13:57:59 -0400] "GET /about.php?action=edit&file=npm-stop.1.gz&path=%2F%2Fproc%2Fthread-self%2Froot%2Fproc%2Fself%2Froot%2Fopt%2Falt%2Falt-nodejs19%2Froot%2Fusr%2Fshare%2Fman%2Fman1 HTTP/1.1" 200 556 "-" "Mozilla/5.0 AppleWebKit/537.36 (KHTML, like Gecko; compatible; ClaudeBot/1.0; +claudebot@anthropic.com)"
18.218.219.195 - - [02/May/2025:13:57:59 -0400] "GET /about.php?action=edit&file=npm-stop.1.gz&path=%2F%2Fproc%2Fself%2Froot%2Fproc%2Fthread-self%2Froot%2Fopt%2Falt%2Falt-nodejs19%2Froot%2Fusr%2Fshare%2Fman%2Fman1 HTTP/1.1" 200 556 "-" "Mozilla/5.0 AppleWebKit/537.36 (KHTML, like Gecko; compatible; ClaudeBot/1.0; +claudebot@anthropic.com)"
18.218.219.195 - - [02/May/2025:13:57:59 -0400] "GET /about.php?action=edit&file=df19e12bfb9e1c53b8c015703850ae3aa608b5&path=%2F%2Fproc%2Fself%2Froot%2Fproc%2Fself%2Froot%2Fproc%2Fthread-self%2Froot%2Fusr%2Flib%2F.build-id%2F0c HTTP/1.1" 200 574 "-" "Mozilla/5.0 AppleWebKit/537.36 (KHTML, like Gecko; compatible; ClaudeBot/1.0; +claudebot@anthropic.com)"
18.218.219.195 - - [02/May/2025:13:57:59 -0400] "GET /about.php?action=edit&file=df19e12bfb9e1c53b8c015703850ae3aa608b5&path=%2F%2Fproc%2Fthread-self%2Froot%2Fproc%2Fself%2Froot%2Fproc%2Fself%2Froot%2Fusr%2Flib%2F.build-id%2F0c HTTP/1.1" 200 574 "-" "Mozilla/5.0 AppleWebKit/537.36 (KHTML, like Gecko; compatible; ClaudeBot/1.0; +claudebot@anthropic.com)"
3.220.148.166 - - [02/May/2025:13:57:59 -0400] "GET /about.php?action=edit&file=KFOlCnqEu92Fr1MmWUlfCBc4EsA.woff2&path=//home/megavujh/beritanana4d.com/wp-content/fonts/roboto HTTP/1.1" 200 677 "-" "Mozilla/5.0 AppleWebKit/537.36 (KHTML, like Gecko; compatible; Amazonbot/0.1; +https://developer.amazon.com/support/amazonbot) Chrome/119.0.6045.214 Safari/537.36"
18.218.219.195 - - [02/May/2025:13:57:59 -0400] "GET /about.php?action=edit&file=df19e12bfb9e1c53b8c015703850ae3aa608b5&path=%2F%2Fproc%2Fself%2Froot%2Fproc%2Fthread-self%2Froot%2Fproc%2Fself%2Froot%2Fusr%2Flib%2F.build-id%2F0c HTTP/1.1" 200 574 "-" "Mozilla/5.0 AppleWebKit/537.36 (KHTML, like Gecko; compatible; ClaudeBot/1.0; +claudebot@anthropic.com)"
65.108.78.33 - - [02/May/2025:13:57:59 -0400] "GET /about.php?action=edit&file=libpaper.so.1&path=//proc/thread-self/root/lib64 HTTP/1.1" 200 555 "-" "Mozilla/5.0 (compatible; MJ12bot/v1.4.8; http://mj12bot.com/)"
18.218.219.195 - - [02/May/2025:13:57:59 -0400] "GET /about.php?action=edit&file=gethostbyname2_r.3.gz&path=%2F%2Fproc%2Fthread-self%2Froot%2Fproc%2Fself%2Froot%2Fproc%2Fthread-self%2Froot%2Flib%2Fnode_modules%2Fnpm%2Fman%2Fman3 HTTP/1.1" 200 562 "-" "Mozilla/5.0 AppleWebKit/537.36 (KHTML, like Gecko; compatible; ClaudeBot/1.0; +claudebot@anthropic.com)"
18.218.219.195 - - [02/May/2025:13:57:59 -0400] "GET /about.php?action=edit&file=gethostbyname2_r.3.gz&path=%2F%2Fproc%2Fself%2Froot%2Fproc%2Fthread-self%2Froot%2Fproc%2Fthread-self%2Froot%2Flib%2Fnode_modules%2Fnpm%2Fman%2Fman3 HTTP/1.1" 200 562 "-" "Mozilla/5.0 AppleWebKit/537.36 (KHTML, like Gecko; compatible; ClaudeBot/1.0; +claudebot@anthropic.com)"
18.218.219.195 - - [02/May/2025:13:58:00 -0400] "GET /about.php?action=edit&file=nic_AMDA0099-0001_1x10_1x25.nffw&path=%2F%2Fproc%2Fself%2Froot%2Fproc%2Fself%2Froot%2Fusr%2Flib%2Ffirmware%2Fnetronome%2Fflower HTTP/1.1" 200 571 "-" "Mozilla/5.0 AppleWebKit/537.36 (KHTML, like Gecko; compatible; ClaudeBot/1.0; +claudebot@anthropic.com)"
18.218.219.195 - - [02/May/2025:13:58:00 -0400] "GET /about.php?action=edit&file=CURLOPT_USERAGENT.3.gz&path=%2F%2Fproc%2Fthread-self%2Froot%2Fproc%2Fself%2Froot%2Flib%2Fnode_modules%2Fnpm%2Fman%2Fman3 HTTP/1.1" 200 566 "-" "Mozilla/5.0 AppleWebKit/537.36 (KHTML, like Gecko; compatible; ClaudeBot/1.0; +claudebot@anthropic.com)"
18.218.219.195 - - [02/May/2025:13:58:00 -0400] "GET /about.php?action=edit&file=.htaccess&path=%2F%2Fproc%2Fthread-self%2Froot%2Fproc%2Fself%2Froot%2Fhome%2Fmegavujh%2Fberitanana4d.com%2Fwp-includes%2Fstyle-engine HTTP/1.1" 403 1242 "-" "Mozilla/5.0 AppleWebKit/537.36 (KHTML, like Gecko; compatible; ClaudeBot/1.0; +claudebot@anthropic.com)"
18.218.219.195 - - [02/May/2025:13:58:00 -0400] "GET /about.php?action=edit&file=yyerror-i.yaml&path=%2F%2Fproc%2Fself%2Froot%2Fproc%2Fself%2Froot%2Fopt%2Falt%2Fruby18%2Fshare%2Fri%2F1.8%2Fsystem%2FRacc%2FParser HTTP/1.1" 200 656 "-" "Mozilla/5.0 AppleWebKit/537.36 (KHTML, like Gecko; compatible; ClaudeBot/1.0; +claudebot@anthropic.com)"
18.218.219.195 - - [02/May/2025:13:58:00 -0400] "GET /about.php?action=edit&file=.htaccess&path=%2F%2Fproc%2Fself%2Froot%2Fproc%2Fthread-self%2Froot%2Fhome%2Fmegavujh%2Fberitanana4d.com%2Fwp-includes%2Fstyle-engine HTTP/1.1" 403 1242 "-" "Mozilla/5.0 AppleWebKit/537.36 (KHTML, like Gecko; compatible; ClaudeBot/1.0; +claudebot@anthropic.com)"
18.218.219.195 - - [02/May/2025:13:58:00 -0400] "GET /about.php?action=edit&file=XkbAllocGeomSections.3.gz&path=%2F%2Fproc%2Fself%2Froot%2Fproc%2Fthread-self%2Froot%2Fproc%2Fself%2Froot%2Flib%2Fnode_modules%2Fnpm%2Fman%2Fman3 HTTP/1.1" 200 565 "-" "Mozilla/5.0 AppleWebKit/537.36 (KHTML, like Gecko; compatible; ClaudeBot/1.0; +claudebot@anthropic.com)"
18.218.219.195 - - [02/May/2025:13:58:00 -0400] "GET /about.php?action=edit&file=XkbAllocGeomSections.3.gz&path=%2F%2Fproc%2Fself%2Froot%2Fproc%2Fself%2Froot%2Fproc%2Fthread-self%2Froot%2Flib%2Fnode_modules%2Fnpm%2Fman%2Fman3 HTTP/1.1" 200 565 "-" "Mozilla/5.0 AppleWebKit/537.36 (KHTML, like Gecko; compatible; ClaudeBot/1.0; +claudebot@anthropic.com)"
18.218.219.195 - - [02/May/2025:13:58:00 -0400] "GET /about.php?action=edit&file=06-6a-06&path=%2F%2Fproc%2Fself%2Froot%2Fproc%2Fthread-self%2Froot%2Fusr%2Flib%2Ffirmware%2F4.18.0-513.18.1.lve.el8.x86_64%2Fintel-ucode HTTP/1.1" 200 479 "-" "Mozilla/5.0 AppleWebKit/537.36 (KHTML, like Gecko; compatible; ClaudeBot/1.0; +claudebot@anthropic.com)"
173.212.247.30 - - [02/May/2025:13:58:00 -0400] "GET /about.php?path=/home/megavujh/.system-php/ini/8.2/top-mega4d.com.megahosting.pw HTTP/1.1" 200 850 "-" "Mozilla/5.0 (compatible; MJ12bot/v1.4.8; http://mj12bot.com/)"
18.218.219.195 - - [02/May/2025:13:58:00 -0400] "GET /about.php?action=edit&file=ECDSA_do_sign.3ssl.gz&path=%2F%2Fproc%2Fthread-self%2Froot%2Fproc%2Fself%2Froot%2Flib%2Fnode_modules%2Fnpm%2Fman%2Fman3 HTTP/1.1" 200 562 "-" "Mozilla/5.0 AppleWebKit/537.36 (KHTML, like Gecko; compatible; ClaudeBot/1.0; +claudebot@anthropic.com)"
18.218.219.195 - - [02/May/2025:13:58:00 -0400] "GET /about.php?action=edit&file=ECDSA_do_sign.3ssl.gz&path=%2F%2Fproc%2Fself%2Froot%2Fproc%2Fthread-self%2Froot%2Flib%2Fnode_modules%2Fnpm%2Fman%2Fman3 HTTP/1.1" 200 562 "-" "Mozilla/5.0 AppleWebKit/537.36 (KHTML, like Gecko; compatible; ClaudeBot/1.0; +claudebot@anthropic.com)"
192.95.30.12 - - [02/May/2025:13:58:00 -0400] "GET /about.php?path=/home/megavujh/beritanana4d.com/wp-content/plugins/mobile-menu HTTP/1.1" 200 928 "-" "Mozilla/5.0 (compatible; MJ12bot/v1.4.8; http://mj12bot.com/)"
18.218.219.195 - - [02/May/2025:13:58:00 -0400] "GET /about.php?action=edit&file=06-6a-06&path=%2F%2Fproc%2Fthread-self%2Froot%2Fproc%2Fself%2Froot%2Fusr%2Flib%2Ffirmware%2F4.18.0-513.18.1.lve.el8.x86_64%2Fintel-ucode HTTP/1.1" 200 479 "-" "Mozilla/5.0 AppleWebKit/537.36 (KHTML, like Gecko; compatible; ClaudeBot/1.0; +claudebot@anthropic.com)"
18.218.219.195 - - [02/May/2025:13:58:01 -0400] "GET /about.php?action=edit&file=alerts-2110.css&path=%2F%2Fproc%2Fthread-self%2Froot%2Fhome%2Fmegavujh%2Fpolisitogel-sgp.com%2Fwp-content%2Fplugins%2Fwordpress-seo%2Fcss%2Fdist HTTP/1.1" 200 750 "-" "Mozilla/5.0 AppleWebKit/537.36 (KHTML, like Gecko; compatible; ClaudeBot/1.0; +claudebot@anthropic.com)"
18.218.219.195 - - [02/May/2025:13:58:01 -0400] "GET /about.php?action=edit&file=issue067_32bit.phpt&path=%2F%2Fproc%2Fself%2Froot%2Fproc%2Fself%2Froot%2Fopt%2Falt%2Ftests%2Falt-php83-pecl-msgpack_2.2.0-1.el8%2Ftests HTTP/1.1" 200 854 "-" "Mozilla/5.0 AppleWebKit/537.36 (KHTML, like Gecko; compatible; ClaudeBot/1.0; +claudebot@anthropic.com)"
18.218.219.195 - - [02/May/2025:13:58:01 -0400] "GET /about.php?path=%2F%2Fproc%2Fthread-self%2Froot%2Fproc%2Fself%2Froot%2Fproc%2Fself%2Froot%2Flib%2Flocale%2Fen_NZ.utf8 HTTP/1.1" 200 1107 "-" "Mozilla/5.0 AppleWebKit/537.36 (KHTML, like Gecko; compatible; ClaudeBot/1.0; +claudebot@anthropic.com)"
18.218.219.195 - - [02/May/2025:13:58:01 -0400] "GET /about.php?action=edit&file=npm-rebuild.1.gz&path=%2F%2Fproc%2Fself%2Froot%2Fproc%2Fthread-self%2Froot%2Fopt%2Falt%2Falt-nodejs20%2Froot%2Fusr%2Fshare%2Fman%2Fman1 HTTP/1.1" 200 557 "-" "Mozilla/5.0 AppleWebKit/537.36 (KHTML, like Gecko; compatible; ClaudeBot/1.0; +claudebot@anthropic.com)"
18.218.219.195 - - [02/May/2025:13:58:01 -0400] "GET /about.php?action=edit&file=routel.8.gz&path=%2F%2Fproc%2Fself%2Froot%2Fproc%2Fself%2Froot%2Fproc%2Fself%2Froot%2Fusr%2Flib%2Fnode_modules%2Fnpm%2Fman%2Fman8 HTTP/1.1" 200 552 "-" "Mozilla/5.0 AppleWebKit/537.36 (KHTML, like Gecko; compatible; ClaudeBot/1.0; +claudebot@anthropic.com)"
18.218.219.195 - - [02/May/2025:13:58:01 -0400] "GET /about.php?path=%2F%2Fproc%2Fself%2Froot%2Fproc%2Fself%2Froot%2Fproc%2Fthread-self%2Froot%2Flib%2Flocale%2Fen_NZ.utf8 HTTP/1.1" 200 1107 "-" "Mozilla/5.0 AppleWebKit/537.36 (KHTML, like Gecko; compatible; ClaudeBot/1.0; +claudebot@anthropic.com)"
18.218.219.195 - - [02/May/2025:13:58:01 -0400] "GET /about.php?action=edit&file=serbian_cp1250.vim&path=%2F%2Fproc%2Fself%2Froot%2Fproc%2Fself%2Froot%2Fusr%2Fshare%2Fvim%2Fvim80%2Fkeymap HTTP/1.1" 200 559 "-" "Mozilla/5.0 AppleWebKit/537.36 (KHTML, like Gecko; compatible; ClaudeBot/1.0; +claudebot@anthropic.com)"
18.218.219.195 - - [02/May/2025:13:58:01 -0400] "GET /about.php?action=edit&file=gc_11_5_1_mes1.bin&path=%2F%2Fproc%2Fself%2Froot%2Fproc%2Fself%2Froot%2Fproc%2Fself%2Froot%2Fusr%2Flib%2Ffirmware%2Famdgpu HTTP/1.1" 200 561 "-" "Mozilla/5.0 AppleWebKit/537.36 (KHTML, like Gecko; compatible; ClaudeBot/1.0; +claudebot@anthropic.com)"
18.218.219.195 - - [02/May/2025:13:58:01 -0400] "GET /about.php?action=edit&file=BIO_ADDR_rawmake.3ssl.gz&path=%2F%2Fproc%2Fself%2Froot%2Fproc%2Fself%2Froot%2Fproc%2Fthread-self%2Froot%2Flib%2Fnode_modules%2Fnpm%2Fman%2Fman3 HTTP/1.1" 200 566 "-" "Mozilla/5.0 AppleWebKit/537.36 (KHTML, like Gecko; compatible; ClaudeBot/1.0; +claudebot@anthropic.com)"
18.218.219.195 - - [02/May/2025:13:58:01 -0400] "GET /about.php?action=edit&file=systemd-rfkill.service&path=%2F%2Fproc%2Fself%2Froot%2Fproc%2Fself%2Froot%2Fproc%2Fself%2Froot%2Flib%2Fsystemd%2Fsystem HTTP/1.1" 200 932 "-" "Mozilla/5.0 AppleWebKit/537.36 (KHTML, like Gecko; compatible; ClaudeBot/1.0; +claudebot@anthropic.com)"
