216.244.66.237 - - [23/Apr/2025:13:16:54 -0400] "GET /manchester-united-kabarnya-sudah-mendekati-pemain-pertama-era-sir-jim-ratcliffe/ HTTP/1.1" 200 189336 "-" "Mozilla/5.0 (compatible; DotBot/1.2; +https://opensiteexplorer.org/dotbot; help@moz.com)"
216.244.66.237 - - [23/Apr/2025:13:18:26 -0400] "GET /tag/berkat-shopee-live/feed/ HTTP/1.1" 200 9245 "-" "Mozilla/5.0 (compatible; DotBot/1.2; +https://opensiteexplorer.org/dotbot; help@moz.com)"
216.244.66.237 - - [23/Apr/2025:13:18:57 -0400] "GET /tag/dewi-perssik-kurban-3-ekor-sapi-dan-1-kambing/feed/ HTTP/1.1" 200 6539 "-" "Mozilla/5.0 (compatible; DotBot/1.2; +https://opensiteexplorer.org/dotbot; help@moz.com)"
40.77.167.138 - - [23/Apr/2025:13:29:46 -0400] "GET /robots.txt HTTP/1.1" 200 92 "-" "Mozilla/5.0 AppleWebKit/537.36 (KHTML, like Gecko; compatible; bingbot/2.0; +http://www.bing.com/bingbot.htm) Chrome/116.0.1938.76 Safari/537.36"
40.77.167.55 - - [23/Apr/2025:13:29:54 -0400] "GET / HTTP/1.1" 200 47895 "-" "Mozilla/5.0 AppleWebKit/537.36 (KHTML, like Gecko; compatible; bingbot/2.0; +http://www.bing.com/bingbot.htm) Chrome/116.0.1938.76 Safari/537.36"
52.167.144.218 - - [23/Apr/2025:13:30:11 -0400] "GET /wp-content/themes/newsmatic/assets/lib/js-marquee/jquery.marquee.min.js?ver=1.6.0 HTTP/1.1" 200 2160 "-" "Mozilla/5.0 AppleWebKit/537.36 (KHTML, like Gecko; compatible; bingbot/2.0; +http://www.bing.com/bingbot.htm) Chrome/116.0.1938.76 Safari/537.36"
52.167.144.218 - - [23/Apr/2025:13:30:11 -0400] "GET /wp-includes/js/jquery/jquery-migrate.min.js?ver=3.4.1 HTTP/1.1" 200 4678 "-" "Mozilla/5.0 AppleWebKit/537.36 (KHTML, like Gecko; compatible; bingbot/2.0; +http://www.bing.com/bingbot.htm) Chrome/116.0.1938.76 Safari/537.36"
52.167.144.218 - - [23/Apr/2025:13:30:12 -0400] "GET /wp-content/themes/newsmatic/assets/lib/waypoint/jquery.waypoint.min.js?ver=4.0.1 HTTP/1.1" 200 2592 "-" "Mozilla/5.0 AppleWebKit/537.36 (KHTML, like Gecko; compatible; bingbot/2.0; +http://www.bing.com/bingbot.htm) Chrome/116.0.1938.76 Safari/537.36"
52.167.144.218 - - [23/Apr/2025:13:30:13 -0400] "GET /wp-includes/js/wp-emoji-release.min.js?ver=6.8 HTTP/1.1" 200 4771 "-" "Mozilla/5.0 AppleWebKit/537.36 (KHTML, like Gecko; compatible; bingbot/2.0; +http://www.bing.com/bingbot.htm) Chrome/116.0.1938.76 Safari/537.36"
52.167.144.212 - - [23/Apr/2025:13:30:16 -0400] "GET /wp-content/plugins/ansar-import/public/js/ansar-import-public.js?ver=1.0.18 HTTP/1.1" 200 416 "-" "Mozilla/5.0 AppleWebKit/537.36 (KHTML, like Gecko; compatible; bingbot/2.0; +http://www.bing.com/bingbot.htm) Chrome/116.0.1938.76 Safari/537.36"
40.77.167.55 - - [23/Apr/2025:13:30:16 -0400] "GET /wp-content/plugins/mobile-menu/includes/js/mobmenu.js?ver=2.8.7 HTTP/1.1" 200 3775 "-" "Mozilla/5.0 AppleWebKit/537.36 (KHTML, like Gecko; compatible; bingbot/2.0; +http://www.bing.com/bingbot.htm) Chrome/116.0.1938.76 Safari/537.36"
40.77.167.55 - - [23/Apr/2025:13:30:17 -0400] "GET /wp-content/themes/newsmatic/assets/lib/jquery-cookie/jquery-cookie.js?ver=1.4.1 HTTP/1.1" 200 1238 "-" "Mozilla/5.0 AppleWebKit/537.36 (KHTML, like Gecko; compatible; bingbot/2.0; +http://www.bing.com/bingbot.htm) Chrome/116.0.1938.76 Safari/537.36"
40.77.167.55 - - [23/Apr/2025:13:30:17 -0400] "GET /wp-content/themes/newsmatic/assets/lib/slick/slick.min.js?ver=1.8.1 HTTP/1.1" 200 10097 "-" "Mozilla/5.0 AppleWebKit/537.36 (KHTML, like Gecko; compatible; bingbot/2.0; +http://www.bing.com/bingbot.htm) Chrome/116.0.1938.76 Safari/537.36"
52.167.144.212 - - [23/Apr/2025:13:30:25 -0400] "GET /wp-content/themes/newsmatic/assets/js/navigation.js?ver=1.3.14 HTTP/1.1" 200 1570 "-" "Mozilla/5.0 AppleWebKit/537.36 (KHTML, like Gecko; compatible; bingbot/2.0; +http://www.bing.com/bingbot.htm) Chrome/116.0.1938.76 Safari/537.36"
52.167.144.212 - - [23/Apr/2025:13:30:26 -0400] "GET /wp-content/themes/newsmatic/assets/js/theme.js?ver=1.3.14 HTTP/1.1" 200 3009 "-" "Mozilla/5.0 AppleWebKit/537.36 (KHTML, like Gecko; compatible; bingbot/2.0; +http://www.bing.com/bingbot.htm) Chrome/116.0.1938.76 Safari/537.36"
52.167.144.212 - - [23/Apr/2025:13:30:26 -0400] "GET /wp-includes/js/jquery/jquery.min.js?ver=3.7.1 HTTP/1.1" 200 29744 "-" "Mozilla/5.0 AppleWebKit/537.36 (KHTML, like Gecko; compatible; bingbot/2.0; +http://www.bing.com/bingbot.htm) Chrome/116.0.1938.76 Safari/537.36"
216.244.66.237 - - [23/Apr/2025:13:34:51 -0400] "GET /author/adminmarket/page/98/ HTTP/1.1" 200 200596 "-" "Mozilla/5.0 (compatible; DotBot/1.2; +https://opensiteexplorer.org/dotbot; help@moz.com)"
216.244.66.237 - - [23/Apr/2025:13:51:09 -0400] "GET /robots.txt HTTP/1.1" 200 92 "-" "Mozilla/5.0 (compatible; DotBot/1.2; +https://opensiteexplorer.org/dotbot; help@moz.com)"
185.167.98.136 - - [23/Apr/2025:14:00:09 -0400] "GET / HTTP/1.1" 200 55751 "-" "python-requests/2.25.1"
2.57.20.42 - - [23/Apr/2025:14:00:14 -0400] "GET / HTTP/1.1" 200 55432 "-" "Mozilla/5.0 (Windows NT 6.2; WOW64) AppleWebKit/537.27 (KHTML, like Gecko) Chrome/26.0.1384.2 Safari/537.27"
216.244.66.237 - - [23/Apr/2025:14:06:19 -0400] "GET /as-evakuasi-warganya-kirim-kapal-perang-ke-lebanon-pasca-perang-hizbullah-vs-israel-memanas/feed/ HTTP/1.1" 200 1017 "-" "Mozilla/5.0 (compatible; DotBot/1.2; +https://opensiteexplorer.org/dotbot; help@moz.com)"
216.244.66.237 - - [23/Apr/2025:14:07:43 -0400] "GET /tag/ancaman-mengerikan-bagi-israel-hizbullah-akan-tembakkan-setengah-juta-rudal-jika-perang-meletus/feed/ HTTP/1.1" 200 11404 "-" "Mozilla/5.0 (compatible; DotBot/1.2; +https://opensiteexplorer.org/dotbot; help@moz.com)"
216.244.66.237 - - [23/Apr/2025:14:08:16 -0400] "GET /tag/nyamuk-penyebar-demam-berdarah/feed/ HTTP/1.1" 200 10442 "-" "Mozilla/5.0 (compatible; DotBot/1.2; +https://opensiteexplorer.org/dotbot; help@moz.com)"
216.244.66.237 - - [23/Apr/2025:14:12:27 -0400] "GET /media-china-kaget-indonesia-tiba-di-qingdao-lebih-cepat/ HTTP/1.1" 200 186924 "-" "Mozilla/5.0 (compatible; DotBot/1.2; +https://opensiteexplorer.org/dotbot; help@moz.com)"
43.130.31.17 - - [23/Apr/2025:14:38:35 -0400] "GET / HTTP/1.1" 301 0 "-" "Mozilla/5.0 (iPhone; CPU iPhone OS 13_2_3 like Mac OS X) AppleWebKit/605.1.15 (KHTML, like Gecko) Version/13.0.3 Mobile/15E148 Safari/604.1"
43.130.31.17 - - [23/Apr/2025:14:38:40 -0400] "GET / HTTP/1.1" 200 25468 "http://www.beritanana4d.com" "Mozilla/5.0 (iPhone; CPU iPhone OS 13_2_3 like Mac OS X) AppleWebKit/605.1.15 (KHTML, like Gecko) Version/13.0.3 Mobile/15E148 Safari/604.1"
216.244.66.237 - - [23/Apr/2025:14:39:05 -0400] "GET /robots.txt HTTP/1.1" 200 92 "-" "Mozilla/5.0 (compatible; DotBot/1.2; +https://opensiteexplorer.org/dotbot; help@moz.com)"
216.244.66.237 - - [23/Apr/2025:14:56:01 -0400] "GET /tag/berita-panas/feed/ HTTP/1.1" 200 5889 "-" "Mozilla/5.0 (compatible; DotBot/1.2; +https://opensiteexplorer.org/dotbot; help@moz.com)"
192.64.117.67 - - [23/Apr/2025:14:56:45 -0400] "POST /wp-cron.php?doing_wp_cron=1745434605.1029489040374755859375 HTTP/1.1" 200 0 "-" "WordPress/6.8; https://beritanana4d.com"
216.244.66.237 - - [23/Apr/2025:14:56:44 -0400] "GET /tag/suporter-psms-medan-rusuh/feed/ HTTP/1.1" 200 8853 "-" "Mozilla/5.0 (compatible; DotBot/1.2; +https://opensiteexplorer.org/dotbot; help@moz.com)"
216.244.66.237 - - [23/Apr/2025:15:05:52 -0400] "GET /demi-gaet-tim-valentino-rossi-yamaha-bermanuver-datangkan-davide-brivio-di-motogp-2024/ HTTP/1.1" 200 191782 "-" "Mozilla/5.0 (compatible; DotBot/1.2; +https://opensiteexplorer.org/dotbot; help@moz.com)"
216.244.66.237 - - [23/Apr/2025:15:06:33 -0400] "GET /lagi-israel-curi-150-jenazah-palestina-setelah-gali-1-100-makam-di-al-tuffah/ HTTP/1.1" 200 194135 "-" "Mozilla/5.0 (compatible; DotBot/1.2; +https://opensiteexplorer.org/dotbot; help@moz.com)"
216.244.66.237 - - [23/Apr/2025:15:33:19 -0400] "GET /robots.txt HTTP/1.1" 200 92 "-" "Mozilla/5.0 (compatible; DotBot/1.2; +https://opensiteexplorer.org/dotbot; help@moz.com)"
216.244.66.237 - - [23/Apr/2025:15:45:06 -0400] "GET /tag/mudik-lebaran HTTP/1.1" 301 0 "-" "Mozilla/5.0 (compatible; DotBot/1.2; +https://opensiteexplorer.org/dotbot; help@moz.com)"
216.244.66.237 - - [23/Apr/2025:15:46:25 -0400] "GET /jemaah-haji-gelombang-pertama-dipulangkan-dari-bandara-jeddah-dan-madinah/feed/ HTTP/1.1" 200 962 "-" "Mozilla/5.0 (compatible; DotBot/1.2; +https://opensiteexplorer.org/dotbot; help@moz.com)"
216.244.66.237 - - [23/Apr/2025:15:47:13 -0400] "GET /tag/park-seo-joon/feed/ HTTP/1.1" 200 5813 "-" "Mozilla/5.0 (compatible; DotBot/1.2; +https://opensiteexplorer.org/dotbot; help@moz.com)"
216.244.66.237 - - [23/Apr/2025:15:56:22 -0400] "GET /page/36/ HTTP/1.1" 200 196822 "-" "Mozilla/5.0 (compatible; DotBot/1.2; +https://opensiteexplorer.org/dotbot; help@moz.com)"
192.64.117.67 - - [23/Apr/2025:15:56:59 -0400] "POST /wp-cron.php?doing_wp_cron=1745438219.1815459728240966796875 HTTP/1.1" 200 0 "-" "WordPress/6.8; https://beritanana4d.com"
216.244.66.237 - - [23/Apr/2025:15:56:58 -0400] "GET /tag/bank-btpn/ HTTP/1.1" 200 169679 "-" "Mozilla/5.0 (compatible; DotBot/1.2; +https://opensiteexplorer.org/dotbot; help@moz.com)"
192.64.117.67 - - [23/Apr/2025:15:58:43 -0400] "POST /wp-cron.php?doing_wp_cron=1745438323.1267049312591552734375 HTTP/1.1" 200 0 "-" "WordPress/6.8; https://beritanana4d.com"
216.244.66.237 - - [23/Apr/2025:15:58:42 -0400] "GET /tag/garuda-wisnu-kencana/ HTTP/1.1" 200 168617 "-" "Mozilla/5.0 (compatible; DotBot/1.2; +https://opensiteexplorer.org/dotbot; help@moz.com)"
216.244.66.237 - - [23/Apr/2025:16:27:14 -0400] "GET /robots.txt HTTP/1.1" 200 92 "-" "Mozilla/5.0 (compatible; DotBot/1.2; +https://opensiteexplorer.org/dotbot; help@moz.com)"
216.244.66.237 - - [23/Apr/2025:16:36:40 -0400] "GET /tag/penyakit-hati/feed/ HTTP/1.1" 200 8730 "-" "Mozilla/5.0 (compatible; DotBot/1.2; +https://opensiteexplorer.org/dotbot; help@moz.com)"
216.244.66.237 - - [23/Apr/2025:16:37:06 -0400] "GET /author/adminmarket/page/5/pastorzip.org HTTP/1.1" 404 166122 "-" "Mozilla/5.0 (compatible; DotBot/1.2; +https://opensiteexplorer.org/dotbot; help@moz.com)"
216.244.66.237 - - [23/Apr/2025:16:43:29 -0400] "GET /tag/tabrakan-maut/ HTTP/1.1" 200 169089 "-" "Mozilla/5.0 (compatible; DotBot/1.2; +https://opensiteexplorer.org/dotbot; help@moz.com)"
216.244.66.237 - - [23/Apr/2025:16:44:18 -0400] "GET /tag/menteri-energi-era-soeharto/ HTTP/1.1" 200 169442 "-" "Mozilla/5.0 (compatible; DotBot/1.2; +https://opensiteexplorer.org/dotbot; help@moz.com)"
192.64.117.67 - - [23/Apr/2025:17:02:24 -0400] "POST /wp-cron.php?doing_wp_cron=1745442142.5879330635070800781250 HTTP/1.1" 200 0 "-" "WordPress/6.8; https://beritanana4d.com"
144.76.133.160 - - [23/Apr/2025:17:02:16 -0400] "GET / HTTP/1.1" 200 55362 "-" "Mozilla/5.0 (Windows NT 10.0; WOW64; rv:45.0) Gecko/20100101 Firefox/45.0"
223.15.245.170 - - [23/Apr/2025:17:13:24 -0400] "GET / HTTP/1.1" 301 0 "-" "Mozilla/5.0 (iPhone; CPU iPhone OS 13_2_3 like Mac OS X) AppleWebKit/605.1.15 (KHTML, like Gecko) Version/13.0.3 Mobile/15E148 Safari/604.1"
223.15.245.170 - - [23/Apr/2025:17:13:32 -0400] "GET / HTTP/1.1" 200 55753 "http://www.beritanana4d.com" "Mozilla/5.0 (iPhone; CPU iPhone OS 13_2_3 like Mac OS X) AppleWebKit/605.1.15 (KHTML, like Gecko) Version/13.0.3 Mobile/15E148 Safari/604.1"
216.244.66.237 - - [23/Apr/2025:17:18:08 -0400] "GET /robots.txt HTTP/1.1" 200 92 "-" "Mozilla/5.0 (compatible; DotBot/1.2; +https://opensiteexplorer.org/dotbot; help@moz.com)"
216.244.66.237 - - [23/Apr/2025:17:28:10 -0400] "GET /harvey-moeis-ternyata-tak-punya-jet-pribadi-selama-ini-hanya-penumpang-ini-pemilik-asli-pesawat/feed/ HTTP/1.1" 200 1030 "-" "Mozilla/5.0 (compatible; DotBot/1.2; +https://opensiteexplorer.org/dotbot; help@moz.com)"
192.64.117.67 - - [23/Apr/2025:17:28:18 -0400] "POST /wp-cron.php?doing_wp_cron=1745443696.4081881046295166015625 HTTP/1.1" 200 0 "-" "WordPress/6.8; https://beritanana4d.com"
216.244.66.237 - - [23/Apr/2025:17:28:25 -0400] "GET /tag/bioskop-bekasi/feed/ HTTP/1.1" 200 5915 "-" "Mozilla/5.0 (compatible; DotBot/1.2; +https://opensiteexplorer.org/dotbot; help@moz.com)"
216.244.66.237 - - [23/Apr/2025:17:28:56 -0400] "GET /tag/cak-imin/feed/ HTTP/1.1" 200 6864 "-" "Mozilla/5.0 (compatible; DotBot/1.2; +https://opensiteexplorer.org/dotbot; help@moz.com)"
192.64.117.67 - - [23/Apr/2025:17:29:30 -0400] "POST /wp-cron.php?doing_wp_cron=1745443768.9410250186920166015625 HTTP/1.1" 200 0 "-" "WordPress/6.8; https://beritanana4d.com"
216.244.66.237 - - [23/Apr/2025:17:29:28 -0400] "GET /tag/emil-audero-mulyadi/feed/ HTTP/1.1" 200 6090 "-" "Mozilla/5.0 (compatible; DotBot/1.2; +https://opensiteexplorer.org/dotbot; help@moz.com)"
216.244.66.237 - - [23/Apr/2025:17:29:59 -0400] "GET /tag/ganjar-azan/feed/ HTTP/1.1" 200 6234 "-" "Mozilla/5.0 (compatible; DotBot/1.2; +https://opensiteexplorer.org/dotbot; help@moz.com)"
216.244.66.237 - - [23/Apr/2025:17:30:32 -0400] "GET /tag/nabire/feed/ HTTP/1.1" 200 8572 "-" "Mozilla/5.0 (compatible; DotBot/1.2; +https://opensiteexplorer.org/dotbot; help@moz.com)"
192.64.117.67 - - [23/Apr/2025:17:30:35 -0400] "POST /wp-cron.php?doing_wp_cron=1745443833.2487850189208984375000 HTTP/1.1" 200 0 "-" "WordPress/6.8; https://beritanana4d.com"
216.244.66.237 - - [23/Apr/2025:17:31:04 -0400] "GET /tag/pengadilan-pajak/feed/ HTTP/1.1" 200 5342 "-" "Mozilla/5.0 (compatible; DotBot/1.2; +https://opensiteexplorer.org/dotbot; help@moz.com)"
216.244.66.237 - - [23/Apr/2025:17:31:36 -0400] "GET /tag/sragen/feed/ HTTP/1.1" 200 10737 "-" "Mozilla/5.0 (compatible; DotBot/1.2; +https://opensiteexplorer.org/dotbot; help@moz.com)"
192.64.117.67 - - [23/Apr/2025:17:31:38 -0400] "POST /wp-cron.php?doing_wp_cron=1745443896.3557350635528564453125 HTTP/1.1" 200 0 "-" "WordPress/6.8; https://beritanana4d.com"
216.244.66.237 - - [23/Apr/2025:17:32:05 -0400] "GET /tag/tangis-ons-jabeur/feed/ HTTP/1.1" 200 6143 "-" "Mozilla/5.0 (compatible; DotBot/1.2; +https://opensiteexplorer.org/dotbot; help@moz.com)"
216.244.66.237 - - [23/Apr/2025:17:32:33 -0400] "GET /tag/di-tengah-peringatan-cuaca-panas/feed/ HTTP/1.1" 200 7749 "-" "Mozilla/5.0 (compatible; DotBot/1.2; +https://opensiteexplorer.org/dotbot; help@moz.com)"
216.244.66.237 - - [23/Apr/2025:17:41:09 -0400] "GET /tag/petr-pavel/ HTTP/1.1" 200 168988 "-" "Mozilla/5.0 (compatible; DotBot/1.2; +https://opensiteexplorer.org/dotbot; help@moz.com)"
216.244.66.237 - - [23/Apr/2025:17:41:54 -0400] "GET /tag/terbesar-m-5/ HTTP/1.1" 200 168822 "-" "Mozilla/5.0 (compatible; DotBot/1.2; +https://opensiteexplorer.org/dotbot; help@moz.com)"
216.244.66.237 - - [23/Apr/2025:17:43:19 -0400] "GET /tag/bahaya-penyakit-infeksi/ HTTP/1.1" 200 169685 "-" "Mozilla/5.0 (compatible; DotBot/1.2; +https://opensiteexplorer.org/dotbot; help@moz.com)"
216.244.66.237 - - [23/Apr/2025:17:43:53 -0400] "GET /tag/gigitan-nyamuk-malaria/ HTTP/1.1" 200 169678 "-" "Mozilla/5.0 (compatible; DotBot/1.2; +https://opensiteexplorer.org/dotbot; help@moz.com)"
170.106.82.209 - - [23/Apr/2025:17:53:44 -0400] "GET / HTTP/1.1" 200 55490 "-" "Mozilla/5.0 (iPhone; CPU iPhone OS 13_2_3 like Mac OS X) AppleWebKit/605.1.15 (KHTML, like Gecko) Version/13.0.3 Mobile/15E148 Safari/604.1"
216.244.66.237 - - [23/Apr/2025:18:04:05 -0400] "GET /robots.txt HTTP/1.1" 200 92 "-" "Mozilla/5.0 (compatible; DotBot/1.2; +https://opensiteexplorer.org/dotbot; help@moz.com)"
216.244.66.237 - - [23/Apr/2025:18:14:48 -0400] "GET /imam-besar-masjid-nabawi-akan-jadi-imam-salat-jumat-di-istiqlal/feed/ HTTP/1.1" 200 932 "-" "Mozilla/5.0 (compatible; DotBot/1.2; +https://opensiteexplorer.org/dotbot; help@moz.com)"
216.244.66.237 - - [23/Apr/2025:18:15:02 -0400] "GET /tag/umk/feed/ HTTP/1.1" 200 5643 "-" "Mozilla/5.0 (compatible; DotBot/1.2; +https://opensiteexplorer.org/dotbot; help@moz.com)"
216.244.66.237 - - [23/Apr/2025:18:15:14 -0400] "GET /tag/indonesia-pindah-ibu-kota/feed/ HTTP/1.1" 200 6395 "-" "Mozilla/5.0 (compatible; DotBot/1.2; +https://opensiteexplorer.org/dotbot; help@moz.com)"
216.244.66.237 - - [23/Apr/2025:18:15:25 -0400] "GET /tag/raksasabidin-napitupulu/feed/ HTTP/1.1" 200 11350 "-" "Mozilla/5.0 (compatible; DotBot/1.2; +https://opensiteexplorer.org/dotbot; help@moz.com)"
43.153.102.138 - - [23/Apr/2025:18:19:26 -0400] "GET / HTTP/1.1" 200 55417 "-" "Mozilla/5.0 (iPhone; CPU iPhone OS 13_2_3 like Mac OS X) AppleWebKit/605.1.15 (KHTML, like Gecko) Version/13.0.3 Mobile/15E148 Safari/604.1"
216.244.66.237 - - [23/Apr/2025:18:30:22 -0400] "GET /tag/ancaman-kesehatan-di-indonesia/ HTTP/1.1" 200 169734 "-" "Mozilla/5.0 (compatible; DotBot/1.2; +https://opensiteexplorer.org/dotbot; help@moz.com)"
49.48.46.38 - - [23/Apr/2025:18:35:08 -0400] "GET /wp-json/wp/v2/posts HTTP/1.1" 200 69866 "-" "Mozilla/5.0 (Windows NT 10.0; Win64; x64) AppleWebKit/537.36 (KHTML, like Gecko) Chrome/120.0.0.0 Safari/537.36"
216.244.66.237 - - [23/Apr/2025:18:50:31 -0400] "GET /robots.txt HTTP/1.1" 200 92 "-" "Mozilla/5.0 (compatible; DotBot/1.2; +https://opensiteexplorer.org/dotbot; help@moz.com)"
192.64.117.67 - - [23/Apr/2025:19:01:12 -0400] "POST /wp-cron.php?doing_wp_cron=1745449270.8562259674072265625000 HTTP/1.1" 200 0 "-" "WordPress/6.8; https://beritanana4d.com"
216.244.66.237 - - [23/Apr/2025:19:01:05 -0400] "GET /tag/shimmer HTTP/1.1" 301 0 "-" "Mozilla/5.0 (compatible; DotBot/1.2; +https://opensiteexplorer.org/dotbot; help@moz.com)"
216.244.66.237 - - [23/Apr/2025:19:15:14 -0400] "GET /tag/esport/ HTTP/1.1" 200 168969 "-" "Mozilla/5.0 (compatible; DotBot/1.2; +https://opensiteexplorer.org/dotbot; help@moz.com)"
216.244.66.237 - - [23/Apr/2025:19:15:54 -0400] "GET /tag/ketamine/ HTTP/1.1" 200 168864 "-" "Mozilla/5.0 (compatible; DotBot/1.2; +https://opensiteexplorer.org/dotbot; help@moz.com)"
216.244.66.237 - - [23/Apr/2025:19:16:31 -0400] "GET /tag/oklahoma/ HTTP/1.1" 200 169033 "-" "Mozilla/5.0 (compatible; DotBot/1.2; +https://opensiteexplorer.org/dotbot; help@moz.com)"
216.244.66.237 - - [23/Apr/2025:19:17:05 -0400] "GET /tag/kelingking-beach/ HTTP/1.1" 200 168589 "-" "Mozilla/5.0 (compatible; DotBot/1.2; +https://opensiteexplorer.org/dotbot; help@moz.com)"
216.244.66.237 - - [23/Apr/2025:19:17:36 -0400] "GET /tag/penularan-hiv-aids/ HTTP/1.1" 200 169650 "-" "Mozilla/5.0 (compatible; DotBot/1.2; +https://opensiteexplorer.org/dotbot; help@moz.com)"
216.244.66.237 - - [23/Apr/2025:19:36:52 -0400] "GET /robots.txt HTTP/1.1" 200 92 "-" "Mozilla/5.0 (compatible; DotBot/1.2; +https://opensiteexplorer.org/dotbot; help@moz.com)"
216.244.66.237 - - [23/Apr/2025:19:50:58 -0400] "GET /tag/elmer-syaherman HTTP/1.1" 301 0 "-" "Mozilla/5.0 (compatible; DotBot/1.2; +https://opensiteexplorer.org/dotbot; help@moz.com)"
216.244.66.237 - - [23/Apr/2025:19:54:53 -0400] "GET /tag/penyakit-mematikan/feed/ HTTP/1.1" 200 10633 "-" "Mozilla/5.0 (compatible; DotBot/1.2; +https://opensiteexplorer.org/dotbot; help@moz.com)"
216.244.66.237 - - [23/Apr/2025:19:55:13 -0400] "GET /tag/realme-gt-6-resmi-dirilis-di-indonesia/feed/ HTTP/1.1" 200 10453 "-" "Mozilla/5.0 (compatible; DotBot/1.2; +https://opensiteexplorer.org/dotbot; help@moz.com)"
216.244.66.237 - - [23/Apr/2025:19:55:30 -0400] "GET /tag/swiss-international-air-lines/feed/ HTTP/1.1" 200 5432 "-" "Mozilla/5.0 (compatible; DotBot/1.2; +https://opensiteexplorer.org/dotbot; help@moz.com)"
216.244.66.237 - - [23/Apr/2025:20:00:53 -0400] "GET /ancaman-mengerikan-adik-kim-jong-un-usai-drone-korsel-masuk-korut/ HTTP/1.1" 200 190293 "-" "Mozilla/5.0 (compatible; DotBot/1.2; +https://opensiteexplorer.org/dotbot; help@moz.com)"
216.244.66.237 - - [23/Apr/2025:20:03:31 -0400] "GET /dimyati-wanita-jangan-dikasih-beban-berat-apalagi-jadi-gubernur/ HTTP/1.1" 200 187649 "-" "Mozilla/5.0 (compatible; DotBot/1.2; +https://opensiteexplorer.org/dotbot; help@moz.com)"
216.244.66.237 - - [23/Apr/2025:20:06:50 -0400] "GET /tag/presiden-jokowi/ HTTP/1.1" 200 172447 "-" "Mozilla/5.0 (compatible; DotBot/1.2; +https://opensiteexplorer.org/dotbot; help@moz.com)"
216.244.66.237 - - [23/Apr/2025:20:08:42 -0400] "GET /tag/arus-lalu-lintas/ HTTP/1.1" 200 169423 "-" "Mozilla/5.0 (compatible; DotBot/1.2; +https://opensiteexplorer.org/dotbot; help@moz.com)"
216.244.66.237 - - [23/Apr/2025:20:09:17 -0400] "GET /tag/infeksi-virus/ HTTP/1.1" 200 169585 "-" "Mozilla/5.0 (compatible; DotBot/1.2; +https://opensiteexplorer.org/dotbot; help@moz.com)"
216.244.66.237 - - [23/Apr/2025:20:09:49 -0400] "GET /tag/oknum-polisi/ HTTP/1.1" 200 169099 "-" "Mozilla/5.0 (compatible; DotBot/1.2; +https://opensiteexplorer.org/dotbot; help@moz.com)"
216.244.66.237 - - [23/Apr/2025:20:10:20 -0400] "GET /tag/pencegahan-infeksi/ HTTP/1.1" 200 169650 "-" "Mozilla/5.0 (compatible; DotBot/1.2; +https://opensiteexplorer.org/dotbot; help@moz.com)"
216.244.66.237 - - [23/Apr/2025:20:10:48 -0400] "GET /tag/kecelakaan-bule-di-bali/ HTTP/1.1" 200 169159 "-" "Mozilla/5.0 (compatible; DotBot/1.2; +https://opensiteexplorer.org/dotbot; help@moz.com)"
77.238.237.38 - - [23/Apr/2025:20:18:10 -0400] "GET /hadiri-debat-capres-tapi-tak-dianggap-nikita-mirzani-merasa-dikucilkan-dongkol-sekali/ HTTP/1.0" 200 189921 "http://beritanana4d.com/hadiri-debat-capres-tapi-tak-dianggap-nikita-mirzani-merasa-dikucilkan-dongkol-sekali/" "Mozilla/5.0 (Windows NT 10.0; Win64; x64) AppleWebKit/537.36 (KHTML, like Gecko) Chrome/131.0.0.0 Safari/537.36 Avast/131.0.0.0"
77.238.237.38 - - [23/Apr/2025:20:18:13 -0400] "POST /wp-comments-post.php HTTP/1.0" 302 0 "http://beritanana4d.com/hadiri-debat-capres-tapi-tak-dianggap-nikita-mirzani-merasa-dikucilkan-dongkol-sekali/" "Mozilla/5.0 (Windows NT 10.0; Win64; x64) AppleWebKit/537.36 (KHTML, like Gecko) Chrome/131.0.0.0 Safari/537.36 Avast/131.0.0.0"
216.244.66.237 - - [23/Apr/2025:20:38:39 -0400] "GET /robots.txt HTTP/1.1" 200 92 "-" "Mozilla/5.0 (compatible; DotBot/1.2; +https://opensiteexplorer.org/dotbot; help@moz.com)"
216.244.66.237 - - [23/Apr/2025:20:48:50 -0400] "GET /tag/boyolali HTTP/1.1" 301 0 "-" "Mozilla/5.0 (compatible; DotBot/1.2; +https://opensiteexplorer.org/dotbot; help@moz.com)"
216.244.66.237 - - [23/Apr/2025:20:48:55 -0400] "GET /tag/kapolda-jateng HTTP/1.1" 301 0 "-" "Mozilla/5.0 (compatible; DotBot/1.2; +https://opensiteexplorer.org/dotbot; help@moz.com)"
216.244.66.237 - - [23/Apr/2025:20:49:58 -0400] "GET /senyum-jokowi-saat-ditanya-tumben-pakai-dasi-kuning/feed/ HTTP/1.1" 200 903 "-" "Mozilla/5.0 (compatible; DotBot/1.2; +https://opensiteexplorer.org/dotbot; help@moz.com)"
216.244.66.237 - - [23/Apr/2025:20:50:30 -0400] "GET /tag/akbp-wiwit-ari-wibisono/feed/ HTTP/1.1" 200 10788 "-" "Mozilla/5.0 (compatible; DotBot/1.2; +https://opensiteexplorer.org/dotbot; help@moz.com)"
216.244.66.237 - - [23/Apr/2025:20:50:35 -0400] "GET /tag/hypermart-hadirkan-penawaran-istimewa/feed/ HTTP/1.1" 200 6516 "-" "Mozilla/5.0 (compatible; DotBot/1.2; +https://opensiteexplorer.org/dotbot; help@moz.com)"
216.244.66.237 - - [23/Apr/2025:20:50:40 -0400] "GET /tag/insulin/feed/ HTTP/1.1" 200 8599 "-" "Mozilla/5.0 (compatible; DotBot/1.2; +https://opensiteexplorer.org/dotbot; help@moz.com)"
216.244.66.237 - - [23/Apr/2025:20:53:56 -0400] "GET /elektabilitas-ganjar-mahfud-kerap-tertinggal-begini-komentar-puan-maharani/ HTTP/1.1" 200 192948 "-" "Mozilla/5.0 (compatible; DotBot/1.2; +https://opensiteexplorer.org/dotbot; help@moz.com)"
216.244.66.237 - - [23/Apr/2025:21:04:58 -0400] "GET /tag/cawapres/ HTTP/1.1" 200 175740 "-" "Mozilla/5.0 (compatible; DotBot/1.2; +https://opensiteexplorer.org/dotbot; help@moz.com)"
216.244.66.237 - - [23/Apr/2025:21:11:04 -0400] "GET /tag/penipuan-tiket-coldplay/ HTTP/1.1" 200 169346 "-" "Mozilla/5.0 (compatible; DotBot/1.2; +https://opensiteexplorer.org/dotbot; help@moz.com)"
216.244.66.237 - - [23/Apr/2025:21:24:25 -0400] "GET /robots.txt HTTP/1.1" 200 92 "-" "Mozilla/5.0 (compatible; DotBot/1.2; +https://opensiteexplorer.org/dotbot; help@moz.com)"
198.204.240.42 - - [23/Apr/2025:21:26:31 -0400] "GET /index.php?params=1 HTTP/1.1" 301 0 "-" "Mozilla/5.0 (Windows NT 10.0; Win64; x64) AppleWebKit/537.36 (KHTML, like Gecko) Chrome/91.0.4472.106 Safari/537.36"
198.204.240.42 - - [23/Apr/2025:21:26:32 -0400] "GET /?params=1 HTTP/1.1" 200 232775 "-" "Mozilla/5.0 (Windows NT 10.0; Win64; x64) AppleWebKit/537.36 (KHTML, like Gecko) Chrome/91.0.4472.106 Safari/537.36"
216.244.66.237 - - [23/Apr/2025:21:36:57 -0400] "GET /glodok-plaza-kebakaran-belasan-unit-damkar-masih-lakukan-pendinginan-pagi-ini/ HTTP/1.1" 200 181805 "-" "Mozilla/5.0 (compatible; DotBot/1.2; +https://opensiteexplorer.org/dotbot; help@moz.com)"
216.244.66.237 - - [23/Apr/2025:21:38:20 -0400] "GET /reaksi-dunia-atas-serangan-israel-di-rafah-jubir-mahmoud-abbas-hingga-perancis/feed/ HTTP/1.1" 200 978 "-" "Mozilla/5.0 (compatible; DotBot/1.2; +https://opensiteexplorer.org/dotbot; help@moz.com)"
216.244.66.237 - - [23/Apr/2025:21:39:03 -0400] "GET /tag/hallyu/feed/ HTTP/1.1" 200 7147 "-" "Mozilla/5.0 (compatible; DotBot/1.2; +https://opensiteexplorer.org/dotbot; help@moz.com)"
216.244.66.237 - - [23/Apr/2025:21:39:26 -0400] "GET /tag/penularan-tb/feed/ HTTP/1.1" 200 10615 "-" "Mozilla/5.0 (compatible; DotBot/1.2; +https://opensiteexplorer.org/dotbot; help@moz.com)"
43.155.129.131 - - [23/Apr/2025:21:45:36 -0400] "GET / HTTP/1.1" 301 0 "-" "Mozilla/5.0 (iPhone; CPU iPhone OS 13_2_3 like Mac OS X) AppleWebKit/605.1.15 (KHTML, like Gecko) Version/13.0.3 Mobile/15E148 Safari/604.1"
43.155.129.131 - - [23/Apr/2025:21:45:46 -0400] "GET / HTTP/1.1" 200 55238 "http://www.beritanana4d.com" "Mozilla/5.0 (iPhone; CPU iPhone OS 13_2_3 like Mac OS X) AppleWebKit/605.1.15 (KHTML, like Gecko) Version/13.0.3 Mobile/15E148 Safari/604.1"
113.219.218.197 - - [23/Apr/2025:21:52:40 -0400] "GET / HTTP/1.1" 200 20812 "-" "Mozilla/5.0 (iPhone; CPU iPhone OS 13_2_3 like Mac OS X) AppleWebKit/605.1.15 (KHTML, like Gecko) Version/13.0.3 Mobile/15E148 Safari/604.1"
216.244.66.237 - - [23/Apr/2025:21:53:21 -0400] "GET /tag/drone-dome/ HTTP/1.1" 200 169061 "-" "Mozilla/5.0 (compatible; DotBot/1.2; +https://opensiteexplorer.org/dotbot; help@moz.com)"
216.244.66.237 - - [23/Apr/2025:21:54:21 -0400] "GET /tag/malaria-tropis/ HTTP/1.1" 200 169622 "-" "Mozilla/5.0 (compatible; DotBot/1.2; +https://opensiteexplorer.org/dotbot; help@moz.com)"
216.244.66.237 - - [23/Apr/2025:21:56:31 -0400] "GET /page/102/ HTTP/1.1" 200 196392 "-" "Mozilla/5.0 (compatible; DotBot/1.2; +https://opensiteexplorer.org/dotbot; help@moz.com)"
216.244.66.237 - - [23/Apr/2025:22:11:17 -0400] "GET /robots.txt HTTP/1.1" 200 92 "-" "Mozilla/5.0 (compatible; DotBot/1.2; +https://opensiteexplorer.org/dotbot; help@moz.com)"
216.244.66.237 - - [23/Apr/2025:22:22:35 -0400] "GET /tag/belgorod HTTP/1.1" 301 0 "-" "Mozilla/5.0 (compatible; DotBot/1.2; +https://opensiteexplorer.org/dotbot; help@moz.com)"
216.244.66.237 - - [23/Apr/2025:22:23:00 -0400] "GET /tag/timnas-amin HTTP/1.1" 301 0 "-" "Mozilla/5.0 (compatible; DotBot/1.2; +https://opensiteexplorer.org/dotbot; help@moz.com)"
216.244.66.237 - - [23/Apr/2025:22:25:03 -0400] "GET /tag/gunung-semeru/feed/ HTTP/1.1" 200 6342 "-" "Mozilla/5.0 (compatible; DotBot/1.2; +https://opensiteexplorer.org/dotbot; help@moz.com)"
216.244.66.237 - - [23/Apr/2025:22:25:40 -0400] "GET /tag/krimea/feed/ HTTP/1.1" 200 6302 "-" "Mozilla/5.0 (compatible; DotBot/1.2; +https://opensiteexplorer.org/dotbot; help@moz.com)"
216.244.66.237 - - [23/Apr/2025:22:29:08 -0400] "GET /kesaksian-korban-selamat-pesta-miras-oplosan-di-semarang-4-orang-tewas-dalam-2-hari/ HTTP/1.1" 200 189914 "-" "Mozilla/5.0 (compatible; DotBot/1.2; +https://opensiteexplorer.org/dotbot; help@moz.com)"
54.183.4.117 - - [23/Apr/2025:22:30:48 -0400] "GET / HTTP/1.1" 200 14101 "-" "Mozilla/5.0 (X11; Linux x86_64) AppleWebKit/537.36 (KHTML, like Gecko) Chrome/51.0.2704.103 Safari/537.36"
196.251.116.108 - - [23/Apr/2025:22:32:28 -0400] "GET /geju.php HTTP/1.1" 404 47047 "-" "Mozlila/5.0 (Linux; Android 7.0; SM-G892A Bulid/NRD90M; wv) AppleWebKit/537.36 (KHTML, like Gecko) Version/4.0 Chrome/60.0.3112.107 Moblie Safari/537.36"
142.54.189.122 - - [23/Apr/2025:22:35:35 -0400] "GET /index.php?params HTTP/1.1" 301 0 "-" "Mozilla/5.0 (Windows NT 10.0; Win64; x64) AppleWebKit/537.36 (KHTML, like Gecko) Chrome/91.0.4472.106 Safari/537.36"
142.54.189.122 - - [23/Apr/2025:22:35:39 -0400] "GET /?params HTTP/1.1" 200 233038 "-" "Mozilla/5.0 (Windows NT 10.0; Win64; x64) AppleWebKit/537.36 (KHTML, like Gecko) Chrome/91.0.4472.106 Safari/537.36"
216.244.66.237 - - [23/Apr/2025:22:36:03 -0400] "GET /tag/pasien-covid-19/ HTTP/1.1" 200 169056 "-" "Mozilla/5.0 (compatible; DotBot/1.2; +https://opensiteexplorer.org/dotbot; help@moz.com)"
216.244.66.237 - - [23/Apr/2025:22:39:49 -0400] "GET /tag/satoshi-mochizuki/ HTTP/1.1" 200 169393 "-" "Mozilla/5.0 (compatible; DotBot/1.2; +https://opensiteexplorer.org/dotbot; help@moz.com)"
216.244.66.237 - - [23/Apr/2025:22:40:51 -0400] "GET /author/adminmarket/page/68/ HTTP/1.1" 200 201173 "-" "Mozilla/5.0 (compatible; DotBot/1.2; +https://opensiteexplorer.org/dotbot; help@moz.com)"
196.251.116.108 - - [23/Apr/2025:22:51:06 -0400] "GET /wp-content/plugins/about.php HTTP/1.1" 404 46956 "-" "Mozlila/5.0 (Linux; Android 7.0; SM-G892A Bulid/NRD90M; wv) AppleWebKit/537.36 (KHTML, like Gecko) Version/4.0 Chrome/60.0.3112.107 Moblie Safari/537.36"
216.244.66.237 - - [23/Apr/2025:22:56:42 -0400] "GET /robots.txt HTTP/1.1" 200 92 "-" "Mozilla/5.0 (compatible; DotBot/1.2; +https://opensiteexplorer.org/dotbot; help@moz.com)"
196.251.116.108 - - [23/Apr/2025:22:57:22 -0400] "GET /wp.php HTTP/1.1" 404 46951 "-" "Mozlila/5.0 (Linux; Android 7.0; SM-G892A Bulid/NRD90M; wv) AppleWebKit/537.36 (KHTML, like Gecko) Version/4.0 Chrome/60.0.3112.107 Moblie Safari/537.36"
216.244.66.237 - - [23/Apr/2025:23:08:35 -0400] "GET /tag/gaya-hidup-sehat/feed/ HTTP/1.1" 200 8626 "-" "Mozilla/5.0 (compatible; DotBot/1.2; +https://opensiteexplorer.org/dotbot; help@moz.com)"
216.244.66.237 - - [23/Apr/2025:23:14:15 -0400] "GET /tag/29-pemain-timnas-indonesia/ HTTP/1.1" 200 169006 "-" "Mozilla/5.0 (compatible; DotBot/1.2; +https://opensiteexplorer.org/dotbot; help@moz.com)"
216.244.66.237 - - [23/Apr/2025:23:14:45 -0400] "GET /tag/polisi-anti-narkotika/ HTTP/1.1" 200 169322 "-" "Mozilla/5.0 (compatible; DotBot/1.2; +https://opensiteexplorer.org/dotbot; help@moz.com)"
216.244.66.237 - - [23/Apr/2025:23:17:40 -0400] "GET /tag/perang-rusia-ukraina-hari-ke-857-moskow-gempur-blok-apartemen-dnipro/ HTTP/1.1" 200 169457 "-" "Mozilla/5.0 (compatible; DotBot/1.2; +https://opensiteexplorer.org/dotbot; help@moz.com)"
216.244.66.237 - - [23/Apr/2025:23:23:09 -0400] "GET /tag/istri-sambo/ HTTP/1.1" 200 169134 "-" "Mozilla/5.0 (compatible; DotBot/1.2; +https://opensiteexplorer.org/dotbot; help@moz.com)"
216.244.66.237 - - [23/Apr/2025:23:23:44 -0400] "GET /tag/omar-bolat/ HTTP/1.1" 200 168949 "-" "Mozilla/5.0 (compatible; DotBot/1.2; +https://opensiteexplorer.org/dotbot; help@moz.com)"
216.244.66.237 - - [23/Apr/2025:23:25:37 -0400] "GET /tag/tb-resisten-obat/ HTTP/1.1" 200 169516 "-" "Mozilla/5.0 (compatible; DotBot/1.2; +https://opensiteexplorer.org/dotbot; help@moz.com)"
216.244.66.237 - - [23/Apr/2025:23:41:28 -0400] "GET /robots.txt HTTP/1.1" 200 92 "-" "Mozilla/5.0 (compatible; DotBot/1.2; +https://opensiteexplorer.org/dotbot; help@moz.com)"
216.244.66.237 - - [23/Apr/2025:23:47:17 -0400] "GET /tag/rt/feed/ HTTP/1.1" 200 5775 "-" "Mozilla/5.0 (compatible; DotBot/1.2; +https://opensiteexplorer.org/dotbot; help@moz.com)"
216.244.66.237 - - [23/Apr/2025:23:49:09 -0400] "GET /page/90/?rgcid&rx_p HTTP/1.1" 200 199048 "-" "Mozilla/5.0 (compatible; DotBot/1.2; +https://opensiteexplorer.org/dotbot; help@moz.com)"
216.244.66.237 - - [23/Apr/2025:23:49:39 -0400] "GET /tag/suhu-dingin-0-derajat-celcius/ HTTP/1.1" 200 168990 "-" "Mozilla/5.0 (compatible; DotBot/1.2; +https://opensiteexplorer.org/dotbot; help@moz.com)"
216.244.66.237 - - [23/Apr/2025:23:52:22 -0400] "GET /tag/jember HTTP/1.1" 301 0 "-" "Mozilla/5.0 (compatible; DotBot/1.2; +https://opensiteexplorer.org/dotbot; help@moz.com)"
216.244.66.237 - - [23/Apr/2025:23:54:55 -0400] "GET /tag/lee-sun-kyun-meninggal/ HTTP/1.1" 200 169183 "-" "Mozilla/5.0 (compatible; DotBot/1.2; +https://opensiteexplorer.org/dotbot; help@moz.com)"
216.244.66.237 - - [23/Apr/2025:23:57:51 -0400] "GET /tag/dilakukan-disposal-usai-lebaran/ HTTP/1.1" 200 169747 "-" "Mozilla/5.0 (compatible; DotBot/1.2; +https://opensiteexplorer.org/dotbot; help@moz.com)"
216.244.66.237 - - [23/Apr/2025:23:58:20 -0400] "GET /tag/rohingya-aceh/ HTTP/1.1" 200 169328 "-" "Mozilla/5.0 (compatible; DotBot/1.2; +https://opensiteexplorer.org/dotbot; help@moz.com)"
216.244.66.237 - - [24/Apr/2025:00:25:07 -0400] "GET /robots.txt HTTP/1.1" 200 92 "-" "Mozilla/5.0 (compatible; DotBot/1.2; +https://opensiteexplorer.org/dotbot; help@moz.com)"
209.38.248.17 - - [24/Apr/2025:00:33:41 -0400] "GET / HTTP/1.1" 200 0 "-" "-"
146.19.215.32 - - [24/Apr/2025:00:35:10 -0400] "GET /admin.php?520 HTTP/1.1" 200 114 "-" "Mozilla/5.0 (Windows; U; Windows NT 6.1; en-US; rv:1.9.1.5) Gecko/20091102 Firefox/3.5.5 (.NET CLR 3.5.30729)"
216.244.66.237 - - [24/Apr/2025:00:35:57 -0400] "GET /tag/amerika-serikat/page/2/ HTTP/1.1" 200 179188 "-" "Mozilla/5.0 (compatible; DotBot/1.2; +https://opensiteexplorer.org/dotbot; help@moz.com)"
216.244.66.237 - - [24/Apr/2025:00:36:35 -0400] "GET /tag/demam-tinggi/ HTTP/1.1" 200 169428 "-" "Mozilla/5.0 (compatible; DotBot/1.2; +https://opensiteexplorer.org/dotbot; help@moz.com)"
216.244.66.237 - - [24/Apr/2025:00:41:57 -0400] "GET /tag/lebaran-2024/ HTTP/1.1" 200 172575 "-" "Mozilla/5.0 (compatible; DotBot/1.2; +https://opensiteexplorer.org/dotbot; help@moz.com)"
216.244.66.237 - - [24/Apr/2025:00:42:38 -0400] "GET /tag/penjara-israel/ HTTP/1.1" 200 169542 "-" "Mozilla/5.0 (compatible; DotBot/1.2; +https://opensiteexplorer.org/dotbot; help@moz.com)"
43.159.128.155 - - [24/Apr/2025:01:02:35 -0400] "GET / HTTP/1.1" 200 20870 "-" "Mozilla/5.0 (iPhone; CPU iPhone OS 13_2_3 like Mac OS X) AppleWebKit/605.1.15 (KHTML, like Gecko) Version/13.0.3 Mobile/15E148 Safari/604.1"
216.244.66.237 - - [24/Apr/2025:01:08:42 -0400] "GET /robots.txt HTTP/1.1" 200 92 "-" "Mozilla/5.0 (compatible; DotBot/1.2; +https://opensiteexplorer.org/dotbot; help@moz.com)"
216.244.66.237 - - [24/Apr/2025:01:15:11 -0400] "GET /tag/youtube-wild-carlos-appeared HTTP/1.1" 301 0 "-" "Mozilla/5.0 (compatible; DotBot/1.2; +https://opensiteexplorer.org/dotbot; help@moz.com)"
216.244.66.237 - - [24/Apr/2025:01:20:48 -0400] "GET /tag/fogging/ HTTP/1.1" 200 169393 "-" "Mozilla/5.0 (compatible; DotBot/1.2; +https://opensiteexplorer.org/dotbot; help@moz.com)"
216.244.66.237 - - [24/Apr/2025:01:23:37 -0400] "GET /tag/anthony-norman-lianto/ HTTP/1.1" 200 169316 "-" "Mozilla/5.0 (compatible; DotBot/1.2; +https://opensiteexplorer.org/dotbot; help@moz.com)"
192.64.117.67 - - [24/Apr/2025:01:27:03 -0400] "POST /wp-cron.php?doing_wp_cron=1745472423.1588449478149414062500 HTTP/1.1" 200 0 "-" "WordPress/6.8; https://beritanana4d.com"
216.244.66.237 - - [24/Apr/2025:01:27:02 -0400] "GET /tag/ice-cold/ HTTP/1.1" 200 169098 "-" "Mozilla/5.0 (compatible; DotBot/1.2; +https://opensiteexplorer.org/dotbot; help@moz.com)"
216.244.66.237 - - [24/Apr/2025:01:54:06 -0400] "GET /robots.txt HTTP/1.1" 200 92 "-" "Mozilla/5.0 (compatible; DotBot/1.2; +https://opensiteexplorer.org/dotbot; help@moz.com)"
142.54.189.122 - - [24/Apr/2025:01:57:53 -0400] "GET /index.php?params HTTP/1.1" 200 349 "-" "Mozilla/5.0 (Windows NT 10.0; Win64; x64) AppleWebKit/537.36 (KHTML, like Gecko) Chrome/91.0.4472.106 Safari/537.36"
216.244.66.237 - - [24/Apr/2025:02:00:46 -0400] "GET /tag/malangnya-nasib-suci/feed/ HTTP/1.1" 200 0 "-" "Mozilla/5.0 (compatible; DotBot/1.2; +https://opensiteexplorer.org/dotbot; help@moz.com)"
216.244.66.237 - - [24/Apr/2025:02:03:06 -0400] "GET /tag/gejala-hepatitis/ HTTP/1.1" 200 0 "-" "Mozilla/5.0 (compatible; DotBot/1.2; +https://opensiteexplorer.org/dotbot; help@moz.com)"
216.244.66.237 - - [24/Apr/2025:02:11:19 -0400] "GET /tag/rupiah-terus-melemah/ HTTP/1.1" 200 0 "-" "Mozilla/5.0 (compatible; DotBot/1.2; +https://opensiteexplorer.org/dotbot; help@moz.com)"
103.111.44.233 - - [24/Apr/2025:02:11:53 -0400] "GET /wp-json/wp/v2/posts HTTP/1.1" 200 0 "-" "Mozilla/5.0 (Windows NT 10.0; Win64; x64) AppleWebKit/537.36 (KHTML, like Gecko) Chrome/120.0.0.0 Safari/537.36"
216.244.66.237 - - [24/Apr/2025:02:15:39 -0400] "GET /tag/peluang-anies-dan-ganjar-menang/ HTTP/1.1" 200 0 "-" "Mozilla/5.0 (compatible; DotBot/1.2; +https://opensiteexplorer.org/dotbot; help@moz.com)"
216.244.66.237 - - [24/Apr/2025:02:38:38 -0400] "GET /robots.txt HTTP/1.1" 200 92 "-" "Mozilla/5.0 (compatible; DotBot/1.2; +https://opensiteexplorer.org/dotbot; help@moz.com)"
216.244.66.237 - - [24/Apr/2025:02:45:04 -0400] "GET /tag/gejala-demam-berdarah/feed/ HTTP/1.1" 200 0 "-" "Mozilla/5.0 (compatible; DotBot/1.2; +https://opensiteexplorer.org/dotbot; help@moz.com)"
216.244.66.237 - - [24/Apr/2025:02:47:22 -0400] "GET /tag/nonton-bareng/ HTTP/1.1" 200 0 "-" "Mozilla/5.0 (compatible; DotBot/1.2; +https://opensiteexplorer.org/dotbot; help@moz.com)"
216.244.66.237 - - [24/Apr/2025:02:47:42 -0400] "GET /2023/page/30/ HTTP/1.1" 200 0 "-" "Mozilla/5.0 (compatible; DotBot/1.2; +https://opensiteexplorer.org/dotbot; help@moz.com)"
216.244.66.237 - - [24/Apr/2025:02:48:01 -0400] "GET /tag/ancaman-tujuh-tahun-penjara/ HTTP/1.1" 200 0 "-" "Mozilla/5.0 (compatible; DotBot/1.2; +https://opensiteexplorer.org/dotbot; help@moz.com)"
216.244.66.237 - - [24/Apr/2025:02:48:17 -0400] "GET /tag/waspada-penyakit-menular/ HTTP/1.1" 200 0 "-" "Mozilla/5.0 (compatible; DotBot/1.2; +https://opensiteexplorer.org/dotbot; help@moz.com)"
216.244.66.237 - - [24/Apr/2025:02:49:22 -0400] "GET /tag/pemain-muda-tergusur/ HTTP/1.1" 200 0 "-" "Mozilla/5.0 (compatible; DotBot/1.2; +https://opensiteexplorer.org/dotbot; help@moz.com)"
216.244.66.237 - - [24/Apr/2025:03:22:21 -0400] "GET /robots.txt HTTP/1.1" 200 92 "-" "Mozilla/5.0 (compatible; DotBot/1.2; +https://opensiteexplorer.org/dotbot; help@moz.com)"
136.243.228.179 - - [24/Apr/2025:03:27:32 -0400] "GET /robots.txt HTTP/1.1" 200 92 "-" "Mozilla/5.0 (compatible; DataForSeoBot/1.0; +https://dataforseo.com/dataforseo-bot)"
136.243.228.179 - - [24/Apr/2025:03:27:34 -0400] "GET /robots.txt HTTP/1.1" 200 92 "-" "Mozilla/5.0 (compatible; DataForSeoBot/1.0; +https://dataforseo.com/dataforseo-bot)"
216.244.66.237 - - [24/Apr/2025:03:34:29 -0400] "GET /author/adminmarket/page/52/ HTTP/1.1" 200 0 "-" "Mozilla/5.0 (compatible; DotBot/1.2; +https://opensiteexplorer.org/dotbot; help@moz.com)"
216.244.66.237 - - [24/Apr/2025:03:34:37 -0400] "GET /page/61/?rgcid&rx_p HTTP/1.1" 200 0 "-" "Mozilla/5.0 (compatible; DotBot/1.2; +https://opensiteexplorer.org/dotbot; help@moz.com)"
216.244.66.237 - - [24/Apr/2025:03:34:43 -0400] "GET /tag/resep-es-pisang-ijo/ HTTP/1.1" 200 0 "-" "Mozilla/5.0 (compatible; DotBot/1.2; +https://opensiteexplorer.org/dotbot; help@moz.com)"
216.244.66.237 - - [24/Apr/2025:04:06:29 -0400] "GET /robots.txt HTTP/1.1" 200 92 "-" "Mozilla/5.0 (compatible; DotBot/1.2; +https://opensiteexplorer.org/dotbot; help@moz.com)"
216.244.66.237 - - [24/Apr/2025:04:17:00 -0400] "GET /author/adminmarket/page/30/ HTTP/1.1" 200 0 "-" "Mozilla/5.0 (compatible; DotBot/1.2; +https://opensiteexplorer.org/dotbot; help@moz.com)"
175.6.217.4 - - [24/Apr/2025:04:40:57 -0400] "GET / HTTP/1.1" 200 0 "-" "Mozilla/5.0 (iPhone; CPU iPhone OS 13_2_3 like Mac OS X) AppleWebKit/605.1.15 (KHTML, like Gecko) Version/13.0.3 Mobile/15E148 Safari/604.1"
216.244.66.237 - - [24/Apr/2025:04:51:02 -0400] "GET /robots.txt HTTP/1.1" 200 92 "-" "Mozilla/5.0 (compatible; DotBot/1.2; +https://opensiteexplorer.org/dotbot; help@moz.com)"
49.51.180.2 - - [24/Apr/2025:04:52:30 -0400] "GET / HTTP/1.1" 200 0 "-" "Mozilla/5.0 (iPhone; CPU iPhone OS 13_2_3 like Mac OS X) AppleWebKit/605.1.15 (KHTML, like Gecko) Version/13.0.3 Mobile/15E148 Safari/604.1"
216.244.66.237 - - [24/Apr/2025:04:57:38 -0400] "GET /tag/jisoo/feed/ HTTP/1.1" 200 0 "-" "Mozilla/5.0 (compatible; DotBot/1.2; +https://opensiteexplorer.org/dotbot; help@moz.com)"
216.244.66.237 - - [24/Apr/2025:04:57:44 -0400] "GET /tag/keracunan-ac-mobil/feed/ HTTP/1.1" 200 0 "-" "Mozilla/5.0 (compatible; DotBot/1.2; +https://opensiteexplorer.org/dotbot; help@moz.com)"
216.244.66.237 - - [24/Apr/2025:04:57:51 -0400] "GET /tag/pp-muhammadiyah-masih-pertimbangkan-sisi-positif-negatifnya/feed/ HTTP/1.1" 200 0 "-" "Mozilla/5.0 (compatible; DotBot/1.2; +https://opensiteexplorer.org/dotbot; help@moz.com)"
216.244.66.237 - - [24/Apr/2025:05:00:34 -0400] "GET /tag/kalahkan-joe-biden/ HTTP/1.1" 200 0 "-" "Mozilla/5.0 (compatible; DotBot/1.2; +https://opensiteexplorer.org/dotbot; help@moz.com)"
216.244.66.237 - - [24/Apr/2025:05:00:43 -0400] "GET /tag/shio-beruntung-2024/ HTTP/1.1" 200 0 "-" "Mozilla/5.0 (compatible; DotBot/1.2; +https://opensiteexplorer.org/dotbot; help@moz.com)"
216.244.66.237 - - [24/Apr/2025:05:01:06 -0400] "GET /tag/penyekapan/ HTTP/1.1" 200 0 "-" "Mozilla/5.0 (compatible; DotBot/1.2; +https://opensiteexplorer.org/dotbot; help@moz.com)"
216.244.66.237 - - [24/Apr/2025:05:02:25 -0400] "GET /author/adminmarket/page/35/ HTTP/1.1" 200 0 "-" "Mozilla/5.0 (compatible; DotBot/1.2; +https://opensiteexplorer.org/dotbot; help@moz.com)"
216.244.66.237 - - [24/Apr/2025:05:02:40 -0400] "GET /tag/belum-bisa-bertemu/ HTTP/1.1" 200 0 "-" "Mozilla/5.0 (compatible; DotBot/1.2; +https://opensiteexplorer.org/dotbot; help@moz.com)"
216.244.66.237 - - [24/Apr/2025:05:05:31 -0400] "GET /tag/liga-voli-korea/ HTTP/1.1" 200 0 "-" "Mozilla/5.0 (compatible; DotBot/1.2; +https://opensiteexplorer.org/dotbot; help@moz.com)"
216.244.66.237 - - [24/Apr/2025:05:05:45 -0400] "GET /tag/madura/ HTTP/1.1" 200 0 "-" "Mozilla/5.0 (compatible; DotBot/1.2; +https://opensiteexplorer.org/dotbot; help@moz.com)"
216.244.66.237 - - [24/Apr/2025:05:34:51 -0400] "GET /robots.txt HTTP/1.1" 200 92 "-" "Mozilla/5.0 (compatible; DotBot/1.2; +https://opensiteexplorer.org/dotbot; help@moz.com)"
216.244.66.237 - - [24/Apr/2025:05:41:07 -0400] "GET /tag/bella-damaika HTTP/1.1" 200 0 "-" "Mozilla/5.0 (compatible; DotBot/1.2; +https://opensiteexplorer.org/dotbot; help@moz.com)"
216.244.66.237 - - [24/Apr/2025:05:41:37 -0400] "GET /tag/makassar/feed/ HTTP/1.1" 200 0 "-" "Mozilla/5.0 (compatible; DotBot/1.2; +https://opensiteexplorer.org/dotbot; help@moz.com)"
216.244.66.237 - - [24/Apr/2025:05:42:11 -0400] "GET /tag/wulan-guritno/feed/ HTTP/1.1" 200 0 "-" "Mozilla/5.0 (compatible; DotBot/1.2; +https://opensiteexplorer.org/dotbot; help@moz.com)"
216.244.66.237 - - [24/Apr/2025:05:45:40 -0400] "GET /tag/jangan-sampai-kesempatan-mereka-belajar-hilang/ HTTP/1.1" 200 0 "-" "Mozilla/5.0 (compatible; DotBot/1.2; +https://opensiteexplorer.org/dotbot; help@moz.com)"
216.244.66.237 - - [24/Apr/2025:06:18:22 -0400] "GET /robots.txt HTTP/1.1" 200 92 "-" "Mozilla/5.0 (compatible; DotBot/1.2; +https://opensiteexplorer.org/dotbot; help@moz.com)"
216.244.66.237 - - [24/Apr/2025:06:25:12 -0400] "GET /tag/jusuf-kalla-sebut-generasi-muda-perlu-jadikan-sosok-tanri-abeng-sebagai-teladan/feed/ HTTP/1.1" 200 0 "-" "Mozilla/5.0 (compatible; DotBot/1.2; +https://opensiteexplorer.org/dotbot; help@moz.com)"
216.244.66.237 - - [24/Apr/2025:06:28:35 -0400] "GET /page/64/?utm_id=1395027533&eff_cpt=22633982 HTTP/1.1" 200 0 "-" "Mozilla/5.0 (compatible; DotBot/1.2; +https://opensiteexplorer.org/dotbot; help@moz.com)"
216.244.66.237 - - [24/Apr/2025:06:30:57 -0400] "GET /tag/3-panel-hakim-mk/ HTTP/1.1" 200 0 "-" "Mozilla/5.0 (compatible; DotBot/1.2; +https://opensiteexplorer.org/dotbot; help@moz.com)"
216.244.66.237 - - [24/Apr/2025:06:31:21 -0400] "GET /tag/prevalensi-meningkat/ HTTP/1.1" 200 0 "-" "Mozilla/5.0 (compatible; DotBot/1.2; +https://opensiteexplorer.org/dotbot; help@moz.com)"
216.244.66.237 - - [24/Apr/2025:06:34:52 -0400] "GET /tag/partai-solidaritas-indonesia-psi/ HTTP/1.1" 200 0 "-" "Mozilla/5.0 (compatible; DotBot/1.2; +https://opensiteexplorer.org/dotbot; help@moz.com)"
194.38.23.16 - - [24/Apr/2025:06:41:40 -0400] "GET /sites/all/modules/elfinder/connectors/php/connector.php HTTP/1.1" 200 0 "-" "ALittle Client"
216.244.66.237 - - [24/Apr/2025:07:01:43 -0400] "GET /robots.txt HTTP/1.1" 200 92 "-" "Mozilla/5.0 (compatible; DotBot/1.2; +https://opensiteexplorer.org/dotbot; help@moz.com)"
216.244.66.237 - - [24/Apr/2025:07:14:10 -0400] "GET /tag/damaskus/ HTTP/1.1" 200 0 "-" "Mozilla/5.0 (compatible; DotBot/1.2; +https://opensiteexplorer.org/dotbot; help@moz.com)"
192.151.144.210 - - [24/Apr/2025:07:33:21 -0400] "GET /?testPage HTTP/1.1" 200 62 "-" "Mozilla/5.0 (compatible; Googlebot/2.1; +http://www.google.com/bot.html)"
192.151.144.210 - - [24/Apr/2025:07:33:23 -0400] "GET /?testPage HTTP/1.1" 200 0 "-" "Mozilla/5.0 (Windows NT 10.0; Win64; x64) AppleWebKit/537.36 (KHTML, like Gecko) Chrome/125.0.0.0 Safari/537.36"
43.166.244.251 - - [24/Apr/2025:07:41:38 -0400] "GET / HTTP/1.1" 200 0 "-" "Mozilla/5.0 (iPhone; CPU iPhone OS 13_2_3 like Mac OS X) AppleWebKit/605.1.15 (KHTML, like Gecko) Version/13.0.3 Mobile/15E148 Safari/604.1"
34.59.140.203 - - [24/Apr/2025:07:49:48 -0400] "GET /media/system/js/core.js HTTP/1.1" 200 0 "-" "Mozilla/5.0 (Macintosh; Intel Mac OS X 10_10_1) AppleWebKit/537.36 (KHTML, like Gecko) Chrome/39.0.2171.95 Safari/537.36"
34.59.140.203 - - [24/Apr/2025:07:49:51 -0400] "GET /wp-includes/js/jquery/jquery.js HTTP/1.1" 200 102492 "-" "Mozilla/5.0 (Macintosh; Intel Mac OS X 10_10_1) AppleWebKit/537.36 (KHTML, like Gecko) Chrome/39.0.2171.95 Safari/537.36"
52.167.144.18 - - [24/Apr/2025:07:59:10 -0400] "GET / HTTP/1.1" 200 19683 "-" "Mozilla/5.0 AppleWebKit/537.36 (KHTML, like Gecko; compatible; bingbot/2.0; +http://www.bing.com/bingbot.htm) Chrome/116.0.1938.76 Safari/537.36"
46.250.232.244 - - [24/Apr/2025:07:59:40 -0400] "GET /sftp-config.json HTTP/1.1" 403 1242 "-" "Mozilla/5.0 (Macintosh; Intel Mac OS X 10.15; rv:77.0) Gecko/20100101 Firefox/77.0"
46.250.232.244 - - [24/Apr/2025:07:59:41 -0400] "GET /.vscode/sftp.json HTTP/1.1" 200 0 "-" "Mozilla/5.0 (Macintosh; Intel Mac OS X 10.15; rv:77.0) Gecko/20100101 Firefox/77.0"
49.7.227.204 - - [24/Apr/2025:08:03:33 -0400] "GET / HTTP/1.1" 200 0 "-" "Mozilla/5.0 (iPhone; CPU iPhone OS 13_2_3 like Mac OS X) AppleWebKit/605.1.15 (KHTML, like Gecko) Version/13.0.3 Mobile/15E148 Safari/604.1"
216.244.66.237 - - [24/Apr/2025:08:30:37 -0400] "GET /robots.txt HTTP/1.1" 200 92 "-" "Mozilla/5.0 (compatible; DotBot/1.2; +https://opensiteexplorer.org/dotbot; help@moz.com)"
216.244.66.237 - - [24/Apr/2025:08:36:35 -0400] "GET /tag/ira-nandha HTTP/1.1" 200 0 "-" "Mozilla/5.0 (compatible; DotBot/1.2; +https://opensiteexplorer.org/dotbot; help@moz.com)"
216.244.66.237 - - [24/Apr/2025:08:37:15 -0400] "GET /tag/yasonna/feed/ HTTP/1.1" 200 0 "-" "Mozilla/5.0 (compatible; DotBot/1.2; +https://opensiteexplorer.org/dotbot; help@moz.com)"
216.244.66.237 - - [24/Apr/2025:08:41:06 -0400] "GET /tag/waduk-gajah/ HTTP/1.1" 200 0 "-" "Mozilla/5.0 (compatible; DotBot/1.2; +https://opensiteexplorer.org/dotbot; help@moz.com)"
216.244.66.237 - - [24/Apr/2025:08:42:05 -0400] "GET /2023/09/19/ HTTP/1.1" 200 0 "-" "Mozilla/5.0 (compatible; DotBot/1.2; +https://opensiteexplorer.org/dotbot; help@moz.com)"
216.244.66.237 - - [24/Apr/2025:09:14:24 -0400] "GET /robots.txt HTTP/1.1" 200 92 "-" "Mozilla/5.0 (compatible; DotBot/1.2; +https://opensiteexplorer.org/dotbot; help@moz.com)"
216.244.66.237 - - [24/Apr/2025:09:24:29 -0400] "GET /tag/pencegahan-tb/ HTTP/1.1" 200 0 "-" "Mozilla/5.0 (compatible; DotBot/1.2; +https://opensiteexplorer.org/dotbot; help@moz.com)"
216.244.66.237 - - [24/Apr/2025:09:24:43 -0400] "GET /page/16/ HTTP/1.1" 200 0 "-" "Mozilla/5.0 (compatible; DotBot/1.2; +https://opensiteexplorer.org/dotbot; help@moz.com)"
216.244.66.237 - - [24/Apr/2025:09:25:21 -0400] "GET /tag/agensi/ HTTP/1.1" 200 0 "-" "Mozilla/5.0 (compatible; DotBot/1.2; +https://opensiteexplorer.org/dotbot; help@moz.com)"
216.244.66.237 - - [24/Apr/2025:09:25:27 -0400] "GET /tag/muarah/ HTTP/1.1" 200 0 "-" "Mozilla/5.0 (compatible; DotBot/1.2; +https://opensiteexplorer.org/dotbot; help@moz.com)"
216.244.66.237 - - [24/Apr/2025:09:26:47 -0400] "GET /tag/produktivitas-kerja/ HTTP/1.1" 200 0 "-" "Mozilla/5.0 (compatible; DotBot/1.2; +https://opensiteexplorer.org/dotbot; help@moz.com)"
216.244.66.237 - - [24/Apr/2025:09:58:33 -0400] "GET /robots.txt HTTP/1.1" 200 92 "-" "Mozilla/5.0 (compatible; DotBot/1.2; +https://opensiteexplorer.org/dotbot; help@moz.com)"
216.244.66.237 - - [24/Apr/2025:10:04:43 -0400] "GET /terlalu-mudah-luluh-jadi-alasan-ira-nandha-6-kali-diselingkuhi-elmer-tapi-masih-bertahan/feed/ HTTP/1.1" 200 0 "-" "Mozilla/5.0 (compatible; DotBot/1.2; +https://opensiteexplorer.org/dotbot; help@moz.com)"
216.244.66.237 - - [24/Apr/2025:10:04:54 -0400] "GET /category/kcic/feed/ HTTP/1.1" 200 0 "-" "Mozilla/5.0 (compatible; DotBot/1.2; +https://opensiteexplorer.org/dotbot; help@moz.com)"
216.244.66.237 - - [24/Apr/2025:10:43:37 -0400] "GET /robots.txt HTTP/1.1" 200 92 "-" "Mozilla/5.0 (compatible; DotBot/1.2; +https://opensiteexplorer.org/dotbot; help@moz.com)"
216.244.66.237 - - [24/Apr/2025:10:54:46 -0400] "GET /tag/puan-maharani-buka-komunikasi-soal-duet-anies-sohibul-yang-ditawarkan-pks-di-pilkada-jakarta/ HTTP/1.1" 200 0 "-" "Mozilla/5.0 (compatible; DotBot/1.2; +https://opensiteexplorer.org/dotbot; help@moz.com)"
43.133.69.37 - - [24/Apr/2025:10:57:23 -0400] "GET / HTTP/1.1" 200 0 "-" "Mozilla/5.0 (iPhone; CPU iPhone OS 13_2_3 like Mac OS X) AppleWebKit/605.1.15 (KHTML, like Gecko) Version/13.0.3 Mobile/15E148 Safari/604.1"
110.40.186.63 - - [24/Apr/2025:11:25:24 -0400] "GET / HTTP/1.1" 200 0 "-" "Mozilla/5.0 (iPhone; CPU iPhone OS 13_2_3 like Mac OS X) AppleWebKit/605.1.15 (KHTML, like Gecko) Version/13.0.3 Mobile/15E148 Safari/604.1"
216.244.66.237 - - [24/Apr/2025:11:27:50 -0400] "GET /robots.txt HTTP/1.1" 200 92 "-" "Mozilla/5.0 (compatible; DotBot/1.2; +https://opensiteexplorer.org/dotbot; help@moz.com)"
216.244.66.237 - - [24/Apr/2025:11:38:01 -0400] "GET /tag/korban-kecelakaan-kerja/ HTTP/1.1" 200 0 "-" "Mozilla/5.0 (compatible; DotBot/1.2; +https://opensiteexplorer.org/dotbot; help@moz.com)"
