OwlCyberSecurity - MANAGER
Edit File: beritanana4d.com.megahosting.pw
157.230.232.61 - - [22/Apr/2025:21:39:55 -0400] "GET / HTTP/1.1" 200 0 "-" "Mozilla/5.0 (compatible)"
216.244.66.237 - - [22/Apr/2025:21:46:14 -0400] "GET /robots.txt HTTP/1.1" 200 92 "-" "Mozilla/5.0 (compatible; DotBot/1.2; +https://opensiteexplorer.org/dotbot; help@moz.com)"
216.244.66.237 - - [22/Apr/2025:21:54:13 -0400] "GET /tag/tiktok HTTP/1.1" 301 0 "-" "Mozilla/5.0 (compatible; DotBot/1.2; +https://opensiteexplorer.org/dotbot; help@moz.com)"
216.244.66.237 - - [22/Apr/2025:21:54:22 -0400] "GET /tag/tahun-baru HTTP/1.1" 301 0 "-" "Mozilla/5.0 (compatible; DotBot/1.2; +https://opensiteexplorer.org/dotbot; help@moz.com)"
216.244.66.237 - - [22/Apr/2025:21:55:14 -0400] "GET /tag/pura-ulun-danu/feed/ HTTP/1.1" 200 8366 "-" "Mozilla/5.0 (compatible; DotBot/1.2; +https://opensiteexplorer.org/dotbot; help@moz.com)"
216.244.66.237 - - [22/Apr/2025:21:56:28 -0400] "GET /operasi-zebra-raya-tidak-lagi-menentap-di-satu-lokasi/ HTTP/1.1" 200 187849 "-" "Mozilla/5.0 (compatible; DotBot/1.2; +https://opensiteexplorer.org/dotbot; help@moz.com)"
216.244.66.237 - - [22/Apr/2025:22:03:01 -0400] "GET /tag/berburu-kuliner-cirebon-saat-long-weekend-idul-adha-dari-rujak-gamel-hingga-es-cuwing/ HTTP/1.1" 200 169674 "-" "Mozilla/5.0 (compatible; DotBot/1.2; +https://opensiteexplorer.org/dotbot; help@moz.com)"
216.244.66.237 - - [22/Apr/2025:22:06:22 -0400] "GET /tag/ray-rangkuti-kalau-sudah-tak-betah-jadi-wali-kota-mending-mundur/ HTTP/1.1" 200 169637 "-" "Mozilla/5.0 (compatible; DotBot/1.2; +https://opensiteexplorer.org/dotbot; help@moz.com)"
103.194.187.90 - - [22/Apr/2025:22:17:20 -0400] "POST /Public/admin/webuploader/server/preview.php HTTP/1.1" 404 46984 "-" "Mozilla/5.0 AppleWebKit/601.1.46 (KHTML, like Gecko) Version/9.0"
103.194.187.90 - - [22/Apr/2025:22:17:30 -0400] "POST /lib/webuploader/0.1.5/server/preview.php HTTP/1.1" 404 46953 "-" "Mozilla/5.0 AppleWebKit/601.1.46 (KHTML, like Gecko) Version/9.0"
103.194.187.90 - - [22/Apr/2025:22:17:39 -0400] "POST /public/static/lib/webuploader/0.1.5/server/preview.php HTTP/1.1" 404 47046 "-" "Mozilla/5.0 AppleWebKit/601.1.46 (KHTML, like Gecko) Version/9.0"
103.194.187.90 - - [22/Apr/2025:22:17:45 -0400] "POST /static/admin/lib/webuploader/0.1.5/server/preview.php HTTP/1.1" 404 46949 "-" "Mozilla/5.0 AppleWebKit/601.1.46 (KHTML, like Gecko) Version/9.0"
103.194.187.90 - - [22/Apr/2025:22:17:51 -0400] "POST /static/admin/hui/lib/webuploader/0.1.5/server/preview.php HTTP/1.1" 404 46952 "-" "Mozilla/5.0 AppleWebKit/601.1.46 (KHTML, like Gecko) Version/9.0"
103.194.187.90 - - [22/Apr/2025:22:17:58 -0400] "POST /public/static/admin/lib/webuploader/0.1.5/server/preview.php HTTP/1.1" 404 46953 "-" "Mozilla/5.0 AppleWebKit/601.1.46 (KHTML, like Gecko) Version/9.0"
103.194.187.90 - - [22/Apr/2025:22:18:06 -0400] "POST /Public/webuploader/0.1.5/server/preview.php HTTP/1.1" 404 46952 "-" "Mozilla/5.0 AppleWebKit/601.1.46 (KHTML, like Gecko) Version/9.0"
103.194.187.90 - - [22/Apr/2025:22:18:12 -0400] "POST /static/lib/webuploader/0.1.5/server/preview.php HTTP/1.1" 404 46952 "-" "Mozilla/5.0 AppleWebKit/601.1.46 (KHTML, like Gecko) Version/9.0"
103.194.187.90 - - [22/Apr/2025:22:18:22 -0400] "POST /admin/lib/webuploader/0.1.5/server/preview.php HTTP/1.1" 404 46901 "-" "Mozilla/5.0 AppleWebKit/601.1.46 (KHTML, like Gecko) Version/9.0"
103.194.187.90 - - [22/Apr/2025:22:18:24 -0400] "POST /Public/admin/Widget/webuploader/0.1.5/server/preview.php HTTP/1.1" 404 46953 "-" "Mozilla/5.0 AppleWebKit/601.1.46 (KHTML, like Gecko) Version/9.0"
103.194.187.90 - - [22/Apr/2025:22:18:29 -0400] "POST /Public/admin/lib/webuploader/0.1.5/server/preview.php HTTP/1.1" 404 47025 "-" "Mozilla/5.0 AppleWebKit/601.1.46 (KHTML, like Gecko) Version/9.0"
103.194.187.90 - - [22/Apr/2025:22:18:34 -0400] "POST /manage/webUploader/preview.php HTTP/1.1" 404 47045 "-" "Mozilla/5.0 AppleWebKit/601.1.46 (KHTML, like Gecko) Version/9.0"
103.194.187.90 - - [22/Apr/2025:22:18:40 -0400] "POST /mobile/script/webupload/server/preview.php HTTP/1.1" 404 46949 "-" "Mozilla/5.0 AppleWebKit/601.1.46 (KHTML, like Gecko) Version/9.0"
216.244.66.237 - - [22/Apr/2025:22:32:30 -0400] "GET /robots.txt HTTP/1.1" 200 92 "-" "Mozilla/5.0 (compatible; DotBot/1.2; +https://opensiteexplorer.org/dotbot; help@moz.com)"
216.244.66.237 - - [22/Apr/2025:22:40:05 -0400] "GET /tag/rupiah/feed/ HTTP/1.1" 200 3780 "-" "Mozilla/5.0 (compatible; DotBot/1.2; +https://opensiteexplorer.org/dotbot; help@moz.com)"
216.244.66.237 - - [22/Apr/2025:22:41:27 -0400] "GET /muller-bersaudara-divonis-3-tahun-5-bulan-bui-di-kasus-lahan-dago-elos/ HTTP/1.1" 200 190648 "-" "Mozilla/5.0 (compatible; DotBot/1.2; +https://opensiteexplorer.org/dotbot; help@moz.com)"
216.244.66.237 - - [22/Apr/2025:22:45:14 -0400] "GET /tag/gubernur/ HTTP/1.1" 200 172346 "-" "Mozilla/5.0 (compatible; DotBot/1.2; +https://opensiteexplorer.org/dotbot; help@moz.com)"
54.82.111.9 - - [22/Apr/2025:22:53:02 -0400] "GET / HTTP/1.1" 200 55460 "-" "Mozilla/5.0 (Macintosh; Intel Mac OS X 10_15_7) AppleWebKit/537.36 (KHTML, like Gecko) Chrome/135.0.0.0 Safari/537.36"
44.242.155.73 - - [22/Apr/2025:22:57:25 -0400] "GET / HTTP/1.1" 200 0 "-" "Mozilla/4.0 (compatible; MSIE 6.0; Windows NT 5.1; FSL 7.0.6.01001)"
192.64.117.67 - - [22/Apr/2025:22:57:31 -0400] "POST /wp-cron.php?doing_wp_cron=1745377050.6477329730987548828125 HTTP/1.1" 200 0 "-" "WordPress/6.8; https://beritanana4d.com"
192.64.117.67 - - [22/Apr/2025:23:02:15 -0400] "POST /wp-cron.php?doing_wp_cron=1745377335.5078260898590087890625 HTTP/1.1" 200 0 "-" "WordPress/6.8; https://beritanana4d.com"
216.244.66.237 - - [22/Apr/2025:23:02:09 -0400] "GET /tag/pdi-perjuangan HTTP/1.1" 301 0 "-" "Mozilla/5.0 (compatible; DotBot/1.2; +https://opensiteexplorer.org/dotbot; help@moz.com)"
66.249.68.131 - - [22/Apr/2025:23:04:11 -0400] "GET /robots.txt HTTP/1.1" 200 92 "-" "Mozilla/5.0 (compatible; Googlebot/2.1; +http://www.google.com/bot.html)"
66.249.68.131 - - [22/Apr/2025:23:04:53 -0400] "GET /favicon.ico HTTP/1.1" 404 1251 "-" "Googlebot-Image/1.0"
66.249.68.133 - - [22/Apr/2025:23:09:41 -0400] "GET / HTTP/1.1" 200 47744 "-" "Mozilla/5.0 (compatible; Googlebot/2.1; +http://www.google.com/bot.html)"
66.249.68.131 - - [22/Apr/2025:23:09:54 -0400] "GET /wp-includes/css/dist/block-library/style.min.css?ver=6.8 HTTP/1.1" 200 14358 "http://beritanana4d.com/" "Mozilla/5.0 AppleWebKit/537.36 (KHTML, like Gecko; compatible; Googlebot/2.1; +http://www.google.com/bot.html) Chrome/134.0.6998.165 Safari/537.36"
66.249.68.131 - - [22/Apr/2025:23:15:47 -0400] "GET / HTTP/1.1" 200 47719 "-" "Mozilla/5.0 (Linux; Android 6.0.1; Nexus 5X Build/MMB29P) AppleWebKit/537.36 (KHTML, like Gecko) Chrome/135.0.7049.95 Mobile Safari/537.36 (compatible; Googlebot/2.1; +http://www.google.com/bot.html)"
66.249.68.132 - - [22/Apr/2025:23:16:02 -0400] "GET /wp-includes/css/dist/block-library/style.min.css?ver=6.8 HTTP/1.1" 200 14358 "http://beritanana4d.com/" "Mozilla/5.0 (Linux; Android 6.0.1; Nexus 5X Build/MMB29P) AppleWebKit/537.36 (KHTML, like Gecko) Chrome/134.0.6998.165 Mobile Safari/537.36 (compatible; Googlebot/2.1; +http://www.google.com/bot.html)"
216.244.66.237 - - [22/Apr/2025:23:18:52 -0400] "GET /robots.txt HTTP/1.1" 200 92 "-" "Mozilla/5.0 (compatible; DotBot/1.2; +https://opensiteexplorer.org/dotbot; help@moz.com)"
192.64.117.67 - - [22/Apr/2025:23:31:47 -0400] "POST /wp-cron.php?doing_wp_cron=1745379107.1103711128234863281250 HTTP/1.1" 200 0 "-" "WordPress/6.8; https://beritanana4d.com"
216.244.66.237 - - [22/Apr/2025:23:31:35 -0400] "GET /tag/heru/ HTTP/1.1" 200 169083 "-" "Mozilla/5.0 (compatible; DotBot/1.2; +https://opensiteexplorer.org/dotbot; help@moz.com)"
146.19.215.32 - - [22/Apr/2025:23:32:27 -0400] "GET /config.json HTTP/1.1" 404 46992 "-" "Mozilla/5.0 (Windows; U; Windows NT 6.1; en-US; rv:1.9.1.5) Gecko/20091102 Firefox/3.5.5 (.NET CLR 3.5.30729)"
216.244.66.237 - - [22/Apr/2025:23:48:06 -0400] "GET /tag/kerja-sama-investasi-jalan-tol-trans-jawa/ HTTP/1.1" 200 169468 "-" "Mozilla/5.0 (compatible; DotBot/1.2; +https://opensiteexplorer.org/dotbot; help@moz.com)"
216.244.66.237 - - [23/Apr/2025:00:04:49 -0400] "GET /robots.txt HTTP/1.1" 200 92 "-" "Mozilla/5.0 (compatible; DotBot/1.2; +https://opensiteexplorer.org/dotbot; help@moz.com)"
216.244.66.237 - - [23/Apr/2025:00:11:51 -0400] "GET /category/glodok-plaza/ HTTP/1.1" 200 172829 "-" "Mozilla/5.0 (compatible; DotBot/1.2; +https://opensiteexplorer.org/dotbot; help@moz.com)"
216.244.66.237 - - [23/Apr/2025:00:15:26 -0400] "GET /terlalu-mudah-luluh-jadi-alasan-ira-nandha-6-kali-diselingkuhi-elmer-tapi-masih-bertahan/ HTTP/1.1" 200 191024 "-" "Mozilla/5.0 (compatible; DotBot/1.2; +https://opensiteexplorer.org/dotbot; help@moz.com)"
216.244.66.237 - - [23/Apr/2025:00:17:43 -0400] "GET /tag/pentingnya-vaksinasi/feed/ HTTP/1.1" 200 10414 "-" "Mozilla/5.0 (compatible; DotBot/1.2; +https://opensiteexplorer.org/dotbot; help@moz.com)"
216.244.66.237 - - [23/Apr/2025:00:18:16 -0400] "GET /gibran-dukung-duet-anies-masinton-ray-rangkuti-kalau-sudah-tak-betah-jadi-wali-kota-mending-mundur/ HTTP/1.1" 200 190200 "-" "Mozilla/5.0 (compatible; DotBot/1.2; +https://opensiteexplorer.org/dotbot; help@moz.com)"
94.102.55.18 - - [23/Apr/2025:00:18:47 -0400] "GET /wp-content/plugins/instant-appointment/assets/css/bootstrap-icons.min.css HTTP/1.1" 404 46959 "-" "Mozilla/5.0 (Windows NT 10.0; Win64; x64) AppleWebKit/537.36 (KHTML, like Gecko) Chrome/131.0.0.0 Safari/537.36"
34.74.236.13 - - [23/Apr/2025:00:34:26 -0400] "GET / HTTP/1.1" 200 233165 "-" "Mozilla/5.0 (Windows NT 10.0; Win64; x64) AppleWebKit/537.36 (KHTML, like Gecko) Chrome/78.0.3904.108 Safari/537.36"
34.74.236.13 - - [23/Apr/2025:00:34:31 -0400] "GET /?author=1 HTTP/1.1" 301 0 "-" "Mozilla/5.0 (Windows NT 10.0; Win64; x64) AppleWebKit/537.36 (KHTML, like Gecko) Chrome/78.0.3904.108 Safari/537.36"
34.74.236.13 - - [23/Apr/2025:00:34:32 -0400] "GET /?author=2 HTTP/1.1" 404 166122 "-" "Mozilla/5.0 (Windows NT 10.0; Win64; x64) AppleWebKit/537.36 (KHTML, like Gecko) Chrome/78.0.3904.108 Safari/537.36"
34.74.236.13 - - [23/Apr/2025:00:34:35 -0400] "GET /wp-json/wp/v2/users/ HTTP/1.1" 200 1899 "-" "Mozilla/5.0 (Windows NT 10.0; Win64; x64) AppleWebKit/537.36 (KHTML, like Gecko) Chrome/78.0.3904.108 Safari/537.36"
34.74.236.13 - - [23/Apr/2025:00:34:37 -0400] "POST /xmlrpc.php HTTP/1.1" 403 1242 "-" "Mozilla/5.0 (Windows NT 10.0; Win64; x64) AppleWebKit/537.36 (KHTML, like Gecko) Chrome/78.0.3904.108 Safari/537.36"
216.244.66.237 - - [23/Apr/2025:00:50:07 -0400] "GET /robots.txt HTTP/1.1" 200 92 "-" "Mozilla/5.0 (compatible; DotBot/1.2; +https://opensiteexplorer.org/dotbot; help@moz.com)"
216.244.66.237 - - [23/Apr/2025:01:02:06 -0400] "GET /tag/damkar-jakarta-timur/feed/ HTTP/1.1" 200 8076 "-" "Mozilla/5.0 (compatible; DotBot/1.2; +https://opensiteexplorer.org/dotbot; help@moz.com)"
216.244.66.237 - - [23/Apr/2025:01:02:13 -0400] "GET /tag/gempa-bumi/feed/ HTTP/1.1" 200 9555 "-" "Mozilla/5.0 (compatible; DotBot/1.2; +https://opensiteexplorer.org/dotbot; help@moz.com)"
216.244.66.237 - - [23/Apr/2025:01:02:17 -0400] "GET /tag/kaesang-pangarep/feed/ HTTP/1.1" 200 11690 "-" "Mozilla/5.0 (compatible; DotBot/1.2; +https://opensiteexplorer.org/dotbot; help@moz.com)"
216.244.66.237 - - [23/Apr/2025:01:02:22 -0400] "GET /tag/pangeran-arab-saudi/feed/ HTTP/1.1" 200 6670 "-" "Mozilla/5.0 (compatible; DotBot/1.2; +https://opensiteexplorer.org/dotbot; help@moz.com)"
216.244.66.237 - - [23/Apr/2025:01:02:26 -0400] "GET /tag/psi/feed/ HTTP/1.1" 200 15724 "-" "Mozilla/5.0 (compatible; DotBot/1.2; +https://opensiteexplorer.org/dotbot; help@moz.com)"
216.244.66.237 - - [23/Apr/2025:01:02:33 -0400] "GET /tag/jokowi-bagikan-sapi-kurban-ke-38-provinsi-di-indonesia-dan-ikn/feed/ HTTP/1.1" 200 5786 "-" "Mozilla/5.0 (compatible; DotBot/1.2; +https://opensiteexplorer.org/dotbot; help@moz.com)"
192.64.117.67 - - [23/Apr/2025:01:35:29 -0400] "POST /wp-cron.php?doing_wp_cron=1745386529.8162701129913330078125 HTTP/1.1" 200 0 "-" "WordPress/6.8; https://beritanana4d.com"
216.244.66.237 - - [23/Apr/2025:01:35:30 -0400] "GET /robots.txt HTTP/1.1" 200 92 "-" "Mozilla/5.0 (compatible; DotBot/1.2; +https://opensiteexplorer.org/dotbot; help@moz.com)"
95.179.208.42 - - [23/Apr/2025:01:35:22 -0400] "GET /wp-content/plugins/suretriggers/readme.txt HTTP/1.1" 404 41235 "-" "Mozilla/5.0 (iPhone; CPU iPhone OS 17_2 like Mac OS X) AppleWebKit/605.1.15 (KHTML, like Gecko) Version/17.2 Mobile/15E148 Safari/604.1"
216.244.66.237 - - [23/Apr/2025:01:44:33 -0400] "GET /tag/pilot HTTP/1.1" 301 0 "-" "Mozilla/5.0 (compatible; DotBot/1.2; +https://opensiteexplorer.org/dotbot; help@moz.com)"
216.244.66.237 - - [23/Apr/2025:01:44:44 -0400] "GET /tag/hossein-amir-abdollahian HTTP/1.1" 301 0 "-" "Mozilla/5.0 (compatible; DotBot/1.2; +https://opensiteexplorer.org/dotbot; help@moz.com)"
216.244.66.237 - - [23/Apr/2025:01:45:39 -0400] "GET /marquez-bocorkan-marini-bakal-pindah-ke-repsol-honda/feed/ HTTP/1.1" 200 899 "-" "Mozilla/5.0 (compatible; DotBot/1.2; +https://opensiteexplorer.org/dotbot; help@moz.com)"
216.244.66.237 - - [23/Apr/2025:01:46:12 -0400] "GET /tag/aceh/feed/ HTTP/1.1" 200 10356 "-" "Mozilla/5.0 (compatible; DotBot/1.2; +https://opensiteexplorer.org/dotbot; help@moz.com)"
216.244.66.237 - - [23/Apr/2025:01:46:40 -0400] "GET /tag/presiden-jokowi-dan-iriana-akan-salat-idul-adha-di-lapangan-simpang-lima-semarang/feed/ HTTP/1.1" 200 5265 "-" "Mozilla/5.0 (compatible; DotBot/1.2; +https://opensiteexplorer.org/dotbot; help@moz.com)"
43.159.144.16 - - [23/Apr/2025:01:46:51 -0400] "GET / HTTP/1.1" 301 0 "-" "Mozilla/5.0 (iPhone; CPU iPhone OS 13_2_3 like Mac OS X) AppleWebKit/605.1.15 (KHTML, like Gecko) Version/13.0.3 Mobile/15E148 Safari/604.1"
43.159.144.16 - - [23/Apr/2025:01:46:54 -0400] "GET / HTTP/1.1" 200 55603 "http://www.beritanana4d.com" "Mozilla/5.0 (iPhone; CPU iPhone OS 13_2_3 like Mac OS X) AppleWebKit/605.1.15 (KHTML, like Gecko) Version/13.0.3 Mobile/15E148 Safari/604.1"
216.244.66.237 - - [23/Apr/2025:01:51:55 -0400] "GET /tag/kpk/ HTTP/1.1" 200 194878 "-" "Mozilla/5.0 (compatible; DotBot/1.2; +https://opensiteexplorer.org/dotbot; help@moz.com)"
216.244.66.237 - - [23/Apr/2025:02:05:12 -0400] "GET /tag/pinrang/ HTTP/1.1" 200 169089 "-" "Mozilla/5.0 (compatible; DotBot/1.2; +https://opensiteexplorer.org/dotbot; help@moz.com)"
49.76.19.54 - - [23/Apr/2025:02:06:14 -0400] "GET /wp-json/wp/v2/posts HTTP/1.1" 200 69866 "-" "Mozilla/5.0 (Windows NT 10.0; Win64; x64) AppleWebKit/537.36 (KHTML, like Gecko) Chrome/120.0.0.0 Safari/537.36"
121.237.36.27 - - [23/Apr/2025:02:17:58 -0400] "GET / HTTP/1.1" 200 55498 "-" "Dalvik/2.1.0 (Linux; U; Android 9.0; ZTE BA520 Build/MRA58K)"
216.244.66.237 - - [23/Apr/2025:02:20:39 -0400] "GET /robots.txt HTTP/1.1" 200 92 "-" "Mozilla/5.0 (compatible; DotBot/1.2; +https://opensiteexplorer.org/dotbot; help@moz.com)"
183.134.59.131 - - [23/Apr/2025:02:21:49 -0400] "GET / HTTP/1.1" 200 55354 "-" "Mozilla/5.0 (Macintosh; Intel Mac OS X 10_11) AppleWebKit/601.1.27 (KHTML, like Gecko) Chrome/47.0.2526.106 Safari/601.1.27"
183.134.59.131 - - [23/Apr/2025:02:21:57 -0400] "GET / HTTP/1.1" 200 55529 "-" "Mozilla/5.0 (iPhone; CPU iPhone OS 10_0_2 like Mac OS X) AppleWebKit/602.1.50 (KHTML, like Gecko) Mobile/14A456 search%2F1.0 baiduboxapp/0_7.0.5.7_enohpi_4331_057/2.0.01_1C2%258enohPi/1099a/EBCB7D24B3359829E24C520165E1FB78E565079CFFCLDRANPBL/1"
192.64.117.67 - - [23/Apr/2025:02:29:20 -0400] "POST /wp-cron.php?doing_wp_cron=1745389760.6626539230346679687500 HTTP/1.1" 200 0 "-" "WordPress/6.8; https://beritanana4d.com"
113.219.218.197 - - [23/Apr/2025:02:29:16 -0400] "GET / HTTP/1.1" 200 23890 "-" "Mozilla/5.0 (iPhone; CPU iPhone OS 13_2_3 like Mac OS X) AppleWebKit/605.1.15 (KHTML, like Gecko) Version/13.0.3 Mobile/15E148 Safari/604.1"
216.244.66.237 - - [23/Apr/2025:02:29:56 -0400] "GET /tag/rspad HTTP/1.1" 301 0 "-" "Mozilla/5.0 (compatible; DotBot/1.2; +https://opensiteexplorer.org/dotbot; help@moz.com)"
216.244.66.237 - - [23/Apr/2025:02:31:35 -0400] "GET /tag/warha-gaza/feed/ HTTP/1.1" 200 5917 "-" "Mozilla/5.0 (compatible; DotBot/1.2; +https://opensiteexplorer.org/dotbot; help@moz.com)"
216.244.66.237 - - [23/Apr/2025:02:31:53 -0400] "GET /tag/israel HTTP/1.1" 301 0 "-" "Mozilla/5.0 (compatible; DotBot/1.2; +https://opensiteexplorer.org/dotbot; help@moz.com)"
66.249.68.132 - - [23/Apr/2025:02:43:53 -0400] "GET /wp-content/themes/newsmatic/assets/css/main.css?ver=1.3.14 HTTP/1.1" 200 28471 "https://beritanana4d.com/tag/jan-etes/" "Mozilla/5.0 (Linux; Android 6.0.1; Nexus 5X Build/MMB29P) AppleWebKit/537.36 (KHTML, like Gecko) Chrome/134.0.6998.165 Mobile Safari/537.36 (compatible; Googlebot/2.1; +http://www.google.com/bot.html)"
66.249.68.131 - - [23/Apr/2025:02:43:58 -0400] "GET /wp-content/themes/newsmatic/style.css?ver=1.3.14 HTTP/1.1" 200 4879 "https://beritanana4d.com/tag/jan-etes/" "Mozilla/5.0 (Linux; Android 6.0.1; Nexus 5X Build/MMB29P) AppleWebKit/537.36 (KHTML, like Gecko) Chrome/134.0.6998.165 Mobile Safari/537.36 (compatible; Googlebot/2.1; +http://www.google.com/bot.html)"
66.249.68.131 - - [23/Apr/2025:02:44:06 -0400] "GET /wp-content/themes/newsmatic/assets/js/navigation.js?ver=1.3.14 HTTP/1.1" 200 1570 "https://beritanana4d.com/tag/jan-etes/" "Mozilla/5.0 (Linux; Android 6.0.1; Nexus 5X Build/MMB29P) AppleWebKit/537.36 (KHTML, like Gecko) Chrome/134.0.6998.165 Mobile Safari/537.36 (compatible; Googlebot/2.1; +http://www.google.com/bot.html)"
216.244.66.237 - - [23/Apr/2025:02:49:35 -0400] "GET /page/98/?url=aHR0cDovL3VwbG9hZC43Ym5hLmNvbQ%3D%3D HTTP/1.1" 200 197724 "-" "Mozilla/5.0 (compatible; DotBot/1.2; +https://opensiteexplorer.org/dotbot; help@moz.com)"
216.244.66.237 - - [23/Apr/2025:03:09:18 -0400] "GET /robots.txt HTTP/1.1" 200 92 "-" "Mozilla/5.0 (compatible; DotBot/1.2; +https://opensiteexplorer.org/dotbot; help@moz.com)"
216.244.66.237 - - [23/Apr/2025:03:22:13 -0400] "GET /harga-dan-cara-beli-tiket-pameran-one-piece-jakarta/feed/ HTTP/1.1" 200 896 "-" "Mozilla/5.0 (compatible; DotBot/1.2; +https://opensiteexplorer.org/dotbot; help@moz.com)"
216.244.66.237 - - [23/Apr/2025:03:22:42 -0400] "GET /tag/harga-minyak-goreng/feed/ HTTP/1.1" 200 5356 "-" "Mozilla/5.0 (compatible; DotBot/1.2; +https://opensiteexplorer.org/dotbot; help@moz.com)"
216.244.66.237 - - [23/Apr/2025:03:22:55 -0400] "GET /tag/kpi/feed/ HTTP/1.1" 200 11747 "-" "Mozilla/5.0 (compatible; DotBot/1.2; +https://opensiteexplorer.org/dotbot; help@moz.com)"
216.244.66.237 - - [23/Apr/2025:03:23:08 -0400] "GET /tag/penyakit-berbahaya/feed/ HTTP/1.1" 200 8745 "-" "Mozilla/5.0 (compatible; DotBot/1.2; +https://opensiteexplorer.org/dotbot; help@moz.com)"
192.64.117.67 - - [23/Apr/2025:03:27:14 -0400] "POST /wp-cron.php?doing_wp_cron=1745393233.8983390331268310546875 HTTP/1.1" 200 0 "-" "WordPress/6.8; https://beritanana4d.com"
216.244.66.237 - - [23/Apr/2025:03:27:09 -0400] "GET /mudik-pakai-kostum-ultraman-dari-jakarta-ke-purwodadi-jadi-cara-iqbal-lampiaskan-galau-putus-cinta/ HTTP/1.1" 200 191650 "-" "Mozilla/5.0 (compatible; DotBot/1.2; +https://opensiteexplorer.org/dotbot; help@moz.com)"
199.244.88.220 - - [23/Apr/2025:03:27:17 -0400] "GET / HTTP/1.1" 200 55664 "-" "Mozilla/5.0 (X11; Linux x86_64) AppleWebKit/537.36 (KHTML, like Gecko) Chrome/105.0.0.0 Safari/537.36"
146.19.215.55 - - [23/Apr/2025:03:42:06 -0400] "GET /wp-content/themes/homey/css/main.css HTTP/1.1" 404 46959 "-" "Mozilla/5.0 (Windows; U; Windows NT 6.1; en-US; rv:1.9.1.5) Gecko/20091102 Firefox/3.5.5 (.NET CLR 3.5.30729)"
216.244.66.237 - - [23/Apr/2025:03:56:48 -0400] "GET /robots.txt HTTP/1.1" 200 92 "-" "Mozilla/5.0 (compatible; DotBot/1.2; +https://opensiteexplorer.org/dotbot; help@moz.com)"
66.249.68.131 - - [23/Apr/2025:03:59:02 -0400] "GET /wp-content/plugins/mobile-menu/includes/css/mobmenu.css?ver=2.8.7 HTTP/1.1" 200 1968 "https://beritanana4d.com/tag/hnw-pastikan-tak-ada-kaitannya-dengan-pilkada-jakarta/" "Mozilla/5.0 (Linux; Android 6.0.1; Nexus 5X Build/MMB29P) AppleWebKit/537.36 (KHTML, like Gecko) Chrome/134.0.6998.165 Mobile Safari/537.36 (compatible; Googlebot/2.1; +http://www.google.com/bot.html)"
66.249.68.131 - - [23/Apr/2025:03:59:06 -0400] "GET /wp-content/plugins/mobile-menu/includes/js/mobmenu.js?ver=2.8.7 HTTP/1.1" 200 3775 "https://beritanana4d.com/tag/hnw-pastikan-tak-ada-kaitannya-dengan-pilkada-jakarta/" "Mozilla/5.0 (Linux; Android 6.0.1; Nexus 5X Build/MMB29P) AppleWebKit/537.36 (KHTML, like Gecko) Chrome/134.0.6998.165 Mobile Safari/537.36 (compatible; Googlebot/2.1; +http://www.google.com/bot.html)"
66.249.68.131 - - [23/Apr/2025:03:59:08 -0400] "GET /wp-content/themes/newsmatic/assets/lib/fontawesome-6/css/all.min.css?ver=6.5.1 HTTP/1.1" 200 21985 "https://beritanana4d.com/tag/hnw-pastikan-tak-ada-kaitannya-dengan-pilkada-jakarta/" "Mozilla/5.0 (Linux; Android 6.0.1; Nexus 5X Build/MMB29P) AppleWebKit/537.36 (KHTML, like Gecko) Chrome/134.0.6998.165 Mobile Safari/537.36 (compatible; Googlebot/2.1; +http://www.google.com/bot.html)"
66.249.68.131 - - [23/Apr/2025:03:59:11 -0400] "GET /wp-content/themes/newsmatic/style.css?ver=1.3.14 HTTP/1.1" 200 4879 "https://beritanana4d.com/tag/hnw-pastikan-tak-ada-kaitannya-dengan-pilkada-jakarta/" "Mozilla/5.0 (Linux; Android 6.0.1; Nexus 5X Build/MMB29P) AppleWebKit/537.36 (KHTML, like Gecko) Chrome/134.0.6998.165 Mobile Safari/537.36 (compatible; Googlebot/2.1; +http://www.google.com/bot.html)"
66.249.68.131 - - [23/Apr/2025:03:59:16 -0400] "GET /wp-content/plugins/ansar-import/public/css/ansar-import-public.css?ver=1.0.18 HTTP/1.1" 200 103 "https://beritanana4d.com/tag/hnw-pastikan-tak-ada-kaitannya-dengan-pilkada-jakarta/" "Mozilla/5.0 (Linux; Android 6.0.1; Nexus 5X Build/MMB29P) AppleWebKit/537.36 (KHTML, like Gecko) Chrome/134.0.6998.165 Mobile Safari/537.36 (compatible; Googlebot/2.1; +http://www.google.com/bot.html)"
66.249.68.131 - - [23/Apr/2025:03:59:17 -0400] "GET /wp-content/themes/newsmatic/assets/js/navigation.js?ver=1.3.14 HTTP/1.1" 200 1570 "https://beritanana4d.com/tag/hnw-pastikan-tak-ada-kaitannya-dengan-pilkada-jakarta/" "Mozilla/5.0 (Linux; Android 6.0.1; Nexus 5X Build/MMB29P) AppleWebKit/537.36 (KHTML, like Gecko) Chrome/134.0.6998.165 Mobile Safari/537.36 (compatible; Googlebot/2.1; +http://www.google.com/bot.html)"
66.249.68.131 - - [23/Apr/2025:03:59:20 -0400] "GET /wp-content/themes/newsmatic/assets/js/theme.js?ver=1.3.14 HTTP/1.1" 200 3009 "https://beritanana4d.com/tag/hnw-pastikan-tak-ada-kaitannya-dengan-pilkada-jakarta/" "Mozilla/5.0 (Linux; Android 6.0.1; Nexus 5X Build/MMB29P) AppleWebKit/537.36 (KHTML, like Gecko) Chrome/134.0.6998.165 Mobile Safari/537.36 (compatible; Googlebot/2.1; +http://www.google.com/bot.html)"
66.212.18.223 - - [23/Apr/2025:04:04:01 -0400] "GET /static/admin/webupload/server/preview.php HTTP/1.1" 301 0 "-" "Mozilla/5.0 (Windows NT 10.0; Win64; x64) AppleWebKit/537.36 (KHTML, like Gecko) Chrome/90.0.4430.85 Safari/537.36"
66.212.18.223 - - [23/Apr/2025:04:04:04 -0400] "GET /static/admin/webupload/server/preview.php HTTP/1.1" 404 46950 "-" "Mozilla/5.0 (Windows NT 10.0; Win64; x64) AppleWebKit/537.36 (KHTML, like Gecko) Chrome/90.0.4430.85 Safari/537.36"
216.244.66.237 - - [23/Apr/2025:04:08:21 -0400] "GET /tag/australia HTTP/1.1" 301 0 "-" "Mozilla/5.0 (compatible; DotBot/1.2; +https://opensiteexplorer.org/dotbot; help@moz.com)"
216.244.66.237 - - [23/Apr/2025:04:10:47 -0400] "GET /tag/gempa-magnitudo-5/feed/ HTTP/1.1" 200 5274 "-" "Mozilla/5.0 (compatible; DotBot/1.2; +https://opensiteexplorer.org/dotbot; help@moz.com)"
216.244.66.237 - - [23/Apr/2025:04:11:08 -0400] "GET /tag/kebakaran/feed/ HTTP/1.1" 200 14760 "-" "Mozilla/5.0 (compatible; DotBot/1.2; +https://opensiteexplorer.org/dotbot; help@moz.com)"
216.244.66.237 - - [23/Apr/2025:04:11:24 -0400] "GET /tag/maroko/feed/ HTTP/1.1" 200 5454 "-" "Mozilla/5.0 (compatible; DotBot/1.2; +https://opensiteexplorer.org/dotbot; help@moz.com)"
216.244.66.237 - - [23/Apr/2025:04:18:12 -0400] "GET /jepang-kembali-berduka-tiga-pria-ditikam-di-stasiun-kereta-akihabara-tokyo/ HTTP/1.1" 200 189197 "-" "Mozilla/5.0 (compatible; DotBot/1.2; +https://opensiteexplorer.org/dotbot; help@moz.com)"
121.237.36.30 - - [23/Apr/2025:04:36:05 -0400] "GET / HTTP/1.1" 200 55272 "-" "Mozilla/5.0 (Macintosh; Intel Mac OS X 10_11) AppleWebKit/601.1.27 (KHTML, like Gecko) Chrome/47.0.2526.106 Safari/601.1.27"
216.244.66.237 - - [23/Apr/2025:04:44:27 -0400] "GET /robots.txt HTTP/1.1" 200 92 "-" "Mozilla/5.0 (compatible; DotBot/1.2; +https://opensiteexplorer.org/dotbot; help@moz.com)"
43.153.7.191 - - [23/Apr/2025:04:54:37 -0400] "GET / HTTP/1.1" 200 20947 "-" "Mozilla/5.0 (iPhone; CPU iPhone OS 13_2_3 like Mac OS X) AppleWebKit/605.1.15 (KHTML, like Gecko) Version/13.0.3 Mobile/15E148 Safari/604.1"
192.64.117.67 - - [23/Apr/2025:05:04:32 -0400] "POST /wp-cron.php?doing_wp_cron=1745399071.6692368984222412109375 HTTP/1.1" 200 0 "-" "WordPress/6.8; https://beritanana4d.com"
216.244.66.237 - - [23/Apr/2025:05:04:19 -0400] "GET /tag/mkmk/feed/ HTTP/1.1" 200 12781 "-" "Mozilla/5.0 (compatible; DotBot/1.2; +https://opensiteexplorer.org/dotbot; help@moz.com)"
216.244.66.237 - - [23/Apr/2025:05:05:07 -0400] "GET /tag/sgie/feed/ HTTP/1.1" 200 6023 "-" "Mozilla/5.0 (compatible; DotBot/1.2; +https://opensiteexplorer.org/dotbot; help@moz.com)"
216.244.66.237 - - [23/Apr/2025:05:08:08 -0400] "GET /jokowi-foto-bareng-seluruh-penghuni-istana-10-hari-jelang-lengser/ HTTP/1.1" 200 188400 "-" "Mozilla/5.0 (compatible; DotBot/1.2; +https://opensiteexplorer.org/dotbot; help@moz.com)"
216.244.66.237 - - [23/Apr/2025:05:12:13 -0400] "GET /ditutup-tutupi-israel-ini-penyakit-yang-gerogoti-netanyahu-hingga-tubuhnya-dipasang-alat-pacu/ HTTP/1.1" 200 192962 "-" "Mozilla/5.0 (compatible; DotBot/1.2; +https://opensiteexplorer.org/dotbot; help@moz.com)"
121.237.36.30 - - [23/Apr/2025:05:12:35 -0400] "GET /favicon.ico HTTP/1.1" 404 1251 "-" "Dalvik/2.1.0 (Linux; U; Android 9.0; ZTE BA520 Build/MRA58K)"
212.34.141.234 - - [23/Apr/2025:05:16:51 -0400] "GET /hadiri-debat-capres-tapi-tak-dianggap-nikita-mirzani-merasa-dikucilkan-dongkol-sekali/ HTTP/1.0" 200 189921 "http://beritanana4d.com/hadiri-debat-capres-tapi-tak-dianggap-nikita-mirzani-merasa-dikucilkan-dongkol-sekali/" "Mozilla/5.0 (Windows NT 10.0; Win64; x64) AppleWebKit/537.36 (KHTML, like Gecko) Chrome/131.0.0.0 Safari/537.36 Avast/131.0.0.0"
216.244.66.237 - - [23/Apr/2025:05:16:44 -0400] "GET /tag/pramugari/ HTTP/1.1" 200 169421 "-" "Mozilla/5.0 (compatible; DotBot/1.2; +https://opensiteexplorer.org/dotbot; help@moz.com)"
212.34.141.234 - - [23/Apr/2025:05:16:58 -0400] "POST /wp-comments-post.php HTTP/1.0" 302 0 "http://beritanana4d.com/hadiri-debat-capres-tapi-tak-dianggap-nikita-mirzani-merasa-dikucilkan-dongkol-sekali/" "Mozilla/5.0 (Windows NT 10.0; Win64; x64) AppleWebKit/537.36 (KHTML, like Gecko) Chrome/131.0.0.0 Safari/537.36 Avast/131.0.0.0"
66.249.68.133 - - [23/Apr/2025:05:23:05 -0400] "GET /wp-content/themes/newsmatic/assets/css/loader.css?ver=1.3.14 HTTP/1.1" 200 3012 "https://beritanana4d.com/page/117/?rgcid&rx_p" "Mozilla/5.0 (Linux; Android 6.0.1; Nexus 5X Build/MMB29P) AppleWebKit/537.36 (KHTML, like Gecko) Chrome/134.0.6998.165 Mobile Safari/537.36 (compatible; Googlebot/2.1; +http://www.google.com/bot.html)"
66.249.68.131 - - [23/Apr/2025:05:23:06 -0400] "GET /wp-content/plugins/ansar-import/public/css/ansar-import-public.css?ver=1.0.18 HTTP/1.1" 200 103 "https://beritanana4d.com/page/117/?rgcid&rx_p" "Mozilla/5.0 (Linux; Android 6.0.1; Nexus 5X Build/MMB29P) AppleWebKit/537.36 (KHTML, like Gecko) Chrome/134.0.6998.165 Mobile Safari/537.36 (compatible; Googlebot/2.1; +http://www.google.com/bot.html)"
66.249.68.132 - - [23/Apr/2025:05:23:11 -0400] "GET /wp-content/themes/newsmatic/assets/css/main.css?ver=1.3.14 HTTP/1.1" 200 28471 "https://beritanana4d.com/page/117/?rgcid&rx_p" "Mozilla/5.0 (Linux; Android 6.0.1; Nexus 5X Build/MMB29P) AppleWebKit/537.36 (KHTML, like Gecko) Chrome/134.0.6998.165 Mobile Safari/537.36 (compatible; Googlebot/2.1; +http://www.google.com/bot.html)"
66.249.68.132 - - [23/Apr/2025:05:23:12 -0400] "GET /wp-includes/js/jquery/jquery.min.js?ver=3.7.1 HTTP/1.1" 200 29744 "https://beritanana4d.com/page/117/?rgcid&rx_p" "Mozilla/5.0 (Linux; Android 6.0.1; Nexus 5X Build/MMB29P) AppleWebKit/537.36 (KHTML, like Gecko) Chrome/134.0.6998.165 Mobile Safari/537.36 (compatible; Googlebot/2.1; +http://www.google.com/bot.html)"
66.249.68.131 - - [23/Apr/2025:05:23:15 -0400] "GET /wp-content/plugins/ansar-import/public/js/ansar-import-public.js?ver=1.0.18 HTTP/1.1" 200 416 "https://beritanana4d.com/page/117/?rgcid&rx_p" "Mozilla/5.0 (Linux; Android 6.0.1; Nexus 5X Build/MMB29P) AppleWebKit/537.36 (KHTML, like Gecko) Chrome/134.0.6998.165 Mobile Safari/537.36 (compatible; Googlebot/2.1; +http://www.google.com/bot.html)"
66.249.68.132 - - [23/Apr/2025:05:38:23 -0400] "GET /wp-content/plugins/ansar-import/public/js/ansar-import-public.js?ver=1.0.18 HTTP/1.1" 200 416 "https://beritanana4d.com/tag/bea-cukai-bakal-tempuh-jalur-hukum/" "Mozilla/5.0 (Linux; Android 6.0.1; Nexus 5X Build/MMB29P) AppleWebKit/537.36 (KHTML, like Gecko) Chrome/134.0.6998.165 Mobile Safari/537.36 (compatible; Googlebot/2.1; +http://www.google.com/bot.html)"
66.249.68.132 - - [23/Apr/2025:05:38:27 -0400] "GET /wp-content/themes/newsmatic/assets/css/loader.css?ver=1.3.14 HTTP/1.1" 200 3012 "https://beritanana4d.com/tag/bea-cukai-bakal-tempuh-jalur-hukum/" "Mozilla/5.0 (Linux; Android 6.0.1; Nexus 5X Build/MMB29P) AppleWebKit/537.36 (KHTML, like Gecko) Chrome/134.0.6998.165 Mobile Safari/537.36 (compatible; Googlebot/2.1; +http://www.google.com/bot.html)"
66.249.68.131 - - [23/Apr/2025:05:38:28 -0400] "GET /wp-content/plugins/mobile-menu/includes/css/mobmenu.css?ver=2.8.7 HTTP/1.1" 200 1968 "https://beritanana4d.com/tag/bea-cukai-bakal-tempuh-jalur-hukum/" "Mozilla/5.0 (Linux; Android 6.0.1; Nexus 5X Build/MMB29P) AppleWebKit/537.36 (KHTML, like Gecko) Chrome/134.0.6998.165 Mobile Safari/537.36 (compatible; Googlebot/2.1; +http://www.google.com/bot.html)"
66.249.68.131 - - [23/Apr/2025:05:38:31 -0400] "GET /wp-content/plugins/mobile-menu/includes/js/mobmenu.js?ver=2.8.7 HTTP/1.1" 200 3775 "https://beritanana4d.com/tag/bea-cukai-bakal-tempuh-jalur-hukum/" "Mozilla/5.0 (Linux; Android 6.0.1; Nexus 5X Build/MMB29P) AppleWebKit/537.36 (KHTML, like Gecko) Chrome/134.0.6998.165 Mobile Safari/537.36 (compatible; Googlebot/2.1; +http://www.google.com/bot.html)"
66.249.68.131 - - [23/Apr/2025:05:38:32 -0400] "GET /wp-content/themes/newsmatic/assets/js/theme.js?ver=1.3.14 HTTP/1.1" 200 3009 "https://beritanana4d.com/tag/bea-cukai-bakal-tempuh-jalur-hukum/" "Mozilla/5.0 (Linux; Android 6.0.1; Nexus 5X Build/MMB29P) AppleWebKit/537.36 (KHTML, like Gecko) Chrome/134.0.6998.165 Mobile Safari/537.36 (compatible; Googlebot/2.1; +http://www.google.com/bot.html)"
66.249.68.131 - - [23/Apr/2025:05:38:35 -0400] "GET /wp-content/themes/newsmatic/assets/lib/fontawesome-6/css/all.min.css?ver=6.5.1 HTTP/1.1" 200 21985 "https://beritanana4d.com/tag/bea-cukai-bakal-tempuh-jalur-hukum/" "Mozilla/5.0 (Linux; Android 6.0.1; Nexus 5X Build/MMB29P) AppleWebKit/537.36 (KHTML, like Gecko) Chrome/134.0.6998.165 Mobile Safari/537.36 (compatible; Googlebot/2.1; +http://www.google.com/bot.html)"
66.249.68.131 - - [23/Apr/2025:05:38:38 -0400] "GET /wp-content/themes/newsmatic/assets/css/responsive.css?ver=1.3.14 HTTP/1.1" 200 2310 "https://beritanana4d.com/tag/bea-cukai-bakal-tempuh-jalur-hukum/" "Mozilla/5.0 (Linux; Android 6.0.1; Nexus 5X Build/MMB29P) AppleWebKit/537.36 (KHTML, like Gecko) Chrome/134.0.6998.165 Mobile Safari/537.36 (compatible; Googlebot/2.1; +http://www.google.com/bot.html)"
216.244.66.237 - - [23/Apr/2025:05:43:51 -0400] "GET /robots.txt HTTP/1.1" 200 92 "-" "Mozilla/5.0 (compatible; DotBot/1.2; +https://opensiteexplorer.org/dotbot; help@moz.com)"
45.219.16.186 - - [23/Apr/2025:05:52:30 -0400] "GET /about.php HTTP/1.1" 200 1485 "-" "python-requests/2.30.0"
45.61.161.58 - - [23/Apr/2025:05:55:39 -0400] "POST /about.php HTTP/1.1" 200 1508 "-" "python-requests/2.32.3"
45.61.161.58 - - [23/Apr/2025:05:55:48 -0400] "GET /wp-k5ldt.php HTTP/1.1" 200 1943 "-" "Mozilla/5.0 (Windows NT 10.0; Win64; x64) AppleWebKit/537.36 (KHTML, like Gecko) Chrome/122.0.0.0 Safari/537.36"
216.244.66.237 - - [23/Apr/2025:05:56:43 -0400] "GET /fakta-kebakaran-glodok-plaza-api-mulai-terlihat-di-lantai-atas-dan-sempat-terdengar-ledakan/ HTTP/1.1" 200 0 "-" "Mozilla/5.0 (compatible; DotBot/1.2; +https://opensiteexplorer.org/dotbot; help@moz.com)"
192.64.117.67 - - [23/Apr/2025:05:57:02 -0400] "POST /wp-cron.php?doing_wp_cron=1745402217.8780479431152343750000 HTTP/1.1" 200 0 "-" "WordPress/6.8; https://beritanana4d.com"
216.244.66.237 - - [23/Apr/2025:06:00:03 -0400] "GET /gibran-disebut-langgar-pergub-dki-jakarta-terkait-aksi-bagi-bagi-susu-ini-sanksinya-berdasar-aturan/feed/ HTTP/1.1" 200 1041 "-" "Mozilla/5.0 (compatible; DotBot/1.2; +https://opensiteexplorer.org/dotbot; help@moz.com)"
192.64.117.67 - - [23/Apr/2025:06:00:19 -0400] "POST /wp-cron.php?doing_wp_cron=1745402414.7078421115875244140625 HTTP/1.1" 200 0 "-" "WordPress/6.8; https://beritanana4d.com"
216.244.66.237 - - [23/Apr/2025:06:00:34 -0400] "GET /tag/anak/feed/ HTTP/1.1" 200 23261 "-" "Mozilla/5.0 (compatible; DotBot/1.2; +https://opensiteexplorer.org/dotbot; help@moz.com)"
192.161.162.180 - - [23/Apr/2025:06:00:43 -0400] "GET /static/admin/webupload/server/preview.php HTTP/1.1" 404 46992 "-" "Mozilla/5.0 (Windows NT 10.0; Win64; x64) AppleWebKit/537.36 (KHTML, like Gecko) Chrome/90.0.4430.85 Safari/537.36"
216.244.66.237 - - [23/Apr/2025:06:01:07 -0400] "GET /tag/ngaji/feed/ HTTP/1.1" 200 8290 "-" "Mozilla/5.0 (compatible; DotBot/1.2; +https://opensiteexplorer.org/dotbot; help@moz.com)"
216.244.66.237 - - [23/Apr/2025:06:01:42 -0400] "GET /tag/ragam-respons-terkait-pdip-lirik-anies-untuk-pilkada-jakarta-2024/feed/ HTTP/1.1" 200 10934 "-" "Mozilla/5.0 (compatible; DotBot/1.2; +https://opensiteexplorer.org/dotbot; help@moz.com)"
192.64.117.67 - - [23/Apr/2025:06:01:44 -0400] "POST /wp-cron.php?doing_wp_cron=1745402503.0171370506286621093750 HTTP/1.1" 200 0 "-" "WordPress/6.8; https://beritanana4d.com"
216.244.66.237 - - [23/Apr/2025:06:03:16 -0400] "GET /tag/gaza HTTP/1.1" 301 0 "-" "Mozilla/5.0 (compatible; DotBot/1.2; +https://opensiteexplorer.org/dotbot; help@moz.com)"
192.64.117.67 - - [23/Apr/2025:06:03:24 -0400] "POST /wp-cron.php?doing_wp_cron=1745402601.5985798835754394531250 HTTP/1.1" 200 0 "-" "WordPress/6.8; https://beritanana4d.com"
216.244.66.237 - - [23/Apr/2025:06:16:33 -0400] "GET /page/98/?eff_cpt=22502414 HTTP/1.1" 200 197532 "-" "Mozilla/5.0 (compatible; DotBot/1.2; +https://opensiteexplorer.org/dotbot; help@moz.com)"
216.244.66.237 - - [23/Apr/2025:06:18:46 -0400] "GET /tag/pt-timah/ HTTP/1.1" 200 169259 "-" "Mozilla/5.0 (compatible; DotBot/1.2; +https://opensiteexplorer.org/dotbot; help@moz.com)"
216.244.66.237 - - [23/Apr/2025:06:30:13 -0400] "GET /robots.txt HTTP/1.1" 200 92 "-" "Mozilla/5.0 (compatible; DotBot/1.2; +https://opensiteexplorer.org/dotbot; help@moz.com)"
216.244.66.237 - - [23/Apr/2025:06:40:44 -0400] "GET /tag/bawaslu HTTP/1.1" 301 0 "-" "Mozilla/5.0 (compatible; DotBot/1.2; +https://opensiteexplorer.org/dotbot; help@moz.com)"
216.244.66.237 - - [23/Apr/2025:06:40:59 -0400] "GET /tag/kasus-rumah-produksi-film-porno HTTP/1.1" 301 0 "-" "Mozilla/5.0 (compatible; DotBot/1.2; +https://opensiteexplorer.org/dotbot; help@moz.com)"
216.244.66.237 - - [23/Apr/2025:06:47:35 -0400] "GET /perempuan-miliarder-vietnam-divonis-mati-dalam-kasus-penipuan-bank-rp702-triliun/ HTTP/1.1" 200 196625 "-" "Mozilla/5.0 (compatible; DotBot/1.2; +https://opensiteexplorer.org/dotbot; help@moz.com)"
66.249.68.131 - - [23/Apr/2025:06:56:43 -0400] "GET /wp-includes/js/jquery/jquery.min.js?ver=3.7.1 HTTP/1.1" 200 29744 "https://beritanana4d.com/page/113/?fbclid=IwAR1TaGwf96xhqNqRUVFCTEjpuTZbsicKzC8Lh0__b_WutF3WOzbVPweorJI_aem_AbNfb4B7smruvn-oDSl3kDGS2qd4AOpPUCYEj1uoJSlFC9AtLUqJ-eAX8gK5jdI8NOoEFz_btchVTd0eno0JLu8t" "Mozilla/5.0 (Linux; Android 6.0.1; Nexus 5X Build/MMB29P) AppleWebKit/537.36 (KHTML, like Gecko) Chrome/134.0.6998.165 Mobile Safari/537.36 (compatible; Googlebot/2.1; +http://www.google.com/bot.html)"
66.249.68.132 - - [23/Apr/2025:06:56:44 -0400] "GET /wp-content/themes/newsmatic/assets/css/responsive.css?ver=1.3.14 HTTP/1.1" 200 2310 "https://beritanana4d.com/page/113/?fbclid=IwAR1TaGwf96xhqNqRUVFCTEjpuTZbsicKzC8Lh0__b_WutF3WOzbVPweorJI_aem_AbNfb4B7smruvn-oDSl3kDGS2qd4AOpPUCYEj1uoJSlFC9AtLUqJ-eAX8gK5jdI8NOoEFz_btchVTd0eno0JLu8t" "Mozilla/5.0 (Linux; Android 6.0.1; Nexus 5X Build/MMB29P) AppleWebKit/537.36 (KHTML, like Gecko) Chrome/134.0.6998.165 Mobile Safari/537.36 (compatible; Googlebot/2.1; +http://www.google.com/bot.html)"
66.249.68.132 - - [23/Apr/2025:06:56:45 -0400] "GET /wp-content/themes/newsmatic/assets/lib/fontawesome-6/css/all.min.css?ver=6.5.1 HTTP/1.1" 200 21985 "https://beritanana4d.com/page/113/?fbclid=IwAR1TaGwf96xhqNqRUVFCTEjpuTZbsicKzC8Lh0__b_WutF3WOzbVPweorJI_aem_AbNfb4B7smruvn-oDSl3kDGS2qd4AOpPUCYEj1uoJSlFC9AtLUqJ-eAX8gK5jdI8NOoEFz_btchVTd0eno0JLu8t" "Mozilla/5.0 (Linux; Android 6.0.1; Nexus 5X Build/MMB29P) AppleWebKit/537.36 (KHTML, like Gecko) Chrome/134.0.6998.165 Mobile Safari/537.36 (compatible; Googlebot/2.1; +http://www.google.com/bot.html)"
66.249.68.132 - - [23/Apr/2025:06:56:46 -0400] "GET /wp-content/plugins/ansar-import/public/css/ansar-import-public.css?ver=1.0.18 HTTP/1.1" 200 103 "https://beritanana4d.com/page/113/?fbclid=IwAR1TaGwf96xhqNqRUVFCTEjpuTZbsicKzC8Lh0__b_WutF3WOzbVPweorJI_aem_AbNfb4B7smruvn-oDSl3kDGS2qd4AOpPUCYEj1uoJSlFC9AtLUqJ-eAX8gK5jdI8NOoEFz_btchVTd0eno0JLu8t" "Mozilla/5.0 (Linux; Android 6.0.1; Nexus 5X Build/MMB29P) AppleWebKit/537.36 (KHTML, like Gecko) Chrome/134.0.6998.165 Mobile Safari/537.36 (compatible; Googlebot/2.1; +http://www.google.com/bot.html)"
216.244.66.237 - - [23/Apr/2025:06:57:31 -0400] "GET /tag/hasyim-asyari/ HTTP/1.1" 200 172357 "-" "Mozilla/5.0 (compatible; DotBot/1.2; +https://opensiteexplorer.org/dotbot; help@moz.com)"
192.64.117.67 - - [23/Apr/2025:07:07:42 -0400] "POST /wp-cron.php?doing_wp_cron=1745406462.4651930332183837890625 HTTP/1.1" 200 0 "-" "WordPress/6.8; https://beritanana4d.com"
54.236.1.11 - - [23/Apr/2025:07:07:35 -0400] "GET / HTTP/1.1" 200 55442 "-" "Mozilla/5.0 (compatible; Pinterestbot/1.0; +http://www.pinterest.com/bot.html)"
54.236.1.13 - - [23/Apr/2025:07:08:05 -0400] "GET / HTTP/1.1" 200 55786 "-" "Mozilla/5.0 (compatible; Pinterestbot/1.0; +http://www.pinterest.com/bot.html)"
216.244.66.237 - - [23/Apr/2025:07:16:52 -0400] "GET /robots.txt HTTP/1.1" 200 92 "-" "Mozilla/5.0 (compatible; DotBot/1.2; +https://opensiteexplorer.org/dotbot; help@moz.com)"
60.188.57.0 - - [23/Apr/2025:07:23:41 -0400] "GET / HTTP/1.1" 301 0 "-" "Mozilla/5.0 (iPhone; CPU iPhone OS 13_2_3 like Mac OS X) AppleWebKit/605.1.15 (KHTML, like Gecko) Version/13.0.3 Mobile/15E148 Safari/604.1"
60.188.57.0 - - [23/Apr/2025:07:23:51 -0400] "GET / HTTP/1.1" 200 15453 "http://www.beritanana4d.com" "Mozilla/5.0 (iPhone; CPU iPhone OS 13_2_3 like Mac OS X) AppleWebKit/605.1.15 (KHTML, like Gecko) Version/13.0.3 Mobile/15E148 Safari/604.1"
216.244.66.237 - - [23/Apr/2025:07:33:25 -0400] "GET /tag/demam-berdarah/feed/ HTTP/1.1" 200 9633 "-" "Mozilla/5.0 (compatible; DotBot/1.2; +https://opensiteexplorer.org/dotbot; help@moz.com)"
216.244.66.237 - - [23/Apr/2025:07:33:45 -0400] "GET /tag/vr46/feed/ HTTP/1.1" 200 8353 "-" "Mozilla/5.0 (compatible; DotBot/1.2; +https://opensiteexplorer.org/dotbot; help@moz.com)"
216.244.66.237 - - [23/Apr/2025:08:03:40 -0400] "GET /robots.txt HTTP/1.1" 200 92 "-" "Mozilla/5.0 (compatible; DotBot/1.2; +https://opensiteexplorer.org/dotbot; help@moz.com)"
43.165.65.75 - - [23/Apr/2025:08:13:23 -0400] "GET / HTTP/1.1" 301 0 "-" "Mozilla/5.0 (iPhone; CPU iPhone OS 13_2_3 like Mac OS X) AppleWebKit/605.1.15 (KHTML, like Gecko) Version/13.0.3 Mobile/15E148 Safari/604.1"
43.165.65.75 - - [23/Apr/2025:08:13:43 -0400] "GET / HTTP/1.1" 200 15658 "http://www.beritanana4d.com" "Mozilla/5.0 (iPhone; CPU iPhone OS 13_2_3 like Mac OS X) AppleWebKit/605.1.15 (KHTML, like Gecko) Version/13.0.3 Mobile/15E148 Safari/604.1"
216.244.66.237 - - [23/Apr/2025:08:18:10 -0400] "GET /tag/jin-bts HTTP/1.1" 301 0 "-" "Mozilla/5.0 (compatible; DotBot/1.2; +https://opensiteexplorer.org/dotbot; help@moz.com)"
185.181.244.143 - - [23/Apr/2025:08:19:44 -0400] "GET / HTTP/1.0" 200 233529 "http://beritanana4d.com/" "Mozilla/5.0 (Windows NT 10.0; Win64; x64) AppleWebKit/537.36 (KHTML, like Gecko) Chrome/131.0.0.0 Safari/537.36 Avast/131.0.0.0"
216.244.66.237 - - [23/Apr/2025:08:20:17 -0400] "GET /cara-cek-pengumuman-cpns-2024-di-link-sscasn-bkn-go-id/feed/ HTTP/1.1" 200 906 "-" "Mozilla/5.0 (compatible; DotBot/1.2; +https://opensiteexplorer.org/dotbot; help@moz.com)"
216.244.66.237 - - [23/Apr/2025:08:21:21 -0400] "GET /tag/kunjungan-wisman/feed/ HTTP/1.1" 200 9155 "-" "Mozilla/5.0 (compatible; DotBot/1.2; +https://opensiteexplorer.org/dotbot; help@moz.com)"
216.244.66.237 - - [23/Apr/2025:08:30:25 -0400] "GET /pengacara-bantah-kejagung-sita-uang-rp-76-m-dan-emas-1-kg-di-rumah-harvey-moeis-itu-menyesatkan/ HTTP/1.1" 200 195060 "-" "Mozilla/5.0 (compatible; DotBot/1.2; +https://opensiteexplorer.org/dotbot; help@moz.com)"
45.88.78.37 - - [23/Apr/2025:08:30:51 -0400] "GET / HTTP/1.0" 200 233363 "http://beritanana4d.com/" "Mozilla/5.0 (Windows NT 10.0; Win64; x64) AppleWebKit/537.36 (KHTML, like Gecko) Chrome/131.0.0.0 Safari/537.36 Avast/131.0.0.0"
216.244.66.237 - - [23/Apr/2025:08:52:02 -0400] "GET /robots.txt HTTP/1.1" 200 92 "-" "Mozilla/5.0 (compatible; DotBot/1.2; +https://opensiteexplorer.org/dotbot; help@moz.com)"
216.244.66.237 - - [23/Apr/2025:09:07:00 -0400] "GET /tag/bassirou-diomaye-faye HTTP/1.1" 301 0 "-" "Mozilla/5.0 (compatible; DotBot/1.2; +https://opensiteexplorer.org/dotbot; help@moz.com)"
216.244.66.237 - - [23/Apr/2025:09:11:31 -0400] "GET /tag/buah/feed/ HTTP/1.1" 200 8444 "-" "Mozilla/5.0 (compatible; DotBot/1.2; +https://opensiteexplorer.org/dotbot; help@moz.com)"
216.244.66.237 - - [23/Apr/2025:09:12:03 -0400] "GET /tag/hepatitis/feed/ HTTP/1.1" 200 8718 "-" "Mozilla/5.0 (compatible; DotBot/1.2; +https://opensiteexplorer.org/dotbot; help@moz.com)"
216.244.66.237 - - [23/Apr/2025:09:12:34 -0400] "GET /tag/keselamatan/feed/ HTTP/1.1" 200 5599 "-" "Mozilla/5.0 (compatible; DotBot/1.2; +https://opensiteexplorer.org/dotbot; help@moz.com)"
216.244.66.237 - - [23/Apr/2025:09:13:03 -0400] "GET /tag/masing-masing-1-ekor/feed/ HTTP/1.1" 200 5660 "-" "Mozilla/5.0 (compatible; DotBot/1.2; +https://opensiteexplorer.org/dotbot; help@moz.com)"
216.244.66.237 - - [23/Apr/2025:09:13:33 -0400] "GET /3556-2/ HTTP/1.1" 200 187590 "-" "Mozilla/5.0 (compatible; DotBot/1.2; +https://opensiteexplorer.org/dotbot; help@moz.com)"
216.244.66.237 - - [23/Apr/2025:09:22:08 -0400] "GET /page/64/?eff_cpt=22502414 HTTP/1.1" 200 197023 "-" "Mozilla/5.0 (compatible; DotBot/1.2; +https://opensiteexplorer.org/dotbot; help@moz.com)"
216.244.66.237 - - [23/Apr/2025:09:41:10 -0400] "GET /robots.txt HTTP/1.1" 200 92 "-" "Mozilla/5.0 (compatible; DotBot/1.2; +https://opensiteexplorer.org/dotbot; help@moz.com)"
192.64.117.67 - - [23/Apr/2025:09:56:40 -0400] "POST /wp-cron.php?doing_wp_cron=1745416599.9981369972229003906250 HTTP/1.1" 200 0 "-" "WordPress/6.8; https://beritanana4d.com"
216.244.66.237 - - [23/Apr/2025:09:56:32 -0400] "GET /tag/taiwan HTTP/1.1" 301 0 "-" "Mozilla/5.0 (compatible; DotBot/1.2; +https://opensiteexplorer.org/dotbot; help@moz.com)"
185.220.101.5 - - [23/Apr/2025:10:00:09 -0400] "GET / HTTP/1.1" 200 233236 "beritanana4d.com" "Mozilla/5.0 (Windows NT 6.1; WOW64; rv:36.0) Gecko/20100101 Firefox/36.0"
185.220.101.109 - - [23/Apr/2025:10:00:18 -0400] "GET / HTTP/1.1" 200 232870 "http://beritanana4d.com" "Mozilla/5.0 (Windows NT 6.1; WOW64; rv:36.0) Gecko/20100101 Firefox/36.0"
216.244.66.237 - - [23/Apr/2025:10:00:53 -0400] "GET /reaksi-dunia-atas-serangan-israel-di-rafah-jubir-mahmoud-abbas-hingga-perancis/ HTTP/1.1" 200 196731 "-" "Mozilla/5.0 (compatible; DotBot/1.2; +https://opensiteexplorer.org/dotbot; help@moz.com)"
216.244.66.237 - - [23/Apr/2025:10:11:26 -0400] "GET /tag/idf HTTP/1.1" 301 0 "-" "Mozilla/5.0 (compatible; DotBot/1.2; +https://opensiteexplorer.org/dotbot; help@moz.com)"
216.244.66.237 - - [23/Apr/2025:10:13:51 -0400] "GET /page/97/ HTTP/1.1" 200 197085 "-" "Mozilla/5.0 (compatible; DotBot/1.2; +https://opensiteexplorer.org/dotbot; help@moz.com)"
216.244.66.237 - - [23/Apr/2025:10:14:22 -0400] "GET /tag/presiden-as-joe-biden/ HTTP/1.1" 200 169425 "-" "Mozilla/5.0 (compatible; DotBot/1.2; +https://opensiteexplorer.org/dotbot; help@moz.com)"
216.244.66.237 - - [23/Apr/2025:10:42:18 -0400] "GET /robots.txt HTTP/1.1" 200 92 "-" "Mozilla/5.0 (compatible; DotBot/1.2; +https://opensiteexplorer.org/dotbot; help@moz.com)"
216.244.66.237 - - [23/Apr/2025:10:56:03 -0400] "GET /tag/rbs HTTP/1.1" 301 0 "-" "Mozilla/5.0 (compatible; DotBot/1.2; +https://opensiteexplorer.org/dotbot; help@moz.com)"
192.64.117.67 - - [23/Apr/2025:10:58:27 -0400] "POST /wp-cron.php?doing_wp_cron=1745420306.9101169109344482421875 HTTP/1.1" 200 0 "-" "WordPress/6.8; https://beritanana4d.com"
216.244.66.237 - - [23/Apr/2025:10:58:20 -0400] "GET /lisa-blackpink-hilang-dari-weibo-buntut-pertunjukan-vulgar/feed/ HTTP/1.1" 200 917 "-" "Mozilla/5.0 (compatible; DotBot/1.2; +https://opensiteexplorer.org/dotbot; help@moz.com)"
216.244.66.237 - - [23/Apr/2025:10:59:21 -0400] "GET /tag/solo/feed/ HTTP/1.1" 200 19817 "-" "Mozilla/5.0 (compatible; DotBot/1.2; +https://opensiteexplorer.org/dotbot; help@moz.com)"
43.157.22.57 - - [23/Apr/2025:11:02:06 -0400] "GET / HTTP/1.1" 200 23705 "-" "Mozilla/5.0 (iPhone; CPU iPhone OS 13_2_3 like Mac OS X) AppleWebKit/605.1.15 (KHTML, like Gecko) Version/13.0.3 Mobile/15E148 Safari/604.1"
216.244.66.237 - - [23/Apr/2025:11:03:33 -0400] "GET /piala-asia-2024-panas-sebelum-waktunya-tim-serep-korea-selatan-libas-calon-musuh-indonesia/ HTTP/1.1" 200 191451 "-" "Mozilla/5.0 (compatible; DotBot/1.2; +https://opensiteexplorer.org/dotbot; help@moz.com)"
216.244.66.237 - - [23/Apr/2025:11:08:49 -0400] "GET /politisi-muslim-india-tewas-ditembak-geng-kriminal-jelang-pemilu/ HTTP/1.1" 200 189625 "-" "Mozilla/5.0 (compatible; DotBot/1.2; +https://opensiteexplorer.org/dotbot; help@moz.com)"
216.244.66.237 - - [23/Apr/2025:11:09:52 -0400] "GET /putri-r-kelly-akui-alami-pelecehan-seksual-oleh-sang-ayah-saat-kecil/ HTTP/1.1" 200 187829 "-" "Mozilla/5.0 (compatible; DotBot/1.2; +https://opensiteexplorer.org/dotbot; help@moz.com)"
195.133.129.163 - - [23/Apr/2025:11:10:15 -0400] "GET /wp-json/wp/v2/posts HTTP/1.1" 200 69866 "-" "Mozilla/5.0 (Windows NT 10.0; Win64; x64) AppleWebKit/537.36 (KHTML, like Gecko) Chrome/120.0.0.0 Safari/537.36"
216.244.66.237 - - [23/Apr/2025:11:16:35 -0400] "GET /page/97/?eff_cpt=22502414 HTTP/1.1" 200 197221 "-" "Mozilla/5.0 (compatible; DotBot/1.2; +https://opensiteexplorer.org/dotbot; help@moz.com)"
216.244.66.237 - - [23/Apr/2025:11:29:10 -0400] "GET /robots.txt HTTP/1.1" 200 92 "-" "Mozilla/5.0 (compatible; DotBot/1.2; +https://opensiteexplorer.org/dotbot; help@moz.com)"
216.244.66.237 - - [23/Apr/2025:11:40:23 -0400] "GET /tag/pramugari HTTP/1.1" 301 0 "-" "Mozilla/5.0 (compatible; DotBot/1.2; +https://opensiteexplorer.org/dotbot; help@moz.com)"
216.244.66.237 - - [23/Apr/2025:11:42:07 -0400] "GET /tag/hakim-ungkap-janji/feed/ HTTP/1.1" 200 10754 "-" "Mozilla/5.0 (compatible; DotBot/1.2; +https://opensiteexplorer.org/dotbot; help@moz.com)"
216.244.66.237 - - [23/Apr/2025:11:46:24 -0400] "GET /partai-buruh-dukung-ridwan-kamil-suswono-di-pilgub-jakarta-2024/ HTTP/1.1" 200 189116 "-" "Mozilla/5.0 (compatible; DotBot/1.2; +https://opensiteexplorer.org/dotbot; help@moz.com)"
216.244.66.237 - - [23/Apr/2025:12:15:34 -0400] "GET /robots.txt HTTP/1.1" 200 92 "-" "Mozilla/5.0 (compatible; DotBot/1.2; +https://opensiteexplorer.org/dotbot; help@moz.com)"
182.43.70.143 - - [23/Apr/2025:12:18:34 -0400] "GET / HTTP/1.1" 200 20871 "-" "Mozilla/5.0 (iPhone; CPU iPhone OS 13_2_3 like Mac OS X) AppleWebKit/605.1.15 (KHTML, like Gecko) Version/13.0.3 Mobile/15E148 Safari/604.1"
192.64.117.67 - - [23/Apr/2025:12:26:09 -0400] "POST /wp-cron.php?doing_wp_cron=1745425568.9805710315704345703125 HTTP/1.1" 200 0 "-" "WordPress/6.8; https://beritanana4d.com"
216.244.66.237 - - [23/Apr/2025:12:25:59 -0400] "GET /tag/ulang-tahun HTTP/1.1" 301 0 "-" "Mozilla/5.0 (compatible; DotBot/1.2; +https://opensiteexplorer.org/dotbot; help@moz.com)"
216.244.66.237 - - [23/Apr/2025:12:27:10 -0400] "GET /komando-lionel-messi-cs-sempat-terguncang-argentina-masih-sejalan-dengan-scaloni-di-copa-america/feed/ HTTP/1.1" 200 1032 "-" "Mozilla/5.0 (compatible; DotBot/1.2; +https://opensiteexplorer.org/dotbot; help@moz.com)"
216.244.66.237 - - [23/Apr/2025:12:27:48 -0400] "GET /tag/antony/feed/ HTTP/1.1" 200 8456 "-" "Mozilla/5.0 (compatible; DotBot/1.2; +https://opensiteexplorer.org/dotbot; help@moz.com)"
216.244.66.237 - - [23/Apr/2025:12:28:19 -0400] "GET /tag/pdip/feed/ HTTP/1.1" 200 91899 "-" "Mozilla/5.0 (compatible; DotBot/1.2; +https://opensiteexplorer.org/dotbot; help@moz.com)"
216.244.66.237 - - [23/Apr/2025:12:31:43 -0400] "GET /3-seleb-ini-ditangkap-polisi-di-awal-tahun-baru-2024-sosok-ketiga-pernah-kena-kasus-pencabulan-pria/ HTTP/1.1" 200 201157 "-" "Mozilla/5.0 (compatible; DotBot/1.2; +https://opensiteexplorer.org/dotbot; help@moz.com)"
216.244.66.237 - - [23/Apr/2025:13:04:24 -0400] "GET /robots.txt HTTP/1.1" 200 92 "-" "Mozilla/5.0 (compatible; DotBot/1.2; +https://opensiteexplorer.org/dotbot; help@moz.com)"
3.133.97.11 - - [23/Apr/2025:13:04:35 -0400] "GET /wp-content/plugins/suretriggers/readme.txt HTTP/1.1" 404 46877 "-" "Mozilla/5.0 (Linux; Android 7.0; SM-G892A) AppleWebKit/537.36 (KHTML, like Gecko) Chrome/60.0.3112.107 Mobile Safari/537.36"
