51.75.128.81 - - [23/Apr/2025:01:46:43 -0400] "GET /bisakah-jaron-ennis-mengalahkan-bakhram-murtazaliev-di-kelas-698-kg/feed/ HTTP/1.1" 200 485 "-" "Mozilla/5.0 (compatible; MJ12bot/v1.4.8; http://mj12bot.com/)"
51.75.128.81 - - [23/Apr/2025:01:46:45 -0400] "GET /bmw-gunakan-robot-anjing-untuk-deteksi-masalah-di-pabrik/ HTTP/1.1" 200 45983 "-" "Mozilla/5.0 (compatible; MJ12bot/v1.4.8; http://mj12bot.com/)"
51.75.128.81 - - [23/Apr/2025:01:46:50 -0400] "GET /bmw-gunakan-robot-anjing-untuk-deteksi-masalah-di-pabrik/feed/ HTTP/1.1" 200 472 "-" "Mozilla/5.0 (compatible; MJ12bot/v1.4.8; http://mj12bot.com/)"
51.75.128.81 - - [23/Apr/2025:01:46:54 -0400] "GET /bpjs-kesehatan-ungkap-beban-pelayanan-pasien-gagal-ginjal-makin-meningkat/feed/ HTTP/1.1" 200 495 "-" "Mozilla/5.0 (compatible; MJ12bot/v1.4.8; http://mj12bot.com/)"
51.75.128.81 - - [23/Apr/2025:01:46:57 -0400] "GET /calvin-verdonk-resmi-jadi-wni-cuman-butuh-1-langkah-lagi-untuk-bisa-bela-timnas-indonesia/feed/ HTTP/1.1" 200 526 "-" "Mozilla/5.0 (compatible; MJ12bot/v1.4.8; http://mj12bot.com/)"
51.75.128.81 - - [23/Apr/2025:01:47:00 -0400] "GET /category/artist/feed/ HTTP/1.1" 200 16718 "-" "Mozilla/5.0 (compatible; MJ12bot/v1.4.8; http://mj12bot.com/)"
51.75.128.81 - - [23/Apr/2025:01:47:02 -0400] "GET /category/berita/?amp=1 HTTP/1.1" 301 0 "-" "Mozilla/5.0 (compatible; MJ12bot/v1.4.8; http://mj12bot.com/)"
51.75.128.81 - - [23/Apr/2025:01:47:05 -0400] "GET /category/berita/ HTTP/1.1" 200 46259 "-" "Mozilla/5.0 (compatible; MJ12bot/v1.4.8; http://mj12bot.com/)"
51.75.128.81 - - [23/Apr/2025:01:47:09 -0400] "GET /category/berita/feed/ HTTP/1.1" 200 13228 "-" "Mozilla/5.0 (compatible; MJ12bot/v1.4.8; http://mj12bot.com/)"
51.75.128.81 - - [23/Apr/2025:01:47:11 -0400] "GET /category/narkoba/feed/ HTTP/1.1" 200 19404 "-" "Mozilla/5.0 (compatible; MJ12bot/v1.4.8; http://mj12bot.com/)"
51.75.128.81 - - [23/Apr/2025:01:47:14 -0400] "GET /dapat-izin-as-untuk-serang-rusia-ini-yang-pertama-diserang-ukraina-dengan-rudal-jelajah-atacms/ HTTP/1.1" 200 47556 "-" "Mozilla/5.0 (compatible; MJ12bot/v1.4.8; http://mj12bot.com/)"
51.75.128.81 - - [23/Apr/2025:01:47:19 -0400] "GET /dapat-izin-as-untuk-serang-rusia-ini-yang-pertama-diserang-ukraina-dengan-rudal-jelajah-atacms/feed/ HTTP/1.1" 200 523 "-" "Mozilla/5.0 (compatible; MJ12bot/v1.4.8; http://mj12bot.com/)"
51.75.128.81 - - [23/Apr/2025:01:47:23 -0400] "GET /ganjar-mahfud-dan-para-seniman-kumpul-di-rumah-butet/feed/ HTTP/1.1" 200 471 "-" "Mozilla/5.0 (compatible; MJ12bot/v1.4.8; http://mj12bot.com/)"
51.75.128.81 - - [23/Apr/2025:01:47:27 -0400] "GET /geger-mayat-perempuan-di-kolong-kasur-hotel-semarang-diduga-dibunuh/ HTTP/1.1" 200 45838 "-" "Mozilla/5.0 (compatible; MJ12bot/v1.4.8; http://mj12bot.com/)"
51.75.128.81 - - [23/Apr/2025:01:47:30 -0400] "GET /geger-mayat-perempuan-di-kolong-kasur-hotel-semarang-diduga-dibunuh/feed/ HTTP/1.1" 200 489 "-" "Mozilla/5.0 (compatible; MJ12bot/v1.4.8; http://mj12bot.com/)"
51.75.128.81 - - [23/Apr/2025:01:47:34 -0400] "GET /gelombang-dingin-di-beijing-pecahkan-rekor-sedingin-apa/feed/ HTTP/1.1" 200 471 "-" "Mozilla/5.0 (compatible; MJ12bot/v1.4.8; http://mj12bot.com/)"
51.75.128.81 - - [23/Apr/2025:01:47:38 -0400] "GET /gempa-magnitudo-66-guncang-kupang-ntt/feed/ HTTP/1.1" 200 452 "-" "Mozilla/5.0 (compatible; MJ12bot/v1.4.8; http://mj12bot.com/)"
51.75.128.81 - - [23/Apr/2025:01:47:42 -0400] "GET /gempuran-israel-ke-kamp-pengungsi-gaza-tewaskan-195-orang/feed/ HTTP/1.1" 200 478 "-" "Mozilla/5.0 (compatible; MJ12bot/v1.4.8; http://mj12bot.com/)"
51.75.128.81 - - [23/Apr/2025:01:47:45 -0400] "GET /gibran-rakabuming-hapal-materi-debat-cawapres-anak-muda-diremehin/feed/ HTTP/1.1" 200 488 "-" "Mozilla/5.0 (compatible; MJ12bot/v1.4.8; http://mj12bot.com/)"
51.75.128.81 - - [23/Apr/2025:01:47:49 -0400] "GET /harga-minyak-dunia-melonjak-tembus-8422-dolar-as-per-barel-serangan-israel-ke-rafah-pemicunya/feed/ HTTP/1.1" 200 523 "-" "Mozilla/5.0 (compatible; MJ12bot/v1.4.8; http://mj12bot.com/)"
51.75.128.81 - - [23/Apr/2025:01:47:52 -0400] "GET /hasil-pertandingan-tinju-dunia-jaron-ennis-kalahkan-karen-chukhadzhian-dalam-duel-yang-sulit-dilupakan/feed/ HTTP/1.1" 200 525 "-" "Mozilla/5.0 (compatible; MJ12bot/v1.4.8; http://mj12bot.com/)"
51.75.128.81 - - [23/Apr/2025:01:47:55 -0400] "GET /hizbullah-tembak-jatuh-drone-hermes-900-israel-di-deir-kifa-markas-divisi-91-idf-diguyur-roket/feed/ HTTP/1.1" 200 524 "-" "Mozilla/5.0 (compatible; MJ12bot/v1.4.8; http://mj12bot.com/)"
51.75.128.81 - - [23/Apr/2025:01:47:58 -0400] "GET /houthi-gentayangan-di-laut-merah-perdagangan-global-suram/feed/ HTTP/1.1" 200 490 "-" "Mozilla/5.0 (compatible; MJ12bot/v1.4.8; http://mj12bot.com/)"
51.75.128.81 - - [23/Apr/2025:01:48:01 -0400] "GET /imam-besar-masjid-istiqlal-bulan-suci-ramadan-membakar-hangus-seluruh-dosa-yang-pernah-dilakukan/feed/ HTTP/1.1" 200 515 "-" "Mozilla/5.0 (compatible; MJ12bot/v1.4.8; http://mj12bot.com/)"
51.75.128.81 - - [23/Apr/2025:01:48:04 -0400] "GET /india-gelar-pemilu-terbesar-di-dunia-ada-900-juta-pemilih-dan-1-juta-tps-berlangsung-6-minggu/feed/ HTTP/1.1" 200 521 "-" "Mozilla/5.0 (compatible; MJ12bot/v1.4.8; http://mj12bot.com/)"
51.75.128.81 - - [23/Apr/2025:01:48:08 -0400] "GET /ini-alasan-hamas-tolak-usul-gencatan-senjata-dari-israel/ HTTP/1.1" 200 47152 "-" "Mozilla/5.0 (compatible; MJ12bot/v1.4.8; http://mj12bot.com/)"
51.75.128.81 - - [23/Apr/2025:01:48:14 -0400] "GET /ini-alasan-hamas-tolak-usul-gencatan-senjata-dari-israel/feed/ HTTP/1.1" 200 467 "-" "Mozilla/5.0 (compatible; MJ12bot/v1.4.8; http://mj12bot.com/)"
51.75.128.81 - - [23/Apr/2025:01:48:18 -0400] "GET /israel-salah-perhitungan-ternyata-sempat-kirim-pesan-lewat-mesir-buat-cegah-iran-balas-dendam/feed/ HTTP/1.1" 200 509 "-" "Mozilla/5.0 (compatible; MJ12bot/v1.4.8; http://mj12bot.com/)"
51.75.128.81 - - [23/Apr/2025:01:48:22 -0400] "GET /israel-tutup-perbatasan-rafah-pbb-bantuan-yang-masuk-ke-gaza-turun-67-persen-sejak-7-mei-2024/feed/ HTTP/1.1" 200 519 "-" "Mozilla/5.0 (compatible; MJ12bot/v1.4.8; http://mj12bot.com/)"
51.75.128.81 - - [23/Apr/2025:01:48:25 -0400] "GET /jambret-hp-di-cimahi-nyaris-babak-belur-dipukuli-warga-beruntung-polisi-datang-tepat-waktu/feed/ HTTP/1.1" 200 514 "-" "Mozilla/5.0 (compatible; MJ12bot/v1.4.8; http://mj12bot.com/)"
51.75.128.81 - - [23/Apr/2025:01:48:29 -0400] "GET /jasad-pria-dalam-toren-positif-narkoba-tewas-kehabisan-napas-saat-sembunyi-dari-kejaran-polisi/feed/ HTTP/1.1" 200 511 "-" "Mozilla/5.0 (compatible; MJ12bot/v1.4.8; http://mj12bot.com/)"
51.75.128.81 - - [23/Apr/2025:01:48:33 -0400] "GET /jatim-masuk-top-99-top-55-kompetisi-inovasi-pelayanan-publik/feed/ HTTP/1.1" 200 489 "-" "Mozilla/5.0 (compatible; MJ12bot/v1.4.8; http://mj12bot.com/)"
51.75.128.81 - - [23/Apr/2025:01:48:38 -0400] "GET /kapal-bantuan-kedua-untuk-gaza-siap-berlayar-dari-siprus-bawa-240-ton-makanan/feed/ HTTP/1.1" 200 503 "-" "Mozilla/5.0 (compatible; MJ12bot/v1.4.8; http://mj12bot.com/)"
51.75.128.81 - - [23/Apr/2025:01:48:42 -0400] "GET /karier-terence-crawford-tamat-jika-tidak-bertarung-dengan-saul-canelo-alvarez/feed/ HTTP/1.1" 200 498 "-" "Mozilla/5.0 (compatible; MJ12bot/v1.4.8; http://mj12bot.com/)"
51.75.128.81 - - [23/Apr/2025:01:48:45 -0400] "GET /kata-kapolri-soal-izin-kapolda-jadi-saksi-tpn-ganjar-mahfud-sidang-gugatan-pilpres-di-mk/feed/ HTTP/1.1" 200 510 "-" "Mozilla/5.0 (compatible; MJ12bot/v1.4.8; http://mj12bot.com/)"
51.75.128.81 - - [23/Apr/2025:01:48:49 -0400] "GET /kekurangan-tenaga-kerja-jerman-incar-perawat-filipina/feed/ HTTP/1.1" 200 461 "-" "Mozilla/5.0 (compatible; MJ12bot/v1.4.8; http://mj12bot.com/)"
51.75.128.81 - - [23/Apr/2025:01:48:53 -0400] "GET /ketepatan-waktu-penerbangan-haji-di-embarkasi-padang-capai-100-persen/feed/ HTTP/1.1" 200 488 "-" "Mozilla/5.0 (compatible; MJ12bot/v1.4.8; http://mj12bot.com/)"
51.75.128.81 - - [23/Apr/2025:01:48:58 -0400] "GET /korea-selatan-korea-utara-siap-kirim-lebih-banyak-tentara-ke-rusia/ HTTP/1.1" 200 45805 "-" "Mozilla/5.0 (compatible; MJ12bot/v1.4.8; http://mj12bot.com/)"
51.75.128.81 - - [23/Apr/2025:01:49:07 -0400] "GET /korea-selatan-korea-utara-siap-kirim-lebih-banyak-tentara-ke-rusia/feed/ HTTP/1.1" 200 490 "-" "Mozilla/5.0 (compatible; MJ12bot/v1.4.8; http://mj12bot.com/)"
51.75.128.81 - - [23/Apr/2025:01:49:10 -0400] "GET /korea-utara-kirim-lebih-dari-200-balon-berisi-sampah-dan-kotoran-ke-korea-selatan-apa-yang-terjadi/feed/ HTTP/1.1" 200 541 "-" "Mozilla/5.0 (compatible; MJ12bot/v1.4.8; http://mj12bot.com/)"
51.75.128.81 - - [23/Apr/2025:01:49:16 -0400] "GET /kreasi-menu-takjil-praktis-untuk-berbuka-puasa-bisa-jadi-ide-jualan/feed/ HTTP/1.1" 200 493 "-" "Mozilla/5.0 (compatible; MJ12bot/v1.4.8; http://mj12bot.com/)"
51.75.128.81 - - [23/Apr/2025:01:49:19 -0400] "GET /kronologi-pengantin-pukul-tukang-rias-di-sukabumi-karena-ogah-bayar-pelaku-diburu-polisi/ HTTP/1.1" 200 46752 "-" "Mozilla/5.0 (compatible; MJ12bot/v1.4.8; http://mj12bot.com/)"
51.75.128.81 - - [23/Apr/2025:01:49:24 -0400] "GET /kursi-vip-supermewah-rp31-miliar-untuk-pertarungan-mike-tyson-vs-jake-paul/ HTTP/1.1" 200 46651 "-" "Mozilla/5.0 (compatible; MJ12bot/v1.4.8; http://mj12bot.com/)"
51.75.128.81 - - [23/Apr/2025:01:49:30 -0400] "GET /kursi-vip-supermewah-rp31-miliar-untuk-pertarungan-mike-tyson-vs-jake-paul/feed/ HTTP/1.1" 200 505 "-" "Mozilla/5.0 (compatible; MJ12bot/v1.4.8; http://mj12bot.com/)"
51.75.128.81 - - [23/Apr/2025:01:49:33 -0400] "GET /love-hate-relationship-pdip-dan-gerindra-dulu-sahabat-kini-seteru/feed/ HTTP/1.1" 200 488 "-" "Mozilla/5.0 (compatible; MJ12bot/v1.4.8; http://mj12bot.com/)"
51.75.128.81 - - [23/Apr/2025:01:49:40 -0400] "GET /luhut-soal-mundurnya-dua-bos-otorita-ikn-mereka-nggak-bisa-bikin-keputusan/feed/ HTTP/1.1" 200 527 "-" "Mozilla/5.0 (compatible; MJ12bot/v1.4.8; http://mj12bot.com/)"
51.75.128.81 - - [23/Apr/2025:01:49:45 -0400] "GET /mahasiswi-di-jember-kecelakaan-usai-daftar-ujian-skripsi-korban-terpental-ditabrak-mobil-ngebut/feed/ HTTP/1.1" 200 506 "-" "Mozilla/5.0 (compatible; MJ12bot/v1.4.8; http://mj12bot.com/)"
51.75.128.81 - - [23/Apr/2025:01:49:51 -0400] "GET /mantan-pejabat-tiongkok-dijatuhi-hukuman-mati-karena-suap/feed/ HTTP/1.1" 200 470 "-" "Mozilla/5.0 (compatible; MJ12bot/v1.4.8; http://mj12bot.com/)"
51.75.128.81 - - [23/Apr/2025:01:49:56 -0400] "GET /massa-antar-jenazah-lukas-enembe-ricuh-kapolri-minta-situasi-dikendalikan/feed/ HTTP/1.1" 200 498 "-" "Mozilla/5.0 (compatible; MJ12bot/v1.4.8; http://mj12bot.com/)"
51.75.128.81 - - [23/Apr/2025:01:50:02 -0400] "GET /mike-tyson-kirim-pesan-mengerikan-untuk-jake-paul-saya-pembunuh-yang-lahir-secara-alami/ HTTP/1.1" 200 47296 "-" "Mozilla/5.0 (compatible; MJ12bot/v1.4.8; http://mj12bot.com/)"
51.75.128.81 - - [23/Apr/2025:01:50:12 -0400] "GET /mike-tyson-kirim-pesan-mengerikan-untuk-jake-paul-saya-pembunuh-yang-lahir-secara-alami/feed/ HTTP/1.1" 200 532 "-" "Mozilla/5.0 (compatible; MJ12bot/v1.4.8; http://mj12bot.com/)"
51.75.128.81 - - [23/Apr/2025:01:50:17 -0400] "GET /mobil-bobby-nasution-dilempari-batu-usai-debat-lawan-edy-di-sumut/ HTTP/1.1" 200 46259 "-" "Mozilla/5.0 (compatible; MJ12bot/v1.4.8; http://mj12bot.com/)"
51.75.128.81 - - [23/Apr/2025:01:50:29 -0400] "GET /mobile-legends-kian-melesat-seolah-tak-akan-tamat-kenapa-bisa/feed/ HTTP/1.1" 200 484 "-" "Mozilla/5.0 (compatible; MJ12bot/v1.4.8; http://mj12bot.com/)"
51.75.128.81 - - [23/Apr/2025:01:50:35 -0400] "GET /netanyahu-tutup-kuping-tak-peduli-kecaman-dunia-bakal-lanjutkan-perang-di-gaza-hingga-akhir-tahun/feed/ HTTP/1.1" 200 526 "-" "Mozilla/5.0 (compatible; MJ12bot/v1.4.8; http://mj12bot.com/)"
51.75.128.81 - - [23/Apr/2025:01:50:41 -0400] "GET /ormas-dapat-izin-tambang-menteri-lhk-daripada-setiap-hari-proposal/feed/ HTTP/1.1" 200 488 "-" "Mozilla/5.0 (compatible; MJ12bot/v1.4.8; http://mj12bot.com/)"
51.75.128.81 - - [23/Apr/2025:01:50:51 -0400] "GET /page/108/?rgcid&rx_p HTTP/1.1" 200 45895 "-" "Mozilla/5.0 (compatible; MJ12bot/v1.4.8; http://mj12bot.com/)"
51.75.128.81 - - [23/Apr/2025:01:51:01 -0400] "GET /page/108/?utm_medium=social&utm_source=heylink.me HTTP/1.1" 200 45919 "-" "Mozilla/5.0 (compatible; MJ12bot/v1.4.8; http://mj12bot.com/)"
51.75.128.81 - - [23/Apr/2025:01:51:10 -0400] "GET /page/51/?fbclid=IwAR3QSzIPK1A4DptOZgmM3Yj3TLQ1-UXhZw_nIrq2n5ScIeVaWF82rgCO8iM_aem_ASDjB1PvBEz_YArowLp1xFh8z4EuCrCpelKi-_IBdWNVrL9PpEoYXsg1JYtyQdF7YvkfJwInWCuja4uzcozWPfzW HTTP/1.1" 200 45615 "-" "Mozilla/5.0 (compatible; MJ12bot/v1.4.8; http://mj12bot.com/)"
51.75.128.81 - - [23/Apr/2025:01:51:21 -0400] "GET /page/81/?rgcid&rx_p HTTP/1.1" 200 45700 "-" "Mozilla/5.0 (compatible; MJ12bot/v1.4.8; http://mj12bot.com/)"
51.75.128.81 - - [23/Apr/2025:01:51:26 -0400] "GET /page/91/?eff_cpt=22502414 HTTP/1.1" 200 45775 "-" "Mozilla/5.0 (compatible; MJ12bot/v1.4.8; http://mj12bot.com/)"
51.75.128.81 - - [23/Apr/2025:01:51:35 -0400] "GET /page/92/?eff_cpt=22502414 HTTP/1.1" 200 45000 "-" "Mozilla/5.0 (compatible; MJ12bot/v1.4.8; http://mj12bot.com/)"
51.75.128.81 - - [23/Apr/2025:01:51:41 -0400] "GET /page/93/?eff_cpt=22502414 HTTP/1.1" 200 45635 "-" "Mozilla/5.0 (compatible; MJ12bot/v1.4.8; http://mj12bot.com/)"
51.75.128.81 - - [23/Apr/2025:01:51:48 -0400] "GET /page/94/?eff_cpt=22502414 HTTP/1.1" 200 45350 "-" "Mozilla/5.0 (compatible; MJ12bot/v1.4.8; http://mj12bot.com/)"
51.75.128.81 - - [23/Apr/2025:01:51:57 -0400] "GET /page/95/?eff_cpt=22502414 HTTP/1.1" 200 45478 "-" "Mozilla/5.0 (compatible; MJ12bot/v1.4.8; http://mj12bot.com/)"
51.75.128.81 - - [23/Apr/2025:01:52:05 -0400] "GET /page/95/?smsclickid=4477c4a3-5383-446c-a530-e341d60f6b8f HTTP/1.1" 200 45283 "-" "Mozilla/5.0 (compatible; MJ12bot/v1.4.8; http://mj12bot.com/)"
51.75.128.81 - - [23/Apr/2025:01:52:14 -0400] "GET /page/96/?eff_cpt=22502414 HTTP/1.1" 200 45283 "-" "Mozilla/5.0 (compatible; MJ12bot/v1.4.8; http://mj12bot.com/)"
51.75.128.81 - - [23/Apr/2025:01:52:21 -0400] "GET /page/96/?smsclickid=4477c4a3-5383-446c-a530-e341d60f6b8f HTTP/1.1" 200 45180 "-" "Mozilla/5.0 (compatible; MJ12bot/v1.4.8; http://mj12bot.com/)"
51.75.128.81 - - [23/Apr/2025:01:52:29 -0400] "GET /page/97/?eff_cpt=22502414 HTTP/1.1" 200 45354 "-" "Mozilla/5.0 (compatible; MJ12bot/v1.4.8; http://mj12bot.com/)"
51.75.128.81 - - [23/Apr/2025:01:52:34 -0400] "GET /page/97/?smsclickid=4477c4a3-5383-446c-a530-e341d60f6b8f HTTP/1.1" 200 45507 "-" "Mozilla/5.0 (compatible; MJ12bot/v1.4.8; http://mj12bot.com/)"
51.75.128.81 - - [23/Apr/2025:01:52:40 -0400] "GET /page/98/?eff_cpt=22502414 HTTP/1.1" 200 45804 "-" "Mozilla/5.0 (compatible; MJ12bot/v1.4.8; http://mj12bot.com/)"
51.75.128.81 - - [23/Apr/2025:01:52:51 -0400] "GET /page/98/?smsclickid=4477c4a3-5383-446c-a530-e341d60f6b8f HTTP/1.1" 200 45462 "-" "Mozilla/5.0 (compatible; MJ12bot/v1.4.8; http://mj12bot.com/)"
51.75.128.81 - - [23/Apr/2025:01:53:00 -0400] "GET /page/99/?eff_cpt=22502414 HTTP/1.1" 200 45740 "-" "Mozilla/5.0 (compatible; MJ12bot/v1.4.8; http://mj12bot.com/)"
51.75.128.81 - - [23/Apr/2025:01:53:07 -0400] "GET /page/99/?smsclickid=4477c4a3-5383-446c-a530-e341d60f6b8f HTTP/1.1" 200 45648 "-" "Mozilla/5.0 (compatible; MJ12bot/v1.4.8; http://mj12bot.com/)"
51.75.128.81 - - [23/Apr/2025:01:53:15 -0400] "GET /pasien-covid-19-tak-boleh-keluyuran-meski-pakai-masker-isoman-dulu-3-5-hari/feed/ HTTP/1.1" 200 504 "-" "Mozilla/5.0 (compatible; MJ12bot/v1.4.8; http://mj12bot.com/)"
51.75.128.81 - - [23/Apr/2025:01:53:21 -0400] "GET /pdip-pastikan-hasto-penuhi-panggilan-kpk-terkait-buronan-harun-masiku-pekan-depan/feed/ HTTP/1.1" 200 495 "-" "Mozilla/5.0 (compatible; MJ12bot/v1.4.8; http://mj12bot.com/)"
51.75.128.81 - - [23/Apr/2025:01:53:26 -0400] "GET /pelatih-red-sparks-nilai-gia-tertekan-di-liga-voli-korea/feed/ HTTP/1.1" 200 480 "-" "Mozilla/5.0 (compatible; MJ12bot/v1.4.8; http://mj12bot.com/)"
51.75.128.81 - - [23/Apr/2025:01:53:31 -0400] "GET /pengacara-senior-menentang-sistem-kerja-baru-bagi-pekerja-asing-di-jepang/feed/ HTTP/1.1" 200 494 "-" "Mozilla/5.0 (compatible; MJ12bot/v1.4.8; http://mj12bot.com/)"
51.75.128.81 - - [23/Apr/2025:01:53:35 -0400] "GET /penjelasan-pt-imip-soal-karyawan-yang-alami-kecelakaan-kerja-meledaknya-tungku-smelter/feed/ HTTP/1.1" 200 499 "-" "Mozilla/5.0 (compatible; MJ12bot/v1.4.8; http://mj12bot.com/)"
51.75.128.81 - - [23/Apr/2025:01:53:41 -0400] "GET /pertama-kali-sejak-1967-pasukan-israel-pasang-kawat-berduri-di-dinding-dekat-masjid-al-aqsa/feed/ HTTP/1.1" 200 515 "-" "Mozilla/5.0 (compatible; MJ12bot/v1.4.8; http://mj12bot.com/)"
51.75.128.81 - - [23/Apr/2025:01:53:50 -0400] "GET /perubahan-iklim-penyebab-semua-peristiwa-cuaca-ekstrem/feed/ HTTP/1.1" 200 466 "-" "Mozilla/5.0 (compatible; MJ12bot/v1.4.8; http://mj12bot.com/)"
51.75.128.81 - - [23/Apr/2025:01:53:59 -0400] "GET /pesan-natal-dari-betlehem-benarkah-yesus-orang-palestina/feed/ HTTP/1.1" 200 474 "-" "Mozilla/5.0 (compatible; MJ12bot/v1.4.8; http://mj12bot.com/)"
51.75.128.81 - - [23/Apr/2025:01:54:06 -0400] "GET /pilunya-ramadhan-di-gaza-warga-tak-punya-makanan-untuk-disantap-saat-buka-puasa-dan-sahur/feed/ HTTP/1.1" 200 517 "-" "Mozilla/5.0 (compatible; MJ12bot/v1.4.8; http://mj12bot.com/)"
51.75.128.81 - - [23/Apr/2025:01:54:11 -0400] "GET /prabowo-sby-peringati-19-tahun-tsunami-aceh-2004-hari-ini/feed/ HTTP/1.1" 200 482 "-" "Mozilla/5.0 (compatible; MJ12bot/v1.4.8; http://mj12bot.com/)"
51.75.128.81 - - [23/Apr/2025:01:54:16 -0400] "GET /prabowo-tiba-di-beijing-didampingi-didit-akan-bertemu-xi-jinping-besok/feed/ HTTP/1.1" 200 505 "-" "Mozilla/5.0 (compatible; MJ12bot/v1.4.8; http://mj12bot.com/)"
51.75.128.81 - - [23/Apr/2025:01:54:21 -0400] "GET /putin-gertak-negara-yang-memberi-izin-rudalnya-digunakan-menyerang-wilayah-rusia/feed/ HTTP/1.1" 200 500 "-" "Mozilla/5.0 (compatible; MJ12bot/v1.4.8; http://mj12bot.com/)"
51.75.128.81 - - [23/Apr/2025:01:54:27 -0400] "GET /sederet-santunan-buat-ahli-waris-korban-ledakan-tungku-smelter-morowali/feed/ HTTP/1.1" 200 504 "-" "Mozilla/5.0 (compatible; MJ12bot/v1.4.8; http://mj12bot.com/)"
51.75.128.81 - - [23/Apr/2025:01:54:32 -0400] "GET /selebriti-yang-terjerat-kasus-narkoba-di-2023-ada-yang-ketangkap-hingga-3-kali/feed/ HTTP/1.1" 200 496 "-" "Mozilla/5.0 (compatible; MJ12bot/v1.4.8; http://mj12bot.com/)"
51.75.128.81 - - [23/Apr/2025:01:54:38 -0400] "GET /semarang-dikepung-banjir-perjalanan-kereta-api-tujuan-jakarta-alami-gangguan/feed/ HTTP/1.1" 200 490 "-" "Mozilla/5.0 (compatible; MJ12bot/v1.4.8; http://mj12bot.com/)"
51.75.128.81 - - [23/Apr/2025:01:54:45 -0400] "GET /shin-tae-yong-pastikan-jay-idzes-absen-saat-timnas-indonesia-vs-irak-di-kualifikasi-piala-dunia-2026/ HTTP/1.1" 200 47198 "-" "Mozilla/5.0 (compatible; MJ12bot/v1.4.8; http://mj12bot.com/)"
51.75.128.81 - - [23/Apr/2025:01:54:53 -0400] "GET /shin-tae-yong-pastikan-jay-idzes-absen-saat-timnas-indonesia-vs-irak-di-kualifikasi-piala-dunia-2026/feed/ HTTP/1.1" 200 527 "-" "Mozilla/5.0 (compatible; MJ12bot/v1.4.8; http://mj12bot.com/)"
51.75.128.81 - - [23/Apr/2025:01:54:58 -0400] "GET /shio-babi-hingga-ayam-bakal-diselimuti-keberuntungan-di-tahun-2024/feed/ HTTP/1.1" 200 499 "-" "Mozilla/5.0 (compatible; MJ12bot/v1.4.8; http://mj12bot.com/)"
51.75.128.81 - - [23/Apr/2025:01:55:04 -0400] "GET /siapa-paling-butuh-panggung-debat-cawapres-cak-imin-gibran-mahfud/ HTTP/1.1" 200 48071 "-" "Mozilla/5.0 (compatible; MJ12bot/v1.4.8; http://mj12bot.com/)"
51.75.128.81 - - [23/Apr/2025:01:55:14 -0400] "GET /siapa-paling-butuh-panggung-debat-cawapres-cak-imin-gibran-mahfud/feed/ HTTP/1.1" 200 491 "-" "Mozilla/5.0 (compatible; MJ12bot/v1.4.8; http://mj12bot.com/)"
51.75.128.81 - - [23/Apr/2025:01:55:20 -0400] "GET /stoner-beri-saran-ke-honda-siapa-calon-pengganti-marquez/ HTTP/1.1" 200 46323 "-" "Mozilla/5.0 (compatible; MJ12bot/v1.4.8; http://mj12bot.com/)"
51.75.128.81 - - [23/Apr/2025:01:55:28 -0400] "GET /suhu-di-makkah-capai-43-derajat-ini-jam-ideal-untuk-laksanakan-umrah-wajib/feed/ HTTP/1.1" 200 501 "-" "Mozilla/5.0 (compatible; MJ12bot/v1.4.8; http://mj12bot.com/)"
51.75.128.81 - - [23/Apr/2025:01:55:34 -0400] "GET /tag/1-zulhijah-1445-hijriah?amp=1 HTTP/1.1" 301 0 "-" "Mozilla/5.0 (compatible; MJ12bot/v1.4.8; http://mj12bot.com/)"
51.75.128.81 - - [23/Apr/2025:01:55:41 -0400] "GET /tag/1-zulhijah-1445-hijriah HTTP/1.1" 404 41222 "-" "Mozilla/5.0 (compatible; MJ12bot/v1.4.8; http://mj12bot.com/)"
51.75.128.81 - - [23/Apr/2025:01:55:47 -0400] "GET /tag/12-orang-meninggal/?amp=1 HTTP/1.1" 301 0 "-" "Mozilla/5.0 (compatible; MJ12bot/v1.4.8; http://mj12bot.com/)"
51.75.128.81 - - [23/Apr/2025:01:55:54 -0400] "GET /tag/12-orang-meninggal/ HTTP/1.1" 200 41906 "-" "Mozilla/5.0 (compatible; MJ12bot/v1.4.8; http://mj12bot.com/)"
51.75.128.81 - - [23/Apr/2025:01:56:01 -0400] "GET /tag/15-orang-tewas/?amp=1 HTTP/1.1" 301 0 "-" "Mozilla/5.0 (compatible; MJ12bot/v1.4.8; http://mj12bot.com/)"
51.75.128.81 - - [23/Apr/2025:01:56:08 -0400] "GET /tag/15-orang-tewas/ HTTP/1.1" 200 41860 "-" "Mozilla/5.0 (compatible; MJ12bot/v1.4.8; http://mj12bot.com/)"
51.75.128.81 - - [23/Apr/2025:01:56:14 -0400] "GET /tag/22-dolar-as-per-barel/?amp=1 HTTP/1.1" 301 0 "-" "Mozilla/5.0 (compatible; MJ12bot/v1.4.8; http://mj12bot.com/)"
51.75.128.81 - - [23/Apr/2025:01:56:20 -0400] "GET /tag/22-dolar-as-per-barel/ HTTP/1.1" 200 42176 "-" "Mozilla/5.0 (compatible; MJ12bot/v1.4.8; http://mj12bot.com/)"
51.75.128.81 - - [23/Apr/2025:01:56:28 -0400] "GET /tag/22-dolar-as-per-barel/feed/ HTTP/1.1" 200 2538 "-" "Mozilla/5.0 (compatible; MJ12bot/v1.4.8; http://mj12bot.com/)"
192.64.117.67 - - [23/Apr/2025:01:56:32 -0400] "POST /wp-cron.php?doing_wp_cron=1745387792.6333949565887451171875 HTTP/1.1" 200 0 "-" "WordPress/6.8; https://beritanana4d.com"
51.75.128.81 - - [23/Apr/2025:01:56:32 -0400] "GET /tag/3-kerugian-negara-akibat-kasus-korupsi-di-pt-timah/?amp=1 HTTP/1.1" 301 0 "-" "Mozilla/5.0 (compatible; MJ12bot/v1.4.8; http://mj12bot.com/)"
51.75.128.81 - - [23/Apr/2025:01:56:39 -0400] "GET /tag/3-kerugian-negara-akibat-kasus-korupsi-di-pt-timah/ HTTP/1.1" 200 42038 "-" "Mozilla/5.0 (compatible; MJ12bot/v1.4.8; http://mj12bot.com/)"
51.75.128.81 - - [23/Apr/2025:01:56:46 -0400] "GET /tag/3-kerugian-negara-akibat-kasus-korupsi-di-pt-timah/feed/ HTTP/1.1" 200 3656 "-" "Mozilla/5.0 (compatible; MJ12bot/v1.4.8; http://mj12bot.com/)"
51.75.128.81 - - [23/Apr/2025:01:56:49 -0400] "GET /tag/5-caleg-terpilih-yang-masuk-bursa-pilkada-2024-ahmad-dhani-hingga-atalia-praratya/?amp=1 HTTP/1.1" 301 0 "-" "Mozilla/5.0 (compatible; MJ12bot/v1.4.8; http://mj12bot.com/)"
111.225.149.167 - - [23/Apr/2025:01:56:50 -0400] "GET /tag/global-water-fund/ HTTP/1.1" 200 42090 "-" "Mozilla/5.0 (compatible; Bytespider; https://zhanzhang.toutiao.com/) AppleWebKit/537.36 (KHTML, like Gecko) Chrome/70.0.0.0 Safari/537.36"
111.225.149.167 - - [23/Apr/2025:01:56:52 -0400] "GET /wp-content/uploads/2024/05/Screenshot_10-1-600x392.jpg HTTP/1.1" 206 500 "https://beritanana4d.com/tag/global-water-fund/" "Mozilla/5.0 (compatible; Bytespider; https://zhanzhang.toutiao.com/) AppleWebKit/537.36 (KHTML, like Gecko) Chrome/70.0.0.0 Safari/537.36"
51.75.128.81 - - [23/Apr/2025:01:56:55 -0400] "GET /tag/5-caleg-terpilih-yang-masuk-bursa-pilkada-2024-ahmad-dhani-hingga-atalia-praratya/ HTTP/1.1" 200 42094 "-" "Mozilla/5.0 (compatible; MJ12bot/v1.4.8; http://mj12bot.com/)"
51.75.128.81 - - [23/Apr/2025:01:57:03 -0400] "GET /tag/5-caleg-terpilih-yang-masuk-bursa-pilkada-2024-ahmad-dhani-hingga-atalia-praratya/feed/ HTTP/1.1" 200 4411 "-" "Mozilla/5.0 (compatible; MJ12bot/v1.4.8; http://mj12bot.com/)"
51.75.128.81 - - [23/Apr/2025:01:57:07 -0400] "GET /tag/ada-dugaan-praktik-pengurangan-isi-tabung-gas-melon/?amp=1 HTTP/1.1" 301 0 "-" "Mozilla/5.0 (compatible; MJ12bot/v1.4.8; http://mj12bot.com/)"
110.249.201.109 - - [23/Apr/2025:01:57:14 -0400] "GET /tag/gempa-magnitudo-5/ HTTP/1.1" 200 42036 "-" "Mozilla/5.0 (compatible; Bytespider; https://zhanzhang.toutiao.com/) AppleWebKit/537.36 (KHTML, like Gecko) Chrome/70.0.0.0 Safari/537.36"
51.75.128.81 - - [23/Apr/2025:01:57:15 -0400] "GET /tag/ada-dugaan-praktik-pengurangan-isi-tabung-gas-melon/ HTTP/1.1" 200 41941 "-" "Mozilla/5.0 (compatible; MJ12bot/v1.4.8; http://mj12bot.com/)"
110.249.201.109 - - [23/Apr/2025:01:57:16 -0400] "GET /wp-content/uploads/2023/12/china-quake-3_169-600x395.jpeg HTTP/1.1" 404 166161 "https://beritanana4d.com/tag/gempa-magnitudo-5/" "Mozilla/5.0 (compatible; Bytespider; https://zhanzhang.toutiao.com/) AppleWebKit/537.36 (KHTML, like Gecko) Chrome/70.0.0.0 Safari/537.36"
51.75.128.81 - - [23/Apr/2025:01:57:21 -0400] "GET /tag/ada-dugaan-praktik-pengurangan-isi-tabung-gas-melon/feed/ HTTP/1.1" 200 2510 "-" "Mozilla/5.0 (compatible; MJ12bot/v1.4.8; http://mj12bot.com/)"
51.75.128.81 - - [23/Apr/2025:01:57:25 -0400] "GET /tag/adhy/?amp=1 HTTP/1.1" 301 0 "-" "Mozilla/5.0 (compatible; MJ12bot/v1.4.8; http://mj12bot.com/)"
51.75.128.81 - - [23/Apr/2025:01:57:33 -0400] "GET /tag/adhy/ HTTP/1.1" 200 42131 "-" "Mozilla/5.0 (compatible; MJ12bot/v1.4.8; http://mj12bot.com/)"
110.249.202.100 - - [23/Apr/2025:01:57:38 -0400] "GET /tag/korban-gempa/ HTTP/1.1" 200 41896 "-" "Mozilla/5.0 (compatible; Bytespider; https://zhanzhang.toutiao.com/) AppleWebKit/537.36 (KHTML, like Gecko) Chrome/70.0.0.0 Safari/537.36"
51.75.128.81 - - [23/Apr/2025:01:57:39 -0400] "GET /tag/adhy/feed/ HTTP/1.1" 200 2597 "-" "Mozilla/5.0 (compatible; MJ12bot/v1.4.8; http://mj12bot.com/)"
110.249.202.100 - - [23/Apr/2025:01:57:40 -0400] "GET /wp-content/uploads/2023/12/china-quake-3_169-600x395.jpeg HTTP/1.1" 404 166161 "https://beritanana4d.com/tag/korban-gempa/" "Mozilla/5.0 (compatible; Bytespider; https://zhanzhang.toutiao.com/) AppleWebKit/537.36 (KHTML, like Gecko) Chrome/70.0.0.0 Safari/537.36"
51.75.128.81 - - [23/Apr/2025:01:57:44 -0400] "GET /tag/aertis-selingkuh/feed/ HTTP/1.1" 200 2094 "-" "Mozilla/5.0 (compatible; MJ12bot/v1.4.8; http://mj12bot.com/)"
51.75.128.81 - - [23/Apr/2025:01:57:50 -0400] "GET /tag/ahmad-dhani?amp=1 HTTP/1.1" 301 0 "-" "Mozilla/5.0 (compatible; MJ12bot/v1.4.8; http://mj12bot.com/)"
192.64.117.67 - - [23/Apr/2025:01:57:57 -0400] "POST /wp-cron.php?doing_wp_cron=1745387877.0916481018066406250000 HTTP/1.1" 200 0 "-" "WordPress/6.8; https://beritanana4d.com"
51.75.128.81 - - [23/Apr/2025:01:57:56 -0400] "GET /tag/ahmad-dhani HTTP/1.1" 404 41365 "-" "Mozilla/5.0 (compatible; MJ12bot/v1.4.8; http://mj12bot.com/)"
51.75.128.81 - - [23/Apr/2025:01:58:00 -0400] "GET /tag/akbp-indra-arya-yudha/?amp=1 HTTP/1.1" 301 0 "-" "Mozilla/5.0 (compatible; MJ12bot/v1.4.8; http://mj12bot.com/)"
111.225.149.105 - - [23/Apr/2025:01:58:02 -0400] "GET /tag/tasya-farasya/ HTTP/1.1" 200 42085 "-" "Mozilla/5.0 (compatible; Bytespider; https://zhanzhang.toutiao.com/) AppleWebKit/537.36 (KHTML, like Gecko) Chrome/70.0.0.0 Safari/537.36"
111.225.149.105 - - [23/Apr/2025:01:58:03 -0400] "GET /wp-content/uploads/2023/12/5-potret-nagita-slavina-di-makeover-tasya-farasya-cucok-gak-nih-CnrT6JIBtU-600x400.jpg HTTP/1.1" 404 166161 "https://beritanana4d.com/tag/tasya-farasya/" "Mozilla/5.0 (compatible; Bytespider; https://zhanzhang.toutiao.com/) AppleWebKit/537.36 (KHTML, like Gecko) Chrome/70.0.0.0 Safari/537.36"
51.75.128.81 - - [23/Apr/2025:01:58:07 -0400] "GET /tag/akbp-indra-arya-yudha/ HTTP/1.1" 200 42098 "-" "Mozilla/5.0 (compatible; MJ12bot/v1.4.8; http://mj12bot.com/)"
51.75.128.81 - - [23/Apr/2025:01:58:12 -0400] "GET /tag/akbp-indra-arya-yudha/feed/ HTTP/1.1" 200 2602 "-" "Mozilla/5.0 (compatible; MJ12bot/v1.4.8; http://mj12bot.com/)"
51.75.128.81 - - [23/Apr/2025:01:58:17 -0400] "GET /tag/akbp-indra-arya-yudha?amp=1 HTTP/1.1" 301 0 "-" "Mozilla/5.0 (compatible; MJ12bot/v1.4.8; http://mj12bot.com/)"
51.75.128.81 - - [23/Apr/2025:01:58:24 -0400] "GET /tag/akbp-indra-arya-yudha HTTP/1.1" 301 0 "-" "Mozilla/5.0 (compatible; MJ12bot/v1.4.8; http://mj12bot.com/)"
51.75.128.81 - - [23/Apr/2025:01:58:29 -0400] "GET /tag/akbp-indra-arya-yudha/ HTTP/1.1" 200 41956 "-" "Mozilla/5.0 (compatible; MJ12bot/v1.4.8; http://mj12bot.com/)"
51.75.128.81 - - [23/Apr/2025:01:58:33 -0400] "GET /tag/al-quran/ HTTP/1.1" 200 42131 "-" "Mozilla/5.0 (compatible; MJ12bot/v1.4.8; http://mj12bot.com/)"
51.75.128.81 - - [23/Apr/2025:01:58:38 -0400] "GET /tag/al-quran/?amp=1 HTTP/1.1" 301 0 "-" "Mozilla/5.0 (compatible; MJ12bot/v1.4.8; http://mj12bot.com/)"
51.75.128.81 - - [23/Apr/2025:01:58:44 -0400] "GET /tag/al-quran/ HTTP/1.1" 200 42106 "-" "Mozilla/5.0 (compatible; MJ12bot/v1.4.8; http://mj12bot.com/)"
51.75.128.81 - - [23/Apr/2025:01:58:49 -0400] "GET /tag/al-quran/feed/ HTTP/1.1" 200 3438 "-" "Mozilla/5.0 (compatible; MJ12bot/v1.4.8; http://mj12bot.com/)"
110.249.201.120 - - [23/Apr/2025:01:58:51 -0400] "GET /tag/feri-amsari/ HTTP/1.1" 200 42159 "-" "Mozilla/5.0 (compatible; Bytespider; https://zhanzhang.toutiao.com/) AppleWebKit/537.36 (KHTML, like Gecko) Chrome/70.0.0.0 Safari/537.36"
51.75.128.81 - - [23/Apr/2025:01:58:55 -0400] "GET /tag/al-quran?amp=1 HTTP/1.1" 301 0 "-" "Mozilla/5.0 (compatible; MJ12bot/v1.4.8; http://mj12bot.com/)"
51.75.128.81 - - [23/Apr/2025:01:59:01 -0400] "GET /tag/al-quran HTTP/1.1" 301 0 "-" "Mozilla/5.0 (compatible; MJ12bot/v1.4.8; http://mj12bot.com/)"
51.75.128.81 - - [23/Apr/2025:01:59:06 -0400] "GET /tag/al-quran/ HTTP/1.1" 200 41921 "-" "Mozilla/5.0 (compatible; MJ12bot/v1.4.8; http://mj12bot.com/)"
51.75.128.81 - - [23/Apr/2025:01:59:11 -0400] "GET /tag/amir-ali-hajizadeh?amp=1 HTTP/1.1" 301 0 "-" "Mozilla/5.0 (compatible; MJ12bot/v1.4.8; http://mj12bot.com/)"
51.75.128.81 - - [23/Apr/2025:01:59:15 -0400] "GET /tag/amir-ali-hajizadeh HTTP/1.1" 404 41347 "-" "Mozilla/5.0 (compatible; MJ12bot/v1.4.8; http://mj12bot.com/)"
110.249.201.224 - - [23/Apr/2025:01:59:14 -0400] "GET /tag/pernikahan/ HTTP/1.1" 200 42105 "-" "Mozilla/5.0 (compatible; Bytespider; https://zhanzhang.toutiao.com/) AppleWebKit/537.36 (KHTML, like Gecko) Chrome/70.0.0.0 Safari/537.36"
110.249.201.224 - - [23/Apr/2025:01:59:16 -0400] "GET /wp-content/uploads/2023/12/wanita-ini-kirim-kiriman-bunga-untuk-mantannya_43-600x400.jpg HTTP/1.1" 404 166161 "https://beritanana4d.com/tag/pernikahan/" "Mozilla/5.0 (compatible; Bytespider; https://zhanzhang.toutiao.com/) AppleWebKit/537.36 (KHTML, like Gecko) Chrome/70.0.0.0 Safari/537.36"
51.75.128.81 - - [23/Apr/2025:01:59:22 -0400] "GET /tag/ancaman-bom-indigo-airlines/ HTTP/1.1" 200 42034 "-" "Mozilla/5.0 (compatible; MJ12bot/v1.4.8; http://mj12bot.com/)"
51.75.128.81 - - [23/Apr/2025:01:59:28 -0400] "GET /tag/ancaman-bom-indigo-airlines/?amp=1 HTTP/1.1" 301 0 "-" "Mozilla/5.0 (compatible; MJ12bot/v1.4.8; http://mj12bot.com/)"
51.75.128.81 - - [23/Apr/2025:01:59:32 -0400] "GET /tag/ancaman-bom-indigo-airlines/ HTTP/1.1" 200 42023 "-" "Mozilla/5.0 (compatible; MJ12bot/v1.4.8; http://mj12bot.com/)"
51.75.128.81 - - [23/Apr/2025:01:59:36 -0400] "GET /tag/ancaman-bom-indigo-airlines/feed/ HTTP/1.1" 200 3826 "-" "Mozilla/5.0 (compatible; MJ12bot/v1.4.8; http://mj12bot.com/)"
51.75.128.81 - - [23/Apr/2025:01:59:40 -0400] "GET /tag/ancaman-tujuh-tahun-penjara/ HTTP/1.1" 200 42119 "-" "Mozilla/5.0 (compatible; MJ12bot/v1.4.8; http://mj12bot.com/)"
43.157.170.126 - - [23/Apr/2025:01:59:43 -0400] "GET /klaim-kantongi-daftar-selebgram-yang-promosikan-judi-online-menkominfo-akan-ada-kejutan/ HTTP/1.1" 200 53037 "-" "Mozilla/5.0 (iPhone; CPU iPhone OS 13_2_3 like Mac OS X) AppleWebKit/605.1.15 (KHTML, like Gecko) Version/13.0.3 Mobile/15E148 Safari/604.1"
51.75.128.81 - - [23/Apr/2025:01:59:44 -0400] "GET /tag/ancaman-tujuh-tahun-penjara/?amp=1 HTTP/1.1" 301 0 "-" "Mozilla/5.0 (compatible; MJ12bot/v1.4.8; http://mj12bot.com/)"
51.75.128.81 - - [23/Apr/2025:01:59:50 -0400] "GET /tag/ancaman-tujuh-tahun-penjara/ HTTP/1.1" 200 41932 "-" "Mozilla/5.0 (compatible; MJ12bot/v1.4.8; http://mj12bot.com/)"
51.75.128.81 - - [23/Apr/2025:01:59:56 -0400] "GET /tag/ancaman-tujuh-tahun-penjara/feed/ HTTP/1.1" 200 2334 "-" "Mozilla/5.0 (compatible; MJ12bot/v1.4.8; http://mj12bot.com/)"
51.75.128.81 - - [23/Apr/2025:01:59:59 -0400] "GET /tag/apa-yang-terjadi/?amp=1 HTTP/1.1" 301 0 "-" "Mozilla/5.0 (compatible; MJ12bot/v1.4.8; http://mj12bot.com/)"
51.75.128.81 - - [23/Apr/2025:02:00:05 -0400] "GET /tag/apa-yang-terjadi/ HTTP/1.1" 200 42083 "-" "Mozilla/5.0 (compatible; MJ12bot/v1.4.8; http://mj12bot.com/)"
51.75.128.81 - - [23/Apr/2025:02:00:11 -0400] "GET /tag/apa-yang-terjadi/feed/ HTTP/1.1" 200 4346 "-" "Mozilla/5.0 (compatible; MJ12bot/v1.4.8; http://mj12bot.com/)"
51.75.128.81 - - [23/Apr/2025:02:00:14 -0400] "GET /tag/aparatur-sipil-negara/?amp=1 HTTP/1.1" 301 0 "-" "Mozilla/5.0 (compatible; MJ12bot/v1.4.8; http://mj12bot.com/)"
51.75.128.81 - - [23/Apr/2025:02:00:22 -0400] "GET /tag/aparatur-sipil-negara/ HTTP/1.1" 200 42597 "-" "Mozilla/5.0 (compatible; MJ12bot/v1.4.8; http://mj12bot.com/)"
51.75.128.81 - - [23/Apr/2025:02:00:28 -0400] "GET /tag/aparatur-sipil-negara/feed/ HTTP/1.1" 200 3934 "-" "Mozilla/5.0 (compatible; MJ12bot/v1.4.8; http://mj12bot.com/)"
51.75.128.81 - - [23/Apr/2025:02:00:33 -0400] "GET /tag/arely-mucino/ HTTP/1.1" 200 42232 "-" "Mozilla/5.0 (compatible; MJ12bot/v1.4.8; http://mj12bot.com/)"
51.75.128.81 - - [23/Apr/2025:02:00:40 -0400] "GET /tag/arely-mucino/?amp=1 HTTP/1.1" 301 0 "-" "Mozilla/5.0 (compatible; MJ12bot/v1.4.8; http://mj12bot.com/)"
51.75.128.81 - - [23/Apr/2025:02:00:46 -0400] "GET /tag/arely-mucino/ HTTP/1.1" 200 42092 "-" "Mozilla/5.0 (compatible; MJ12bot/v1.4.8; http://mj12bot.com/)"
51.75.128.81 - - [23/Apr/2025:02:00:51 -0400] "GET /tag/arely-mucino/feed/ HTTP/1.1" 200 3132 "-" "Mozilla/5.0 (compatible; MJ12bot/v1.4.8; http://mj12bot.com/)"
51.75.128.81 - - [23/Apr/2025:02:00:56 -0400] "GET /tag/artikel-tinju/?amp=1 HTTP/1.1" 301 0 "-" "Mozilla/5.0 (compatible; MJ12bot/v1.4.8; http://mj12bot.com/)"
51.75.128.81 - - [23/Apr/2025:02:01:00 -0400] "GET /tag/artikel-tinju/ HTTP/1.1" 200 42082 "-" "Mozilla/5.0 (compatible; MJ12bot/v1.4.8; http://mj12bot.com/)"
51.75.128.81 - - [23/Apr/2025:02:01:04 -0400] "GET /tag/artikel-tinju/feed/ HTTP/1.1" 200 2574 "-" "Mozilla/5.0 (compatible; MJ12bot/v1.4.8; http://mj12bot.com/)"
51.75.128.81 - - [23/Apr/2025:02:01:10 -0400] "GET /tag/asn/?amp=1 HTTP/1.1" 301 0 "-" "Mozilla/5.0 (compatible; MJ12bot/v1.4.8; http://mj12bot.com/)"
51.75.128.81 - - [23/Apr/2025:02:01:18 -0400] "GET /tag/asn/ HTTP/1.1" 200 42473 "-" "Mozilla/5.0 (compatible; MJ12bot/v1.4.8; http://mj12bot.com/)"
51.75.128.81 - - [23/Apr/2025:02:01:27 -0400] "GET /tag/asn/feed/ HTTP/1.1" 200 3932 "-" "Mozilla/5.0 (compatible; MJ12bot/v1.4.8; http://mj12bot.com/)"
51.75.128.81 - - [23/Apr/2025:02:01:30 -0400] "GET /tag/atacms?amp=1 HTTP/1.1" 301 0 "-" "Mozilla/5.0 (compatible; MJ12bot/v1.4.8; http://mj12bot.com/)"
51.75.128.81 - - [23/Apr/2025:02:01:34 -0400] "GET /tag/atacms HTTP/1.1" 301 0 "-" "Mozilla/5.0 (compatible; MJ12bot/v1.4.8; http://mj12bot.com/)"
51.75.128.81 - - [23/Apr/2025:02:01:39 -0400] "GET /tag/atacms/ HTTP/1.1" 200 41933 "-" "Mozilla/5.0 (compatible; MJ12bot/v1.4.8; http://mj12bot.com/)"
51.75.128.81 - - [23/Apr/2025:02:01:46 -0400] "GET /tag/atalia-praratya?amp=1 HTTP/1.1" 301 0 "-" "Mozilla/5.0 (compatible; MJ12bot/v1.4.8; http://mj12bot.com/)"
51.75.128.81 - - [23/Apr/2025:02:01:53 -0400] "GET /tag/atalia-praratya HTTP/1.1" 404 41146 "-" "Mozilla/5.0 (compatible; MJ12bot/v1.4.8; http://mj12bot.com/)"
51.75.128.81 - - [23/Apr/2025:02:01:58 -0400] "GET /tag/badan-pengawas-keuangan-dan-pembangunan-bpkp?amp=1 HTTP/1.1" 301 0 "-" "Mozilla/5.0 (compatible; MJ12bot/v1.4.8; http://mj12bot.com/)"
51.75.128.81 - - [23/Apr/2025:02:02:03 -0400] "GET /tag/badan-pengawas-keuangan-dan-pembangunan-bpkp HTTP/1.1" 404 41279 "-" "Mozilla/5.0 (compatible; MJ12bot/v1.4.8; http://mj12bot.com/)"
51.75.128.81 - - [23/Apr/2025:02:02:09 -0400] "GET /tag/bakal-lanjutkan-perang-di-gaza-hingga-akhir-tahun/?amp=1 HTTP/1.1" 301 0 "-" "Mozilla/5.0 (compatible; MJ12bot/v1.4.8; http://mj12bot.com/)"
51.75.128.81 - - [23/Apr/2025:02:02:15 -0400] "GET /tag/bakal-lanjutkan-perang-di-gaza-hingga-akhir-tahun/ HTTP/1.1" 200 42002 "-" "Mozilla/5.0 (compatible; MJ12bot/v1.4.8; http://mj12bot.com/)"
51.75.128.81 - - [23/Apr/2025:02:02:22 -0400] "GET /tag/bakal-lanjutkan-perang-di-gaza-hingga-akhir-tahun/feed/ HTTP/1.1" 200 2513 "-" "Mozilla/5.0 (compatible; MJ12bot/v1.4.8; http://mj12bot.com/)"
51.75.128.81 - - [23/Apr/2025:02:02:29 -0400] "GET /tag/bakram-murtazaliev/?amp=1 HTTP/1.1" 301 0 "-" "Mozilla/5.0 (compatible; MJ12bot/v1.4.8; http://mj12bot.com/)"
51.75.128.81 - - [23/Apr/2025:02:02:33 -0400] "GET /tag/bakram-murtazaliev/ HTTP/1.1" 200 41972 "-" "Mozilla/5.0 (compatible; MJ12bot/v1.4.8; http://mj12bot.com/)"
51.75.128.81 - - [23/Apr/2025:02:02:38 -0400] "GET /tag/bakram-murtazaliev/feed/ HTTP/1.1" 200 2568 "-" "Mozilla/5.0 (compatible; MJ12bot/v1.4.8; http://mj12bot.com/)"
51.75.128.81 - - [23/Apr/2025:02:02:45 -0400] "GET /tag/balon?amp=1 HTTP/1.1" 301 0 "-" "Mozilla/5.0 (compatible; MJ12bot/v1.4.8; http://mj12bot.com/)"
51.75.128.81 - - [23/Apr/2025:02:02:51 -0400] "GET /tag/balon HTTP/1.1" 404 41222 "-" "Mozilla/5.0 (compatible; MJ12bot/v1.4.8; http://mj12bot.com/)"
111.225.148.7 - - [23/Apr/2025:02:02:55 -0400] "GET /tag/ponsel-yang-dilengkapi-fitur-ai/ HTTP/1.1" 200 41979 "-" "Mozilla/5.0 (compatible; Bytespider; https://zhanzhang.toutiao.com/) AppleWebKit/537.36 (KHTML, like Gecko) Chrome/70.0.0.0 Safari/537.36"
111.225.148.7 - - [23/Apr/2025:02:02:57 -0400] "GET /wp-content/uploads/2024/06/peluncuran-realme-gt-6-di-indonesia-600x393.jpg HTTP/1.1" 206 500 "https://beritanana4d.com/tag/ponsel-yang-dilengkapi-fitur-ai/" "Mozilla/5.0 (compatible; Bytespider; https://zhanzhang.toutiao.com/) AppleWebKit/537.36 (KHTML, like Gecko) Chrome/70.0.0.0 Safari/537.36"
51.75.128.81 - - [23/Apr/2025:02:02:57 -0400] "GET /tag/bambang-susantono?amp=1 HTTP/1.1" 301 0 "-" "Mozilla/5.0 (compatible; MJ12bot/v1.4.8; http://mj12bot.com/)"
51.75.128.81 - - [23/Apr/2025:02:03:00 -0400] "GET /tag/bambang-susantono HTTP/1.1" 404 41365 "-" "Mozilla/5.0 (compatible; MJ12bot/v1.4.8; http://mj12bot.com/)"
51.75.128.81 - - [23/Apr/2025:02:03:07 -0400] "GET /tag/bandar-judi-online/?amp=1 HTTP/1.1" 301 0 "-" "Mozilla/5.0 (compatible; MJ12bot/v1.4.8; http://mj12bot.com/)"
51.75.128.81 - - [23/Apr/2025:02:03:11 -0400] "GET /tag/bandar-judi-online/ HTTP/1.1" 200 42108 "-" "Mozilla/5.0 (compatible; MJ12bot/v1.4.8; http://mj12bot.com/)"
51.75.128.81 - - [23/Apr/2025:02:03:15 -0400] "GET /tag/bandar-judi-online/feed/ HTTP/1.1" 200 1796 "-" "Mozilla/5.0 (compatible; MJ12bot/v1.4.8; http://mj12bot.com/)"
51.75.128.81 - - [23/Apr/2025:02:03:20 -0400] "GET /tag/banjir-semarang/ HTTP/1.1" 200 42062 "-" "Mozilla/5.0 (compatible; MJ12bot/v1.4.8; http://mj12bot.com/)"
51.75.128.81 - - [23/Apr/2025:02:03:28 -0400] "GET /tag/banjir-semarang/?amp=1 HTTP/1.1" 301 0 "-" "Mozilla/5.0 (compatible; MJ12bot/v1.4.8; http://mj12bot.com/)"
51.75.128.81 - - [23/Apr/2025:02:03:35 -0400] "GET /tag/banjir-semarang/ HTTP/1.1" 200 42187 "-" "Mozilla/5.0 (compatible; MJ12bot/v1.4.8; http://mj12bot.com/)"
51.75.128.81 - - [23/Apr/2025:02:03:42 -0400] "GET /tag/banjir-semarang/feed/ HTTP/1.1" 200 2022 "-" "Mozilla/5.0 (compatible; MJ12bot/v1.4.8; http://mj12bot.com/)"
51.75.128.81 - - [23/Apr/2025:02:03:49 -0400] "GET /tag/banjir?amp=1 HTTP/1.1" 301 0 "-" "Mozilla/5.0 (compatible; MJ12bot/v1.4.8; http://mj12bot.com/)"
51.75.128.81 - - [23/Apr/2025:02:03:55 -0400] "GET /tag/banjir HTTP/1.1" 404 41145 "-" "Mozilla/5.0 (compatible; MJ12bot/v1.4.8; http://mj12bot.com/)"
51.75.128.81 - - [23/Apr/2025:02:04:03 -0400] "GET /tag/bayi-hilang/?amp=1 HTTP/1.1" 301 0 "-" "Mozilla/5.0 (compatible; MJ12bot/v1.4.8; http://mj12bot.com/)"
51.75.128.81 - - [23/Apr/2025:02:04:12 -0400] "GET /tag/bayi-hilang/ HTTP/1.1" 200 41939 "-" "Mozilla/5.0 (compatible; MJ12bot/v1.4.8; http://mj12bot.com/)"
51.75.128.81 - - [23/Apr/2025:02:04:18 -0400] "GET /tag/bayi-hilang/feed/ HTTP/1.1" 200 2600 "-" "Mozilla/5.0 (compatible; MJ12bot/v1.4.8; http://mj12bot.com/)"
51.75.128.81 - - [23/Apr/2025:02:04:23 -0400] "GET /tag/begini-respons-shin-tae-yong-saat-ditanya-kondisi-rumput-sugbk/?amp=1 HTTP/1.1" 301 0 "-" "Mozilla/5.0 (compatible; MJ12bot/v1.4.8; http://mj12bot.com/)"
51.75.128.81 - - [23/Apr/2025:02:04:32 -0400] "GET /tag/begini-respons-shin-tae-yong-saat-ditanya-kondisi-rumput-sugbk/ HTTP/1.1" 200 42065 "-" "Mozilla/5.0 (compatible; MJ12bot/v1.4.8; http://mj12bot.com/)"
51.75.128.81 - - [23/Apr/2025:02:04:38 -0400] "GET /tag/begini-respons-shin-tae-yong-saat-ditanya-kondisi-rumput-sugbk/feed/ HTTP/1.1" 200 4085 "-" "Mozilla/5.0 (compatible; MJ12bot/v1.4.8; http://mj12bot.com/)"
51.75.128.81 - - [23/Apr/2025:02:04:44 -0400] "GET /tag/beijing/?amp=1 HTTP/1.1" 301 0 "-" "Mozilla/5.0 (compatible; MJ12bot/v1.4.8; http://mj12bot.com/)"
51.75.128.81 - - [23/Apr/2025:02:04:50 -0400] "GET /tag/beijing/ HTTP/1.1" 200 42039 "-" "Mozilla/5.0 (compatible; MJ12bot/v1.4.8; http://mj12bot.com/)"
51.75.128.81 - - [23/Apr/2025:02:04:56 -0400] "GET /tag/beijing/feed/ HTTP/1.1" 200 2113 "-" "Mozilla/5.0 (compatible; MJ12bot/v1.4.8; http://mj12bot.com/)"
51.75.128.81 - - [23/Apr/2025:02:05:05 -0400] "GET /tag/beijing?amp=1 HTTP/1.1" 301 0 "-" "Mozilla/5.0 (compatible; MJ12bot/v1.4.8; http://mj12bot.com/)"
51.75.128.81 - - [23/Apr/2025:02:05:10 -0400] "GET /tag/beijing HTTP/1.1" 301 0 "-" "Mozilla/5.0 (compatible; MJ12bot/v1.4.8; http://mj12bot.com/)"
51.75.128.81 - - [23/Apr/2025:02:05:14 -0400] "GET /tag/beijing/ HTTP/1.1" 200 41880 "-" "Mozilla/5.0 (compatible; MJ12bot/v1.4.8; http://mj12bot.com/)"
51.75.128.81 - - [23/Apr/2025:02:05:20 -0400] "GET /tag/bekasi/?amp=1 HTTP/1.1" 301 0 "-" "Mozilla/5.0 (compatible; MJ12bot/v1.4.8; http://mj12bot.com/)"
51.75.128.81 - - [23/Apr/2025:02:05:27 -0400] "GET /tag/bekasi/ HTTP/1.1" 200 42065 "-" "Mozilla/5.0 (compatible; MJ12bot/v1.4.8; http://mj12bot.com/)"
51.75.128.81 - - [23/Apr/2025:02:05:34 -0400] "GET /tag/bekasi/feed/ HTTP/1.1" 200 1661 "-" "Mozilla/5.0 (compatible; MJ12bot/v1.4.8; http://mj12bot.com/)"
51.75.128.81 - - [23/Apr/2025:02:05:39 -0400] "GET /tag/benediktus-alvaro-darren/?amp=1 HTTP/1.1" 301 0 "-" "Mozilla/5.0 (compatible; MJ12bot/v1.4.8; http://mj12bot.com/)"
51.75.128.81 - - [23/Apr/2025:02:05:44 -0400] "GET /tag/benediktus-alvaro-darren/ HTTP/1.1" 200 42014 "-" "Mozilla/5.0 (compatible; MJ12bot/v1.4.8; http://mj12bot.com/)"
51.75.128.81 - - [23/Apr/2025:02:05:51 -0400] "GET /tag/benediktus-alvaro-darren/feed/ HTTP/1.1" 200 1673 "-" "Mozilla/5.0 (compatible; MJ12bot/v1.4.8; http://mj12bot.com/)"
51.75.128.81 - - [23/Apr/2025:02:05:58 -0400] "GET /tag/bercanda/ HTTP/1.1" 200 41943 "-" "Mozilla/5.0 (compatible; MJ12bot/v1.4.8; http://mj12bot.com/)"
66.249.68.129 - - [23/Apr/2025:02:06:00 -0400] "GET /tag/tim-kuasa-hukum-vina-cirebon-akan-sambangi-komnas-ham-siang-ini/ HTTP/1.1" 200 42158 "-" "Mozilla/5.0 (Linux; Android 6.0.1; Nexus 5X Build/MMB29P) AppleWebKit/537.36 (KHTML, like Gecko) Chrome/135.0.7049.95 Mobile Safari/537.36 (compatible; Googlebot/2.1; +http://www.google.com/bot.html)"
51.75.128.81 - - [23/Apr/2025:02:06:03 -0400] "GET /tag/bercanda/?amp=1 HTTP/1.1" 301 0 "-" "Mozilla/5.0 (compatible; MJ12bot/v1.4.8; http://mj12bot.com/)"
51.75.128.81 - - [23/Apr/2025:02:06:09 -0400] "GET /tag/bercanda/ HTTP/1.1" 200 41963 "-" "Mozilla/5.0 (compatible; MJ12bot/v1.4.8; http://mj12bot.com/)"
51.75.128.81 - - [23/Apr/2025:02:06:15 -0400] "GET /tag/bercanda/feed/ HTTP/1.1" 200 3845 "-" "Mozilla/5.0 (compatible; MJ12bot/v1.4.8; http://mj12bot.com/)"
66.249.68.130 - - [23/Apr/2025:02:06:16 -0400] "GET /wp-content/fonts/4858e279dedfe3e0db762e9cbd53b582.css HTTP/1.1" 200 936 "https://beritanana4d.com/tag/tim-kuasa-hukum-vina-cirebon-akan-sambangi-komnas-ham-siang-ini/" "Mozilla/5.0 (Linux; Android 6.0.1; Nexus 5X Build/MMB29P) AppleWebKit/537.36 (KHTML, like Gecko) Chrome/134.0.6998.165 Mobile Safari/537.36 (compatible; Googlebot/2.1; +http://www.google.com/bot.html)"
51.75.128.81 - - [23/Apr/2025:02:06:19 -0400] "GET /tag/bercanda?amp=1 HTTP/1.1" 301 0 "-" "Mozilla/5.0 (compatible; MJ12bot/v1.4.8; http://mj12bot.com/)"
49.76.19.54 - - [23/Apr/2025:02:06:20 -0400] "POST /wp-comments-post.php HTTP/1.1" 302 0 "-" "Mozilla/5.0 (Windows NT 10.0; Win64; x64) AppleWebKit/537.36 (KHTML, like Gecko) Chrome/120.0.0.0 Safari/537.36"
49.76.19.54 - - [23/Apr/2025:02:06:27 -0400] "POST /wp-comments-post.php HTTP/1.1" 429 1187 "-" "Mozilla/5.0 (Windows NT 10.0; Win64; x64) AppleWebKit/537.36 (KHTML, like Gecko) Chrome/120.0.0.0 Safari/537.36"
51.75.128.81 - - [23/Apr/2025:02:06:27 -0400] "GET /tag/bercanda HTTP/1.1" 301 0 "-" "Mozilla/5.0 (compatible; MJ12bot/v1.4.8; http://mj12bot.com/)"
49.76.19.54 - - [23/Apr/2025:02:06:32 -0400] "POST /wp-comments-post.php HTTP/1.1" 429 1187 "-" "Mozilla/5.0 (Windows NT 10.0; Win64; x64) AppleWebKit/537.36 (KHTML, like Gecko) Chrome/120.0.0.0 Safari/537.36"
51.75.128.81 - - [23/Apr/2025:02:06:31 -0400] "GET /tag/bercanda/ HTTP/1.1" 200 42147 "-" "Mozilla/5.0 (compatible; MJ12bot/v1.4.8; http://mj12bot.com/)"
51.75.128.81 - - [23/Apr/2025:02:06:38 -0400] "GET /tag/berita-tinju/?amp=1 HTTP/1.1" 301 0 "-" "Mozilla/5.0 (compatible; MJ12bot/v1.4.8; http://mj12bot.com/)"
49.76.19.54 - - [23/Apr/2025:02:06:39 -0400] "POST /wp-comments-post.php HTTP/1.1" 302 0 "-" "Mozilla/5.0 (Windows NT 10.0; Win64; x64) AppleWebKit/537.36 (KHTML, like Gecko) Chrome/120.0.0.0 Safari/537.36"
49.76.19.54 - - [23/Apr/2025:02:06:43 -0400] "POST /wp-comments-post.php HTTP/1.1" 429 1187 "-" "Mozilla/5.0 (Windows NT 10.0; Win64; x64) AppleWebKit/537.36 (KHTML, like Gecko) Chrome/120.0.0.0 Safari/537.36"
51.75.128.81 - - [23/Apr/2025:02:06:44 -0400] "GET /tag/berita-tinju/ HTTP/1.1" 200 44586 "-" "Mozilla/5.0 (compatible; MJ12bot/v1.4.8; http://mj12bot.com/)"
49.76.19.54 - - [23/Apr/2025:02:06:47 -0400] "POST /wp-comments-post.php HTTP/1.1" 429 1187 "-" "Mozilla/5.0 (Windows NT 10.0; Win64; x64) AppleWebKit/537.36 (KHTML, like Gecko) Chrome/120.0.0.0 Safari/537.36"
51.75.128.81 - - [23/Apr/2025:02:06:51 -0400] "GET /tag/berita-tinju/feed/ HTTP/1.1" 200 11391 "-" "Mozilla/5.0 (compatible; MJ12bot/v1.4.8; http://mj12bot.com/)"
49.76.19.54 - - [23/Apr/2025:02:06:51 -0400] "POST /wp-comments-post.php HTTP/1.1" 429 1187 "-" "Mozilla/5.0 (Windows NT 10.0; Win64; x64) AppleWebKit/537.36 (KHTML, like Gecko) Chrome/120.0.0.0 Safari/537.36"
49.76.19.54 - - [23/Apr/2025:02:06:54 -0400] "POST /wp-comments-post.php HTTP/1.1" 302 0 "-" "Mozilla/5.0 (Windows NT 10.0; Win64; x64) AppleWebKit/537.36 (KHTML, like Gecko) Chrome/120.0.0.0 Safari/537.36"
51.75.128.81 - - [23/Apr/2025:02:06:55 -0400] "GET /tag/berjaya-di-volchansk/ HTTP/1.1" 200 42131 "-" "Mozilla/5.0 (compatible; MJ12bot/v1.4.8; http://mj12bot.com/)"
49.76.19.54 - - [23/Apr/2025:02:06:59 -0400] "POST /wp-comments-post.php HTTP/1.1" 429 1187 "-" "Mozilla/5.0 (Windows NT 10.0; Win64; x64) AppleWebKit/537.36 (KHTML, like Gecko) Chrome/120.0.0.0 Safari/537.36"
51.75.128.81 - - [23/Apr/2025:02:07:00 -0400] "GET /tag/berjaya-di-volchansk/?amp=1 HTTP/1.1" 301 0 "-" "Mozilla/5.0 (compatible; MJ12bot/v1.4.8; http://mj12bot.com/)"
49.76.19.54 - - [23/Apr/2025:02:07:02 -0400] "POST /wp-comments-post.php HTTP/1.1" 429 1187 "-" "Mozilla/5.0 (Windows NT 10.0; Win64; x64) AppleWebKit/537.36 (KHTML, like Gecko) Chrome/120.0.0.0 Safari/537.36"
51.75.128.81 - - [23/Apr/2025:02:07:04 -0400] "GET /tag/berjaya-di-volchansk/ HTTP/1.1" 200 42062 "-" "Mozilla/5.0 (compatible; MJ12bot/v1.4.8; http://mj12bot.com/)"
51.75.128.81 - - [23/Apr/2025:02:07:08 -0400] "GET /tag/berjaya-di-volchansk/feed/ HTTP/1.1" 200 4401 "-" "Mozilla/5.0 (compatible; MJ12bot/v1.4.8; http://mj12bot.com/)"
51.75.128.81 - - [23/Apr/2025:02:07:12 -0400] "GET /tag/bertemu-puan-maharani/?amp=1 HTTP/1.1" 301 0 "-" "Mozilla/5.0 (compatible; MJ12bot/v1.4.8; http://mj12bot.com/)"
51.75.128.81 - - [23/Apr/2025:02:07:15 -0400] "GET /tag/bertemu-puan-maharani/ HTTP/1.1" 200 41968 "-" "Mozilla/5.0 (compatible; MJ12bot/v1.4.8; http://mj12bot.com/)"
51.75.128.81 - - [23/Apr/2025:02:07:21 -0400] "GET /tag/bertemu-puan-maharani/feed/ HTTP/1.1" 200 4871 "-" "Mozilla/5.0 (compatible; MJ12bot/v1.4.8; http://mj12bot.com/)"
51.75.128.81 - - [23/Apr/2025:02:07:24 -0400] "GET /tag/bethlehem/feed/ HTTP/1.1" 200 2098 "-" "Mozilla/5.0 (compatible; MJ12bot/v1.4.8; http://mj12bot.com/)"
51.75.128.81 - - [23/Apr/2025:02:07:28 -0400] "GET /tag/betlehem-berduka/feed/ HTTP/1.1" 200 2106 "-" "Mozilla/5.0 (compatible; MJ12bot/v1.4.8; http://mj12bot.com/)"
51.75.128.81 - - [23/Apr/2025:02:07:32 -0400] "GET /tag/betlehem/?amp=1 HTTP/1.1" 301 0 "-" "Mozilla/5.0 (compatible; MJ12bot/v1.4.8; http://mj12bot.com/)"
51.75.128.81 - - [23/Apr/2025:02:07:36 -0400] "GET /tag/betlehem/ HTTP/1.1" 200 41822 "-" "Mozilla/5.0 (compatible; MJ12bot/v1.4.8; http://mj12bot.com/)"
51.75.128.81 - - [23/Apr/2025:02:07:41 -0400] "GET /tag/betlehem/feed/ HTTP/1.1" 200 2318 "-" "Mozilla/5.0 (compatible; MJ12bot/v1.4.8; http://mj12bot.com/)"
51.75.128.81 - - [23/Apr/2025:02:07:45 -0400] "GET /tag/bmw-gunakan-robot-anjing-untuk-deteksi-masalah-di-pabrik/feed/ HTTP/1.1" 200 1802 "-" "Mozilla/5.0 (compatible; MJ12bot/v1.4.8; http://mj12bot.com/)"
51.75.128.81 - - [23/Apr/2025:02:07:51 -0400] "GET /tag/bobby-joseph/ HTTP/1.1" 200 42133 "-" "Mozilla/5.0 (compatible; MJ12bot/v1.4.8; http://mj12bot.com/)"
51.75.128.81 - - [23/Apr/2025:02:07:56 -0400] "GET /tag/bobby-joseph/?amp=1 HTTP/1.1" 301 0 "-" "Mozilla/5.0 (compatible; MJ12bot/v1.4.8; http://mj12bot.com/)"
51.75.128.81 - - [23/Apr/2025:02:08:01 -0400] "GET /tag/bobby-joseph/ HTTP/1.1" 200 42016 "-" "Mozilla/5.0 (compatible; MJ12bot/v1.4.8; http://mj12bot.com/)"
51.75.128.81 - - [23/Apr/2025:02:08:07 -0400] "GET /tag/bobby-joseph/feed/ HTTP/1.1" 200 3323 "-" "Mozilla/5.0 (compatible; MJ12bot/v1.4.8; http://mj12bot.com/)"
51.75.128.81 - - [23/Apr/2025:02:08:11 -0400] "GET /tag/bobby-nasution-dan-edy/ HTTP/1.1" 200 41899 "-" "Mozilla/5.0 (compatible; MJ12bot/v1.4.8; http://mj12bot.com/)"
51.75.128.81 - - [23/Apr/2025:02:08:18 -0400] "GET /tag/bobby-nasution-dan-edy/?amp=1 HTTP/1.1" 301 0 "-" "Mozilla/5.0 (compatible; MJ12bot/v1.4.8; http://mj12bot.com/)"
