40.77.167.25 - - [02/May/2025:17:28:01 -0400] "GET /?e=08126115548504&channel=5dc400&from=blog.php%3Fid%3D1155485-12537%26name%3D%5BMIDI+%E3%83%9F%E3%83%87%E3%82%A3%5D+%E3%83%A1%E3%82%AC%E3%83%8D+%E5%BA%A6%E4%BB%98%E3%81%8D+%E5%BA%A6%E5%85%A5%E3%82%8A+%E5%BA%A6%E3%81%82%E3%82%8A+%E3%83%A1%E3%83%B3%E3%82%BA+%E3%82%B9%E3%82%AF%E3%82%A8%E3%82%A2+%E3%81%8A%E3%81%97%E3%82%83%E3%82%8C+%E3%81%8B%E3%81%A3%E3%81%93%E3%81%84%E3%81%84+%E3%83%93%E3%82%B8%E3%83%8D%E3%82%B9+%E5%BA%A6%E4%BB%98%E3%81%8D%E3%83%A1%E3%82%AC%E3%83%8D+%E5%BA%A6%E4%BB%98%E3%81%8D%E7%9C%BC%E9%8F%A1+%E3%83%95 HTTP/1.1" 200 0 "-" "Mozilla/5.0 AppleWebKit/537.36 (KHTML, like Gecko; compatible; bingbot/2.0; +http://www.bing.com/bingbot.htm) Chrome/116.0.1938.76 Safari/537.36"
52.167.144.21 - - [02/May/2025:17:29:19 -0400] "GET /?e=96198104247303&channel=00687b&from=news.php%3Fid%3D1042473-4233%26name%3D6%E3%83%94%E3%83%BC%E3%82%B9%E9%A0%91%E4%B8%88%E3%81%AA%E3%82%B7%E3%83%AA%E3%82%B3%E3%83%B3%E3%82%AC%E3%82%B9%E3%82%B1%E3%83%83%E3%83%88%E3%83%AA%E3%83%B3%E3%82%B040%E3%82%AA%E3%83%B3%E3%82%B9%E3%82%BF%E3%83%B3%E3%83%96%E3%83%A9%E3%83%BC%E8%93%8B%E3%82%B7%E3%83%AA%E3%82%B3%E3%83%B3%E3%82%B7%E3%83%BC%E3%83%AB%E3%83%AA%E3%83%B3%E3%82%B0%E3%83%AA%E3%83%BC%E3%82%AF%E3%83%97%E3%83%AB%E3%83%BC%E3%83%95%E3%83%91%E3%83%95%E3%82%A9%E3%83%BC%E3%83%9E%E3%83%B3%E3%82%B9%E3%82%AC%E3%82%B9%E3%82%B1%E3%83%83%E3%83%88 HTTP/1.1" 200 0 "-" "Mozilla/5.0 AppleWebKit/537.36 (KHTML, like Gecko; compatible; bingbot/2.0; +http://www.bing.com/bingbot.htm) Chrome/116.0.1938.76 Safari/537.36"
52.167.144.203 - - [02/May/2025:17:30:21 -0400] "GET /?e=83685110195706&channel=41bf12&from=shared.php%3Fid%3D1101957-13670%26name%3DKetunedi+%E3%83%86%E3%83%BC%E3%83%96%E3%83%AB%E3%82%BD%E3%83%BC%E7%94%A8%E3%81%AE%E8%96%84%E3%81%84RIP%E3%82%AC%E3%82%A4%E3%83%89%E3%80%81%E8%96%84%E3%81%84RIP%E3%82%AC%E3%82%A4%E3%83%89+-+%E8%AA%BF%E6%95%B4%E5%8F%AF%E8%83%BD%E3%81%AATableas+Jig+Aluminum+Alu HTTP/1.1" 200 0 "-" "Mozilla/5.0 AppleWebKit/537.36 (KHTML, like Gecko; compatible; bingbot/2.0; +http://www.bing.com/bingbot.htm) Chrome/116.0.1938.76 Safari/537.36"
52.167.144.203 - - [02/May/2025:17:30:21 -0400] "GET /?e=01484141830500&channel=e22777&from=shared.php%3Fid%3D1418305-9533%26name%3D%E7%99%BD%E5%8D%81%E5%AD%97+%E3%82%AB%E3%83%97%E3%82%BB%E3%83%AB+%E3%82%BC%E3%83%A9%E3%83%81%E3%83%B3+%E3%82%AA%E3%83%96%E3%83%A9%E3%83%BC%E3%83%88 HTTP/1.1" 200 0 "-" "Mozilla/5.0 AppleWebKit/537.36 (KHTML, like Gecko; compatible; bingbot/2.0; +http://www.bing.com/bingbot.htm) Chrome/116.0.1938.76 Safari/537.36"
52.167.144.21 - - [02/May/2025:17:30:29 -0400] "GET /?e=96198104247303&channel=00687b&from=news.php%3Fid%3D1042473-4233%26name%3D6%E3%83%94%E3%83%BC%E3%82%B9%E9%A0%91%E4%B8%88%E3%81%AA%E3%82%B7%E3%83%AA%E3%82%B3%E3%83%B3%E3%82%AC%E3%82%B9%E3%82%B1%E3%83%83%E3%83%88%E3%83%AA%E3%83%B3%E3%82%B040%E3%82%AA%E3%83%B3%E3%82%B9%E3%82%BF%E3%83%B3%E3%83%96%E3%83%A9%E3%83%BC%E8%93%8B%E3%82%B7%E3%83%AA%E3%82%B3%E3%83%B3%E3%82%B7%E3%83%BC%E3%83%AB%E3%83%AA%E3%83%B3%E3%82%B0%E3%83%AA%E3%83%BC%E3%82%AF%E3%83%97%E3%83%AB%E3%83%BC%E3%83%95%E3%83%91%E3%83%95%E3%82%A9%E3%83%BC%E3%83%9E%E3%83%B3%E3%82%B9%E3%82%AC%E3%82%B9%E3%82%B1%E3%83%83%E3%83%88 HTTP/1.1" 200 0 "-" "Mozilla/5.0 AppleWebKit/537.36 (KHTML, like Gecko; compatible; bingbot/2.0; +http://www.bing.com/bingbot.htm) Chrome/116.0.1938.76 Safari/537.36"
52.167.144.203 - - [02/May/2025:17:31:01 -0400] "GET /?e=83685110195706&channel=41bf12&from=shared.php%3Fid%3D1101957-13670%26name%3DKetunedi+%E3%83%86%E3%83%BC%E3%83%96%E3%83%AB%E3%82%BD%E3%83%BC%E7%94%A8%E3%81%AE%E8%96%84%E3%81%84RIP%E3%82%AC%E3%82%A4%E3%83%89%E3%80%81%E8%96%84%E3%81%84RIP%E3%82%AC%E3%82%A4%E3%83%89+-+%E8%AA%BF%E6%95%B4%E5%8F%AF%E8%83%BD%E3%81%AATableas+Jig+Aluminum+Alu HTTP/1.1" 200 0 "-" "Mozilla/5.0 AppleWebKit/537.36 (KHTML, like Gecko; compatible; bingbot/2.0; +http://www.bing.com/bingbot.htm) Chrome/116.0.1938.76 Safari/537.36"
52.167.144.203 - - [02/May/2025:17:31:02 -0400] "GET /?e=01484141830500&channel=e22777&from=shared.php%3Fid%3D1418305-9533%26name%3D%E7%99%BD%E5%8D%81%E5%AD%97+%E3%82%AB%E3%83%97%E3%82%BB%E3%83%AB+%E3%82%BC%E3%83%A9%E3%83%81%E3%83%B3+%E3%82%AA%E3%83%96%E3%83%A9%E3%83%BC%E3%83%88 HTTP/1.1" 200 0 "-" "Mozilla/5.0 AppleWebKit/537.36 (KHTML, like Gecko; compatible; bingbot/2.0; +http://www.bing.com/bingbot.htm) Chrome/116.0.1938.76 Safari/537.36"
52.167.144.21 - - [02/May/2025:17:31:59 -0400] "GET /?e=7971150323905&channel=1ced50&from=info.php%3Fid%3D503239-11034%26name%3D%E8%87%AA%E8%BB%A2%E8%BB%8A+%E3%83%8F%E3%83%B3%E3%83%89%E3%83%AB%E3%83%90%E3%83%BC+2017%E6%96%B0%E3%81%97%E3%81%84%E8%B6%85%E3%83%A9%E3%82%A4%E3%83%88%E3%83%AD%E3%83%BC%E3%83%89%E3%83%90%E3%82%A4%E3%82%AF%E3%83%8F%E3%83%B3%E3%83%89%E3%83%AB%E3%82%AB%E3%83%BC%E3%83%9C%E3%83%B3%E3%83%95%E3%82%A1%E3%82%A4%E3%83%90%E3%83%BC%E3%83%AD%E3%83%BC%E3%83%89%E3%83%8F%E3%83%B3%E3%83%89%E3%83%AB%E3%83%90%E3%83%BC%2F+xxx.+260g%E3%81%AE%E3%81%86%E3%81%A1%E3%81%AE1 HTTP/1.1" 200 0 "-" "Mozilla/5.0 AppleWebKit/537.36 (KHTML, like Gecko; compatible; bingbot/2.0; +http://www.bing.com/bingbot.htm) Chrome/116.0.1938.76 Safari/537.36"
52.167.144.203 - - [02/May/2025:17:32:11 -0400] "GET /?e=0273269882700&channel=80b554&from=product.php%3Fid%3D698827-5115%26name%3D%E3%83%AC%E3%83%8E%E3%83%9C+ThinkPad%E3%83%88%E3%83%A9%E3%83%83%E3%82%AF%E3%83%9D%E3%82%A4%E3%83%B3%E3%83%88+%E3%82%AD%E3%83%BC%E3%83%9C%E3%83%BC%E3%83%89II-%E6%97%A5%E6%9C%AC%E8%AA%9E+4Y40X49522+1%E5%8F%B0 HTTP/1.1" 200 0 "-" "Mozilla/5.0 AppleWebKit/537.36 (KHTML, like Gecko; compatible; bingbot/2.0; +http://www.bing.com/bingbot.htm) Chrome/116.0.1938.76 Safari/537.36"
52.167.144.21 - - [02/May/2025:17:33:40 -0400] "GET /?e=85740138624500&channel=5cf6e1&from=pin.php%3Fid%3D1386245-3931%26name%3DKAZEN+%E3%82%AB%E3%82%BC%E3%83%B3%E3%80%80397-90%3CBR%3E%E5%AD%A6%E7%AB%A5%E7%94%A8%E7%B5%A6%E9%A3%9F%E8%A1%A3%EF%BC%88%E3%82%B7%E3%83%B3%E3%82%B0%E3%83%AB%E5%9E%8B%EF%BC%89%3CBR%3E1%E5%8F%B7%E3%80%9C3%E5%8F%B7 HTTP/1.1" 200 0 "-" "Mozilla/5.0 AppleWebKit/537.36 (KHTML, like Gecko; compatible; bingbot/2.0; +http://www.bing.com/bingbot.htm) Chrome/116.0.1938.76 Safari/537.36"
40.77.167.247 - - [02/May/2025:17:33:49 -0400] "GET /?e=2070221022803&channel=8f982d&from=brands.php%3Fid%3D210228-47%26name%3D%E7%8F%BE%E4%BB%A3%E3%81%AE%E3%82%AF%E3%83%AA%E3%82%B9%E3%82%BF%E3%83%AB%E3%82%B7%E3%83%A3%E3%83%B3%E3%83%87%E3%83%AA%E3%82%A2%E3%83%AA%E3%83%93%E3%83%B3%E3%82%B0%E3%83%AB%E3%83%BC%E3%83%A0%E3%81%AE%E9%AB%98%E7%B4%9A%E5%AE%B6%E3%81%AE%E8%A3%85%E9%A3%BE+Led+%E7%85%A7%E6%98%8E%E3%83%8F%E3%83%B3%E3%82%AE%E3%83%B3%E3%82%B0%E3%83%A9%E3%83%B3%E3%83%97%E5%B1%8B%E5%86%85%E3%83%A9%E3%82%A6%E3%83%B3%E3%83%89+%E3%80%81%E5%A4%A9%E4%BA%95%E7%85%A7%E6%98%8E HTTP/1.1" 200 0 "-" "Mozilla/5.0 AppleWebKit/537.36 (KHTML, like Gecko; compatible; bingbot/2.0; +http://www.bing.com/bingbot.htm) Chrome/116.0.1938.76 Safari/537.36"
52.167.144.21 - - [02/May/2025:17:33:54 -0400] "GET /?e=7538138515200&channel=066012&from=info.php%3Fid%3D385152-11205%26name%3D%5B%E5%B0%8F%E3%81%95%E3%81%AA%E5%BA%97%5D+%E3%82%A6%E3%82%A8%E3%82%B9%E3%82%BF%E3%83%B3%E3%82%AB%E3%82%A6%E3%83%9C%E3%83%BC%E3%82%A4%E3%83%8F%E3%83%83%E3%83%88+%E5%A5%B3%E6%80%A7%E7%94%A8+%E5%86%99%E7%9C%9F%E5%B0%8F%E9%81%93%E5%85%B7+%E3%82%AB%E3%82%A6%E3%82%AC%E3%83%BC%E3%83%AB+%E3%82%B8%E3%83%A3%E3%82%BA%E3%83%8F%E3%83%83%E3%83%88+%E3%83%91%E3%83%BC%E3%83%86%E3%82%A3%E3%83%BC%E3%83%89%E3%83%AC%E3%82%B9%E3%82%AD%E3%83%A3%E3%83%83%E3%83%97+%E3%82%BD%E3%83%B3%E3%83%96%E3%83%AC%E3%83%AD+%E3%82%AA%E3%83%B3%E3%83%96 HTTP/1.1" 200 0 "-" "Mozilla/5.0 AppleWebKit/537.36 (KHTML, like Gecko; compatible; bingbot/2.0; +http://www.bing.com/bingbot.htm) Chrome/116.0.1938.76 Safari/537.36"
52.167.144.203 - - [02/May/2025:17:35:31 -0400] "GET /?e=0989824309504&channel=ff4f17&from=product.php%3Fid%3D243095-3438%26name%3D%E3%80%90%E3%83%89%E3%83%AC%E3%82%B9%E3%82%B6%E3%83%A9%E3%82%A4%E3%83%95%E3%80%91%E3%83%96%E3%83%A9%E3%82%A4%E3%83%80%E3%83%AB%E3%82%A4%E3%83%B3%E3%83%8A%E3%83%BC%E3%80%80C75 HTTP/1.1" 200 0 "-" "Mozilla/5.0 AppleWebKit/537.36 (KHTML, like Gecko; compatible; bingbot/2.0; +http://www.bing.com/bingbot.htm) Chrome/116.0.1938.76 Safari/537.36"
77.75.76.160 - - [02/May/2025:17:35:33 -0400] "GET /robots.txt HTTP/1.1" 200 86 "-" "Mozilla/5.0 (compatible; SeznamBot/4.0; +https://o-seznam.cz/napoveda/vyhledavani/en/seznambot-crawler/)"
77.75.76.160 - - [02/May/2025:17:35:33 -0400] "GET /longsor-di-tol-bintaro-jalan-mulya-bakti-sudah-bisa-dilalui-kendaraan/ HTTP/1.1" 200 0 "-" "Mozilla/5.0 (compatible; SeznamBot/4.0; +https://o-seznam.cz/napoveda/vyhledavani/en/seznambot-crawler/)"
40.77.167.10 - - [02/May/2025:17:38:11 -0400] "GET /?e=98119354107&channel=b6e5c1&from=product.php%3Fid%3D3541-226%26name%3D%E3%83%95%E3%82%A7%E3%82%A4%E3%83%9E%E3%82%B9+Famous+%E3%82%A6%E3%82%AF%E3%83%AC%E3%83%AC+FS-5+%E3%82%BD%E3%83%97%E3%83%A9%E3%83%8E%E3%82%B5%E3%82%A4%E3%82%BA HTTP/1.1" 200 0 "-" "Mozilla/5.0 AppleWebKit/537.36 (KHTML, like Gecko; compatible; bingbot/2.0; +http://www.bing.com/bingbot.htm) Chrome/116.0.1938.76 Safari/537.36"
40.77.167.10 - - [02/May/2025:17:39:12 -0400] "GET /?e=2111849604100&channel=b6e5c1&from=goods.php%3Fid%3D496041-226%26name%3DRoland+are-4015+ROLAND+SRQ-4015+%E3%83%AD%E3%83%BC%E3%83%A9%E3%83%B3%E3%83%89+are4015+4%E3%83%81%E3%83%A3%E3%83%B3%E3%83%8D%E3%83%AB%E3%83%87%E3%82%B8%E3%82%BF%E3%83%AB%E3%82%B0%E3%83%A9%E3%83%95%E3%82%A3%E3%83%83%E3%82%AF%E3%82%A4%E3%82%B3%E3%83%A9%E3%82%A4%E3%82%B6%E3%83%BC%E5%8B%95%E4%BD%9C%E5%93%81+%E6%97%A5%E6%9C%AC%E8%A3%BD+%E9%80%81%E6%96%99%E7%84%A1%E6%96%99+%E2%98%86 HTTP/1.1" 200 0 "-" "Mozilla/5.0 AppleWebKit/537.36 (KHTML, like Gecko; compatible; bingbot/2.0; +http://www.bing.com/bingbot.htm) Chrome/116.0.1938.76 Safari/537.36"
40.77.167.10 - - [02/May/2025:17:39:13 -0400] "GET /?e=9457836843301&channel=5103f9&from=info.php%3Fid%3D368433-718%26name%3D%E6%96%B0%E5%93%81%E2%9D%A4%E3%83%AF%E3%82%B3%E3%83%BC%E3%83%AB%E3%82%B8%E3%82%A778G%E3%83%96%E3%83%A9C65%E3%82%BD%E3%83%B3%E3%82%B0T%E3%83%90%E3%83%83%E3%82%AFM%E8%B5%A4%E3%82%B5%E3%83%AB%E3%83%BC%E3%83%88%E3%83%AC%E3%83%95%E3%83%AB%E3%83%91%E3%83%AB%E3%83%95%E3%82%A1%E3%83%BC%E3%82%B8%E3%83%A5 HTTP/1.1" 200 0 "-" "Mozilla/5.0 AppleWebKit/537.36 (KHTML, like Gecko; compatible; bingbot/2.0; +http://www.bing.com/bingbot.htm) Chrome/116.0.1938.76 Safari/537.36"
40.77.167.18 - - [02/May/2025:17:41:00 -0400] "GET /?e=24943118125200&channel=7caebf&from=category-info.php%3Fid%3D1181252-3944%26name%3D%E3%82%80%E3%81%9D%E3%81%86+%E3%82%AA%E3%83%BC%E3%82%AC%E3%83%8B%E3%83%83%E3%82%AF%E3%82%AB%E3%83%95%E3%82%A7%E3%82%A4%E3%83%B3%E3%83%AC%E3%82%B9%E3%82%B3%E3%83%BC%E3%83%92%E3%83%BC%28%E3%83%89%E3%83%AA%E3%83%83%E3%83%97%29%EF%BC%8810g%C3%975%E8%A2%8B%EF%BC%89+%C3%971%E5%80%8B%EF%BC%BC%E7%9D%80%E5%BE%8C%E3%83%AC%E3%83%93%E3%83%A5%E3%83%BC%E3%81%A7%E3%83%97%E3%83%AC%E3%82%BC%E3%83%B3%E3%83%88%E6%9C%89%EF%BC%81%EF%BC%8F HTTP/1.1" 200 0 "-" "Mozilla/5.0 AppleWebKit/537.36 (KHTML, like Gecko; compatible; bingbot/2.0; +http://www.bing.com/bingbot.htm) Chrome/116.0.1938.76 Safari/537.36"
40.77.167.10 - - [02/May/2025:17:42:32 -0400] "GET /?e=31218124287000&channel=6d998a&from=shared.php%3Fid%3D1242870-4901%26name%3D%E3%83%9E%E3%83%AB%E3%83%81%E3%82%AC%E3%82%B9%E3%83%9B%E3%83%BC%E3%82%B9%E3%83%A9%E3%82%A4%E3%83%B3+%E3%82%AC%E3%82%B9%E3%82%B9%E3%83%88%E3%83%BC%E3%83%96%E3%82%A8%E3%82%AF%E3%82%B9%E3%83%86%E3%83%B3%E3%82%B7%E3%83%A7%E3%83%B3+%E5%BB%B6%E9%95%B7%E3%83%81%E3%83%A5%E3%83%BC%E3%83%96+%E3%82%B3%E3%83%B3%E3%83%AD%E3%82%A2%E3%82%AF%E3%82%BB%E3%82%B5%E3%83%AA HTTP/1.1" 200 0 "-" "Mozilla/5.0 AppleWebKit/537.36 (KHTML, like Gecko; compatible; bingbot/2.0; +http://www.bing.com/bingbot.htm) Chrome/116.0.1938.76 Safari/537.36"
52.167.144.171 - - [02/May/2025:17:43:02 -0400] "GET /?e=8600739660208&channel=fe4fef&from=news.php%3Fid%3D396602-11411%26name%3D%E3%83%9E%E3%83%AB%E3%82%BC%E3%83%B3%E2%98%86%E3%83%8B%E6%A7%BD%E3%82%B7%E3%83%B3%E3%82%AF%E3%80%80%E9%80%81%E6%96%99%E8%BE%BC%E3%80%80%E5%B9%851200mm%E5%A5%A5%E8%A1%8C600mm+%E9%AB%98%E3%81%95800mm HTTP/1.1" 200 0 "-" "Mozilla/5.0 AppleWebKit/537.36 (KHTML, like Gecko; compatible; bingbot/2.0; +http://www.bing.com/bingbot.htm) Chrome/116.0.1938.76 Safari/537.36"
52.167.144.171 - - [02/May/2025:17:43:04 -0400] "GET /?e=01974163407200&channel=99cc46&from=article.php%3Fid%3D1634072-1973%26name%3D%E2%91%A1+%E3%82%A4%E3%83%8B%E3%82%B9%E3%83%95%E3%83%AA%E3%83%BC%E3%80%80%E3%82%AB%E3%83%97%E3%82%BB%E3%83%AB%E3%83%AC%E3%82%B7%E3%83%94%E3%83%91%E3%83%83%E3%82%AF%E3%80%8015%E5%80%8B%E3%80%80%E6%B4%97%E3%81%84%E6%B5%81%E3%81%99%E3%83%91%E3%83%83%E3%82%AF%E3%80%80%E9%9F%93%E5%9B%BD%E3%80%80%E9%9F%93%E5%9B%BD%E3%82%B3%E3%82%B9%E3%83%A1 HTTP/1.1" 200 0 "-" "Mozilla/5.0 AppleWebKit/537.36 (KHTML, like Gecko; compatible; bingbot/2.0; +http://www.bing.com/bingbot.htm) Chrome/116.0.1938.76 Safari/537.36"
40.77.167.10 - - [02/May/2025:17:43:06 -0400] "GET /?e=17868143739604&channel=b4ec38&from=pin.php%3Fid%3D1437396-6970%26name%3D%5B%E3%83%AA%E3%83%90%E3%83%86%E3%82%A3%E3%83%BC+%E3%83%89%E3%83%BC%E3%83%AB%5D+%E3%83%91%E3%83%B3%E3%83%97%E3%82%B9+%E3%82%B5%E3%83%B3%E3%83%80%E3%83%AB+%E3%83%8F%E3%82%A4%E3%83%92%E3%83%BC%E3%83%AB%E3%82%B5%E3%83%B3%E3%83%80%E3%83%AB+11cm%E3%83%92%E3%83%BC%E3%83%AB+%E3%82%AA%E3%82%B1%E3%83%BC%E3%82%B8%E3%83%A7%E3%83%B3+%E3%82%B0%E3%83%AA%E3%83%83%E3%82%BF%E3%83%BC+%E3%83%A9%E3%83%A1+%E3%83%A9%E3%82%B0%E3%82%B8%E3%83%A5%E3%82%A2%E3%83%AA%E3%83%BC+%E3%82%A2%E3%83%B3 HTTP/1.1" 200 0 "-" "Mozilla/5.0 AppleWebKit/537.36 (KHTML, like Gecko; compatible; bingbot/2.0; +http://www.bing.com/bingbot.htm) Chrome/116.0.1938.76 Safari/537.36"
52.167.144.171 - - [02/May/2025:17:44:02 -0400] "GET /?e=607006680000&channel=fbb663&from=news.php%3Fid%3D66800-3307%26name%3D%E7%AE%A1%E7%90%86%E7%95%AA%E5%8F%B7+JNS202405%E3%80%80%E2%91%A6%E3%82%B8%E3%83%A3%E3%83%8B%E3%83%BC%E3%82%BA%E9%96%A2%E9%80%A3%E3%82%B0%E3%83%A9%E3%83%93%E3%82%A2%E8%A8%98%E4%BA%8B%E5%88%87%E6%8A%9C%E3%81%8D HTTP/1.1" 200 0 "-" "Mozilla/5.0 AppleWebKit/537.36 (KHTML, like Gecko; compatible; bingbot/2.0; +http://www.bing.com/bingbot.htm) Chrome/116.0.1938.76 Safari/537.36"
52.167.144.171 - - [02/May/2025:17:44:04 -0400] "GET /?e=2154127563101&channel=11304c&from=news.php%3Fid%3D275631-1261%26name%3Dja11%E3%83%AA%E3%82%A2%E3%83%87%E3%83%95%E3%83%AD%E3%83%83%E3%82%AF%E3%83%A9%E3%82%A4%E3%83%88%E3%82%B9%E3%83%91%E3%83%AB%E3%82%BF%E3%83%B3%E3%83%AD%E3%83%83%E3%82%AB%E3%83%BC HTTP/1.1" 200 0 "-" "Mozilla/5.0 AppleWebKit/537.36 (KHTML, like Gecko; compatible; bingbot/2.0; +http://www.bing.com/bingbot.htm) Chrome/116.0.1938.76 Safari/537.36"
40.77.167.18 - - [02/May/2025:17:45:30 -0400] "GET /?e=414719094002&channel=0e9626&from=category-info.php%3Fid%3D90940-1321%26name%3D%E4%B8%8B%E9%A7%84%E7%AE%B1+%E3%82%B7%E3%83%A5%E3%83%BC%E3%82%BA%E3%83%9C%E3%83%83%E3%82%AF%E3%82%B9+%E7%8E%84%E9%96%A2%E5%8F%8E%E7%B4%8D+%E3%83%AA%E3%82%AF%E3%82%B7%E3%83%AB+%E3%83%A9%E3%82%B7%E3%83%83%E3%82%B5D+%E3%83%91%E3%83%AC%E3%83%83%E3%83%88+%E3%83%AD%E3%83%BC%E3%82%AB%E3%82%A6%E3%83%B3%E3%82%BF%E3%83%BC%E5%9E%8B%28A%29+H08+%E9%96%93%E5%8F%A3800%C3%97%E9%AB%98%E3%81%95898%C3%97%E5%A5%A5%E8%A1%8C360mm+%E3%83%95%E3%83%AD%E3%83%BC%E3%83%88%2F%E5%8F%B0%E8%BC%AA%E7%B4%8D%E3%81%BE%E3%82%8A+%E7%B5%84%E7%AB%8B%E5%BC%8F+DIY+%E3%83%89%E3%83%AA%E3%83%BC%E3%83%A0 HTTP/1.1" 200 0 "-" "Mozilla/5.0 AppleWebKit/537.36 (KHTML, like Gecko; compatible; bingbot/2.0; +http://www.bing.com/bingbot.htm) Chrome/116.0.1938.76 Safari/537.36"
40.77.167.18 - - [02/May/2025:17:46:50 -0400] "GET /?e=87384124716905&channel=910538&from=news.php%3Fid%3D1247169-17079%26name%3D%E3%82%AC%E3%83%A9%E3%82%B9%E3%82%AA%E3%82%A4%E3%83%AB%E3%83%87%E3%82%A3%E3%82%B9%E3%83%9A%E3%83%B3%E3%82%B5%E3%83%BC+%E3%82%B7%E3%83%AA%E3%82%B3%E3%83%B3%E3%83%96%E3%83%A9%E3%82%B7%E4%BB%98%E3%81%8D2in1+18%C3%978cm+%E4%BD%BF%E3%81%84%E3%82%84%E3%81%99%E3%81%84 HTTP/1.1" 200 0 "-" "Mozilla/5.0 AppleWebKit/537.36 (KHTML, like Gecko; compatible; bingbot/2.0; +http://www.bing.com/bingbot.htm) Chrome/116.0.1938.76 Safari/537.36"
40.77.167.18 - - [02/May/2025:17:46:51 -0400] "GET /?e=788071953801&channel=54eae6&from=goods.php%3Fid%3D19538-1247%26name%3D%E3%82%AB%E3%82%AF%E3%83%80%E3%82%A4%E6%B4%97%E9%9D%A2%E3%83%BB%E6%89%8B%E6%B4%97%E6%B0%B4%E6%A0%93183-165RATONA%E3%80%80%E3%82%B7%E3%83%B3%E3%82%B0%E3%83%AB%E3%83%AC%E3%83%90%E3%83%BC%E6%B7%B7%E5%90%88%E6%A0%93%28%E3%83%88%E3%83%BC%E3%83%AB%29 HTTP/1.1" 200 0 "-" "Mozilla/5.0 AppleWebKit/537.36 (KHTML, like Gecko; compatible; bingbot/2.0; +http://www.bing.com/bingbot.htm) Chrome/116.0.1938.76 Safari/537.36"
52.167.144.171 - - [02/May/2025:17:48:22 -0400] "GET /?e=70472157015600&channel=bc0a4e&from=pin.php%3Fid%3D1570156-2291%26name%3D%E5%8D%8A%E8%A2%96%E3%83%BB%E9%95%B7%E8%A2%96+%E3%83%91%E3%82%B8%E3%83%A3%E3%83%9E+%E3%82%AB%E3%83%83%E3%83%97%E4%BB%98%E3%81%8D+T%E3%82%B7%E3%83%A3%E3%83%84+%E5%AF%9D%E5%B7%BB%E3%81%8D+%E3%83%8A%E3%82%A4%E3%83%88%E3%82%A6%E3%82%A7%E3%82%A2+%E3%83%9C%E3%83%BC%E3%83%80%E3%83%BC%E6%9F%84+%E3%83%AB%E3%83%BC%E3%83%A0%E3%82%A6%E3%82%A7%E3%82%A2+T%E3%82%B7%E3%83%A3%E3%83%84+%E3%83%AC%E3%83%87%E3%82%A3%E3%83%BC%E3%82%B9+%E3%83%AD%E3%83%B3%E3%82%B0%E3%83%91%E3%83%B3%E3%83%84+2%E7%82%B9%E3%82%BB%E3%83%83%E3%83%88+%E3%83%AA%E3%83%A9%E3%83%83%E3%82%AF%E3%82%B9+%E4%B8%8A%E4%B8%8B%E3%82%BB%E3%83%83%E3%83%88+%E9%83%A8%E5%B1%8B%E7%9D%80+%E5%AF%9D%E9%96%93%E7%9D%80+%E5%8F%AF%E6%84%9B%E3%81%84+%E9%80%9A%E6%B0%97%E6%80%A7+%E6%9F%94%E3%82%89%E3%81%8B%E3%81%84+%E5%A5%B3%E6%80%A7%E7%94%A8+%E5%A9%A6%E4%BA%BA%E7%94%A8+%E6%AF%8D%E3%81%AE%E6%97%A5+%E3%82%B7%E3%83%A7%E3%83%BC%E3%83%88%E3%83%91%E3%83%B3%E3%83%84 HTTP/1.1" 200 0 "-" "Mozilla/5.0 AppleWebKit/537.36 (KHTML, like Gecko; compatible; bingbot/2.0; +http://www.bing.com/bingbot.htm) Chrome/116.0.1938.76 Safari/537.36"
104.199.153.169 - - [02/May/2025:17:49:21 -0400] "GET /.git/config HTTP/1.1" 403 1242 "-" "-"
52.167.144.171 - - [02/May/2025:17:50:03 -0400] "GET /?e=7117126085711&channel=b72c1e&from=blog.php%3Fid%3D260857-729%26name%3D%E3%83%95%E3%82%A8%E3%83%AB%E3%83%88%E3%81%8A%E3%81%BE%E3%81%BE%E3%81%94%E3%81%A8+%E3%82%AA%E3%83%BC%E3%83%80%E3%83%BC%E3%83%9A%E3%83%BC%E3%82%B8%E2%91%B0%E3%80%8A%E3%81%8A%E8%B2%B7%E3%81%84%E7%89%A9%E3%81%94%E3%81%A3%E3%81%93%E7%B7%A8%E2%9D%B6%E3%80%8B HTTP/1.1" 200 0 "-" "Mozilla/5.0 AppleWebKit/537.36 (KHTML, like Gecko; compatible; bingbot/2.0; +http://www.bing.com/bingbot.htm) Chrome/116.0.1938.76 Safari/537.36"
40.77.167.35 - - [02/May/2025:17:51:30 -0400] "GET /?e=8707087798401&channel=f43389&from=jp.php%3Fid%3D877984-16691%26name%3D6PCS%E4%B9%BE%E7%87%A5%E6%B6%88%E5%8E%BB%E3%83%9D%E3%82%B1%E3%83%83%E3%83%88%E3%83%98%E3%83%93%E3%83%BC%E3%83%87%E3%83%A5%E3%83%BC%E3%83%86%E3%82%A3%E3%82%B7%E3%83%BC%E3%83%88%E3%83%97%E3%83%AD%E3%83%86%E3%82%AF%E3%82%BF%E3%83%BC%E3%81%AF%E3%80%81%E5%AE%8C%E7%92%A7%E3%81%AA%E3%81%8D%E3%82%8C%E3%81%84%E3%81%AA%E5%86%8D%E5%88%A9%E7%94%A8%E5%8F%AF%E8%83%BD%E3%81%AA%E4%B9%BE%E7%87%A5%E3%81%97%E3%81%9F%E6%B6%88%E5%8E%BB%E3%82%B7%E3%83%BC%E3%83%88%E3%81%AE%E8%A2%96%E3%81%AB%E3%81%99%E3%81%B0%E3%82%84%E3%81%8F%E6%8B%AD%E3%81%84%E3%81%A6%E3%81%8F%E3%81%A0%E3%81%95 HTTP/1.1" 200 0 "-" "Mozilla/5.0 AppleWebKit/537.36 (KHTML, like Gecko; compatible; bingbot/2.0; +http://www.bing.com/bingbot.htm) Chrome/116.0.1938.76 Safari/537.36"
40.77.167.254 - - [02/May/2025:17:53:35 -0400] "GET /?e=6995379406104&channel=6a46d7&from=product.php%3Fid%3D794061-3213%26name%3D%E5%A4%A7%E7%90%86%E7%9F%B3%E3%81%AE%E3%82%B3%E3%83%BC%E3%83%92%E3%83%BC%E3%83%86%E3%83%BC%E3%83%96%E3%83%AB%E3%83%A9%E3%82%A6%E3%83%B3%E3%83%89%E3%83%AA%E3%83%93%E3%83%B3%E3%82%B0%E3%83%AB%E3%83%BC%E3%83%A0%E3%82%BB%E3%83%B3%E3%82%BF%E3%83%BC%E3%83%86%E3%83%BC%E3%83%96%E3%83%AB%E3%80%81%E9%98%B2%E6%B0%B4%E7%84%BC%E7%B5%90%E3%82%B9%E3%83%88%E3%83%BC%E3%83%B3%E3%83%88%E3%83%83%E3%83%97%E3%81%A8%E3%83%A6%E3%83%8B%E3%83%BC%E3%82%AF%E3%81%AA%E3%83%A1%E3%82%BF%E3%83%AB%E3%83%95%E3%83%AC%E3%83%BC%E3%83%A0%E3%82%BD%E3%83%95%E3%82%A1%E3%82%A8%E3%83%B3%E3%83%89%E3%82%B5%E3%82%A4%E3%83%89%E3%83%86 HTTP/1.1" 200 0 "-" "Mozilla/5.0 AppleWebKit/537.36 (KHTML, like Gecko; compatible; bingbot/2.0; +http://www.bing.com/bingbot.htm) Chrome/116.0.1938.76 Safari/537.36"
40.77.167.35 - - [02/May/2025:17:56:24 -0400] "GET /?e=7234085776700&channel=cc2d59&from=info.php%3Fid%3D857767-9430%26name%3D%E3%83%97%E3%83%AD%E3%82%B1%E3%83%BC%E3%83%96%E3%83%AB%E3%80%90%E7%B1%B3%E5%9B%BD%E8%A3%BD%E3%80%91BELDEN+%E3%83%99%E3%83%AB%E3%83%87%E3%83%B3+88760+RCA+%E3%82%B1%E3%83%BC%E3%83%96%E3%83%AB HTTP/1.1" 200 0 "-" "Mozilla/5.0 AppleWebKit/537.36 (KHTML, like Gecko; compatible; bingbot/2.0; +http://www.bing.com/bingbot.htm) Chrome/116.0.1938.76 Safari/537.36"
40.77.167.35 - - [02/May/2025:17:57:31 -0400] "GET /?e=2745159660702&channel=68ba4f&from=goods.php%3Fid%3D596607-6178%26name%3D%E3%83%88%E3%83%9F%E3%83%83%E3%82%AF%E3%82%B9+98426+JR+N700%E7%B3%BB+N700S+%E6%9D%B1%E6%B5%B7%E9%81%93+%E5%B1%B1%E9%99%BD%E6%96%B0%E5%B9%B9%E7%B7%9A%E5%A2%97%E7%B5%90%E3%82%BB%E3%83%83%E3%83%88B HTTP/1.1" 200 0 "-" "Mozilla/5.0 AppleWebKit/537.36 (KHTML, like Gecko; compatible; bingbot/2.0; +http://www.bing.com/bingbot.htm) Chrome/116.0.1938.76 Safari/537.36"
52.167.144.171 - - [02/May/2025:17:59:41 -0400] "GET /?e=18144126167004&channel=a8f5f1&from=article.php%3Fid%3D1261670-10600%26name%3D%5BHolibanna%5D+%E3%82%B5%E3%83%B3%E3%82%B0%E3%83%A9%E3%82%B9+%E5%8F%A4%E3%81%84+%E5%B1%8B%E5%A4%96%E3%83%A1%E3%82%AC%E3%83%8D+%E3%83%9F%E3%82%B7%E3%83%B3%E3%83%81%E3%83%A3%E3%83%BC%E3%83%A0+%E5%A4%AA%E9%99%BD+%E3%83%AC%E3%83%88%E3%83%AD+%E8%89%B2%E4%BB%98%E3%81%8D%E3%83%A1%E3%82%AC%E3%83%8D+%E7%9D%80%E8%89%B2%E3%81%97%E3%81%9F+%E7%B5%B6%E8%B3%9B+%E5%B1%8B%E5%A4%96%E7%9C%BC%E9%8F%A1+%E3%83%91%E3%82%BD%E3%82%B3%E3%83%B3 HTTP/1.1" 200 0 "-" "Mozilla/5.0 AppleWebKit/537.36 (KHTML, like Gecko; compatible; bingbot/2.0; +http://www.bing.com/bingbot.htm) Chrome/116.0.1938.76 Safari/537.36"
40.77.167.151 - - [02/May/2025:18:01:44 -0400] "GET /?e=0812368560602&channel=6bf65c&from=info.php%3Fid%3D685606-15187%26name%3D%E3%82%A2%E3%82%A4%E3%83%AA%E3%82%B9%E3%82%AA%E3%83%BC%E3%83%A4%E3%83%9E+%E3%83%AA%E3%83%B3%E3%82%B5%E3%82%AF%E3%83%AA%E3%83%BC%E3%83%8A%E3%83%BC HTTP/1.1" 200 0 "-" "Mozilla/5.0 AppleWebKit/537.36 (KHTML, like Gecko; compatible; bingbot/2.0; +http://www.bing.com/bingbot.htm) Chrome/116.0.1938.76 Safari/537.36"
52.167.144.171 - - [02/May/2025:18:03:12 -0400] "GET /?e=7507339712500&channel=52acac&from=info.php%3Fid%3D397125-10657%26name%3D624-928+%E6%B0%B4%E6%A0%93%E6%9F%B1%E3%83%91%E3%83%B3%EF%BC%88%E3%83%9F%E3%82%AB%E3%82%B2%EF%BC%89%E3%80%90%E3%82%AB%E3%82%AF%E3%83%80%E3%82%A4+%E6%B0%B4%E9%81%93%E7%94%A8%E5%93%81+%E8%A3%9C%E4%BF%AE+%E4%BA%A4%E6%8F%9B+%E9%83%A8%E5%93%81+%E9%83%A8%E6%9D%90+%E3%83%91%E3%83%BC%E3%83%84%E3%80%91 HTTP/1.1" 200 0 "-" "Mozilla/5.0 AppleWebKit/537.36 (KHTML, like Gecko; compatible; bingbot/2.0; +http://www.bing.com/bingbot.htm) Chrome/116.0.1938.76 Safari/537.36"
40.77.167.151 - - [02/May/2025:18:03:24 -0400] "GET /?e=76096175704606&channel=a7ecee&from=article.php%3Fid%3D1757046-14958%26name%3D%5BB-TOPAZ%5D+%E3%82%AD%E3%83%83%E3%82%BA%E3%83%BB%E3%82%B8%E3%83%A5%E3%83%8B%E3%82%A2+%E3%83%91%E3%83%B3%E3%83%84+5%E6%9E%9A%E3%82%BB%E3%83%83%E3%83%88+%E5%AD%90%E4%BE%9B+%E4%B8%8B%E7%9D%80+%E7%94%B7%E3%81%AE%E5%AD%90+%E7%94%B7%E3%81%AE%E5%AD%90%E7%94%A8+%E7%94%B7%E5%AD%90+%E3%83%9C%E3%83%BC%E3%82%A4%E3%82%BA+%E3%83%9C%E3%82%AF%E3%82%B5%E3%83%BC%E3%83%91%E3%83%B3%E3%83%84+%E5%AD%90%E4%BE%9B%E4%B8%8B%E7%9D%80+%E5%AD%90 HTTP/1.1" 200 0 "-" "Mozilla/5.0 AppleWebKit/537.36 (KHTML, like Gecko; compatible; bingbot/2.0; +http://www.bing.com/bingbot.htm) Chrome/116.0.1938.76 Safari/537.36"
40.77.167.48 - - [02/May/2025:18:04:29 -0400] "GET /?e=1088281558901&channel=7883c8&from=form.php%3Fid%3D815589-13094%26name%3D%E3%83%80%E3%82%A4%E3%83%AF+%E3%83%AD%E3%83%83%E3%83%89%E3%83%9B%E3%83%AB%E3%83%80%E3%83%BC+%E3%83%AD%E3%83%83%E3%83%89%E3%82%AD%E3%83%BC%E3%83%91%E3%83%BC+F%E3%83%9B%E3%83%AF%E3%82%A4%E3%83%88 HTTP/1.1" 200 0 "-" "Mozilla/5.0 AppleWebKit/537.36 (KHTML, like Gecko; compatible; bingbot/2.0; +http://www.bing.com/bingbot.htm) Chrome/116.0.1938.76 Safari/537.36"
52.167.144.171 - - [02/May/2025:18:06:02 -0400] "GET /?e=9571045005300&channel=278e6b&from=news.php%3Fid%3D450053-4112%26name%3D%E3%81%97%E3%82%8F%E6%B1%9A%E3%82%8C%E3%81%AB%E5%BC%B7%E3%81%844%E3%83%94%E3%83%BC%E3%82%B9%E3%83%99%E3%83%83%E3%83%89%E3%82%BB%E3%83%83%E3%83%88%E3%82%AD%E3%83%AB%E3%83%88%2F%E7%BE%BD%E6%AF%9B%E5%B8%83%E5%9B%A3%E3%82%AB%E3%83%90%E3%83%BC%E3%82%BB%E3%83%83%E3%83%88%E3%83%95%E3%82%A3%E3%83%83%E3%83%88%E3%82%B7%E3%83%BC%E3%83%84%E3%82%BB%E3%83%83%E3%83%88%E4%BB%98%E3%81%8D4%E3%83%94%E3%83%BC%E3%82%B9%E3%83%95%E3%83%AC%E3%83%B3%E3%83%81%E3%82%B9%E3%83%A2%E3%83%BC%E3%83%AB%E3%83%95%E3%83%AD%E3%83%BC%E3%83%A9%E3%83%AB%E3%82%B8%E3%83%A3%E3%83%BC%E3%82%B8%E3%83%BC%2F HTTP/1.1" 200 0 "-" "Mozilla/5.0 AppleWebKit/537.36 (KHTML, like Gecko; compatible; bingbot/2.0; +http://www.bing.com/bingbot.htm) Chrome/116.0.1938.76 Safari/537.36"
40.77.167.151 - - [02/May/2025:18:06:06 -0400] "GET /?e=81761196373104&channel=681484&from=category-info.php%3Fid%3D1963731-19429%26name%3DRomansual+%E3%82%B7%E3%82%A2%E3%83%BC%E3%83%88%E3%83%AC%E3%83%B3%E3%83%81%E3%82%B3%E3%83%BC%E3%83%88 HTTP/1.1" 200 0 "-" "Mozilla/5.0 AppleWebKit/537.36 (KHTML, like Gecko; compatible; bingbot/2.0; +http://www.bing.com/bingbot.htm) Chrome/116.0.1938.76 Safari/537.36"
66.249.74.37 - - [02/May/2025:18:06:29 -0400] "GET /?e=82390160502000&channel=e4ed0c&from=info.php%3Fid%3D1605020-11764%26name%3DBIDOU+%E3%83%89%E3%83%AD%E3%83%B3%E3%82%B3%E3%80%80%E3%83%95%E3%82%A7%E3%82%A4%E3%82%B7%E3%83%A3%E3%83%AB%E3%82%AF%E3%83%AA%E3%83%BC%E3%83%A0%E3%80%80100g HTTP/1.1" 200 51328 "-" "Mozilla/5.0 (Linux; Android 6.0.1; Nexus 5X Build/MMB29P) AppleWebKit/537.36 (KHTML, like Gecko) Chrome/135.0.7049.95 Mobile Safari/537.36 (compatible; Googlebot/2.1; +http://www.google.com/bot.html)"
40.77.167.48 - - [02/May/2025:18:06:39 -0400] "GET /?e=0302510517303&channel=e9e669&from=news.php%3Fid%3D105173-2723%26name%3D13.8x15%E3%82%A4%E3%83%B3%E3%83%81%E5%8A%A0%E7%86%B1%E3%83%97%E3%83%AC%E3%83%BC%E3%83%88%E3%83%9E%E3%82%B7%E3%83%B3%E4%BB%98%E3%81%8D%E9%9B%BB%E6%B0%97%E3%82%B7%E3%83%B3%E3%82%B0%E3%83%AB%E3%83%9E%E3%83%95%E3%82%A3%E3%83%B3%E3%83%AF%E3%83%83%E3%83%95%E3%83%AB%E3%83%A1%E3%83%BC%E3%82%AB%E3%83%BC%E3%80%81%E5%95%86%E6%A5%AD%E7%94%A8%E9%9B%BB%E6%B0%97%E3%82%B9%E3%83%86%E3%83%B3%E3%83%AC%E3%82%B9%E3%82%B9%E3%83%81%E3%83%BC%E3%83%AB%E3%82%B0%E3%83%AA%E3%83%89%E3%83%AB%E3%80%811300W%E3%80%81%2C HTTP/1.1" 200 0 "-" "Mozilla/5.0 AppleWebKit/537.36 (KHTML, like Gecko; compatible; bingbot/2.0; +http://www.bing.com/bingbot.htm) Chrome/116.0.1938.76 Safari/537.36"
66.249.74.35 - - [02/May/2025:18:09:30 -0400] "GET /?e=94292150264101&channel=ca8670&from=article.php%3Fid%3D1502641-10961%26name%3D%5B%E5%B0%8F%E3%81%95%E3%81%AA%E5%BA%97%5D+Y2K%E3%82%AA%E3%83%95%E3%82%B7%E3%83%A7%E3%83%AB%E3%83%80%E3%83%BC%E3%82%B7%E3%83%A3%E3%83%84%E3%81%AE%E5%A5%B3%E6%80%A7%E3%82%AB%E3%82%B8%E3%83%A5%E3%82%A2%E3%83%AB%E9%95%B7%E8%A2%96%E3%81%AE%E3%83%84%E3%82%A4%E3%82%B9%E3%83%88%E3%83%9C%E3%83%BC%E3%83%88%E3%83%8D%E3%83%83%E3%82%AF%E3%83%88%E3%83%83%E3%83%97%E3%82%B9%E3%83%AA%E3%83%A0%E3%83%95%E3%82%A3%E3%83%83%E3%83%88%E3%82%A2%E3%82%A6%E3%83%88T%E3%82%B7%E3%83%A3%E3%83%84 HTTP/1.1" 200 53062 "-" "Mozilla/5.0 (Linux; Android 6.0.1; Nexus 5X Build/MMB29P) AppleWebKit/537.36 (KHTML, like Gecko) Chrome/135.0.7049.95 Mobile Safari/537.36 (compatible; Googlebot/2.1; +http://www.google.com/bot.html)"
52.167.144.159 - - [02/May/2025:18:09:41 -0400] "GET /?e=80391157165105&channel=366d6d&from=brands.php%3Fid%3D1571651-16929%26name%3D%E4%B8%B8%E3%81%84%E3%83%98%E3%83%83%E3%83%89%E6%91%A9%E6%93%A6%E3%82%B4%E3%83%B3%E3%82%B0%E3%83%9E%E3%83%AC%E3%83%83%E3%83%88%E3%82%AF%E3%82%B8%E3%83%A9%E9%9F%B3%E3%81%AF%E3%82%B4%E3%83%B3%E3%82%B0%E5%85%B1%E9%B3%B4%E3%83%9E%E3%83%AC%E3%83%83%E3%83%88%E3%82%B5%E3%82%A6%E3%83%B3%E3%83%89%E3%83%92%E3%83%BC%E3%83%AA%E3%83%B3%E3%82%B0%E3%82%B7%E3%83%AA%E3%82%B3%E3%83%B3%E3%82%B4%E3%83%B3%E3%82%B0%E3%83%9E%E3%83%AC%E3%83%83%E3%83%88%E3%81%AE%E3%81%9F%E3%82%81%E3%81%AB%E5%A4%A7%E3%81%8D%E3%81%AA%E3%82%B4%E3%83%B3%E3%82%B0%E3%81%AE%E3%81%9F%E3%82%81%E3%81%AB%E3%83%9E%E3%83%AC%E3%83%83%E3%83%88 HTTP/1.1" 200 0 "-" "Mozilla/5.0 AppleWebKit/537.36 (KHTML, like Gecko; compatible; bingbot/2.0; +http://www.bing.com/bingbot.htm) Chrome/116.0.1938.76 Safari/537.36"
52.167.144.159 - - [02/May/2025:18:09:42 -0400] "GET /?e=61864194633307&channel=33985a&from=news.php%3Fid%3D1946333-5194%26name%3D%E3%82%BB%E3%83%A9%E3%83%9F%E3%83%83%E3%82%AF%E3%83%92%E3%83%A5%E3%83%BC%E3%82%BA%E3%81%A8%E5%B0%8E%E9%9B%BB%E7%8E%87%E3%82%BB%E3%83%A9%E3%83%9F%E3%83%83%E3%82%AF%E3%82%B9%E3%83%91%E3%82%A4%E3%83%A9%E3%83%AB%E3%83%92%E3%83%A5%E3%83%BC%E3%82%BA%E3%82%A4%E3%83%B3%E3%82%B5%E3%83%BC%E3%83%88%E3%82%BB%E3%83%83%E3%83%8810A%2F16A%2F20A%2F25A%2F6A%E3%83%8D%E3%82%B8%E3%83%92%E3%83%A5%E3%83%BC%E3%82%B9%E3%82%B1%E3%83%BC%E3%83%96%E3%83%AB%E3%81%AE%E6%8C%BF%E5%85%A5 HTTP/1.1" 200 0 "-" "Mozilla/5.0 AppleWebKit/537.36 (KHTML, like Gecko; compatible; bingbot/2.0; +http://www.bing.com/bingbot.htm) Chrome/116.0.1938.76 Safari/537.36"
40.77.167.131 - - [02/May/2025:18:10:13 -0400] "GET /?e=8931254525701&channel=c82789&from=product.php%3Fid%3D545257-7609%26name%3DCNC+%E3%83%95%E3%83%A9%E3%82%A4%E3%82%B9%E7%9B%A4+3000W%E6%B0%B4%E5%86%B7%E3%82%B9%E3%83%94%E3%83%B3%E3%83%89%E3%83%AB%E3%83%A2%E3%83%BC%E3%82%BF%E3%83%BC%2B+220V+%2F+3KW%E5%91%A8%E6%B3%A2%E6%95%B0%E3%82%A4%E3%83%B3%E3%83%90%E3%83%BC%E3%82%BF%E3%83%BC%2B+er20%E6%97%8B%E7%9B%A4%E3%83%81%E3%83%A3%E3%83%83%E3%82%AF%2B+100mm HTTP/1.1" 200 0 "-" "Mozilla/5.0 AppleWebKit/537.36 (KHTML, like Gecko; compatible; bingbot/2.0; +http://www.bing.com/bingbot.htm) Chrome/116.0.1938.76 Safari/537.36"
52.167.144.159 - - [02/May/2025:18:11:01 -0400] "GET /?e=69414147324804&channel=ae3cf0&from=info.php%3Fid%3D1473248-4897%26name%3DPholiten+VESA%E5%A4%89%E6%8F%9B%E3%83%97%E3%83%AC%E3%83%BC%E3%83%88+%E3%83%A2%E3%83%8B%E3%82%BF%E3%83%BC%E3%82%A2%E3%83%BC%E3%83%A0%E3%83%86%E3%83%AC%E3%83%93%E5%A3%81%E6%8E%9B%E3%81%91%E9%87%91%E5%85%B7%E7%94%A8 HTTP/1.1" 200 0 "-" "Mozilla/5.0 AppleWebKit/537.36 (KHTML, like Gecko; compatible; bingbot/2.0; +http://www.bing.com/bingbot.htm) Chrome/116.0.1938.76 Safari/537.36"
40.77.167.131 - - [02/May/2025:18:11:06 -0400] "GET /?e=0831497382306&channel=24d94b&from=product.php%3Fid%3D973823-9632%26name%3D%E3%83%9F%E3%83%8B%E3%83%81%E3%83%A5%E3%82%A2%E3%83%8F%E3%83%BC%E3%83%A2%E3%83%8B%E3%82%AB%E3%82%AD%E3%83%BC%E3%83%81%E3%82%A7%E3%83%BC%E3%83%B3%E3%80%814%E7%A9%B48%E3%83%88%E3%83%BC%E3%83%B3%E3%83%8F%E3%83%BC%E3%83%A2%E3%83%8B%E3%82%AB%E3%83%A1%E3%82%BF%E3%83%AB%E3%81%8A%E3%82%82%E3%81%A1%E3%82%83%E3%83%9A%E3%83%B3%E3%83%80%E3%83%B3%E3%83%88%E3%80%81%E3%83%9D%E3%83%BC%E3%82%BF%E3%83%96%E3%83%AB%E6%A5%BD%E5%99%A8%E3%80%81%E5%A4%A7%E4%BA%BA%E3%80%81%E5%88%9D%E5%BF%83%E8%80%85%E3%81%AE%E3%81%9F%E3%82%81%E3%81%AE%E3%82%B9%E3%82%BF%E3%82%A4%E3%83%AA%E3%83%83%E3%82%B7%E3%83%A5 HTTP/1.1" 200 0 "-" "Mozilla/5.0 AppleWebKit/537.36 (KHTML, like Gecko; compatible; bingbot/2.0; +http://www.bing.com/bingbot.htm) Chrome/116.0.1938.76 Safari/537.36"
40.77.167.131 - - [02/May/2025:18:12:33 -0400] "GET /?e=8220635775800&channel=d9821d&from=article.php%3Fid%3D357758-1229%26name%3DMYSTERY+RANCH%E3%80%80LEGEND%E3%80%80%E3%83%9F%E3%82%B9%E3%83%86%E3%83%AA%E3%83%BC%E3%83%A9%E3%83%B3%E3%83%81%E3%80%80%E3%83%AC%E3%82%B8%E3%82%A7%E3%83%B3%E3%83%89 HTTP/1.1" 200 0 "-" "Mozilla/5.0 AppleWebKit/537.36 (KHTML, like Gecko; compatible; bingbot/2.0; +http://www.bing.com/bingbot.htm) Chrome/116.0.1938.76 Safari/537.36"
40.77.167.131 - - [02/May/2025:18:12:34 -0400] "GET /?e=3791497312001&channel=ef5f55&from=news.php%3Fid%3D973120-16348%26name%3DTOGEVAL+5%E5%80%8B+%E3%83%95%E3%82%A1%E3%82%A4%E3%83%AB+%E3%83%A9%E3%83%83%E3%82%AF+%E5%90%8A%E3%82%8A%E4%B8%8B%E3%81%92+%E3%83%95%E3%82%A1%E3%82%A4%E3%83%AB+%E3%82%AA%E3%83%BC%E3%82%AC%E3%83%8A%E3%82%A4%E3%82%B6%E3%83%BC+%E5%A3%81%E6%8E%9B%E3%81%91+%E3%83%95%E3%82%A1%E3%82%A4%E3%83%AB+%E3%83%95%E3%82%A9%E3%83%AB%E3%83%80%E3%83%BC+%E5%A3%81%E6%8E%9B%E3%81%91+%E3%83%95%E3%82%A1%E3%82%A4%E3%83%AB+%E5%A3%81%E6%8E%9B%E3%81%91 HTTP/1.1" 200 0 "-" "Mozilla/5.0 AppleWebKit/537.36 (KHTML, like Gecko; compatible; bingbot/2.0; +http://www.bing.com/bingbot.htm) Chrome/116.0.1938.76 Safari/537.36"
52.167.144.159 - - [02/May/2025:18:12:52 -0400] "GET /?e=9102893834700&channel=27d8d3&from=category-info.php%3Fid%3D938347-18091%26name%3D6+%E8%89%B2%E3%82%A8%E3%83%AC%E3%82%AC%E3%83%B3%E3%83%88%E3%81%AA%E7%88%AA%E3%83%91%E3%82%A6%E3%83%80%E3%83%BC%E3%83%8D%E3%82%A4%E3%83%AB%E3%82%A2%E3%83%BC%E3%83%88%E3%83%91%E3%82%A6%E3%83%80%E3%83%BC%E3%83%8D%E3%82%A4%E3%83%AB%E3%82%A2%E3%83%BC%E3%83%88%E3%83%91%E3%82%A6%E3%83%80%E3%83%BC%E3%83%95%E3%82%A1%E3%82%A4%E3%83%B3%E3%82%B7%E3%83%A3%E3%82%A4%E3%83%B3%E9%A1%94%E6%96%99%E9%A1%94%E7%9B%AE%E3%83%9C%E3%83%87%E3%82%A3%E7%88%AA%E3%81%AE%E8%A3%85%E9%A3%BE HTTP/1.1" 200 0 "-" "Mozilla/5.0 AppleWebKit/537.36 (KHTML, like Gecko; compatible; bingbot/2.0; +http://www.bing.com/bingbot.htm) Chrome/116.0.1938.76 Safari/537.36"
66.249.74.37 - - [02/May/2025:18:13:18 -0400] "GET /?e=122844448400&channel=771856&from=article.php%3Fid%3D44484-1376%26name%3D%E3%80%90%E4%B8%AD%E5%8F%A4%E3%80%91%E3%83%91%E3%83%8A%E3%82%BD%E3%83%8B%E3%83%83%E3%82%AF+%E9%9B%BB%E6%B0%97%E3%83%9D%E3%83%83%E3%83%88+3.0L+%E7%9C%9F%E7%A9%BA%E6%96%AD%E7%86%B1+%E7%9C%81%E3%82%A8%E3%83%8D%E4%BF%9D%E6%B8%A9+%E3%81%8A%E5%A5%BD%E3%81%BF%E6%B8%A9%E5%BA%A6%E8%AA%BF%E7%AF%80+%E7%B5%A6%E6%B9%AF%E9%87%8F%282%E6%AE%B5%E9%9A%8E+%E3%82%B3%E3%83%BC%E3%83%92%E3%83%BC%E7%94%A8%29+%E3%83%99%E3%83%BC%E3%82%B8%E3%83%A5+NC-BJ304-C+d2ldlup HTTP/1.1" 200 51600 "-" "Mozilla/5.0 (Linux; Android 6.0.1; Nexus 5X Build/MMB29P) AppleWebKit/537.36 (KHTML, like Gecko) Chrome/135.0.7049.95 Mobile Safari/537.36 (compatible; Googlebot/2.1; +http://www.google.com/bot.html)"
52.167.144.174 - - [02/May/2025:18:16:05 -0400] "GET /?e=07071125498700&channel=587019&from=news.php%3Fid%3D1254987-13067%26name%3DLodoot+%E9%98%B2%E9%A2%A83%E3%82%B9%E3%83%8A%E3%83%83%E3%83%97%E3%83%AC%E3%83%B3%E3%82%BA%E3%82%B7%E3%83%BC%E3%83%AB%E3%83%89+%E3%82%AA%E3%83%BC%E3%83%88%E3%83%90%E3%82%A4%E3%83%98%E3%83%AB%E3%83%A1%E3%83%83%E3%83%88%E3%82%A2%E3%83%83%E3%83%97%E3%83%80%E3%82%A6%E3%83%B3%E3%82%AA%E3%83%BC%E3%83%97%E3%83%B3%E3%83%95%E3%82%A7%E3%82%A4%E3%82%B9%E3%82%A2%E3%83%B3%E3%83%81%E3%82%B0%E3%83%AC%E3%82%A2%E3%83%98%E3%83%AB%E3%83%A1%E3%83%83%E3%83%88%E3%82%A2%E3%82%AF%E3%82%BB%E3%82%B5%E3%83%AA%E3%83%BC+3%E3%83%9C HTTP/1.1" 200 0 "-" "Mozilla/5.0 AppleWebKit/537.36 (KHTML, like Gecko; compatible; bingbot/2.0; +http://www.bing.com/bingbot.htm) Chrome/116.0.1938.76 Safari/537.36"
66.249.74.35 - - [02/May/2025:18:17:04 -0400] "GET /?e=8933618318504&channel=68d83b&from=news.php%3Fid%3D183185-2261%26name%3D%E5%8B%95%E4%BD%9C%E7%A2%BA%E8%AA%8D%E6%B8%88+%EF%BC%AE%E3%82%B2%E3%83%BC%E3%82%B8+TOMIX+98733+JR+117-300%E7%B3%BB%E8%BF%91%E9%83%8A%E9%9B%BB%E8%BB%8A%28%E7%A6%8F%E7%9F%A5%E5%B1%B1%E8%89%B2%29%E3%82%BB%E3%83%83%E3%83%88+%E3%83%88%E3%83%9F%E3%83%83%E3%82%AF%E3%82%B9 HTTP/1.1" 200 52204 "-" "Mozilla/5.0 (Linux; Android 6.0.1; Nexus 5X Build/MMB29P) AppleWebKit/537.36 (KHTML, like Gecko) Chrome/135.0.7049.95 Mobile Safari/537.36 (compatible; Googlebot/2.1; +http://www.google.com/bot.html)"
66.249.74.37 - - [02/May/2025:18:18:04 -0400] "GET /?e=62798189596500&channel=c623d9&from=news.php%3Fid%3D1895965-13934%26name%3D%E3%80%90Poaery%E3%80%91%E3%81%8A%E3%81%97%E3%82%83%E3%82%8C%E3%81%AA%E3%82%B3%E3%83%BC%E3%83%92%E3%83%BC%E3%83%9D%E3%83%83%E3%83%88+IH+%E5%AF%BE%E5%BF%9C%E3%81%8B%E3%81%A4%E7%9B%B4%E7%81%AB%E3%82%82%E5%8F%AF%E8%83%BD+%E3%82%B9%E3%83%86%E3%83%B3%E3%83%AC%E3%82%B9%E8%A3%BD%E3%81%A7+%E6%9C%A8%E8%A3%BD%E3%83%8F%E3%83%B3%E3%83%89%E3%83%AB%E3%81%8C%E4%BB%98%E3%81%84%E3%81%A6+%E6%A5%AD%E5%8B%99%E7%94%A8%E3%81%AB%E3%82%82%E9%81%A9%E3%81%97+%E7%9B%AE%E7%9B%9B%E3%82%8A%E4%BB%98%E3%81%8D HTTP/1.1" 200 52570 "-" "Mozilla/5.0 (Linux; Android 6.0.1; Nexus 5X Build/MMB29P) AppleWebKit/537.36 (KHTML, like Gecko) Chrome/135.0.7049.95 Mobile Safari/537.36 (compatible; Googlebot/2.1; +http://www.google.com/bot.html)"
66.249.74.36 - - [02/May/2025:18:18:56 -0400] "GET /?e=5100184670501&channel=9e0be8&from=pin.php%3Fid%3D846705-18193%26name%3D%28%E9%9D%9E%E5%A3%B2%E5%93%81%29%E3%82%B9%E3%83%8C%E3%83%BC%E3%83%94%E3%83%BC+%E3%82%AC%E3%83%A9%E3%82%B9%E3%83%97%E3%83%AC%E3%83%BC%E3%83%88+%E3%83%AD%E3%83%BC%E3%82%BD%E3%83%B3 HTTP/1.1" 200 51722 "-" "Mozilla/5.0 (Linux; Android 6.0.1; Nexus 5X Build/MMB29P) AppleWebKit/537.36 (KHTML, like Gecko) Chrome/135.0.7049.95 Mobile Safari/537.36 (compatible; Googlebot/2.1; +http://www.google.com/bot.html)"
66.249.74.35 - - [02/May/2025:18:19:12 -0400] "GET /?e=78623159932202&channel=23ebe4&from=product.php%3Fid%3D1599322-20169%26name%3D%E3%81%8A%E8%B2%B7%E3%81%84%E5%BE%97%E3%80%80+%E3%83%AA%E3%83%A1%E3%82%A4%E3%82%AF%E7%B4%A0%E6%9D%90%E3%80%80%E5%B8%AF%E3%80%80%E3%81%84%E3%82%8D%E3%81%84%E3%82%8D%E3%81%BE%E3%81%A8%E3%82%81%E3%81%A6%E3%82%BB%E3%83%83%E3%83%88%E3%80%80+%E7%9D%80%E7%89%A9%E3%80%80+%E8%B1%AA%E8%8F%AF+%E3%81%84%E3%82%8D%E3%81%A9%E3%82%8A HTTP/1.1" 200 54491 "-" "Mozilla/5.0 (Linux; Android 6.0.1; Nexus 5X Build/MMB29P) AppleWebKit/537.36 (KHTML, like Gecko) Chrome/135.0.7049.95 Mobile Safari/537.36 (compatible; Googlebot/2.1; +http://www.google.com/bot.html)"
40.77.167.131 - - [02/May/2025:18:19:43 -0400] "GET /?e=41780175175709&channel=8f5f03&from=pin.php%3Fid%3D1751757-796%26name%3D%E5%A4%A7%E5%BE%B3%E5%AF%BA%E6%9B%B8%E4%BB%98%E3%80%80%E5%8A%A0%E8%97%A4%E5%AE%97%E7%8E%84%E4%BD%9C%E3%80%80%E7%AB%B9%E3%80%80%E8%93%8B%E7%BD%AE%E3%80%80%E4%B8%80%E5%8F%8C%E3%80%80%E5%85%B1%E7%AE%B1%E3%80%80%E8%8C%B6%E9%81%93%E5%85%B7 HTTP/1.1" 200 0 "-" "Mozilla/5.0 AppleWebKit/537.36 (KHTML, like Gecko; compatible; bingbot/2.0; +http://www.bing.com/bingbot.htm) Chrome/116.0.1938.76 Safari/537.36"
40.77.167.72 - - [02/May/2025:18:21:04 -0400] "GET /?e=18282134540301&channel=00687b&from=brands.php%3Fid%3D1345403-4233%26name%3DFUNOMOCYA+%E3%82%B3%E3%83%BC%E3%83%AB%E3%83%89%E3%83%96%E3%83%AA%E3%83%A5%E3%83%BC%E3%83%9D%E3%83%83%E3%83%88+%E3%83%9D%E3%83%BC%E3%82%BF%E3%83%96%E3%83%AB%E3%82%B3%E3%83%BC%E3%83%92%E3%83%BC%E3%83%A1%E3%83%BC%E3%82%AB%E3%83%BC+%E5%86%B7%E8%94%B5%E5%BA%AB%E3%81%AE%E6%B0%B4%E5%B7%AE%E3%81%97+%E3%83%86%E3%82%A3%E3%83%BC%E3%83%9F%E3%83%AB%E3%82%AF%E3%82%AB%E3%83%A9%E3%83%95%E3%82%A7+%E5%86%B7%E8%94%B5%E5%BA%AB%E7%94%A8%E3%81%AE%E6%B0%B4%E5%85%A5%E3%82%8C+%E3%82%B3%E3%83%BC HTTP/1.1" 200 0 "-" "Mozilla/5.0 AppleWebKit/537.36 (KHTML, like Gecko; compatible; bingbot/2.0; +http://www.bing.com/bingbot.htm) Chrome/116.0.1938.76 Safari/537.36"
66.249.74.35 - - [02/May/2025:18:21:42 -0400] "GET /?e=87187147601603&channel=4e01ed&from=product.php%3Fid%3D1476016-15121%26name%3D%5B%E3%83%86%E3%82%B9%E3%83%A9%5D+%E3%83%AF%E3%83%B3%E3%83%94%E3%83%BC%E3%82%B9+%E5%8D%8A%E8%A2%96+%E3%82%AD%E3%83%83%E3%82%BA+%5B%E8%BB%BD%E9%87%8F%E3%83%BB%E9%80%9A%E6%B0%97%E6%80%A7%E3%83%BB%E9%80%9F%E4%B9%BE%5D+%E3%83%9D%E3%83%AD%E3%83%AF%E3%83%B3%E3%83%94%E3%83%BC%E3%82%B9+%E9%B9%BF%E3%81%AE%E5%AD%90+%E3%82%A2%E3%82%AF%E3%83%86%E3%82%A3%E3%83%96+%E3%83%95%E3%82%A9%E3%83%BC%E3%83%9E%E3%83%AB+%E3%82%AB%E3%82%B8%E3%83%A5%E3%82%A2%E3%83%AB+%E7%84%A1%E5%9C%B0+%E9%80%9A%E5%AD%A6 HTTP/1.1" 200 54034 "-" "Mozilla/5.0 (Linux; Android 6.0.1; Nexus 5X Build/MMB29P) AppleWebKit/537.36 (KHTML, like Gecko) Chrome/135.0.7049.95 Mobile Safari/537.36 (compatible; Googlebot/2.1; +http://www.google.com/bot.html)"
66.249.74.35 - - [02/May/2025:18:22:20 -0400] "GET /?e=8794672614903&channel=eee9c9&from=article.php%3Fid%3D726149-16051%26name%3D%E3%80%90%E7%B5%90%E7%B4%8D%E8%BF%94%E3%81%97%E3%80%91-%E7%95%A5%E5%BC%8F%E7%B5%90%E7%B4%8D%E5%93%81-+%E8%8A%B1%E3%81%AE%E8%88%9E%E3%82%A2%E3%83%AC%E3%83%B3%E3%82%B8%E3%82%BB%E3%83%83%E3%83%88%EF%BC%91%EF%BC%88%E9%9D%92%EF%BC%89%E3%80%90%E5%8A%A0%E8%B3%80%E6%A2%85%E3%80%91%E3%83%BB%E8%A8%98%E5%BF%B5%E5%93%81%E9%A3%BE%E3%82%8A%E4%BB%98%E3%80%90%E6%AF%9B%E3%81%9B%E3%82%93%E3%83%BB%E9%A2%A8%E5%91%82%E6%95%B7%283%E5%B9%85%E3%83%BB%E7%84%A1%E5%9C%B0%29%E4%BB%98%E3%80%91+%E7%B5%90%E7%B4%8D%E5%B1%8B%E3%81%95%E3%82%93.co HTTP/1.1" 200 49343 "-" "Mozilla/5.0 (Linux; Android 6.0.1; Nexus 5X Build/MMB29P) AppleWebKit/537.36 (KHTML, like Gecko) Chrome/135.0.7049.95 Mobile Safari/537.36 (compatible; Googlebot/2.1; +http://www.google.com/bot.html)"
52.167.144.174 - - [02/May/2025:18:23:05 -0400] "GET /?e=78290150209301&channel=1ae6b0&from=form.php%3Fid%3D1502093-10183%26name%3D%5BLerpwige%5D+%E7%B7%A8%E7%B5%84%E3%83%AC%E3%82%B6%E3%83%BC%E3%82%B3%E3%83%BC%E3%83%89%E3%83%9C%E3%83%AD%E3%83%86%E3%82%A3%E3%83%A1%E3%82%BF%E3%83%AB%E3%82%A4%E3%83%8B%E3%82%B7%E3%83%A3%E3%83%AB%E3%83%AC%E3%82%BF%E3%83%BC%E3%83%9A%E3%83%B3%E3%83%80%E3%83%B3%E3%83%88%E8%AA%BF%E7%AF%80%E5%8F%AF%E8%83%BD%E3%81%AA%E3%83%81%E3%82%A7%E3%83%BC%E3%83%B3%E3%83%8D%E3%82%AF%E3%82%BF%E3%82%A4%E3%82%A6%E3%82%A8%E3%82%B9%E3%82%BF%E3%83%B3%E3%83%8D%E3%83%83%E3%82%AF%E3%83%AC%E3%82%B9%E3%83%95%E3%82%A7%E3%82%B9%E3%83%86 HTTP/1.1" 200 0 "-" "Mozilla/5.0 AppleWebKit/537.36 (KHTML, like Gecko; compatible; bingbot/2.0; +http://www.bing.com/bingbot.htm) Chrome/116.0.1938.76 Safari/537.36"
52.167.144.174 - - [02/May/2025:18:23:06 -0400] "GET /?e=01528169656301&channel=741dc1&from=product.php%3Fid%3D1696563-11623%26name%3D58.%E6%A8%AA%E5%85%A5%E3%82%8C%E3%81%8A%E5%BC%81%E5%BD%93%E8%A2%8B%28%E5%B0%81%E7%AD%92%E5%9E%8B%E3%81%8A%E5%BC%81%E5%BD%93%E8%A2%8B%29 HTTP/1.1" 200 0 "-" "Mozilla/5.0 AppleWebKit/537.36 (KHTML, like Gecko; compatible; bingbot/2.0; +http://www.bing.com/bingbot.htm) Chrome/116.0.1938.76 Safari/537.36"
40.77.167.72 - - [02/May/2025:18:23:44 -0400] "GET /?e=0906330239500&channel=acf3b5&from=shop.php%3Fid%3D302395-9750%26name%3D%E3%82%A8%E3%82%A2%E3%83%95%E3%83%AD%E3%82%BB%E3%83%B3%E3%82%B5%E3%83%BC+%E3%83%9E%E3%82%B9%E3%82%A8%E3%82%A2%E3%83%95%E3%83%AD%E3%83%BC%E3%83%A1%E3%83%BC%E3%82%BF%E3%83%BC%E3%82%BB%E3%83%B3%E3%82%B5%E3%83%BC+%E3%82%AF%E3%83%A9%E3%82%A4%E3%82%B9%E3%83%A9%E3%83%BC%E7%94%A8+%E3%82%BB%E3%83%96%E3%83%AA%E3%83%B3%E3%82%B0%E7%94%A8+%E3%82%A2%E3%83%99%E3%83%B3%E3%82%B8%E3%83%A3%E3%83%BC%E7%94%A8+%E3%82%AD%E3%83%A3%E3%83%AA%E3%83%90%E3%83%BC%E7%94%A8+%E3%82%A8%E3%82%A2%E3%83%95%E3%83%AD%E3%83%BC%E3%83%A1%E3%83%BC%E3%82%BF%E3%83%BC HTTP/1.1" 200 0 "-" "Mozilla/5.0 AppleWebKit/537.36 (KHTML, like Gecko; compatible; bingbot/2.0; +http://www.bing.com/bingbot.htm) Chrome/116.0.1938.76 Safari/537.36"
40.77.167.33 - - [02/May/2025:18:26:46 -0400] "GET /?e=90017148090903&channel=b4d3e8&from=jp.php%3Fid%3D1480909-4716%26name%3DESTIKI%E4%B8%87%E5%B1%8B-JP%28%E5%B7%A5%E5%A0%B4%E7%9B%B4%E8%B2%A9%E5%93%81%E8%B3%AA%E4%BF%9D%E8%A8%BC%29+%E9%81%A9%E7%94%A8OPPO+A79+5G%E5%85%BC%E7%94%A8%E3%82%B1%E3%83%BC%E3%82%B9+%E6%89%8B%E5%B8%B3%E5%9E%8B+%E9%9D%A9%E8%A3%BD+OPPO+A79+5G+%E7%8C%AB%E3%81%A8%E7%8A%AC%E3%83%87%E3%82%B6%E3%82%A4 HTTP/1.1" 200 0 "-" "Mozilla/5.0 AppleWebKit/537.36 (KHTML, like Gecko; compatible; bingbot/2.0; +http://www.bing.com/bingbot.htm) Chrome/116.0.1938.76 Safari/537.36"
40.77.167.33 - - [02/May/2025:18:26:46 -0400] "GET /?e=06907136618700&channel=1a455b&from=jp.php%3Fid%3D1366187-9303%26name%3D%E3%82%B7%E3%82%A7%E3%83%AB%E3%82%AF%E3%83%AB%E3%83%BC%E3%83%AB+%E3%82%AA%E3%83%BC%E3%83%91%E3%83%BC%E3%83%AA%E3%83%90%E3%83%BC%E3%82%B9+15ml HTTP/1.1" 200 0 "-" "Mozilla/5.0 AppleWebKit/537.36 (KHTML, like Gecko; compatible; bingbot/2.0; +http://www.bing.com/bingbot.htm) Chrome/116.0.1938.76 Safari/537.36"
40.77.167.33 - - [02/May/2025:18:26:47 -0400] "GET /?e=51799187874203&channel=779572&from=article.php%3Fid%3D1878742-10175%26name%3Da519%E3%83%81%E3%83%A3%E3%82%A4%E3%83%8F%E3%83%8D+%E5%88%BA%E7%B9%8D%E5%85%A5%E3%82%8A%E3%83%A9%E3%82%A4%E3%83%88%E3%83%96%E3%83%AB%E3%83%BC%E3%82%B5%E3%83%AB%E3%82%A8%E3%83%AB%E3%83%91%E3%83%B3%E3%83%84 HTTP/1.1" 200 0 "-" "Mozilla/5.0 AppleWebKit/537.36 (KHTML, like Gecko; compatible; bingbot/2.0; +http://www.bing.com/bingbot.htm) Chrome/116.0.1938.76 Safari/537.36"
66.249.74.36 - - [02/May/2025:18:28:32 -0400] "GET /?e=99185184350600&channel=e0a6ee&from=shop.php%3Fid%3D1843506-3569%26name%3D%E3%80%90%E6%96%B0%E5%93%81%E3%80%91%E6%A1%90%E4%BA%95%E9%99%B6%E5%99%A8+%E3%83%A2%E3%83%87%E3%83%AB%E3%83%8E+MODERNO+%E9%BB%92%E5%BE%A1%E5%BD%B1%E3%82%B9%E3%83%BC%E3%83%97%E3%82%AB%E3%83%83%E3%83%97+%E3%82%AB%E3%83%83%E3%83%97%E3%81%AE%E3%81%BF+7525-66 HTTP/1.1" 200 51778 "-" "Mozilla/5.0 (Linux; Android 6.0.1; Nexus 5X Build/MMB29P) AppleWebKit/537.36 (KHTML, like Gecko) Chrome/135.0.7049.95 Mobile Safari/537.36 (compatible; Googlebot/2.1; +http://www.google.com/bot.html)"
40.77.167.72 - - [02/May/2025:18:29:04 -0400] "GET /?e=55785147159209&channel=ffebfb&from=info.php%3Fid%3D1471592-17088%26name%3D%E3%81%93%E3%82%93%E3%81%AA%E3%81%AB%E3%81%82%E3%82%8B%E3%81%9E%21%21%E4%B8%8D%E6%B3%81%E3%81%AB%E5%BC%B7%E3%81%84%E3%81%8A%E4%BB%95%E4%BA%8B%E3%82%AC%E3%82%A4%E3%83%89+%28SBP%E3%83%93%E3%82%B8%E3%83%8D%E3%82%B9%E9%81%B8%E6%9B%B8%29+%E9%B3%A5%E5%B1%B1+%E9%9A%86%E4%B8%80_02 HTTP/1.1" 200 0 "-" "Mozilla/5.0 AppleWebKit/537.36 (KHTML, like Gecko; compatible; bingbot/2.0; +http://www.bing.com/bingbot.htm) Chrome/116.0.1938.76 Safari/537.36"
52.167.144.54 - - [02/May/2025:18:29:16 -0400] "GET /robots.txt HTTP/1.1" 200 70 "-" "Mozilla/5.0 AppleWebKit/537.36 (KHTML, like Gecko; compatible; bingbot/2.0; +http://www.bing.com/bingbot.htm) Chrome/116.0.1938.76 Safari/537.36"
52.167.144.54 - - [02/May/2025:18:29:16 -0400] "GET /robots.txt HTTP/1.1" 200 70 "-" "Mozilla/5.0 AppleWebKit/537.36 (KHTML, like Gecko; compatible; bingbot/2.0; +http://www.bing.com/bingbot.htm) Chrome/116.0.1938.76 Safari/537.36"
66.249.74.37 - - [02/May/2025:18:29:21 -0400] "GET /?e=06595124775607&channel=e27689&from=blog.php%3Fid%3D1247756-11520%26name%3D%E3%83%AC%E3%83%87%E3%82%A3%E3%83%BC%E3%82%B9+%E3%83%81%E3%83%8E%E3%83%91%E3%83%B3%E3%80%803L+%E3%83%99%E3%83%BC%E3%82%B8%E3%83%A5%E3%80%80%E3%83%91%E3%83%B3%E3%83%84%E3%80%80%E3%82%BA%E3%83%9C%E3%83%B3%E3%80%80%E5%A4%A7%E3%81%8D%E3%81%84%E3%82%B5%E3%82%A4%E3%82%BA HTTP/1.1" 200 52011 "-" "Mozilla/5.0 (Linux; Android 6.0.1; Nexus 5X Build/MMB29P) AppleWebKit/537.36 (KHTML, like Gecko) Chrome/135.0.7049.95 Mobile Safari/537.36 (compatible; Googlebot/2.1; +http://www.google.com/bot.html)"
66.249.74.35 - - [02/May/2025:18:29:39 -0400] "GET /?e=57171175414003&channel=184cb6&from=info.php%3Fid%3D1754140-2183%26name%3D3%2F4%2F5%E6%AE%B5%E6%8A%98%E3%82%8A%E3%81%9F%E3%81%9F%E3%81%BF%E3%83%A9%E3%83%83%E3%82%AF+%E3%82%B7%E3%82%A7%E3%83%AB%E3%83%95+%E6%A3%9A+%E3%83%AC%E3%83%B3%E3%82%B8%E5%8F%B0+%E3%80%90%E5%B1%8A%E3%81%84%E3%81%A6%E3%81%99%E3%81%90%E4%BD%BF%E3%81%88%E3%82%8B%EF%BC%81%E3%80%91%E9%A3%9F%E5%99%A8%E6%A3%9A+%E5%8F%8E%E7%B4%8D%E3%83%A9%E3%83%83%E3%82%AF+%E3%82%B9%E3%83%88%E3%83%83%E3%83%91%E3%83%BC%E4%BB%98%E3%81%8D%E3%82%AD%E3%83%A3%E3%82%B9%E3%82%BF%E3%83%BC+%E5%8F%8E%E7%B4%8D%E3%83%A9%E3%83%83%E3%82%AF HTTP/1.1" 200 53200 "-" "Mozilla/5.0 (Linux; Android 6.0.1; Nexus 5X Build/MMB29P) AppleWebKit/537.36 (KHTML, like Gecko) Chrome/135.0.7049.95 Mobile Safari/537.36 (compatible; Googlebot/2.1; +http://www.google.com/bot.html)"
40.77.167.55 - - [02/May/2025:18:30:17 -0400] "GET /?e=73717100806600&channel=d6ac13&from=category-info.php%3Fid%3D1008066-11963%26name%3D%E7%8C%AB%E7%94%A83%E5%B1%A4%E3%83%9C%E3%83%BC%E3%83%AB%E3%81%8A%E3%82%82%E3%81%A1%E3%82%83 HTTP/1.1" 200 0 "-" "Mozilla/5.0 AppleWebKit/537.36 (KHTML, like Gecko; compatible; bingbot/2.0; +http://www.bing.com/bingbot.htm) Chrome/116.0.1938.76 Safari/537.36"
66.249.74.35 - - [02/May/2025:18:31:20 -0400] "GET /?e=7296836920004&channel=a008d2&from=jp.php%3Fid%3D369200-2181%26name%3D%E3%81%A1%E3%82%87%E3%81%B4%E6%A7%98%E5%B0%82%E7%94%A8 HTTP/1.1" 200 50420 "-" "Mozilla/5.0 (Linux; Android 6.0.1; Nexus 5X Build/MMB29P) AppleWebKit/537.36 (KHTML, like Gecko) Chrome/135.0.7049.95 Mobile Safari/537.36 (compatible; Googlebot/2.1; +http://www.google.com/bot.html)"
52.167.144.232 - - [02/May/2025:18:32:34 -0400] "GET /?e=1812878883507&channel=2f011b&from=shop.php%3Fid%3D788835-15342%26name%3D%E3%83%91%E3%82%BF%E3%82%B4%E3%83%8B%E3%82%A2+patagonia+%E3%82%B7%E3%83%B3%E3%83%81%E3%83%A9%E3%82%B9%E3%83%8A%E3%83%83%E3%83%97T%E3%80%80OCEANS%E6%8E%B2%E8%BC%89%E3%80%80%E7%B7%8F%E6%9F%84 HTTP/1.1" 200 0 "-" "Mozilla/5.0 AppleWebKit/537.36 (KHTML, like Gecko; compatible; bingbot/2.0; +http://www.bing.com/bingbot.htm) Chrome/116.0.1938.76 Safari/537.36"
52.167.144.232 - - [02/May/2025:18:32:35 -0400] "GET /?e=96755157919003&channel=3f0e43&from=shared.php%3Fid%3D1579190-6094%26name%3D%E3%83%AC%E3%83%87%E3%82%A3%E3%83%BC%E3%82%B9+%E5%A4%8F%E7%94%A8+%E3%82%B7%E3%83%A7%E3%83%BC%E3%83%88%E3%83%91%E3%83%B3%E3%83%84+-+%E5%A5%B3%E6%80%A7%E3%81%AE%E5%A4%8F%E3%81%AE%E3%83%8F%E3%82%A4%E3%82%A6%E3%82%A8%E3%82%B9%E3%83%88+%E3%83%87%E3%83%8B%E3%83%A0+%E3%82%B7%E3%83%A7%E3%83%BC%E3%83%88+%E3%83%91%E3%83%B3%E3%83%84%E6%8A%98%E3%82%8A%E7%95%B3%E3%81%BE%E3%82%8C%E3%81%9F%E8%A3%BE%E3%82%AB%E3%82%B8%E3%83%A5%E3%82%A2%E3%83%AB+%E3%82%B7%E3%83%A7%E3%83%BC%E3%83%88+%E3%82%B8%E3%83%BC%E3%83%B3%E3%82%BA HTTP/1.1" 200 0 "-" "Mozilla/5.0 AppleWebKit/537.36 (KHTML, like Gecko; compatible; bingbot/2.0; +http://www.bing.com/bingbot.htm) Chrome/116.0.1938.76 Safari/537.36"