52.167.144.142 - - [02/May/2025:14:56:59 -0400] "GET /?e=31242193063300&channel=58a2d2&from=pin.php%3Fid%3D1930633-21920%26name%3D%E3%80%9020%E3%83%9E%E3%83%BC%E3%82%AF%E3%80%91%E3%83%95%E3%82%A1%E3%82%A4%E3%83%86%E3%83%B3+%E3%83%A1%E3%82%BF%E3%83%83%E3%82%AF%E3%82%B9%E3%83%86%E3%83%BC%E3%83%97+%E9%80%81%E6%96%99%E8%BE%BC%E3%81%BF+%E7%A5%9E%E7%B5%8C%E7%97%9B%E3%81%AB HTTP/1.1" 200 0 "-" "Mozilla/5.0 AppleWebKit/537.36 (KHTML, like Gecko; compatible; bingbot/2.0; +http://www.bing.com/bingbot.htm) Chrome/116.0.1938.76 Safari/537.36"
40.77.167.151 - - [02/May/2025:14:57:04 -0400] "GET /?e=3435298660602&channel=149edf&from=product.php%3Fid%3D986606-5230%26name%3D%5B%E3%83%80%E3%82%A4%E3%83%AF%5D+%E3%83%AD%E3%83%B3%E3%82%B0%E3%82%B9%E3%83%AA%E3%83%BC%E3%83%96%E3%83%8F%E3%83%BC%E3%83%95%E3%82%B8%E3%83%83%E3%83%97%E3%82%B7%E3%83%A3%E3%83%84+DE-7525+%E5%90%84%E7%A8%AE%282025%E5%B9%B4%E3%83%A2%E3%83%87%E3%83%AB%29 HTTP/1.1" 200 0 "-" "Mozilla/5.0 AppleWebKit/537.36 (KHTML, like Gecko; compatible; bingbot/2.0; +http://www.bing.com/bingbot.htm) Chrome/116.0.1938.76 Safari/537.36"
40.77.167.55 - - [02/May/2025:14:57:08 -0400] "GET /?e=09210161566302&channel=7a8ccf&from=product.php%3Fid%3D1615663-5610%26name%3D%E3%82%B7%E3%83%AA%E3%82%B3%E3%83%BC%E3%83%B3%E9%A3%BE%E3%82%8A%E9%87%91%E5%9E%8B%E6%89%8B%E4%BD%9C%E3%82%8A%E9%87%91%E5%9E%8B%E9%9B%AA%E3%81%A0%E3%82%8B%E3%81%BE%E5%BD%A2%E7%8A%B6%E3%83%95%E3%82%A3%E3%82%AE%E3%83%A5%E3%82%A2%E9%87%91%E5%9E%8B%E3%82%B7%E3%83%AA%E3%82%B3%E3%83%BC%E3%83%B3%E3%81%AE%E8%B3%AA%E6%84%9F%E7%A5%AD%E3%82%8A%E3%81%AE%E8%A3%85%E9%A3%BE%E5%93%81%E3%81%AB%E6%9C%80%E9%81%A9 HTTP/1.1" 200 0 "-" "Mozilla/5.0 AppleWebKit/537.36 (KHTML, like Gecko; compatible; bingbot/2.0; +http://www.bing.com/bingbot.htm) Chrome/116.0.1938.76 Safari/537.36"
40.77.167.55 - - [02/May/2025:14:57:09 -0400] "GET /?e=8398263506600&channel=7c2dc3&from=pin.php%3Fid%3D635066-14783%26name%3DBINGOHM+%E3%82%A8%E3%83%AC%E3%82%AC%E3%83%B3%E3%83%88%E3%81%AA%E3%83%9E%E3%83%B3%E3%83%88%E3%83%AB%E3%82%AF%E3%83%AD%E3%83%83%E3%82%AF+%E3%82%B5%E3%82%A4%E3%83%AC%E3%83%B3%E3%83%88%E8%A3%85%E9%A3%BE%E6%9C%A8%E8%A3%BD%E3%83%9E%E3%83%B3%E3%83%88%E3%83%AB%E3%82%AF%E3%83%AD%E3%83%83%E3%82%AF+%E3%82%A6%E3%82%A7%E3%82%B9%E3%83%88%E3%83%9F%E3%83%B3%E3%82%B9%E3%82%BF%E3%83%BC%E3%83%81%E3%83%A3%E3%82%A4%E3%83%A0%E4%BB%98%E3%81%8D+%E2%80%93+%E6%9A%96%E7%82%89%E3%80%81%E3%82%AA%E3%83%95%E3%82%A3%E3%82%B9 HTTP/1.1" 200 0 "-" "Mozilla/5.0 AppleWebKit/537.36 (KHTML, like Gecko; compatible; bingbot/2.0; +http://www.bing.com/bingbot.htm) Chrome/116.0.1938.76 Safari/537.36"
40.77.167.151 - - [02/May/2025:14:57:14 -0400] "GET /?e=74574124592700&channel=2747a6&from=category-info.php%3Fid%3D1245927-10003%26name%3D%E3%83%AC%E3%82%AF%E3%82%B5%E3%82%B9%E7%B4%94%E6%AD%A3%E3%83%9B%E3%83%BC%E3%83%B3+%E6%B5%81%E7%94%A8%E4%BA%A4%E6%8F%9B+%E3%83%88%E3%82%A5%E3%83%87%E3%82%A4%28Today%29%2F%E3%83%9B%E3%83%B3%E3%83%80+LEXUS+%E7%B4%94%E6%AD%A3%E3%83%9B%E3%83%BC%E3%83%B3%E6%AD%A3%E8%A6%8F%E5%93%81+LS600hL%2FLS460+High-Low+%E5%B7%A6%E5%8F%B31%E3%82%BB%E3%83%83%E3%83%88 HTTP/1.1" 200 0 "-" "Mozilla/5.0 AppleWebKit/537.36 (KHTML, like Gecko; compatible; bingbot/2.0; +http://www.bing.com/bingbot.htm) Chrome/116.0.1938.76 Safari/537.36"
40.77.167.55 - - [02/May/2025:14:57:18 -0400] "GET /sitemap_index.xml HTTP/1.1" 200 95097 "-" "Mozilla/5.0 AppleWebKit/537.36 (KHTML, like Gecko; compatible; bingbot/2.0; +http://www.bing.com/bingbot.htm) Chrome/116.0.1938.76 Safari/537.36"
66.249.74.37 - - [02/May/2025:14:58:19 -0400] "GET /?e=79469147412504&channel=940489&from=category-info.php%3Fid%3D1474125-17094%26name%3D%E6%B5%B7%E5%A4%96%E8%A3%BD%E3%80%80ASINOSTAND+%E3%82%A2%E3%82%B7%E3%83%8E%E3%82%B9%E3%82%BF%E3%83%B3%E3%83%89%E3%80%80%E3%82%B4%E3%83%BC%E3%83%AB%E3%82%BC%E3%83%AD%E3%80%8038%E7%81%AF%E3%80%80%E3%82%B8%E3%82%B0+%E3%83%9F%E3%83%A4%E3%83%93 HTTP/1.1" 200 52254 "-" "Mozilla/5.0 (Linux; Android 6.0.1; Nexus 5X Build/MMB29P) AppleWebKit/537.36 (KHTML, like Gecko) Chrome/135.0.7049.95 Mobile Safari/537.36 (compatible; Googlebot/2.1; +http://www.google.com/bot.html)"
66.249.74.35 - - [02/May/2025:14:59:06 -0400] "GET /?e=02781127662201&channel=030513&from=blog.php%3Fid%3D1276622-8696%26name%3D%E3%83%AA%E3%83%BC%E3%83%87%E3%82%A3%E3%83%B3%E3%82%B0%E3%82%B0%E3%83%A9%E3%82%B9+%E8%80%81%E7%9C%BC%E9%8F%A1+PC%E3%83%A1%E3%82%AC%E3%83%8D+%E3%83%A1%E3%83%B3%E3%82%BA+%E3%81%8A%E3%81%97%E3%82%83%E3%82%8C+%E3%83%AC%E3%83%87%E3%82%A3%E3%83%BC%E3%82%B9+%E7%94%B7%E5%A5%B3%E5%85%BC%E7%94%A8+%E3%83%9D%E3%83%BC%E3%82%BF%E3%83%96%E3%83%AB+%E3%83%9A%E3%83%B3%E5%9E%8B+%E5%BA%A6%E6%95%B0%2B0.25%E5%88%BB%E3%81%BF%E3%81%A7%E9%81%B8%E3%81%B9%E3%82%8B%EF%BC%81+%E8%80%81%E7%9C%BC%E3%83%A1%E3%82%AC%E3%83%8D+%E8%BB%BD%E9%87%8F+%E7%88%B6%E3%81%AE%E6%97%A5+%E3%82%B3%E3%83%B3%E3%83%91%E3%82%AF%E3%83%88+%E6%95%AC%E8%80%81%E3%81%AE%E6%97%A5+%E5%BA%A6%E6%95%B0%2B0.25%E5%88%BB%E3%81%BF%E3%81%A7%E9%81%B8 HTTP/1.1" 200 51965 "-" "Mozilla/5.0 (Linux; Android 6.0.1; Nexus 5X Build/MMB29P) AppleWebKit/537.36 (KHTML, like Gecko) Chrome/135.0.7049.95 Mobile Safari/537.36 (compatible; Googlebot/2.1; +http://www.google.com/bot.html)"
66.249.74.35 - - [02/May/2025:14:59:08 -0400] "GET /?e=8875062604809&channel=c1d2a1&from=pin.php%3Fid%3D626048-8545%26name%3DA.E.%E3%83%9E%E3%83%AB%E3%83%86%E3%82%A3%E2%98%86%E3%83%95%E3%82%A1%E3%83%83%E3%82%B7%E3%83%A7%E3%83%B3%E3%83%97%E3%83%AC%E3%83%BC%E3%83%88%E3%80%8EPENSE-T-IL+A+MOI+%3F%E3%80%8F HTTP/1.1" 200 51590 "-" "Mozilla/5.0 (Linux; Android 6.0.1; Nexus 5X Build/MMB29P) AppleWebKit/537.36 (KHTML, like Gecko) Chrome/135.0.7049.95 Mobile Safari/537.36 (compatible; Googlebot/2.1; +http://www.google.com/bot.html)"
66.249.74.37 - - [02/May/2025:14:59:09 -0400] "GET /?e=31612131341105&channel=c25959&from=goods.php%3Fid%3D1313411-14704%26name%3D%E3%80%90%E4%BA%BA%E6%B0%97%E5%95%86%E5%93%81%E3%80%91%E3%82%B1%E3%83%BC%E3%83%96%E3%83%AB+Lightning+iPhone+%E5%85%85%E9%9B%BB%E5%99%A8+%E3%82%B3%E3%83%BC%E3%83%89+iPhone+%E3%82%A2%E3%82%A4%E3%83%95%E3%82%A9%E3%83%B3%E5%85%85%E9%9B%BB%E3%82%B1%E3%83%BC%E3%83%96%E3%83%AB+%E3%82%A2%E3%82%A4%E3%83%9B%E3%83%B3%E5%85%85%E9%9B%BB%E3%82%B1%E3%83%BC%E3%83%96%E3%83%AB+iPhone+3%E6%9C%AC%E3%82%BB%E3%83%83%E3%83%88+14+13+12+%E3%83%A9%E3%82%A4%E3%83%88%E3%83%8B%E3%83%B3%E3%82%B0%E3%82%B1%E3%83%BC%E3%83%96%E3%83%AB+XR+XS+1.8m+Pro+Max+iPhone+%E5%85%85%E9%9B%BB%E3%82%B1%E3%83%BC%E3%83%96 HTTP/1.1" 200 52060 "-" "Mozilla/5.0 (Linux; Android 6.0.1; Nexus 5X Build/MMB29P) AppleWebKit/537.36 (KHTML, like Gecko) Chrome/135.0.7049.95 Mobile Safari/537.36 (compatible; Googlebot/2.1; +http://www.google.com/bot.html)"
52.191.52.123 - - [02/May/2025:15:00:00 -0400] "GET /wp-content/uploads/2023/12/peta-evakuasi-gaza-yang-dibagikan-idf.jpg HTTP/1.1" 200 0 "-" "Mozilla/5.0 (Windows NT 10.0; Win64; x64) AppleWebKit/537.36 (KHTML, like Gecko) Chrome/109.0.0.0 Safari/537.36"
52.191.52.123 - - [02/May/2025:15:00:00 -0400] "GET /wp-content/uploads/2023/12/peta-evakuasi-gaza-yang-dibagikan-idf.jpg HTTP/1.1" 200 0 "-" "Mozilla/5.0 (Windows NT 10.0; Win64; x64) AppleWebKit/537.36 (KHTML, like Gecko) Chrome/109.0.0.0 Safari/537.36"
66.249.74.37 - - [02/May/2025:15:00:17 -0400] "GET /?e=88581142081402&channel=1da164&from=category-info.php%3Fid%3D1420814-11487%26name%3D%E3%82%A2%E3%82%A4%E3%82%A2%E3%83%B3+%E3%82%AB%E3%83%BC%E3%83%86%E3%83%B3%E3%82%AF%E3%83%AA%E3%83%83%E3%83%97+%E3%82%AB%E3%83%BC%E3%83%86%E3%83%B3%E3%83%AA%E3%83%B3%E3%82%B0+12%E5%80%8B%E5%85%A5++%E3%82%A2%E3%83%B3%E3%83%86%E3%82%A3%E3%83%BC%E3%82%AF%E3%82%B4%E3%83%BC%E3%83%AB%E3%83%89%EF%BC%88%E7%AA%81%E3%81%A3%E5%BC%B5%E3%82%8A%EF%BC%86%E4%BC%B8%E7%B8%AE%E5%BC%8F%E7%9B%AE%E9%9A%A0%E3%81%97%E3%82%AB%E3%83%BC%E3%83%86%E3%83%B3+%E3%83%AA%E3%83%B3%E3%82%B0%E3%82%BF%E3%82%A4%E3%83%97+%E9%80%9A%E8%B2%A9+-+%E3%83%87%E3%82%A3%E3%83%8E%E3%82%B9%EF%BC%89 HTTP/1.1" 200 50613 "-" "Mozilla/5.0 (Linux; Android 6.0.1; Nexus 5X Build/MMB29P) AppleWebKit/537.36 (KHTML, like Gecko) Chrome/135.0.7049.95 Mobile Safari/537.36 (compatible; Googlebot/2.1; +http://www.google.com/bot.html)"
52.191.52.123 - - [02/May/2025:15:00:19 -0400] "GET /wp-content/uploads/2023/12/peta-evakuasi-gaza-yang-dibagikan-idf.jpg HTTP/1.1" 200 0 "-" "Mozilla/5.0 (Windows NT 10.0; Win64; x64) AppleWebKit/537.36 (KHTML, like Gecko) Chrome/109.0.0.0 Safari/537.36"
52.167.144.142 - - [02/May/2025:15:00:30 -0400] "GET /?e=84887104781000&channel=a3b86f&from=blog.php%3Fid%3D1047810-5059%26name%3DT%2AU%E6%A7%98+%E3%82%A2%E3%83%AD%E3%82%A8%E3%80%80%E3%83%8F%E3%82%A4%E3%83%96%E3%83%AA%E3%83%83%E3%83%89%E5%AE%9F%E7%94%9F%E2%91%A0 HTTP/1.1" 200 0 "-" "Mozilla/5.0 AppleWebKit/537.36 (KHTML, like Gecko; compatible; bingbot/2.0; +http://www.bing.com/bingbot.htm) Chrome/116.0.1938.76 Safari/537.36"
52.167.144.142 - - [02/May/2025:15:00:34 -0400] "GET /?e=1217882440605&channel=c3a951&from=pin.php%3Fid%3D824406-2243%26name%3DNutriess+360%E5%BA%A6%E5%9B%9E%E8%BB%A2%E3%83%87%E3%82%A3%E3%82%B9%E3%83%97%E3%83%AC%E3%82%A4%E3%82%B9%E3%82%BF%E3%83%B3%E3%83%89+11%E3%83%9D%E3%83%B3%E3%83%89+%E8%B2%A0%E8%8D%B7+USB+%E3%83%90%E3%83%83%E3%83%86%E3%83%AA%E3%83%BC%E9%A7%86%E5%8B%95+%E4%BD%8E%E3%83%8E%E3%82%A4%E3%82%BA%E3%82%BF%E3%83%BC%E3%83%B3%E3%83%86%E3%83%BC%E3%83%96%E3%83%AB+%E3%82%B8%E3%83%A5%E3%82%A8%E3%83%AA%E3%83%BC%E3%82%A6%E3%82%A9 HTTP/1.1" 200 0 "-" "Mozilla/5.0 AppleWebKit/537.36 (KHTML, like Gecko; compatible; bingbot/2.0; +http://www.bing.com/bingbot.htm) Chrome/116.0.1938.76 Safari/537.36"
66.249.64.173 - - [02/May/2025:15:00:51 -0400] "GET /?e=8799023046501&channel=1e6fc2&from=shop.php%3Fid%3D230465-5681%26name%3D%E3%82%BF%E3%83%BC%E3%83%97%E3%82%B7%E3%83%BC%E3%83%88+16x20%E3%83%95%E3%82%A3%E3%83%BC%E3%83%88+%E9%98%B2%E6%B0%B4%E3%82%B7%E3%83%BC%E3%83%88+%E9%98%B2%E6%B0%B4%E3%82%B7%E3%83%BC%E3%83%88+%E9%98%B2%E6%B0%B4%E3%82%B7%E3%83%BC%E3%83%88+%E9%98%B2%E6%B0%B4%E3%83%98%E3%83%93%E3%83%BC%E3%83%87%E3%83%A5%E3%83%BC%E3%83%86%E3%82%A3%E3%83%BC%E3%83%9D%E3%83%AA%E3%82%BF%E3%83%BC%E3%83%9D%E3%83%AA%E3%83%B3+%E3%82%AB%E3%83%BC%E3%83%9D%E3%83%BC%E3%83%88%E3%83%89%E3%83%83%E3%82%AF+%E5%80%89%E5%BA%AB HTTP/1.1" 200 53223 "-" "Mozilla/5.0 (Linux; Android 6.0.1; Nexus 5X Build/MMB29P) AppleWebKit/537.36 (KHTML, like Gecko) Chrome/135.0.7049.95 Mobile Safari/537.36 (compatible; Googlebot/2.1; +http://www.google.com/bot.html)"
40.77.167.55 - - [02/May/2025:15:01:20 -0400] "GET /?e=0699426198600&channel=e4a129&from=blog.php%3Fid%3D261986-1278%26name%3DP%E3%81%B1%E3%81%A1%E3%82%93%E3%81%93%E4%B9%83%E6%9C%A8%E5%9D%8246%E3%83%88%E3%83%AC%E3%82%B8%E3%83%A3%E3%83%BC%E3%82%B9%E3%83%9A%E3%83%83%E3%82%AF%E3%80%94%E3%83%91%E3%83%81%E3%83%B3%E3%82%B3%E5%AE%9F%E6%A9%9F%E3%80%95 HTTP/1.1" 200 0 "-" "Mozilla/5.0 AppleWebKit/537.36 (KHTML, like Gecko; compatible; bingbot/2.0; +http://www.bing.com/bingbot.htm) Chrome/116.0.1938.76 Safari/537.36"
40.77.167.55 - - [02/May/2025:15:01:27 -0400] "GET /?e=17812163661404&channel=34e5ff&from=form.php%3Fid%3D1636614-8009%26name%3DTOYMYTOY+%E3%82%AB%E3%83%BC%E3%83%9A%E3%83%83%E3%83%88+%E5%90%B8%E6%B0%B4%E3%83%95%E3%83%AD%E3%82%A2%E3%83%9E%E3%83%83%E3%83%88+%E6%B2%B9%E6%B5%81%E5%87%BA%E3%83%9E%E3%83%83%E3%83%88+%E7%A7%81%E9%81%93%E7%94%A8%E3%82%AA%E3%82%A4%E3%83%AB%E6%BC%8F%E3%82%8C%E3%83%9E%E3%83%83%E3%83%88+%E3%81%93%E3%81%BC%E3%82%8C%E5%90%B8%E5%8F%8E%E3%83%91%E3%83%83%E3%83%89+%E7%A7%81%E9%81%93%E7%94%A8%E3%82%AA%E3%82%A4%E3%83%AB%E3%83%9E%E3%83%83%E3%83%88+%E6%B2%B9%E5%90%B8%E5%8F%8E%E3%83%91 HTTP/1.1" 200 0 "-" "Mozilla/5.0 AppleWebKit/537.36 (KHTML, like Gecko; compatible; bingbot/2.0; +http://www.bing.com/bingbot.htm) Chrome/116.0.1938.76 Safari/537.36"
40.77.167.55 - - [02/May/2025:15:01:31 -0400] "GET /?e=7024379102001&channel=6da5d9&from=blog.php%3Fid%3D791020-4954%26name%3D%E3%82%B9%E3%83%84%E3%83%BC%E3%83%AB+%E6%A4%85%E5%AD%90+%E3%81%8A%E3%81%97%E3%82%83%E3%82%8C+Stool+%E4%BA%BA%E9%96%93%E5%B7%A5%E5%AD%A6%E3%81%AB%E5%9F%BA%E3%81%A5%E3%81%84%E3%81%9F%E3%82%B5%E3%83%89%E3%83%AB%E3%82%B9%E3%83%84%E3%83%BC%E3%83%AB+%E3%82%AD%E3%83%A3%E3%82%B9%E3%82%BF%E3%83%BC%E4%BB%98%E3%81%8D+%E6%B2%B9%E5%9C%A7%E8%AA%BF%E7%AF%80%E5%8F%AF%E8%83%BD%E3%81%AA%E3%82%B9%E3%83%84%E3%83%BC%E3%83%AB+%E3%82%B9%E3%82%A4%E3%83%99%E3%83%AB%E3%83%AD%E3%83%BC%E3%83%AA%E3%83%B3%E3%82%B0%E3%82%B5 HTTP/1.1" 200 0 "-" "Mozilla/5.0 AppleWebKit/537.36 (KHTML, like Gecko; compatible; bingbot/2.0; +http://www.bing.com/bingbot.htm) Chrome/116.0.1938.76 Safari/537.36"
52.191.52.123 - - [02/May/2025:15:01:42 -0400] "GET /wp-content/uploads/2023/12/jokowi-maruf-amin-2018.jpg HTTP/1.1" 200 0 "-" "Mozilla/5.0 (Windows NT 10.0; Win64; x64) AppleWebKit/537.36 (KHTML, like Gecko) Chrome/109.0.0.0 Safari/537.36"
52.191.52.123 - - [02/May/2025:15:01:43 -0400] "GET /wp-content/uploads/2023/12/jokowi-maruf-amin-2018.jpg HTTP/1.1" 200 0 "-" "Mozilla/5.0 (Windows NT 10.0; Win64; x64) AppleWebKit/537.36 (KHTML, like Gecko) Chrome/109.0.0.0 Safari/537.36"
52.191.52.123 - - [02/May/2025:15:01:43 -0400] "GET /wp-content/uploads/2023/12/jokowi-maruf-amin-2018.jpg HTTP/1.1" 200 0 "-" "Mozilla/5.0 (Windows NT 10.0; Win64; x64) AppleWebKit/537.36 (KHTML, like Gecko) Chrome/109.0.0.0 Safari/537.36"
66.249.74.37 - - [02/May/2025:15:02:25 -0400] "GET /?e=9505947135500&channel=5936cf&from=info.php%3Fid%3D471355-12668%26name%3D%E3%83%96%E3%83%AB%E3%82%A2%E3%82%AB+%E3%83%96%E3%83%AB%E3%82%A2%E3%82%AB+%E9%9F%93%E5%9B%BD+%E3%82%B3%E3%82%BF%E3%83%9E+%E3%82%AD%E3%83%A3%E3%83%B3%E3%83%97+%E3%82%AB%E3%83%88%E3%83%A9%E3%83%AA%E3%83%BC%E3%82%BB%E3%83%83%E3%83%88+VVVJJUCD HTTP/1.1" 200 51623 "-" "Mozilla/5.0 (Linux; Android 6.0.1; Nexus 5X Build/MMB29P) AppleWebKit/537.36 (KHTML, like Gecko) Chrome/135.0.7049.95 Mobile Safari/537.36 (compatible; Googlebot/2.1; +http://www.google.com/bot.html)"
66.249.74.35 - - [02/May/2025:15:02:54 -0400] "GET /?e=9102872175612&channel=60f96f&from=brands.php%3Fid%3D721756-3605%26name%3D%E5%B8%8C%E5%B0%91+BV110+%E3%82%B5%E3%83%8B%E3%83%BC+%E3%83%90%E3%83%B3+2%E3%83%89%E3%82%A2+%E9%95%B7%E6%9C%9F%E8%BB%8A%E5%BA%AB%E4%BF%9D%E7%AE%A1+%E7%99%BB%E9%8C%B2%E6%9B%B8%E9%A1%9E%E6%9C%89+%E6%9C%AA%E5%86%8D%E7%94%9F+%E4%B8%8D%E5%8B%95 HTTP/1.1" 200 51825 "-" "Mozilla/5.0 (Linux; Android 6.0.1; Nexus 5X Build/MMB29P) AppleWebKit/537.36 (KHTML, like Gecko) Chrome/135.0.7049.95 Mobile Safari/537.36 (compatible; Googlebot/2.1; +http://www.google.com/bot.html)"
40.77.167.55 - - [02/May/2025:15:03:31 -0400] "GET /?e=06140174168904&channel=993b83&from=shared.php%3Fid%3D1741689-15474%26name%3D%E3%82%A8%E3%83%AC%E3%82%AC%E3%83%B3%E3%83%88%E3%81%AA%E3%83%95%E3%83%AD%E3%83%BC%E3%83%A9%E3%83%AB%E6%9F%84%E3%81%AE%E7%8F%AA%E8%97%BB%E5%9C%9F%E3%83%9E%E3%83%83%E3%83%88%E2%98%85%E5%90%B8%E6%B0%B4%E9%80%9F%E4%B9%BE%E3%83%A9%E3%82%B0%E6%BB%91%E3%82%8A%E6%AD%A2%E3%82%81%E9%A3%9B%E6%B2%AB%E9%98%B2%E6%AD%A2%E3%83%9A%E3%83%83%E3%83%88%2F%E3%83%90%E3%82%B9 HTTP/1.1" 200 0 "-" "Mozilla/5.0 AppleWebKit/537.36 (KHTML, like Gecko; compatible; bingbot/2.0; +http://www.bing.com/bingbot.htm) Chrome/116.0.1938.76 Safari/537.36"
66.249.74.36 - - [02/May/2025:15:03:57 -0400] "GET /?e=9682066177204&channel=35383f&from=article.php%3Fid%3D661772-8361%26name%3D%E3%82%AA%E3%83%83%E3%82%AF%E3%82%B9%E3%83%95%E3%82%A9%E3%83%BC%E3%83%89%E5%B8%83%E8%A3%BD%E3%82%B9%E3%83%9A%E3%83%BC%E3%82%B9%E3%83%81%E3%82%A7%E3%82%A2+%E3%82%A2%E3%82%A6%E3%83%88%E3%83%89%E3%82%A2+%E3%82%AD%E3%83%A3%E3%83%B3%E3%83%97+%E3%83%81%E3%82%A7%E3%82%A2+%E3%83%90%E3%83%83%E3%82%AF%E3%83%81%E3%82%A7%E3%82%A2+%E3%83%95%E3%82%A3%E3%83%83%E3%82%B7%E3%83%B3%E3%82%B0%E3%83%81%E3%82%A7%E3%82%A2+%E3%83%96%E3%83%A9%E3%83%83%E3%82%AF+%E3%82%AB%E3%83%BC%E3%82%AD%28Black%29 HTTP/1.1" 200 52951 "-" "Mozilla/5.0 (Linux; Android 6.0.1; Nexus 5X Build/MMB29P) AppleWebKit/537.36 (KHTML, like Gecko) Chrome/135.0.7049.95 Mobile Safari/537.36 (compatible; Googlebot/2.1; +http://www.google.com/bot.html)"
66.249.74.35 - - [02/May/2025:15:04:54 -0400] "GET /?e=0243831458701&channel=eec776&from=info.php%3Fid%3D314587-2506%26name%3DNeumann+TLM+102+bk+%E3%82%B3%E3%83%B3%E3%83%87%E3%83%B3%E3%82%B5%E3%83%BC%E3%83%9E%E3%82%A4%E3%82%AF HTTP/1.1" 200 50763 "-" "Mozilla/5.0 (Linux; Android 6.0.1; Nexus 5X Build/MMB29P) AppleWebKit/537.36 (KHTML, like Gecko) Chrome/135.0.7049.95 Mobile Safari/537.36 (compatible; Googlebot/2.1; +http://www.google.com/bot.html)"
40.77.167.55 - - [02/May/2025:15:05:12 -0400] "GET /?e=4062169286201&channel=5a937b&from=shop.php%3Fid%3D692862-7316%26name%3DJ1576%EF%BC%83%E5%A5%87%E8%BF%B9%E8%8A%B1%E5%9B%AD%28%E6%B0%B4%E6%99%B6%29%E6%B5%AE%E5%85%89%E5%88%87%E3%82%8A%E5%A3%B2%E3%82%8A%E6%B5%B7%E5%A4%96%E4%BA%BA%E7%89%A9%E3%83%9E%E3%82%B9%E3%83%86%E5%A5%B3%E3%81%AE%E5%AD%90 HTTP/1.1" 200 0 "-" "Mozilla/5.0 AppleWebKit/537.36 (KHTML, like Gecko; compatible; bingbot/2.0; +http://www.bing.com/bingbot.htm) Chrome/116.0.1938.76 Safari/537.36"
40.77.167.55 - - [02/May/2025:15:05:13 -0400] "GET /?e=00879179291103&channel=3521b5&from=news.php%3Fid%3D1792911-16934%26name%3DNUSITOU+%E3%82%AD%E3%83%83%E3%82%AF%E3%83%89%E3%83%A9%E3%83%A0%E3%83%88%E3%83%AC%E3%83%BC%E3%83%8A%E3%83%BC+%E3%83%90%E3%82%B9%E3%83%89%E3%83%A9%E3%83%A0%E3%83%9E%E3%83%83%E3%83%88+%E3%83%89%E3%83%A9%E3%83%A0%E3%83%97%E3%83%AD%E3%83%86%E3%82%AF%E3%82%BF%E3%83%BC+%E3%83%90%E3%82%B9%E3%83%89%E3%83%A9%E3%83%A0%E3%81%AE%E3%83%9F%E3%83%A5%E3%83%BC%E3%83%88%E3%83%91%E3%83%83%E3%83%89+%E3%82%AD%E3%83%83%E3%82%AF%E3%83%89%E3%83%A9%E3%83%A0%E3%81%AE%E3%83%9F%E3%83%A5%E3%83%BC%E3%83%88%E3%83%91%E3%83%83 HTTP/1.1" 200 0 "-" "Mozilla/5.0 AppleWebKit/537.36 (KHTML, like Gecko; compatible; bingbot/2.0; +http://www.bing.com/bingbot.htm) Chrome/116.0.1938.76 Safari/537.36"
66.249.74.36 - - [02/May/2025:15:05:56 -0400] "GET /?e=7778915705506&channel=5dee58&from=brands.php%3Fid%3D157055-6188%26name%3D%E3%83%95%E3%83%A9%E3%83%B3%E3%82%AF%E3%83%BB%E3%83%9F%E3%83%A5%E3%83%A9%E3%83%BC+FRANCK+MULLER+%E3%83%88%E3%83%8E%E3%83%BC%E3%82%AB%E3%83%BC%E3%83%99%E3%83%83%E3%82%AF%E3%82%B9+1750S6+%E3%83%AC%E3%83%87%E3%82%A3%E3%83%BC%E3%82%B9+%E8%85%95%E6%99%82%E8%A8%88%E3%80%90%E4%B8%AD%E5%8F%A4%E3%80%91 HTTP/1.1" 200 51802 "-" "Mozilla/5.0 (Linux; Android 6.0.1; Nexus 5X Build/MMB29P) AppleWebKit/537.36 (KHTML, like Gecko) Chrome/135.0.7049.95 Mobile Safari/537.36 (compatible; Googlebot/2.1; +http://www.google.com/bot.html)"
66.249.74.36 - - [02/May/2025:15:06:14 -0400] "GET /?e=7441284456005&channel=27ecdb&from=category-info.php%3Fid%3D844560-12022%26name%3DWISHNYMPH+9%E3%83%94%E3%83%BC%E3%82%B9%2F%E3%82%BB%E3%83%83%E3%83%88+%E6%97%85%E8%A1%8C%E7%94%A8%E3%82%B9%E3%83%88%E3%83%AC%E3%83%BC%E3%82%B8%E3%83%90%E3%83%83%E3%82%B0+%E5%A4%A7%E5%AE%B9%E9%87%8F+%E3%82%B9%E3%83%BC%E3%83%84%E3%82%B1%E3%83%BC%E3%82%B9%E5%8F%8E%E7%B4%8D+%E8%8D%B7%E7%89%A9+%E8%A1%A3%E9%A1%9E%E5%88%86%E9%A1%9E+%E3%82%AA%E3%83%BC%E3%82%AC%E3%83%8A%E3%82%A4%E3%82%B6%E3%83%BC+%E3%83%9D%E3%83%BC%E3%83%81+%E3%82%B1%E3%83%BC HTTP/1.1" 200 51584 "-" "Mozilla/5.0 (Linux; Android 6.0.1; Nexus 5X Build/MMB29P) AppleWebKit/537.36 (KHTML, like Gecko) Chrome/135.0.7049.95 Mobile Safari/537.36 (compatible; Googlebot/2.1; +http://www.google.com/bot.html)"
40.77.167.25 - - [02/May/2025:15:06:26 -0400] "GET /?e=11784192090201&channel=806225&from=blog.php%3Fid%3D1920902-13112%26name%3D%E3%82%A2%E3%82%B7%E3%82%A2%E3%83%8A%E8%88%AA%E7%A9%BA+OZ+%E6%90%BA%E5%B8%AF%E3%82%AF%E3%83%AA%E3%83%BC%E3%83%8A%E3%83%BC+%E3%82%B9%E3%83%88%E3%83%A9%E3%83%83%E3%83%97 HTTP/1.1" 200 0 "-" "Mozilla/5.0 AppleWebKit/537.36 (KHTML, like Gecko; compatible; bingbot/2.0; +http://www.bing.com/bingbot.htm) Chrome/116.0.1938.76 Safari/537.36"
66.249.74.37 - - [02/May/2025:15:08:10 -0400] "GET /?e=71002168614504&channel=158fed&from=blog.php%3Fid%3D1686145-9489%26name%3D%E3%83%89%E3%83%A9%E3%82%A4%E3%83%93%E3%83%B3%E3%82%B0%E3%82%B7%E3%83%A5%E3%83%BC%E3%82%BA+++%E3%82%B0%E3%83%AC%E3%83%BC++++LL++++%E3%83%AC%E3%83%87%E3%82%A3%E3%83%BC%E3%82%B9 HTTP/1.1" 200 52126 "-" "Mozilla/5.0 (Linux; Android 6.0.1; Nexus 5X Build/MMB29P) AppleWebKit/537.36 (KHTML, like Gecko) Chrome/135.0.7049.95 Mobile Safari/537.36 (compatible; Googlebot/2.1; +http://www.google.com/bot.html)"
40.77.167.25 - - [02/May/2025:15:08:26 -0400] "GET /?e=32402197863802&channel=e2977e&from=info.php%3Fid%3D1978638-7875%26name%3D%E3%82%B9%E3%82%A6%E3%82%A7%E3%83%83%E3%83%88%E3%83%91%E3%83%B3%E3%83%84+%E3%83%AC%E3%83%87%E3%82%A3%E3%83%BC%E3%82%B9+-+%E3%83%AC%E3%83%87%E3%82%A3%E3%83%BC%E3%82%B9+%E5%A4%8F+%E3%83%8F%E3%82%A4%E3%82%A6%E3%82%A8%E3%82%B9%E3%83%88+%E3%82%B3%E3%83%83%E3%83%88%E3%83%B3+%E3%82%BF%E3%83%B3%E3%83%9D%E3%83%9D+%E3%83%97%E3%83%AA%E3%83%B3%E3%83%88+%E3%83%91%E3%83%B3%E3%83%84+%E3%83%97%E3%83%A9%E3%82%B9%E3%82%B5%E3%82%A4%E3%82%BA+%E3%82%B7%E3%83%A7%E3%83%BC%E3%83%84+%E3%83%AC%E3%83%BC%E3%82%B9 HTTP/1.1" 200 0 "-" "Mozilla/5.0 AppleWebKit/537.36 (KHTML, like Gecko; compatible; bingbot/2.0; +http://www.bing.com/bingbot.htm) Chrome/116.0.1938.76 Safari/537.36"
66.249.74.36 - - [02/May/2025:15:08:50 -0400] "GET /?e=3570914076003&channel=caa988&from=product.php%3Fid%3D140760-3421%26name%3DAVerMedia+LIVE+GAMER+PORTABLE+2PLUS HTTP/1.1" 200 52289 "-" "Mozilla/5.0 (Linux; Android 6.0.1; Nexus 5X Build/MMB29P) AppleWebKit/537.36 (KHTML, like Gecko) Chrome/135.0.7049.95 Mobile Safari/537.36 (compatible; Googlebot/2.1; +http://www.google.com/bot.html)"
66.249.74.37 - - [02/May/2025:15:09:13 -0400] "GET /?e=78300166034200&channel=3107e9&from=brands.php%3Fid%3D1660342-11887%26name%3D%E6%88%A6%E5%A0%B4%E3%81%AE%E3%83%B4%E3%82%A1%E3%83%AB%E3%82%AD%E3%83%A5%E3%83%AA%E3%82%A2 HTTP/1.1" 200 52063 "-" "Mozilla/5.0 (Linux; Android 6.0.1; Nexus 5X Build/MMB29P) AppleWebKit/537.36 (KHTML, like Gecko) Chrome/135.0.7049.95 Mobile Safari/537.36 (compatible; Googlebot/2.1; +http://www.google.com/bot.html)"
20.15.133.174 - - [02/May/2025:15:09:36 -0400] "GET /?e=8290279027100&channel=9d0733&from=info.php%3Fid%3D790271-11090%26name%3D%E6%98%A0%E7%94%BB+%E4%BA%94%E7%AD%89%E5%88%86%E3%81%AE%E8%8A%B1%E5%AB%81%E3%83%95%E3%82%A3%E3%83%AB%E3%83%A0+%E4%B8%89%E7%8E%96 HTTP/1.1" 200 0 "-" "Mozilla/5.0 AppleWebKit/537.36 (KHTML, like Gecko; compatible; bingbot/2.0; +http://www.bing.com/bingbot.htm) Chrome/116.0.1938.76 Safari/537.36"
66.249.74.35 - - [02/May/2025:15:09:48 -0400] "GET /?e=2291791736604&channel=79cbf5&from=product.php%3Fid%3D917366-12189%26name%3DGUOOL+3x+%E6%9C%A8%E8%A3%BD%E3%83%93%E3%82%B8%E3%83%BC%E3%80%81%E3%83%95%E3%82%A1%E3%82%A4%E3%83%B3%E3%83%A2%E3%83%BC%E3%82%BF%E3%83%BC%E3%82%B9%E3%82%AD%E3%83%AB%E3%80%81DIY%E3%82%A2%E3%82%AF%E3%82%BB%E3%82%B5%E3%83%AA%E3%83%BC%E7%B4%A0%E6%9D%90%E3%80%81%E5%AD%A6%E7%BF%92%E6%B4%BB%E5%8B%95%E3%81%8A%E3%82%82%E3%81%A1%E3%82%83%E3%80%81%E6%84%9F%E8%A6%9A%E3%80%81%E3%82%B2%E3%83%BC%E3%83%A0%E3%80%81%E3%82%A2%E3%82%AF%E3%83%86%E3%82%A3%E3%83%93%E3%83%86%E3%82%A3%E3%80%81%E6%97%85%E8%A1%8C%E7%94%A8 HTTP/1.1" 200 51940 "-" "Mozilla/5.0 (Linux; Android 6.0.1; Nexus 5X Build/MMB29P) AppleWebKit/537.36 (KHTML, like Gecko) Chrome/135.0.7049.95 Mobile Safari/537.36 (compatible; Googlebot/2.1; +http://www.google.com/bot.html)"
20.15.133.174 - - [02/May/2025:15:10:16 -0400] "GET /?e=35781545802&channel=265552&from=goods.php%3Fid%3D5458-216%26name%3DBOTTEGA+VENETA+%E3%83%88%E3%83%A9%E3%82%A4%E3%82%A2%E3%83%B3%E3%82%B0%E3%83%AB%E3%82%AD%E3%83%BC%E3%83%AA%E3%83%B3%E3%82%B0+%E3%83%96%E3%83%A9%E3%83%83%E3%82%AF HTTP/1.1" 200 0 "-" "Mozilla/5.0 AppleWebKit/537.36 (KHTML, like Gecko; compatible; bingbot/2.0; +http://www.bing.com/bingbot.htm) Chrome/116.0.1938.76 Safari/537.36"
66.249.74.36 - - [02/May/2025:15:11:02 -0400] "GET /?e=0725046421905&channel=329576&from=category-info.php%3Fid%3D464219-3154%26name%3D%E5%8F%96%E4%BB%98%E7%84%A1%E6%96%99%EF%BC%81%E6%9C%AB%E6%AC%A1%E5%AE%B6%E5%85%B7%E5%B7%A5%E8%8A%B8+FLEX120+%E5%8C%97%E6%AC%A7%E9%A2%A8%E3%83%8A%E3%83%81%E3%83%A5%E3%83%A9%E3%83%AB%E3%82%AD%E3%83%83%E3%83%81%E3%83%B3%E3%83%9C%E3%83%BC%E3%83%89+%E9%A3%9F%E5%99%A8%E6%A3%9A%E2%9C%A8 HTTP/1.1" 200 51451 "-" "Mozilla/5.0 (Linux; Android 6.0.1; Nexus 5X Build/MMB29P) AppleWebKit/537.36 (KHTML, like Gecko) Chrome/135.0.7049.95 Mobile Safari/537.36 (compatible; Googlebot/2.1; +http://www.google.com/bot.html)"
52.167.144.174 - - [02/May/2025:15:11:18 -0400] "GET /?e=09162107117703&channel=c987c5&from=news.php%3Fid%3D1071177-6605%26name%3D%E4%B8%8D%E7%B9%94%E5%B8%83%E4%BD%BF%E3%81%84%E3%81%8D%E3%82%8A%E3%83%98%E3%82%A2%E3%82%AD%E3%83%A3%E3%83%83%E3%83%97+30%E6%9E%9A+%E4%BB%8B%E8%AD%B7%E7%A6%8F%E7%A5%89%E5%8C%BB%E7%99%82%E7%94%A8%E3%80%80%E9%9D%92%E8%89%B2+%E3%83%81%E3%83%A3%E3%83%83%E3%82%AF%E4%BB%98%E3%81%8D%E8%A2%8B%E5%85%A5%E3%82%8A HTTP/1.1" 200 0 "-" "Mozilla/5.0 AppleWebKit/537.36 (KHTML, like Gecko; compatible; bingbot/2.0; +http://www.bing.com/bingbot.htm) Chrome/116.0.1938.76 Safari/537.36"
66.249.74.36 - - [02/May/2025:15:11:19 -0400] "GET /?e=4298733341705&channel=3f3707&from=article.php%3Fid%3D333417-10272%26name%3DMacintosh+Rain+boots39%E9%BB%92 HTTP/1.1" 200 50922 "-" "Mozilla/5.0 (Linux; Android 6.0.1; Nexus 5X Build/MMB29P) AppleWebKit/537.36 (KHTML, like Gecko) Chrome/135.0.7049.95 Mobile Safari/537.36 (compatible; Googlebot/2.1; +http://www.google.com/bot.html)"
66.249.74.35 - - [02/May/2025:15:11:53 -0400] "GET /?e=4098532203505&channel=1e6fc2&from=jp.php%3Fid%3D322035-5681%26name%3DZARBAILRE+%E3%82%BF%E3%83%BC%E3%83%97+%E9%AB%98%E8%80%90%E4%B9%85+3.3x33%E3%83%95%E3%82%A3%E3%83%BC%E3%83%88+PVC%E3%82%BF%E3%83%BC%E3%83%9D%E3%83%AA%E3%83%B3%E3%82%AF%E3%83%AD%E3%82%B9+%E5%A4%9A%E7%9B%AE%E7%9A%84%E4%BF%9D%E8%AD%B7%E3%82%BF%E3%83%BC%E3%83%9D%E3%83%AA%E3%83%B3+%E9%AB%98%E8%80%90%E4%B9%85+%E9%98%B2%E6%B0%B4+%E9%AB%98%E9%9D%AD%E6%80%A7+%E3%83%9B%E3%83%BC%E3%83%A0 HTTP/1.1" 200 53321 "-" "Mozilla/5.0 (Linux; Android 6.0.1; Nexus 5X Build/MMB29P) AppleWebKit/537.36 (KHTML, like Gecko) Chrome/135.0.7049.95 Mobile Safari/537.36 (compatible; Googlebot/2.1; +http://www.google.com/bot.html)"
66.249.74.36 - - [02/May/2025:15:12:09 -0400] "GET /?e=04131162659100&channel=780d59&from=shared.php%3Fid%3D1626591-481%26name%3Dnori%E6%A8%A3 HTTP/1.1" 200 52022 "-" "Mozilla/5.0 (Linux; Android 6.0.1; Nexus 5X Build/MMB29P) AppleWebKit/537.36 (KHTML, like Gecko) Chrome/135.0.7049.95 Mobile Safari/537.36 (compatible; Googlebot/2.1; +http://www.google.com/bot.html)"
20.15.133.174 - - [02/May/2025:15:12:10 -0400] "GET /?e=07262146510603&channel=11d80f&from=form.php%3Fid%3D1465106-18338%26name%3D%E3%83%94%E3%83%B3%E3%82%AF%E3%80%80%E3%83%8F%E3%83%BC%E3%83%88%E3%80%80%E3%83%9E%E3%82%B0%E3%83%8D%E3%83%83%E3%83%88%E3%80%80%E3%83%8D%E3%82%A4%E3%83%AB%E3%83%81%E3%83%83%E3%83%97%E3%80%80%E3%81%A1%E3%82%85%E3%82%8B%E3%82%93%E3%80%805%E3%83%9F%E3%82%AF%E3%83%AD%E3%83%B3%E3%80%80%E3%82%AD%E3%83%A9%E3%82%AD%E3%83%A9 HTTP/1.1" 200 0 "-" "Mozilla/5.0 AppleWebKit/537.36 (KHTML, like Gecko; compatible; bingbot/2.0; +http://www.bing.com/bingbot.htm) Chrome/116.0.1938.76 Safari/537.36"
66.249.74.36 - - [02/May/2025:15:12:18 -0400] "GET /?e=75352125571805&channel=60cbe9&from=info.php%3Fid%3D1255718-796%26name%3D%E8%83%A1%E9%BA%BB%E7%AE%B8%E3%80%80%E8%83%A1%E9%BA%BB%E7%AB%B9%E7%AE%B8%E3%80%80%E8%8F%93%E5%AD%90%E7%94%A8%E7%AE%B8%E3%80%80%E5%8F%96%E3%82%8A%E7%AE%B8%E3%80%80%E8%8C%B6%E9%81%93%E5%85%B7 HTTP/1.1" 200 50501 "-" "Mozilla/5.0 (Linux; Android 6.0.1; Nexus 5X Build/MMB29P) AppleWebKit/537.36 (KHTML, like Gecko) Chrome/135.0.7049.95 Mobile Safari/537.36 (compatible; Googlebot/2.1; +http://www.google.com/bot.html)"
20.15.133.174 - - [02/May/2025:15:12:36 -0400] "GET /?e=19705165538404&channel=ceaeb5&from=category-info.php%3Fid%3D1655384-7540%26name%3D%E6%89%8B%E6%8C%81%E3%81%A1%E3%83%AB%E3%83%BC%E3%83%9A+%E6%8B%A1%E5%A4%A7%E9%8F%A1+%E8%99%AB%E7%9C%BC%E9%8F%A1+%E6%8B%A1%E5%A4%A7%E3%83%AC%E3%83%B3%E3%82%BA HTTP/1.1" 200 0 "-" "Mozilla/5.0 AppleWebKit/537.36 (KHTML, like Gecko; compatible; bingbot/2.0; +http://www.bing.com/bingbot.htm) Chrome/116.0.1938.76 Safari/537.36"
20.15.133.174 - - [02/May/2025:15:12:38 -0400] "GET /?e=7970087757805&channel=f8ed4a&from=shared.php%3Fid%3D877578-7416%26name%3D%E3%83%8D%E3%82%AF%E3%82%BF%E3%82%A4%E3%83%94%E3%83%B3+2%E6%9E%9A%E3%82%BB%E3%83%83%E3%83%88+%E5%A5%88%E8%89%AF%E7%BE%8E%E6%99%BA+%E3%82%BF%E3%82%A4%E3%83%94%E3%83%B3+%E3%83%A1%E3%83%B3%E3%82%BA+%E3%82%BF%E3%82%A4%E3%82%AF%E3%83%AA%E3%83%83%E3%83%97+%E3%83%8D%E3%82%AF%E3%82%BF%E3%82%A4+%E3%83%94%E3%83%B3+%E9%AB%98%E7%B4%9A+%E9%8A%85%E8%A3%BD%E5%93%81+%E3%82%B7%E3%83%AB%E3%83%90%E3%83%BC+%E3%83%95%E3%82%A1%E3%83%83%E3%82%B7%E3%83%A7%E3%83%B3+%E3%82%A2%E3%82%AF%E3%82%BB%E3%82%B5%E3%83%AA HTTP/1.1" 200 0 "-" "Mozilla/5.0 AppleWebKit/537.36 (KHTML, like Gecko; compatible; bingbot/2.0; +http://www.bing.com/bingbot.htm) Chrome/116.0.1938.76 Safari/537.36"
66.249.74.37 - - [02/May/2025:15:13:09 -0400] "GET /?e=9740082855806&channel=c38b6f&from=form.php%3Fid%3D828558-3296%26name%3D%E3%80%90%E5%8B%95%E4%BD%9C%E7%A2%BA%E8%AA%8D%E3%83%BB%E5%88%9D%E6%9C%9F%E5%8C%96%E6%B8%88%E3%81%BF%E3%80%91%E3%82%AD%E3%83%A5%E3%83%AA%E3%82%AA%E3%83%AD%E3%83%83%E3%82%AF+Qrio+Lock+Q-SL2 HTTP/1.1" 200 52063 "-" "Mozilla/5.0 (Linux; Android 6.0.1; Nexus 5X Build/MMB29P) AppleWebKit/537.36 (KHTML, like Gecko) Chrome/135.0.7049.95 Mobile Safari/537.36 (compatible; Googlebot/2.1; +http://www.google.com/bot.html)"
66.249.74.35 - - [02/May/2025:15:14:26 -0400] "GET /?e=2421790463004&channel=64a1ca&from=pin.php%3Fid%3D904630-1821%26name%3D%E3%82%AF%E3%83%AD%E3%83%8E%E3%82%AF%E3%83%AD%E3%82%B9 HTTP/1.1" 200 52603 "-" "Mozilla/5.0 (Linux; Android 6.0.1; Nexus 5X Build/MMB29P) AppleWebKit/537.36 (KHTML, like Gecko) Chrome/135.0.7049.95 Mobile Safari/537.36 (compatible; Googlebot/2.1; +http://www.google.com/bot.html)"
66.249.74.35 - - [02/May/2025:15:14:57 -0400] "GET /?e=9287965418001&channel=691923&from=brands.php%3Fid%3D654180-3660%26name%3D%E3%82%AD%E3%83%B3%E3%82%B1%E3%82%B7%E3%83%97%E3%83%AC%E3%83%9F%E3%82%A2%E3%83%A08+%E3%83%AB%E3%83%8A%E3%82%A4%E3%83%88+%E3%83%9A%E3%83%BC%E3%83%AB%E3%82%AA%E3%83%AC%E3%83%B3%E3%82%B8+%E6%9C%AA+%E3%82%AD%E3%83%B3%E8%82%89%E3%83%9E%E3%83%B3%E6%B6%88%E3%81%97%E3%82%B4%E3%83%A0+%E3%83%95%E3%82%A3%E3%82%AE%E3%83%A5%E3%82%A2+%E3%82%AD%E3%83%B3%E6%B6%88%E3%81%97 HTTP/1.1" 200 52451 "-" "Mozilla/5.0 (Linux; Android 6.0.1; Nexus 5X Build/MMB29P) AppleWebKit/537.36 (KHTML, like Gecko) Chrome/135.0.7049.95 Mobile Safari/537.36 (compatible; Googlebot/2.1; +http://www.google.com/bot.html)"
66.249.74.37 - - [02/May/2025:15:15:32 -0400] "GET /?e=7528476094604&channel=c7d94f&from=brands.php%3Fid%3D760946-16763%26name%3DOSTsauY+%E9%9F%B3%E9%9F%BF%E3%83%95%E3%82%A9%E3%83%BC%E3%83%A0+%E9%9F%B3%E9%9F%BF%E3%83%95%E3%82%A9%E3%83%BC%E3%83%A0%E3%83%91%E3%83%8D%E3%83%AB%E3%80%81%E9%9F%B3%E9%9F%BF%E3%82%A6%E3%82%A7%E3%83%83%E3%82%B8%E3%83%95%E3%82%A9%E3%83%BC%E3%83%A0%E3%83%91%E3%83%8D%E3%83%AB%E3%80%81%E8%87%AA%E5%B7%B1%E6%8E%A5%E7%9D%80%E9%98%B2%E9%9F%B3%E5%A3%81%E3%83%91%E3%83%8D%E3%83%AB%E3%80%81%E5%A4%A9%E4%BA%95%E9%98%B2%E9%9F%B3%E3%83%91%E3%83%83%E3%83%89+%E9%9F%B3%E9%9F%BF%E3%83%91%E3%83%8D%E3%83%AB%2830 HTTP/1.1" 200 51635 "-" "Mozilla/5.0 (Linux; Android 6.0.1; Nexus 5X Build/MMB29P) AppleWebKit/537.36 (KHTML, like Gecko) Chrome/135.0.7049.95 Mobile Safari/537.36 (compatible; Googlebot/2.1; +http://www.google.com/bot.html)"
52.167.144.210 - - [02/May/2025:15:16:57 -0400] "GET /?e=69279139709307&channel=a4e926&from=pin.php%3Fid%3D1397093-10604%26name%3D%E7%94%9F%E7%94%A3%E7%B5%82%E4%BA%86%E5%93%81%E3%80%80%E6%96%B0%E5%93%81%E6%9C%AA%E4%BD%BF%E7%94%A8%E3%80%80HITACHI%E3%80%80%E5%85%89%E8%A7%A6%E5%AA%92%E8%86%9C%E4%BB%98%E3%81%8D%E8%9B%8D%E5%85%89%E3%83%A9%E3%83%B3%E3%83%97%E3%80%8030%E5%BD%A25%E6%9C%AC%E3%82%BB%E3%83%83%E3%83%88 HTTP/1.1" 200 0 "-" "Mozilla/5.0 AppleWebKit/537.36 (KHTML, like Gecko; compatible; bingbot/2.0; +http://www.bing.com/bingbot.htm) Chrome/116.0.1938.76 Safari/537.36"
66.249.74.35 - - [02/May/2025:15:17:47 -0400] "GET /?e=910927957600&channel=92b794&from=pin.php%3Fid%3D79576-3776%26name%3D%E3%80%90DAIWA%2F%E3%83%80%E3%82%A4%E3%83%AF%E3%80%91%E9%8A%80%E7%8B%BC%E7%8E%8B%E7%89%99+AGS+1-50SMT%E3%83%BBR+%E3%83%AD%E3%83%83%E3%83%89+%E7%AB%BF++%E7%A3%AF%E7%AB%BF+%28314053%29+GINRO+OHGA+AGS HTTP/1.1" 200 52132 "-" "Mozilla/5.0 (Linux; Android 6.0.1; Nexus 5X Build/MMB29P) AppleWebKit/537.36 (KHTML, like Gecko) Chrome/135.0.7049.95 Mobile Safari/537.36 (compatible; Googlebot/2.1; +http://www.google.com/bot.html)"
20.15.133.174 - - [02/May/2025:15:17:52 -0400] "GET /?e=9944721175006&channel=37f0ac&from=product.php%3Fid%3D211750-7409%26name%3D%5B%E3%82%AB%E3%83%B3%E3%82%B4%E3%83%BC%E3%83%AB%5D+%E3%83%8F%E3%83%83%E3%83%88+WOOL+MOWBRAY+%E3%82%A6%E3%83%BC%E3%83%AB+%E3%83%A2%E3%82%A6%E3%83%96%E3%83%AC%E3%82%A4 HTTP/1.1" 200 0 "-" "Mozilla/5.0 AppleWebKit/537.36 (KHTML, like Gecko; compatible; bingbot/2.0; +http://www.bing.com/bingbot.htm) Chrome/116.0.1938.76 Safari/537.36"
52.191.52.123 - - [02/May/2025:15:18:08 -0400] "GET /wp-content/uploads/2023/12/mufair-3024.jpg HTTP/1.1" 200 0 "-" "Mozilla/5.0 (Windows NT 10.0; Win64; x64) AppleWebKit/537.36 (KHTML, like Gecko) Chrome/109.0.0.0 Safari/537.36"
52.191.52.123 - - [02/May/2025:15:18:21 -0400] "GET /wp-content/uploads/2023/12/mufair-3024.jpg HTTP/1.1" 200 0 "-" "Mozilla/5.0 (Windows NT 10.0; Win64; x64) AppleWebKit/537.36 (KHTML, like Gecko) Chrome/109.0.0.0 Safari/537.36"
52.191.52.123 - - [02/May/2025:15:18:22 -0400] "GET /wp-content/uploads/2023/12/mufair-3024.jpg HTTP/1.1" 200 0 "-" "Mozilla/5.0 (Windows NT 10.0; Win64; x64) AppleWebKit/537.36 (KHTML, like Gecko) Chrome/109.0.0.0 Safari/537.36"
66.249.74.35 - - [02/May/2025:15:18:24 -0400] "GET /?e=31009152287601&channel=0ed93a&from=shared.php%3Fid%3D1522876-6395%26name%3D%E3%80%87%E3%83%AD%E3%83%83%E3%82%AF%E3%83%9E%E3%83%B3%EF%BC%86%E3%83%95%E3%82%A9%E3%83%AB%E3%83%86%E3%80%80%E3%82%B9%E3%83%BC%E3%83%91%E3%83%BC%E3%83%95%E3%82%A1%E3%83%9F%E3%82%B3%E3%83%B3%E3%80%80%E3%82%BD%E3%83%95%E3%83%88%E3%81%AE%E3%81%BF%E3%80%80%E3%82%AB%E3%83%97%E3%82%B3%E3%83%B3%E3%80%80SHVC-P-AR6J%E3%80%80%E2%98%85%E3%83%81%E3%83%A3%E3%83%AC%E3%83%B3%E3%83%93%E3%83%BC HTTP/1.1" 200 51360 "-" "Mozilla/5.0 (Linux; Android 6.0.1; Nexus 5X Build/MMB29P) AppleWebKit/537.36 (KHTML, like Gecko) Chrome/135.0.7049.95 Mobile Safari/537.36 (compatible; Googlebot/2.1; +http://www.google.com/bot.html)"
66.249.74.36 - - [02/May/2025:15:20:34 -0400] "GET /?e=0758531180407&channel=87810a&from=news.php%3Fid%3D311804-9563%26name%3D%E5%85%85%E9%9B%BB%E5%BC%8F%E3%83%90%E3%83%83%E3%83%86%E3%83%AA%E3%83%BC%E6%90%AD%E8%BC%8910.5%E3%82%A4%E3%83%B3%E3%83%81%E3%83%9D%E3%83%BC%E3%82%BF%E3%83%96%E3%83%ABDVD%E3%83%97%E3%83%AC%E3%83%BC%E3%83%A4%E3%83%BC HTTP/1.1" 200 51959 "-" "Mozilla/5.0 (Linux; Android 6.0.1; Nexus 5X Build/MMB29P) AppleWebKit/537.36 (KHTML, like Gecko) Chrome/135.0.7049.95 Mobile Safari/537.36 (compatible; Googlebot/2.1; +http://www.google.com/bot.html)"
144.91.119.115 - - [02/May/2025:15:21:37 -0400] "GET /wp-content/themes/hello_dolly_v2.php HTTP/1.1" 200 0 "www.google.com" "Mozilla/5.0 (Linux; Android 7.0; SM-G892A Build/NRD90M; wv) AppleWebKit/537.36 (KHTML, like Gecko) Version/4.0 Chrome/60.0.3112.107 Mobile Safari/537.36"
66.249.74.35 - - [02/May/2025:15:22:03 -0400] "GET /?e=9328129938603&channel=731016&from=product.php%3Fid%3D299386-9654%26name%3D%E5%B8%8C%E5%B0%91%E2%80%BC%EF%B8%8F%E3%80%90%E3%83%90%E3%83%83%E3%82%B0%E4%BB%98%E3%80%91%E3%82%B3%E3%83%BC%E3%83%AB%E3%83%9E%E3%83%B3%E3%80%80%E3%83%84%E3%83%BC%E3%83%90%E3%83%BC%E3%83%8A%E3%83%BC%E3%80%80%E3%82%A4%E3%83%B3%E3%83%87%E3%82%A3%E3%82%B4%E3%83%AC%E3%83%BC%E3%83%99%E3%83%AB%E3%80%80%E3%83%A2%E3%83%B3%E3%83%AD%E3%80%80%E3%82%B3%E3%83%B3%E3%83%AD HTTP/1.1" 200 51511 "-" "Mozilla/5.0 (Linux; Android 6.0.1; Nexus 5X Build/MMB29P) AppleWebKit/537.36 (KHTML, like Gecko) Chrome/135.0.7049.95 Mobile Safari/537.36 (compatible; Googlebot/2.1; +http://www.google.com/bot.html)"
20.15.133.174 - - [02/May/2025:15:22:22 -0400] "GET /?e=0885866388514&channel=fc338c&from=shop.php%3Fid%3D663885-14724%26name%3DC065%E3%80%80%E3%82%A2%E3%83%B3%E3%83%90%E3%82%B5%E3%83%80%E3%83%BC+4500cs%E3%80%80%E3%83%8A%E3%83%B3%E3%83%90%E3%83%BC%E3%80%80070007%E3%80%80%E3%83%95%E3%82%A3%E3%83%83%E3%82%B7%E3%83%B3%E3%82%B0%E3%83%AA%E3%83%BC%E3%83%AB HTTP/1.1" 200 0 "-" "Mozilla/5.0 AppleWebKit/537.36 (KHTML, like Gecko; compatible; bingbot/2.0; +http://www.bing.com/bingbot.htm) Chrome/116.0.1938.76 Safari/537.36"
52.167.144.210 - - [02/May/2025:15:22:37 -0400] "GET /?e=20714119116400&channel=876404&from=goods.php%3Fid%3D1191164-4370%26name%3D%E3%82%B0%E3%83%AC%E3%83%B3%E3%83%A2%E3%83%BC%E3%83%AC%E3%83%B3%E3%82%B8+%E3%82%B6%E3%83%BB%E3%83%8D%E3%82%AF%E3%82%BF%E3%83%BC+16%E5%B9%B4+700ml%5B%E3%82%AE%E3%83%95%E3%83%88Box%E5%85%A5%E3%82%8A%5D%3Cbr%3E%E3%82%AE%E3%83%95%E3%83%88+%E5%BE%A1%E7%A5%9D+%E7%86%A8%E6%96%97 HTTP/1.1" 200 0 "-" "Mozilla/5.0 AppleWebKit/537.36 (KHTML, like Gecko; compatible; bingbot/2.0; +http://www.bing.com/bingbot.htm) Chrome/116.0.1938.76 Safari/537.36"
40.77.167.33 - - [02/May/2025:15:22:42 -0400] "GET /?e=74370112611301&channel=7fb80f&from=shop.php%3Fid%3D1126113-6564%26name%3D%5B%E3%82%A6%E3%82%A4%E3%83%B3%E3%82%B0%2F%E3%83%AF%E3%82%B3%E3%83%BC%E3%83%AB%5D+%E3%82%B8%E3%83%A5%E3%83%8B%E3%82%A2+%E3%82%B7%E3%83%A7%E3%83%BC%E3%83%84+Wing+Teen+%E3%81%8A%E3%81%97%E3%82%8A%E3%81%AB%E3%81%8F%E3%81%84%E3%81%93%E3%81%BF%E3%81%AB%E3%81%8F%E3%81%84+%E3%82%BA%E3%83%AC%E4%B8%8A%E3%81%8C%E3%82%8A%E3%81%AB%E3%81%8F%E3%81%84%28%E8%A3%BE%29+%E3%80%90non%21PK%E3%83%91%E3%83%B3%E3%83%84 HTTP/1.1" 200 0 "-" "Mozilla/5.0 AppleWebKit/537.36 (KHTML, like Gecko; compatible; bingbot/2.0; +http://www.bing.com/bingbot.htm) Chrome/116.0.1938.76 Safari/537.36"
66.249.74.35 - - [02/May/2025:15:22:53 -0400] "GET /?e=79309104231304&channel=c8b8e3&from=pin.php%3Fid%3D1042313-4224%26name%3D%E3%83%A1%E3%83%B3%E3%82%BA+%E3%82%AB%E3%83%95%E3%83%AA%E3%83%B3%E3%82%AF%E3%82%B9%E3%80%81%E3%82%B7%E3%83%A3%E3%83%84+%E3%82%AB%E3%83%95%E3%83%AA%E3%83%B3%E3%82%AF%E3%82%B9+%E3%83%96%E3%83%A9%E3%83%83%E3%82%AF%E3%80%81%E3%83%A1%E3%83%AA%E3%83%BC%E3%82%AF%E3%83%AA%E3%82%B9%E3%83%9E%E3%82%B9%E3%83%84%E3%83%AA%E3%83%BC%E3%82%B9%E3%83%8E%E3%83%BC%E3%83%95%E3%83%AC%E3%83%BC%E3%82%AF%E3%80%81%E3%82%BB%E3%83%AC%E3%83%A2%E3%83%8B%E3%83%BC%E7%94%A8%E3%80%81%E7%B5%90%E5%A9%9A%E5%BC%8F%E7%94%A8%E3%81%AE%E3%82%B9%E3%83%86%E3%83%B3%E3%83%AC%E3%82%B9%E3%82%B9%E3%83%81%E3%83%BC HTTP/1.1" 200 52765 "-" "Mozilla/5.0 (Linux; Android 6.0.1; Nexus 5X Build/MMB29P) AppleWebKit/537.36 (KHTML, like Gecko) Chrome/135.0.7049.95 Mobile Safari/537.36 (compatible; Googlebot/2.1; +http://www.google.com/bot.html)"
66.249.74.36 - - [02/May/2025:15:23:53 -0400] "GET /?e=2517886316100&channel=7ed0cc&from=goods.php%3Fid%3D863161-4066%26name%3DZerodeko+20+%E5%80%8B+%E6%BA%B6%E6%8E%A5+%E3%83%98%E3%83%AB%E3%83%A1%E3%83%83%E3%83%88+%E3%83%AC%E3%83%B3%E3%82%BA+%E6%BA%B6%E6%8E%A5+%E3%82%AA%E3%83%BC%E3%83%88+%E3%82%B7%E3%82%A7%E3%83%BC%E3%83%89+%E3%83%AC%E3%83%B3%E3%82%BA+%E6%BA%B6%E6%8E%A5+%E3%83%AC%E3%83%B3%E3%82%BA+%E4%BA%A4%E6%8F%9B+%E6%BA%B6%E6%8E%A5+%E3%82%AB%E3%83%90%E3%83%BC+%E3%83%AC%E3%83%B3%E3%82%BA+%E6%BA%B6%E6%8E%A5 HTTP/1.1" 200 52047 "-" "Mozilla/5.0 (Linux; Android 6.0.1; Nexus 5X Build/MMB29P) AppleWebKit/537.36 (KHTML, like Gecko) Chrome/135.0.7049.95 Mobile Safari/537.36 (compatible; Googlebot/2.1; +http://www.google.com/bot.html)"
20.15.133.191 - - [02/May/2025:15:24:07 -0400] "GET /?e=0798847925402&channel=7986ec&from=article.php%3Fid%3D479254-12849%26name%3D%E3%80%90%E5%8C%BF%E5%90%8D%E9%85%8D%E9%80%81%E3%80%91%E3%83%B4%E3%82%A1%E3%82%A4%E3%82%B9+%E3%83%96%E3%83%A9%E3%82%A6%E3%82%B5%E3%83%9E%E3%83%BC+%E3%83%92%E3%83%AD+SSP HTTP/1.1" 200 0 "-" "Mozilla/5.0 AppleWebKit/537.36 (KHTML, like Gecko; compatible; bingbot/2.0; +http://www.bing.com/bingbot.htm) Chrome/116.0.1938.76 Safari/537.36"
40.77.167.144 - - [02/May/2025:15:25:47 -0400] "GET /?e=19220113205001&channel=5ff763&from=article.php%3Fid%3D1132050-7636%26name%3D%E5%8C%BB%E5%AD%A6%E9%83%A8%E3%81%B8%E3%81%AE%E5%8C%96%E5%AD%A6+%E5%8C%BB%E5%AD%A6%E9%83%A8%E4%BA%88%E5%82%99%E6%A0%A1%E3%82%A6%E3%82%A4%E3%83%B3%E3%83%80%E3%83%A0 HTTP/1.1" 200 0 "-" "Mozilla/5.0 AppleWebKit/537.36 (KHTML, like Gecko; compatible; bingbot/2.0; +http://www.bing.com/bingbot.htm) Chrome/116.0.1938.76 Safari/537.36"
66.249.74.37 - - [02/May/2025:15:26:01 -0400] "GET /?e=3187328013302&channel=733993&from=article.php%3Fid%3D280133-6722%26name%3DTOSHIBA%E6%B4%97%E6%BF%AF%E6%A9%9F%E3%82%A6%E3%83%AB%E3%83%88%E3%83%A9%E3%83%95%E3%82%A1%E3%82%A4%E3%83%B3%E3%83%90%E3%83%96%E3%83%AB2023%E5%B9%B4%E8%A3%BD%E3%80%80%E7%BE%8E%E5%93%81 HTTP/1.1" 200 52048 "-" "Mozilla/5.0 (Linux; Android 6.0.1; Nexus 5X Build/MMB29P) AppleWebKit/537.36 (KHTML, like Gecko) Chrome/135.0.7049.95 Mobile Safari/537.36 (compatible; Googlebot/2.1; +http://www.google.com/bot.html)"
52.167.144.204 - - [02/May/2025:15:26:17 -0400] "GET /?e=91049107371201&channel=2cf5d6&from=jp.php%3Fid%3D1073712-5587%26name%3DDR-16%E3%80%80%E3%83%AA%E3%82%A2%E3%83%89%E3%83%A9%E3%82%A4%E3%83%96%E3%83%AC%E3%82%B3%E3%83%BC%E3%83%80%E3%83%BC%E3%80%80%E3%83%9E%E3%83%AB%E3%83%81%E3%82%B9%E3%83%86%E3%83%BC HTTP/1.1" 200 0 "-" "Mozilla/5.0 AppleWebKit/537.36 (KHTML, like Gecko; compatible; bingbot/2.0; +http://www.bing.com/bingbot.htm) Chrome/116.0.1938.76 Safari/537.36"
40.77.167.144 - - [02/May/2025:15:26:26 -0400] "GET /?e=1811523331601&channel=2f026a&from=news.php%3Fid%3D233316-7996%26name%3D%E3%82%AD%E3%83%A3%E3%83%B3%E3%83%97%E7%94%A8%E3%83%88%E3%83%AD%E3%83%AA%E3%83%BC+%E3%83%93%E3%83%BC%E3%83%81%E7%94%A8%E3%83%88%E3%83%AD%E3%83%AA%E3%83%BC+%E6%8A%98%E3%82%8A%E3%81%9F%E3%81%9F%E3%81%BF%E5%BC%8F%E3%83%A6%E3%83%BC%E3%83%86%E3%82%A3%E3%83%AA%E3%83%86%E3%82%A3%E3%83%AF%E3%82%B4%E3%83%B3+%E3%82%AC%E3%83%BC%E3%83%87%E3%83%B3+%E3%82%A2%E3%82%A6%E3%83%88%E3%83%89%E3%82%A2%E7%94%A8%E3%83%A6%E3%83%BC%E3%83%86%E3%82%A3%E3%83%AA%E3%83%86%E3%82%A3%E3%83%AF%E3%82%B4%E3%83%B3+%E3%83%94%E3%82%AF%E3%83%8B%E3%83%83%E3%82%AF+%E3%82%AD%E3%83%A3 HTTP/1.1" 200 0 "-" "Mozilla/5.0 AppleWebKit/537.36 (KHTML, like Gecko; compatible; bingbot/2.0; +http://www.bing.com/bingbot.htm) Chrome/116.0.1938.76 Safari/537.36"
40.77.167.33 - - [02/May/2025:15:26:30 -0400] "GET /?e=2683562646502&channel=f2edb8&from=blog.php%3Fid%3D626465-204%26name%3D%E3%81%8A%E8%B2%B7%E3%81%84%E5%BE%97%E5%93%81%EF%BC%81%E3%80%90%E4%B8%AD%E5%8F%A4%E3%82%B4%E3%83%AB%E3%83%95%E3%82%AF%E3%83%A9%E3%83%96%E3%80%91%E3%83%95%E3%82%B8%E3%82%AF%E3%83%A9+%E3%82%B7%E3%83%A3%E3%83%95%E3%83%88%E5%8D%98%E5%93%81+%28%E3%83%86%E3%83%BC%E3%83%A9%E3%83%BC%E3%83%A1%E3%82%A4%E3%83%89+%E3%82%B9%E3%83%AA%E3%83%BC%E3%83%96%E4%BB%98%29+Motore+Speeder+661+%E3%82%A8%E3%83%9C%E3%83%AA%E3%83%A5%E3%83%BC%E3%82%B7%E3%83%A7%E3%83%B36+1W%E3%80%9014%E6%97%A5%E9%96%93%E8%BF%94%E5%93%81OK%E3%80%91 HTTP/1.1" 200 0 "-" "Mozilla/5.0 AppleWebKit/537.36 (KHTML, like Gecko; compatible; bingbot/2.0; +http://www.bing.com/bingbot.htm) Chrome/116.0.1938.76 Safari/537.36"
66.249.74.36 - - [02/May/2025:15:26:45 -0400] "GET /?e=7839741044801&channel=424ccb&from=goods.php%3Fid%3D410448-11682%26name%3DScuba+Max+3+mm%E3%82%B7%E3%83%A7%E3%83%BC%E3%83%88%E3%83%96%E3%83%BC%E3%83%84 HTTP/1.1" 200 51775 "-" "Mozilla/5.0 (Linux; Android 6.0.1; Nexus 5X Build/MMB29P) AppleWebKit/537.36 (KHTML, like Gecko) Chrome/135.0.7049.95 Mobile Safari/537.36 (compatible; Googlebot/2.1; +http://www.google.com/bot.html)"
40.77.167.33 - - [02/May/2025:15:27:19 -0400] "GET /?e=4701891286002&channel=7ef4f2&from=shop.php%3Fid%3D912860-11858%26name%3D%E3%82%AB%E3%83%A9%E3%83%BC%E3%82%BB%E3%83%AD%E3%83%95%E3%82%A1%E3%83%B3%E3%80%8015%C3%9715cm%E3%80%806%E8%89%B2%E3%80%81%E5%90%842%E6%9E%9A%E3%80%8112%E6%9E%9A%E5%85%A5%E3%82%8A%E3%80%801%E5%86%8A HTTP/1.1" 200 0 "-" "Mozilla/5.0 AppleWebKit/537.36 (KHTML, like Gecko; compatible; bingbot/2.0; +http://www.bing.com/bingbot.htm) Chrome/116.0.1938.76 Safari/537.36"
40.77.167.33 - - [02/May/2025:15:27:20 -0400] "GET /?e=7864357193101&channel=f6cffa&from=blog.php%3Fid%3D571931-3873%26name%3D%E9%A3%9F%E5%8D%93%E3%82%AB%E3%83%90%E3%83%BC+%E3%83%86%E3%83%BC%E3%83%96%E3%83%AB%E3%82%AF%E3%83%AD%E3%82%B9+%E3%83%86%E3%83%BC%E3%83%96%E3%83%AB%E3%83%9E%E3%83%83%E3%83%88+%E6%92%A5%E6%B0%B4%E5%8A%A0%E5%B7%A5+%E6%B1%9A%E3%82%8C%E9%98%B2%E6%AD%A2+%E5%AE%B6%E5%BA%AD%E7%94%A8+%E3%82%AB%E3%83%A9%E3%83%BC+%E6%A5%AD%E5%8B%99%E7%94%A8+%E5%8C%97%E6%AC%A7%E9%A2%A8+%E8%8A%B1%E6%9F%84+%E9%95%B7%E6%96%B9%E5%BD%A2+%E3%83%86%E3%83%BC%E3%83%96%E3%83%AB%E3%82%AF%E3%83%AD%E3%82%B9+%E3%81%8A%E3%81%97%E3%82%83 HTTP/1.1" 200 0 "-" "Mozilla/5.0 AppleWebKit/537.36 (KHTML, like Gecko; compatible; bingbot/2.0; +http://www.bing.com/bingbot.htm) Chrome/116.0.1938.76 Safari/537.36"
52.167.144.204 - - [02/May/2025:15:27:27 -0400] "GET /?e=0993990103805&channel=04726b&from=goods.php%3Fid%3D901038-18730%26name%3DMINOLTA+AF-E+%E3%82%AA%E3%83%BC%E3%83%88%E3%83%95%E3%82%A9%E3%83%BC%E3%82%AB%E3%82%B9%E3%82%AB%E3%83%A1%E3%83%A9 HTTP/1.1" 200 0 "-" "Mozilla/5.0 AppleWebKit/537.36 (KHTML, like Gecko; compatible; bingbot/2.0; +http://www.bing.com/bingbot.htm) Chrome/116.0.1938.76 Safari/537.36"
66.249.74.36 - - [02/May/2025:15:27:53 -0400] "GET /?e=7382767682005&channel=e74abb&from=news.php%3Fid%3D676820-2331%26name%3D%E3%83%89%E3%82%A4%E3%83%84%E8%A3%BD+WMF%E3%83%91%E3%83%BC%E3%83%95%E3%82%A7%E3%82%AF%E3%83%88%E3%83%97%E3%83%A9%E3%82%B9%E3%80%80%E5%9C%A7%E5%8A%9B%E9%8D%8B4.5L HTTP/1.1" 200 52911 "-" "Mozilla/5.0 (Linux; Android 6.0.1; Nexus 5X Build/MMB29P) AppleWebKit/537.36 (KHTML, like Gecko) Chrome/135.0.7049.95 Mobile Safari/537.36 (compatible; Googlebot/2.1; +http://www.google.com/bot.html)"
40.77.167.47 - - [02/May/2025:15:30:40 -0400] "GET /?e=7844953778301&channel=8000c8&from=goods.php%3Fid%3D537783-3095%26name%3D%E3%83%90%E3%83%BC%E3%83%90%E3%83%AA%E3%83%BC%E3%83%96%E3%83%AB%E3%83%BC%E3%83%AC%E3%83%BC%E3%83%99%E3%83%AB%E2%99%A1%E3%82%B8%E3%83%A3%E3%82%B1%E3%83%83%E3%83%88 HTTP/1.1" 200 0 "-" "Mozilla/5.0 AppleWebKit/537.36 (KHTML, like Gecko; compatible; bingbot/2.0; +http://www.bing.com/bingbot.htm) Chrome/116.0.1938.76 Safari/537.36"
40.77.167.47 - - [02/May/2025:15:30:41 -0400] "GET /?e=1871499479401&channel=70a77b&from=form.php%3Fid%3D994794-859%26name%3D%E3%80%90handmade%E3%80%91%E3%83%93%E3%83%B3%E3%83%86%E3%83%BC%E3%82%B8%E3%82%AB%E3%83%B3%E3%82%BF%E3%82%AD%E3%83%AB%E3%83%88%E3%81%AE%E3%82%B3%E3%83%BC%E3%82%B9%E3%82%BF%E3%83%BC HTTP/1.1" 200 0 "-" "Mozilla/5.0 AppleWebKit/537.36 (KHTML, like Gecko; compatible; bingbot/2.0; +http://www.bing.com/bingbot.htm) Chrome/116.0.1938.76 Safari/537.36"
52.167.144.204 - - [02/May/2025:15:30:47 -0400] "GET /?e=9102411031104&channel=47f41f&from=blog.php%3Fid%3D110311-25%26name%3D417%E6%A7%98%E5%B0%82%E7%94%A8%E3%83%BB%E8%8C%B6%E9%81%93%E7%A8%BD%E5%8F%A4%E7%9D%80%E4%B8%8A%E4%B8%8B%E3%82%BB%E3%83%83%E3%83%88%E3%83%BB%E7%B5%B9100%25%E3%83%BB%E3%83%9D%E3%82%B1%E3%83%83%E3%83%882%E5%80%8B%E4%BB%98%E3%83%BB%E9%80%86%E5%8B%9D%E6%89%8B%E5%AF%BE%E5%BF%9C HTTP/1.1" 200 0 "-" "Mozilla/5.0 AppleWebKit/537.36 (KHTML, like Gecko; compatible; bingbot/2.0; +http://www.bing.com/bingbot.htm) Chrome/116.0.1938.76 Safari/537.36"
20.15.133.174 - - [02/May/2025:15:31:13 -0400] "GET /?e=7718045863800&channel=9bb1d7&from=article.php%3Fid%3D458638-4543%26name%3D%E3%83%88%E3%83%BC%E3%82%A8%E3%82%A4%E3%83%A9%E3%82%A4%E3%83%88+%E3%82%80%E3%81%8B%E3%81%A7%E7%94%A8%E3%83%99%E3%83%AB%E3%83%88DX10 HTTP/1.1" 200 0 "-" "Mozilla/5.0 AppleWebKit/537.36 (KHTML, like Gecko; compatible; bingbot/2.0; +http://www.bing.com/bingbot.htm) Chrome/116.0.1938.76 Safari/537.36"
52.167.144.204 - - [02/May/2025:15:32:18 -0400] "GET /?e=8967358473600&channel=c4dfdc&from=form.php%3Fid%3D584736-7963%26name%3D%E3%82%BF%E3%83%8A%E3%82%AB%E3%83%AF%E3%83%BC%E3%82%AF%E3%82%B9%E3%83%A2%E3%83%87%E3%83%AB%E3%82%AC%E3%83%B3%E3%80%80%E3%82%B3%E3%83%AB%E3%83%88%E3%83%91%E3%82%A4%E3%82%BD%E3%83%B3357%E3%83%9E%E3%82%B0%E3%80%804%E3%82%A4%E3%83%B3%E3%83%81%E3%80%80%E5%86%B4%E7%BE%BD%E7%8D%A0%E3%83%A2%E3%83%87%E3%83%AB HTTP/1.1" 200 0 "-" "Mozilla/5.0 AppleWebKit/537.36 (KHTML, like Gecko; compatible; bingbot/2.0; +http://www.bing.com/bingbot.htm) Chrome/116.0.1938.76 Safari/537.36"
52.167.144.204 - - [02/May/2025:15:32:19 -0400] "GET /?e=2559777324702&channel=1c61ff&from=form.php%3Fid%3D773247-12014%26name%3DMAOTN+85L%E3%82%AB%E3%83%A2%E3%83%95%E3%83%A9%E3%83%BC%E3%82%B8%E3%83%A5%E6%88%A6%E8%A1%93%E7%99%BB%E5%B1%B1%E3%83%90%E3%83%83%E3%82%AF%E3%83%91%E3%83%83%E3%82%AF%E3%80%81%E5%A4%A7%E5%AE%B9%E9%87%8F%E9%80%9A%E6%B0%97%E6%80%A7%E3%83%8F%E3%82%A4%E3%82%AD%E3%83%B3%E3%82%B0%E3%83%AA%E3%83%A5%E3%83%83%E3%82%AF%E3%82%B5%E3%83%83%E3%82%AF%E3%80%81%E5%9B%BA%E5%AE%9A%E3%82%B5%E3%83%9D%E3%83%BC%E3%83%88%E3%83%95%E3%83%AC%E3%83%BC%E3%83%A0%E4%BB%98%E3%81%8D%E5%B1%8B%E5%A4%96%E3%83%9F%E3%83%AA%E3%82%BF%E3%83%AA%E3%83%BC%E3%83%95 HTTP/1.1" 200 0 "-" "Mozilla/5.0 AppleWebKit/537.36 (KHTML, like Gecko; compatible; bingbot/2.0; +http://www.bing.com/bingbot.htm) Chrome/116.0.1938.76 Safari/537.36"
40.77.167.47 - - [02/May/2025:15:32:22 -0400] "GET /?e=9285220689004&channel=c5b79d&from=product.php%3Fid%3D206890-7276%26name%3Dpi%E6%A7%98%E3%80%80%E3%83%94%E3%83%B3%E3%82%AF%E3%81%AE%E3%83%8D%E3%83%83%E3%82%AF%E3%83%AC%E3%82%B9%EF%BC%86%E3%82%A4%E3%83%A4%E3%83%AA%E3%83%B3%E3%82%B0%E3%80%80%E6%98%8E%E3%82%8B%E3%81%84%E3%82%B0%E3%83%AA%E3%83%BC%E3%83%B3%E3%80%80%E3%82%B6%EF%BC%81%E3%82%AA%E3%83%AC%E3%83%B3%E3%82%B8%E3%80%80%E7%A4%BE%E4%BA%A4%E3%83%80%E3%83%B3%E3%82%B9 HTTP/1.1" 200 0 "-" "Mozilla/5.0 AppleWebKit/537.36 (KHTML, like Gecko; compatible; bingbot/2.0; +http://www.bing.com/bingbot.htm) Chrome/116.0.1938.76 Safari/537.36"
20.15.133.174 - - [02/May/2025:15:33:19 -0400] "GET /?e=85725102857400&channel=45985c&from=info.php%3Fid%3D1028574-6886%26name%3DCoCo%E5%A3%B1+%E3%82%B3%E3%83%BC%E3%82%B9%E3%82%BF%E3%83%BC+%E6%97%A5%E5%90%91%E5%9D%8246+%E5%AF%8C%E7%94%B0%E9%88%B4%E8%8A%B1 HTTP/1.1" 200 0 "-" "Mozilla/5.0 AppleWebKit/537.36 (KHTML, like Gecko; compatible; bingbot/2.0; +http://www.bing.com/bingbot.htm) Chrome/116.0.1938.76 Safari/537.36"
