20.15.133.174 - - [02/May/2025:15:34:12 -0400] "GET /?e=8645891643912&channel=0bd41b&from=pin.php%3Fid%3D916439-4019%26name%3D%3Cbr%3E%E3%83%88%E3%83%AC%E3%83%B3%E3%83%81%E3%82%B3%E3%83%BC%E3%83%88+%E3%83%A9%E3%82%A4%E3%83%8A%E3%83%BC%E4%BB%98%E3%81%8D+%E3%83%88%E3%83%AC%E3%83%B3%E3%83%81+%E3%83%AC%E3%83%87%E3%82%A3%E3%83%BC%E3%82%B9+%E3%82%A2%E3%82%A6%E3%82%BF%E3%83%BC+%E3%83%AD%E3%83%B3%E3%82%B0+%E3%83%AD%E3%83%B3%E3%82%B0%E3%82%B3%E3%83%BC%E3%83%88+%E3%83%A9%E3%82%A4%E3%83%8A%E3%83%BC+%E3%82%A2%E3%82%A6%E3%82%BF%E3%83%BC+%E3%83%88%E3%83%AC%E3%83%B3%E3%83%81+%E8%A3%8F%E5%9C%B0%E4%BB%98%E3%81%8D+%E9%BB%92+%E3%83%A9%E3%82%A4%E3%83%88%E3%83%99%E3%83%BC%E3%82%B8%E3%83%A5+%E3%83%87%E3%82%A4%E3%83%AA%E3%83%BC+%E3%81%8A%E5%87%BA%E3%81%8B%E3%81%91+%E3%83%95%E3%82%A9%E3%83%BC%E3%83%9E%E3%83%AB+%E3%83%93%E3%82%B8%E3%83%8D%E3%82%B9+%E9%80%9A%E5%8B%A4+%E5%85%A5%E5%AD%A6%E5%BC%8F+%E5%8D%92%E6%A5%AD%E5%BC%8F+%E5%85%A5%E5%9C%92%E5%BC%8F+%E5%8D%92%E5%9C%92%E5%BC%8F+%E5%AD%A6%E6%A0%A1%E8%A1%8C%E4%BA%8B+%E4%B8%83%E4%BA%94%E4%B8%89+%E6%9C%8D%E8%A3%85+%E3%82%AA%E3%82%B1%E3%83%BC%E3%82%B8%E3%83%A7%E3%83%B3+%E3%83%9E%E3%83%9E+%E6%AF%8D%E8%A6%AA+%E6%AF%8D HTTP/1.1" 200 0 "-" "Mozilla/5.0 AppleWebKit/537.36 (KHTML, like Gecko; compatible; bingbot/2.0; +http://www.bing.com/bingbot.htm) Chrome/116.0.1938.76 Safari/537.36"
40.77.167.47 - - [02/May/2025:15:34:30 -0400] "GET /?e=9948094577802&channel=00d97c&from=jp.php%3Fid%3D945778-12469%26name%3D%E6%BF%80%E3%83%AC%E3%82%A2%EF%BC%81%E6%96%B0%E5%93%81%E6%9C%AA%E9%96%8B%E5%B0%81%E5%93%81%E2%99%AA%E6%98%9F%E3%81%AE%E3%82%AB%E3%83%BC%E3%83%93%E3%82%A3%E7%AB%8B%E4%BD%93%E5%9E%8B%E3%83%98%E3%82%A2%E3%83%96%E3%83%A9%E3%82%B7%E2%99%AA%E3%80%90%E3%83%9B%E3%83%90%E3%83%AA%E3%83%B3%E3%82%B0%E3%80%91 HTTP/1.1" 200 0 "-" "Mozilla/5.0 AppleWebKit/537.36 (KHTML, like Gecko; compatible; bingbot/2.0; +http://www.bing.com/bingbot.htm) Chrome/116.0.1938.76 Safari/537.36"
52.191.52.123 - - [02/May/2025:15:36:26 -0400] "GET /wp-content/uploads/2024/05/ilustrasi-penusukan-140612-andri.webp HTTP/1.1" 200 0 "-" "Mozilla/5.0 (Windows NT 10.0; Win64; x64) AppleWebKit/537.36 (KHTML, like Gecko) Chrome/109.0.0.0 Safari/537.36"
52.191.52.123 - - [02/May/2025:15:37:06 -0400] "GET /wp-content/uploads/2024/05/ilustrasi-penusukan-140612-andri.webp HTTP/1.1" 200 0 "-" "Mozilla/5.0 (Windows NT 10.0; Win64; x64) AppleWebKit/537.36 (KHTML, like Gecko) Chrome/109.0.0.0 Safari/537.36"
52.191.52.123 - - [02/May/2025:15:37:06 -0400] "GET /wp-content/uploads/2024/05/ilustrasi-penusukan-140612-andri.webp HTTP/1.1" 200 0 "-" "Mozilla/5.0 (Windows NT 10.0; Win64; x64) AppleWebKit/537.36 (KHTML, like Gecko) Chrome/109.0.0.0 Safari/537.36"
40.77.167.131 - - [02/May/2025:15:37:58 -0400] "GET /?e=778561909602&channel=fa3147&from=info.php%3Fid%3D19096-1144%26name%3D%E9%9B%BB%E5%AD%90%E3%83%AD%E3%83%83%E3%82%AF+Tuya+3D+%E3%83%95%E3%82%A7%E3%82%A4%E3%82%B7%E3%83%A3%E3%83%AB+Cerradura+%E3%82%A4%E3%83%B3%E3%83%86%E3%83%AA%E3%82%B8%E3%82%A7%E3%83%B3%E3%83%88%E8%87%AA%E5%8B%95%E9%9B%BB%E5%8B%95+WiFi+%E3%82%AB%E3%83%A1%E3%83%A9%E6%8C%87%E7%B4%8B%E3%83%87%E3%82%B8%E3%82%BF%E3%83%AB%E3%82%A4%E3%83%B3%E3%83%86%E3%83%AA%E3%82%B8%E3%82%A7%E3%83%B3%E3%83%88 HTTP/1.1" 200 0 "-" "Mozilla/5.0 AppleWebKit/537.36 (KHTML, like Gecko; compatible; bingbot/2.0; +http://www.bing.com/bingbot.htm) Chrome/116.0.1938.76 Safari/537.36"
66.249.74.37 - - [02/May/2025:15:39:43 -0400] "GET /?e=39076119622002&channel=da0ef9&from=info.php%3Fid%3D1196220-4364%26name%3D%E6%8B%A1%E5%A4%A7%E9%8F%A1%E6%8B%A1%E5%A4%A7%E9%8F%A160x%E3%83%8F%E3%83%B3%E3%83%89%E3%83%98%E3%83%AB%E3%83%89%E6%8B%A1%E5%A4%A7%E9%8F%A1LED%E3%83%A9%E3%82%A4%E3%83%88%E4%BB%98%E3%81%8D%E3%80%81%E8%AA%AD%E3%81%BF%E5%8F%96%E3%82%8A%E3%80%81%E6%A4%9C%E6%9F%BB%E3%80%81%E3%81%AF%E3%82%93%E3%81%A0%E4%BB%98%E3%81%91%E3%80%81%E4%BF%AE%E7%90%86%E3%80%81%E8%B6%A3%E5%91%B3%E3%81%A8%E5%B7%A5%E8%8A%B8%E5%93%81%E3%80%81%E3%82%B8%E3%83%A5%E3%82%A8%E3%83%AA%E3%83%BC%E4%BD%9C%E3%82%8A%E3%80%81%E3%82%B3%E3%82%A4%E3%83%B3%E6%A4%9C%E6%9F%BB%E7%94%A8 HTTP/1.1" 200 53127 "-" "Mozilla/5.0 (Linux; Android 6.0.1; Nexus 5X Build/MMB29P) AppleWebKit/537.36 (KHTML, like Gecko) Chrome/135.0.7049.95 Mobile Safari/537.36 (compatible; Googlebot/2.1; +http://www.google.com/bot.html)"
52.167.144.173 - - [02/May/2025:15:41:21 -0400] "GET /?e=90680148710800&channel=aca9e6&from=product.php%3Fid%3D1487108-4341%26name%3D%E9%BB%92%E5%AD%90%E3%81%AE%E3%83%90%E3%82%B9%E3%82%B1+2%E5%8F%B7 HTTP/1.1" 200 0 "-" "Mozilla/5.0 AppleWebKit/537.36 (KHTML, like Gecko; compatible; bingbot/2.0; +http://www.bing.com/bingbot.htm) Chrome/116.0.1938.76 Safari/537.36"
20.15.133.174 - - [02/May/2025:15:42:39 -0400] "GET /?e=52300125913200&channel=2e2847&from=jp.php%3Fid%3D1259132-20512%26name%3D%E3%82%A2%E3%82%AF%E3%82%B7%E3%83%BC%E3%82%BA%E3%83%95%E3%82%A1%E3%83%A0%E2%98%85%E3%82%B9%E3%82%AB%E3%83%A9%E3%83%83%E3%83%97%E3%83%90%E3%83%83%E3%82%AF%E3%83%86%E3%82%A3%E3%82%A2%E3%83%BC%E3%83%89%E3%82%B3%E3%83%BC%E3%83%88 HTTP/1.1" 200 0 "-" "Mozilla/5.0 AppleWebKit/537.36 (KHTML, like Gecko; compatible; bingbot/2.0; +http://www.bing.com/bingbot.htm) Chrome/116.0.1938.76 Safari/537.36"
40.77.167.131 - - [02/May/2025:15:43:09 -0400] "GET /?e=6888339596008&channel=d1b176&from=info.php%3Fid%3D395960-10251%26name%3DFender+%E3%82%AE%E3%82%BF%E3%83%BC%E7%94%A8%E3%82%A2%E3%83%B3%E3%83%97+%E3%83%84%E3%82%A4%E3%83%BC%E3%83%89%E3%83%87%E3%82%B6%E3%82%A4%E3%83%B3%E3%80%80%E3%83%95%E3%82%A7%E3%83%B3%E3%83%80%E3%83%BC+%E3%83%96%E3%83%AD%E3%83%B3%E3%82%B3 HTTP/1.1" 200 0 "-" "Mozilla/5.0 AppleWebKit/537.36 (KHTML, like Gecko; compatible; bingbot/2.0; +http://www.bing.com/bingbot.htm) Chrome/116.0.1938.76 Safari/537.36"
20.15.133.174 - - [02/May/2025:15:44:03 -0400] "GET /?e=0342838750600&channel=0a4aa8&from=shop.php%3Fid%3D387506-10433%26name%3D%E5%BC%95%E6%8F%9B%E5%88%B8+%E6%9D%B1%E4%BA%AC%E3%83%87%E3%82%A3%E3%82%BA%E3%83%8B%E3%83%BC%E3%83%A9%E3%83%B3%E3%83%89+%E3%83%87%E3%82%A3%E3%82%BA%E3%83%8B%E3%83%BC%E3%82%B7%E3%83%BC+%E3%83%9A%E3%82%A2%E3%83%81%E3%82%B1%E3%83%83%E3%83%88 HTTP/1.1" 200 0 "-" "Mozilla/5.0 AppleWebKit/537.36 (KHTML, like Gecko; compatible; bingbot/2.0; +http://www.bing.com/bingbot.htm) Chrome/116.0.1938.76 Safari/537.36"
52.167.144.173 - - [02/May/2025:15:46:31 -0400] "GET /?e=01457127339600&channel=23bbcf&from=category-info.php%3Fid%3D1273396-2294%26name%3D%E3%82%B8%E3%82%A7%E3%83%83%E3%82%AF%E3%82%B9+%E3%82%AB%E3%83%A1%E5%85%83%E6%B0%97%E3%83%95%E3%82%A3%E3%83%AB%E3%82%BF%E3%83%BC%E4%BA%A4%E6%8F%9B%E3%82%8D%E9%81%8E%E6%9D%90+2%E3%82%B3%E5%85%A5 HTTP/1.1" 200 0 "-" "Mozilla/5.0 AppleWebKit/537.36 (KHTML, like Gecko; compatible; bingbot/2.0; +http://www.bing.com/bingbot.htm) Chrome/116.0.1938.76 Safari/537.36"
20.15.133.174 - - [02/May/2025:15:46:34 -0400] "GET /?e=6477043923901&channel=ea67d2&from=form.php%3Fid%3D439239-909%26name%3DZARBAILRE+%E6%96%AD%E7%86%B1%E3%83%89%E3%82%A2%E3%82%AB%E3%83%BC%E3%83%86%E3%83%B3+43.3x91.75%E3%82%A4%E3%83%B3%E3%83%81%E3%80%81%E6%96%AD%E7%86%B1%E3%83%89%E3%82%A2%E3%82%AB%E3%83%BC%E3%83%86%E3%83%B3%E3%80%81%E3%83%89%E3%82%A2%E3%82%AB%E3%83%90%E3%83%BC%E3%82%B9%E3%82%AF%E3%83%AA%E3%83%BC%E3%83%B3+%E3%83%89%E3%82%A2%E3%82%AB%E3%83%90%E3%83%BC%E3%82%B9%E3%82%AF%E3%83%AA%E3%83%BC%E3%83%B3+%E9%AB%98%E8%80%90 HTTP/1.1" 200 0 "-" "Mozilla/5.0 AppleWebKit/537.36 (KHTML, like Gecko; compatible; bingbot/2.0; +http://www.bing.com/bingbot.htm) Chrome/116.0.1938.76 Safari/537.36"
40.77.167.4 - - [02/May/2025:15:47:11 -0400] "GET /?e=38398101074700&channel=81dce1&from=blog.php%3Fid%3D1010747-7590%26name%3DMAGICLULU+4%E5%80%8B+%E3%82%BF%E3%82%B0+%E3%82%B7%E3%83%AA%E3%82%B3%E3%83%B3+%E5%9E%8B+%E7%8A%AC+%E3%82%A2%E3%82%A4%E3%82%B9+%E3%82%AD%E3%83%A5%E3%83%BC%E3%83%96+%E5%9E%8B+%E7%8A%AC+%E3%82%AF%E3%83%83%E3%82%AD%E3%83%BC+%E3%83%95%E3%82%A9%E3%83%B3%E3%83%80%E3%83%B3+%E5%9E%8B+%E3%82%AD%E3%83%BC%E3%83%81%E3%82%A7%E3%83%BC%E3%83%B3+%E3%82%B7%E3%83%AA%E3%82%B3%E3%83%B3+%E5%9E%8B+%E3%82%AB HTTP/1.1" 200 0 "-" "Mozilla/5.0 AppleWebKit/537.36 (KHTML, like Gecko; compatible; bingbot/2.0; +http://www.bing.com/bingbot.htm) Chrome/116.0.1938.76 Safari/537.36"
52.167.144.200 - - [02/May/2025:15:47:59 -0400] "GET /?e=61082133185702&channel=7ce398&from=form.php%3Fid%3D1331857-18740%26name%3D%E3%80%90%E6%9C%AA%E9%96%8B%E5%B0%81%E3%80%91%E3%82%A8%E3%83%B4%E3%82%A1%E3%83%B3%E3%82%B2%E3%83%AA%E3%82%AA%E3%83%B3%E6%96%B0%E5%8A%87%E5%A0%B4%E7%89%88%E3%80%80%E3%83%97%E3%83%AC%E3%83%9F%E3%82%A2%E3%83%A0+ASUKA+%E3%83%95%E3%82%A3%E3%82%AE%E3%83%A5%E3%82%A2 HTTP/1.1" 200 0 "-" "Mozilla/5.0 AppleWebKit/537.36 (KHTML, like Gecko; compatible; bingbot/2.0; +http://www.bing.com/bingbot.htm) Chrome/116.0.1938.76 Safari/537.36"
52.167.144.173 - - [02/May/2025:15:48:21 -0400] "GET /?e=0683939792001&channel=b28fb2&from=jp.php%3Fid%3D397920-1970%26name%3D%E5%B0%82%E7%94%A8%E3%83%9F%E3%83%8A%E3%83%9A%E3%83%AB%E3%83%9B%E3%83%8D%E3%83%B3forest+tile%E3%82%B7%E3%83%A7%E3%83%AB%E3%83%80%E3%83%BC%E3%83%90%E3%83%83%E3%82%B0%E3%80%80%E3%83%9D%E3%83%BC%E3%83%81%E3%80%80%E3%83%8F%E3%83%B3%E3%83%89%E3%83%A1%E3%82%A4%E3%83%89%E2%99%AA HTTP/1.1" 200 0 "-" "Mozilla/5.0 AppleWebKit/537.36 (KHTML, like Gecko; compatible; bingbot/2.0; +http://www.bing.com/bingbot.htm) Chrome/116.0.1938.76 Safari/537.36"
52.167.144.173 - - [02/May/2025:15:48:22 -0400] "GET /?e=66526130985507&channel=09ea33&from=brands.php%3Fid%3D1309855-18216%26name%3DMobestech+24%E5%80%8B+%E3%83%99%E3%83%AB%E3%83%99%E3%83%83%E3%83%88%E3%82%B5%E3%83%B3%E3%83%89%E3%83%9A%E3%83%BC%E3%83%91%E3%83%BC+%E3%82%B5%E3%83%B3%E3%83%87%E3%82%A3%E3%83%B3%E3%82%B0%E3%83%91%E3%83%83%E3%83%89+%E3%82%B5%E3%83%B3%E3%83%87%E3%82%A3%E3%83%B3%E3%82%B0%E3%83%96%E3%83%AD%E3%83%83%E3%82%AF%E8%BB%8A%E4%BD%93+%E3%82%B5%E3%83%B3%E3%83%87%E3%82%A3%E3%83%B3%E3%82%B0%E3%82%B9%E3%83%9D%E3%83%B3%E3%82%B8+%E6%9C%A8%E6%9D%90%E3%82%B5%E3%83%B3%E3%83%89 HTTP/1.1" 200 0 "-" "Mozilla/5.0 AppleWebKit/537.36 (KHTML, like Gecko; compatible; bingbot/2.0; +http://www.bing.com/bingbot.htm) Chrome/116.0.1938.76 Safari/537.36"
40.77.167.4 - - [02/May/2025:15:48:26 -0400] "GET /?e=20314107023806&channel=654524&from=news.php%3Fid%3D1070238-19651%26name%3D%5BGabrioir%5D+%E3%82%BB%E3%82%AF%E3%82%B7%E3%83%BC+%E3%83%A9%E3%83%B3%E3%82%B8%E3%82%A7%E3%83%AA%E3%83%BC+%E5%A4%A7%E3%81%8D%E3%81%84+%E3%83%99%E3%83%93%E3%83%BC%E3%83%89%E3%83%BC%E3%83%AB+%E3%83%AC%E3%83%87%E3%82%A3%E3%83%BC%E3%82%B9+%E7%A9%B4%E3%81%82%E3%81%8D%E3%82%B7%E3%83%A7%E3%83%BC%E3%83%84+%E9%81%8E%E6%BF%80+%E3%82%BB%E3%82%AF%E3%82%B7%E3%83%BC+%E8%AA%98%E6%83%91%E9%80%8F%E8%A6%96+%E6%A5%B5%E5%B0%8F+%E5%AF%9D%E5%B7%BB HTTP/1.1" 200 0 "-" "Mozilla/5.0 AppleWebKit/537.36 (KHTML, like Gecko; compatible; bingbot/2.0; +http://www.bing.com/bingbot.htm) Chrome/116.0.1938.76 Safari/537.36"
66.249.74.36 - - [02/May/2025:15:48:54 -0400] "GET /?e=2196593783600&channel=605bd5&from=pin.php%3Fid%3D937836-14617%26name%3D%E7%84%A1%E5%9E%A2%E6%9D%90%E3%80%80%E3%82%A6%E3%82%A9%E3%83%BC%E3%83%AB%E3%83%8A%E3%83%83%E3%83%88%E3%80%80%E3%87%B3%E7%B4%A0%E6%9D%90%E3%80%80no1009+%EF%BC%88%E3%83%96%E3%83%A9%E3%83%83%E3%82%AF%E3%82%A6%E3%82%A9%E3%83%BC%E3%83%AB%E3%83%8A%E3%83%83%E3%83%88150%E5%B9%85+%7C+%E7%84%A1%E5%9E%A2%E3%83%BB%E8%A4%87%E5%90%88%E3%83%95%E3%83%AD%E3%83%BC%E3%83%AA%E3%83%B3%E3%82%B0%E3%83%BB%E4%B8%8D%E7%87%83%E3%83%9C%E3%83%BC%E3%83%89%EF%BD%9CNISSIN+EX.%EF%BC%89 HTTP/1.1" 200 51605 "-" "Mozilla/5.0 (Linux; Android 6.0.1; Nexus 5X Build/MMB29P) AppleWebKit/537.36 (KHTML, like Gecko) Chrome/135.0.7049.95 Mobile Safari/537.36 (compatible; Googlebot/2.1; +http://www.google.com/bot.html)"
40.77.167.4 - - [02/May/2025:15:49:21 -0400] "GET /?e=2368038483700&channel=dd3848&from=article.php%3Fid%3D384837-11159%26name%3D%5BSALOMON%28%E3%82%B5%E3%83%AD%E3%83%A2%E3%83%B3%29%5D+%E3%80%9025%E6%98%A5%E5%A4%8F%E3%80%91SPEEDCROSS+6+GORE-TEX%28%E3%82%B9%E3%83%94%E3%83%BC%E3%83%89%E3%82%AF%E3%83%AD%E3%82%B9+6+%E3%82%B4%E3%82%A2%E3%83%86%E3%83%83%E3%82%AF%E3%82%B9%29+BLACK%2FBLACK%2FPHANTOM+28.0cm HTTP/1.1" 200 0 "-" "Mozilla/5.0 AppleWebKit/537.36 (KHTML, like Gecko; compatible; bingbot/2.0; +http://www.bing.com/bingbot.htm) Chrome/116.0.1938.76 Safari/537.36"
52.167.144.200 - - [02/May/2025:15:53:40 -0400] "GET /?e=01286116794802&channel=40eb04&from=jp.php%3Fid%3D1167948-8295%26name%3DDAIWA+%E3%83%80%E3%82%A4%E3%83%AF+CS-201+%E5%88%87%E6%9B%BF%E5%99%A8+%E3%82%A2%E3%83%9E%E3%83%81%E3%83%A5%E3%82%A2%E7%84%A1%E7%B7%9A HTTP/1.1" 200 0 "-" "Mozilla/5.0 AppleWebKit/537.36 (KHTML, like Gecko; compatible; bingbot/2.0; +http://www.bing.com/bingbot.htm) Chrome/116.0.1938.76 Safari/537.36"
40.77.167.4 - - [02/May/2025:15:53:42 -0400] "GET /?e=10701166024800&channel=f38fe5&from=shared.php%3Fid%3D1660248-13981%26name%3D%E9%81%8A%E6%88%AF%E7%8E%8B+%E3%83%80%E3%83%B3%E3%83%87%E3%82%A3%E3%83%A9%E3%82%A4%E3%82%AA%E3%83%B3+%E8%8B%B1%E8%AA%9E+%E3%82%B9%E3%83%BC%E3%83%91%E3%83%BC%E3%80%802%E3%82%BB%E3%83%83%E3%83%88333%E5%86%86%E2%99%AA%E3%83%94%E3%83%A8 HTTP/1.1" 200 0 "-" "Mozilla/5.0 AppleWebKit/537.36 (KHTML, like Gecko; compatible; bingbot/2.0; +http://www.bing.com/bingbot.htm) Chrome/116.0.1938.76 Safari/537.36"
52.167.144.174 - - [02/May/2025:15:53:44 -0400] "GET /?e=8279879781800&channel=909a0a&from=brands.php%3Fid%3D797818-17602%26name%3D%E5%8F%A3%E8%85%94%E4%BF%9D%E5%81%A5%E3%83%BB%E4%BA%88%E9%98%B2%E6%AD%AF%E7%A7%91%E5%AD%A6 HTTP/1.1" 200 0 "-" "Mozilla/5.0 AppleWebKit/537.36 (KHTML, like Gecko; compatible; bingbot/2.0; +http://www.bing.com/bingbot.htm) Chrome/116.0.1938.76 Safari/537.36"
40.77.167.4 - - [02/May/2025:15:54:23 -0400] "GET /?e=0019222732100&channel=36dd2b&from=pin.php%3Fid%3D227321-7900%26name%3Dstandartpark%E3%82%B9%E3%83%AD%E3%83%83%E3%83%88Drain+Micro+Drain%E3%83%81%E3%83%A3%E3%83%8D%E3%83%AB2.2+%26%2334%3B%E5%A5%A5%E8%A1%8C4+%26%2334%3B%E5%86%85%E9%83%A8%E3%83%81%E3%83%A3%E3%83%8D%E3%83%AB%E3%83%91%E3%83%83%E3%82%B1%E3%83%BC%E3%82%B8 HTTP/1.1" 200 0 "-" "Mozilla/5.0 AppleWebKit/537.36 (KHTML, like Gecko; compatible; bingbot/2.0; +http://www.bing.com/bingbot.htm) Chrome/116.0.1938.76 Safari/537.36"
52.167.144.200 - - [02/May/2025:15:54:30 -0400] "GET /?e=2790141701600&channel=a0ed4f&from=shop.php%3Fid%3D417016-11835%26name%3D%E3%83%9E%E3%83%AB%E3%83%81%E3%83%93%E3%82%BF%E3%83%9F%E3%83%B3%EF%BC%86%E3%83%9F%E3%83%8D%E3%83%A9%E3%83%AB%E3%82%B9%E3%83%86%E3%82%A3%E3%83%83%E3%82%AF HTTP/1.1" 200 0 "-" "Mozilla/5.0 AppleWebKit/537.36 (KHTML, like Gecko; compatible; bingbot/2.0; +http://www.bing.com/bingbot.htm) Chrome/116.0.1938.76 Safari/537.36"
20.15.133.175 - - [02/May/2025:15:56:05 -0400] "GET /?e=40918110620701&channel=edf3ad&from=product.php%3Fid%3D1106207-12467%26name%3D2%E3%82%BF%E3%82%A4%E3%83%97%E3%81%AEC%E3%81%8A%E3%82%88%E3%81%B3USB3.0%E3%83%9D%E3%83%BC%E3%83%88%E3%82%A2%E3%83%80%E3%83%97%E3%82%BF%E3%83%BCUSB+SPLITTER+USB+C%E3%82%A2%E3%83%80%E3%83%97%E3%82%BF%E3%83%BC%E7%94%A8%E3%83%A9%E3%83%83%E3%83%97%E3%83%88%E3%83%83%E3%83%97%E3%82%BF%E3%83%96%E3%83%AC%E3%83%83%E3%83%88%E3%81%AE%E4%BA%92%E6%8F%9B%E6%80%A7%E3%82%92%E5%82%99%E3%81%88%E3%81%9F HTTP/1.1" 200 0 "-" "Mozilla/5.0 AppleWebKit/537.36 (KHTML, like Gecko; compatible; bingbot/2.0; +http://www.bing.com/bingbot.htm) Chrome/116.0.1938.76 Safari/537.36"
20.15.133.175 - - [02/May/2025:15:56:07 -0400] "GET /?e=1915887650504&channel=b986ac&from=blog.php%3Fid%3D876505-18220%26name%3D%E3%83%94%E3%82%AC%E3%82%AA%E3%83%B3%E3%83%AC%E3%83%83%E3%82%B0%E3%83%AA%E3%83%B3%E3%82%B0%E3%83%9E%E3%83%AB%E3%83%81%E3%82%AB%E3%83%A9%E3%83%BC%E3%82%A2%E3%83%AB%E3%83%9F%E3%83%8B%E3%82%A6%E3%83%A0%E3%83%94%E3%82%B8%E3%83%A7%E3%83%B3%E3%83%AC%E3%83%83%E3%82%B0%E3%83%AA%E3%83%B3%E3%82%B0%E3%83%80%E3%83%96%E3%83%AC%E3%83%83%E3%82%B0%E3%83%AA%E3%83%B3%E3%82%B0%E8%AD%98%E5%88%A5%E3%83%A9%E3%83%B3%E3%83%80%E3%83%A0%E6%95%B0%E3%81%A8%E8%80%90%E4%B9%85%E6%80%A7%E3%81%AE%E3%81%82%E3%82%8B%E9%B3%A5%E3%81%AE%E5%81%A5%E5%BA%B7%E3%82%92%E4%BC%B4%E3%81%86%E3%82%A2%E3%83%AB%E3%83%9F%E3%83%8B%E3%82%A6 HTTP/1.1" 200 0 "-" "Mozilla/5.0 AppleWebKit/537.36 (KHTML, like Gecko; compatible; bingbot/2.0; +http://www.bing.com/bingbot.htm) Chrome/116.0.1938.76 Safari/537.36"
66.249.74.35 - - [02/May/2025:15:56:10 -0400] "GET /?e=032174505500&channel=016564&from=blog.php%3Fid%3D45055-2463%26name%3D%E3%80%90%E3%81%BE%E3%81%A8%E3%82%81%E8%B2%B7%E3%81%8410%E5%80%8B%E3%82%BB%E3%83%83%E3%83%88%E5%93%81%E3%80%91%E3%80%90+%E3%82%B7%E3%83%AB%E3%83%90%E3%83%BC%E3%82%B0%E3%83%AD%E3%83%BC%E3%83%96+%E3%80%91%E3%80%90+%E5%8E%A8%E6%88%BF%E5%99%A8%E5%85%B7+%E8%A3%BD%E8%8F%93%E9%81%93%E5%85%B7+%E3%81%8A%E3%81%97%E3%82%83%E3%82%8C+%E9%A3%B2%E9%A3%9F%E5%BA%97+%E3%80%91 HTTP/1.1" 200 52139 "-" "Mozilla/5.0 (Linux; Android 6.0.1; Nexus 5X Build/MMB29P) AppleWebKit/537.36 (KHTML, like Gecko) Chrome/135.0.7049.95 Mobile Safari/537.36 (compatible; Googlebot/2.1; +http://www.google.com/bot.html)"
20.15.133.175 - - [02/May/2025:15:56:10 -0400] "GET /?e=00994186647302&channel=f66260&from=goods.php%3Fid%3D1866473-2060%26name%3D%E5%90%8D%E5%88%BA%E5%85%A5%E3%82%8C%E3%80%80%E3%82%AB%E3%83%BC%E3%83%89%E3%82%B1%E3%83%BC%E3%82%B9%E3%80%80%E8%B5%A4%E3%80%80%E3%83%AC%E3%83%87%E3%82%A3%E3%83%BC%E3%82%B9%E3%80%80%E7%89%9B%E9%9D%A9%E3%80%80%E9%AB%98%E5%93%81%E8%B3%AA HTTP/1.1" 200 0 "-" "Mozilla/5.0 AppleWebKit/537.36 (KHTML, like Gecko; compatible; bingbot/2.0; +http://www.bing.com/bingbot.htm) Chrome/116.0.1938.76 Safari/537.36"
52.167.144.174 - - [02/May/2025:15:56:12 -0400] "GET /?e=89054192364500&channel=2d4ba5&from=form.php%3Fid%3D1923645-6320%26name%3Ddoubgood+%E5%A5%B3%E6%80%A7%E7%94%A8%E3%82%B4%E3%83%BC%E3%83%AB%E3%83%89%E3%83%96%E3%83%AC%E3%82%B9%E3%83%AC%E3%83%83%E3%83%88+18K%E3%82%B4%E3%83%BC%E3%83%AB%E3%83%89%E3%83%A1%E3%83%83%E3%82%AD+%E3%82%B4%E3%83%BC%E3%83%AB%E3%83%89%E3%83%96%E3%83%AC%E3%82%B9%E3%83%AC%E3%83%83%E3%83%88+%E3%82%B9%E3%82%BF%E3%83%83%E3%82%AF%E3%83%93%E3%83%BC%E3%82%BA%E3%83%96%E3%83%AC%E3%82%B9%E3%83%AC%E3%83%83%E3%83%88+%E5%A5%B3%E6%80%A7%E7%94%A8%E3%82%B9%E3%83%88%E3%83%A9%E3%83%B3 HTTP/1.1" 200 0 "-" "Mozilla/5.0 AppleWebKit/537.36 (KHTML, like Gecko; compatible; bingbot/2.0; +http://www.bing.com/bingbot.htm) Chrome/116.0.1938.76 Safari/537.36"
52.167.144.229 - - [02/May/2025:15:56:16 -0400] "GET /?e=8271287851102&channel=3f158d&from=product.php%3Fid%3D878511-2328%26name%3D%E3%83%81%E3%83%A3%E3%82%A4%E3%83%AB%E3%83%89%E3%82%B7%E3%83%BC%E3%83%88%E3%80%80%E8%82%A1%E3%83%99%E3%83%AB%E3%83%88%E3%82%AB%E3%83%90%E3%83%BC HTTP/1.1" 200 0 "-" "Mozilla/5.0 AppleWebKit/537.36 (KHTML, like Gecko; compatible; bingbot/2.0; +http://www.bing.com/bingbot.htm) Chrome/116.0.1938.76 Safari/537.36"
52.167.144.229 - - [02/May/2025:15:56:21 -0400] "GET /?e=90277104923400&channel=39b1e7&from=jp.php%3Fid%3D1049234-6874%26name%3DSnowMan+%E3%83%95%E3%82%A9%E3%83%88%E3%83%95%E3%83%AC%E3%83%BC%E3%83%A0 HTTP/1.1" 200 0 "-" "Mozilla/5.0 AppleWebKit/537.36 (KHTML, like Gecko; compatible; bingbot/2.0; +http://www.bing.com/bingbot.htm) Chrome/116.0.1938.76 Safari/537.36"
52.167.144.200 - - [02/May/2025:15:56:21 -0400] "GET /?e=14673187467703&channel=c96ca2&from=shop.php%3Fid%3D1874677-15208%26name%3DVD-CH38-T%E5%9E%8B+TWINBIRD+%E3%83%84%E3%82%A4%E3%83%B3%E3%83%90%E3%83%BC%E3%83%89+%E3%83%9D%E3%83%BC%E3%83%80%E3%83%96%E3%83%AB%E9%98%B2%E6%B0%B4DVD%E3%83%97%E3%83%AC%E3%83%BC%E3%83%A4%E3%83%BC+%E9%98%B2%E6%B0%B4+DVD%E3%83%97%E3%83%AC%E3%83%BC%E3%83%A4%E3%83%BC+%E7%B4%94%E6%AD%A3+AC%E3%82%A2%E3%83%80%E3%83%97%E3%82%BF%E3%83%BC+%E3%82%A2%E3%83%80%E3%83%97%E3%82%BF+%E9%9B%BB%E6%BA%90%E3%82%A2%E3%83%80%E3%83%97%E3%82%BF%E3%83%BC+%E9%98%B2%E6%B0%B4%E3%83%AF%E3%82%A4%E3%83%A4%E3%83%AC%E3%82%B9%E3%83%A2%E3%83%8B%E3%82%BF%E3%83%BC+9V+1.5A+%E3%82%BB%E3%83%B3%E3%82%BF%E3%83%BC%E3%83%97%E3%83%A9%E3%82%B9+60-0305-1115 HTTP/1.1" 200 0 "-" "Mozilla/5.0 AppleWebKit/537.36 (KHTML, like Gecko; compatible; bingbot/2.0; +http://www.bing.com/bingbot.htm) Chrome/116.0.1938.76 Safari/537.36"
152.42.193.202 - - [02/May/2025:15:57:26 -0400] "GET /wp-content/uploads/2023/12/kalahkan-turkmenistan-timnas-u-23-indonesia-lolos-ke-piala-asia_20230912_230428.jpg HTTP/1.1" 200 0 "-" "Mozilla/5.0 (Windows NT 10.0; Win64; x64) AppleWebKit/537.36 (KHTML, like Gecko) Chrome/122.0.0.0 Safari/537.36"
52.167.144.229 - - [02/May/2025:15:57:34 -0400] "GET /?e=41750100509402&channel=487220&from=info.php%3Fid%3D1005094-18381%26name%3D%E8%90%BD%E4%B8%8B%E9%98%B2%E6%AD%A2%E3%82%B7%E3%83%AA%E3%82%B3%E3%83%B3%E3%82%BD%E3%83%95%E3%83%88%E3%82%B1%E3%83%BC%E3%82%B9+Vivotws+Air2%2FiQoo+Air2+%E3%82%A4%E3%83%A4%E3%83%9B%E3%83%B3%E4%BF%9D%E8%AD%B7%E3%82%B1%E3%83%BC%E3%82%B9%E3%83%98%E3%83%83%E3%83%89%E3%82%BB%E3%83%83%E3%83%88%E3%82%AB%E3%83%90%E3%83%BC%E5%85%85%E9%9B%BB%E3%83%9C%E3%83%83%E3%82%AF%E3%82%B9%E3%82%B9%E3%83%AA%E3%83%BC%E3%83%96 HTTP/1.1" 200 0 "-" "Mozilla/5.0 AppleWebKit/537.36 (KHTML, like Gecko; compatible; bingbot/2.0; +http://www.bing.com/bingbot.htm) Chrome/116.0.1938.76 Safari/537.36"
66.249.74.35 - - [02/May/2025:15:58:40 -0400] "GET /?e=8975511811900&channel=1c3627&from=info.php%3Fid%3D118119-2535%26name%3D%E7%94%B0%E6%9D%91%E8%A3%85%E5%82%99%E9%96%8B%E7%99%BA%E3%80%80%E3%82%B3%E3%82%A4%E3%83%B3%E3%82%B1%E3%83%BC%E3%82%B9%E3%80%80%E3%82%B9%E3%83%9A%E3%82%B7%E3%83%A3%E3%83%AB%E3%83%A2%E3%83%87%E3%83%AB HTTP/1.1" 200 51416 "-" "Mozilla/5.0 (Linux; Android 6.0.1; Nexus 5X Build/MMB29P) AppleWebKit/537.36 (KHTML, like Gecko) Chrome/135.0.7049.95 Mobile Safari/537.36 (compatible; Googlebot/2.1; +http://www.google.com/bot.html)"
52.167.144.19 - - [02/May/2025:16:00:00 -0400] "GET /?e=5120957718905&channel=d7a5d0&from=category-info.php%3Fid%3D577189-14128%26name%3DMakita+KT360D+%E5%85%85%E9%9B%BB%E5%BC%8F%E3%82%B1%E3%83%88%E3%83%AB HTTP/1.1" 200 0 "-" "Mozilla/5.0 AppleWebKit/537.36 (KHTML, like Gecko; compatible; bingbot/2.0; +http://www.bing.com/bingbot.htm) Chrome/116.0.1938.76 Safari/537.36"
52.167.144.174 - - [02/May/2025:16:00:22 -0400] "GET /?e=7129156582404&channel=dd5be7&from=pin.php%3Fid%3D565824-13931%26name%3D%E6%89%8B%E5%8B%95%E7%A8%AE%E3%81%BE%E3%81%8D%E6%A9%9F+%E3%83%8B%E3%83%B3%E3%83%8B%E3%82%AF%E3%82%B7%E3%83%BC%E3%83%80%E3%83%BC+%E3%82%B7%E3%83%BC%E3%83%87%E3%82%A3%E3%83%B3%E3%82%B0%E3%83%81%E3%82%A7%E3%83%BC%E3%83%B3+%E3%83%A4%E3%83%A0%E8%B1%86%E3%82%B7%E3%83%BC%E3%83%87%E3%82%A3%E3%83%B3%E3%82%B0%E3%83%81%E3%82%A7%E3%83%BC%E3%83%B3+%E3%82%B7%E3%83%BC%E3%83%89%E3%82%B9%E3%83%97%E3%83%BC%E3%83%B3%E4%BB%98%E3%81%8D+%E9%87%8E%E8%8F%9C%E3%82%B7%E3%83%BC%E3%83%80%E3%83%BC+%E3%82%B7%E3%83%BC%E3%83%87%E3%82%A3%E3%83%B3%E3%82%B0%E3%82%A2%E3%82%AF HTTP/1.1" 200 0 "-" "Mozilla/5.0 AppleWebKit/537.36 (KHTML, like Gecko; compatible; bingbot/2.0; +http://www.bing.com/bingbot.htm) Chrome/116.0.1938.76 Safari/537.36"
52.167.144.174 - - [02/May/2025:16:00:23 -0400] "GET /?e=1788636669701&channel=08305b&from=category-info.php%3Fid%3D366697-6673%26name%3DReFa+%E3%82%B9%E3%83%88%E3%83%AC%E3%83%BC%E3%83%88%E3%83%98%E3%82%A2%E3%82%A2%E3%82%A4%E3%83%AD%E3%83%B3+%E3%83%9B%E3%83%AF%E3%82%A4%E3%83%88%E3%80%80%E6%AD%A3%E8%A6%8F%E5%93%81 HTTP/1.1" 200 0 "-" "Mozilla/5.0 AppleWebKit/537.36 (KHTML, like Gecko; compatible; bingbot/2.0; +http://www.bing.com/bingbot.htm) Chrome/116.0.1938.76 Safari/537.36"
66.249.74.37 - - [02/May/2025:16:00:55 -0400] "GET /?e=9881577028300&channel=019838&from=category-info.php%3Fid%3D770283-16913%26name%3D%E6%AD%AF%E7%A7%91%E8%A1%9B%E7%94%9F%E5%A3%AB%E6%A8%A1%E5%9E%8B%E3%80%80%E9%A1%8E%E6%A8%A1%E5%9E%8B HTTP/1.1" 200 49822 "-" "Mozilla/5.0 (Linux; Android 6.0.1; Nexus 5X Build/MMB29P) AppleWebKit/537.36 (KHTML, like Gecko) Chrome/135.0.7049.95 Mobile Safari/537.36 (compatible; Googlebot/2.1; +http://www.google.com/bot.html)"
52.167.144.138 - - [02/May/2025:16:01:43 -0400] "GET /?e=87719157601303&channel=fe20df&from=goods.php%3Fid%3D1576013-11849%26name%3D%E3%82%BD%E3%83%BC%E3%83%89%E3%82%A2%E3%83%BC%E3%83%88%E3%83%BB%E3%82%AA%E3%83%B3%E3%83%A9%E3%82%A4%E3%83%B3+%E3%83%AA%E3%82%BA%E3%83%99%E3%83%83%E3%83%88%EF%BC%86%E3%82%B7%E3%83%AA%E3%82%AB%E3%83%87%E3%83%83%E3%82%AD HTTP/1.1" 200 0 "-" "Mozilla/5.0 AppleWebKit/537.36 (KHTML, like Gecko; compatible; bingbot/2.0; +http://www.bing.com/bingbot.htm) Chrome/116.0.1938.76 Safari/537.36"
52.167.144.138 - - [02/May/2025:16:02:03 -0400] "GET /?e=27151197215007&channel=e363f8&from=shared.php%3Fid%3D1972150-3222%26name%3DOHPHCALL+10%E5%80%8B+%E5%88%BA%E7%B9%8D%E3%82%A2%E3%83%83%E3%83%97%E3%83%AA%E3%82%B1+%E3%82%B8%E3%83%A3%E3%82%B1%E3%83%83%E3%83%88%E3%82%A2%E3%83%83%E3%83%97%E3%83%AA%E3%82%B1+%E3%82%B9%E3%83%86%E3%83%83%E3%82%AB%E3%83%BC+%E3%83%A9%E3%82%A4%E3%83%B3%E3%82%B9%E3%83%88%E3%83%BC%E3%83%B3+%E8%A1%A3%E9%A1%9E%E3%83%91%E3%83%83%E3%83%81+%E3%83%91%E3%83%83%E3%83%81%E3%82%92%E7%B8%AB%E3%81%86+%E5%BF%83%E8%87%93+%E6%9C%8D%E5%88%BA%E7%B9%8D%E3%83%91 HTTP/1.1" 200 0 "-" "Mozilla/5.0 AppleWebKit/537.36 (KHTML, like Gecko; compatible; bingbot/2.0; +http://www.bing.com/bingbot.htm) Chrome/116.0.1938.76 Safari/537.36"
52.167.144.19 - - [02/May/2025:16:02:41 -0400] "GET /?e=80412136024503&channel=071a9b&from=news.php%3Fid%3D1360245-11791%26name%3D%E6%BF%80%E3%83%AC%E3%82%A2%E5%93%81%E3%80%80%E3%83%AD%E3%82%B7%E3%82%A2%E3%81%AE%E4%BC%9D%E7%B5%B1%E5%B7%A5%E8%8A%B8%E5%93%81%E3%80%80%E3%82%B0%E3%82%B8%E3%82%A7%E3%83%AA%E7%84%BC%E3%81%8D%E3%80%80%E3%83%86%E3%82%A3%E3%83%BC%E3%83%9D%E3%83%83%E3%83%88 HTTP/1.1" 200 0 "-" "Mozilla/5.0 AppleWebKit/537.36 (KHTML, like Gecko; compatible; bingbot/2.0; +http://www.bing.com/bingbot.htm) Chrome/116.0.1938.76 Safari/537.36"
52.167.144.19 - - [02/May/2025:16:03:01 -0400] "GET /?e=2876584380207&channel=c28960&from=shared.php%3Fid%3D843802-8431%26name%3DJOINPAYA+50%E5%80%8B+%E3%82%AE%E3%82%BF%E3%83%BC%E3%82%A2%E3%82%AF%E3%82%BB%E3%82%B5%E3%83%AA%E3%83%BC%E3%82%AD%E3%83%83%E3%83%88+%E3%83%9E%E3%83%B3%E3%83%89%E3%83%AA%E3%83%B3%E3%82%92%E3%83%94%E3%83%83%E3%82%AF%E3%81%97%E3%81%BE%E3%81%99+%E3%82%A8%E3%83%AC%E3%82%AD%E3%82%AE%E3%82%BF%E3%83%BC%E3%83%94%E3%83%83%E3%82%AF+%E3%83%95%E3%82%A3%E3%83%B3%E3%82%AC%E3%83%BC%E3%83%94%E3%83%83%E3%82%AF%E3%82%AE%E3%82%BF%E3%83%BC+%E5%8E%9A%E3%81%84%E3%82%AE%E3%82%BF%E3%83%BC HTTP/1.1" 200 0 "-" "Mozilla/5.0 AppleWebKit/537.36 (KHTML, like Gecko; compatible; bingbot/2.0; +http://www.bing.com/bingbot.htm) Chrome/116.0.1938.76 Safari/537.36"
52.191.52.123 - - [02/May/2025:16:03:05 -0400] "GET /wp-content/uploads/2023/12/asisten-rumah-tangga-art-di-bandung.jpg HTTP/1.1" 200 0 "-" "Mozilla/5.0 (Windows NT 10.0; Win64; x64) AppleWebKit/537.36 (KHTML, like Gecko) Chrome/109.0.0.0 Safari/537.36"
52.191.52.123 - - [02/May/2025:16:03:06 -0400] "GET /wp-content/uploads/2023/12/asisten-rumah-tangga-art-di-bandung.jpg HTTP/1.1" 200 0 "-" "Mozilla/5.0 (Windows NT 10.0; Win64; x64) AppleWebKit/537.36 (KHTML, like Gecko) Chrome/109.0.0.0 Safari/537.36"
52.191.52.123 - - [02/May/2025:16:03:06 -0400] "GET /wp-content/uploads/2023/12/asisten-rumah-tangga-art-di-bandung.jpg HTTP/1.1" 200 0 "-" "Mozilla/5.0 (Windows NT 10.0; Win64; x64) AppleWebKit/537.36 (KHTML, like Gecko) Chrome/109.0.0.0 Safari/537.36"
216.218.147.201 - - [02/May/2025:16:04:45 -0400] "GET /?e=17582163121003&channel=94df7b&from=product.php%3Fid%3D1631210-5747%26name%3DSD+%E3%83%97%E3%83%A9%E3%83%A2%E3%83%87%E3%83%AB+NT%E5%B0%82%E7%94%A8%E3%83%A2%E3%83%93%E3%83%AB%E3%82%A2%E3%83%BC%E3%83%9E%E3%83%BC HTTP/1.1" 200 0 "-" "Mozilla/5.0 (Windows NT 10.0; Win64; x64) AppleWebKit/537.36 (KHTML, like Gecko) Chrome/132.0.6834.110 Safari/537.36"
52.167.144.229 - - [02/May/2025:16:06:26 -0400] "GET /?e=9222563966100&channel=4f498f&from=form.php%3Fid%3D639661-490%26name%3D%E3%82%A2%E3%83%A9%E3%82%A4%E3%83%B3%EF%BC%88ALIGN%EF%BC%89%E3%83%98%E3%83%AA%E7%94%A8%E3%83%A2%E3%83%BC%E3%82%BF%E3%83%BC+RCM-BL700MX+510kv HTTP/1.1" 200 0 "-" "Mozilla/5.0 AppleWebKit/537.36 (KHTML, like Gecko; compatible; bingbot/2.0; +http://www.bing.com/bingbot.htm) Chrome/116.0.1938.76 Safari/537.36"
52.167.144.204 - - [02/May/2025:16:07:26 -0400] "GET /?e=97922113060005&channel=067d07&from=brands.php%3Fid%3D1130600-6967%26name%3D%E3%83%AC%E3%83%8E%E3%83%9C%E5%AF%BE%E5%BF%9C+Latitude13+7390+AC%E3%82%A2%E3%83%80%E3%83%97%E3%82%BF%E3%83%BC+%E4%BA%A4%E6%8F%9B%E7%94%A8%E5%85%85%E9%9B%BB%E5%99%A8+20V+2.25A+45W+TypeC+%E9%9B%BB%E6%BA%90%E3%82%A2%E3%83%80%E3%83%97%E3%82%BF%E3%83%BC+G HTTP/1.1" 200 0 "-" "Mozilla/5.0 AppleWebKit/537.36 (KHTML, like Gecko; compatible; bingbot/2.0; +http://www.bing.com/bingbot.htm) Chrome/116.0.1938.76 Safari/537.36"
52.167.144.138 - - [02/May/2025:16:08:04 -0400] "GET /?e=4072850304008&channel=1a7ea2&from=goods.php%3Fid%3D503040-12555%26name%3D%E3%82%A2%E3%83%B3%E3%83%91%E3%83%B3%E3%83%9E%E3%83%B3%E3%80%80%E3%82%B8%E3%83%A3%E3%83%B3%E3%82%B0%E3%83%AB%E3%82%B8%E3%83%A0%E3%80%80%E6%89%8B%E9%81%8A%E3%81%B3%E3%81%84%E3%81%A3%E3%81%B1%E3%81%84%E3%82%88%E3%81%8F%E3%81%B0%E3%82%8A%E3%83%91%E3%83%BC%E3%82%AF HTTP/1.1" 200 0 "-" "Mozilla/5.0 AppleWebKit/537.36 (KHTML, like Gecko; compatible; bingbot/2.0; +http://www.bing.com/bingbot.htm) Chrome/116.0.1938.76 Safari/537.36"
52.167.144.204 - - [02/May/2025:16:09:07 -0400] "GET /?e=13150184046100&channel=d9185c&from=product.php%3Fid%3D1840461-2605%26name%3D%E3%83%9F%E3%83%83%E3%83%95%E3%82%A3%E3%83%BC+%E3%82%A6%E3%83%83%E3%83%89%E3%83%81%E3%83%A3%E3%83%BC%E3%83%A0+%E3%83%81%E3%82%A7%E3%83%AA%E3%83%BC+603699+%E3%83%95%E3%83%AB%E3%83%BC%E3%83%84+miffy+%E3%83%87%E3%82%A3%E3%83%83%E3%82%AF%E3%83%96%E3%83%AB%E3%83%BC%E3%83%8A HTTP/1.1" 200 0 "-" "Mozilla/5.0 AppleWebKit/537.36 (KHTML, like Gecko; compatible; bingbot/2.0; +http://www.bing.com/bingbot.htm) Chrome/116.0.1938.76 Safari/537.36"
52.167.144.138 - - [02/May/2025:16:09:14 -0400] "GET /?e=4990568080305&channel=d1e14f&from=article.php%3Fid%3D680803-4535%26name%3DDJI+Pocket+2+Creator+Combo+%28%E3%83%9D%E3%82%B1%E3%83%83%E3%83%882%E3%82%AF%E3%83%AA%E3%82%A8%E3%83%BC%E3%82%BF%E3%83%BC%E3%82%B3%E3%83%B3%E3%83%9C%29+3%E8%BB%B8%E3%82%B9%E3%82%BF%E3%83%93%E3%83%A9%E3%82%A4%E3%82%B6%E3%83%BC%E6%90%AD%E8%BC%89+%E3%83%8F%E3%83%B3%E3%83%89%E3%83%98%E3%83%AB%E3%83%89%E3%82%AB%E3%83%A1%E3%83%A9+%E3%83%93%E3%83%87%E3%82%AA%E3%82%AB%E3%83%A1%E3%83%A9+osmopocket-2-combo%E3%80%90%E5%8F%AF%28C%29%E3%80%91 HTTP/1.1" 200 0 "-" "Mozilla/5.0 AppleWebKit/537.36 (KHTML, like Gecko; compatible; bingbot/2.0; +http://www.bing.com/bingbot.htm) Chrome/116.0.1938.76 Safari/537.36"
52.167.144.167 - - [02/May/2025:16:09:21 -0400] "GET /?e=6073786423406&channel=d81260&from=goods.php%3Fid%3D864234-17847%26name%3D%E6%9C%A8%E8%A3%BD%E3%81%AE%E3%83%AC%E3%83%BC%E3%82%B7%E3%83%B3%E3%82%B0%E3%83%93%E3%83%BC%E3%82%BA%E3%80%81%E3%83%93%E3%83%BC%E3%82%BA%E3%81%AE%E7%B7%A8%E3%81%BF%E6%95%99%E8%82%B2%E7%8E%A9%E5%85%B7+-+%E3%82%AB%E3%83%A9%E3%83%BC%E3%83%9E%E3%83%83%E3%83%81%E3%83%B3%E3%82%B0%E3%82%B2%E3%83%BC%E3%83%A0+%7C+%E7%B4%B0%E3%81%8B%E3%81%84%E9%81%8B%E5%8B%95%E8%83%BD%E5%8A%9B%E3%81%AE%E3%81%9F%E3%82%81%E3%81%AE%E3%82%AB%E3%83%A9%E3%83%BC%E8%AA%8D%E8%AD%98%E3%82%B2%E3%83%BC%E3%83%A0%E3%80%813%E6%AD%B3%E4%BB%A5%E4%B8%8A%E3%81%AE%E7%94%B7%E3%81%AE HTTP/1.1" 200 0 "-" "Mozilla/5.0 AppleWebKit/537.36 (KHTML, like Gecko; compatible; bingbot/2.0; +http://www.bing.com/bingbot.htm) Chrome/116.0.1938.76 Safari/537.36"
52.167.144.204 - - [02/May/2025:16:09:27 -0400] "GET /?e=6915951653900&channel=0f4e75&from=blog.php%3Fid%3D516539-12057%26name%3D%E5%B0%82%E7%94%A8%E3%81%A7%E3%81%99%EF%BC%81%E2%91%A3%E3%83%80%E3%82%A4%E3%83%8B%E3%83%B3%E3%82%B0%E3%83%81%E3%82%A7%E3%82%A2 HTTP/1.1" 200 0 "-" "Mozilla/5.0 AppleWebKit/537.36 (KHTML, like Gecko; compatible; bingbot/2.0; +http://www.bing.com/bingbot.htm) Chrome/116.0.1938.76 Safari/537.36"
52.167.144.138 - - [02/May/2025:16:10:43 -0400] "GET /?e=14431160775402&channel=d9a4e8&from=category-info.php%3Fid%3D1607754-21543%26name%3D%E5%AE%89%E5%BF%83%E3%81%AE%E6%97%A5%E6%9C%AC%E5%9B%BD%E5%86%85%E7%94%9F%E7%94%A3+SHIFT+%E3%82%B7%E3%83%95%E3%83%88+%E3%83%AF%E3%82%A4%E3%83%91%E3%83%BC%E6%9B%BF%E3%81%88%E3%82%B4%E3%83%A0+%E3%82%B0%E3%83%A9%E3%83%95%E3%82%A1%E3%82%A4%E3%83%88+%E3%83%95%E3%83%AD%E3%83%B3%E3%83%882%E6%9C%AC%E3%82%BB%E3%83%83%E3%83%88+TOYOTA+%E3%83%88%E3%83%A8%E3%82%BF+%E3%83%AC%E3%82%B8%E3%82%A2%E3%82%B9%E3%82%A8%E3%83%BC%E3%82%B9+%E3%83%AF%E3%82%A4%E3%83%89+GDH21%23%23%2FGDH22%23%23%2FKDH21%23%23%2FKDH22%23%23%2FTRH21%23%23%2FTRH22%23%23+2004.8%E3%80%9C2020+G HTTP/1.1" 200 0 "-" "Mozilla/5.0 AppleWebKit/537.36 (KHTML, like Gecko; compatible; bingbot/2.0; +http://www.bing.com/bingbot.htm) Chrome/116.0.1938.76 Safari/537.36"
52.167.144.167 - - [02/May/2025:16:13:01 -0400] "GET /?e=2597486577202&channel=6ccb85&from=goods.php%3Fid%3D865772-5429%26name%3D%E6%9C%89%E5%B2%A1%E5%A4%A7%E8%B2%B4%E3%81%86%E3%81%A1%E3%82%8F%E5%85%AC%E5%BC%8F%E5%86%99%E7%9C%9FFC%E4%BC%9A%E5%A0%B1%E3%83%9A%E3%83%B3%E3%83%A9%E3%82%A4%E3%83%88%E3%81%AC%E3%81%84%E3%81%90%E3%82%8B%E3%81%BFCD%E3%82%A2%E3%83%AB%E3%83%90%E3%83%A0BD%E3%82%AB%E3%83%BC%E3%83%89%E5%8E%9A%E7%B4%99 HTTP/1.1" 200 0 "-" "Mozilla/5.0 AppleWebKit/537.36 (KHTML, like Gecko; compatible; bingbot/2.0; +http://www.bing.com/bingbot.htm) Chrome/116.0.1938.76 Safari/537.36"
52.167.144.204 - - [02/May/2025:16:15:08 -0400] "GET /?e=71384136982903&channel=feb8c9&from=form.php%3Fid%3D1369829-9956%26name%3D%E3%82%A2%E3%83%8B%E3%83%A1+%E3%82%B9%E3%83%9E%E3%83%9B%E3%82%B9%E3%82%BF%E3%83%B3%E3%83%89+%E9%AD%94%E6%B3%95%E5%B0%91%E5%A5%B3%E3%82%B5%E3%82%A4%E3%83%88+%E9%9B%A8%E8%B0%B7%E5%B0%8F%E9%9B%A8+%E6%90%BA%E5%B8%AF%E9%9B%BB%E8%A9%B1%E5%8D%93%E4%B8%8A+%E5%85%85%E9%9B%BB%E3%82%B9%E3%82%BF%E3%83%B3%E3%83%89+%E6%8A%98%E3%82%8A%E7%95%B3%E3%81%BF%E5%BC%8F+%E6%8C%81%E3%81%A1%E9%81%8B%E3%81%B3%E3%82%84%E3%81%99%E3%81%84+%E9%AB%98%E5%BA%A6%EF%BC%86%E8%A7%92%E5%BA%A6%E8%AA%BF%E6%95%B4%E5%8F%AF%E8%83%BD+%E8%BB%BD%E9%87%8F HTTP/1.1" 200 0 "-" "Mozilla/5.0 AppleWebKit/537.36 (KHTML, like Gecko; compatible; bingbot/2.0; +http://www.bing.com/bingbot.htm) Chrome/116.0.1938.76 Safari/537.36"
66.249.74.37 - - [02/May/2025:16:17:04 -0400] "GET /?e=08809144783303&channel=00d445&from=goods.php%3Fid%3D1447833-17579%26name%3DClearView+UGREEN+UGR-BY-000008+UGR-BY-000009%E7%94%A8+%E6%B6%B2%E6%99%B6%E4%BF%9D%E8%AD%B7%E3%83%95%E3%82%A3%E3%83%AB%E3%83%A0++%E3%83%9E%E3%83%83%E3%83%88%28%E5%8F%8D%E5%B0%84%E4%BD%8E%E6%B8%9B%29%E3%82%BF%E3%82%A4%EF%BC%8869-3062-51+%E6%B6%B2%E6%99%B6%E4%BF%9D%E8%AD%B7%E3%83%95%E3%82%A3%E3%83%AB%E3%83%A0+dynabook+G83%2FHU+13.3%E3%82%A4%E3%83%B3%E3%83%81+%E3%81%AE%E3%81%9E%E3%81%8D%E8%A6%8B%E9%98%B2%E6%AD%A2+%E3%83%95%E3%82%A3%E3%83%AB%E3%82%BF%E3%83%BC++private-pc-moni-k0001525526+%E3%80%90AXEL%E3%80%91+%E3%82%A2%E3%82%BA%E3%83%AF%E3%83%B3%EF%BC%89 HTTP/1.1" 200 51739 "-" "Mozilla/5.0 (Linux; Android 6.0.1; Nexus 5X Build/MMB29P) AppleWebKit/537.36 (KHTML, like Gecko) Chrome/135.0.7049.95 Mobile Safari/537.36 (compatible; Googlebot/2.1; +http://www.google.com/bot.html)"
52.167.144.167 - - [02/May/2025:16:18:02 -0400] "GET /?e=21099187781400&channel=fc5f5d&from=pin.php%3Fid%3D1877814-22216%26name%3D%E6%A0%AA%E4%B8%BB%E5%84%AA%E5%BE%85%E4%B9%97%E8%BB%8A%E3%82%AB%E3%83%BC%E3%83%89+6%E5%9B%9E%E5%88%86+%E6%9C%89%E5%8A%B9%E6%9C%9F%E9%99%902025%E5%B9%B47%E6%9C%8810%E6%97%A5 HTTP/1.1" 200 0 "-" "Mozilla/5.0 AppleWebKit/537.36 (KHTML, like Gecko; compatible; bingbot/2.0; +http://www.bing.com/bingbot.htm) Chrome/116.0.1938.76 Safari/537.36"
52.167.144.161 - - [02/May/2025:16:18:09 -0400] "GET /?e=7941821173409&channel=3f3cc2&from=product.php%3Fid%3D211734-7387%26name%3D%E3%80%90%E7%B4%94%E6%AD%A3%E3%80%91%E3%82%A8%E3%83%83%E3%82%B8%E3%82%AB%E3%83%83%E3%83%88%E3%82%B3%E3%83%AC%E3%82%AF%E3%82%B7%E3%83%A7%E3%83%B3+%E3%83%92%E3%83%BC%E3%83%AB%26%E3%83%88%E3%82%A5%E3%83%BB%E3%82%B7%E3%83%95%E3%83%88%E3%83%AC%E3%83%90%E3%83%BC HTTP/1.1" 200 0 "-" "Mozilla/5.0 AppleWebKit/537.36 (KHTML, like Gecko; compatible; bingbot/2.0; +http://www.bing.com/bingbot.htm) Chrome/116.0.1938.76 Safari/537.36"
40.77.167.123 - - [02/May/2025:16:18:14 -0400] "GET /?e=42973182302202&channel=ca67a9&from=brands.php%3Fid%3D1823022-18452%26name%3D%E3%82%AF%E3%83%AA%E3%83%8B%E3%83%BC%E3%82%AF%E3%80%80%E3%83%A9%E3%83%83%E3%82%B7%E3%83%A5%E3%83%91%E3%83%AF%E3%83%BC%E3%83%9E%E3%82%B9%E3%82%AB%E3%83%A9+01+%E3%83%96%E3%83%A9%E3%83%83%E3%82%AF%E3%82%AA%E3%83%8B%E3%82%AD%E3%82%B9 HTTP/1.1" 200 0 "-" "Mozilla/5.0 AppleWebKit/537.36 (KHTML, like Gecko; compatible; bingbot/2.0; +http://www.bing.com/bingbot.htm) Chrome/116.0.1938.76 Safari/537.36"
40.77.167.123 - - [02/May/2025:16:18:14 -0400] "GET /?e=76320182543608&channel=87528e&from=blog.php%3Fid%3D1825436-7441%26name%3D%5BSUPVOX%5D+10%E5%80%8B+%E3%82%AF%E3%83%AA%E3%82%B9%E3%82%BF%E3%83%AB%E3%82%A2%E3%83%83%E3%83%97%E3%83%AB%E3%83%9A%E3%83%B3%E3%83%80%E3%83%B3%E3%83%88+%E3%83%8D%E3%83%83%E3%82%AF%E3%83%AC%E3%82%B9%E3%83%9A%E3%83%B3%E3%83%80%E3%83%B3%E3%83%88%E4%BD%9C%E3%82%8A+%E5%B9%B8%E9%81%8B%E3%81%AE%E3%81%8A%E5%AE%88%E3%82%8A%E3%83%93%E3%83%BC%E3%82%BA+%E3%83%95%E3%83%AB%E3%83%BC%E3%83%84%E3%83%80%E3%83%B3%E3%82%B0%E3%83%AB%E3%83%81%E3%83%A3%E3%83%BC%E3%83%A0+%E3%82%AF%E3%83%AA HTTP/1.1" 200 0 "-" "Mozilla/5.0 AppleWebKit/537.36 (KHTML, like Gecko; compatible; bingbot/2.0; +http://www.bing.com/bingbot.htm) Chrome/116.0.1938.76 Safari/537.36"
52.167.144.167 - - [02/May/2025:16:18:42 -0400] "GET /?e=16409162434601&channel=fcd11a&from=blog.php%3Fid%3D1624346-1840%26name%3DINI+RTP+%E3%83%88%E3%83%BC%E3%83%88%E3%83%90%E3%83%83%E3%82%B0+%E8%A8%B1%E8%B1%8A%E5%87%A1%E3%83%97%E3%83%AD%E3%83%87%E3%83%A5%E3%83%BC%E3%82%B9+%E3%83%84%E3%82%A2%E3%83%BC%E3%82%B0%E3%83%83%E3%82%BA HTTP/1.1" 200 0 "-" "Mozilla/5.0 AppleWebKit/537.36 (KHTML, like Gecko; compatible; bingbot/2.0; +http://www.bing.com/bingbot.htm) Chrome/116.0.1938.76 Safari/537.36"
52.167.144.216 - - [02/May/2025:16:20:02 -0400] "GET /?e=1309476725900&channel=0a4aa8&from=product.php%3Fid%3D767259-10433%26name%3D%E5%AF%8C%E5%A3%AB%E6%80%A5%E3%83%8F%E3%82%A4%E3%83%A9%E3%83%B3%E3%83%89%E3%83%95%E3%83%AA%E3%83%BC%E3%83%91%E3%82%B9+%E5%BC%95%E6%8F%9B%E5%88%B85%E6%9E%9A HTTP/1.1" 200 0 "-" "Mozilla/5.0 AppleWebKit/537.36 (KHTML, like Gecko; compatible; bingbot/2.0; +http://www.bing.com/bingbot.htm) Chrome/116.0.1938.76 Safari/537.36"
52.167.144.216 - - [02/May/2025:16:20:03 -0400] "GET /?e=3916367139503&channel=0771f5&from=goods.php%3Fid%3D671395-6515%26name%3D%E5%8B%95%E4%BD%9C%E7%A2%BA%E8%AA%8D%E6%B8%88+Core+i7-7700K HTTP/1.1" 200 0 "-" "Mozilla/5.0 AppleWebKit/537.36 (KHTML, like Gecko; compatible; bingbot/2.0; +http://www.bing.com/bingbot.htm) Chrome/116.0.1938.76 Safari/537.36"
52.167.144.216 - - [02/May/2025:16:20:04 -0400] "GET /?e=70329156822100&channel=974e36&from=shared.php%3Fid%3D1568221-3705%26name%3D%E3%83%A1%E3%83%AB%E3%83%B4%E3%82%A3%E3%83%BC%E3%82%BF+%E3%82%A2%E3%83%AB%E3%82%AC%E3%83%B3%E3%82%AA%E3%82%A4%E3%83%AB%E7%84%A1%E9%A6%99%E6%96%9950ml+%E3%83%95%E3%82%A7%E3%82%A4%E3%82%B9%E3%83%88%E3%83%8A%E3%83%BC+%E3%83%8A%E3%82%A4%E3%83%88%E3%83%90%E3%83%BC%E3%83%A0+%E3%82%BB%E3%83%83%E3%83%88 HTTP/1.1" 200 0 "-" "Mozilla/5.0 AppleWebKit/537.36 (KHTML, like Gecko; compatible; bingbot/2.0; +http://www.bing.com/bingbot.htm) Chrome/116.0.1938.76 Safari/537.36"
20.15.133.175 - - [02/May/2025:16:21:57 -0400] "GET /?e=5719766692402&channel=24a486&from=goods.php%3Fid%3D666924-48%26name%3D%E2%9D%81%E5%8B%95%E4%BD%9C%E8%89%AF%E5%A5%BD%E2%9D%81Canon+EF+24-105mm+F4L+IS+USM+%E3%82%AD%E3%83%A4%E3%83%8E%E3%83%B3 HTTP/1.1" 200 0 "-" "Mozilla/5.0 AppleWebKit/537.36 (KHTML, like Gecko; compatible; bingbot/2.0; +http://www.bing.com/bingbot.htm) Chrome/116.0.1938.76 Safari/537.36"
52.167.144.161 - - [02/May/2025:16:22:59 -0400] "GET /?e=79895100769703&channel=34bd6e&from=shared.php%3Fid%3D1007697-18261%26name%3DGeneric+4%E3%83%94%E3%83%BC%E3%82%B9%2F%E5%80%8B+K170%E5%AE%89%E5%AE%9A%E3%81%97%E3%81%9F%E3%83%98%E3%83%AA%E3%83%83%E3%82%AFACCS%E3%81%AE%E3%83%96%E3%83%AC%E3%83%BC%E3%83%89%E8%BB%BD%E9%87%8F%E4%BD%BF%E7%94%A8%E7%8E%87RC HTTP/1.1" 200 0 "-" "Mozilla/5.0 AppleWebKit/537.36 (KHTML, like Gecko; compatible; bingbot/2.0; +http://www.bing.com/bingbot.htm) Chrome/116.0.1938.76 Safari/537.36"
52.167.144.162 - - [02/May/2025:16:23:04 -0400] "GET /?e=0960768931104&channel=fa4a75&from=pin.php%3Fid%3D689311-15277%26name%3D%E5%85%89%E3%83%95%E3%82%A1%E3%82%A4%E3%83%90%E3%83%BC%E5%88%87%E6%96%AD%E3%80%81+%E3%83%95%E3%82%A1%E3%82%A4%E3%83%90%E3%83%BC%E3%82%AF%E3%83%AA%E3%83%BC%E3%83%90%E3%83%BC+%E5%85%89%E3%83%95%E3%82%A1%E3%82%A4%E3%83%90%E3%83%BC%E8%9E%8D%E7%9D%80%E6%8E%A5%E7%B6%9A%E6%A9%9F+%E7%89%B9%E6%AE%8A%E3%82%B5%E3%83%83%E3%83%86%E3%82%A3%E3%83%B3%E3%82%B0%E3%83%8A%E3%82%A4%E3%83%95+TM-27+%E3%83%95%E3%82%A1%E3%82%A4%E3%83%90%E3%83%BC%E3%82%AF%E3%83%AA%E3%83%BC%E3%83%90%E3%83%BC+%E9%AB%98%E7%B2%BE%E5%BA%A6%E3%83%95 HTTP/1.1" 200 0 "-" "Mozilla/5.0 AppleWebKit/537.36 (KHTML, like Gecko; compatible; bingbot/2.0; +http://www.bing.com/bingbot.htm) Chrome/116.0.1938.76 Safari/537.36"
52.167.144.216 - - [02/May/2025:16:23:13 -0400] "GET /?e=6223946513604&channel=1fccfb&from=goods.php%3Fid%3D465136-8139%26name%3D%5B%E3%82%A8%E3%82%A2%E3%83%AA%E3%83%BC%E3%82%B9%E3%83%86%E3%83%83%E3%83%97%5D+%E3%82%B9%E3%83%AA%E3%83%83%E3%83%9D%E3%83%B3%E3%82%B7%E3%83%A5%E3%83%BC%E3%82%BA+%E3%83%AC%E3%83%87%E3%82%A3%E3%83%BC%E3%82%B9+%E3%83%AC%E3%82%B6%E3%83%BC+%E3%82%A2%E3%82%A6%E3%83%88%E3%82%B9%E3%83%86%E3%83%83%E3%83%81%E3%83%87%E3%82%B6%E3%82%A4%E3%83%B3+%E5%B9%85%E5%BA%83+4E+048-0206 HTTP/1.1" 200 0 "-" "Mozilla/5.0 AppleWebKit/537.36 (KHTML, like Gecko; compatible; bingbot/2.0; +http://www.bing.com/bingbot.htm) Chrome/116.0.1938.76 Safari/537.36"
66.249.74.37 - - [02/May/2025:16:25:28 -0400] "GET /?e=20598154997500&channel=406c93&from=article.php%3Fid%3D1549975-11218%26name%3D%E8%8A%B1%E5%86%A0%E3%81%AE%E3%81%8F%E3%81%BE%E3%81%95%E3%82%93%E3%83%AA%E3%83%95%E3%82%A3%E3%83%AB%E3%80%80%E7%BE%BD%E6%A7%98%E5%B0%82%E7%94%A8%E3%83%9A%E3%83%BC%E3%82%B8 HTTP/1.1" 200 51858 "-" "Mozilla/5.0 (Linux; Android 6.0.1; Nexus 5X Build/MMB29P) AppleWebKit/537.36 (KHTML, like Gecko) Chrome/135.0.7049.95 Mobile Safari/537.36 (compatible; Googlebot/2.1; +http://www.google.com/bot.html)"
52.167.144.161 - - [02/May/2025:16:25:31 -0400] "GET /?e=2789763974600&channel=4f498f&from=pin.php%3Fid%3D639746-490%26name%3D%E3%82%BF%E3%83%9F%E3%83%A4%E3%80%80%E9%99%90%E5%AE%9A+%E3%83%8B%E3%82%B9%E3%83%A2%E3%82%AB%E3%83%83%E3%83%91%E3%83%BC%E3%83%9F%E3%83%83%E3%82%AF%E3%82%B9%E3%82%B7%E3%83%AB%E3%83%93%E3%82%A2%E3%80%80%E8%BB%BD%E9%87%8F%E3%83%9C%E3%83%87%E3%82%A3%E3%83%91%E3%83%BC%E3%83%84%E3%82%BB%E3%83%83%E3%83%88 HTTP/1.1" 200 0 "-" "Mozilla/5.0 AppleWebKit/537.36 (KHTML, like Gecko; compatible; bingbot/2.0; +http://www.bing.com/bingbot.htm) Chrome/116.0.1938.76 Safari/537.36"
52.167.144.161 - - [02/May/2025:16:26:00 -0400] "GET /?e=4571223076700&channel=5f5866&from=jp.php%3Fid%3D230767-3504%26name%3D%E3%83%9E%E3%83%83%E3%83%8F3.0MPa%E9%AB%98%E5%9C%A7%E5%B0%82%E7%94%A8%E3%83%8F%E3%82%A4%E3%83%97%E3%83%AC%E3%83%83%E3%82%B7%E3%83%A3%E3%83%BC%E3%83%9B%E3%83%BC%E3%82%B9 HTTP/1.1" 200 0 "-" "Mozilla/5.0 AppleWebKit/537.36 (KHTML, like Gecko; compatible; bingbot/2.0; +http://www.bing.com/bingbot.htm) Chrome/116.0.1938.76 Safari/537.36"
52.167.144.216 - - [02/May/2025:16:26:23 -0400] "GET /?e=0222995106600&channel=cf081a&from=product.php%3Fid%3D951066-14108%26name%3D%E5%A4%A7%E3%81%8D%E3%81%84%E3%82%B5%E3%82%A4%E3%82%BA+S-6XL+%E3%83%A9%E3%83%B3%E3%83%90%E3%83%BC%E3%83%90%E3%83%83%E3%82%AF%E3%82%B5%E3%83%9D%E3%83%BC%E3%83%88%E3%83%99%E3%83%AB%E3%83%88+%E3%83%A6%E3%83%8B%E3%82%BB%E3%83%83%E3%82%AF%E3%82%B9%E8%85%B0%E9%83%A8%E3%83%96%E3%83%AC%E3%83%BC%E3%82%B9+%E8%AA%BF%E7%AF%80%E5%8F%AF%E8%83%BD%E3%81%AA%E3%82%A6%E3%82%A8%E3%82%B9%E3%83%88%E3%83%90%E3%83%83%E3%82%AF%E5%A7%BF%E5%8B%A2%E7%9F%AF%E6%AD%A3%E8%A3%85%E7%BD%AE+%E8%84%8A%E6%A4%8E%E6%B8%9B%E5%9C%A7%E8%A1%93 HTTP/1.1" 200 0 "-" "Mozilla/5.0 AppleWebKit/537.36 (KHTML, like Gecko; compatible; bingbot/2.0; +http://www.bing.com/bingbot.htm) Chrome/116.0.1938.76 Safari/537.36"
52.167.144.216 - - [02/May/2025:16:26:24 -0400] "GET /?e=1139732713001&channel=bccf4a&from=product.php%3Fid%3D327130-2655%26name%3D%E3%83%8F%E3%83%B3%E3%83%89%E3%83%A1%E3%82%A4%E3%83%89+%E3%83%93%E3%83%BC%E3%83%8B%E3%83%BC%E5%B8%BD+%E9%9D%92%E7%B7%91%E9%BB%84%E3%82%AA%E3%83%AC%E3%83%B3%E3%82%B8%E3%83%94%E3%83%B3%E3%82%AF HTTP/1.1" 200 0 "-" "Mozilla/5.0 AppleWebKit/537.36 (KHTML, like Gecko; compatible; bingbot/2.0; +http://www.bing.com/bingbot.htm) Chrome/116.0.1938.76 Safari/537.36"
66.249.74.37 - - [02/May/2025:16:27:02 -0400] "GET /?e=98291195254400&channel=6322e3&from=form.php%3Fid%3D1952544-8421%26name%3D%E3%82%A4%E3%83%8F%E3%83%A9%E3%82%B5%E3%82%A4%E3%82%A8%E3%83%B3%E3%82%B9+NE%E5%BD%A2%E9%8B%BC%E7%AE%A1%E7%94%A8%E3%81%8F%E3%81%84%E8%BE%BC%E3%81%BF%E7%B6%99%E6%89%8B+%E3%83%9B%E3%83%BC%E3%82%B9%E6%8E%A5%E7%B6%9A%E3%83%A6%E3%83%8B%E3%82%AA%E3%83%B3%E3%82%A8%E3%83%AB%E3%83%9C+KLD+22mm+KLD22-040E HTTP/1.1" 200 51109 "-" "Mozilla/5.0 (Linux; Android 6.0.1; Nexus 5X Build/MMB29P) AppleWebKit/537.36 (KHTML, like Gecko) Chrome/135.0.7049.95 Mobile Safari/537.36 (compatible; Googlebot/2.1; +http://www.google.com/bot.html)"
52.167.144.216 - - [02/May/2025:16:28:43 -0400] "GET /?e=69131179846604&channel=851e7b&from=article.php%3Fid%3D1798466-13519%26name%3DDehocos+%E7%AA%93%E7%94%A8%E3%83%95%E3%82%A3%E3%83%AB%E3%83%A0+%E3%82%AC%E3%83%A9%E3%82%B9%E3%83%95%E3%82%A3%E3%83%AB%E3%83%A0+%E7%99%92%E3%81%97%E7%B3%BB+%E7%AA%93%E3%82%AC%E3%83%A9%E3%82%B9%E3%83%95%E3%82%A3%E3%83%AB%E3%83%A0+%E7%AA%93%E7%94%A8%E7%9B%AE%E9%9A%A0%E3%81%97%E3%82%B7%E3%83%BC%E3%83%88+%E7%AA%93+%E3%82%81%E3%81%8B%E3%81%8F%E3%81%97%E3%82%B7%E3%83%BC%E3%83%88+%E8%B2%BC%E3%81%A3%E3%81%A6%E3%81%AF%E3%81%8C%E3%81%9B%E3%82%8B+%E6%96%AD%E7%86%B1 HTTP/1.1" 200 0 "-" "Mozilla/5.0 AppleWebKit/537.36 (KHTML, like Gecko; compatible; bingbot/2.0; +http://www.bing.com/bingbot.htm) Chrome/116.0.1938.76 Safari/537.36"
66.249.74.36 - - [02/May/2025:16:29:03 -0400] "GET /?e=98497135506206&channel=e252dc&from=goods.php%3Fid%3D1355062-13212%26name%3D%E3%83%AC%E3%83%87%E3%82%A3%E3%83%BC%E3%82%B9%E6%B0%B4%E7%9D%805%E7%82%B9%E3%82%BB%E3%83%83%E3%83%88%E3%80%80%E3%83%A9%E3%83%83%E3%82%B7%E3%83%A5%E3%82%AC%E3%83%BC%E3%83%89%E9%95%B7%E8%A2%96+%E3%83%AC%E3%82%AE%E3%83%B3%E3%82%B9+%E3%82%B9%E3%83%9C%E3%83%BC%E3%83%84%E3%83%96%E3%83%A9%E3%80%80L HTTP/1.1" 200 52122 "-" "Mozilla/5.0 (Linux; Android 6.0.1; Nexus 5X Build/MMB29P) AppleWebKit/537.36 (KHTML, like Gecko) Chrome/135.0.7049.95 Mobile Safari/537.36 (compatible; Googlebot/2.1; +http://www.google.com/bot.html)"
66.249.74.36 - - [02/May/2025:16:29:50 -0400] "GET /?e=527082352007&channel=0b67c1&from=blog.php%3Fid%3D23520-208%26name%3D%E5%8F%A4%E7%9D%80+80%7E90%27S+%E3%82%A8%E3%83%87%E3%82%A3%E3%83%BC%E3%83%90%E3%82%A6%E3%82%A2%E3%83%BC+Eddie+Bauer+%E9%BB%92%E3%82%BF%E3%82%B0+%E3%83%AC%E3%82%B6%E3%83%BC%E3%82%B0%E3%83%BC%E3%82%B9%E3%83%80%E3%82%A6%E3%83%B3%E3%82%B8%E3%83%A3%E3%82%B1%E3%83%83%E3%83%88+%E3%83%91%E3%83%95%E3%82%A1%E3%83%BC%E3%82%B8%E3%83%A3%E3%82%B1%E3%83%83%E3%83%88+%E3%83%A1%E3%83%B3%E3%82%BAL%E7%9B%B8%E5%BD%93+%E3%83%B4%E3%82%A3%E3%83%B3%E3%83%86%E3%83%BC%E3%82%B8+%2Fevb008885+%E3%80%90%E4%B8%AD%E5%8F%A4%E3%80%91+%E3%80%90241207%E3%80%91+%E3%80%90N2412%E3%80%91 HTTP/1.1" 200 53157 "-" "Mozilla/5.0 (Linux; Android 6.0.1; Nexus 5X Build/MMB29P) AppleWebKit/537.36 (KHTML, like Gecko) Chrome/135.0.7049.95 Mobile Safari/537.36 (compatible; Googlebot/2.1; +http://www.google.com/bot.html)"
66.249.74.36 - - [02/May/2025:16:31:06 -0400] "GET /?e=74182153430500&channel=5ce870&from=news.php%3Fid%3D1534305-21292%26name%3D%E6%AF%8D%E5%AD%90%E6%89%8B%E5%B8%B3%E3%82%B1%E3%83%BC%E3%82%B9+%E3%82%AF%E3%83%AC%E3%83%A8%E3%83%B3%E3%81%97%E3%82%93%E3%81%A1%E3%82%83%E3%82%93+%E3%83%9E%E3%83%AB%E3%83%81%E3%82%B1%E3%83%BC%E3%82%B9+%E3%81%8A%E8%96%AC%E6%89%8B%E5%B8%B3%E3%82%B1%E3%83%BC%E3%82%B9+2%E4%BA%BA%E5%88%86+%E9%80%9A%E5%B8%B3%E3%82%B1%E3%83%BC%E3%82%B9+%E9%80%9A%E9%99%A2%E3%82%A6%E3%82%A9%E3%83%AC%E3%83%83%E3%83%88+A5%E3%82%B5%E3%82%A4%E3%82%BA+%E5%A4%A7%E5%AE%B9%E9%87%8F+%E3%81%8A%E3%81%97%E3%82%83%E3%82%8C HTTP/1.1" 200 53535 "-" "Mozilla/5.0 (Linux; Android 6.0.1; Nexus 5X Build/MMB29P) AppleWebKit/537.36 (KHTML, like Gecko) Chrome/135.0.7049.95 Mobile Safari/537.36 (compatible; Googlebot/2.1; +http://www.google.com/bot.html)"
66.249.74.35 - - [02/May/2025:16:31:43 -0400] "GET /?e=892109466803&channel=be5291&from=shared.php%3Fid%3D94668-4518%26name%3DCalDigit+Thunderbolt+Station+4+TS4 HTTP/1.1" 200 51685 "-" "Mozilla/5.0 (Linux; Android 6.0.1; Nexus 5X Build/MMB29P) AppleWebKit/537.36 (KHTML, like Gecko) Chrome/135.0.7049.95 Mobile Safari/537.36 (compatible; Googlebot/2.1; +http://www.google.com/bot.html)"
66.249.74.35 - - [02/May/2025:16:32:38 -0400] "GET /?e=6261113067503&channel=fb9401&from=shop.php%3Fid%3D130675-5536%26name%3DBALENCIAGA%28%E3%83%90%E3%83%AC%E3%83%B3%E3%82%B7%E3%82%A2%E3%82%AC%29+%E3%82%B5%E3%82%A4%E3%82%BA%3A42+Triple+S+%E3%83%88%E3%83%AA%E3%83%97%E3%83%ABS+%E3%83%AC%E3%83%BC%E3%82%B9%E3%82%A2%E3%83%83%E3%83%97+%E3%83%AD%E3%83%BC%E3%82%AB%E3%83%83%E3%83%88%E3%82%B9%E3%83%8B%E3%83%BC%E3%82%AB%E3%83%BC+%E3%82%AA%E3%83%AC%E3%83%B3%E3%82%B8+541624%E3%80%90%E4%B8%AD%E5%8F%A4%E3%80%91%E3%80%90%E7%A8%8B%E5%BA%A6B%E3%80%91%E3%80%90%E3%82%AB%E3%83%A9%E3%83%BC%E3%82%AA%E3%83%AC%E3%83%B3%E3%82%B8%E3%80%91%E3%80%90%E5%8F%96%E6%89%B1%E5%BA%97%E8%88%97%E5%8E%9F%E5%AE%BF%E3%80%91 HTTP/1.1" 200 53730 "-" "Mozilla/5.0 (Linux; Android 6.0.1; Nexus 5X Build/MMB29P) AppleWebKit/537.36 (KHTML, like Gecko) Chrome/135.0.7049.95 Mobile Safari/537.36 (compatible; Googlebot/2.1; +http://www.google.com/bot.html)"
40.77.167.22 - - [02/May/2025:16:33:04 -0400] "GET /?e=00830165141101&channel=7477bb&from=form.php%3Fid%3D1651411-235%26name%3D%E5%9C%A8%E5%BA%AB%E9%99%90%E3%82%8A+%E3%82%BF%E3%82%B8%E3%83%9E%28Tajima%29++%E3%82%B5%E3%82%B9%E3%83%9A%E3%83%B3%E3%83%80%E3%83%BC%E3%83%AA%E3%83%9F%E3%83%86%E3%83%83%E3%83%89+M%E3%82%B5%E3%82%A4%E3%82%BA+%E3%83%A9%E3%82%A4%E3%83%B3%E8%B5%A4+YPLM-LRE+%E8%85%B0%E3%81%AE%E8%B2%A0%E6%8B%85%E3%82%92%E8%BB%BD%E6%B8%9B HTTP/1.1" 200 0 "-" "Mozilla/5.0 AppleWebKit/537.36 (KHTML, like Gecko; compatible; bingbot/2.0; +http://www.bing.com/bingbot.htm) Chrome/116.0.1938.76 Safari/537.36"
