66.249.74.37 - - [02/May/2025:16:33:38 -0400] "GET /?e=29904123734200&channel=b3ade8&from=shop.php%3Fid%3D1237342-346%26name%3D%E3%80%90%E5%85%AC%E5%BC%8F%E3%82%B0%E3%83%83%E3%82%BA%E3%80%91MLB+%E3%83%89%E3%82%B8%E3%83%A3%E3%83%BC%E3%82%B9+%E3%83%95%E3%83%AA%E3%83%BC%E3%82%B9+%E3%83%91%E3%83%BC%E3%82%AB%E3%83%BC+Fanatics%EF%BC%88%E3%83%95%E3%82%A1%E3%83%8A%E3%83%86%E3%82%A3%E3%82%AF%E3%82%B9%EF%BC%89+%E3%83%A1%E3%83%B3%E3%82%BA+%E3%83%96%E3%83%A9%E3%83%83%E3%82%AF+%28FANATICS+LEGACY+Big+City+FLEECE+POH%29 HTTP/1.1" 200 53103 "-" "Mozilla/5.0 (Linux; Android 6.0.1; Nexus 5X Build/MMB29P) AppleWebKit/537.36 (KHTML, like Gecko) Chrome/135.0.7049.95 Mobile Safari/537.36 (compatible; Googlebot/2.1; +http://www.google.com/bot.html)"
66.249.74.35 - - [02/May/2025:16:34:50 -0400] "GET /?e=1179186672806&channel=050ab8&from=article.php%3Fid%3D866728-8136%26name%3D%5BNASSIA%5D+%E3%83%91%E3%83%B3%E3%83%84+%E3%82%BA%E3%83%9C%E3%83%B3+%E3%81%9A%E3%81%BC%E3%82%93+%E5%A5%B3%E3%81%AE%E5%AD%90+%E7%94%B7%E3%81%AE%E5%AD%90+%E3%81%8B%E3%82%8F%E3%81%84%E3%81%84+%E3%81%8A%E3%81%97%E3%82%83%E3%82%8C+%E8%B5%A4%E3%81%A1%E3%82%83%E3%82%93+%E3%83%99%E3%83%93%E3%83%BC%E6%9C%8D+%E3%82%AD%E3%83%83%E3%82%BA+%E5%AD%90%E4%BE%9B+%E5%AD%90%E3%81%A9%E3%82%82+80cm+9 HTTP/1.1" 200 52238 "-" "Mozilla/5.0 (Linux; Android 6.0.1; Nexus 5X Build/MMB29P) AppleWebKit/537.36 (KHTML, like Gecko) Chrome/135.0.7049.95 Mobile Safari/537.36 (compatible; Googlebot/2.1; +http://www.google.com/bot.html)"
66.249.74.35 - - [02/May/2025:16:36:19 -0400] "GET /?e=14370111865601&channel=965f6d&from=category-info.php%3Fid%3D1118656-14326%26name%3DCabilock+4%E5%80%8B+%E3%83%95%E3%82%A3%E3%83%AB%E3%82%BF%E3%83%BC%E3%83%8F%E3%82%A6%E3%82%B8%E3%83%B3%E3%82%B0%E3%83%AC%E3%83%B3%E3%83%81+%E6%B0%B4%E3%83%95%E3%82%A3%E3%83%AB%E3%82%BF%E3%83%BC%E3%82%B9%E3%83%91%E3%83%8A%E3%83%AC%E3%83%B3%E3%83%81+%E5%AE%B6%E5%BA%AD%E7%94%A8%E6%B5%84%E6%B0%B4%E3%83%95%E3%82%A3%E3%83%AB%E3%82%BF%E3%83%BC%E3%83%AC%E3%83%B3%E3%83%81+%E8%86%9C%E3%82%B9%E3%83%91%E3%83%8A+%E8%86%9C%E3%83%AC%E3%83%B3%E3%83%81+%E3%82%B9%E3%83%91%E3%83%8A HTTP/1.1" 200 51753 "-" "Mozilla/5.0 (Linux; Android 6.0.1; Nexus 5X Build/MMB29P) AppleWebKit/537.36 (KHTML, like Gecko) Chrome/135.0.7049.95 Mobile Safari/537.36 (compatible; Googlebot/2.1; +http://www.google.com/bot.html)"
66.249.74.35 - - [02/May/2025:16:37:23 -0400] "GET /?e=29937140894800&channel=5bf871&from=brands.php%3Fid%3D1408948-37%26name%3D%E3%83%88%E3%83%BC%E3%83%81+%E6%BA%B6%E6%8E%A5%E3%82%AC%E3%83%B3+%E3%82%AC%E3%82%B9%E3%83%AC%E3%83%B3%E3%82%BA%E3%82%AD%E3%83%83%E3%83%88%E3%83%95%E3%82%A3%E3%83%83%E3%83%88+WP-9%2F20%E6%BA%B6%E6%8E%A5%E3%83%90%E3%83%BC%E3%83%8A%E3%83%BC+%E6%BA%B6%E6%8E%A5%E8%A3%85%E7%BD%AE%E3%83%84%E3%83%BC%E3%83%AB%2847-1.0MM%29 HTTP/1.1" 200 52676 "-" "Mozilla/5.0 (Linux; Android 6.0.1; Nexus 5X Build/MMB29P) AppleWebKit/537.36 (KHTML, like Gecko) Chrome/135.0.7049.95 Mobile Safari/537.36 (compatible; Googlebot/2.1; +http://www.google.com/bot.html)"
66.249.74.35 - - [02/May/2025:16:37:36 -0400] "GET /?e=09083106002505&channel=d29fec&from=blog.php%3Fid%3D1060025-19604%26name%3D%5BHifeoos%5D+%E3%83%AC%E3%83%83%E3%82%B0%E3%82%A6%E3%82%A9%E3%83%BC%E3%83%9E%E3%83%BC+%E3%83%95%E3%82%A1%E3%82%B8%E3%83%BC%E3%83%95%E3%82%A1%E3%83%BC+%E3%83%95%E3%82%A1%E3%83%83%E3%82%B7%E3%83%A7%E3%83%B3+%E3%83%95%E3%82%A7%E3%82%A4%E3%82%AF%E3%83%95%E3%82%A1%E3%83%BC+%E7%89%9B%E3%83%89%E3%83%83%E3%83%88+%E3%83%91%E3%82%BF%E3%83%BC%E3%83%B3%E3%83%96%E3%83%BC%E3%83%84%E3%82%AB%E3%83%90%E3%83%BC+%E3%83%AD%E3%83%AA%E3%83%BC%E3%82%BF+%E3%82%B5%E3%83%96%E3%82%AB HTTP/1.1" 200 52344 "-" "Mozilla/5.0 (Linux; Android 6.0.1; Nexus 5X Build/MMB29P) AppleWebKit/537.36 (KHTML, like Gecko) Chrome/135.0.7049.95 Mobile Safari/537.36 (compatible; Googlebot/2.1; +http://www.google.com/bot.html)"
40.77.167.144 - - [02/May/2025:16:38:15 -0400] "GET /?e=72929138549902&channel=2d9a82&from=goods.php%3Fid%3D1385499-1497%26name%3D%E9%98%B2%E3%82%AB%E3%83%93%E3%83%BB%E6%B6%88%E8%87%AD%E3%83%BB%E9%99%A4%E6%B9%BF%E3%82%AF%E3%83%AD%E3%83%BC%E3%82%BC%E3%83%83%E3%83%88%E3%82%B7%E3%83%BC%E3%83%88%EF%BC%882%E6%9E%9A%E5%85%A5%EF%BC%89027355 HTTP/1.1" 200 0 "-" "Mozilla/5.0 AppleWebKit/537.36 (KHTML, like Gecko; compatible; bingbot/2.0; +http://www.bing.com/bingbot.htm) Chrome/116.0.1938.76 Safari/537.36"
20.15.133.174 - - [02/May/2025:16:38:45 -0400] "GET /?e=41121129409307&channel=5222a2&from=shop.php%3Fid%3D1294093-1763%26name%3D%E3%83%AD%E3%83%BC%E3%83%97+%E3%82%AF%E3%83%AC%E3%83%A2%E3%83%8A%E3%83%AD%E3%83%BC%E3%83%97+%E5%88%86%E5%BE%84%EF%BC%88%E7%9B%B4%E5%BE%84%EF%BC%8914mm+%E5%88%87%E5%A3%B2%E3%82%8A++%E3%80%91%2F3980%E5%86%86%E4%BB%A5%E4%B8%8A%E3%81%A7%E9%80%81%E6%96%99%E7%84%A1%E6%96%99%2F%E7%B4%BA%E5%B1%8B%E5%95%86%E4%BA%8B%2F%E6%97%A5%E6%9C%AC%E8%A3%BD%E3%80%90%E6%AD%A3%E8%A6%8F%E8%AA%8D%E8%A8%BC%E7%B3%B8%E8%A3%BD%E9%80%A0%E5%93%81%E3%80%91%E3%82%8D%E3%83%BC%E3%81%B7+3%E3%81%A4%E6%89%93%E3%81%A1+%E5%BC%B7%E3%81%84+%E7%99%BD+%E3%82%AF%E3%83%AC%E3%83%A2%E3%83%8A%E3%83%AD%E3%83%BC%E3%83%97%E3%82%92%E5%88%87%E3%82%8A%E5%A3%B2%E3%82%8A%E8%B2%A9%E5%A3%B2+%E3%82%AF%E3%83%AC%E3%83%A2%E3%83%8A+%E3%83%AD%E3%83%BC%E3%83%97+%E3%82%AF%E3%83%AC%E3%83%A2%E3%83%8A%EF%BC%B3%E3%83%AD%E3%83%BC%E3%83%97+%E5%88%87%E3%82%8A%E5%A3%B2%E3%82%8A+%E5%88%87%E5%A3%B2%E3%82%8A+%E3%82%AB%E3%83%83%E3%83%88+%E5%9B%BD%E7%94%A3+%E6%97%A5%E6%9C%AC HTTP/1.1" 200 0 "-" "Mozilla/5.0 AppleWebKit/537.36 (KHTML, like Gecko; compatible; bingbot/2.0; +http://www.bing.com/bingbot.htm) Chrome/116.0.1938.76 Safari/537.36"
20.15.133.174 - - [02/May/2025:16:38:46 -0400] "GET /?e=5245939611801&channel=b2a245&from=form.php%3Fid%3D396118-10587%26name%3D%E2%98%85%E5%80%A4%E4%B8%8B%E3%81%92%E2%98%85%E6%9D%B1%E6%B5%9C%E5%B7%A8+%E3%82%B5%E3%82%A4%E3%83%B3%E5%85%A5%E3%82%8A%E3%82%AD%E3%83%A3%E3%83%83%E3%83%97+%E5%AE%9F%E4%BD%BF%E7%94%A8 HTTP/1.1" 200 0 "-" "Mozilla/5.0 AppleWebKit/537.36 (KHTML, like Gecko; compatible; bingbot/2.0; +http://www.bing.com/bingbot.htm) Chrome/116.0.1938.76 Safari/537.36"
20.15.133.174 - - [02/May/2025:16:38:48 -0400] "GET /?e=774739154200&channel=a238f2&from=form.php%3Fid%3D91542-4350%26name%3DNV8300+%E3%83%97%E3%83%AD%E3%83%95%E3%82%A7%E3%83%83%E3%82%B7%E3%83%A7%E3%83%8A%E3%83%AB+4K+UHD+%E3%83%8A%E3%82%A4%E3%83%88%E3%83%93%E3%82%B8%E3%83%A7%E3%83%B3+%E3%83%8A%E3%82%A4%E3%83%88%E3%82%B9%E3%82%B3%E3%83%BC%E3%83%97 HTTP/1.1" 200 0 "-" "Mozilla/5.0 AppleWebKit/537.36 (KHTML, like Gecko; compatible; bingbot/2.0; +http://www.bing.com/bingbot.htm) Chrome/116.0.1938.76 Safari/537.36"
20.15.133.174 - - [02/May/2025:16:38:50 -0400] "GET /?e=10101112628900&channel=d82046&from=brands.php%3Fid%3D1126289-149%26name%3D%E8%B6%8A%E8%B0%B7%E3%82%A2%E3%83%AB%E3%83%95%E3%82%A1%E3%83%BC%E3%82%BA+%E3%82%AF%E3%83%AA%E3%83%83%E3%83%97 HTTP/1.1" 200 0 "-" "Mozilla/5.0 AppleWebKit/537.36 (KHTML, like Gecko; compatible; bingbot/2.0; +http://www.bing.com/bingbot.htm) Chrome/116.0.1938.76 Safari/537.36"
66.249.74.35 - - [02/May/2025:16:38:51 -0400] "GET /?e=60291104099201&channel=31816c&from=shared.php%3Fid%3D1040992-8944%26name%3D%E7%B7%91%E3%81%A8%E9%87%91%E3%81%AE%E3%83%84%E3%82%A4%E3%82%B9%E3%83%88%E3%82%B3%E3%83%BC%E3%83%89%E3%80%80%E7%B5%90%E3%81%B3%E7%B4%90 HTTP/1.1" 200 51529 "-" "Mozilla/5.0 (Linux; Android 6.0.1; Nexus 5X Build/MMB29P) AppleWebKit/537.36 (KHTML, like Gecko) Chrome/135.0.7049.95 Mobile Safari/537.36 (compatible; Googlebot/2.1; +http://www.google.com/bot.html)"
52.167.144.167 - - [02/May/2025:16:39:15 -0400] "GET /?e=039687713305&channel=6753a2&from=form.php%3Fid%3D77133-3686%26name%3D%E5%A4%8F%E5%B8%AF%E8%B1%AA%E8%8F%AF%E7%B5%A2%E7%88%9B%E7%B6%BA%E9%BA%97%E7%BE%8E%E5%93%81%E9%95%B7%E3%81%95424cm%E7%B5%BD%E9%9B%B2%E5%8F%96%E3%82%8A%E3%81%AB%E7%A7%8B%E8%8D%89%E6%AD%A3%E7%B5%B9%E5%85%AD%E9%80%9A%E8%A2%8B%E5%B8%AF HTTP/1.1" 200 0 "-" "Mozilla/5.0 AppleWebKit/537.36 (KHTML, like Gecko; compatible; bingbot/2.0; +http://www.bing.com/bingbot.htm) Chrome/116.0.1938.76 Safari/537.36"
66.249.74.37 - - [02/May/2025:16:40:03 -0400] "GET /?e=95077160362101&channel=f84c0d&from=category-info.php%3Fid%3D1603621-1529%26name%3D%E3%82%AC%E3%82%B9%E3%83%A9%E3%82%A4%E3%82%BF%E3%83%BC%E5%B0%82%E7%94%A8%E3%82%AC%E3%82%B9%E8%A3%9C%E5%85%85%E7%94%A8%E3%83%9C%E3%83%B3%E3%83%99 HTTP/1.1" 200 52137 "-" "Mozilla/5.0 (Linux; Android 6.0.1; Nexus 5X Build/MMB29P) AppleWebKit/537.36 (KHTML, like Gecko) Chrome/135.0.7049.95 Mobile Safari/537.36 (compatible; Googlebot/2.1; +http://www.google.com/bot.html)"
52.167.144.195 - - [02/May/2025:16:41:15 -0400] "GET /?e=94935171104407&channel=62f839&from=jp.php%3Fid%3D1711044-17870%26name%3D%E5%AD%90%E4%BE%9B%E7%94%A8%E3%82%A6%E3%82%A9%E3%83%BC%E3%82%BF%E3%83%BC%E3%82%B9%E3%82%AF%E3%83%AF%E3%83%BC%E3%82%BF%E3%83%BC%E3%80%81%E3%82%A6%E3%82%A9%E3%83%BC%E3%82%BF%E3%83%BC%E3%82%B9%E3%82%AF%E3%83%AF%E3%83%BC%E3%82%BF%E3%83%BC%E3%83%97%E3%83%BC%E3%83%AB%E3%81%8A%E3%82%82%E3%81%A1%E3%82%83%2C%E3%83%97%E3%83%BC%E3%83%AB%E3%82%B2%E3%83%BC%E3%83%A0+%7C+%E3%82%B9%E3%82%A4%E3%83%9F%E3%83%B3%E3%82%B0%E3%83%97%E3%83%BC%E3%83%AB%E3%82%B2%E3%83%BC%E3%83%A0%E3%80%81%E6%B0%B4%E3%81%AE%E6%88%A6%E3%81%84%E3%81%AE%E3%81%9F%E3%82%81%E3%81%AE%E5%B1%8B%E5%A4%96%E3%81%8A HTTP/1.1" 200 0 "-" "Mozilla/5.0 AppleWebKit/537.36 (KHTML, like Gecko; compatible; bingbot/2.0; +http://www.bing.com/bingbot.htm) Chrome/116.0.1938.76 Safari/537.36"
66.249.74.35 - - [02/May/2025:16:41:23 -0400] "GET /?e=7192987297201&channel=d23533&from=blog.php%3Fid%3D872972-9436%26name%3DPALACE+%E3%83%88%E3%83%AC%E3%83%BC%E3%83%8A%E3%83%BCS%E3%82%B5%E3%82%A4%E3%82%BA HTTP/1.1" 200 51570 "-" "Mozilla/5.0 (Linux; Android 6.0.1; Nexus 5X Build/MMB29P) AppleWebKit/537.36 (KHTML, like Gecko) Chrome/135.0.7049.95 Mobile Safari/537.36 (compatible; Googlebot/2.1; +http://www.google.com/bot.html)"
40.77.167.144 - - [02/May/2025:16:42:26 -0400] "GET /?e=7807764087500&channel=319f66&from=info.php%3Fid%3D640875-11591%26name%3D%E6%BF%83%E5%8E%9A%E3%81%AA%E3%83%9B%E3%83%83%E3%83%88%E3%82%92%E8%BF%BD%E5%8A%A0%E3%81%99%E3%82%8B%E5%A4%9A%E7%9B%AE%E7%9A%84%E3%82%B9%E3%83%BC%E3%83%97%E3%82%AD%E3%83%83%E3%83%81%E3%83%B3%E3%82%92%E5%82%99%E3%81%88%E3%81%9F%E3%82%B9%E3%83%86%E3%83%B3%E3%83%AC%E3%82%B9%E3%82%B9%E3%83%81%E3%83%BC%E3%83%AB3%E3%83%94%E3%83%BC%E3%82%B9%E3%83%9D%E3%83%83%E3%83%88%E3%82%BB%E3%83%83%E3%83%88 HTTP/1.1" 200 0 "-" "Mozilla/5.0 AppleWebKit/537.36 (KHTML, like Gecko; compatible; bingbot/2.0; +http://www.bing.com/bingbot.htm) Chrome/116.0.1938.76 Safari/537.36"
66.249.74.36 - - [02/May/2025:16:42:55 -0400] "GET /?e=32941178971805&channel=200898&from=goods.php%3Fid%3D1789718-7237%26name%3DNDNCZDHC+11mm+PVC+%E3%83%91%E3%82%A4%E3%83%97%E7%94%A8%E6%B8%A9%E5%AE%A4%E3%82%AF%E3%83%A9%E3%83%B3%E3%83%97+30+%E5%80%8B%E3%80%81%E3%83%8D%E3%83%83%E3%83%88%E7%94%A8%E6%B8%A9%E5%AE%A4%E3%82%AF%E3%83%AA%E3%83%83%E3%83%97%E3%80%81%E6%A4%8D%E7%89%A9%E3%82%AB%E3%83%90%E3%83%BC%E5%9B%BA%E5%AE%9A%E7%94%A8%E3%83%97%E3%83%A9%E3%82%B9%E3%83%81%E3%83%83%E3%82%AF%E3%82%AF%E3%83%A9%E3%83%B3%E3%83%97%E3%80%81%E6%B8%A9%E5%AE%A4 HTTP/1.1" 200 52289 "-" "Mozilla/5.0 (Linux; Android 6.0.1; Nexus 5X Build/MMB29P) AppleWebKit/537.36 (KHTML, like Gecko) Chrome/135.0.7049.95 Mobile Safari/537.36 (compatible; Googlebot/2.1; +http://www.google.com/bot.html)"
40.77.167.144 - - [02/May/2025:16:43:16 -0400] "GET /?e=9477973413001&channel=d5bb1e&from=brands.php%3Fid%3D734130-12249%26name%3D%E3%82%BC%E3%83%8A%E3%83%83%E3%82%AF%E3%80%80%E3%83%9F%E3%83%A5%E3%83%BC%E3%83%88%E3%82%B9%E3%80%80%E3%82%A2%E3%82%AD%E3%83%A5%E3%83%A9+95H+%E3%82%BF%E3%82%A4%E3%83%97R HTTP/1.1" 200 0 "-" "Mozilla/5.0 AppleWebKit/537.36 (KHTML, like Gecko; compatible; bingbot/2.0; +http://www.bing.com/bingbot.htm) Chrome/116.0.1938.76 Safari/537.36"
40.77.167.144 - - [02/May/2025:16:43:18 -0400] "GET /?e=182704445705&channel=53ef9e&from=shop.php%3Fid%3D44457-2389%26name%3DYIJOFU+%E6%96%B0%E5%9E%8B%E3%82%B9%E3%83%86%E3%83%B3%E3%83%AC%E3%82%B9%E3%83%A1%E3%83%83%E3%82%B7%E3%83%A5%E3%83%9B%E3%83%BC%E3%82%B9%E3%82%AB%E3%83%83%E3%82%BF%E3%83%BC+%E3%82%B9%E3%83%86%E3%83%B3%E3%83%AC%E3%82%B9%E3%83%A1%E3%83%83%E3%82%B7%E3%83%A5%E3%83%9B%E3%83%BC%E3%82%B9%E3%82%A8%E3%83%B3%E3%83%89%E3%82%B1%E3%83%BC%E3%83%96%E3%83%AB%E3%81%AF%E3%81%95%E3%81%BF+%E3%83%98%E3%83%93%E3%83%BC%E3%83%87%E3%83%A5%E3%83%BC%E3%83%86%E3%82%A3%E6%89%8B%E5%8B%95%E3%82%B1%E3%83%BC%E3%83%96%E3%83%AB%E3%82%AB%E3%83%83%E3%82%BF HTTP/1.1" 200 0 "-" "Mozilla/5.0 AppleWebKit/537.36 (KHTML, like Gecko; compatible; bingbot/2.0; +http://www.bing.com/bingbot.htm) Chrome/116.0.1938.76 Safari/537.36"
52.167.144.229 - - [02/May/2025:16:44:26 -0400] "GET /?e=20282140293504&channel=719d2c&from=shared.php%3Fid%3D1402935-10664%26name%3D%E3%80%90CA32%E3%80%91%E3%82%AB%E3%83%BC%E3%83%8D%E3%83%BC%E3%82%B7%E3%83%A7%E3%83%B3+4-5cm+%E3%82%A2%E3%82%A6%E3%83%88%E3%83%AC%E3%83%83%E3%83%88+%E3%83%97%E3%83%AA%E3%82%B6%E3%83%BC%E3%83%96%E3%83%89%E3%83%95%E3%83%A9%E3%83%AF%E3%83%BC%E8%8A%B1%E6%9D%90 HTTP/1.1" 200 0 "-" "Mozilla/5.0 AppleWebKit/537.36 (KHTML, like Gecko; compatible; bingbot/2.0; +http://www.bing.com/bingbot.htm) Chrome/116.0.1938.76 Safari/537.36"
52.167.144.166 - - [02/May/2025:16:44:29 -0400] "GET /?e=11172181525000&channel=3c66de&from=brands.php%3Fid%3D1815250-856%26name%3D%E3%82%B9%E3%83%AA%E3%83%BC%E3%83%95%E3%82%A9%E3%83%BC%E3%82%BF%E3%82%A4%E3%83%A0%E8%8A%B1%E3%81%A8%E8%9D%B6%E3%81%AE%E5%88%BA%E7%B9%8D%E3%83%81%E3%83%A7%E3%83%BC%E3%82%AB%E3%83%BC HTTP/1.1" 200 0 "-" "Mozilla/5.0 AppleWebKit/537.36 (KHTML, like Gecko; compatible; bingbot/2.0; +http://www.bing.com/bingbot.htm) Chrome/116.0.1938.76 Safari/537.36"
52.167.144.166 - - [02/May/2025:16:44:30 -0400] "GET /?e=7117117597705&channel=73f38c&from=info.php%3Fid%3D175977-6606%26name%3D%E5%85%A5%E6%89%8B%E5%9B%B0%E9%9B%A3%E3%80%80AD1990+%E3%83%88%E3%83%AA%E3%82%B3%E3%82%B3%E3%83%A0%E3%83%87%E3%82%AE%E3%83%A3%E3%83%AB%E3%82%BD%E3%83%B3%E3%80%80%E3%82%B9%E3%83%BC%E3%83%84%E3%80%80%E3%82%B8%E3%83%A3%E3%82%B1%E3%83%83%E3%83%88%E3%80%80%E3%82%BB%E3%83%83%E3%83%88%E3%82%A2%E3%83%83%E3%83%97 HTTP/1.1" 200 0 "-" "Mozilla/5.0 AppleWebKit/537.36 (KHTML, like Gecko; compatible; bingbot/2.0; +http://www.bing.com/bingbot.htm) Chrome/116.0.1938.76 Safari/537.36"
52.167.144.195 - - [02/May/2025:16:44:37 -0400] "GET /?e=92678104056801&channel=1a393d&from=blog.php%3Fid%3D1040568-5770%26name%3DKUWASE+%E3%82%B9%E3%82%AF%E3%83%BC%E3%83%91%E3%83%BC%E3%83%95%E3%83%AD%E3%83%83%E3%82%B0%E3%83%80%E3%83%87%E3%82%A3%E3%80%80%E3%83%9C%E3%83%88%E3%83%A0%E3%82%A2%E3%83%83%E3%83%97%E3%80%80%E6%96%B0%E5%93%81 HTTP/1.1" 200 0 "-" "Mozilla/5.0 AppleWebKit/537.36 (KHTML, like Gecko; compatible; bingbot/2.0; +http://www.bing.com/bingbot.htm) Chrome/116.0.1938.76 Safari/537.36"
66.249.74.37 - - [02/May/2025:16:45:24 -0400] "GET /?e=0962236309904&channel=c80b43&from=goods.php%3Fid%3D363099-8723%26name%3D%E5%AF%9D%E5%BF%83%E5%9C%B0%E5%BE%A9%E6%B4%BB+%E3%81%B5%E3%81%8B%E3%81%B5%E3%81%8B%E6%95%B7%E3%81%8D%E3%83%91%E3%83%83%E3%83%89+%E3%82%B3%E3%83%B3%E3%83%95%E3%82%A9%E3%83%BC%E3%83%88%E3%83%97%E3%83%A9%E3%82%B9+SS+%E3%82%BB%E3%83%9F%E3%82%B7%E3%83%B3%E3%82%B0%E3%83%AB+80%C3%97200cm+%E6%95%B7%E3%81%8D%E3%83%91%E3%83%83%E3%83%89+%E6%97%A5%E6%9C%AC%E8%A3%BD+%E5%AF%9D%E5%85%B7+90400005+OA HTTP/1.1" 200 51627 "-" "Mozilla/5.0 (Linux; Android 6.0.1; Nexus 5X Build/MMB29P) AppleWebKit/537.36 (KHTML, like Gecko) Chrome/135.0.7049.95 Mobile Safari/537.36 (compatible; Googlebot/2.1; +http://www.google.com/bot.html)"
66.249.74.36 - - [02/May/2025:16:46:41 -0400] "GET /?e=12178153135100&channel=afdf89&from=pin.php%3Fid%3D1531351-9590%26name%3D%E3%81%A7%E3%82%8B%E3%82%AD%E3%83%A3%E3%83%83%E3%83%97+%E9%BA%A6%E3%82%8F%E3%82%89%E3%83%A1%E3%83%B3%E3%82%BA%E5%B8%BD%E5%AD%90+%E5%B8%BD%E5%AD%90+%E4%BF%9D%E5%86%B7%E5%89%A4+%E5%A4%8F+%E3%83%96%E3%83%BC%E3%83%84+%E5%B8%BD%E5%AD%90%E3%83%90%E3%82%B6+%E9%98%B2%E5%AF%92%E7%9D%80+%E3%82%A2%E3%82%A6%E3%83%88%E3%83%89%E3%82%A2+%E3%83%A9%E3%83%B3%E3%83%8B%E3%83%B3%E3%82%B0+%E3%83%8B%E3%83%83%E3%83%88%E5%B8%BD+%E5%B8%BD%E5%AD%90%E3%83%A1%E3%83%B3%E3%82%BA+%E3%82%B5%E3%83%B3%E3%82%B0%E3%83%A9%E3%82%B9 HTTP/1.1" 200 53688 "-" "Mozilla/5.0 (Linux; Android 6.0.1; Nexus 5X Build/MMB29P) AppleWebKit/537.36 (KHTML, like Gecko) Chrome/135.0.7049.95 Mobile Safari/537.36 (compatible; Googlebot/2.1; +http://www.google.com/bot.html)"
66.249.74.35 - - [02/May/2025:16:47:23 -0400] "GET /?e=820198331306&channel=5e7c07&from=shop.php%3Fid%3D83313-3198%26name%3D144cm+%E3%82%B9%E3%83%8E%E3%83%BC%E3%83%9C%E3%83%BC%E3%83%89+%E6%9D%BF%EF%BC%8B%E3%83%90%E3%82%A4%E3%83%B3%E3%83%87%E3%82%A3%E3%83%B3%E3%82%B0+%E3%82%BB%E3%83%83%E3%83%88+masso HTTP/1.1" 200 50338 "-" "Mozilla/5.0 (Linux; Android 6.0.1; Nexus 5X Build/MMB29P) AppleWebKit/537.36 (KHTML, like Gecko) Chrome/135.0.7049.95 Mobile Safari/537.36 (compatible; Googlebot/2.1; +http://www.google.com/bot.html)"
52.167.144.166 - - [02/May/2025:16:47:47 -0400] "GET /?e=26802145546102&channel=23abe0&from=form.php%3Fid%3D1455461-222%26name%3D%E3%80%90%E3%83%A1%E3%83%BC%E3%83%AB%E4%BE%BF%E9%80%81%E6%96%99%E7%84%A1%E6%96%99%E3%80%91%E3%82%AD%E3%82%AF%E3%83%AD%E3%83%B3+%E3%81%82%E3%82%8F%E3%81%96%E3%82%8F%E3%82%8A+%E3%81%A6%E3%82%88%E3%82%8A%E3%82%82%E3%82%84%E3%81%95%E3%81%97%E3%81%84%E3%83%9C%E3%83%87%E3%82%A3%E3%82%BF%E3%82%AA%E3%83%AB+%E3%82%B7%E3%83%A3%E3%83%B3%E3%83%91%E3%83%B3%E3%82%B4%E3%83%BC%E3%83%AB%E3%83%89+%281%E6%9E%9A%E5%85%A5%29+3%E5%80%8B%E3%82%BB%E3%83%83%E3%83%88+%EF%BC%9C%E3%83%9C%E3%83%87%E3%82%A3%E3%82%BF%E3%82%AA%E3%83%AB%EF%BC%9E HTTP/1.1" 200 0 "-" "Mozilla/5.0 AppleWebKit/537.36 (KHTML, like Gecko; compatible; bingbot/2.0; +http://www.bing.com/bingbot.htm) Chrome/116.0.1938.76 Safari/537.36"
66.249.74.35 - - [02/May/2025:16:48:19 -0400] "GET /?e=38016146571900&channel=d896e8&from=brands.php%3Fid%3D1465719-16258%26name%3D%E8%BB%8A%E5%86%85%E3%83%89%E3%82%A2%E3%83%8F%E3%83%B3%E3%83%89%E3%83%AB%E3%82%AB%E3%83%90%E3%83%BC+%E7%94%A8+%E3%83%95%E3%82%A9%E3%83%BC%E3%83%89+%E7%94%A8+%E3%83%AC%E3%83%B3%E3%82%B8%E3%83%A3%E3%83%BC+%E7%94%A8+%E3%82%A8%E3%83%99%E3%83%AC%E3%82%B9%E3%83%88+2015+2016+2017+2018+2019+2020+2 HTTP/1.1" 200 52121 "-" "Mozilla/5.0 (Linux; Android 6.0.1; Nexus 5X Build/MMB29P) AppleWebKit/537.36 (KHTML, like Gecko) Chrome/135.0.7049.95 Mobile Safari/537.36 (compatible; Googlebot/2.1; +http://www.google.com/bot.html)"
52.167.144.229 - - [02/May/2025:16:48:35 -0400] "GET /?e=71910183272307&channel=b47776&from=pin.php%3Fid%3D1832723-10710%26name%3DMirpuytn+%E3%82%B3%E3%83%BC%E3%83%B3%E3%82%B3%E3%83%BC%E3%83%92%E3%83%BC%E3%83%95%E3%82%A3%E3%83%AB%E3%82%BF%E3%83%BC%E3%83%9B%E3%83%AB%E3%83%80%E3%83%BC%E3%80%81%E3%82%B3%E3%83%BC%E3%83%B3%E3%83%95%E3%82%A3%E3%83%AB%E3%82%BF%E3%83%BC%E3%83%9B%E3%83%AB%E3%83%80%E3%83%BC+-+%E3%82%B9%E3%83%86%E3%83%B3%E3%83%AC%E3%82%B9%E3%82%B9%E3%83%81%E3%83%BC%E3%83%AB%E3%82%B3%E3%83%BC%E3%83%92%E3%83%BC%E3%82%8D%E7%B4%99%E7%B4%99%E3%81%AE%E4%BF%9D%E7%AE%A1%E3%83%A9%E3%83%83%E3%82%AF+- HTTP/1.1" 200 0 "-" "Mozilla/5.0 AppleWebKit/537.36 (KHTML, like Gecko; compatible; bingbot/2.0; +http://www.bing.com/bingbot.htm) Chrome/116.0.1938.76 Safari/537.36"
52.167.144.229 - - [02/May/2025:16:50:15 -0400] "GET /?e=9052842808705&channel=4f498f&from=shop.php%3Fid%3D428087-490%26name%3D%E3%82%BF%E3%83%9F%E3%83%A41%2F14+%E3%83%95%E3%82%A9%E3%83%BC%E3%83%89%E3%80%80%E3%82%A8%E3%82%A2%E3%83%AD%E3%83%9E%E3%83%83%E3%82%AF%E3%82%B9%E3%80%80%E6%9C%80%E7%B5%82%E5%80%A4%E4%B8%8B%E3%81%92%EF%BC%81%E8%B3%BC%E5%85%A5%E3%81%AA%E3%81%84%E5%A0%B4%E5%90%88%E5%87%BA%E5%93%81%E5%8F%96%E3%82%8A%E3%81%91%E3%81%97%EF%BC%81 HTTP/1.1" 200 0 "-" "Mozilla/5.0 AppleWebKit/537.36 (KHTML, like Gecko; compatible; bingbot/2.0; +http://www.bing.com/bingbot.htm) Chrome/116.0.1938.76 Safari/537.36"
52.167.144.166 - - [02/May/2025:16:50:27 -0400] "GET /?e=23002198329400&channel=2ac40e&from=info.php%3Fid%3D1983294-19768%26name%3D%E3%83%97%E3%83%AA%E3%82%AD%E3%83%A5%E3%82%A2+%E3%82%B0%E3%83%9F%E3%82%AB%E3%83%BC%E3%83%89%E3%80%80%E6%98%A0%E7%94%BB%E3%82%AA%E3%83%BC%E3%83%AB%E3%82%B9%E3%82%BF%E3%83%BC%E3%82%BA%E3%80%80%E3%83%90%E3%83%88%E3%83%B3%E3%82%BF%E3%83%83%E3%83%81%E3%80%80%E3%81%BE%E3%81%A8%E3%82%81 HTTP/1.1" 200 0 "-" "Mozilla/5.0 AppleWebKit/537.36 (KHTML, like Gecko; compatible; bingbot/2.0; +http://www.bing.com/bingbot.htm) Chrome/116.0.1938.76 Safari/537.36"
52.167.144.166 - - [02/May/2025:16:50:29 -0400] "GET /?e=2458795990402&channel=160ff7&from=product.php%3Fid%3D959904-6327%26name%3D%E3%83%87%E3%83%8B%E3%83%A0%E3%83%86%E3%83%BC%E3%83%91%E3%83%BC%E3%83%89%E3%83%91%E3%83%B3%E3%83%84 HTTP/1.1" 200 0 "-" "Mozilla/5.0 AppleWebKit/537.36 (KHTML, like Gecko; compatible; bingbot/2.0; +http://www.bing.com/bingbot.htm) Chrome/116.0.1938.76 Safari/537.36"
52.167.144.195 - - [02/May/2025:16:50:31 -0400] "GET /?e=07370190863602&channel=c24359&from=jp.php%3Fid%3D1908636-11679%26name%3DQSTDGVPW+%E6%B0%B4%E4%B8%AD%E3%82%B7%E3%83%A5%E3%83%8E%E3%83%BC%E3%82%B1%E3%83%AA%E3%83%B3%E3%82%B0%E7%94%A8%E3%81%AE%E8%A1%A8%E9%9D%A2%E6%B5%AE%E9%81%8A HTTP/1.1" 200 0 "-" "Mozilla/5.0 AppleWebKit/537.36 (KHTML, like Gecko; compatible; bingbot/2.0; +http://www.bing.com/bingbot.htm) Chrome/116.0.1938.76 Safari/537.36"
157.230.244.245 - - [02/May/2025:16:51:45 -0400] "GET /wp-content/uploads/2024/07/066155300_1643089311-WhatsApp_Image_2022-01-24_at_15.06.20-600x360.webp HTTP/1.1" 200 0 "-" "Mozilla/5.0 (Linux; Android 8.1.0; Moto G (4)) AppleWebKit/537.36 (KHTML, like Gecko) Chrome/122.0.0.0 Mobile Safari/537.36 PTST/240201.144844"
52.167.144.229 - - [02/May/2025:16:52:26 -0400] "GET /?e=77018194544100&channel=7cffb7&from=jp.php%3Fid%3D1945441-20262%26name%3D%E6%9C%80%E6%96%B0+D2C%E3%81%AE%E5%9F%BA%E6%9C%AC%E3%81%A8%E4%BB%95%E7%B5%84%E3%81%BF%E3%81%8C%E3%82%88%EF%BD%9E%E3%81%8F%E3%82%8F%E3%81%8B%E3%82%8B%E6%9C%AC HTTP/1.1" 200 0 "-" "Mozilla/5.0 AppleWebKit/537.36 (KHTML, like Gecko; compatible; bingbot/2.0; +http://www.bing.com/bingbot.htm) Chrome/116.0.1938.76 Safari/537.36"
66.249.74.35 - - [02/May/2025:16:53:35 -0400] "GET /?e=01438196176401&channel=443c19&from=goods.php%3Fid%3D1961764-1298%26name%3DVisee+%E3%83%B4%E3%82%A3%E3%82%BB+%E3%83%96%E3%83%AD%E3%82%A6%E3%83%AA%E3%83%95%E3%83%88+SP-1+%E3%82%AF%E3%83%AA%E3%82%A2%E3%83%8A%E3%83%81%E3%83%A5%E3%83%A9%E3%83%AB HTTP/1.1" 200 52148 "-" "Mozilla/5.0 (Linux; Android 6.0.1; Nexus 5X Build/MMB29P) AppleWebKit/537.36 (KHTML, like Gecko) Chrome/135.0.7049.95 Mobile Safari/537.36 (compatible; Googlebot/2.1; +http://www.google.com/bot.html)"
52.167.144.166 - - [02/May/2025:16:53:57 -0400] "GET /?e=2033446996500&channel=0a4aa8&from=shop.php%3Fid%3D469965-10433%26name%3D%E3%83%A6%E3%83%8B%E3%83%90%E3%83%BC%E3%82%B5%E3%83%AB%E3%82%B9%E3%82%BF%E3%82%B8%E3%82%AA%E3%82%B8%E3%83%A3%E3%83%91%E3%83%B3%E3%80%803%E6%9C%887%E6%97%A5USJ%E8%B2%B8%E5%88%87%E3%82%A4%E3%83%99%E3%83%B3%E3%83%88%E3%80%80%E3%83%9A%E3%82%A2 HTTP/1.1" 200 0 "-" "Mozilla/5.0 AppleWebKit/537.36 (KHTML, like Gecko; compatible; bingbot/2.0; +http://www.bing.com/bingbot.htm) Chrome/116.0.1938.76 Safari/537.36"
66.249.74.37 - - [02/May/2025:16:54:53 -0400] "GET /?e=29577116972704&channel=9acb72&from=jp.php%3Fid%3D1169727-829%26name%3D%E3%83%95%E3%82%A9%E3%83%BC%E3%83%9E%E3%83%AB%E3%83%AF%E3%83%B3%E3%83%94%E3%83%BC%E3%82%B9 HTTP/1.1" 200 53158 "-" "Mozilla/5.0 (Linux; Android 6.0.1; Nexus 5X Build/MMB29P) AppleWebKit/537.36 (KHTML, like Gecko) Chrome/135.0.7049.95 Mobile Safari/537.36 (compatible; Googlebot/2.1; +http://www.google.com/bot.html)"
66.249.74.35 - - [02/May/2025:16:56:19 -0400] "GET /?e=71612157592800&channel=b660f4&from=pin.php%3Fid%3D1575928-11849%26name%3DWS%3A700%E6%9E%9A%E3%82%BB%E3%83%83%E3%83%88 HTTP/1.1" 200 49323 "-" "Mozilla/5.0 (Linux; Android 6.0.1; Nexus 5X Build/MMB29P) AppleWebKit/537.36 (KHTML, like Gecko) Chrome/135.0.7049.95 Mobile Safari/537.36 (compatible; Googlebot/2.1; +http://www.google.com/bot.html)"
66.249.74.35 - - [02/May/2025:16:57:17 -0400] "GET /?e=12179135680600&channel=9fe505&from=form.php%3Fid%3D1356806-6688%26name%3D%E3%81%AA%E3%82%8A%E3%81%8D%E3%82%8A%E3%83%9E%E3%82%AF%E3%83%89%E3%83%8A%E3%83%AB+%E3%83%91%E3%83%86%E3%82%A3%E3%80%80%E6%96%B0%E5%93%81%E6%9C%AA%E9%96%8B%E5%B0%81 HTTP/1.1" 200 51397 "-" "Mozilla/5.0 (Linux; Android 6.0.1; Nexus 5X Build/MMB29P) AppleWebKit/537.36 (KHTML, like Gecko) Chrome/135.0.7049.95 Mobile Safari/537.36 (compatible; Googlebot/2.1; +http://www.google.com/bot.html)"
40.77.167.28 - - [02/May/2025:16:57:46 -0400] "GET /?e=1307244584304&channel=306226&from=product.php%3Fid%3D445843-12234%26name%3D%E2%98%86%E3%83%9E%E3%82%AD%E3%82%BF%28makita%29+%E5%88%87%E6%96%AD%E6%A9%9F+LW1401%E3%80%90%E6%A1%B6%E5%B7%9D%E5%BA%97%E3%80%91 HTTP/1.1" 200 0 "-" "Mozilla/5.0 AppleWebKit/537.36 (KHTML, like Gecko; compatible; bingbot/2.0; +http://www.bing.com/bingbot.htm) Chrome/116.0.1938.76 Safari/537.36"
66.249.74.37 - - [02/May/2025:16:58:09 -0400] "GET /?e=4277216981505&channel=2defe0&from=info.php%3Fid%3D169815-4672%26name%3D%E8%B6%8A%E5%BE%8C%E5%B1%8B%E8%AC%B9%E8%A3%BD%E3%80%80%E9%A3%9B%E3%81%B3%E6%9F%84%E5%B0%8F%E7%B4%8B%E3%80%80%E6%8A%B9%E8%8C%B6%E3%80%80%E6%9D%BE%E8%91%89 HTTP/1.1" 200 51500 "-" "Mozilla/5.0 (Linux; Android 6.0.1; Nexus 5X Build/MMB29P) AppleWebKit/537.36 (KHTML, like Gecko) Chrome/135.0.7049.95 Mobile Safari/537.36 (compatible; Googlebot/2.1; +http://www.google.com/bot.html)"
40.77.167.14 - - [02/May/2025:16:58:30 -0400] "GET /?e=79198160752201&channel=8d8bd7&from=brands.php%3Fid%3D1607522-1807%26name%3D%E3%83%AF%E3%82%A4%E3%83%A4%E3%83%AC%E3%82%B9%E3%83%9A%E3%82%A2%E3%83%9E%E3%82%A4%E3%82%AF%E3%83%AD%E3%83%9B%E3%83%B3 HTTP/1.1" 200 0 "-" "Mozilla/5.0 AppleWebKit/537.36 (KHTML, like Gecko; compatible; bingbot/2.0; +http://www.bing.com/bingbot.htm) Chrome/116.0.1938.76 Safari/537.36"
66.249.74.36 - - [02/May/2025:16:59:16 -0400] "GET /?e=1217574695500&channel=85fc05&from=info.php%3Fid%3D746955-15974%26name%3D%E6%96%AD%E7%86%B1%E3%83%9E%E3%83%83%E3%83%88+%E3%83%92%E3%83%A5%E3%83%B3%E3%83%80%E3%82%A4+%E3%82%BD%E3%83%8A%E3%82%BF+YF+I45+2010+2011+2012+2013+2014+%E8%BB%8A%E3%82%A8%E3%83%B3%E3%82%B8%E3%83%B3%E3%83%95%E3%83%BC%E3%83%89%E3%83%91%E3%83%83%E3%83%89+%E6%96%AD%E7%86%B1%E3%82%B3%E3%83%83%E3%83%88%E3%83%B3 HTTP/1.1" 200 52396 "-" "Mozilla/5.0 (Linux; Android 6.0.1; Nexus 5X Build/MMB29P) AppleWebKit/537.36 (KHTML, like Gecko) Chrome/135.0.7049.95 Mobile Safari/537.36 (compatible; Googlebot/2.1; +http://www.google.com/bot.html)"
40.77.167.28 - - [02/May/2025:17:00:06 -0400] "GET /?e=21281137354601&channel=8d2a9f&from=news.php%3Fid%3D1373546-13802%26name%3D%E3%83%A2%E3%83%AB%E3%82%AF%E3%83%AA%E3%82%A2%E3%83%97%E3%83%AD%E3%80%80%E3%82%AB%E3%83%93%E5%8F%96%E3%82%8A%E7%94%A8%E6%B4%97%E5%89%A4+480ml%E3%80%80%E6%9C%AA%E9%96%8B%E5%B0%81 HTTP/1.1" 200 0 "-" "Mozilla/5.0 AppleWebKit/537.36 (KHTML, like Gecko; compatible; bingbot/2.0; +http://www.bing.com/bingbot.htm) Chrome/116.0.1938.76 Safari/537.36"
52.167.144.205 - - [02/May/2025:17:00:11 -0400] "GET /?e=10127194582708&channel=52e252&from=brands.php%3Fid%3D1945827-13230%26name%3D%E6%89%8B%E4%BD%9C%E3%82%8A%E3%82%B7%E3%83%AA%E3%82%B3%E3%83%B3%E8%A3%BD%E3%82%A2%E3%82%A4%E3%82%B9%E3%82%AF%E3%83%AA%E3%83%BC%E3%83%A0%E3%82%B9%E3%83%86%E3%82%A3%E3%83%83%E3%82%AF+%E3%82%A2%E3%82%A4%E3%82%B9%E3%82%AF%E3%83%AA%E3%83%BC%E3%83%A0%E5%9E%8B+%E3%82%AB%E3%83%90%E3%83%BC%E4%BB%98%E3%81%8D+DIY+%E3%82%A2%E3%82%A4%E3%82%B9%E3%82%AF%E3%83%AA%E3%83%BC%E3%83%A0%E5%9E%8B+%E3%82%A2%E3%82%A4%E3%82%B9%E3%82%AD%E3%83%A5%E3%83%BC%E3%83%96+%E3%82%A2%E3%82%A4%E3%82%B9%E3%83%9C%E3%83%83%E3%82%AF%E3%82%B9+6 HTTP/1.1" 200 0 "-" "Mozilla/5.0 AppleWebKit/537.36 (KHTML, like Gecko; compatible; bingbot/2.0; +http://www.bing.com/bingbot.htm) Chrome/116.0.1938.76 Safari/537.36"
40.77.167.14 - - [02/May/2025:17:00:30 -0400] "GET /?e=79024184975401&channel=e474de&from=article.php%3Fid%3D1849754-11533%26name%3D%E8%9D%B6%E3%83%8D%E3%82%AF%E3%82%BF%E3%82%A4%E7%94%B7%E3%81%AE%E5%AD%90%E5%8D%8A%E8%A2%96+%E3%82%B9%E3%83%BC%E3%83%84+%EF%BC%B4%E3%82%B7%E3%83%A3%E3%83%84+%E3%82%BA%E3%83%9C%E3%83%B3%E7%B4%B3%E5%A3%AB%E6%9C%8D%E5%AD%90%E4%BE%9B+%E3%82%B3%E3%82%B9%E3%83%81%E3%83%A5%E3%83%BC%E3%83%A0%E5%AD%90%E4%BE%9B%E6%9C%8D%E3%83%8F%E3%83%AD%E3%82%A6%E3%82%A3%E3%83%B3+%E3%82%AF%E3%83%AA%E3%82%B9%E3%83%9E%E3%82%B9+%E4%BB%AE%E8%A3%85+%E8%AA%95%E7%94%9F%E6%97%A5+%E5%86%99%E7%9C%9F%E3%83%91%E3%83%BC%E3%83%86%E3%82%A3%E3%83%BC%E3%83%97%E3%83%AC HTTP/1.1" 200 0 "-" "Mozilla/5.0 AppleWebKit/537.36 (KHTML, like Gecko; compatible; bingbot/2.0; +http://www.bing.com/bingbot.htm) Chrome/116.0.1938.76 Safari/537.36"
40.77.167.14 - - [02/May/2025:17:00:31 -0400] "GET /?e=9915992378002&channel=2fc527&from=shop.php%3Fid%3D923780-15988%26name%3D%E3%83%A9%E3%83%B3%E3%83%89%E3%83%AA%E3%83%BC%E3%83%90%E3%82%B9%E3%82%B1%E3%83%83%E3%83%88+%E6%B4%97%E6%BF%AF%E3%81%8B%E3%81%94+%E6%8A%98%E3%82%8A%E3%81%9F%E3%81%9F%E3%81%BF+%E6%8A%98%E3%82%8A%E7%95%B3%E3%81%BF%E3%80%80%E3%82%A2%E3%82%A4%E3%83%9C%E3%83%AA%E3%83%BC%E3%80%8020L HTTP/1.1" 200 0 "-" "Mozilla/5.0 AppleWebKit/537.36 (KHTML, like Gecko; compatible; bingbot/2.0; +http://www.bing.com/bingbot.htm) Chrome/116.0.1938.76 Safari/537.36"
66.249.74.35 - - [02/May/2025:17:00:52 -0400] "GET /?e=22994123520202&channel=9575d6&from=form.php%3Fid%3D1235202-20181%26name%3D%E3%81%9F%E3%81%BE%E3%81%94%E3%81%A3%E3%81%A1+%E3%81%8A%E3%81%8B%E3%81%97%E3%81%AA%E3%81%9F%E3%81%BE%E3%81%94%E3%83%9C%E3%83%BC%E3%83%AD%E3%81%A3%E3%81%A1+%E5%88%9D%E4%BB%A3%E3%81%9F%E3%81%BE%E3%81%94%E3%81%A3%E3%81%A1%28+%E7%99%BD%29 HTTP/1.1" 200 52577 "-" "Mozilla/5.0 (Linux; Android 6.0.1; Nexus 5X Build/MMB29P) AppleWebKit/537.36 (KHTML, like Gecko) Chrome/135.0.7049.95 Mobile Safari/537.36 (compatible; Googlebot/2.1; +http://www.google.com/bot.html)"
66.249.74.36 - - [02/May/2025:17:01:57 -0400] "GET /?e=47791134216800&channel=d57865&from=form.php%3Fid%3D1342168-7327%26name%3D%E3%81%8F%E3%82%8D%E3%81%AF%E3%83%BC%E3%81%A8%E6%A7%98%E5%B0%82%E7%94%A8 HTTP/1.1" 200 51693 "-" "Mozilla/5.0 (Linux; Android 6.0.1; Nexus 5X Build/MMB29P) AppleWebKit/537.36 (KHTML, like Gecko) Chrome/135.0.7049.95 Mobile Safari/537.36 (compatible; Googlebot/2.1; +http://www.google.com/bot.html)"
52.167.144.205 - - [02/May/2025:17:02:28 -0400] "GET /?e=93146198914100&channel=5e5a0f&from=article.php%3Fid%3D1989141-17083%26name%3D%E8%80%B3%E3%83%84%E3%83%9C%E3%80%80%E3%83%9E%E3%82%B0%E3%83%AC%E3%82%A4%E3%83%B3%E3%82%AF%E3%83%AA%E3%82%A2%E3%80%80%EF%BC%91%EF%BC%90%EF%BC%90%E7%B2%92%E3%80%80%E9%98%AA%E6%9D%91%E7%A0%94%E7%A9%B6%E6%89%80 HTTP/1.1" 200 0 "-" "Mozilla/5.0 AppleWebKit/537.36 (KHTML, like Gecko; compatible; bingbot/2.0; +http://www.bing.com/bingbot.htm) Chrome/116.0.1938.76 Safari/537.36"
66.249.74.35 - - [02/May/2025:17:02:47 -0400] "GET /?e=901254151300&channel=991c88&from=jp.php%3Fid%3D41513-1576%26name%3D%E3%80%90%E4%B8%AD%E5%8F%A4-%E9%9D%9E%E5%B8%B8%E3%81%AB%E8%89%AF%E3%81%84%E3%80%91%E3%82%B4%E3%82%B8%E3%83%A9%E5%AF%BE%E3%82%A8%E3%83%B4%E3%82%A1%E3%83%B3%E3%82%B2%E3%83%AA%E3%82%AA%E3%83%B3+%E6%9D%B1%E5%AE%9D30cm%E3%82%B7%E3%83%AA%E3%83%BC%E3%82%BA+%E3%82%A8%E3%83%B4%E3%82%A1%E3%83%B3%E3%82%B2%E3%83%AA%E3%82%AA%E3%83%B3%E5%88%9D%E5%8F%B7%E6%A9%9F%E2%80%9CG%25%EF%BE%80%EF%BE%9E%EF%BE%8C%EF%BE%9E%EF%BE%99%EF%BD%B8%EF%BD%AB%EF%BD%B0%EF%BE%83%25%E8%A6%9A%E9%86%92%E5%BD%A2%E6%85%8B HTTP/1.1" 200 52860 "-" "Mozilla/5.0 (Linux; Android 6.0.1; Nexus 5X Build/MMB29P) AppleWebKit/537.36 (KHTML, like Gecko) Chrome/135.0.7049.95 Mobile Safari/537.36 (compatible; Googlebot/2.1; +http://www.google.com/bot.html)"
66.249.74.35 - - [02/May/2025:17:04:16 -0400] "GET /?e=9981769354000&channel=f11e1a&from=pin.php%3Fid%3D693540-3414%26name%3D%E5%B8%8C%E5%B0%91+%E6%96%B0%E5%93%81+%E3%82%A2%E3%83%A0%E3%82%A6%E3%82%A7%E3%82%A4+2024%E5%B9%B4%E8%A3%BD+eSpring+2+%E3%83%93%E3%83%AB%E3%83%88%E3%82%A4%E3%83%B3+%E6%B5%84%E6%B0%B4%E5%99%A8%E2%86%93 HTTP/1.1" 200 53197 "-" "Mozilla/5.0 (Linux; Android 6.0.1; Nexus 5X Build/MMB29P) AppleWebKit/537.36 (KHTML, like Gecko) Chrome/135.0.7049.95 Mobile Safari/537.36 (compatible; Googlebot/2.1; +http://www.google.com/bot.html)"
66.249.74.36 - - [02/May/2025:17:05:11 -0400] "GET /?e=12237124477401&channel=6be202&from=product.php%3Fid%3D1244774-4289%26name%3D%E3%82%B8%E3%83%A0%E3%83%8B%E3%83%BC+175%2F80R16+%E7%B4%94%E6%AD%A3%E3%82%BF%E3%82%A4%E3%83%A4%E3%83%9B%E3%82%A4%E3%83%BC%E3%83%AB%E3%82%BB%E3%83%83%E3%83%88%E2%91%A3 HTTP/1.1" 200 51813 "-" "Mozilla/5.0 (Linux; Android 6.0.1; Nexus 5X Build/MMB29P) AppleWebKit/537.36 (KHTML, like Gecko) Chrome/135.0.7049.95 Mobile Safari/537.36 (compatible; Googlebot/2.1; +http://www.google.com/bot.html)"
20.15.133.191 - - [02/May/2025:17:05:51 -0400] "GET /?e=71161170476200&channel=11d80f&from=category-info.php%3Fid%3D1704762-18338%26name%3D%E3%80%90%E3%83%A9%E3%82%B9%E3%83%881%E3%82%BB%E3%83%83%E3%83%88%E3%80%91%E3%82%A2%E3%83%B3%E3%83%91%E3%83%B3%E3%83%9E%E3%83%B3%E3%80%80%E3%82%B3%E3%82%AD%E3%83%B3%E3%81%A1%E3%82%83%E3%82%93%E3%80%80%E3%83%8D%E3%82%A4%E3%83%AB%E3%82%B7%E3%83%BC%E3%83%AB%E3%80%80%E3%83%8D%E3%82%A4%E3%83%AB%E3%80%80%E3%83%8D%E3%82%A4%E3%83%AB%E3%83%91%E3%83%BC%E3%83%84 HTTP/1.1" 200 0 "-" "Mozilla/5.0 AppleWebKit/537.36 (KHTML, like Gecko; compatible; bingbot/2.0; +http://www.bing.com/bingbot.htm) Chrome/116.0.1938.76 Safari/537.36"
52.167.144.205 - - [02/May/2025:17:05:58 -0400] "GET /?e=37520165724608&channel=55aa92&from=info.php%3Fid%3D1657246-5224%26name%3D%E3%83%8F%E3%83%B3%E3%83%89%E3%83%9F%E3%82%B7%E3%83%B3+%E5%88%9D%E5%BF%83%E8%80%85%E5%90%91+%E9%9B%BB%E5%8B%95+%E5%B0%8F%E5%9E%8B%E3%83%8F%E3%83%B3%E3%83%87%E3%82%A3+%EF%BC%92%E6%9C%AC%E7%B3%B8%E7%B8%AB+%E3%81%8A%E6%89%8B%E8%BB%BD%E3%83%9F%E3%82%B7%E3%83%B3+%E3%82%B3%E3%83%B3%E3%83%91%E3%82%AF%E3%83%88+%E3%83%9F%E3%82%B7%E3%83%B3+%E7%B0%A1%E5%8D%98%E3%83%9F%E3%82%B7%E3%83%B3+%E7%89%87%E6%89%8B%E3%81%A7%E7%B8%AB%E3%81%88%E3%82%8B+%E3%83%8F%E3%83%B3%E3%83%87%E3%82%A3%E3%83%9F%E3%82%B7%E3%83%B3+%E6%89%8B%E6%8C%81%E3%81%A1%E3%83%9F%E3%82%B7%E3%83%B3 HTTP/1.1" 200 0 "-" "Mozilla/5.0 AppleWebKit/537.36 (KHTML, like Gecko; compatible; bingbot/2.0; +http://www.bing.com/bingbot.htm) Chrome/116.0.1938.76 Safari/537.36"
66.249.74.37 - - [02/May/2025:17:06:47 -0400] "GET /?e=85978196000003&channel=263e5b&from=news.php%3Fid%3D1960000-21778%26name%3D%E3%80%90%E6%97%A5%E6%9C%AC%E8%A3%BD%E3%80%91%E3%83%8F%E3%83%9E%E3%83%8A%E3%82%AB%E3%80%80%E3%83%AA%E3%83%BC%E3%83%95%E3%83%96%E3%83%AC%E3%83%BC%E3%83%89%E3%80%809%E3%8E%9C%E5%B7%BE%E3%80%80%E7%B4%B0%E3%80%80%E7%84%A6%E8%8C%B6 HTTP/1.1" 200 51922 "-" "Mozilla/5.0 (Linux; Android 6.0.1; Nexus 5X Build/MMB29P) AppleWebKit/537.36 (KHTML, like Gecko) Chrome/135.0.7049.95 Mobile Safari/537.36 (compatible; Googlebot/2.1; +http://www.google.com/bot.html)"
66.249.74.35 - - [02/May/2025:17:08:49 -0400] "GET /?e=78983180724104&channel=c98b5d&from=article.php%3Fid%3D1807241-7206%26name%3D%5BAscenfom%5D+%E3%83%96%E3%83%AC%E3%82%B9%E3%83%AC%E3%83%83%E3%83%88+%E3%83%A1%E3%83%B3%E3%82%BA+%E6%9C%AC%E9%9D%A9+%E3%83%91%E3%83%AF%E3%83%BC%E3%82%B9%E3%83%88%E3%83%BC%E3%83%B3+%E5%A4%A9%E7%84%B6%E7%9F%B3+%E3%82%BF%E3%82%A4%E3%82%AC%E3%83%BC%E3%82%A2%E3%82%A4+%E3%83%AC%E3%82%B6%E3%83%BC+%E9%9D%A9+%E3%82%A2%E3%82%AF%E3%82%BB%E3%82%B5%E3%83%AA%E3%83%BC+%E3%82%B8%E3%83%A5%E3%82%A8%E3%83%AA%E3%83%BC+%E3%82%AE%E3%83%95%E3%83%88 HTTP/1.1" 200 52272 "-" "Mozilla/5.0 (Linux; Android 6.0.1; Nexus 5X Build/MMB29P) AppleWebKit/537.36 (KHTML, like Gecko) Chrome/135.0.7049.95 Mobile Safari/537.36 (compatible; Googlebot/2.1; +http://www.google.com/bot.html)"
52.167.144.234 - - [02/May/2025:17:09:17 -0400] "GET /?e=86409185581802&channel=19e27e&from=shared.php%3Fid%3D1855818-13927%26name%3D%E4%BF%9D%E8%AD%B7%E3%82%AB%E3%83%90%E3%83%BC%E7%94%A8%E3%83%81%E3%82%A7%E3%83%BC%E3%83%B3%E3%82%BD%E3%83%BC%E3%83%96%E3%83%AC%E3%83%BC%E3%83%89%E3%81%AF%E3%80%81%E6%9D%90%E6%96%99%E3%81%A8%E8%80%90%E4%B9%85%E6%80%A7%E3%81%AE%E3%81%82%E3%82%8B%E8%80%90%E6%91%A9%E8%80%97%E6%80%A7%E3%82%B7%E3%83%BC%E3%82%B9%E3%82%92%E5%8A%B9%E6%9E%9C%E7%9A%84%E3%81%AB%E6%B7%B7%E5%90%88%E3%81%97%E3%81%BE%E3%81%99%E3%80%82 HTTP/1.1" 200 0 "-" "Mozilla/5.0 AppleWebKit/537.36 (KHTML, like Gecko; compatible; bingbot/2.0; +http://www.bing.com/bingbot.htm) Chrome/116.0.1938.76 Safari/537.36"
40.77.167.10 - - [02/May/2025:17:09:59 -0400] "GET /?e=4759038317400&channel=8532de&from=product.php%3Fid%3D383174-11169%26name%3D%E3%82%B8%E3%83%A7%E3%82%B8%E3%83%A71%E7%95%AA%E3%81%8F%E3%81%98 HTTP/1.1" 200 0 "-" "Mozilla/5.0 AppleWebKit/537.36 (KHTML, like Gecko; compatible; bingbot/2.0; +http://www.bing.com/bingbot.htm) Chrome/116.0.1938.76 Safari/537.36"
66.249.74.37 - - [02/May/2025:17:10:05 -0400] "GET /?e=29774130340200&channel=91a238&from=form.php%3Fid%3D1303402-17513%26name%3D%E3%83%95%E3%82%A3%E3%83%AB%E3%82%BF%E3%83%BC%E3%83%90%E3%83%83%E3%82%B0%E3%80%81%E3%83%97%E3%83%BC%E3%83%AB%E3%83%95%E3%82%A3%E3%83%AB%E3%82%BF%E3%83%BC%E3%83%90%E3%83%83%E3%82%B0+%7C+%E3%83%95%E3%82%A3%E3%83%AB%E3%82%BF%E3%83%BC%E3%83%90%E3%83%83%E3%82%B0+%7C+%E5%A4%9A%E5%B1%A4%E3%83%95%E3%82%A3%E3%83%AB%E3%82%BF%E3%83%BC%E3%83%90%E3%83%83%E3%82%B0+%7C+%E3%83%97%E3%83%BC%E3%83%AB%E3%82%AF%E3%83%AA%E3%83%BC%E3%83%8A%E3%83%BC+%E5%A4%9A%E5%B1%A4%E3%83%95%E3%82%A1%E3%82%A4%E3%83%B3%E3%83%A1%E3%83%83%E3%82%B7%E3%83%A5 HTTP/1.1" 200 54027 "-" "Mozilla/5.0 (Linux; Android 6.0.1; Nexus 5X Build/MMB29P) AppleWebKit/537.36 (KHTML, like Gecko) Chrome/135.0.7049.95 Mobile Safari/537.36 (compatible; Googlebot/2.1; +http://www.google.com/bot.html)"
52.167.144.159 - - [02/May/2025:17:10:33 -0400] "GET /?e=7004769705808&channel=4ea731&from=news.php%3Fid%3D697058-13386%26name%3D%E9%8F%A1+%E5%A3%81%E6%8E%9B%E3%81%91+%E3%83%99%E3%83%8D%E3%83%81%E3%82%A2%E3%83%B3%E3%82%B9%E3%82%BF%E3%82%A4%E3%83%AB%E3%83%9F%E3%83%A9%E3%83%BC+%E3%83%8F%E3%83%BC%E3%83%88%E5%9E%8B+%E3%82%A8%E3%83%83%E3%83%81%E3%83%B3%E3%82%B0%E3%83%9F%E3%83%A9%E3%83%BC+%E3%82%A2%E3%83%B3%E3%83%86%E3%82%A3%E3%83%BC%E3%82%AF+%E3%83%9F%E3%83%A9%E3%83%BC+%E5%A3%81%E6%8E%9B%E3%81%91+%E4%BA%BA%E6%B0%97+%E3%81%8A%E3%81%97%E3%82%83%E3%82%8C+%E3%82%A4%E3%82%BF%E3%83%AA%E3%82%A2+%E3%83%99%E3%83%8D%E3%83%81%E3%82%A2%E3%83%9F%E3%83%A9%E3%83%BC+%E9%8F%A1+%E5%A3%81%E6%8E%9B%E3%81%91 HTTP/1.1" 200 0 "-" "Mozilla/5.0 AppleWebKit/537.36 (KHTML, like Gecko; compatible; bingbot/2.0; +http://www.bing.com/bingbot.htm) Chrome/116.0.1938.76 Safari/537.36"
66.249.74.37 - - [02/May/2025:17:11:44 -0400] "GET /?e=775485400002&channel=f65b69&from=goods.php%3Fid%3D54000-2871%26name%3D%E2%98%86+%E3%83%87%E3%82%B6%E3%82%A4%E3%83%B3%E3%83%86%E3%83%BC%E3%83%96%E3%83%AB+120cm++%E3%82%A6%E3%82%A7%E3%83%BC%E3%83%96%E5%9E%8B+%E5%9B%BD%E7%94%A3%E3%83%86%E3%83%BC%E3%83%96%E3%83%AB+%E2%98%86 HTTP/1.1" 200 53324 "-" "Mozilla/5.0 (Linux; Android 6.0.1; Nexus 5X Build/MMB29P) AppleWebKit/537.36 (KHTML, like Gecko) Chrome/135.0.7049.95 Mobile Safari/537.36 (compatible; Googlebot/2.1; +http://www.google.com/bot.html)"
40.77.167.10 - - [02/May/2025:17:13:29 -0400] "GET /?e=16097138830502&channel=79b29a&from=article.php%3Fid%3D1388305-804%26name%3D%E5%88%88%E6%89%95%E6%A9%9F%E7%94%A8%E3%83%81%E3%83%83%E3%83%97%E3%82%BD%E3%83%BC+%E3%83%96%E3%83%A9%E3%83%83%E3%82%AF%E3%82%B7%E3%83%A3%E3%83%BC%E3%82%AF+%E5%A4%96%E5%BE%84255mmx%E5%88%83%E6%95%B040P+%E4%B8%89%E9%99%BD%E9%87%91%E5%B1%9E+0377+%28+%E8%8D%89%E5%88%88+%E9%9B%91%E8%8D%89+%E7%95%A6%E8%8D%89+%29 HTTP/1.1" 200 0 "-" "Mozilla/5.0 AppleWebKit/537.36 (KHTML, like Gecko; compatible; bingbot/2.0; +http://www.bing.com/bingbot.htm) Chrome/116.0.1938.76 Safari/537.36"
40.77.167.77 - - [02/May/2025:17:13:34 -0400] "GET /?e=2926187059849&channel=1e5ee0&from=article.php%3Fid%3D870598-580%26name%3D%E3%80%8A%E4%BA%88%E7%B4%84%E3%80%8B%E3%83%91%E3%82%A4%E3%83%AB%E3%83%A9%E3%82%B0%E3%83%A9%E3%83%B3TEE%E3%82%B7%E3%83%A3%E3%83%84 HTTP/1.1" 200 0 "-" "Mozilla/5.0 AppleWebKit/537.36 (KHTML, like Gecko; compatible; bingbot/2.0; +http://www.bing.com/bingbot.htm) Chrome/116.0.1938.76 Safari/537.36"
66.249.74.36 - - [02/May/2025:17:13:42 -0400] "GET /?e=0921257123703&channel=027a4b&from=category-info.php%3Fid%3D571237-8269%26name%3D%E3%83%89%E3%83%AA%E3%83%B3%E3%82%AF%E3%82%B5%E3%83%BC%E3%83%90%E3%83%BC+%E6%9C%9D%E9%A3%9F%E3%83%93%E3%83%A5%E3%83%83%E3%83%95%E3%82%A7%E3%83%90%E3%83%BC%E7%94%A8+8%E3%83%AA%E3%83%83%E3%83%88%E3%83%AB%E5%86%B7%E8%94%B5%E3%82%B8%E3%83%A5%E3%83%BC%E3%82%B9%E3%81%BE%E3%81%9F%E3%81%AF%E3%83%9F%E3%83%AB%E3%82%AF%E3%83%87%E3%82%A3%E3%82%B9%E3%83%9A%E3%83%B3%E3%82%B5%E3%83%BC+%E3%83%93%E3%83%A5%E3%83%83%E3%83%95%E3%82%A7%E3%81%A8%E3%83%90%E3%83%BC+%E3%82%B8%E3%83%A5%E3%83%BC%E3%82%B9%E3%83%87%E3%82%A3%E3%82%B9%E3%83%9A%E3%83%B3%E3%82%B5%E3%83%BC HTTP/1.1" 200 52946 "-" "Mozilla/5.0 (Linux; Android 6.0.1; Nexus 5X Build/MMB29P) AppleWebKit/537.36 (KHTML, like Gecko) Chrome/135.0.7049.95 Mobile Safari/537.36 (compatible; Googlebot/2.1; +http://www.google.com/bot.html)"
40.77.167.77 - - [02/May/2025:17:14:34 -0400] "GET /?e=70858198216600&channel=2d3c97&from=jp.php%3Fid%3D1982166-12016%26name%3D%5BGUOOL%5D+%E3%82%B9%E3%83%BC%E3%83%84%E3%82%B1%E3%83%BC%E3%82%B9%E7%94%A8%E3%81%AE%E8%8D%B7%E7%89%A9%E3%82%AA%E3%83%BC%E3%82%AC%E3%83%8A%E3%82%A4%E3%82%B6%E3%83%BC%E8%80%90%E6%B0%B4%E6%80%A7%E8%B2%AF%E8%94%B5%E3%83%90%E3%83%83%E3%82%B0%E3%83%8F%E3%83%B3%E3%82%AE%E3%83%B3%E3%82%B0%E3%82%B9%E3%83%BC%E3%83%84%E3%82%B1%E3%83%BC%E3%82%B9%E3%82%AA%E3%83%BC%E3%82%AC%E3%83%8A%E3%82%A4%E3%82%B6%E3%83%BC%E6%96%87%E6%9B%B8%E7%94%A8%E3%81%AE%E8%AA%BF%E6%95%B4%E5%8F%AF%E8%83%BD%E3%81%AA%E3%82%B9%E3%83%88%E3%83%A9%E3%83%83%E3%83%97%E3%82%92 HTTP/1.1" 200 0 "-" "Mozilla/5.0 AppleWebKit/537.36 (KHTML, like Gecko; compatible; bingbot/2.0; +http://www.bing.com/bingbot.htm) Chrome/116.0.1938.76 Safari/537.36"
66.249.74.37 - - [02/May/2025:17:15:03 -0400] "GET /?e=8673168594200&channel=91e266&from=blog.php%3Fid%3D685942-14977%26name%3DM.m%E6%A7%98%E5%B0%82%E7%94%A8 HTTP/1.1" 200 50959 "-" "Mozilla/5.0 (Linux; Android 6.0.1; Nexus 5X Build/MMB29P) AppleWebKit/537.36 (KHTML, like Gecko) Chrome/135.0.7049.95 Mobile Safari/537.36 (compatible; Googlebot/2.1; +http://www.google.com/bot.html)"
40.77.167.77 - - [02/May/2025:17:16:35 -0400] "GET /?e=7431069512002&channel=53fd45&from=product.php%3Fid%3D695120-5890%26name%3D95+PEARLY+GATES%28%E3%83%91%E3%83%BC%E3%83%AA%E3%83%BC%E3%82%B2%E3%82%A4%E3%83%84%29+%E8%BB%BD%E9%87%8F+%E3%82%B0%E3%83%BC%E3%82%B9%E3%83%80%E3%82%A6%E3%83%B3+%E3%83%80%E3%82%A6%E3%83%B3 HTTP/1.1" 200 0 "-" "Mozilla/5.0 AppleWebKit/537.36 (KHTML, like Gecko; compatible; bingbot/2.0; +http://www.bing.com/bingbot.htm) Chrome/116.0.1938.76 Safari/537.36"
40.77.167.10 - - [02/May/2025:17:16:40 -0400] "GET /?e=5861042823311&channel=98647a&from=article.php%3Fid%3D428233-5867%26name%3D%E6%97%A7%E8%BB%8A%E3%83%97%E3%83%A9%E3%83%A2%E3%83%87%E3%83%AB%E5%AE%8C%E6%88%90%E5%93%81%E3%82%A2%E3%83%AA%E3%82%A4%E3%83%80%E3%83%96%E3%83%AB%E3%82%A8%E3%83%83%E3%82%AF%E3%82%B9 HTTP/1.1" 200 0 "-" "Mozilla/5.0 AppleWebKit/537.36 (KHTML, like Gecko; compatible; bingbot/2.0; +http://www.bing.com/bingbot.htm) Chrome/116.0.1938.76 Safari/537.36"
66.249.74.37 - - [02/May/2025:17:17:28 -0400] "GET /?e=1591222414604&channel=30cad0&from=jp.php%3Fid%3D224146-7737%26name%3DRubberbanditz+41%26%2334%3B+Multi-Layered+Physical+Therapy+Resistance+Ba HTTP/1.1" 200 50351 "-" "Mozilla/5.0 (Linux; Android 6.0.1; Nexus 5X Build/MMB29P) AppleWebKit/537.36 (KHTML, like Gecko) Chrome/135.0.7049.95 Mobile Safari/537.36 (compatible; Googlebot/2.1; +http://www.google.com/bot.html)"
40.77.167.25 - - [02/May/2025:17:20:20 -0400] "GET /?e=3468465764002&channel=f907c9&from=article.php%3Fid%3D657640-10350%26name%3DTAOC+%E3%82%B9%E3%83%94%E3%83%BC%E3%82%AB%E3%83%BC%E3%83%99%E3%83%BC%E3%82%B9+SPB-300DL+4%E5%80%8B%E3%82%BB%E3%83%83%E3%83%88 HTTP/1.1" 200 0 "-" "Mozilla/5.0 AppleWebKit/537.36 (KHTML, like Gecko; compatible; bingbot/2.0; +http://www.bing.com/bingbot.htm) Chrome/116.0.1938.76 Safari/537.36"
40.77.167.25 - - [02/May/2025:17:20:21 -0400] "GET /?e=1757897798301&channel=0a6365&from=category-info.php%3Fid%3D977983-4764%26name%3D%E3%82%B3%E3%83%AD%E3%83%83%E3%82%AF%E3%83%AB+%E3%83%97%E3%83%AD%E3%82%B0%E3%83%A9%E3%83%9F%E3%83%B3%E3%82%B0%E5%AD%A6%E7%BF%92%E3%82%AD%E3%83%83%E3%83%89%E4%BD%9C%E6%88%90%E6%B8%88%E3%81%BF HTTP/1.1" 200 0 "-" "Mozilla/5.0 AppleWebKit/537.36 (KHTML, like Gecko; compatible; bingbot/2.0; +http://www.bing.com/bingbot.htm) Chrome/116.0.1938.76 Safari/537.36"
40.77.167.149 - - [02/May/2025:17:21:58 -0400] "GET /?e=007609699800&channel=af696e&from=shared.php%3Fid%3D96998-4582%26name%3D%E7%9C%9F%E7%A9%BA%E7%AE%A1%E3%80%80VALVO+ECC83+2%E6%9C%AC%E3%82%BB%E3%83%83%E3%83%88+%E3%80%80%E3%82%A4%E3%82%B3%E3%83%A9%E3%82%A4%E3%82%B6%E3%83%BC%E3%81%AB%E8%A9%A6%E9%A8%93%E8%B3%BC%E5%85%A5%E7%82%BA HTTP/1.1" 200 0 "-" "Mozilla/5.0 AppleWebKit/537.36 (KHTML, like Gecko; compatible; bingbot/2.0; +http://www.bing.com/bingbot.htm) Chrome/116.0.1938.76 Safari/537.36"
40.77.167.149 - - [02/May/2025:17:21:59 -0400] "GET /?e=8712976207204&channel=e3e95a&from=pin.php%3Fid%3D762072-11569%26name%3DHahaemall+%E7%85%99%E7%AA%81%E3%82%AD%E3%83%A3%E3%83%83%E3%83%97+14%E3%82%A4%E3%83%B3%E3%83%81+x+14%E3%82%A4%E3%83%B3%E3%83%81+%E7%85%99%E7%AA%81%E3%82%AB%E3%83%90%E3%83%BC+%E7%85%99%E7%AA%81%E3%83%AC%E3%82%A4%E3%83%B3%E3%82%AD%E3%83%A3%E3%83%83%E3%83%97+%E6%9A%96%E7%82%89%E7%94%A8%E7%85%99%E7%AA%81%E3%82%AD%E3%83%A3%E3%83%83%E3%83%97+%E5%B1%8B%E5%A4%96%E7%94%A8+%E6%97%A2%E5%AD%98%E3%81%AE%E7%B2%98%E5%9C%9F HTTP/1.1" 200 0 "-" "Mozilla/5.0 AppleWebKit/537.36 (KHTML, like Gecko; compatible; bingbot/2.0; +http://www.bing.com/bingbot.htm) Chrome/116.0.1938.76 Safari/537.36"
40.77.167.77 - - [02/May/2025:17:22:26 -0400] "GET /?e=3955082012902&channel=bdfcb6&from=goods.php%3Fid%3D820129-17695%26name%3D%E7%8C%AB+%E7%88%AA%E7%A0%94%E3%81%8E%E3%83%8F%E3%82%A6%E3%82%B9+%E6%9C%A8%E8%A3%BD+%E4%BA%8C%E5%B1%A4+%E3%82%AD%E3%83%A3%E3%83%83%E3%83%88%E3%83%8F%E3%82%A6%E3%82%B9+%E7%88%AA%E3%81%A8%E3%81%8E+%E7%8C%AB%E3%83%8F%E3%82%A6%E3%82%B9+%E6%AE%B5%E3%83%9C%E3%83%BC%E3%83%AB+%E9%9A%8E%E6%AE%B5+%E7%B5%84%E3%81%BF%E7%AB%8B%E3%81%A6%E5%BC%8F+%E3%83%80%E3%83%B3%E3%83%9C%E3%83%BC%E3%83%AB%E3%83%8F%E3%82%A6%E3%82%B9+%E8%80%90%E8%8D%B7%E9%87%8D30KG+%E7%8C%AB+%E7%88%AA HTTP/1.1" 200 0 "-" "Mozilla/5.0 AppleWebKit/537.36 (KHTML, like Gecko; compatible; bingbot/2.0; +http://www.bing.com/bingbot.htm) Chrome/116.0.1938.76 Safari/537.36"
40.77.167.77 - - [02/May/2025:17:22:57 -0400] "GET /?e=83912130508700&channel=3a1721&from=jp.php%3Fid%3D1305087-1869%26name%3D%E3%80%90%E3%83%AC%E3%83%93%E3%83%A5%E3%83%BC%E7%89%B9%E5%85%B8%E3%81%82%E3%82%8A%E3%80%91%E5%85%89%E3%81%AE%E6%A5%BD%E5%9C%92+%E3%83%84%E3%82%A4%E3%83%B3%E3%82%B3%E3%83%81%E3%83%A7%E3%82%A6%E3%83%A9%E3%83%B3+319A70-75%3Cbr%3E%5B%E5%85%89%E8%A7%A6%E5%AA%92%E3%81%A7%E6%8A%97%E8%8F%8C%E3%83%BB%E6%B6%88%E8%87%AD%E3%83%BB%E9%98%B2%E6%B1%9A%E3%83%BB%E3%83%9B%E3%83%AB%E3%83%A0%E3%82%A2%E3%83%AB%E3%83%87%E3%83%92%E3%83%89%E3%82%92%E5%88%86%E8%A7%A3%E3%81%99%E3%82%8B%E3%83%95%E3%83%A9%E3%83%AF%E3%83%BC%E3%82%A2%E3%83%AC%E3%83%B3%E3%82%B8%E3%83%A1%E3%83%B3%E3%83%88+%E6%B0%B4%E3%82%84%E3%82%8A%E4%B8%8D%E8%A6%81%E3%81%AE%E9%80%A0%E8%8A%B1+%E3%81%8A%E9%83%A8%E5%B1%8B%E3%81%AE%E3%82%A4%E3%83%B3%E3%83%86%E3%83%AA%E3%82%A2%28%E3%82%A2%E3%83%BC%E3%83%88%E3%83%95%E3%83%A9%E3%83%AF%E3%83%BC%29%E4%BA%BA%E5%B7%A5%E6%A4%8D%E7%89%A9%5D+1-2W HTTP/1.1" 200 0 "-" "Mozilla/5.0 AppleWebKit/537.36 (KHTML, like Gecko; compatible; bingbot/2.0; +http://www.bing.com/bingbot.htm) Chrome/116.0.1938.76 Safari/537.36"
40.77.167.77 - - [02/May/2025:17:23:27 -0400] "GET /?e=89390136756801&channel=fce966&from=brands.php%3Fid%3D1367568-18768%26name%3D%E3%83%95%E3%82%A7%E3%82%A4%E3%82%AF%E3%83%AC%E3%82%B6%E3%83%BC%E3%83%9C%E3%83%87%E3%82%A3%E3%82%B9%E3%83%BC%E3%83%84%E5%A5%B3%E6%80%A7%E3%81%AE%E8%9B%87%E3%82%AD%E3%83%A3%E3%83%83%E3%83%88%E3%82%B9%E3%83%BC%E3%83%84%E3%82%BB%E3%82%AF%E3%82%B7%E3%83%BC%E3%81%AA+Wetlook+%E3%83%A9%E3%83%B3%E3%82%B8%E3%82%A7%E3%83%AA%E3%83%BC%E3%83%AC%E3%82%AA%E3%82%BF%E3%83%BC%E3%83%89%E3%83%9C%E3%83%87%E3%82%A3%E3%82%B9%E3%83%BC%E3%83%84%E3%83%91%E3%83%BC%E3%83%86%E3%82%A3%E3%83%BC%E8%A1%A3%E8%A3%85%E3%82%AF%E3%83%A9%E3%83%96%E3%82%A6 HTTP/1.1" 200 0 "-" "Mozilla/5.0 AppleWebKit/537.36 (KHTML, like Gecko; compatible; bingbot/2.0; +http://www.bing.com/bingbot.htm) Chrome/116.0.1938.76 Safari/537.36"
40.77.167.25 - - [02/May/2025:17:25:40 -0400] "GET /?e=06611153805606&channel=a02ed7&from=news.php%3Fid%3D1538056-4692%26name%3D%E9%87%91%E5%B1%9E%E3%83%8D%E3%82%A4%E3%83%AB%E3%82%B9%E3%82%BF%E3%83%83%E3%83%89%E3%83%8D%E3%82%A4%E3%83%AB%E3%82%A2%E3%83%BC%E3%83%88%E5%AE%9D%E7%9F%B3+3D+%E3%83%8D%E3%82%A4%E3%83%AB%E3%83%81%E3%83%A3%E3%83%BC%E3%83%A0%E3%82%A6%E3%82%A9%E3%83%BC%E3%82%BF%E3%83%BC%E3%83%89%E3%83%AD%E3%83%83%E3%83%97%E3%83%8D%E3%82%A4%E3%83%AB%E3%82%A2%E3%83%BC%E3%83%88%E8%A3%85%E9%A3%BE%E3%83%8D%E3%82%A4%E3%83%AB%E3%83%A9%E3%82%A4%E3%83%B3%E3%82%B9%E3%83%88%E3%83%BC%E3%83%B3%E3%83%9E%E3%83%8B%E3%82%AD%E3%83%A5%E3%82%A2%E3%83%87%E3%82%B6%E3%82%A4%E3%83%B3 HTTP/1.1" 200 0 "-" "Mozilla/5.0 AppleWebKit/537.36 (KHTML, like Gecko; compatible; bingbot/2.0; +http://www.bing.com/bingbot.htm) Chrome/116.0.1938.76 Safari/537.36"
52.167.144.21 - - [02/May/2025:17:26:38 -0400] "GET /?e=6437169284405&channel=452d9d&from=info.php%3Fid%3D692844-1359%26name%3DNintendo+Switch2020%E5%B9%B4%E8%A3%BD%E3%81%AE%E3%83%90%E3%83%83%E3%83%86%E3%83%AA%E3%83%BC%E5%BC%B7%E5%8C%96%E7%89%88 HTTP/1.1" 200 0 "-" "Mozilla/5.0 AppleWebKit/537.36 (KHTML, like Gecko; compatible; bingbot/2.0; +http://www.bing.com/bingbot.htm) Chrome/116.0.1938.76 Safari/537.36"
40.77.167.25 - - [02/May/2025:17:28:00 -0400] "GET /?e=89820142873102&channel=91f604&from=category-info.php%3Fid%3D1428731-4792%26name%3D%E3%82%B5%E3%83%95%E3%82%A1%E3%83%AA%E3%83%8F%E3%83%83%E3%83%88+%E5%AD%90%E4%BE%9B+%E3%82%AD%E3%83%83%E3%82%BA+%E7%B4%AB%E5%A4%96%E7%B7%9A%E9%98%B2%E6%AD%A2+UV%E3%82%AB%E3%83%83%E3%83%88+%E8%AA%BF%E6%95%B4%E5%8F%AF%E8%83%BD+%E6%97%A5%E3%82%88%E3%81%91%E5%B8%BD%E5%AD%90+%E3%82%B5%E3%83%9E%E3%83%BC%E3%83%8F%E3%83%83%E3%83%88+%E8%BB%8A%E6%9F%84+%E5%88%BA%E7%B9%8D+%E3%83%8F%E3%82%A4%E3%82%AF%E3%83%8F%E3%83%83%E3%83%88+%E3%82%BF%E3%83%AC%E4%BB%98%E3%81%8D+%E3%83%90%E3%82%B1%E3%83%84 HTTP/1.1" 200 0 "-" "Mozilla/5.0 AppleWebKit/537.36 (KHTML, like Gecko; compatible; bingbot/2.0; +http://www.bing.com/bingbot.htm) Chrome/116.0.1938.76 Safari/537.36"
