66.249.73.131 - - [02/May/2025:14:02:55 -0400] "GET /?o=41974121943202&channel=868935&from=category-info.php%3Fid%3D1219432-14134%26name%3D%E8%A6%AA%E5%AD%90%E9%B7%B9%EF%BC%88%E6%AF%8D%E5%A8%98%E9%B7%B9%EF%BC%89%E4%B8%80%E5%AF%8C%E5%A3%AB%E4%BA%8C%E9%B7%B9%E4%B8%89%E8%8C%84%E5%AD%90%E3%80%80%E7%B8%81%E8%B5%B7%E5%83%8F%E7%89%A9 HTTP/1.1" 200 56229 "-" "Mozilla/5.0 (Linux; Android 6.0.1; Nexus 5X Build/MMB29P) AppleWebKit/537.36 (KHTML, like Gecko) Chrome/135.0.7049.95 Mobile Safari/537.36 (compatible; Googlebot/2.1; +http://www.google.com/bot.html)"
40.77.167.12 - - [02/May/2025:14:02:58 -0400] "GET /?o=84611112924902&channel=02844c&from=shared.php%3Fid%3D1129249-19910%26name%3DTANGLE+TEEZER%E3%80%80%E3%82%BF%E3%83%B3%E3%82%B0%E3%83%AB%E3%83%86%E3%82%A3%E3%83%BC%E3%82%B6%E3%83%BC%E3%80%80+%E3%82%B0%E3%83%AC%E3%83%BC%E3%82%B9%E3%82%B0%E3%83%AA%E3%83%83%E3%82%BF%E3%83%BC+%E3%83%98%E3%82%A2%E3%83%96%E3%83%A9%E3%82%B7 HTTP/1.1" 200 0 "-" "Mozilla/5.0 AppleWebKit/537.36 (KHTML, like Gecko; compatible; bingbot/2.0; +http://www.bing.com/bingbot.htm) Chrome/116.0.1938.76 Safari/537.36"
66.249.73.128 - - [02/May/2025:14:02:58 -0400] "GET /?o=25772117421405&channel=0f2e43&from=news.php%3Fid%3D1174214-1809%26name%3D%E3%81%8B%E3%81%9ARIN%E3%81%95%E3%82%93%E5%B0%82%E7%94%A8%E3%80%80%E3%82%A2%E3%82%B3%E3%83%BC%E3%83%89%E3%80%80%E3%82%A2%E3%82%B3%E3%83%BC%E3%83%89%E3%83%84%E3%82%A2%E3%83%A9%E3%83%BC HTTP/1.1" 200 52168 "-" "Mozilla/5.0 (Linux; Android 6.0.1; Nexus 5X Build/MMB29P) AppleWebKit/537.36 (KHTML, like Gecko) Chrome/135.0.7049.95 Mobile Safari/537.36 (compatible; Googlebot/2.1; +http://www.google.com/bot.html)"
66.249.73.128 - - [02/May/2025:14:03:04 -0400] "GET /?o=9087233393104&channel=dce752&from=pin.php%3Fid%3D333931-14050%26name%3D11%2F26+%E5%80%A4%E4%B8%8B%E3%81%92%3F%E2%80%8D%3F%E4%B9%85%E3%81%97%E3%81%B6%E3%82%8A%E3%81%AE%E5%85%A5%E8%8D%B7%3F%E2%80%8D%3FBRIDGESTONE+18%E3%82%A4%E3%83%B3%E3%83%81%E5%A4%A7%E4%BA%BA%E7%94%A8%E4%B8%89%E8%BC%AA%E8%BB%8A+%E3%83%96%E3%83%AA%E3%82%B8%E3%82%B9%E3%83%88%E3%83%B3%3F%E2%80%8D%3F+%E3%83%AF%E3%82%B4%E3%83%B3+%E8%87%AA%E8%BB%A2%E8%BB%8A+%E3%82%B7%E3%83%AB%E3%83%90%E3%83%BC%3F%E2%80%8D%3F744 HTTP/1.1" 200 53735 "-" "Mozilla/5.0 (Linux; Android 6.0.1; Nexus 5X Build/MMB29P) AppleWebKit/537.36 (KHTML, like Gecko) Chrome/135.0.7049.95 Mobile Safari/537.36 (compatible; Googlebot/2.1; +http://www.google.com/bot.html)"
51.222.253.14 - - [02/May/2025:14:03:07 -0400] "GET /tag/bocoran-togel-toto-macau-terkini/ HTTP/1.1" 200 0 "-" "Mozilla/5.0 (compatible; AhrefsBot/7.0; +http://ahrefs.com/robot/)"
66.249.73.129 - - [02/May/2025:14:03:08 -0400] "GET /?o=93250198339900&channel=63797e&from=info.php%3Fid%3D1983399-25554%26name%3D%E3%82%B5%E3%82%AB%E3%83%A2%E3%83%88%E3%83%87%E3%82%A4%E3%82%BA%E3%80%80%E3%82%AF%E3%83%AA%E3%82%A2%E3%83%95%E3%82%A1%E3%82%A4%E3%83%AB%E5%85%A8%EF%BC%95%E7%A8%AE%E3%82%B3%E3%83%B3%E3%83%97%E3%83%AA%E3%83%BC%E3%83%88 HTTP/1.1" 200 53121 "-" "Mozilla/5.0 (Linux; Android 6.0.1; Nexus 5X Build/MMB29P) AppleWebKit/537.36 (KHTML, like Gecko) Chrome/135.0.7049.95 Mobile Safari/537.36 (compatible; Googlebot/2.1; +http://www.google.com/bot.html)"
66.249.73.128 - - [02/May/2025:14:03:11 -0400] "GET /?o=22928197846608&channel=600665&from=pin.php%3Fid%3D1978466-26869%26name%3D%E3%82%A2%E3%82%A6%E3%83%88%E3%83%89%E3%82%A2%E3%80%80%E3%82%AB%E3%82%BB%E3%83%83%E3%83%88%E3%82%AC%E3%82%B9%E3%80%80%E3%82%B9%E3%83%88%E3%83%BC%E3%83%96%E3%80%80%E3%83%92%E3%83%BC%E3%82%BF%E3%83%BC HTTP/1.1" 200 54011 "-" "Mozilla/5.0 (Linux; Android 6.0.1; Nexus 5X Build/MMB29P) AppleWebKit/537.36 (KHTML, like Gecko) Chrome/135.0.7049.95 Mobile Safari/537.36 (compatible; Googlebot/2.1; +http://www.google.com/bot.html)"
66.249.73.128 - - [02/May/2025:14:03:14 -0400] "GET /?o=5161930395600&channel=8a6308&from=shop.php%3Fid%3D303956-2745%26name%3D%E7%8F%8D%E5%93%81%E5%8F%A4%E4%BC%8A%E4%B8%87%E9%87%8C%EF%BC%88%E5%B9%B3%E6%88%B8%E7%84%BC%E3%80%81%E6%B9%96%E6%9D%B1%E7%84%BC%EF%BC%9F%EF%BC%89%E3%80%80%E3%81%82%E3%82%8F%E3%81%B3%E5%9E%8B%E3%81%AE%E5%A4%89%E5%BD%A2%E7%9A%BF%E3%80%80%E7%84%A1%E5%82%B7%E3%80%80%E6%9C%AC%E7%89%A9%E4%BF%9D%E8%A8%BC HTTP/1.1" 200 54744 "-" "Mozilla/5.0 (Linux; Android 6.0.1; Nexus 5X Build/MMB29P) AppleWebKit/537.36 (KHTML, like Gecko) Chrome/135.0.7049.95 Mobile Safari/537.36 (compatible; Googlebot/2.1; +http://www.google.com/bot.html)"
66.249.73.128 - - [02/May/2025:14:03:15 -0400] "GET /?o=70206103706601&channel=8bd1de&from=jp.php%3Fid%3D1037066-9133%26name%3D%E3%82%B9%E3%83%A9%E3%82%A4%E3%83%89%E5%BC%8F%E6%9B%B8%E5%BA%AB+%E5%B9%8588%C3%97%E5%A5%A540%C3%97%E9%AB%98179cm+%E9%8D%B5%E6%AC%A0%E5%93%81+%E3%82%AD%E3%83%A3%E3%83%93%E3%83%8D%E3%83%83%E3%83%88+%E3%82%B9%E3%83%81%E3%83%BC%E3%83%AB+%E6%9C%AC%E6%A3%9A+%E3%82%AA%E3%83%95%E3%82%A3%E3%82%B9%E5%AE%B6%E5%85%B7+%E5%8F%8E%E7%B4%8D+%E4%BA%8B%E5%8B%99%E6%89%80+%E6%9C%AD%E5%B9%8C%E5%B8%82+%E6%B8%85%E7%94%B0%E5%8C%BA+%E9%A1%8C%E3%81%97+%E5%B9%B3%E5%B2%A1 HTTP/1.1" 200 54642 "-" "Mozilla/5.0 (Linux; Android 6.0.1; Nexus 5X Build/MMB29P) AppleWebKit/537.36 (KHTML, like Gecko) Chrome/135.0.7049.95 Mobile Safari/537.36 (compatible; Googlebot/2.1; +http://www.google.com/bot.html)"
66.249.73.128 - - [02/May/2025:14:03:17 -0400] "GET /?o=2412897451801&channel=7b65c6&from=product.php%3Fid%3D974518-20917%26name%3D%E3%80%8A%E7%BD%AE%E7%89%A9%E3%80%8B%E3%82%AA%E3%83%BC%E3%83%AB%E3%83%89%E6%B7%B1%E5%B7%9D+%E6%B7%B1%E5%B7%9D%E8%A3%BD%E7%A3%81+%E9%B3%A5+%E3%83%95%E3%82%A3%E3%82%AE%E3%83%A5%E3%83%AA%E3%83%B3%E3%80%80%E3%83%95%E3%82%A3%E3%82%AE%E3%83%AA%E3%83%B3 HTTP/1.1" 200 55107 "-" "Mozilla/5.0 (Linux; Android 6.0.1; Nexus 5X Build/MMB29P) AppleWebKit/537.36 (KHTML, like Gecko) Chrome/135.0.7049.95 Mobile Safari/537.36 (compatible; Googlebot/2.1; +http://www.google.com/bot.html)"
66.249.73.128 - - [02/May/2025:14:03:23 -0400] "GET /?o=85599127837009&channel=ed492f&from=blog.php%3Fid%3D1278370-12744%26name%3D%E3%83%80%E3%82%A4%E3%82%BD%E3%83%B3+%E3%83%9B%E3%83%83%E3%83%88%2B%E3%82%AF%E3%83%BC%E3%83%AB+MA05 HTTP/1.1" 200 52519 "-" "Mozilla/5.0 (Linux; Android 6.0.1; Nexus 5X Build/MMB29P) AppleWebKit/537.36 (KHTML, like Gecko) Chrome/135.0.7049.95 Mobile Safari/537.36 (compatible; Googlebot/2.1; +http://www.google.com/bot.html)"
66.249.73.128 - - [02/May/2025:14:03:24 -0400] "GET /?o=76126127706600&channel=641ff0&from=blog.php%3Fid%3D1277066-16657%26name%3D%E6%B2%B9%E5%BD%A9%E7%94%BB+%E6%B4%8B%E7%94%BB+%28%E6%B2%B9%E7%B5%B5%E9%A1%8D%E7%B8%81%E4%BB%98%E3%81%8D%E3%81%A7%E7%B4%8D%E5%93%81%E5%AF%BE%E5%BF%9C%E5%8F%AF%29+M15%E5%8F%B7+%E3%80%8C%E3%81%82%E3%81%98%E3%81%95%E3%81%84%E3%80%8D+%E5%AE%89%E7%94%B0+%E8%8B%B1%E6%98%8E HTTP/1.1" 200 57299 "-" "Mozilla/5.0 (Linux; Android 6.0.1; Nexus 5X Build/MMB29P) AppleWebKit/537.36 (KHTML, like Gecko) Chrome/136.0.7103.59 Mobile Safari/537.36 (compatible; Googlebot/2.1; +http://www.google.com/bot.html)"
66.249.73.129 - - [02/May/2025:14:03:28 -0400] "GET /?o=581721307400&channel=a8ecbb&from=brands.php%3Fid%3D13074-1768%26name%3D%E3%83%A6%E3%83%94%E3%83%86%E3%83%AB%E3%80%80%E3%83%AC%E3%83%BC%E3%83%80%E3%83%BC%E6%8E%A2%E7%9F%A5%E6%A9%9F%E3%80%80Lei02%E3%80%80%E7%97%9B%E3%83%AC%E3%83%BC%E6%8E%A2 HTTP/1.1" 200 53134 "-" "Mozilla/5.0 (Linux; Android 6.0.1; Nexus 5X Build/MMB29P) AppleWebKit/537.36 (KHTML, like Gecko) Chrome/135.0.7049.95 Mobile Safari/537.36 (compatible; Googlebot/2.1; +http://www.google.com/bot.html)"
66.249.73.128 - - [02/May/2025:14:03:37 -0400] "GET /?o=1167220281002&channel=680a4d&from=article.php%3Fid%3D202810-10145%26name%3D%E9%B6%8F%E3%80%80%E3%83%8B%E3%83%AF%E3%83%88%E3%83%AA%E3%80%80%E3%83%9E%E3%83%AB%E3%83%81%E3%82%AB%E3%83%90%E3%83%BC%E3%80%80%E3%82%BD%E3%83%95%E3%82%A1%E3%83%BC%E3%82%AB%E3%83%90%E3%83%BC%E3%80%80%E3%83%B4%E3%82%A3%E3%83%B3%E3%83%86%E3%83%BC%E3%82%B8%E3%83%A9%E3%82%B0%E3%80%80180x124+%E9%99%90%E3%82%89 HTTP/1.1" 200 51533 "-" "Mozilla/5.0 (Linux; Android 6.0.1; Nexus 5X Build/MMB29P) AppleWebKit/537.36 (KHTML, like Gecko) Chrome/135.0.7049.95 Mobile Safari/537.36 (compatible; Googlebot/2.1; +http://www.google.com/bot.html)"
66.249.73.128 - - [02/May/2025:14:03:38 -0400] "GET /?o=83871195088001&channel=16400f&from=form.php%3Fid%3D1950880-23729%26name%3D%E6%96%B0%E8%B0%B7%E9%85%B5%E7%B4%A0+RAKUFAS+%E3%83%A9%E3%82%AF%E3%83%95%E3%82%A1%E3%82%B9+%E3%83%95%E3%82%A1%E3%82%B9%E3%83%86%E3%82%A3%E3%83%B3%E3%82%B0+3%E6%97%A5%E9%96%93+%E9%80%B1%E6%9C%AB%E6%96%AD%E9%A3%9F%E3%83%97%E3%83%AD%E3%82%B0%E3%83%A9%E3%83%A0 HTTP/1.1" 200 55967 "-" "Mozilla/5.0 (Linux; Android 6.0.1; Nexus 5X Build/MMB29P) AppleWebKit/537.36 (KHTML, like Gecko) Chrome/135.0.7049.95 Mobile Safari/537.36 (compatible; Googlebot/2.1; +http://www.google.com/bot.html)"
66.249.73.129 - - [02/May/2025:14:03:41 -0400] "GET /?o=9054890919208&channel=44cd93&from=shared.php%3Fid%3D909192-10090%26name%3D%E7%8F%BE%E4%BB%A3%E8%8A%B8%E8%A1%93%E5%AE%B6%E2%98%86%E7%B5%B5%E5%B8%AB%E7%99%BD%E9%81%93%E3%80%8COrange+Magic%EF%BC%8B%E9%B3%B3%E5%87%B0%E3%80%8D%EF%BC%88%E8%A4%87%E8%A3%BD%E7%94%BB%EF%BC%89%E3%80%80%E7%9B%B4%E7%AD%86%E3%82%B5%E3%82%A4%E3%83%B3%E3%81%82%E3%82%8A%E3%80%80%2F%E7%8F%BE%E4%BB%A3%E3%82%A2%E3%83%BC%E3%83%88%E3%80%80+ART%E3%80%80%E9%BE%8D%E3%80%80%E7%B5%B5%E3%80%80%E7%B5%B5%E7%94%BB%E3%80%80%E9%80%81%E6%96%99%E7%84%A1%E6%96%99%E2%99%AA HTTP/1.1" 200 56733 "-" "Mozilla/5.0 (Linux; Android 6.0.1; Nexus 5X Build/MMB29P) AppleWebKit/537.36 (KHTML, like Gecko) Chrome/135.0.7049.95 Mobile Safari/537.36 (compatible; Googlebot/2.1; +http://www.google.com/bot.html)"
66.249.73.128 - - [02/May/2025:14:03:42 -0400] "GET /?o=6934841284003&channel=b82a36&from=info.php%3Fid%3D412840-2760%26name%3D%E3%80%90%E9%80%81%E6%96%99%E8%BE%BC%E3%80%91%E3%80%80SnowPeak%E3%80%80%E3%82%A2%E3%83%A1%E3%83%8B%E3%83%86%E3%82%A3%E3%83%89%E3%83%BC%E3%83%A0L%E3%80%80%E5%AE%8C%E5%93%81 HTTP/1.1" 200 54053 "-" "Mozilla/5.0 (Linux; Android 6.0.1; Nexus 5X Build/MMB29P) AppleWebKit/537.36 (KHTML, like Gecko) Chrome/135.0.7049.95 Mobile Safari/537.36 (compatible; Googlebot/2.1; +http://www.google.com/bot.html)"
66.249.73.129 - - [02/May/2025:14:03:45 -0400] "GET /?o=21615125591404&channel=29181f&from=goods.php%3Fid%3D1255914-433%26name%3D%E8%B1%A1%E5%8D%B0+%E9%9B%BB%E6%B0%97%E3%83%9D%E3%83%83%E3%83%88+%E3%83%9E%E3%82%A4%E3%82%B3%E3%83%B3%E6%B2%B8%E3%81%A8%E3%81%86+VE%E9%9B%BB%E6%B0%97%E3%81%BE%E3%81%BB%E3%81%86%E3%81%B3%E3%82%93+%E3%82%B9%E3%83%86%E3%83%B3%E3%83%AC%E3%82%B9+CV-RA50-XA+3%E6%AE%B5%E9%9A%8E%E4%BF%9D%E6%B8%A9%E8%A8%AD%E5%AE%9A+%E3%81%BE%E3%81%BB%E3%81%86%E3%81%B3%E3%82%93%E4%BF%9D%E6%B8%A9+%E5%A4%A7%E5%AE%B9%E9%87%8F+%E3%82%B3%E3%83%B3%E3%83%91%E3%82%AF%E3%83%88+%E6%97%A9%E3%81%8F%E6%B2%B8%E3%81%8F+1300W%E3%83%8F%E3%82%A4%E3%82%B9%E3%83%94%E3%83%BC%E3%83%89%E6%B2%B8%E3%81%A8%E3%81%86+6%E6%AE%B5%E9%9A%8E%E7%AF%80%E7%B4%84%E3%83%AD%E3%83%B3%E3%82%B0%E3%82%BF%E3%82%A4%E3%83%9E%E3%83%BC+%E8%B5%A4%E7%8E%89%E6%B0%B4%E9%87%8F%E8%A8%88+%E3%83%AF%E3%82%A4%E3%83%89%E3%82%A6%E3%82%A4%E3%83%B3%E3%83%89%E3%82%A6+%E7%B5%A6%E6%B0%B4%E5%A0%B1%E7%9F%A5%E6%A9%9F%E8%83%BD%E4%BB%98%E3%81%8D+%E3%82%AA%E3%83%95%E3%82%A3%E3%82%B9+%E3%81%8A%E6%89%8B%E5%85%A5%E3%82%8C%E7%B0%A1%E5%8D%98 HTTP/1.1" 200 55962 "-" "Mozilla/5.0 (Linux; Android 6.0.1; Nexus 5X Build/MMB29P) AppleWebKit/537.36 (KHTML, like Gecko) Chrome/135.0.7049.95 Mobile Safari/537.36 (compatible; Googlebot/2.1; +http://www.google.com/bot.html)"
66.249.73.129 - - [02/May/2025:14:03:49 -0400] "GET /?o=0322968210003&channel=58133a&from=shared.php%3Fid%3D682100-19478%26name%3D%E3%83%90%E3%82%BA%E3%83%AA%E3%82%AF%E3%82%BD%E3%83%B3%E3%82%BA+%E9%9A%8E%E7%B4%9A%E7%AB%A0%E4%BB%98+L-%EF%BC%92B+%E3%83%95%E3%83%A9%E3%82%A4%E3%83%88%E3%82%B8%E3%83%A3%E3%82%B1%E3%83%83%E3%83%88+S%E3%82%B5%E3%82%A4%E3%82%BA%E3%80%800622T15G HTTP/1.1" 200 54807 "-" "Mozilla/5.0 (Linux; Android 6.0.1; Nexus 5X Build/MMB29P) AppleWebKit/537.36 (KHTML, like Gecko) Chrome/135.0.7049.95 Mobile Safari/537.36 (compatible; Googlebot/2.1; +http://www.google.com/bot.html)"
66.249.73.129 - - [02/May/2025:14:03:49 -0400] "GET /?o=80879155408010&channel=406fbe&from=jp.php%3Fid%3D1554080-1553%26name%3D%E3%80%90%E6%9C%AA%E4%BD%BF%E7%94%A8%E3%80%91+BURBERRY+%E3%83%90%E3%83%BC%E3%83%90%E3%83%AA%E3%83%BC+%E6%8A%98%E3%82%8A%E3%81%9F%E3%81%9F%E3%81%BF%E5%82%98+%E3%83%8F%E3%83%AF%E3%82%A4%E5%85%8D%E7%A8%8E%E5%BA%97%E8%B3%BC%E5%85%A5%E5%93%81 HTTP/1.1" 200 53233 "-" "Mozilla/5.0 (Linux; Android 6.0.1; Nexus 5X Build/MMB29P) AppleWebKit/537.36 (KHTML, like Gecko) Chrome/135.0.7049.95 Mobile Safari/537.36 (compatible; Googlebot/2.1; +http://www.google.com/bot.html)"
40.77.167.108 - - [02/May/2025:14:03:51 -0400] "GET /robots.txt HTTP/1.1" 200 66 "-" "Mozilla/5.0 AppleWebKit/537.36 (KHTML, like Gecko; compatible; bingbot/2.0; +http://www.bing.com/bingbot.htm) Chrome/116.0.1938.76 Safari/537.36"
66.249.73.129 - - [02/May/2025:14:03:51 -0400] "GET /?o=55317454902&channel=2b11b1&from=goods.php%3Fid%3D4549-988%26name%3D%E3%83%AC%E3%83%BC%E3%82%B5%E3%83%BC%E3%83%9F%E3%83%8B%E5%9B%9B%E9%A7%86%E3%82%B7%E3%83%AA%E3%83%BC%E3%82%BANO.25%E3%83%80%E3%83%83%E3%82%B7%E3%83%A5+%EF%BC%91%E5%8F%B7%E3%83%BB%E7%9A%87%E5%B8%9D%28%E3%82%A8%E3%83%B3%E3%83%9A%E3%83%A9%E3%83%BC%29 HTTP/1.1" 200 53366 "-" "Mozilla/5.0 (Linux; Android 6.0.1; Nexus 5X Build/MMB29P) AppleWebKit/537.36 (KHTML, like Gecko) Chrome/135.0.7049.95 Mobile Safari/537.36 (compatible; Googlebot/2.1; +http://www.google.com/bot.html)"
40.77.167.108 - - [02/May/2025:14:03:51 -0400] "GET /robots.txt HTTP/1.1" 200 66 "-" "Mozilla/5.0 AppleWebKit/537.36 (KHTML, like Gecko; compatible; bingbot/2.0; +http://www.bing.com/bingbot.htm) Chrome/116.0.1938.76 Safari/537.36"
66.249.73.128 - - [02/May/2025:14:03:54 -0400] "GET /?o=86802141559203&channel=bb3082&from=article.php%3Fid%3D1415592-2931%26name%3DADAM+%E3%82%A2%E3%83%80%E3%83%A0%E3%80%80%E3%83%93%E3%83%AA%E3%83%A4%E3%83%BC%E3%83%89%E3%80%80%E9%9D%A9%E3%82%B1%E3%83%BC%E3%82%B9%E4%BB%98%E3%81%8D HTTP/1.1" 200 54074 "-" "Mozilla/5.0 (Linux; Android 6.0.1; Nexus 5X Build/MMB29P) AppleWebKit/537.36 (KHTML, like Gecko) Chrome/135.0.7049.95 Mobile Safari/537.36 (compatible; Googlebot/2.1; +http://www.google.com/bot.html)"
66.249.73.130 - - [02/May/2025:14:03:58 -0400] "GET /?o=00143122515006&channel=10ed80&from=form.php%3Fid%3D1225150-4705%26name%3DR10NM%E4%BB%8A%E6%9C%88%E3%81%AE%E3%81%A8%E3%81%AA%E3%81%BF%E5%B8%AF%E7%89%B9%E9%9B%86%E5%BE%A1%E7%94%A8%E9%81%94%E3%80%80%E7%A4%BC%E8%A3%85%E3%80%80%E3%82%AC%E3%83%BC%E3%83%89%E5%8A%A0%E5%B7%A5%E4%B8%89%E6%9D%BE%E4%BB%95%E7%AB%8B%E3%81%A6%E3%80%80%E7%BE%8E%E3%81%97%E3%81%84%E3%82%AD%E3%83%A2%E3%83%8E%E6%8E%B2%E8%BC%89 HTTP/1.1" 200 54300 "-" "Mozilla/5.0 (Linux; Android 6.0.1; Nexus 5X Build/MMB29P) AppleWebKit/537.36 (KHTML, like Gecko) Chrome/135.0.7049.95 Mobile Safari/537.36 (compatible; Googlebot/2.1; +http://www.google.com/bot.html)"
66.249.73.129 - - [02/May/2025:14:04:02 -0400] "GET /?o=6008977933005&channel=efc091&from=blog.php%3Fid%3D779330-17426%26name%3D5%E3%82%A4%E3%83%B3%E3%83%81%E3%82%AD%E3%83%A3%E3%82%B9%E3%82%BF%E3%83%BC%E3%83%9B%E3%82%A4%E3%83%BC%E3%83%AB%E3%80%81%E8%B6%85%E9%87%8D%E8%8D%B7%E9%87%8D%E7%94%A8%E3%82%AD%E3%83%A3%E3%82%B9%E3%82%BF%E3%83%BC%EF%BC%88%E8%80%90%E8%8D%B7%E9%87%8D4400%E3%83%9D%E3%83%B3%E3%83%89%EF%BC%89%E3%80%81%E3%83%96%E3%83%AC%E3%83%BC%E3%82%AD%E4%BB%98%E3%81%8D%E5%85%A8%E9%8B%BC%E8%A3%BD%E6%97%8B%E5%9B%9E%E3%82%AD%E3%83%A3%E3%82%B9%E3%82%BF%E3%83%BC%E3%80%81%E4%BD%9C%E6%A5%AD%E5%8F%B0%E3%80%81%E9%87%8D%E8%8D%B7%E9%87%8D%E7%94%A8%E3%82%AB%E3%83%BC%E3%83%88%E3%80%81 HTTP/1.1" 200 53400 "-" "Mozilla/5.0 (Linux; Android 6.0.1; Nexus 5X Build/MMB29P) AppleWebKit/537.36 (KHTML, like Gecko) Chrome/135.0.7049.95 Mobile Safari/537.36 (compatible; Googlebot/2.1; +http://www.google.com/bot.html)"
66.249.73.130 - - [02/May/2025:14:04:04 -0400] "GET /?o=56191112508503&channel=f6191e&from=shop.php%3Fid%3D1125085-23422%26name%3D%E3%80%90%E3%81%BE%E3%81%A8%E3%82%81%E8%B2%B7%E3%81%84%E6%AD%93%E8%BF%8E%E3%80%91%E3%83%93%E3%83%83%E3%82%AF%E3%83%AA%E3%83%9E%E3%83%B3+%E3%83%95%E3%82%A9%E3%83%BC%E3%82%A8%E3%83%90%E3%83%BC%E3%80%80%E3%83%98%E3%83%83%E3%83%89%E3%80%80%E3%83%98%E3%83%A9%E3%82%AF%E3%83%A9%E3%82%A4%E3%82%B9%E3%83%88%E8%B5%A4 HTTP/1.1" 200 53872 "-" "Mozilla/5.0 (Linux; Android 6.0.1; Nexus 5X Build/MMB29P) AppleWebKit/537.36 (KHTML, like Gecko) Chrome/135.0.7049.95 Mobile Safari/537.36 (compatible; Googlebot/2.1; +http://www.google.com/bot.html)"
66.249.73.128 - - [02/May/2025:14:04:08 -0400] "GET /?o=13470104014007&channel=daf483&from=pin.php%3Fid%3D1040140-17529%26name%3D%E3%83%97%E3%83%A9%E3%83%8D%E3%83%83%E3%83%88%E3%83%8F%E3%83%AA%E3%82%A6%E3%83%83%E3%83%89%E3%80%80%E3%83%87%E3%83%8B%E3%83%A0%E3%82%B7%E3%83%A3%E3%83%84%E3%80%80%E5%A4%A7%E3%81%8D%E3%81%84%E3%82%B5%E3%82%A4%E3%82%BA%E3%80%80XL+%E3%83%A1%E3%83%B3%E3%82%BA%E3%80%80%E6%98%A5 HTTP/1.1" 200 53829 "-" "Mozilla/5.0 (Linux; Android 6.0.1; Nexus 5X Build/MMB29P) AppleWebKit/537.36 (KHTML, like Gecko) Chrome/135.0.7049.95 Mobile Safari/537.36 (compatible; Googlebot/2.1; +http://www.google.com/bot.html)"
66.249.73.129 - - [02/May/2025:14:04:11 -0400] "GET /?o=9224773739401&channel=8d61fc&from=brands.php%3Fid%3D737394-2944%26name%3DSixtyone%5B%E3%82%B7%E3%83%83%E3%82%AF%E3%82%B9%E3%83%86%E3%82%A3%E3%83%BC%E3%83%AF%E3%83%B3%5D27%E5%90%8B%E3%83%95%E3%82%A1%E3%83%9F%E3%83%AA%E3%83%BC%E3%82%B5%E3%82%A4%E3%82%AF%E3%83%AB+%E3%82%B7%E3%83%B3%E3%82%B0%E3%83%AB%2F%E3%83%AC%E3%83%83%E3%83%89 HTTP/1.1" 200 55242 "-" "Mozilla/5.0 (Linux; Android 6.0.1; Nexus 5X Build/MMB29P) AppleWebKit/537.36 (KHTML, like Gecko) Chrome/135.0.7049.95 Mobile Safari/537.36 (compatible; Googlebot/2.1; +http://www.google.com/bot.html)"
66.249.73.128 - - [02/May/2025:14:04:12 -0400] "GET /?o=7423792628406&channel=b55102&from=goods.php%3Fid%3D926284-10095%26name%3D%E3%80%8A%E5%B8%8C%E5%B0%91%E3%80%8B%E3%82%B7%E3%83%A3%E3%83%9A%E3%83%AB%E3%83%BB%E3%83%89%E3%83%BB%E3%82%AA%E3%83%BC%E3%82%BE%E3%83%B3%E3%83%8C+1997%EF%BC%88CHAPELLE+D%27AUSONE%EF%BC%89 HTTP/1.1" 200 51841 "-" "Mozilla/5.0 (Linux; Android 6.0.1; Nexus 5X Build/MMB29P) AppleWebKit/537.36 (KHTML, like Gecko) Chrome/135.0.7049.95 Mobile Safari/537.36 (compatible; Googlebot/2.1; +http://www.google.com/bot.html)"
51.222.253.19 - - [02/May/2025:14:04:12 -0400] "GET /tag/ramalan-togel-toto-macau-terkini/ HTTP/1.1" 200 0 "-" "Mozilla/5.0 (compatible; AhrefsBot/7.0; +http://ahrefs.com/robot/)"
66.249.73.128 - - [02/May/2025:14:04:13 -0400] "GET /?o=63058198839000&channel=766f6a&from=goods.php%3Fid%3D1988390-14610%26name%3D%E3%82%B9%E3%83%8C%E3%83%BC%E3%83%94%E3%83%BC+%E3%82%B3%E3%83%B3%E3%83%91%E3%82%AF%E3%83%88%E8%B2%A1%E5%B8%83+%E3%83%96%E3%83%A9%E3%83%83%E3%82%AF+%E3%81%97%E3%81%BE%E3%81%A3 HTTP/1.1" 200 52539 "-" "Mozilla/5.0 (Linux; Android 6.0.1; Nexus 5X Build/MMB29P) AppleWebKit/537.36 (KHTML, like Gecko) Chrome/135.0.7049.95 Mobile Safari/537.36 (compatible; Googlebot/2.1; +http://www.google.com/bot.html)"
66.249.73.128 - - [02/May/2025:14:04:14 -0400] "GET /?o=69158154900306&channel=2fd79d&from=news.php%3Fid%3D1549003-18475%26name%3DHgbgfh+%E7%8A%AC%E3%81%AE%E6%B4%BB%E5%8B%95%E3%83%9E%E3%83%83%E3%83%88%E3%80%81%E7%8A%AC%E3%81%AE%E9%81%8A%E3%81%B3%E3%83%9E%E3%83%83%E3%83%88%E3%81%AE%E9%9D%9E%E3%82%B9%E3%83%AA%E3%83%83%E3%83%97+%7C+%E3%82%AB%E3%83%BC%E3%83%9A%E3%83%83%E3%83%88%E3%81%AE%E3%81%8D%E3%81%97%E3%82%80%E3%81%8A%E3%82%82%E3%81%A1%E3%82%83%E3%82%92%E6%A5%BD%E3%81%97%E3%81%BE%E3%81%9B%E3%82%8B+%7C+%E3%82%A4%E3%83%B3%E3%82%BF%E3%83%A9%E3%82%AF%E3%83%86%E3%82%A3%E3%83%96%E3%81%AA%E9%80%80%E5%B1%88%E3%81%AA%E7%8A%AC HTTP/1.1" 200 53942 "-" "Mozilla/5.0 (Linux; Android 6.0.1; Nexus 5X Build/MMB29P) AppleWebKit/537.36 (KHTML, like Gecko) Chrome/135.0.7049.95 Mobile Safari/537.36 (compatible; Googlebot/2.1; +http://www.google.com/bot.html)"
66.249.73.128 - - [02/May/2025:14:04:21 -0400] "GET /?o=4244718932608&channel=7f5490&from=info.php%3Fid%3D189326-10267%26name%3D%E3%80%90982%E3%80%91%E7%BE%8E%E5%93%81%EF%BC%81%E3%83%AB%E3%82%A4%E3%83%B4%E3%82%A3%E3%83%88%E3%83%B3%E3%80%80%E3%82%BF%E3%82%A4%E3%82%AC%E3%80%80%E3%82%AA%E3%83%BC%E3%82%AC%E3%83%8A%E3%82%A4%E3%82%B6%E3%83%BC%E3%80%80%E3%83%96%E3%83%A9%E3%83%83%E3%82%AF HTTP/1.1" 200 52980 "-" "Mozilla/5.0 (Linux; Android 6.0.1; Nexus 5X Build/MMB29P) AppleWebKit/537.36 (KHTML, like Gecko) Chrome/135.0.7049.95 Mobile Safari/537.36 (compatible; Googlebot/2.1; +http://www.google.com/bot.html)"
66.249.73.129 - - [02/May/2025:14:04:22 -0400] "GET /?o=92970179645905&channel=0c6086&from=news.php%3Fid%3D1796459-2192%26name%3D%E3%83%97%E3%83%BC%E3%83%9E+%E3%82%B8%E3%83%A5%E3%83%8B%E3%82%A2+%E3%82%AD%E3%83%83%E3%82%BA+%E3%83%90%E3%83%83%E3%82%AF%E3%83%91%E3%83%83%E3%82%AF%2830L%29+%E3%83%90%E3%83%83%E3%82%B0+%E9%9E%84+%E3%82%B5%E3%83%83%E3%82%AB%E3%83%BC+%E3%82%A2%E3%82%AF%E3%82%BB%E3%82%B5%E3%83%AA%E3%83%BC+%E7%AB%B6%E6%8A%80+%E3%82%B5%E3%83%83%E3%82%AB%E3%83%BC%E3%83%9C%E3%83%BC%E3%83%AB%E3%83%8D%E3%83%83%E3%83%88%E4%BB%98%E3%81%8D+%E3%83%AA%E3%83%A5%E3%83%83%E3%82%AF+%E3%83%96%E3%83%A9%E3%83%83%E3%82%AF+%E9%BB%92+%E9%80%81%E6%96%99%E7%84%A1%E6%96%99+PUMA+090107 HTTP/1.1" 200 54026 "-" "Mozilla/5.0 (Linux; Android 6.0.1; Nexus 5X Build/MMB29P) AppleWebKit/537.36 (KHTML, like Gecko) Chrome/135.0.7049.95 Mobile Safari/537.36 (compatible; Googlebot/2.1; +http://www.google.com/bot.html)"
66.249.69.173 - - [02/May/2025:14:04:26 -0400] "GET /?o=9748177250802&channel=aed48c&from=blog.php%3Fid%3D772508-19869%26name%3D%E2%96%BC%E6%B8%A1%E9%B6%B4%E7%BE%BD%E2%96%BCP664%E6%B8%85%E9%9B%8D%E6%AD%A3%E5%B9%B4%E8%A3%BD+%E6%96%97%E5%BD%A9%E6%9D%BE%E9%BC%A0%E8%91%A1%E8%90%84%E7%B4%8B%E8%91%AB%E8%8A%A6%E7%93%B6%E4%B8%80%E5%AF%BE%E2%98%85%E6%99%82%E4%BB%A3%E9%99%B6%E7%A3%81%E2%98%85%E5%8F%A4%E9%99%B6%E7%A3%81%E2%98%85%E5%8F%A4%E8%B3%9E%E7%89%A9%E2%98%85%E6%97%A7%E5%AE%B6%E8%94%B5%E5%87%BA%E3%81%97 HTTP/1.1" 200 53723 "-" "Mozilla/5.0 (Linux; Android 6.0.1; Nexus 5X Build/MMB29P) AppleWebKit/537.36 (KHTML, like Gecko) Chrome/135.0.7049.95 Mobile Safari/537.36 (compatible; Googlebot/2.1; +http://www.google.com/bot.html)"
66.249.73.128 - - [02/May/2025:14:04:31 -0400] "GET /?o=9049253122205&channel=994637&from=category-info.php%3Fid%3D531222-4091%26name%3D%E8%A3%85%E7%94%B2%E9%A8%8E%E5%85%B5%E3%83%9C%E3%83%88%E3%83%A0%E3%82%BA+%E3%82%B9%E3%82%B3%E3%83%BC%E3%83%97%E3%83%89%E3%83%83%E3%82%B0+%E3%83%A1%E3%83%AB%E3%82%AD%E3%82%A2%E6%AD%A3%E8%A6%8F%E8%BB%8D%E3%82%AB%E3%83%A9%E3%83%BC%E4%BB%95%E6%A7%98+1%2F12+%E3%83%95%E3%83%AB%E3%82%A2%E3%82%AF%E3%82%B7%E3%83%A7%E3%83%B3%E3%83%A2%E3%83%87%E3%83%AB+YAMATO HTTP/1.1" 200 55387 "-" "Mozilla/5.0 (Linux; Android 6.0.1; Nexus 5X Build/MMB29P) AppleWebKit/537.36 (KHTML, like Gecko) Chrome/135.0.7049.95 Mobile Safari/537.36 (compatible; Googlebot/2.1; +http://www.google.com/bot.html)"
66.249.73.128 - - [02/May/2025:14:04:33 -0400] "GET /?o=73701167767802&channel=0bca6c&from=pin.php%3Fid%3D1677678-26432%26name%3DOPTION+2+2010+02%E5%8F%B7 HTTP/1.1" 200 53167 "-" "Mozilla/5.0 (Linux; Android 6.0.1; Nexus 5X Build/MMB29P) AppleWebKit/537.36 (KHTML, like Gecko) Chrome/135.0.7049.95 Mobile Safari/537.36 (compatible; Googlebot/2.1; +http://www.google.com/bot.html)"
66.249.73.129 - - [02/May/2025:14:04:34 -0400] "GET /?o=919479230900&channel=351b88&from=brands.php%3Fid%3D92309-6662%26name%3DJA11+%E3%82%B9%E3%82%BA%E3%82%AD%E3%82%B8%E3%83%A0%E3%83%8B%E3%83%BC%E7%94%A8%E3%83%92%E3%83%83%E3%83%81%E3%83%A1%E3%83%B3%E3%83%90%E3%83%BC+%E3%83%9E%E3%82%A6%E3%83%B3%E3%83%88%E4%BB%98%E3%81%8D HTTP/1.1" 200 55115 "-" "Mozilla/5.0 (Linux; Android 6.0.1; Nexus 5X Build/MMB29P) AppleWebKit/537.36 (KHTML, like Gecko) Chrome/135.0.7049.95 Mobile Safari/537.36 (compatible; Googlebot/2.1; +http://www.google.com/bot.html)"
66.249.73.130 - - [02/May/2025:14:04:38 -0400] "GET /?o=2743767410608&channel=8e1847&from=article.php%3Fid%3D674106-1434%26name%3D%E3%80%90%E6%95%B0%E9%87%8F%E9%99%90%E5%AE%9A%E3%80%91+YAMAHA+%E3%83%A4%E3%83%9E%E3%83%8F+%E9%9B%BB%E5%AD%90%E3%83%94%E3%82%A2%E3%83%8E+88%E9%8D%B5%E7%9B%A4+SCLP-7350+DA+SCLP7350%E3%80%94%E9%85%8D%E9%80%81%E8%A8%AD%E7%BD%AE%E7%84%A1%E6%96%99%E3%83%BB%E4%BB%A3%E5%BC%95%E4%B8%8D%E5%8F%AF%E3%80%95%E3%80%94%E5%B3%B6%E6%9D%91%E6%A5%BD%E5%99%A8%E9%99%90%E5%AE%9A%E3%80%95 HTTP/1.1" 200 53858 "-" "Mozilla/5.0 (Linux; Android 6.0.1; Nexus 5X Build/MMB29P) AppleWebKit/537.36 (KHTML, like Gecko) Chrome/135.0.7049.95 Mobile Safari/537.36 (compatible; Googlebot/2.1; +http://www.google.com/bot.html)"
66.249.73.130 - - [02/May/2025:14:04:40 -0400] "GET /?o=2969524070600&channel=9dfa3b&from=blog.php%3Fid%3D240706-9007%26name%3DST250+e%E3%82%BF%E3%82%A4%E3%83%97++4%E6%9C%88%E4%B8%AD%E3%81%AE%E3%81%BF%E6%8E%B2%E7%A4%BA%E2%80%BC%EF%B8%8F HTTP/1.1" 200 53945 "-" "Mozilla/5.0 (Linux; Android 6.0.1; Nexus 5X Build/MMB29P) AppleWebKit/537.36 (KHTML, like Gecko) Chrome/135.0.7049.95 Mobile Safari/537.36 (compatible; Googlebot/2.1; +http://www.google.com/bot.html)"
66.249.73.129 - - [02/May/2025:14:04:42 -0400] "GET /?o=8877941285801&channel=b82a36&from=jp.php%3Fid%3D412858-2760%26name%3D%E3%83%80%E3%83%83%E3%82%AF%E3%83%8E%E3%83%83%E3%83%88%E3%80%80%E3%83%8F%E3%83%B3%E3%83%86%E3%82%A3%E3%83%B3%E3%82%B0%E3%83%98%E3%82%AD%E3%82%B5TC%2FSW+2022%E5%B9%B4%E6%94%B9%E8%89%AF%E7%89%88 HTTP/1.1" 200 54113 "-" "Mozilla/5.0 (Linux; Android 6.0.1; Nexus 5X Build/MMB29P) AppleWebKit/537.36 (KHTML, like Gecko) Chrome/135.0.7049.95 Mobile Safari/537.36 (compatible; Googlebot/2.1; +http://www.google.com/bot.html)"
66.249.73.129 - - [02/May/2025:14:04:45 -0400] "GET /?o=4227352791406&channel=b785ec&from=shop.php%3Fid%3D527914-677%26name%3D%E4%B8%89%E8%8F%B1+%E3%83%87%E3%83%AA%E3%82%AB+D5+%E5%BE%8C%E6%9C%9F+CV%E7%B3%BB+%E3%82%AA%E3%83%BC%E3%83%90%E3%83%BC%E3%83%95%E3%82%A7%E3%83%B3%E3%83%80%E3%83%BC+6P+ABS%E7%B4%A0%E6%9D%90+%E3%83%96%E3%83%A9%E3%83%83%E3%82%AF+%E5%A4%96%E8%A3%85+DIY+%E3%83%91%E3%83%BC%E3%83%84+%E3%82%AB%E3%82%B9%E3%82%BF%E3%83%A0+%E3%83%8F%E3%83%9F%E3%82%BF%E3%82%A4+%E3%83%AD%E3%83%BC%E3%83%80%E3%82%A6%E3%83%B3+%E3%82%A8%E3%82%A2%E3%83%AD HTTP/1.1" 200 54729 "-" "Mozilla/5.0 (Linux; Android 6.0.1; Nexus 5X Build/MMB29P) AppleWebKit/537.36 (KHTML, like Gecko) Chrome/135.0.7049.95 Mobile Safari/537.36 (compatible; Googlebot/2.1; +http://www.google.com/bot.html)"
66.249.73.128 - - [02/May/2025:14:04:47 -0400] "GET /?o=1112143021600&channel=56a259&from=news.php%3Fid%3D430216-2193%26name%3D%E3%83%89%E3%83%A9%E3%82%B4%E3%83%B3%E3%83%9C%E3%83%BC%E3%83%ABEX+%E4%B8%80%E7%95%AA%E3%81%8F%E3%81%98%E3%80%80%E3%83%89%E3%83%89%E3%83%AA%E3%82%A2%E3%80%80%E3%83%95%E3%83%AB%E3%83%AA%E3%83%9A%E3%82%A4%E3%83%B3%E3%83%88+%E3%83%95%E3%82%A3%E3%82%AE%E3%83%A5%E3%82%A2 HTTP/1.1" 200 54717 "-" "Mozilla/5.0 (Linux; Android 6.0.1; Nexus 5X Build/MMB29P) AppleWebKit/537.36 (KHTML, like Gecko) Chrome/135.0.7049.95 Mobile Safari/537.36 (compatible; Googlebot/2.1; +http://www.google.com/bot.html)"
66.249.73.128 - - [02/May/2025:14:04:48 -0400] "GET /?o=58550168364200&channel=90bef4&from=article.php%3Fid%3D1683642-22960%26name%3DGAP+%E3%83%95%E3%83%BC%E3%83%89%E4%BB%98%E3%81%8D%E3%83%80%E3%82%A6%E3%83%B3%E3%82%B8%E3%83%A3%E3%82%B1%E3%83%83%E3%83%88+%E8%B5%A4%2F%E9%BB%92%2F%E9%9D%92+XXL HTTP/1.1" 200 54145 "-" "Mozilla/5.0 (Linux; Android 6.0.1; Nexus 5X Build/MMB29P) AppleWebKit/537.36 (KHTML, like Gecko) Chrome/135.0.7049.95 Mobile Safari/537.36 (compatible; Googlebot/2.1; +http://www.google.com/bot.html)"
66.249.73.130 - - [02/May/2025:14:04:49 -0400] "GET /?o=22892154263011&channel=2b5768&from=brands.php%3Fid%3D1542630-4392%26name%3D10%25%E3%82%AA%E3%83%95%E3%82%AF%E3%83%BC%E3%83%9D%E3%83%B3+1%2F28%E3%81%BE%E3%81%A7%EF%BC%81+%E3%80%90%E5%85%AC%E5%BC%8F%E3%80%91%E3%80%90SALE%2F30%25OFF%E3%80%91+%E3%83%AB%E3%82%B3%E3%83%83%E3%82%AF%E3%82%B9%E3%83%9D%E3%83%AB%E3%83%86%E3%82%A3%E3%83%95+LCS+R+%E3%83%9C%E3%83%AB%E3%83%89%E3%83%BC+%E3%82%B7%E3%83%A5%E3%83%BC%E3%82%BA+%E3%83%A6%E3%83%8B%E3%82%BB%E3%83%83%E3%82%AF%E3%82%B9+%E3%83%A1%E3%83%B3%E3%82%BA+%E3%83%AC%E3%83%87%E3%82%A3%E3%83%BC%E3%82%B9+%E6%B6%88%E8%87%AD%E6%A9%9F%E8%83%BD+%E3%82%AF%E3%83%83%E3%82%B7%E3%83%A7%E3%83%B3%E6%80%A7+%E3%83%A9%E3%83%B3%E3%83%8B%E3%83%B3%E3%82%B0+%E3%82%AB%E3%82%B8%E3%83%A5%E3%82%A2%E3%83%AB+%E3%82%B9%E3%83%8B%E3%83%BC%E3%82%AB%E3%83%BC+%E9%9D%B4+%E6%96%B0%E8%A6%8F%E3%82%BB%E3%83%BC%E3%83%AB+%E3%82%B9%E3%83%9D%E3%83%BC%E3%83%84+%E3%83%96%E3%83%A9%E3%83%B3%E3%83%89+2024%E5%B9%B4%E7%A7%8B%E5%86%AC%E3%83%A2%E3%83%87%E3%83%AB+LU4FSN55UZ HTTP/1.1" 200 55003 "-" "Mozilla/5.0 (Linux; Android 6.0.1; Nexus 5X Build/MMB29P) AppleWebKit/537.36 (KHTML, like Gecko) Chrome/135.0.7049.95 Mobile Safari/537.36 (compatible; Googlebot/2.1; +http://www.google.com/bot.html)"
66.249.73.129 - - [02/May/2025:14:04:50 -0400] "GET /?o=4848116295000&channel=2cc997&from=category-info.php%3Fid%3D162950-4877%26name%3D%E3%80%90%E6%9C%80%E7%9F%AD%E7%BF%8C%E6%97%A5%E7%99%BA%E9%80%81%E3%80%91STEALTH2+%7C+15+%7C+S+%7C+%EF%BE%82%EF%BD%B1%EF%BD%B0AD+VF-6+%7C+%E4%B8%AD%E5%8F%A4+%7C+%E3%83%95%E3%82%A7%E3%82%A2%E3%82%A6%E3%82%A7%E3%82%A4%E3%82%A6%E3%83%83%E3%83%89+%7C+%E3%83%86%E3%83%BC%E3%83%A9%E3%83%BC%E3%83%A1%E3%82%A4%E3%83%89 HTTP/1.1" 200 56205 "-" "Mozilla/5.0 (Linux; Android 6.0.1; Nexus 5X Build/MMB29P) AppleWebKit/537.36 (KHTML, like Gecko) Chrome/135.0.7049.95 Mobile Safari/537.36 (compatible; Googlebot/2.1; +http://www.google.com/bot.html)"
66.249.73.129 - - [02/May/2025:14:04:53 -0400] "GET /?o=13144128733004&channel=eb0cc3&from=brands.php%3Fid%3D1287330-7710%26name%3D%E5%A7%94%E8%A8%97%E5%93%81%E3%83%9F%E3%80%8010.31+%E5%A4%A9%E7%84%B6%E6%9C%A8%E3%80%80%E6%9C%A8%E5%BD%AB%E3%82%8A%E3%80%80%E5%A3%81%E9%A3%BE%E3%82%8A%E3%80%80%E5%AF%85%E3%80%80%E9%B7%B9%E3%80%80%E4%B8%AD%E5%8F%A4%E5%93%81%E3%80%80%E3%83%A4120 HTTP/1.1" 200 55417 "-" "Mozilla/5.0 (Linux; Android 6.0.1; Nexus 5X Build/MMB29P) AppleWebKit/537.36 (KHTML, like Gecko) Chrome/135.0.7049.95 Mobile Safari/537.36 (compatible; Googlebot/2.1; +http://www.google.com/bot.html)"
66.249.73.129 - - [02/May/2025:14:04:57 -0400] "GET /?o=50210176051001&channel=e0ff61&from=article.php%3Fid%3D1760510-10641%26name%3D%E6%96%B0%E8%89%B2%E2%AD%90%EF%B8%8E%E3%82%AB%E3%83%97%E3%83%81%E3%83%BC%E3%83%8E+%E3%82%B5%E3%82%A4%E3%83%99%E3%83%83%E3%82%AF%E3%82%B9+%E3%83%AA%E3%83%99%E3%83%AB+%E3%82%AA%E3%83%AB%E3%83%95%E3%82%A7%E3%82%AA%E7%94%A8%E2%AD%90%EF%B8%8E%E3%83%90%E3%83%B3%E3%83%91%E3%83%BC%E3%82%AB%E3%83%90%E3%83%BC HTTP/1.1" 200 52733 "-" "Mozilla/5.0 (Linux; Android 6.0.1; Nexus 5X Build/MMB29P) AppleWebKit/537.36 (KHTML, like Gecko) Chrome/135.0.7049.95 Mobile Safari/537.36 (compatible; Googlebot/2.1; +http://www.google.com/bot.html)"
66.249.73.129 - - [02/May/2025:14:05:00 -0400] "GET /?o=46718126943602&channel=9ff415&from=goods.php%3Fid%3D1269436-903%26name%3D%E3%82%B7%E3%83%AB%E3%83%90%E3%83%BC925+%E3%83%9E%E3%83%AA%E3%82%A2%E3%83%8D%E3%83%83%E3%82%AF%E3%83%AC%E3%82%B9+%E3%83%AC%E3%83%87%E3%82%A3%E3%83%BC%E3%82%B9+%E3%82%B9%E3%83%8D%E3%83%BC%E3%82%AF%E3%83%81%E3%82%A7%E3%83%BC%E3%83%B3+%E3%82%A2%E3%83%B3%E3%83%86%E3%82%A3%E3%83%BC%E3%82%AF+%E3%83%87%E3%82%B6%E3%82%A4%E3%83%B3+%E8%81%96%E6%AF%8D%E3%83%9E%E3%83%AA%E3%82%A2+%E4%B8%8D%E6%80%9D%E8%AD%B0%E3%81%AE%E3%83%A1%E3%83%80%E3%82%A4+%E3%82%B3%E3%82%A4%E3%83%B3+%E3%83%8D%E3%83%83%E3%82%AF%E3%83%AC%E3%82%B9+%E5%A5%B3%E6%80%A7+%E3%82%B4%E3%83%BC%E3%83%AB%E3%83%89+18K+GP+%E9%87%91%E5%B1%9E%E3%82%A2%E3%83%AC%E3%83%AB%E3%82%AE%E3%83%BC%E5%AF%BE%E5%BF%9C HTTP/1.1" 200 54560 "-" "Mozilla/5.0 (Linux; Android 6.0.1; Nexus 5X Build/MMB29P) AppleWebKit/537.36 (KHTML, like Gecko) Chrome/135.0.7049.95 Mobile Safari/537.36 (compatible; Googlebot/2.1; +http://www.google.com/bot.html)"
66.249.73.128 - - [02/May/2025:14:05:03 -0400] "GET /?o=77165157035302&channel=3f3446&from=news.php%3Fid%3D1570353-800%26name%3D%E7%BE%8E%E5%93%81%E3%80%80HITACHI+%E5%85%A8%E8%87%AA%E5%8B%95%E6%B4%97%E6%BF%AF%E6%A9%9F%E3%80%80NW-50G+2022%E5%B9%B4%E8%A3%BD%E3%80%805.0kg+%E3%83%9B%E3%83%AF%E3%82%A4%E3%83%88%E3%80%80%E4%BD%BF%E7%94%A8%E6%9C%9F%E9%96%93%E7%B4%841%E5%B9%B4%E5%8D%8A%E7%A8%8B HTTP/1.1" 200 53919 "-" "Mozilla/5.0 (Linux; Android 6.0.1; Nexus 5X Build/MMB29P) AppleWebKit/537.36 (KHTML, like Gecko) Chrome/135.0.7049.95 Mobile Safari/537.36 (compatible; Googlebot/2.1; +http://www.google.com/bot.html)"
66.249.73.128 - - [02/May/2025:14:05:06 -0400] "GET /?o=2993958444001&channel=cf13ea&from=product.php%3Fid%3D584440-18301%26name%3D%E3%82%82%E3%81%AE%E3%81%BD%E3%82%8A%E6%A7%98+%E3%83%AA%E3%82%AF%E3%82%A8%E3%82%B9%E3%83%88+8%E7%82%B9+%E3%81%BE%E3%81%A8%E3%82%81%E5%95%86%E5%93%81 HTTP/1.1" 200 53590 "-" "Mozilla/5.0 (Linux; Android 6.0.1; Nexus 5X Build/MMB29P) AppleWebKit/537.36 (KHTML, like Gecko) Chrome/135.0.7049.95 Mobile Safari/537.36 (compatible; Googlebot/2.1; +http://www.google.com/bot.html)"
66.249.73.128 - - [02/May/2025:14:05:09 -0400] "GET /?o=30716125894007&channel=9a95d6&from=goods.php%3Fid%3D1258940-16687%26name%3D%E4%BC%8A%E4%B8%87%E9%87%8C%E3%80%80%E9%AD%AF%E5%B1%B1%E3%80%80%E3%82%AB%E3%83%83%E3%83%97%26%E3%82%BD%E3%83%BC%E3%82%B5%E3%83%BC HTTP/1.1" 200 53925 "-" "Mozilla/5.0 (Linux; Android 6.0.1; Nexus 5X Build/MMB29P) AppleWebKit/537.36 (KHTML, like Gecko) Chrome/135.0.7049.95 Mobile Safari/537.36 (compatible; Googlebot/2.1; +http://www.google.com/bot.html)"
66.249.73.129 - - [02/May/2025:14:05:11 -0400] "GET /?o=7904275652804&channel=f0c5f9&from=form.php%3Fid%3D756528-4130%26name%3D%E3%83%97%E3%83%BC%E3%83%AA%E3%83%83%E3%83%97+%E3%83%97%E3%83%AA%E3%83%B3%E3%83%81%E3%83%9A%E3%83%83%E3%82%B5+%E3%82%B4%E3%82%B9%E3%83%AD%E3%83%AA+%E3%82%B4%E3%82%B7%E3%83%83%E3%82%AF+%E3%83%AD%E3%83%AA%E3%83%BC%E3%82%BF+%E5%B8%8C%E5%B0%91 HTTP/1.1" 200 55514 "-" "Mozilla/5.0 (Linux; Android 6.0.1; Nexus 5X Build/MMB29P) AppleWebKit/537.36 (KHTML, like Gecko) Chrome/135.0.7049.95 Mobile Safari/537.36 (compatible; Googlebot/2.1; +http://www.google.com/bot.html)"
51.222.253.19 - - [02/May/2025:14:05:11 -0400] "GET /tag/keluaran-toto-macau/ HTTP/1.1" 200 0 "-" "Mozilla/5.0 (compatible; AhrefsBot/7.0; +http://ahrefs.com/robot/)"
66.249.73.128 - - [02/May/2025:14:05:13 -0400] "GET /?o=7182356739200&channel=d807d2&from=news.php%3Fid%3D567392-8394%26name%3D%E7%8C%AB%E3%82%B1%E3%83%BC%E3%82%B8+-+%E7%8C%AB%E7%94%A8%E5%9B%B2%E3%81%84+%E3%83%81%E3%83%B3%E3%83%81%E3%83%A9%E3%82%B1%E3%83%BC%E3%82%B8+%E3%83%88%E3%82%A4%E3%83%AC%E4%BB%98%E3%81%8D+%E5%AE%A4%E5%86%85+DIY+%E7%8C%AB%E7%94%A8%E3%83%97%E3%83%AC%E3%82%A4%E3%83%9A%E3%83%B3+%E5%8F%96%E3%82%8A%E5%A4%96%E3%81%97%E5%8F%AF%E8%83%BD%E3%81%AA%E9%87%91%E5%B1%9E%E3%83%AF%E3%82%A4%E3%83%A4%E3%83%BC+%E5%AD%90%E7%8C%AB%E7%94%A8%E7%8A%AC%E5%B0%8F%E5%B1%8B+%E3%82%AF%E3%83%AC%E3%83%BC%E3%83%88 HTTP/1.1" 200 55055 "-" "Mozilla/5.0 (Linux; Android 6.0.1; Nexus 5X Build/MMB29P) AppleWebKit/537.36 (KHTML, like Gecko) Chrome/135.0.7049.95 Mobile Safari/537.36 (compatible; Googlebot/2.1; +http://www.google.com/bot.html)"
66.249.73.128 - - [02/May/2025:14:05:16 -0400] "GET /?o=507081795005&channel=e1083c&from=info.php%3Fid%3D17950-2058%26name%3D90s+%E3%82%B8%E3%83%A7%E3%83%BC%E3%82%AF+%E3%82%A4%E3%83%A9%E3%82%B9%E3%83%88+%E3%83%97%E3%83%AA%E3%83%B3%E3%83%88+%E5%8D%8A%E8%A2%96+T%E3%82%B7%E3%83%A3%E3%83%84+%E3%83%A1%E3%83%B3%E3%82%BA+XL+%2F+90%E5%B9%B4%E4%BB%A3+%E3%82%AA%E3%83%BC%E3%83%AB%E3%83%89+%E3%83%A1%E3%83%83%E3%82%BB%E3%83%BC%E3%82%B8+%E3%82%A2%E3%83%BC%E3%83%88+%E3%82%AD%E3%83%A3%E3%83%A9%E3%82%AF%E3%82%BF%E3%83%BC+%E3%83%98%E3%83%93%E3%83%BC%E3%82%A6%E3%82%A7%E3%82%A4%E3%83%88+%E5%A4%A7%E3%81%8D%E3%81%84%E3%82%B5%E3%82%A4%E3%82%BA HTTP/1.1" 200 52474 "-" "Mozilla/5.0 (Linux; Android 6.0.1; Nexus 5X Build/MMB29P) AppleWebKit/537.36 (KHTML, like Gecko) Chrome/135.0.7049.95 Mobile Safari/537.36 (compatible; Googlebot/2.1; +http://www.google.com/bot.html)"
66.249.73.128 - - [02/May/2025:14:05:17 -0400] "GET /?o=29781141808203&channel=c38c8f&from=shared.php%3Fid%3D1418082-1015%26name%3DStandard+Rue+Madame+T%E3%82%B7%E3%83%A3%E3%83%84 HTTP/1.1" 200 52495 "-" "Mozilla/5.0 (Linux; Android 6.0.1; Nexus 5X Build/MMB29P) AppleWebKit/537.36 (KHTML, like Gecko) Chrome/135.0.7049.95 Mobile Safari/537.36 (compatible; Googlebot/2.1; +http://www.google.com/bot.html)"
66.249.73.129 - - [02/May/2025:14:05:20 -0400] "GET /?o=9081738214600&channel=bb3082&from=blog.php%3Fid%3D382146-2931%26name%3D%E3%83%97%E3%83%AC%E3%83%87%E3%82%BF%E3%83%BC%E3%80%80P3++%E3%83%90%E3%83%83%E3%83%88%E3%81%AE%E3%81%BF%E3%80%80Predator+++REVO+BLUE+LW HTTP/1.1" 200 52911 "-" "Mozilla/5.0 (Linux; Android 6.0.1; Nexus 5X Build/MMB29P) AppleWebKit/537.36 (KHTML, like Gecko) Chrome/135.0.7049.95 Mobile Safari/537.36 (compatible; Googlebot/2.1; +http://www.google.com/bot.html)"
66.249.73.129 - - [02/May/2025:14:05:23 -0400] "GET /?o=10476168169005&channel=92e021&from=info.php%3Fid%3D1681690-27249%26name%3D%E5%B0%82%E7%94%A8%E3%80%804m%E3%83%81%E3%83%A5%E3%83%BC%E3%83%AB%E3%83%AC%E3%83%BC%E3%82%B9S7-3 HTTP/1.1" 200 52443 "-" "Mozilla/5.0 (Linux; Android 6.0.1; Nexus 5X Build/MMB29P) AppleWebKit/537.36 (KHTML, like Gecko) Chrome/135.0.7049.95 Mobile Safari/537.36 (compatible; Googlebot/2.1; +http://www.google.com/bot.html)"
66.249.73.128 - - [02/May/2025:14:05:25 -0400] "GET /?o=44752100980400&channel=fff9c6&from=shop.php%3Fid%3D1009804-10551%26name%3D%E3%80%90%E7%9C%9F%E4%BD%9C%E3%80%91%E5%AE%89%E9%81%94%E5%90%9F%E5%85%89+%E5%A4%A7%E5%88%A4%E9%8C%A6%E7%B5%B5%E4%B8%89%E6%9E%9A%E7%B6%9A%E3%80%8C%E5%B9%B3%E5%A3%8C%E4%B9%8B%E6%BF%80%E6%88%A6%E6%88%91%E8%BB%8D%E5%A4%A7%E5%8B%9D%E5%88%A9%E4%B9%8B%E5%9B%B3%E3%80%8D%E6%9C%A8%E7%89%88%E7%94%BB+%E6%9C%A8%E7%89%88+%E7%89%88%E7%94%BB+%E9%8C%A6%E7%B5%B5+%E6%B5%AE%E4%B8%96%E7%B5%B5+%E6%98%8E%E6%B2%BB%E7%89%88%E7%94%BB+%E6%88%A6%E4%BA%89%E7%94%BB+%E6%97%A5%E6%B8%85%E6%88%A6%E4%BA%89%E3%80%80%E3%80%80z7555a HTTP/1.1" 200 57159 "-" "Mozilla/5.0 (Linux; Android 6.0.1; Nexus 5X Build/MMB29P) AppleWebKit/537.36 (KHTML, like Gecko) Chrome/136.0.7103.59 Mobile Safari/537.36 (compatible; Googlebot/2.1; +http://www.google.com/bot.html)"
66.249.73.128 - - [02/May/2025:14:05:28 -0400] "GET /?o=7566880579200&channel=0971d1&from=product.php%3Fid%3D805792-21009%26name%3DSUGINO+%E3%80%8C%E3%82%B9%E3%82%AE%E3%83%8E%E3%80%8D+MIGHTY+COMPETITION+PCD151+45T+%E5%8E%9A%E6%AD%AF+%E3%83%81%E3%82%A7%E3%83%BC%E3%83%B3%E3%83%AA%E3%83%B3%E3%82%B0+%2F+%E3%83%90%E3%82%A4%E3%83%81%E3%83%A3%E3%83%AA%E5%AE%87%E9%83%BD%E5%AE%AE%E5%BA%97 HTTP/1.1" 200 54216 "-" "Mozilla/5.0 (Linux; Android 6.0.1; Nexus 5X Build/MMB29P) AppleWebKit/537.36 (KHTML, like Gecko) Chrome/135.0.7049.95 Mobile Safari/537.36 (compatible; Googlebot/2.1; +http://www.google.com/bot.html)"
66.249.73.128 - - [02/May/2025:14:05:29 -0400] "GET /?o=9239810246903&channel=efaa08&from=shared.php%3Fid%3D102469-7106%26name%3D%E6%96%B0%E5%93%81%E6%9C%AA%E4%BD%BF%E7%94%A8+%E3%82%AB%E3%83%BC%E3%83%A1%E3%82%A4%E3%83%88++%E3%82%BF%E3%82%A4%E3%83%A4%E3%83%81%E3%82%A7%E3%83%BC%E3%83%B3++QE11L HTTP/1.1" 200 53500 "-" "Mozilla/5.0 (Linux; Android 6.0.1; Nexus 5X Build/MMB29P) AppleWebKit/537.36 (KHTML, like Gecko) Chrome/135.0.7049.95 Mobile Safari/537.36 (compatible; Googlebot/2.1; +http://www.google.com/bot.html)"
66.249.73.128 - - [02/May/2025:14:05:31 -0400] "GET /?o=78969195857000&channel=3dab5d&from=shop.php%3Fid%3D1958570-17733%26name%3D%E3%83%96%E3%83%AD%E3%83%93%E3%82%B9+%E3%83%8D%E3%82%AF%E3%82%B9%E3%83%88%E3%82%B9%E3%83%94%E3%83%B3+20%23NP-10+%E3%82%AE%E3%83%A9%E3%82%AE%E3%83%A9%E3%82%B7%E3%83%AB%E3%83%90%E3%83%BC+BROVIS+NEXT%E3%82%B9%E3%83%94%E3%83%B3 HTTP/1.1" 200 54254 "-" "Mozilla/5.0 (Linux; Android 6.0.1; Nexus 5X Build/MMB29P) AppleWebKit/537.36 (KHTML, like Gecko) Chrome/135.0.7049.95 Mobile Safari/537.36 (compatible; Googlebot/2.1; +http://www.google.com/bot.html)"
66.249.73.130 - - [02/May/2025:14:05:33 -0400] "GET /?o=4545735933700&channel=08c20e&from=pin.php%3Fid%3D359337-3171%26name%3D%E3%82%BB%E3%82%A4%E3%82%B3%E3%83%BC%28SEIKO%29+%E3%83%87%E3%82%B8%E3%82%BF%E3%83%AB%E9%9B%BB%E6%B3%A2%E7%BD%AE%E3%81%8D%E6%99%82%E8%A8%88+%3CBR%3E%E3%83%8F%E3%82%A4%E3%83%96%E3%83%AA%E3%83%83%E3%83%88%E3%82%BD%E3%83%BC%E3%83%A9%E3%83%BC%26%E3%82%B7%E3%83%BC%E3%82%B9%E3%83%AB%E3%83%BC%E3%83%91%E3%83%8D%E3%83%AB%E3%80%80SQ690S+%3CBR%3E%E3%82%AB%E3%83%AC%E3%83%B3%E3%83%80%E3%83%BC%E3%83%BB%E6%B8%A9%E5%BA%A6%E8%A8%88%E3%83%BB%E6%B9%BF%E5%BA%A6%E8%A8%88%E3%83%BB%E8%A1%A8%E7%A4%BA%E6%A9%9F%E8%83%BD%E4%BB%98+%3Cbr%3E%E3%81%8A%E3%81%97%E3%82%83%E3%82%8C%E3%81%AA%E9%9B%BB%E6%B3%A2%E6%99%82%E8%A8%88%2F%E9%9B%BB%E6%B3%A2%E7%BD%AE%E6%99%82%E8%A8%88%2F%E8%B4%88%E7%AD%94%E5%93%81%E3%83%BB%E8%B4%88%E3%82%8A%E7%89%A9%2F%E3%83%97%E3%83%AC%E3%82%BC%E3%83%B3%E3%83%88%E3%83%BB%E3%82%AE%E3%83%95%E3%83%88%2F%E3%81%8A%E7%A5%9D%E3%81%84%E8%BF%94%E3%81%97%2F%E3%81%8A%E8%BF%94%E3%81%97%2F%E6%96%B0%E7%AF%89%E7%A5%9D%E3%81%84 HTTP/1.1" 200 56631 "-" "Mozilla/5.0 (Linux; Android 6.0.1; Nexus 5X Build/MMB29P) AppleWebKit/537.36 (KHTML, like Gecko) Chrome/135.0.7049.95 Mobile Safari/537.36 (compatible; Googlebot/2.1; +http://www.google.com/bot.html)"
66.249.73.128 - - [02/May/2025:14:05:38 -0400] "GET /?o=52991133252604&channel=dd630c&from=pin.php%3Fid%3D1332526-9322%26name%3DJANOME+%E3%82%B8%E3%83%A3%E3%83%8E%E3%83%A1%E3%83%9F%E3%82%B7%E3%83%B3+JN831+%E3%82%B3%E3%83%B3%E3%83%94%E3%83%A5%E3%83%BC%E3%82%BF%E3%83%BC%E3%83%9F%E3%82%B7%E3%83%B3+%E3%83%95%E3%83%83%E3%83%88%E3%82%B3%E3%83%B3%E3%83%88%E3%83%AD%E3%83%BC%E3%83%A9%E3%83%BC%E4%BB%98+%E3%83%AF%E3%82%A4%E3%83%89%E3%83%86%E3%83%BC%E3%83%96%E3%83%AB%E4%BB%98%E5%B1%9E HTTP/1.1" 200 53557 "-" "Mozilla/5.0 (Linux; Android 6.0.1; Nexus 5X Build/MMB29P) AppleWebKit/537.36 (KHTML, like Gecko) Chrome/135.0.7049.95 Mobile Safari/537.36 (compatible; Googlebot/2.1; +http://www.google.com/bot.html)"
66.249.73.128 - - [02/May/2025:14:05:42 -0400] "GET /?o=81261118426700&channel=942bcb&from=shared.php%3Fid%3D1184267-1568%26name%3D%E9%9B%B2%E7%A9%BA%E3%82%B7%E3%83%A3%E3%82%AB%E3%82%B7%E3%83%A3%E3%82%AB%E3%82%AD%E3%83%BC%E3%83%9B%E3%83%AB%E3%83%80%E3%83%BC%28%E7%8C%AB%E5%9E%8B%29+%E5%89%B2%E3%82%8A%E5%88%87%E3%82%8B HTTP/1.1" 200 53381 "-" "Mozilla/5.0 (Linux; Android 6.0.1; Nexus 5X Build/MMB29P) AppleWebKit/537.36 (KHTML, like Gecko) Chrome/135.0.7049.95 Mobile Safari/537.36 (compatible; Googlebot/2.1; +http://www.google.com/bot.html)"
66.249.73.130 - - [02/May/2025:14:05:44 -0400] "GET /?o=2117811211400&channel=8cf216&from=info.php%3Fid%3D112114-2225%26name%3D%E2%98%85%E5%BD%93%E6%97%A5%E7%99%BA%E9%80%81%E2%98%85+%E3%80%90%E5%BB%83%E7%9B%A4%E3%80%91BVLGARI+%E9%A6%99%E6%B0%B4 HTTP/1.1" 200 53502 "-" "Mozilla/5.0 (Linux; Android 6.0.1; Nexus 5X Build/MMB29P) AppleWebKit/537.36 (KHTML, like Gecko) Chrome/135.0.7049.95 Mobile Safari/537.36 (compatible; Googlebot/2.1; +http://www.google.com/bot.html)"
52.167.144.138 - - [02/May/2025:14:05:45 -0400] "GET /?o=1067411891903&channel=6c7814&from=blog.php%3Fid%3D118919-2031%26name%3D%E3%81%B5%E3%82%8B%E3%81%95%E3%81%A8%E7%B4%8D%E7%A8%8E+76-A3%E3%80%90%E8%A8%B3%E3%81%82%E3%82%8A%E3%80%91%E7%89%9B%E8%82%89%E3%81%AE%E5%A5%B3%E7%8E%8B%E6%A7%98%EF%BC%81%E5%B8%8C%E5%B0%91%E9%83%A8%E4%BD%8D%EF%BC%81%E7%89%9B%E3%83%92%E3%83%AC%E3%82%B9%E3%83%86%E3%83%BC%E3%82%AD3%E6%9E%9A%EF%BC%88%E8%A8%88300g%EF%BC%89+%E6%96%B0%E6%BD%9F%E7%9C%8C%E9%95%B7%E5%B2%A1%E5%B8%82 HTTP/1.1" 200 0 "-" "Mozilla/5.0 AppleWebKit/537.36 (KHTML, like Gecko; compatible; bingbot/2.0; +http://www.bing.com/bingbot.htm) Chrome/116.0.1938.76 Safari/537.36"
66.249.73.130 - - [02/May/2025:14:05:45 -0400] "GET /?o=091732765800&channel=8198ed&from=news.php%3Fid%3D27658-2828%26name%3D%E3%83%90%E3%83%83%E3%83%86%E3%83%AA%E5%BC%8F%E5%8B%95%E5%8A%9B%E5%99%B4%E9%9C%A7%E6%A9%9F%E3%80%80%E7%9E%B3%E3%80%80BP-15Li-DX2%E3%80%80%E9%BA%BB%E5%A0%B4%E3%80%80ASABA%E3%80%80%E3%82%A2%E3%82%B5%E3%83%90 HTTP/1.1" 200 53667 "-" "Mozilla/5.0 (Linux; Android 6.0.1; Nexus 5X Build/MMB29P) AppleWebKit/537.36 (KHTML, like Gecko) Chrome/135.0.7049.95 Mobile Safari/537.36 (compatible; Googlebot/2.1; +http://www.google.com/bot.html)"
66.249.73.128 - - [02/May/2025:14:05:47 -0400] "GET /?o=00861196167201&channel=4beb62&from=article.php%3Fid%3D1961672-30353%26name%3D%E3%82%AB%E3%83%95%E3%82%A7%E6%9D%BF%E4%BB%95%E6%A7%98%E3%80%8013mm%E7%95%B0%E5%BD%A2%E7%AD%8B%E3%80%802%E6%AE%B5%E3%82%B7%E3%82%A7%E3%83%AB%E3%83%95%E3%80%80%E3%82%A2%E3%82%A4%E3%82%A2%E3%83%B3%E3%83%AC%E3%83%83%E3%82%B0%E3%80%80%E3%82%A2%E3%82%A4%E3%82%A2%E3%83%B3%E3%83%A9%E3%83%83%E3%82%AF HTTP/1.1" 200 52743 "-" "Mozilla/5.0 (Linux; Android 6.0.1; Nexus 5X Build/MMB29P) AppleWebKit/537.36 (KHTML, like Gecko) Chrome/135.0.7049.95 Mobile Safari/537.36 (compatible; Googlebot/2.1; +http://www.google.com/bot.html)"
66.249.73.129 - - [02/May/2025:14:05:49 -0400] "GET /?o=81070157852706&channel=cca4f2&from=category-info.php%3Fid%3D1578527-26395%26name%3D%E3%82%B8%E3%83%A7%E3%82%A4%E3%83%B3%E3%83%88%E3%83%9E%E3%83%83%E3%83%88+%E3%82%AB%E3%83%BC%E3%83%9A%E3%83%83%E3%83%88+%E3%83%95%E3%83%AD%E3%83%BC%E3%83%AA%E3%83%B3%E3%82%B0%E3%80%9030%2A30cm+20%E6%9E%9A%EF%BC%88%E7%B4%841.1%E7%95%B3%EF%BC%89%E3%80%91JAYFAN+%E5%BA%8A+%E3%82%AB%E3%83%BC%E3%83%9A%E3%83%83%E3%83%88%E3%82%BF%E3%82%A4%E3%83%AB%E3%83%9E%E3%83%83%E3%83%88%E3%82%BF%E3%82%A4%E3%83%AB%E3%82%AB%E3%83%BC HTTP/1.1" 200 53881 "-" "Mozilla/5.0 (Linux; Android 6.0.1; Nexus 5X Build/MMB29P) AppleWebKit/537.36 (KHTML, like Gecko) Chrome/135.0.7049.95 Mobile Safari/537.36 (compatible; Googlebot/2.1; +http://www.google.com/bot.html)"
66.249.73.130 - - [02/May/2025:14:05:51 -0400] "GET /?o=50170176875702&channel=0f31e0&from=jp.php%3Fid%3D1768757-8938%26name%3DTOMIX+92051+JR+253%E7%B3%BB+%E6%88%90%E7%94%B0%E3%82%A8%E3%82%AF%E3%82%B9%E3%83%97%E3%83%AC%E3%82%B9+%E9%89%84%E9%81%93%E6%A8%A1%E5%9E%8B+N%E3%82%B2%E3%83%BC%E3%82%B8+%E8%B6%A3%E5%91%B3+%E3%83%86%E3%83%84%E3%83%A2+%E3%83%88%E3%83%9F%E3%83%83%E3%82%AF%E3%82%B9+%E4%B8%AD%E5%8F%A4+Z9762924 HTTP/1.1" 200 53498 "-" "Mozilla/5.0 (Linux; Android 6.0.1; Nexus 5X Build/MMB29P) AppleWebKit/537.36 (KHTML, like Gecko) Chrome/135.0.7049.95 Mobile Safari/537.36 (compatible; Googlebot/2.1; +http://www.google.com/bot.html)"
66.249.73.128 - - [02/May/2025:14:05:57 -0400] "GET /?o=797279670500&channel=032be0&from=blog.php%3Fid%3D96705-6845%26name%3DK9+Natural+%E3%83%A9%E3%83%A0+%E3%83%95%E3%82%A3%E3%83%BC%E3%82%B9%E3%83%88+500g%C3%974%E8%A2%8B%E3%82%BB%E3%83%83%E3%83%88 HTTP/1.1" 200 54634 "-" "Mozilla/5.0 (Linux; Android 6.0.1; Nexus 5X Build/MMB29P) AppleWebKit/537.36 (KHTML, like Gecko) Chrome/135.0.7049.95 Mobile Safari/537.36 (compatible; Googlebot/2.1; +http://www.google.com/bot.html)"
66.249.73.130 - - [02/May/2025:14:05:59 -0400] "GET /?o=46029135586803&channel=5a2fb2&from=form.php%3Fid%3D1355868-4505%26name%3DRarebookkyoto%E3%80%80o597%E3%80%80%E5%91%A8%E6%81%A9%E6%9D%A5%E5%B1%95%E3%80%80%E3%82%AB%E3%82%BF%E3%83%AD%E3%82%B0%E3%80%80%E3%80%801992%E5%B9%B4%E9%A0%83%E3%80%80%E5%90%8D%E4%BA%BA%E3%80%80%E5%90%8D%E4%BD%9C%E3%80%80%E5%90%8D%E5%93%81 HTTP/1.1" 200 54533 "-" "Mozilla/5.0 (Linux; Android 6.0.1; Nexus 5X Build/MMB29P) AppleWebKit/537.36 (KHTML, like Gecko) Chrome/135.0.7049.95 Mobile Safari/537.36 (compatible; Googlebot/2.1; +http://www.google.com/bot.html)"
66.249.73.128 - - [02/May/2025:14:06:06 -0400] "GET /?o=53031136711208&channel=88b70d&from=goods.php%3Fid%3D1367112-3134%26name%3D%E3%80%90%E9%80%81%E6%96%99%E7%84%A1%E6%96%99+%E6%9D%B1%E4%BA%AC%E5%9C%B0%E5%8C%BA%E9%99%90%E5%AE%9A%E3%80%91%E3%82%AA%E3%82%AB%E3%83%A0%E3%83%A942+%E4%B8%A1%E9%96%8B%E3%81%8D%E6%9B%B8%E5%BA%AB+%E3%82%B9%E3%83%81%E3%83%BC%E3%83%AB%E6%9B%B8%E5%BA%AB+%E5%8F%8E%E7%B4%8D%E5%BA%AB+%E3%82%AD%E3%83%A3%E3%83%93%E3%83%8D%E3%83%83%E3%83%88+%E3%82%AA%E3%83%95%E3%82%A3%E3%82%B9%E5%8F%8E%E7%B4%8D+4239ZZ+Z13+%E3%80%90%E4%B8%AD%E5%8F%A4%E3%82%AA%E3%83%95%E3%82%A3%E3%82%B9%E5%AE%B6%E5%85%B7%E3%80%91%E3%80%90%E4%B8%AD%E5%8F%A4%E3%80%91 HTTP/1.1" 200 54522 "-" "Mozilla/5.0 (Linux; Android 6.0.1; Nexus 5X Build/MMB29P) AppleWebKit/537.36 (KHTML, like Gecko) Chrome/135.0.7049.95 Mobile Safari/537.36 (compatible; Googlebot/2.1; +http://www.google.com/bot.html)"
66.249.73.128 - - [02/May/2025:14:06:07 -0400] "GET /?o=10579120276003&channel=4da31d&from=shop.php%3Fid%3D1202760-51%26name%3D%E9%9F%93%E5%9B%BD+%E7%99%BE%E8%B2%A8%E5%BA%97+No.1+%E3%83%96%E3%83%A9%E3%83%B3%E3%83%89+%E3%83%81%E3%82%A7%E3%83%BC%E3%83%B3+%E3%83%8D%E3%83%83%E3%82%AF%E3%83%AC%E3%82%B9+%E3%82%B9%E3%83%88%E3%83%BC%E3%83%B3++%E7%B5%90%E5%A9%9A%E5%BC%8F+%E3%81%8A%E5%91%BC%E3%81%B0%E3%82%8C+%E3%83%97%E3%83%AC%E3%82%BC%E3%83%B3%E3%83%88+%E6%99%AE%E6%AE%B5%E4%BD%BF%E3%81%84+%E9%9F%93%E5%9B%BD+%E7%99%BE%E8%B2%A8%E5%BA%97+%E3%81%94%E8%A4%92%E7%BE%8E+%E3%82%B8%E3%83%A5%E3%82%A8%E3%83%AA%E3%83%BC+%E3%82%A2%E3%82%AF%E3%82%BB%E3%82%B5%E3%83%AA%E3%83%BC+%E3%83%97%E3%83%AC%E3%82%BC%E3%83%B3%E3%83%88+%E5%BD%BC%E5%A5%B3+%E5%A5%B3%E5%8F%8B%E9%81%94+%E3%82%AE%E3%83%95%E3%83%88+%E5%80%8B%E6%80%A7%E7%9A%84+%E3%81%8A%E3%81%97%E3%82%83%E3%82%8C+2%E8%89%B2+%E3%83%90%E3%82%A4%E3%82%AB%E3%83%A9%E3%83%BC+%E3%82%AD%E3%83%A9%E3%82%AD%E3%83%A9+%E3%81%82%E3%81%9A%E3%81%8D%E3%83%81%E3%82%A7%E3%83%BC%E3%83%B3+42cm+43cm+41cm HTTP/1.1" 200 55980 "-" "Mozilla/5.0 (Linux; Android 6.0.1; Nexus 5X Build/MMB29P) AppleWebKit/537.36 (KHTML, like Gecko) Chrome/135.0.7049.95 Mobile Safari/537.36 (compatible; Googlebot/2.1; +http://www.google.com/bot.html)"
66.249.73.128 - - [02/May/2025:14:06:09 -0400] "GET /?o=59915150231002&channel=68cdde&from=shared.php%3Fid%3D1502310-5281%26name%3D%E3%82%BB%E3%83%83%E3%83%88%E3%82%A2%E3%83%83%E3%83%97%E7%94%A8+%E3%82%A6%E3%82%A3%E3%83%83%E3%82%B0 HTTP/1.1" 200 53766 "-" "Mozilla/5.0 (Linux; Android 6.0.1; Nexus 5X Build/MMB29P) AppleWebKit/537.36 (KHTML, like Gecko) Chrome/135.0.7049.95 Mobile Safari/537.36 (compatible; Googlebot/2.1; +http://www.google.com/bot.html)"
