OwlCyberSecurity - MANAGER
Edit File: bocorantogeljitu.co.megahosting.pw-ssl_log
66.249.73.128 - - [02/May/2025:13:49:32 -0400] "GET /?o=8958952203005&channel=5d9255&from=news.php%3Fid%3D522030-17327%26name%3DAymzbd+%E6%8A%98%E3%82%8A%E3%81%9F%E3%81%9F%E3%81%BF%E3%82%AD%E3%83%A3%E3%83%B3%E3%83%97%E3%83%81%E3%82%A7%E3%82%A2%E6%8A%98%E3%82%8A%E3%81%9F%E3%81%9F%E3%81%BF%E6%A4%85%E5%AD%90%E6%8A%98%E3%82%8A%E3%81%9F%E3%81%9F%E3%81%BF%E6%A4%85%E5%AD%90%E3%83%94%E3%83%B3%E3%82%AF%E3%82%AD%E3%83%A3%E3%83%B3%E3%83%97%E3%82%A2%E3%83%80%E3%83%AB%E3%83%88%E6%97%85%E8%A1%8C%E3%83%93%E3%83%BC%E3%83%81%E3%82%92%E3%83%8F%E3%82%A4%E3%82%AD%E3%83%B3%E3%82%B0%E3%81%99%E3%82%8B%E3%81%9F%E3%82%81 HTTP/1.1" 200 53622 "-" "Mozilla/5.0 (Linux; Android 6.0.1; Nexus 5X Build/MMB29P) AppleWebKit/537.36 (KHTML, like Gecko) Chrome/135.0.7049.95 Mobile Safari/537.36 (compatible; Googlebot/2.1; +http://www.google.com/bot.html)"
66.249.73.128 - - [02/May/2025:13:49:51 -0400] "GET /?o=01520115720311&channel=27eec7&from=shared.php%3Fid%3D1157203-1998%26name%3D%E2%98%85%E7%BE%8E%E5%93%81%E2%98%85Panasonic+%E3%83%91%E3%83%8A%E3%82%BD%E3%83%8B%E3%83%83%E3%82%AF+HC-X900M+%E3%83%87%E3%82%B8%E3%82%BF%E3%83%AB%E3%83%93%E3%83%87%E3%82%AA%E3%82%AB%E3%83%A1%E3%83%A9 HTTP/1.1" 200 52735 "-" "Mozilla/5.0 (Linux; Android 6.0.1; Nexus 5X Build/MMB29P) AppleWebKit/537.36 (KHTML, like Gecko) Chrome/135.0.7049.95 Mobile Safari/537.36 (compatible; Googlebot/2.1; +http://www.google.com/bot.html)"
40.77.167.78 - - [02/May/2025:13:49:51 -0400] "GET /?o=87028150698102&channel=01d0c3&from=form.php%3Fid%3D1506981-8433%26name%3D%E6%9C%AA%E4%BD%BF%E7%94%A8%E5%93%81%E3%80%80HUMMER%E3%80%80%E3%83%8F%E3%83%9E%E3%83%BC+%E9%9B%BB%E5%8B%95%E3%82%A2%E3%82%B7%E3%82%B9%E3%83%88%E6%8A%98%E3%82%8A%E3%81%9F%E3%81%9F%E3%81%BF%E8%87%AA%E8%BB%A2%E8%BB%8A+MG-HM20EB HTTP/1.1" 200 0 "-" "Mozilla/5.0 AppleWebKit/537.36 (KHTML, like Gecko; compatible; bingbot/2.0; +http://www.bing.com/bingbot.htm) Chrome/116.0.1938.76 Safari/537.36"
66.249.73.128 - - [02/May/2025:13:49:53 -0400] "GET /?o=2190735046302&channel=9fec4e&from=blog.php%3Fid%3D350463-14376%26name%3DBijumam+%E3%83%93%E3%82%B8%E3%83%A5%E3%83%9E%E3%83%A0+%E3%82%B9%E3%82%AF%E3%82%A8%E3%82%A2%E5%9E%8B+%E7%9C%9F%E9%8D%AE%E3%82%B7%E3%83%AB%E3%83%90%E3%83%BC%E3%83%9F%E3%83%83%E3%82%AF%E3%82%B9+%E3%83%AA%E3%83%B3%E3%82%B0 HTTP/1.1" 200 53042 "-" "Mozilla/5.0 (Linux; Android 6.0.1; Nexus 5X Build/MMB29P) AppleWebKit/537.36 (KHTML, like Gecko) Chrome/135.0.7049.95 Mobile Safari/537.36 (compatible; Googlebot/2.1; +http://www.google.com/bot.html)"
51.222.253.7 - - [02/May/2025:13:49:53 -0400] "GET /tag/rumus-togel-toto-macau-13-00/ HTTP/1.1" 200 0 "-" "Mozilla/5.0 (compatible; AhrefsBot/7.0; +http://ahrefs.com/robot/)"
66.249.73.128 - - [02/May/2025:13:50:12 -0400] "GET /?o=89192119795304&channel=881fef&from=news.php%3Fid%3D1197953-5426%26name%3DMACKAGE+%E3%83%9E%E3%83%83%E3%82%AB%E3%83%BC%E3%82%B8%E3%83%A5+%E4%B8%AD%E7%B6%BF%E3%82%AD%E3%83%AB%E3%83%86%E3%82%A3%E3%83%B3%E3%82%B0%E3%82%B3%E3%83%BC%E3%83%88+%E3%83%A9%E3%82%A4%E3%83%88%E3%83%80%E3%82%A6%E3%83%B3%E3%82%B3%E3%83%BC%E3%83%88+%E3%83%AD%E3%82%B4+%E3%83%AC%E3%83%87%E3%82%A3%E3%83%BC%E3%82%B9+KULA HTTP/1.1" 200 52691 "-" "Mozilla/5.0 (Linux; Android 6.0.1; Nexus 5X Build/MMB29P) AppleWebKit/537.36 (KHTML, like Gecko) Chrome/135.0.7049.95 Mobile Safari/537.36 (compatible; Googlebot/2.1; +http://www.google.com/bot.html)"
66.249.73.129 - - [02/May/2025:13:50:14 -0400] "GET /?o=7099536651810&channel=2de1b2&from=shared.php%3Fid%3D366518-4055%26name%3D%E3%83%91%E3%83%BC%E3%83%86%E3%83%BC%E3%82%B7%E3%83%A7%E3%83%B3+%E7%AA%81%E3%81%A3%E5%BC%B5%E3%82%8A%E5%BC%8F+%E9%80%A3%E7%B5%90%E5%8F%AF%E8%83%BD+%E6%9C%AC%E4%BD%93%E7%94%A8+%E5%B9%8565+%E9%96%93%E4%BB%95%E5%88%87%E3%82%8A+%E7%9B%AE%E9%9A%A0%E3%81%97 HTTP/1.1" 200 53765 "-" "Mozilla/5.0 (Linux; Android 6.0.1; Nexus 5X Build/MMB29P) AppleWebKit/537.36 (KHTML, like Gecko) Chrome/135.0.7049.95 Mobile Safari/537.36 (compatible; Googlebot/2.1; +http://www.google.com/bot.html)"
66.249.73.129 - - [02/May/2025:13:50:51 -0400] "GET /?o=2169252181701&channel=42dc97&from=blog.php%3Fid%3D521817-2065%26name%3D%E3%80%90%E6%96%B0%E5%93%81%E3%82%AD%E3%83%A3%E3%83%83%E3%83%97%E4%BB%98%E3%80%91%E3%82%A4%E3%83%B3%E3%83%97%E3%83%AC%E3%83%83%E3%82%B5+GRB+%E3%82%BF%E3%83%BC%E3%83%9C%E3%80%80MT%E8%BB%8A+%E3%83%A9%E3%82%B8%E3%82%A8%E3%83%BC%E3%82%BF%E3%83%BC+%E3%83%A9%E3%82%B8%E3%82%A8%E3%82%BF%E3%83%BC+%E8%BB%8A+%E8%BB%8A%E7%94%A8%E5%93%81+%E3%82%AB%E3%83%BC%E7%94%A8%E5%93%81+%E6%96%B0%E5%93%81%E3%83%A9%E3%82%B8%E3%82%A8%E3%83%BC%E3%82%BF%E3%83%BC+%E6%97%A5%E6%9C%AC%E3%83%A1%E3%83%BC%E3%82%AB%E3%83%BC+%E6%96%B0%E5%93%81+%E3%82%B3%E3%83%BC%E3%83%A8%E3%83%BC%E8%A3%BD+%E3%80%90%E6%9C%80%E7%9F%AD%E5%BD%93%E6%97%A5%E7%99%BA%E9%80%81%E3%80%91%E3%80%9018%E3%83%B6%E6%9C%88%E4%BF%9D%E8%A8%BC%E3%80%91 HTTP/1.1" 200 57810 "-" "Mozilla/5.0 (Linux; Android 6.0.1; Nexus 5X Build/MMB29P) AppleWebKit/537.36 (KHTML, like Gecko) Chrome/135.0.7049.95 Mobile Safari/537.36 (compatible; Googlebot/2.1; +http://www.google.com/bot.html)"
66.249.73.128 - - [02/May/2025:13:50:55 -0400] "GET /?o=4091694302601&channel=af6569&from=news.php%3Fid%3D943026-643%26name%3DOXFORD+1%2F18+%E3%83%A1%E3%83%83%E3%82%B5%E3%83%BC%E3%82%B7%E3%83%A5%E3%83%9F%E3%83%83%E3%83%88+KR200+%E3%83%90%E3%83%96%E3%83%AB%E3%82%AB%E3%83%BC+%E3%83%96%E3%83%A9%E3%83%83%E3%82%AF+%E3%80%90%E5%86%8D%E7%94%9F%E7%94%A3%E3%80%91 HTTP/1.1" 200 54421 "-" "Mozilla/5.0 (Linux; Android 6.0.1; Nexus 5X Build/MMB29P) AppleWebKit/537.36 (KHTML, like Gecko) Chrome/135.0.7049.95 Mobile Safari/537.36 (compatible; Googlebot/2.1; +http://www.google.com/bot.html)"
66.249.73.128 - - [02/May/2025:13:50:57 -0400] "GET /?o=71730190487509&channel=39e5a8&from=news.php%3Fid%3D1904875-29759%26name%3DSP.%E3%82%BB%E3%83%BC%E3%83%AB%E2%80%BC%EF%B8%8E+LA%E3%82%88%E3%82%8A%E5%85%A5%E8%8D%B7%21%21%E3%80%802023%E5%B9%B4%E3%80%80%E3%82%B8%E3%83%BC%E3%83%97%E3%83%BB%E3%83%A9%E3%83%B3%E3%82%B0%E3%83%A9%E3%83%BC%EF%BC%88%E3%82%B0%E3%83%AA%E3%83%BC%E3%83%B3%EF%BC%89 HTTP/1.1" 200 55775 "-" "Mozilla/5.0 (Linux; Android 6.0.1; Nexus 5X Build/MMB29P) AppleWebKit/537.36 (KHTML, like Gecko) Chrome/135.0.7049.95 Mobile Safari/537.36 (compatible; Googlebot/2.1; +http://www.google.com/bot.html)"
51.222.253.14 - - [02/May/2025:13:50:58 -0400] "GET /tag/bocoran-togel-toto-macau-13-00-terkini/ HTTP/1.1" 200 0 "-" "Mozilla/5.0 (compatible; AhrefsBot/7.0; +http://ahrefs.com/robot/)"
52.167.144.173 - - [02/May/2025:13:51:07 -0400] "GET /wp-includes__c454f3a/js/tinymce/plugins/wpautoresize/?MD HTTP/1.1" 200 699 "-" "Mozilla/5.0 AppleWebKit/537.36 (KHTML, like Gecko; compatible; bingbot/2.0; +http://www.bing.com/bingbot.htm) Chrome/116.0.1938.76 Safari/537.36"
44.210.204.255 - - [02/May/2025:13:51:13 -0400] "GET /wp-includes__c454f3a/js/tinymce/skins/lightgray/img/?NA HTTP/1.1" 200 882 "-" "Mozilla/5.0 AppleWebKit/537.36 (KHTML, like Gecko; compatible; Amazonbot/0.1; +https://developer.amazon.com/support/amazonbot) Chrome/119.0.6045.214 Safari/537.36"
40.77.167.78 - - [02/May/2025:13:51:50 -0400] "GET /?o=01875137287200&channel=3e4bce&from=news.php%3Fid%3D1372872-24960%26name%3D%E3%82%B7%E3%83%AA%E3%82%B3%E3%83%BC%E3%83%B3%E3%82%A2%E3%82%A4%E3%82%B9%E3%83%A2%E3%83%BC%E3%83%AB%E3%83%89%E3%83%90%E3%83%AB%E3%82%AF%E6%80%A5%E9%80%9F%E5%86%B7%E5%87%8D%E5%BA%AB%E3%83%91%E3%83%BC%E3%82%BD%E3%83%8A%E3%83%A9%E3%82%A4%E3%82%BA%E3%81%95%E3%82%8C%E3%81%9F%E3%82%AF%E3%83%AA%E3%82%A8%E3%82%A4%E3%83%86%E3%82%A3%E3%83%96%E3%82%A2%E3%82%A4%E3%82%B9%E3%83%9C%E3%83%83%E3%82%AF%E3%82%B9%E3%82%A2%E3%82%A4%E3%82%B9%E3%83%88%E3%83%AC%E3%82%A4%E3%82%AB%E3%83%90%E3%83%BC%E4%BB%98%E3%81%8D%E5%AE%B6%E5%BA%AD%E7%94%A8%E5%86%B7%E8%94%B5%E5%BA%AB%E8%A3%BD%E6%B0%B7%E6%A9%9F%E9%A3%9F%E5%93%81 HTTP/1.1" 200 0 "-" "Mozilla/5.0 AppleWebKit/537.36 (KHTML, like Gecko; compatible; bingbot/2.0; +http://www.bing.com/bingbot.htm) Chrome/116.0.1938.76 Safari/537.36"
66.249.73.128 - - [02/May/2025:13:51:54 -0400] "GET /?o=4748628803202&channel=8cc173&from=shared.php%3Fid%3D288032-6667%26name%3D%E8%83%B8%E3%81%AE%E3%83%95%E3%83%AD%E3%83%BC%E3%83%AA%E3%83%B3%E3%82%B0%E3%82%A2%E3%82%A4%E3%82%B9%E3%82%AF%E3%83%AA%E3%83%BC%E3%83%A0%E3%81%A8%E8%B2%A8%E7%89%A9%E3%81%AE%E8%91%89+-+%E5%A4%8F%E3%82%B5%E3%82%A4%E3%82%BA%E3%81%AE%E5%86%B7%E5%8D%B4%E7%94%9F%E5%9C%B0%E6%BB%91%E3%82%8A%E6%AD%A2%E3%82%81%E5%86%B7%E5%8D%B4%E7%94%9F%E5%9C%B0%E3%80%81%E5%9B%B3%E3%82%B5%E3%82%A4%E3%82%BA%288%2C79+%2A+91+%26%2334%3B-%E3%82%AD%E3%83%AB%E3%83%88%29 HTTP/1.1" 200 54700 "-" "Mozilla/5.0 (Linux; Android 6.0.1; Nexus 5X Build/MMB29P) AppleWebKit/537.36 (KHTML, like Gecko) Chrome/135.0.7049.95 Mobile Safari/537.36 (compatible; Googlebot/2.1; +http://www.google.com/bot.html)"
66.249.73.130 - - [02/May/2025:13:51:55 -0400] "GET /?o=585952986702&channel=5e0bfe&from=category-info.php%3Fid%3D29867-1557%26name%3DMRG-B5000D-1JR HTTP/1.1" 200 52958 "-" "Mozilla/5.0 (Linux; Android 6.0.1; Nexus 5X Build/MMB29P) AppleWebKit/537.36 (KHTML, like Gecko) Chrome/135.0.7049.95 Mobile Safari/537.36 (compatible; Googlebot/2.1; +http://www.google.com/bot.html)"
51.222.253.14 - - [02/May/2025:13:52:09 -0400] "GET /bocoran-togel-toto-macau-00-00-senin-15-januari-2024/ HTTP/1.1" 200 0 "-" "Mozilla/5.0 (compatible; AhrefsBot/7.0; +http://ahrefs.com/robot/)"
66.249.73.130 - - [02/May/2025:13:52:21 -0400] "GET /?o=25089190711601&channel=70c54d&from=pin.php%3Fid%3D1907116-29770%26name%3D%E3%81%A1%E3%82%85%E3%83%BC%E3%82%8B5%E7%A8%AE80%E6%9C%AC HTTP/1.1" 200 55608 "-" "Mozilla/5.0 (Linux; Android 6.0.1; Nexus 5X Build/MMB29P) AppleWebKit/537.36 (KHTML, like Gecko) Chrome/135.0.7049.95 Mobile Safari/537.36 (compatible; Googlebot/2.1; +http://www.google.com/bot.html)"
66.249.73.128 - - [02/May/2025:13:52:34 -0400] "GET /?o=84957118319400&channel=42b0c6&from=article.php%3Fid%3D1183194-2180%26name%3D%E2%98%85%E3%83%AA%E3%83%A7%E3%82%A6%E3%83%93+%E7%B3%B8%E3%83%8E%E3%82%B3%E7%9B%A4+TFE450%EF%BC%8F+%E5%AE%8C%E5%8B%95%E5%93%81%E3%80%81%E6%95%B4%E5%82%99%E6%B8%88%E3%81%BF HTTP/1.1" 200 56573 "-" "Mozilla/5.0 (Linux; Android 6.0.1; Nexus 5X Build/MMB29P) AppleWebKit/537.36 (KHTML, like Gecko) Chrome/135.0.7049.95 Mobile Safari/537.36 (compatible; Googlebot/2.1; +http://www.google.com/bot.html)"
66.249.73.128 - - [02/May/2025:13:52:35 -0400] "GET /?o=1962895148601&channel=d3eaae&from=pin.php%3Fid%3D951486-22167%26name%3DCYDY+TPU+%E3%82%A4%E3%83%B3%E3%83%8A%E3%83%BC%E3%83%81%E3%83%A5%E3%83%BC%E3%83%96+65mm+700%C3%9723-32C HTTP/1.1" 200 53002 "-" "Mozilla/5.0 (Linux; Android 6.0.1; Nexus 5X Build/MMB29P) AppleWebKit/537.36 (KHTML, like Gecko) Chrome/135.0.7049.95 Mobile Safari/537.36 (compatible; Googlebot/2.1; +http://www.google.com/bot.html)"
66.249.73.128 - - [02/May/2025:13:52:51 -0400] "GET /?o=01649182852501&channel=282c7b&from=blog.php%3Fid%3D1828525-3363%26name%3D%E3%83%90%E3%83%86%E3%82%A3%E3%83%83%E3%82%AF+%E3%82%BD%E3%83%AD+%E3%82%B8%E3%83%A3%E3%83%AF+%E6%9B%B4%E7%B4%97+%E3%83%97%E3%83%AA%E3%83%B3%E3%83%88+%E3%83%96%E3%83%A9%E3%83%83%E3%82%AF%E7%B3%BB+%E3%83%AA%E3%83%BC%E3%83%95%E8%8A%B1%E6%9F%84+%E3%82%A2%E3%82%B8%E3%82%A2%E3%83%B3%E5%B8%83+%E3%81%8A%E3%81%97%E3%82%83%E3%82%8C%E3%81%AA+%E7%94%9F%E5%9C%B0+%E5%B8%83%E5%9C%B0+%E4%BC%9D%E7%B5%B1+%E5%B7%A5%E8%8A%B8%E5%93%81+%E3%82%A4%E3%83%B3%E3%83%89%E3%83%8D%E3%82%B7%E3%82%A2+%E3%82%A2%E3%82%B8%E3%82%A2%E3%83%B3+%E3%83%90%E3%83%AA+%E3%82%BF%E3%82%A4+%E9%9B%91%E8%B2%A8+Pajung+Prijaji HTTP/1.1" 200 55027 "-" "Mozilla/5.0 (Linux; Android 6.0.1; Nexus 5X Build/MMB29P) AppleWebKit/537.36 (KHTML, like Gecko) Chrome/135.0.7049.95 Mobile Safari/537.36 (compatible; Googlebot/2.1; +http://www.google.com/bot.html)"
66.249.73.128 - - [02/May/2025:13:52:55 -0400] "GET /?o=9856759440212&channel=ac0c99&from=info.php%3Fid%3D594402-2398%26name%3D%E8%A8%AA%E5%95%8F%E7%9D%80+%E3%83%AC%E3%83%B3%E3%82%BF%E3%83%AB+%E3%83%A2%E3%83%80%E3%83%B3+%E3%82%A2%E3%83%B3%E3%83%86%E3%82%A3%E3%83%BC%E3%82%AF+%E6%AD%A3%E7%B5%B9+%E3%81%8A%E5%AE%AE%E5%8F%82%E3%82%8A+%E7%9D%80%E7%89%A9+%E3%83%AC%E3%83%B3%E3%82%BF%E3%83%AB+%E6%AF%8D+%E7%B4%AB%E3%83%A9%E3%83%A1%E8%BE%BB%E3%81%8C%E8%8A%B1+%E3%80%90%E3%83%AC%E3%83%B3%E3%82%BF%E3%83%AB%E3%80%91+%E4%BA%A1%E3%81%8F%E3%81%AA%E3%82%8A+%E5%8D%92%E6%A5%AD%E5%BC%8F+%E6%AF%8D+%E7%9D%80%E7%89%A9+%E3%83%AC%E3%83%B3%E3%82%BF%E3%83%AB+%E5%85%A5%E5%AD%A6%E5%BC%8F+%E7%9D%80%E7%89%A9+%E3%83%AC%E3%83%B3%E3%82%BF%E3%83%AB+%E4%B8%83%E4%BA%94%E4%B8%89+%E6%AF%8D+%E6%AF%8D%E8%A6%AA+%E7%9D%80%E7%89%A9+%E3%83%AC%E3%83%B3%E3%82%BF%E3%83%AB HTTP/1.1" 200 54105 "-" "Mozilla/5.0 (Linux; Android 6.0.1; Nexus 5X Build/MMB29P) AppleWebKit/537.36 (KHTML, like Gecko) Chrome/135.0.7049.95 Mobile Safari/537.36 (compatible; Googlebot/2.1; +http://www.google.com/bot.html)"
66.249.73.128 - - [02/May/2025:13:52:56 -0400] "GET /?o=41760141332003&channel=ef6f6e&from=info.php%3Fid%3D1413320-25362%26name%3D%E3%80%90LUPACA+QUENA+QUENILLA+%26%2339%3BC%26%2339%3B+PRO%E3%80%91%E3%82%A2%E3%83%B3%E3%83%87%E3%82%B9%E3%82%92%E4%BB%A3%E8%A1%A8%E3%81%99%E3%82%8B%E6%B0%91%E6%97%8F%E6%A5%BD%E5%99%A8%E3%82%B1%E3%83%8B%E3%83%BC%E3%82%B8%E3%83%A3%26%2334%3B%EF%BC%A3%26%233 HTTP/1.1" 200 53775 "-" "Mozilla/5.0 (Linux; Android 6.0.1; Nexus 5X Build/MMB29P) AppleWebKit/537.36 (KHTML, like Gecko) Chrome/135.0.7049.95 Mobile Safari/537.36 (compatible; Googlebot/2.1; +http://www.google.com/bot.html)"
66.249.73.129 - - [02/May/2025:13:53:00 -0400] "GET /?o=62865172370406&channel=3a9081&from=goods.php%3Fid%3D1723704-11310%26name%3D%E3%83%8D%E3%82%AA%E3%83%B3%E3%82%B5%E3%82%A4%E3%83%B3%E3%83%94%E3%82%B6%E3%83%8F%E3%83%B3%E3%83%90%E3%83%BC%E3%82%AC%E3%83%BC%E3%83%87%E3%82%B6%E3%82%A4%E3%83%B3%E3%82%A6%E3%82%A9%E3%83%BC%E3%83%AB%E3%83%8F%E3%83%B3%E3%82%AE%E3%83%B3%E3%82%B0%E3%83%8D%E3%82%AA%E3%83%B3LED%E3%83%A9%E3%82%A4%E3%83%88%E3%83%A9%E3%83%B3%E3%83%97USB%E3%82%B9%E3%82%A4%E3%83%83%E3%83%81%E3%83%91%E3%83%BC%E3%83%86%E3%82%A3%E3%83%BC%E3%83%AC%E3%82%B9%E3%83%88%E3%83%A9%E3%83%B3%E3%82%B7%E3%83%A7%E3%83%83%E3%83%97%E3%82%AB%E3%83%AF%E3%82%A4%E3%82%A4%E3%83%AB%E3%83%BC HTTP/1.1" 200 53904 "-" "Mozilla/5.0 (Linux; Android 6.0.1; Nexus 5X Build/MMB29P) AppleWebKit/537.36 (KHTML, like Gecko) Chrome/136.0.7103.59 Mobile Safari/537.36 (compatible; Googlebot/2.1; +http://www.google.com/bot.html)"
66.249.73.129 - - [02/May/2025:13:53:09 -0400] "GET /?o=99127177460703&channel=3b99d4&from=shared.php%3Fid%3D1774607-14799%26name%3DHolibanna+1%E3%82%BB%E3%83%83%E3%83%88+%E3%82%B4%E3%83%9F%E8%A2%8B%E3%83%9B%E3%83%AB%E3%83%80%E3%83%BC+%E5%B0%8F%E3%81%95%E3%81%AA%E3%82%B4%E3%83%9F%E8%A2%8B%E3%83%90%E3%83%B3%E3%83%89+%E3%82%B4%E3%83%9F%E8%A2%8B%E3%81%AE%E7%95%99%E3%82%81%E5%85%B7+%E3%82%B4%E3%83%9F%E7%AE%B1%E3%83%90%E3%83%83%E3%82%B0%E3%83%90%E3%83%B3%E3%83%89+%E7%BD%AE%E3%81%8D%E5%A0%B4+%E8%93%8B+%E3%83%93%E3%83%B3%E3%83%90%E3%83%83%E3%82%B0%E3%83%9B%E3%83%AB%E3%83%80%E3%83%BC HTTP/1.1" 200 54216 "-" "Mozilla/5.0 (Linux; Android 6.0.1; Nexus 5X Build/MMB29P) AppleWebKit/537.36 (KHTML, like Gecko) Chrome/135.0.7049.95 Mobile Safari/537.36 (compatible; Googlebot/2.1; +http://www.google.com/bot.html)"
66.249.73.129 - - [02/May/2025:13:53:10 -0400] "GET /?o=0520911815301&channel=b8a488&from=form.php%3Fid%3D118153-1514%26name%3D%E3%82%B0%E3%83%AA%E3%83%BC%E3%83%B3%E3%83%9E%E3%83%83%E3%82%AF%E3%82%B9+%E6%9D%B1%E4%BA%AC%E3%83%A1%E3%83%88%E3%83%AD15000%E7%B3%BB+%E5%9F%BA%E6%9C%AC4%E4%B8%A1%2B%E5%A2%97%E7%B5%906%E4%B8%A1%E3%82%BB%E3%83%83%E3%83%88 HTTP/1.1" 200 53354 "-" "Mozilla/5.0 (Linux; Android 6.0.1; Nexus 5X Build/MMB29P) AppleWebKit/537.36 (KHTML, like Gecko) Chrome/135.0.7049.95 Mobile Safari/537.36 (compatible; Googlebot/2.1; +http://www.google.com/bot.html)"
51.222.253.20 - - [02/May/2025:13:53:21 -0400] "GET /tag/jackpot-togel-toto-macau-13-00/ HTTP/1.1" 200 0 "-" "Mozilla/5.0 (compatible; AhrefsBot/7.0; +http://ahrefs.com/robot/)"
66.249.73.128 - - [02/May/2025:13:53:26 -0400] "GET /?o=8361261451908&channel=0f31e0&from=pin.php%3Fid%3D614519-8938%26name%3D%E9%89%84%E9%81%93%E6%A8%A1%E5%9E%8B++C571 HTTP/1.1" 200 52116 "-" "Mozilla/5.0 (Linux; Android 6.0.1; Nexus 5X Build/MMB29P) AppleWebKit/537.36 (KHTML, like Gecko) Chrome/135.0.7049.95 Mobile Safari/537.36 (compatible; Googlebot/2.1; +http://www.google.com/bot.html)"
66.249.73.128 - - [02/May/2025:13:53:28 -0400] "GET /?o=0499251831602&channel=e5aded&from=category-info.php%3Fid%3D518316-16836%26name%3D%E6%96%B0%E5%93%81%E2%99%A1MUSE+DeuxiemeClasse%E2%99%A1ENDPIN+KEY+HOLDER HTTP/1.1" 200 54482 "-" "Mozilla/5.0 (Linux; Android 6.0.1; Nexus 5X Build/MMB29P) AppleWebKit/537.36 (KHTML, like Gecko) Chrome/135.0.7049.95 Mobile Safari/537.36 (compatible; Googlebot/2.1; +http://www.google.com/bot.html)"
66.249.73.128 - - [02/May/2025:13:53:42 -0400] "GET /?o=704758777301&channel=fd459c&from=blog.php%3Fid%3D87773-1585%26name%3D%E8%89%AF%E5%A5%BD%E5%93%81%E3%80%80%E3%83%AB%E3%82%A4%E3%83%B4%E3%82%A3%E3%83%88%E3%83%B3%E3%80%80%E3%83%A2%E3%83%8E%E3%82%B0%E3%83%A9%E3%83%A0%E3%80%80+%E3%83%80%E3%83%8C%E3%83%BC%E3%83%96%E3%80%80%E3%82%B7%E3%83%A7%E3%83%AB%E3%83%80%E3%83%BC%E3%83%90%E3%83%83%E3%82%B0%E3%80%80%E3%82%AF%E3%83%AD%E3%82%B9%E3%83%9C%E3%83%87%E3%82%A3 HTTP/1.1" 200 52723 "-" "Mozilla/5.0 (Linux; Android 6.0.1; Nexus 5X Build/MMB29P) AppleWebKit/537.36 (KHTML, like Gecko) Chrome/135.0.7049.95 Mobile Safari/537.36 (compatible; Googlebot/2.1; +http://www.google.com/bot.html)"
66.249.73.128 - - [02/May/2025:13:53:51 -0400] "GET /?o=23655196659504&channel=c2bd94&from=blog.php%3Fid%3D1966595-22689%26name%3DHELIOS+%E3%80%902%E6%9C%AC%E3%82%BB%E3%83%83%E3%83%88%E3%80%91+%E3%82%B7%E3%83%93%E3%83%83%E3%82%AF+%E3%83%95%E3%82%A7%E3%83%AA%E3%82%AA+EG7+8+9+%E6%92%A5%E6%B0%B4+%E3%83%87%E3%82%B6%E3%82%A4%E3%83%B3+%E3%82%A8%E3%82%A2%E3%83%AD+%E3%83%AF%E3%82%A4%E3%83%91%E3%83%BC+%E3%83%96%E3%83%AC%E3%83%BC%E3%83%89+U%E5%AD%97%E3%83%95%E3%83%83%E3%82%AF+550mm HTTP/1.1" 200 54226 "-" "Mozilla/5.0 (Linux; Android 6.0.1; Nexus 5X Build/MMB29P) AppleWebKit/537.36 (KHTML, like Gecko) Chrome/135.0.7049.95 Mobile Safari/537.36 (compatible; Googlebot/2.1; +http://www.google.com/bot.html)"
66.249.73.129 - - [02/May/2025:13:53:58 -0400] "GET /?o=15073162760808&channel=ab21c7&from=shop.php%3Fid%3D1627608-3508%26name%3D%E5%A4%A9%E7%84%B6%E6%9C%A8%E4%B8%80%E6%9E%9A%E6%9D%BF%E3%80%80%E5%BA%A7%E5%8D%93%E2%91%A1 HTTP/1.1" 200 52563 "-" "Mozilla/5.0 (Linux; Android 6.0.1; Nexus 5X Build/MMB29P) AppleWebKit/537.36 (KHTML, like Gecko) Chrome/135.0.7049.95 Mobile Safari/537.36 (compatible; Googlebot/2.1; +http://www.google.com/bot.html)"
66.249.73.130 - - [02/May/2025:13:54:05 -0400] "GET /?o=81903127786501&channel=48dc1c&from=jp.php%3Fid%3D1277865-912%26name%3D200w%2F300w%2F400w%2F500w+dc%E3%83%A2%E3%83%BC%E3%82%BF%E3%83%BC+%E5%BD%AB%E5%88%BB%E6%A9%9F+%E7%A9%BA%E5%86%B7+%E3%82%B9%E3%83%94%E3%83%B3%E3%83%89%E3%83%AB+er11+3.175 HTTP/1.1" 200 54431 "-" "Mozilla/5.0 (Linux; Android 6.0.1; Nexus 5X Build/MMB29P) AppleWebKit/537.36 (KHTML, like Gecko) Chrome/135.0.7049.95 Mobile Safari/537.36 (compatible; Googlebot/2.1; +http://www.google.com/bot.html)"
66.249.73.128 - - [02/May/2025:13:54:11 -0400] "GET /?o=6530635425606&channel=806455&from=article.php%3Fid%3D354256-466%26name%3DTT%26CO.+%E3%83%88%E3%82%A5%E3%83%BC%E3%82%AB%E3%83%83%E3%82%BF%E3%83%BC+SG%2FDOT%E3%80%80%E3%82%AE%E3%83%B3%E3%82%AE%E3%83%A9%E3%82%BB%E3%83%96%E3%83%B3%E3%83%86%E3%82%A3%E3%83%BC%E3%82%BA%E3%80%80%E3%82%AB%E3%82%B9%E3%82%BF%E3%83%A02%E3%80%80%E3%83%95%E3%83%AB%E3%83%95%E3%82%A7%E3%82%A4%E3%82%B9%E3%83%98%E3%83%AB%E3%83%A1%E3%83%83%E3%83%88+%E3%83%B4%E3%82%A3%E3%83%B3%E3%83%86%E3%83%BC%E3%82%B8+%E3%83%95%E3%83%AB%E3%83%95%E3%82%A7%E3%82%A4%E3%82%B9+%E3%83%93%E3%83%B3%E3%83%86%E3%83%BC%E3%82%B8+%E3%83%98%E3%83%AB%E3%83%A1%E3%83%83%E3%83%88+SG%2FPSC%2FDOT HTTP/1.1" 200 54311 "-" "Mozilla/5.0 (Linux; Android 6.0.1; Nexus 5X Build/MMB29P) AppleWebKit/537.36 (KHTML, like Gecko) Chrome/135.0.7049.95 Mobile Safari/537.36 (compatible; Googlebot/2.1; +http://www.google.com/bot.html)"
52.167.144.174 - - [02/May/2025:13:54:12 -0400] "GET /?o=27882179829300&channel=3d6475&from=shop.php%3Fid%3D1798293-16491%26name%3D%E3%80%90%E8%A8%B3%E3%81%82%E3%82%8A%E2%98%85%E7%89%B9%E5%88%A5%E6%9C%80%E7%B5%82%E4%BE%A1%E6%A0%BC%E3%80%91%E3%82%B7%E3%83%A3%E3%83%BC%E3%83%97%E7%94%A8+MX-36JTCA+%E6%97%A5%E6%9C%AC%E8%A3%BD%E3%83%AA%E3%82%B5%E3%82%A4%E3%82%AF%E3%83%AB%E3%83%88%E3%83%8A%E3%83%BC+%E3%82%B7%E3%82%A2%E3%83%B3%E3%80%80TNS-MX-36JTCA HTTP/1.1" 200 0 "-" "Mozilla/5.0 AppleWebKit/537.36 (KHTML, like Gecko; compatible; bingbot/2.0; +http://www.bing.com/bingbot.htm) Chrome/116.0.1938.76 Safari/537.36"
66.249.73.128 - - [02/May/2025:13:54:22 -0400] "GET /?o=35880143505300&channel=6f062d&from=brands.php%3Fid%3D1435053-8849%26name%3D%E2%98%8616%E3%82%A4%E3%83%B3%E3%83%81%2F%E3%82%AD%E3%83%83%E3%82%BA%E8%87%AA%E8%BB%A2%E8%BB%8A%2FHUMMER%2F%E3%83%8F%E3%83%9E%E3%83%BC%2F%E3%82%AE%E3%82%A2%E4%BB%98%E3%81%8D%2F%E2%84%96505%E2%98%86 HTTP/1.1" 200 55053 "-" "Mozilla/5.0 (Linux; Android 6.0.1; Nexus 5X Build/MMB29P) AppleWebKit/537.36 (KHTML, like Gecko) Chrome/135.0.7049.95 Mobile Safari/537.36 (compatible; Googlebot/2.1; +http://www.google.com/bot.html)"
51.222.253.19 - - [02/May/2025:13:54:25 -0400] "GET /tag/angka-main-togel-toto-macau-13-00/ HTTP/1.1" 200 0 "-" "Mozilla/5.0 (compatible; AhrefsBot/7.0; +http://ahrefs.com/robot/)"
66.249.73.128 - - [02/May/2025:13:54:26 -0400] "GET /?o=77949130760104&channel=f35d01&from=product.php%3Fid%3D1307601-18189%26name%3DEdwinaHorl%E2%97%86%E3%83%95%E3%83%A9%E3%82%A4%E3%83%88%E3%82%B8%E3%83%A3%E3%82%B1%E3%83%83%E3%83%88%2FS%2F%E3%83%9D%E3%83%AA%E3%82%A8%E3%82%B9%E3%83%86%E3%83%AB%2FGRY HTTP/1.1" 200 53486 "-" "Mozilla/5.0 (Linux; Android 6.0.1; Nexus 5X Build/MMB29P) AppleWebKit/537.36 (KHTML, like Gecko) Chrome/135.0.7049.95 Mobile Safari/537.36 (compatible; Googlebot/2.1; +http://www.google.com/bot.html)"
66.249.73.128 - - [02/May/2025:13:54:28 -0400] "GET /?o=492996065707&channel=e1fca5&from=shared.php%3Fid%3D60657-4566%26name%3DROCC+RUSTED+ORANGE+CRAFTWORKS+CO.%E3%83%93%E3%83%B3%E3%83%86%E3%83%BC%E3%82%B8%E3%82%B5%E3%83%BC%E3%82%AF%E3%83%AB%E3%82%B5%E3%82%A4%E3%83%B3-BBQ%28%E3%83%9D%E3%83%83%E3%83%97%E3%83%9D%E3%83%83%E3%83%97%29 HTTP/1.1" 200 54627 "-" "Mozilla/5.0 (Linux; Android 6.0.1; Nexus 5X Build/MMB29P) AppleWebKit/537.36 (KHTML, like Gecko) Chrome/135.0.7049.95 Mobile Safari/537.36 (compatible; Googlebot/2.1; +http://www.google.com/bot.html)"
66.249.73.128 - - [02/May/2025:13:54:29 -0400] "GET /?o=18002153003809&channel=faadce&from=article.php%3Fid%3D1530038-2098%26name%3D00s+y2k+diesel+%E3%83%A1%E3%83%83%E3%82%BB%E3%83%B3%E3%82%B8%E3%83%A3%E3%83%BC%E3%83%90%E3%83%83%E3%82%B0+%E3%82%B0%E3%83%A9%E3%83%B3%E3%82%B8+%E3%82%B5%E3%82%A4%E3%83%90%E3%83%BC+%E3%83%91%E3%83%B3%E3%82%AF HTTP/1.1" 200 52967 "-" "Mozilla/5.0 (Linux; Android 6.0.1; Nexus 5X Build/MMB29P) AppleWebKit/537.36 (KHTML, like Gecko) Chrome/135.0.7049.95 Mobile Safari/537.36 (compatible; Googlebot/2.1; +http://www.google.com/bot.html)"
66.249.73.128 - - [02/May/2025:13:54:30 -0400] "GET /?o=24156115124803&channel=6201b8&from=form.php%3Fid%3D1151248-6552%26name%3D%E3%81%AF%E3%82%93%E3%81%A0%E3%83%9A%E3%83%BC%E3%82%B9%E3%83%88%E3%82%B9%E3%82%BA%E3%83%9A%E3%83%BC%E3%82%B9%E3%83%88%E3%81%AF%E3%82%93%E3%81%A0%E3%83%9A%E3%83%BC%E3%82%B9%E3%83%88%E4%BD%8E%E6%B8%A9%E3%82%B7%E3%83%AA%E3%83%B3%E3%82%B8%E3%81%AF%E3%82%93%E3%81%A0%E4%BB%98%E3%81%91%E3%83%9A%E3%83%BC%E3%82%B9%E3%83%88%E7%94%A8%E9%9B%BB%E5%AD%90%E6%A9%9F%E5%99%A8%E4%BF%AE%E7%90%86 HTTP/1.1" 200 53145 "-" "Mozilla/5.0 (Linux; Android 6.0.1; Nexus 5X Build/MMB29P) AppleWebKit/537.36 (KHTML, like Gecko) Chrome/135.0.7049.95 Mobile Safari/537.36 (compatible; Googlebot/2.1; +http://www.google.com/bot.html)"
66.249.73.128 - - [02/May/2025:13:54:31 -0400] "GET /?o=40804103181003&channel=cf52f9&from=shop.php%3Fid%3D1031810-22795%26name%3DLinskip+%E3%82%B5%E3%82%A4%E3%83%89%E3%82%A6%E3%82%A3%E3%83%B3%E3%83%89%E3%82%A6%E5%8F%8E%E7%B4%8D%E3%83%90%E3%83%83%E3%82%B0+%E3%82%AB%E3%83%BC%E3%82%B4%E3%82%B1%E3%83%BC%E3%82%B8+%E4%BD%BF%E3%81%84%E5%88%87%E3%82%8C+%E3%83%88%E3%83%A8%E3%82%BF+4Runner+2010-2023+4Runner+Molle%E3%83%90%E3%83%83 HTTP/1.1" 200 54785 "-" "Mozilla/5.0 (Linux; Android 6.0.1; Nexus 5X Build/MMB29P) AppleWebKit/537.36 (KHTML, like Gecko) Chrome/135.0.7049.95 Mobile Safari/537.36 (compatible; Googlebot/2.1; +http://www.google.com/bot.html)"
66.249.73.129 - - [02/May/2025:13:54:33 -0400] "GET /?o=27212166051405&channel=97e3ba&from=shop.php%3Fid%3D1660514-27034%26name%3D5PCS%E3%83%8E%E3%83%BC%E3%83%88%E3%83%96%E3%83%83%E3%82%AF%E8%8D%B7%E7%89%A9%E3%83%99%E3%83%AB%E3%83%88%E3%83%91%E3%83%89%E3%83%AD%E3%83%83%E3%82%AF%E3%83%AD%E3%83%83%E3%82%AF%E3%82%AD%E3%83%BC%E3%83%9D%E3%83%BC%E3%82%BF%E3%83%96%E3%83%AB%E3%82%B9%E3%83%BC%E3%83%84%E3%82%B1%E3%83%BC%E3%82%B9%E3%83%AD%E3%83%83%E3%82%AB%E3%83%BC%E3%82%BB%E3%82%AD%E3%83%A5%E3%83%AA%E3%83%86%E3%82%A3%E3%83%AD%E3%83%83%E3%82%AF%E3%83%8E%E3%83%BC%E3%83%88%E3%83%96%E3%83%83%E3%82%AF%E3%82%BB%E3%83%BC%E3%83%95%E3%83%86%E3%82%A3%E3%83%AD%E3%83%83%E3%82%AF%E8%80%90%E4%B9%85%E6%80%A7 HTTP/1.1" 200 53291 "-" "Mozilla/5.0 (Linux; Android 6.0.1; Nexus 5X Build/MMB29P) AppleWebKit/537.36 (KHTML, like Gecko) Chrome/135.0.7049.95 Mobile Safari/537.36 (compatible; Googlebot/2.1; +http://www.google.com/bot.html)"
66.249.73.129 - - [02/May/2025:13:54:34 -0400] "GET /?o=9150910084806&channel=e046a4&from=product.php%3Fid%3D100848-7081%26name%3DBUICK+TYPE+1950+50%26%2339%3BS+GREEN+%E3%82%B0%E3%83%AA%E3%83%BC%E3%83%B3 HTTP/1.1" 200 52960 "-" "Mozilla/5.0 (Linux; Android 6.0.1; Nexus 5X Build/MMB29P) AppleWebKit/537.36 (KHTML, like Gecko) Chrome/135.0.7049.95 Mobile Safari/537.36 (compatible; Googlebot/2.1; +http://www.google.com/bot.html)"
66.249.73.129 - - [02/May/2025:13:54:38 -0400] "GET /?o=9270789049202&channel=7e8ed5&from=news.php%3Fid%3D890492-3331%26name%3D%E3%83%AF%E3%82%B3%E3%83%BC%E3%83%AB%E2%98%85%E3%82%B5%E3%83%AB%E3%83%BC%E3%83%8862%E3%82%B0%E3%83%AB%E3%83%BC%E3%83%97%E3%83%97%E3%83%83%E3%82%B7%E3%83%A5%E3%82%A2%E3%83%83%E3%83%97%E3%83%96%E3%83%A9%E3%82%B8%E3%83%A3%E3%83%BC%26%E3%82%B7%E3%83%A7%E3%83%BC%E3%83%84%E3%80%81%E3%82%A2%E3%82%A4%E3%83%9C%E3%83%AA%E3%83%BC HTTP/1.1" 200 54070 "-" "Mozilla/5.0 (Linux; Android 6.0.1; Nexus 5X Build/MMB29P) AppleWebKit/537.36 (KHTML, like Gecko) Chrome/135.0.7049.95 Mobile Safari/537.36 (compatible; Googlebot/2.1; +http://www.google.com/bot.html)"
66.249.73.128 - - [02/May/2025:13:54:39 -0400] "GET /?o=7415083661502&channel=fd459c&from=info.php%3Fid%3D836615-1585%26name%3DSAINT+LAURENT+PARIS%28%E3%82%B5%E3%83%B3%E3%83%AD%E3%83%BC%E3%83%A9%E3%83%B3%E3%83%91%E3%83%AA%29+%E3%83%81%E3%82%A7%E3%83%BC%E3%83%B3%E3%82%A6%E3%82%A9%E3%83%AC%E3%83%83%E3%83%88+%E3%82%B7%E3%83%A7%E3%83%AB%E3%83%80%E3%83%BC%E3%83%90%E3%83%83%E3%82%B0+%E8%82%A9%E6%8E%9B%E3%81%91+%E6%96%9C%E3%82%81%E6%8E%9B%E3%81%91+2WAY+%E3%82%AF%E3%83%A9%E3%83%83%E3%83%81+%E3%82%AB%E3%83%BC%E3%83%95+%E3%83%96%E3%83%A9%E3%83%83%E3%82%AF%E9%BB%92+%E3%82%B7%E3%83%AB%E3%83%90%E3%83%BC%E9%87%91%E5%85%B7+437473+BRM04+1000+%E3%83%AC%E3%83%87%E3%82%A3%E3%83%BC%E3%82%B9+40601121623%E3%80%90%E4%B8%AD%E5%8F%A4%E3%80%91%E3%80%90%E3%82%A2%E3%83%A9%E3%83%A2%E3%83%BC%E3%83%89%E3%80%91 HTTP/1.1" 200 54601 "-" "Mozilla/5.0 (Linux; Android 6.0.1; Nexus 5X Build/MMB29P) AppleWebKit/537.36 (KHTML, like Gecko) Chrome/135.0.7049.95 Mobile Safari/537.36 (compatible; Googlebot/2.1; +http://www.google.com/bot.html)"
66.249.73.128 - - [02/May/2025:13:54:40 -0400] "GET /?o=8029618395802&channel=f97d5a&from=form.php%3Fid%3D183958-10104%26name%3DWzmazingly+%E3%83%95%E3%83%AC%E3%82%AD%E3%82%B7%E3%83%96%E3%83%AB+%E3%82%B9%E3%83%86%E3%83%B3%E3%83%AC%E3%82%B9+%E3%83%AD%E3%83%BC%E3%83%97+%E3%83%A1%E3%83%83%E3%82%B7%E3%83%A5%E3%80%816cm%2F1.5mm+%E5%AE%89%E5%85%A8%E3%83%90%E3%83%AA%E3%82%A2+%E3%83%A1%E3%83%83%E3%82%B7%E3%83%A5+%E3%83%95%E3%82%A7%E3%83%B3%E3%82%B9%E3%80%81304+%E3%82%B9%E3%83%86%E3%83%B3 HTTP/1.1" 200 55312 "-" "Mozilla/5.0 (Linux; Android 6.0.1; Nexus 5X Build/MMB29P) AppleWebKit/537.36 (KHTML, like Gecko) Chrome/135.0.7049.95 Mobile Safari/537.36 (compatible; Googlebot/2.1; +http://www.google.com/bot.html)"
66.249.73.130 - - [02/May/2025:13:54:43 -0400] "GET /?o=2043383870803&channel=fa0f43&from=shop.php%3Fid%3D838708-17347%26name%3DOPSTRAN+100GBASE-LR4+QSFP28%E3%83%A2%E3%82%B8%E3%83%A5%E3%83%BC%E3%83%AB%E3%80%81Juniper+JNP-QSFP-100G-LR4+QSFP28- HTTP/1.1" 200 53558 "-" "Mozilla/5.0 (Linux; Android 6.0.1; Nexus 5X Build/MMB29P) AppleWebKit/537.36 (KHTML, like Gecko) Chrome/135.0.7049.95 Mobile Safari/537.36 (compatible; Googlebot/2.1; +http://www.google.com/bot.html)"
66.249.73.129 - - [02/May/2025:13:54:46 -0400] "GET /?o=45771168150802&channel=665c3c&from=article.php%3Fid%3D1681508-27248%26name%3D%E3%83%8D%E3%82%A4%E3%83%AB%E3%82%B9%E3%83%88%E3%83%AC%E3%83%BC%E3%82%B8%E3%83%9C%E3%83%83%E3%82%AF%E3%82%B9%E3%80%81%E4%BA%BA%E5%B7%A5%E3%83%8D%E3%82%A4%E3%83%AB%E3%82%AA%E3%83%BC%E3%82%AC%E3%83%8A%E3%82%A4%E3%82%B6%E3%83%BC%E3%83%9C%E3%83%83%E3%82%AF%E3%82%B9%2C+%E3%83%80%E3%82%B9%E3%83%88%E3%83%97%E3%83%AB%E3%83%BC%E3%83%95%E3%82%B8%E3%83%A5%E3%82%A8%E3%83%AA%E3%83%BC%E3%82%B3%E3%83%B3%E3%83%86%E3%83%8A%E3%83%87%E3%82%A3%E3%82%B9%E3%83%97%E3%83%AC%E3%82%A4%E3%82%B1%E3%83%BC%E3%82%B9%2C+%E3%83%89%E3%83%AC%E3%83%83%E3%82%B7%E3%83%B3%E3%82%B0%E3%83%86%E3%83%BC HTTP/1.1" 200 53836 "-" "Mozilla/5.0 (Linux; Android 6.0.1; Nexus 5X Build/MMB29P) AppleWebKit/537.36 (KHTML, like Gecko) Chrome/135.0.7049.95 Mobile Safari/537.36 (compatible; Googlebot/2.1; +http://www.google.com/bot.html)"
66.249.73.128 - - [02/May/2025:13:54:47 -0400] "GET /?o=17470173473202&channel=1f9721&from=goods.php%3Fid%3D1734732-19152%26name%3DAMON+AUDEA+OFC+RCA%E3%82%B1%E3%83%BC%E3%83%96%E3%83%AB+%E3%82%A8%E3%83%BC%E3%83%A2%E3%83%B3+%E3%82%A6%E3%83%BC%E3%83%8F%E3%83%BC+6m HTTP/1.1" 200 53513 "-" "Mozilla/5.0 (Linux; Android 6.0.1; Nexus 5X Build/MMB29P) AppleWebKit/537.36 (KHTML, like Gecko) Chrome/135.0.7049.95 Mobile Safari/537.36 (compatible; Googlebot/2.1; +http://www.google.com/bot.html)"
66.249.73.128 - - [02/May/2025:13:54:48 -0400] "GET /?o=72796115582006&channel=046d43&from=brands.php%3Fid%3D1155820-13255%26name%3DVORCOOL+%E9%80%8F%E6%98%8E%E4%BF%9D%E8%AD%B7%E3%83%95%E3%82%A3%E3%83%AB%E3%83%A0+%E3%82%AB%E3%82%A6%E3%83%B3%E3%82%BF%E3%83%BC%E3%83%88%E3%83%83%E3%83%97%E3%83%97%E3%83%AD%E3%83%86%E3%82%AF%E3%82%BF%E3%83%BC+%E3%82%AD%E3%83%83%E3%83%81%E3%83%B3%E3%82%AD%E3%83%A3%E3%83%93%E3%83%8D%E3%83%83%E3%83%88%E7%94%A8%E3%82%AD%E3%83%A3%E3%83%93%E3%83%8D%E3%83%83%E3%83%88%E3%83%97%E3%83%AD%E3%83%86%E3%82%AF%E3%82%BF%E3%83%BC+%E8%80%90%E6%B2%B9%E3%82%A6%E3%82%A9%E3%83%BC%E3%83%AB%E3%82%B9%E3%83%86%E3%83%83%E3%82%AB HTTP/1.1" 200 52377 "-" "Mozilla/5.0 (Linux; Android 6.0.1; Nexus 5X Build/MMB29P) AppleWebKit/537.36 (KHTML, like Gecko) Chrome/135.0.7049.95 Mobile Safari/537.36 (compatible; Googlebot/2.1; +http://www.google.com/bot.html)"
66.249.73.130 - - [02/May/2025:13:54:50 -0400] "GET /?o=3307513176401&channel=bc4f7f&from=form.php%3Fid%3D131764-8362%26name%3DRynplex+CRV+2012-2024+%E8%BB%8A%E3%81%AE%E3%83%AA%E3%82%A2%E3%83%88%E3%83%A9%E3%83%B3%E3%82%AF%E3%82%AB%E3%83%BC%E3%83%86%E3%83%B3%E3%82%AB%E3%83%90%E3%83%BC%E3%83%AA%E3%82%A2%E3%83%A9%E3%83%83%E3%82%AF%E3%83%91%E3%83%BC%E3%83%86%E3%82%A3%E3%82%B7%E3%83%A7%E3%83%B3%E3%82%B7%E3%82%A7%E3%83%AB%E3%82%BF%E3%83%BC%E3%82%A4%E3%83%B3%E3%83%86%E3%83%AA%E3%82%A2%E5%8F%8E%E7%B4%8D%E8%BB%8A%E3%81%AE%E3%83%AA%E3%82%A2%E3%83%88 HTTP/1.1" 200 54677 "-" "Mozilla/5.0 (Linux; Android 6.0.1; Nexus 5X Build/MMB29P) AppleWebKit/537.36 (KHTML, like Gecko) Chrome/135.0.7049.95 Mobile Safari/537.36 (compatible; Googlebot/2.1; +http://www.google.com/bot.html)"
66.249.73.128 - - [02/May/2025:13:54:51 -0400] "GET /?o=6148021230918&channel=e55181&from=blog.php%3Fid%3D212309-3031%26name%3D%E3%82%B9%E3%82%AB%E3%83%BC%E3%83%88+%E3%82%AA%E3%83%83%E3%82%AF%E3%82%B9%E3%83%95%E3%83%AD%E3%83%B3%E3%83%88%E3%83%9C%E3%82%BF%E3%83%B3%E3%82%BF%E3%82%A4%E3%83%88%E3%82%B9%E3%82%AB%E3%83%BC%E3%83%88+%E3%83%AC%E3%83%87%E3%82%A3%E3%83%BC%E3%82%B9 HTTP/1.1" 200 54433 "-" "Mozilla/5.0 (Linux; Android 6.0.1; Nexus 5X Build/MMB29P) AppleWebKit/537.36 (KHTML, like Gecko) Chrome/135.0.7049.95 Mobile Safari/537.36 (compatible; Googlebot/2.1; +http://www.google.com/bot.html)"
66.249.73.129 - - [02/May/2025:13:54:56 -0400] "GET /?o=88994195812605&channel=026d2d&from=shared.php%3Fid%3D1958126-22990%26name%3D%E7%AD%86%E7%AE%B1+%E3%83%9A%E3%83%B3%E3%82%B1%E3%83%BC%E3%82%B9+%E8%96%84%E5%9E%8B+%E4%BD%BF%E3%81%84%E3%82%84%E3%81%99%E3%81%84+%E6%8A%BC%E3%81%97%E5%87%BA%E3%81%99+%E7%8B%AC%E7%AB%8B%E5%8F%8E%E7%B4%8D+%E8%90%BD%E4%B8%8B%E9%98%B2%E6%AD%A2+%E9%89%9B%E7%AD%865%E6%9C%AC+%E6%B6%88%E3%81%97%E3%82%B4%E3%83%A0+%E5%AE%9A%E8%A6%8F%E4%BB%98%E3%81%8D+%E5%A4%9A%E6%A9%9F%E8%83%BD+%E8%BB%BD%E9%87%8F+%E3%82%B3%E3%83%B3%E3%83%91%E3%82%AF%E3%83%88+%E3%82%B7%E3%83%A7%E3%83%83%E3%82%AF%E3%82%AC HTTP/1.1" 200 52937 "-" "Mozilla/5.0 (Linux; Android 6.0.1; Nexus 5X Build/MMB29P) AppleWebKit/537.36 (KHTML, like Gecko) Chrome/135.0.7049.95 Mobile Safari/537.36 (compatible; Googlebot/2.1; +http://www.google.com/bot.html)"
66.249.73.128 - - [02/May/2025:13:54:59 -0400] "GET /?o=48113159836200&channel=9917b4&from=article.php%3Fid%3D1598362-1755%26name%3D%E3%83%AB%E3%82%A4%E3%83%BB%E3%83%B4%E3%82%A3%E3%83%88%E3%83%B3+%EF%BE%8E%EF%BE%9F%EF%BE%99%EF%BE%84%EF%BE%8C%EF%BD%AB%EF%BD%B2%EF%BE%95%EF%BD%A5%EF%BD%BB%EF%BE%97+N61726+%E3%80%90436%E3%80%91 HTTP/1.1" 200 54012 "-" "Mozilla/5.0 (Linux; Android 6.0.1; Nexus 5X Build/MMB29P) AppleWebKit/537.36 (KHTML, like Gecko) Chrome/135.0.7049.95 Mobile Safari/537.36 (compatible; Googlebot/2.1; +http://www.google.com/bot.html)"
66.249.73.128 - - [02/May/2025:13:55:01 -0400] "GET /?o=7187118618902&channel=a96d18&from=jp.php%3Fid%3D186189-10108%26name%3D%E3%82%B7%E3%83%A3%E3%83%BC%E3%83%97+%E9%9B%BB%E8%A9%B1%E6%A9%9F+%E3%82%B3%E3%83%BC%E3%83%89%E3%83%AC%E3%82%B9+%E8%A6%AA%E6%A9%9F%E3%82%B3%E3%83%BC%E3%83%89%E3%83%AC%E3%82%B9+%E5%AD%90%E6%A9%9F1%E5%8F%B0+JD-G56CL HTTP/1.1" 200 52286 "-" "Mozilla/5.0 (Linux; Android 6.0.1; Nexus 5X Build/MMB29P) AppleWebKit/537.36 (KHTML, like Gecko) Chrome/135.0.7049.95 Mobile Safari/537.36 (compatible; Googlebot/2.1; +http://www.google.com/bot.html)"
66.249.73.130 - - [02/May/2025:13:55:03 -0400] "GET /?o=86389170968604&channel=60dee2&from=category-info.php%3Fid%3D1709686-11838%26name%3DBenboo+%E3%82%B3%E3%83%BC%E3%83%92%E3%83%BC%E3%83%AA%E3%82%BE%E3%83%BC%E3%83%88%E3%82%AA%E3%83%BC%E3%82%AC%E3%83%8A%E3%82%A4%E3%82%B6%E3%83%BC%E3%82%B5%E3%83%9D%E3%83%BC%E3%83%88%E3%83%A9%E3%83%83%E3%82%AF%E3%81%AE%E3%83%86%E3%83%BC%E3%83%96%E3%83%AB HTTP/1.1" 200 54221 "-" "Mozilla/5.0 (Linux; Android 6.0.1; Nexus 5X Build/MMB29P) AppleWebKit/537.36 (KHTML, like Gecko) Chrome/135.0.7049.95 Mobile Safari/537.36 (compatible; Googlebot/2.1; +http://www.google.com/bot.html)"
66.249.73.129 - - [02/May/2025:13:55:04 -0400] "GET /?o=18877193599305&channel=c2db08&from=article.php%3Fid%3D1935993-27770%26name%3D%E3%83%89%E3%83%BC%E3%83%AB%E3%83%88%E3%83%AB%E3%82%BD%E3%83%BC3%E5%80%8B+%E3%83%9B%E3%83%AF%E3%82%A4%E3%83%88%E3%80%80%E7%99%BD HTTP/1.1" 200 53189 "-" "Mozilla/5.0 (Linux; Android 6.0.1; Nexus 5X Build/MMB29P) AppleWebKit/537.36 (KHTML, like Gecko) Chrome/135.0.7049.95 Mobile Safari/537.36 (compatible; Googlebot/2.1; +http://www.google.com/bot.html)"
66.249.73.129 - - [02/May/2025:13:55:07 -0400] "GET /?o=1182188687803&channel=a53acf&from=category-info.php%3Fid%3D886878-61%26name%3DBAD+DEAL++%E3%83%9A%E3%82%A4%E3%83%B3%E3%83%88%E3%80%80%E3%83%87%E3%83%8B%E3%83%A0%E3%82%B3%E3%83%BC%E3%83%88 HTTP/1.1" 200 52334 "-" "Mozilla/5.0 (Linux; Android 6.0.1; Nexus 5X Build/MMB29P) AppleWebKit/537.36 (KHTML, like Gecko) Chrome/135.0.7049.95 Mobile Safari/537.36 (compatible; Googlebot/2.1; +http://www.google.com/bot.html)"
66.249.73.128 - - [02/May/2025:13:55:09 -0400] "GET /?o=9996636973906&channel=f11e2f&from=article.php%3Fid%3D369739-1220%26name%3DZippo+JR+%E6%9D%B1%E6%97%A5%E6%9C%AC%E3%82%B7%E3%83%AA%E3%83%BC%E3%82%BA+E653%E7%B3%BB+%E3%83%95%E3%83%AC%E3%83%83%E3%82%B7%E3%83%A5%E3%81%B2%E3%81%9F%E3%81%A1+%E6%9C%AA%E4%BD%BF%E7%94%A8%E5%93%81 HTTP/1.1" 200 54153 "-" "Mozilla/5.0 (Linux; Android 6.0.1; Nexus 5X Build/MMB29P) AppleWebKit/537.36 (KHTML, like Gecko) Chrome/135.0.7049.95 Mobile Safari/537.36 (compatible; Googlebot/2.1; +http://www.google.com/bot.html)"
66.249.73.128 - - [02/May/2025:13:55:12 -0400] "GET /?o=6051273242801&channel=caff93&from=brands.php%3Fid%3D732428-15590%26name%3D%E3%80%90%E4%BA%A4%E6%B8%89%E5%8F%AF%E3%80%91%E3%82%B9%E3%83%86%E3%83%B3%E3%83%AC%E3%82%B9%E8%A3%BD+%E5%8F%8E%E7%B4%8D%E4%BB%98%E3%81%8D.%E4%BD%9C%E6%A5%AD%E5%8F%B0.%E5%8E%A8%E6%88%BF%E6%A9%9F%E5%99%A8%E3%83%BB%E6%A5%AD%E5%8B%99%E7%94%A8 HTTP/1.1" 200 55540 "-" "Mozilla/5.0 (Linux; Android 6.0.1; Nexus 5X Build/MMB29P) AppleWebKit/537.36 (KHTML, like Gecko) Chrome/135.0.7049.95 Mobile Safari/537.36 (compatible; Googlebot/2.1; +http://www.google.com/bot.html)"
66.249.73.128 - - [02/May/2025:13:55:15 -0400] "GET /?o=73116183131403&channel=46c973&from=news.php%3Fid%3D1831314-29175%26name%3D%E3%82%B9%E3%83%9E%E3%83%9B%E3%82%AB%E3%83%BC%E3%83%89%E3%82%B1%E3%83%BC%E3%82%B9+3%E6%9E%9A%E5%8F%8E%E7%B4%8D+MagSafe%E5%AF%BE%E5%BF%9C%E3%82%AB%E3%83%BC%E3%83%89%E3%83%9B%E3%83%AB%E3%83%80%E3%83%BC+%E3%82%B9%E3%83%9E%E3%83%9B%E3%82%B9%E3%82%BF%E3%83%B3%E3%83%89 HTTP/1.1" 200 54494 "-" "Mozilla/5.0 (Linux; Android 6.0.1; Nexus 5X Build/MMB29P) AppleWebKit/537.36 (KHTML, like Gecko) Chrome/135.0.7049.95 Mobile Safari/537.36 (compatible; Googlebot/2.1; +http://www.google.com/bot.html)"
66.249.73.129 - - [02/May/2025:13:55:17 -0400] "GET /?o=88851189680601&channel=c9c13c&from=shop.php%3Fid%3D1896806-17358%26name%3D%E3%83%AA%E3%83%83%E3%83%81%E3%82%A7%E3%83%AB%E3%80%80%E8%A3%9C%E5%8A%A9%E4%BE%BF%E5%BA%A7%EF%BC%8B%E8%A3%9C%E5%8A%A9%E4%BE%BF%E5%BA%A7%E3%82%B9%E3%82%BF%E3%83%B3%E3%83%89%E3%82%BB%E3%83%83%E3%83%88 HTTP/1.1" 200 54128 "-" "Mozilla/5.0 (Linux; Android 6.0.1; Nexus 5X Build/MMB29P) AppleWebKit/537.36 (KHTML, like Gecko) Chrome/135.0.7049.95 Mobile Safari/537.36 (compatible; Googlebot/2.1; +http://www.google.com/bot.html)"
66.249.73.129 - - [02/May/2025:13:55:20 -0400] "GET /?o=97971148820902&channel=4da31d&from=form.php%3Fid%3D1488209-51%26name%3D%E3%83%94%E3%83%B3%E3%82%AD%E3%83%BC%E3%83%AA%E3%83%B3%E3%82%B0+18k+%E3%83%94%E3%83%B3%E3%82%AF%E3%82%B4%E3%83%BC%E3%83%AB%E3%83%89+%E3%83%AD%E3%83%BC%E3%82%BA%E3%82%AF%E3%82%A9%E3%83%BC%E3%83%84%EF%BC%8810%E6%9C%88%E8%AA%95%E7%94%9F%E7%9F%B3%EF%BC%89%EF%BC%86%E8%AA%95%E7%94%9F%E7%9F%B3%EF%BC%88%E3%83%AB%E3%83%93%E3%83%BC%E3%82%92%E3%81%8A%E5%A5%BD%E3%81%8D%E3%81%AA%E8%AA%95%E7%94%9F%E7%9F%B3%E3%81%AB%E3%82%A2%E3%83%AC%E3%83%B3%E3%82%B8%E5%8F%AF%EF%BC%89%E7%9F%B3+%E9%81%B8%E3%81%B9%E3%82%8B+%E3%83%AA%E3%83%B3%E3%82%B0+k18pg+%E3%83%9F%E3%83%8B%E3%83%AA%E3%83%B3%E3%82%B0%EF%BC%88%E6%8C%87%E8%BC%AA%EF%BC%89%E4%BB%98%E3%80%8C%E3%83%8F%E3%83%8B%E3%83%BC%E3%83%BB%E3%83%95%E3%83%AC%E3%83%B3%E3%83%89%E3%80%8D%E3%83%AA%E3%83%B3%E3%82%B0%E3%82%B5%E3%82%A4%E3%82%BA+0%E5%8F%B7+1%E5%8F%B7+2%E5%8F%B7+3%E5%8F%B7+4%E5%8F%B7+5%E5%8F%B7+6%E5%8F%B7%E3%81%8B%E3%82%899%E5%8F%B7%2F%E8%A3%BD%E9%80%A0%E3%82%AA%E3%83%BC%E3%83%80%E3%83%BC%E5%93%81%E3%80%80%E7%B4%8420%E6%97%A5%E9%96%93%E7%B4%8D%E6%9C%9F HTTP/1.1" 200 55515 "-" "Mozilla/5.0 (Linux; Android 6.0.1; Nexus 5X Build/MMB29P) AppleWebKit/537.36 (KHTML, like Gecko) Chrome/135.0.7049.95 Mobile Safari/537.36 (compatible; Googlebot/2.1; +http://www.google.com/bot.html)"
66.249.73.128 - - [02/May/2025:13:55:23 -0400] "GET /?o=61928187977800&channel=248eab&from=pin.php%3Fid%3D1879778-29561%26name%3D%E3%80%90%E9%A3%BE%E7%A3%A8%E5%BA%97%E3%80%91+%E4%B8%AD%E5%8F%A4+%E3%83%95%E3%82%A3%E3%82%AE%E3%83%A5%E3%82%A2+%E6%98%A0%E7%94%BB%E3%82%AF%E3%83%AC%E3%83%A8%E3%83%B3%E3%81%97%E3%82%93%E3%81%A1%E3%82%83%E3%82%93%E3%82%AA%E3%83%A9%E3%81%9F%E3%81%A1%E3%81%AE%E6%81%90%E7%AB%9C%E6%97%A5%E8%A8%98+%E9%87%8E%E5%8E%9F%E3%81%97%E3%82%93%E3%81%AE%E3%81%99%E3%81%91+%E6%81%90%E7%AB%9C%E3%82%B3%E3%82%B9%E3%83%97%E3%83%AC%E6%B0%B4%E8%89%B2+%E3%82%AB%E3%82%B9%E3%82%AB%E3%83%99%E9%98%B2%E8%A1%9B%E9%9A%8A%E3%83%95%E3%82%A3%E3%82%AE%E3%83%A5%E3%82%A2vol.1+2024%E5%B9%B4%E8%A3%BD+2713948+%E3%80%90701%E3%80%91 HTTP/1.1" 200 56359 "-" "Mozilla/5.0 (Linux; Android 6.0.1; Nexus 5X Build/MMB29P) AppleWebKit/537.36 (KHTML, like Gecko) Chrome/135.0.7049.95 Mobile Safari/537.36 (compatible; Googlebot/2.1; +http://www.google.com/bot.html)"
66.249.73.128 - - [02/May/2025:13:55:25 -0400] "GET /?o=55728173041101&channel=92e021&from=category-info.php%3Fid%3D1730411-27249%26name%3Dfm251-2%E2%97%862m%E2%97%86%E3%83%9D%E3%83%AA%E3%82%A8%E3%82%B9%E3%83%86%E3%83%AB%E3%83%91%E3%83%AF%E3%83%BC%E3%83%8D%E3%83%83%E3%83%88%E7%94%9F%E5%9C%B0%E2%97%86%E3%81%8F%E3%81%99%E3%81%BF%E3%82%B0%E3%83%AC%E3%83%BC%E2%97%86 HTTP/1.1" 200 54924 "-" "Mozilla/5.0 (Linux; Android 6.0.1; Nexus 5X Build/MMB29P) AppleWebKit/537.36 (KHTML, like Gecko) Chrome/135.0.7049.95 Mobile Safari/537.36 (compatible; Googlebot/2.1; +http://www.google.com/bot.html)"
66.249.73.128 - - [02/May/2025:13:55:27 -0400] "GET /?o=6112148640804&channel=ae2079&from=pin.php%3Fid%3D486408-4034%26name%3DUS+1987+AGORA+%E3%83%AC%E3%83%B3%E3%82%B6%E3%83%86%E3%82%A3%E3%83%83%E3%82%AF%E3%82%B3%E3%83%B3%E3%83%91%E3%82%B9%E3%80%80%E8%BB%8D%E7%94%A8%E3%82%B3%E3%83%B3%E3%83%91%E3%82%B9%E3%80%80P02-32 HTTP/1.1" 200 52643 "-" "Mozilla/5.0 (Linux; Android 6.0.1; Nexus 5X Build/MMB29P) AppleWebKit/537.36 (KHTML, like Gecko) Chrome/136.0.7103.59 Mobile Safari/537.36 (compatible; Googlebot/2.1; +http://www.google.com/bot.html)"
66.249.73.128 - - [02/May/2025:13:55:28 -0400] "GET /?o=9507648785001&channel=d648be&from=product.php%3Fid%3D487850-7966%26name%3DTOSHIBA+%E3%82%AA%E3%83%BC%E3%83%96%E3%83%B3%E3%83%AC%E3%83%B3%E3%82%B8%E3%80%80%E7%B4%B9%E4%BB%8B%E3%81%97%E3%81%BE%E3%81%99%E2%99%AA HTTP/1.1" 200 55413 "-" "Mozilla/5.0 (Linux; Android 6.0.1; Nexus 5X Build/MMB29P) AppleWebKit/537.36 (KHTML, like Gecko) Chrome/135.0.7049.95 Mobile Safari/537.36 (compatible; Googlebot/2.1; +http://www.google.com/bot.html)"
66.249.73.129 - - [02/May/2025:13:55:32 -0400] "GET /?o=2141733052001&channel=52532d&from=brands.php%3Fid%3D330520-2515%26name%3D%E3%80%90%E6%96%B0%E5%93%81%E6%9C%AA%E4%BD%BF%E7%94%A8%E5%93%81%E3%80%91%E3%83%A0%E3%83%BC%E3%83%93%E3%83%83%E3%82%AF+%E5%BC%8F%E6%B3%A2%E3%83%BB%E3%82%A2%E3%82%B9%E3%82%AB%E3%83%BB%E3%83%A9%E3%83%B3%E3%82%B0%E3%83%AC%E3%83%BC+%E3%83%B1%E3%83%B4%E3%82%A1%E3%83%B3%E3%82%B2%E3%83%AA%E3%83%B2%E3%83%B3%E6%96%B0%E5%8A%87%E5%A0%B4%E7%89%88%3AQ+%E3%82%A8%E3%83%B4%E3%82%A1%E3%83%B3%E3%82%B2%E3%83%AA%E3%82%AA%E3%83%B3%E5%B1%95%E3%82%B0%E3%83%83%E3%82%BA+%E3%83%B1%E3%83%B4%E3%82%A1%E3%83%B3%E3%82%B2%E3%83%AA%E3%83%B2%E3%83%B3 HTTP/1.1" 200 54071 "-" "Mozilla/5.0 (Linux; Android 6.0.1; Nexus 5X Build/MMB29P) AppleWebKit/537.36 (KHTML, like Gecko) Chrome/135.0.7049.95 Mobile Safari/537.36 (compatible; Googlebot/2.1; +http://www.google.com/bot.html)"
51.222.253.16 - - [02/May/2025:13:55:32 -0400] "GET /tag/angka-main-togel-toto-macau-16-00/ HTTP/1.1" 200 0 "-" "Mozilla/5.0 (compatible; AhrefsBot/7.0; +http://ahrefs.com/robot/)"
66.249.73.128 - - [02/May/2025:13:55:33 -0400] "GET /?o=82886188289000&channel=90c7a9&from=brands.php%3Fid%3D1882890-9247%26name%3DCOLEMAN+%E3%83%9B%E3%83%83%E3%83%88%E3%82%B5%E3%83%B3%E3%83%89%E3%82%A4%E3%83%83%E3%83%81%E3%82%AF%E3%83%83%E3%82%AB%E3%83%BC+170-9435 HTTP/1.1" 200 54001 "-" "Mozilla/5.0 (Linux; Android 6.0.1; Nexus 5X Build/MMB29P) AppleWebKit/537.36 (KHTML, like Gecko) Chrome/135.0.7049.95 Mobile Safari/537.36 (compatible; Googlebot/2.1; +http://www.google.com/bot.html)"
66.249.73.130 - - [02/May/2025:13:55:36 -0400] "GET /?o=36744108788900&channel=70f5d7&from=form.php%3Fid%3D1087889-12256%26name%3D%E3%83%8F%E3%83%A4%E3%83%9F+%E3%83%A2%E3%83%8B%E3%82%BF%E3%83%BC%E3%82%A2%E3%83%BC%E3%83%A0%E5%A3%81%E4%BB%98%E3%81%91%E3%82%BF%E3%82%A4%E3%83%97%EF%BC%BB%E3%80%9C43V%E5%9E%8B%E5%AF%BE%E5%BF%9C+%2F+%E5%B7%A6%E5%8F%B3%E9%A6%96%E6%8C%AF%E3%82%8A%EF%BC%BD+HAMILeX%28%E3%83%8F%E3%83%9F%E3%83%AC%E3%83%83%E3%82%AF%E3%82%B9%29+AR-W%E3%82%B7%E3%83%AA%E3%83%BC%E3%82%BA+AR-171W+%E8%BF%94%E5%93%81%E7%A8%AE%E5%88%A5A HTTP/1.1" 200 53384 "-" "Mozilla/5.0 (Linux; Android 6.0.1; Nexus 5X Build/MMB29P) AppleWebKit/537.36 (KHTML, like Gecko) Chrome/135.0.7049.95 Mobile Safari/537.36 (compatible; Googlebot/2.1; +http://www.google.com/bot.html)"
66.249.73.130 - - [02/May/2025:13:55:39 -0400] "GET /?o=30050139362802&channel=8cdc2d&from=pin.php%3Fid%3D1393628-24714%26name%3DRalondbey%E3%82%A8%E3%83%9D%E3%82%AD%E3%82%B7%E6%A8%B9%E8%84%82%E5%9E%8B+%E9%8B%B3%E9%80%A0%E7%94%A8%E6%A8%B9%E8%84%82%E3%82%B7%E3%83%AA%E3%82%B3%E3%83%B3%E5%9E%8B%E5%A4%9A%E7%9B%AE%E7%9A%84%E3%81%AB%E4%BD%BF%E3%81%88%E3%82%8B%E6%84%9B%E3%82%89%E3%81%97%E3%81%84%E8%81%96%E6%AF%8D%E3%83%9E%E3%83%AA%E3%82%A2%E3%81%AE%E4%B8%88%E5%A4%AB%E3%81%AA%E3%82%B7%E3%83%AA%E3%82%B3%E3%83%B3%E5%9E%8B%E3%80%82%E6%A8%B9%E8%84%82%E5%B7%A5%E8%8A%B8%E3%82%84%E7%9F%B3%E8%86%8F%E3%81%AE%E7%BD%AE%E7%89%A9%E3%80%81%E5%AE%B6%E5%BA%AD HTTP/1.1" 200 55083 "-" "Mozilla/5.0 (Linux; Android 6.0.1; Nexus 5X Build/MMB29P) AppleWebKit/537.36 (KHTML, like Gecko) Chrome/135.0.7049.95 Mobile Safari/537.36 (compatible; Googlebot/2.1; +http://www.google.com/bot.html)"
66.249.73.129 - - [02/May/2025:13:55:41 -0400] "GET /?o=25528143576202&channel=437b2f&from=jp.php%3Fid%3D1435762-2353%26name%3D%E3%83%91%E3%83%8A%E3%82%BD%E3%83%8B%E3%83%83%E3%82%AF%E3%80%80NP-TZ100-W%E3%80%80+%E9%A3%9F%E5%99%A8%E6%B4%97%E3%81%84%E4%B9%BE%E7%87%A5%E6%A9%9F%E3%80%80%E3%83%9B%E3%83%AF%E3%82%A4%E3%83%88 HTTP/1.1" 200 55964 "-" "Mozilla/5.0 (Linux; Android 6.0.1; Nexus 5X Build/MMB29P) AppleWebKit/537.36 (KHTML, like Gecko) Chrome/135.0.7049.95 Mobile Safari/537.36 (compatible; Googlebot/2.1; +http://www.google.com/bot.html)"
66.249.73.130 - - [02/May/2025:13:55:45 -0400] "GET /?o=09141101120700&channel=e1083c&from=info.php%3Fid%3D1011207-2058%26name%3DKaikai+Kiki+%C3%97+JBalvin+T%E3%82%B7%E3%83%A3%E3%83%84+Song+List+Tee HTTP/1.1" 200 55498 "-" "Mozilla/5.0 (Linux; Android 6.0.1; Nexus 5X Build/MMB29P) AppleWebKit/537.36 (KHTML, like Gecko) Chrome/135.0.7049.95 Mobile Safari/537.36 (compatible; Googlebot/2.1; +http://www.google.com/bot.html)"
66.249.73.130 - - [02/May/2025:13:55:59 -0400] "GET /?o=3292956930801&channel=316189&from=product.php%3Fid%3D569308-3051%26name%3Dnxnxmyy%E6%A7%98%E5%B0%82%E7%94%A8+%E3%83%91%E3%82%BA%E3%83%AB+%E3%82%B9%E3%83%AA%E3%83%A0+%E3%83%90%E3%82%A4%E3%83%95%E3%82%A9%E3%83%BC%E3%83%AB%E3%83%89+%E3%82%A6%E3%82%A9%E3%83%AC%E3%83%83%E3%83%88+%E6%8A%98%E3%82%8A%E8%B2%A1%E5%B8%83 HTTP/1.1" 200 54431 "-" "Mozilla/5.0 (Linux; Android 6.0.1; Nexus 5X Build/MMB29P) AppleWebKit/537.36 (KHTML, like Gecko) Chrome/135.0.7049.95 Mobile Safari/537.36 (compatible; Googlebot/2.1; +http://www.google.com/bot.html)"
66.249.73.130 - - [02/May/2025:13:56:07 -0400] "GET /?o=9315218511800&channel=a8456b&from=blog.php%3Fid%3D185118-10176%26name%3D%E9%AB%98%E7%94%B0%E6%98%8E%E7%BE%A9%E3%80%81%E3%80%90%E6%98%A5%E9%99%BD%E3%80%91%E3%80%81%E5%B8%8C%E5%B0%91%E3%81%AA%E9%A1%8D%E8%A3%85%E7%94%A8%E7%94%BB%E9%9B%86%E3%82%88%E3%82%8A%E3%80%81%E6%96%B0%E5%93%81%E9%A1%8D%E8%A3%85%E4%BB%98%E3%80%81%E7%8A%B6%E6%85%8B%E8%89%AF%E5%A5%BD%E3%80%81%E9%80%81%E6%96%99%E8%BE%BC%E3%81%BF HTTP/1.1" 200 54802 "-" "Mozilla/5.0 (Linux; Android 6.0.1; Nexus 5X Build/MMB29P) AppleWebKit/537.36 (KHTML, like Gecko) Chrome/135.0.7049.95 Mobile Safari/537.36 (compatible; Googlebot/2.1; +http://www.google.com/bot.html)"
66.249.73.130 - - [02/May/2025:13:56:08 -0400] "GET /?o=26027144051508&channel=81221e&from=shared.php%3Fid%3D1440515-4041%26name%3D%E3%83%86%E3%83%BC%E3%83%A9%E3%83%BC%E6%9D%B1%E6%B4%8B+%E3%82%B9%E3%82%AB%E3%82%B8%E3%83%A3%E3%83%B3+BLACK+EAGLE%C3%97JAPAN+MAP+%E9%B7%B2+%E5%9C%B0%E5%9B%B3+TAILOR+TOYO+TT15544-141 HTTP/1.1" 200 54681 "-" "Mozilla/5.0 (Linux; Android 6.0.1; Nexus 5X Build/MMB29P) AppleWebKit/537.36 (KHTML, like Gecko) Chrome/135.0.7049.95 Mobile Safari/537.36 (compatible; Googlebot/2.1; +http://www.google.com/bot.html)"
66.249.73.128 - - [02/May/2025:13:56:09 -0400] "GET /?o=32142131873300&channel=5a4dc9&from=product.php%3Fid%3D1318733-5635%26name%3D%E8%BB%BD%E9%87%8F+%E3%83%91%E3%83%83%E3%82%AB%E3%83%96%E3%83%AB+%E3%83%90%E3%83%83%E3%82%AF%E3%83%91%E3%83%83%E3%82%AF+%E5%8F%8E%E7%B4%8D%E3%83%9D%E3%83%BC%E3%83%81+%E3%83%A6%E3%83%8B+%E3%82%B9%E3%83%9D%E3%83%BC%E3%83%84+%E3%83%87%E3%82%A4%E3%83%91%E3%83%83%E3%82%AF+%E3%82%A2%E3%82%A6%E3%83%88%E3%83%89%E3%82%A2+%E6%97%85%E8%A1%8C+%E6%8A%98%E3%82%8A%E3%81%9F%E3%81%9F%E3%81%BF+%E3%82%B7%E3%83%A7%E3%83%AB%E3%83%80%E3%83%BC+%E3%83%90%E3%83%83%E3%82%B0+%E4%BD%BF%E3%81%84%E3%82%84%E3%81%99%E3%81%84 HTTP/1.1" 200 53447 "-" "Mozilla/5.0 (Linux; Android 6.0.1; Nexus 5X Build/MMB29P) AppleWebKit/537.36 (KHTML, like Gecko) Chrome/135.0.7049.95 Mobile Safari/537.36 (compatible; Googlebot/2.1; +http://www.google.com/bot.html)"
66.249.73.129 - - [02/May/2025:13:56:17 -0400] "GET /?o=44104100255006&channel=1b03d3&from=brands.php%3Fid%3D1002550-7194%26name%3D%E7%BE%8E%E5%93%81+K18YG+%E3%82%A4%E3%82%A8%E3%83%AD%E3%83%BC%E3%82%B4%E3%83%BC%E3%83%AB%E3%83%89+%E3%83%AA%E3%83%B3%E3%82%B0+%E6%8C%87%E8%BC%AA+%E3%82%B9%E3%82%BF%E3%83%BC%E3%82%B5%E3%83%95%E3%82%A1%E3%82%A4%E3%82%A2+11.80ct+%E3%83%80%E3%82%A4%E3%83%A4+1.64ct+%E3%80%901-0150238%E3%80%91 HTTP/1.1" 200 52862 "-" "Mozilla/5.0 (Linux; Android 6.0.1; Nexus 5X Build/MMB29P) AppleWebKit/537.36 (KHTML, like Gecko) Chrome/135.0.7049.95 Mobile Safari/537.36 (compatible; Googlebot/2.1; +http://www.google.com/bot.html)"
