66.249.73.128 - - [02/May/2025:14:23:01 -0400] "GET /?o=61997101171815&channel=90f523&from=category-info.php%3Fid%3D1011718-3440%26name%3D%E3%82%AB%E3%83%BC%E3%82%B4%E3%83%91%E3%83%B3%E3%83%84+ESERCITO-CRAGO%28%E3%82%A8%E3%82%B8%E3%83%AB%E3%83%81%E3%83%88+%E3%82%AB%E3%83%BC%E3%82%B4%29%E3%82%BF%E3%82%AF%E3%83%86%E3%82%A3%E3%82%AB%E3%83%AB+%E3%82%AB%E3%83%BC%E3%82%B4%E3%83%91%E3%83%B3%E3%83%84+%E3%83%A1%E3%83%B3%E3%82%BA+%E3%83%AC%E3%83%87%E3%82%A3%E3%83%BC%E3%82%B9 HTTP/1.1" 200 53242 "-" "Mozilla/5.0 (Linux; Android 6.0.1; Nexus 5X Build/MMB29P) AppleWebKit/537.36 (KHTML, like Gecko) Chrome/135.0.7049.95 Mobile Safari/537.36 (compatible; Googlebot/2.1; +http://www.google.com/bot.html)"
51.222.253.2 - - [02/May/2025:14:23:11 -0400] "GET /tag/jackpot-togel-singapore/page/2/ HTTP/1.1" 200 0 "-" "Mozilla/5.0 (compatible; AhrefsBot/7.0; +http://ahrefs.com/robot/)"
66.249.73.128 - - [02/May/2025:14:23:11 -0400] "GET /?o=90580123886901&channel=151fdc&from=brands.php%3Fid%3D1238869-21830%26name%3D%E3%82%AF%E3%83%AA%E3%82%B9%E3%83%9E%E3%82%B9%E3%83%8B%E3%83%83%E3%83%88%E3%82%B9%E3%83%88%E3%83%83%E3%82%AD%E3%83%B3%E3%82%B0%E3%83%9A%E3%83%B3%E3%83%80%E3%83%B3%E3%83%88%E3%82%AF%E3%83%AA%E3%82%B9%E3%83%9E%E3%82%B9%E3%81%AE%E6%9C%A8%E3%81%AE%E8%A3%85%E9%A3%BE%E5%85%85%E5%A1%AB%E3%81%95%E3%82%8C%E3%81%9F%E3%82%AD%E3%83%A3%E3%83%B3%E3%83%87%E3%82%A3%E3%83%BC%E3%82%AE%E3%83%95%E3%83%88%E5%8C%85%E3%82%80%E5%AD%90%E4%BE%9B%E3%81%AE%E3%82%AD%E3%83%A3%E3%83%B3%E3%83%87%E3%82%A3%E3%83%BC%E5%B1%8B%E5%86%85%E5%AE%B6%E6%97%8F HTTP/1.1" 200 53314 "-" "Mozilla/5.0 (Linux; Android 6.0.1; Nexus 5X Build/MMB29P) AppleWebKit/537.36 (KHTML, like Gecko) Chrome/135.0.7049.95 Mobile Safari/537.36 (compatible; Googlebot/2.1; +http://www.google.com/bot.html)"
66.249.73.128 - - [02/May/2025:14:23:33 -0400] "GET /?o=20287160455100&channel=79fcc1&from=product.php%3Fid%3D1604551-590%26name%3D%E3%80%90%E4%B8%AD%E5%8F%A4%E3%80%91Panasonic+%E3%83%96%E3%83%AB%E3%83%BC%E3%83%AC%E3%82%A4%E3%83%AC%E3%82%B3%E3%83%BC%E3%83%80%E3%83%BC+%E3%83%87%E3%82%A3%E3%83%BC%E3%82%AC+DMR-BX2030+%E3%83%AA%E3%83%A2%E3%82%B3%E3%83%B3%E3%81%AA%E3%81%97+%5B%E7%AE%A1%E7%90%86%3A1150025077%5D HTTP/1.1" 200 52552 "-" "Mozilla/5.0 (Linux; Android 6.0.1; Nexus 5X Build/MMB29P) AppleWebKit/537.36 (KHTML, like Gecko) Chrome/135.0.7049.95 Mobile Safari/537.36 (compatible; Googlebot/2.1; +http://www.google.com/bot.html)"
66.249.73.128 - - [02/May/2025:14:23:35 -0400] "GET /?o=9702938633011&channel=8dd174&from=news.php%3Fid%3D386330-5893%26name%3D%E3%82%A6%E3%83%83%E3%83%89%E3%83%87%E3%83%83%E3%82%AD60%E7%B3%BB+%E4%BA%BA%E5%B7%A5%E6%9C%A8%E8%A3%BD+%E7%B4%843.29%E5%B9%B3%E7%B1%B3+%5B6%E7%82%B9%E3%82%BB%E3%83%83%E3%83%88%5D+%E3%83%80%E3%83%BC%E3%82%AF%E3%83%96%E3%83%A9%E3%82%A6%E3%83%B3%E2%96%A0+60-6ddb+%E3%82%A2%E3%82%A4%E3%82%A6%E3%83%83%E3%83%89%E3%83%87%E3%83%83%E3%82%AD60%E7%B3%BB+A60D%7C%E7%9C%81%E3%82%B9%E3%83%9A%E3%83%BC%E3%82%B9+%E3%82%A6%E3%83%83%E3%83%89%E3%83%87%E3%83%83%E3%82%AD+%E4%BA%BA%E5%B7%A5%E6%9C%A8+%E7%BD%AE%E3%81%8F%E3%81%A0%E3%81%91%E3%83%87%E3%83%83%E3%82%AD+%E6%8E%83%E3%81%8D%E5%87%BA%E3%81%97%E7%AA%93+%E3%82%A2%E3%82%A6%E3%83%88%E3%83%89%E3%82%A2%E3%83%AA%E3%83%93%E3%83%B3%E3%82%B0+%E9%AB%98%E8%80%90%E5%80%99%E6%80%A7 HTTP/1.1" 200 55664 "-" "Mozilla/5.0 (Linux; Android 6.0.1; Nexus 5X Build/MMB29P) AppleWebKit/537.36 (KHTML, like Gecko) Chrome/135.0.7049.95 Mobile Safari/537.36 (compatible; Googlebot/2.1; +http://www.google.com/bot.html)"
66.249.73.128 - - [02/May/2025:14:23:38 -0400] "GET /?o=53770164291802&channel=62cad4&from=shared.php%3Fid%3D1642918-26773%26name%3D%E3%82%B3%E3%83%BC%E3%83%AB%E3%82%AA%E3%83%96%E3%83%87%E3%83%A5%E3%83%BC%E3%83%86%E3%82%A3%E3%83%A2%E3%83%80%E3%83%B3%E2%80%A2%E3%82%A6%E3%82%A9%E3%83%BC%E3%83%95%E3%82%A7%E3%82%A2III HTTP/1.1" 200 53213 "-" "Mozilla/5.0 (Linux; Android 6.0.1; Nexus 5X Build/MMB29P) AppleWebKit/537.36 (KHTML, like Gecko) Chrome/135.0.7049.95 Mobile Safari/537.36 (compatible; Googlebot/2.1; +http://www.google.com/bot.html)"
66.249.73.128 - - [02/May/2025:14:23:42 -0400] "GET /?o=73929179772007&channel=406fbe&from=brands.php%3Fid%3D1797720-1553%26name%3D%E3%80%90%E7%BE%8E%E5%93%81%E3%80%91%E3%83%AF%E3%82%A4%E3%83%AB%E3%83%89%E3%82%B9%E3%83%AF%E3%83%B3%E3%82%BA%E3%80%80%E3%82%BF%E3%83%B3%E3%82%B0%E3%80%80%E3%83%96%E3%83%AB%E3%82%B0%E3%83%AC%E3%82%A4%E3%83%B3%E3%83%AC%E3%82%B6%E3%83%BC%E3%80%80%E3%83%96%E3%83%A9%E3%83%83%E3%82%AF HTTP/1.1" 200 52168 "-" "Mozilla/5.0 (Linux; Android 6.0.1; Nexus 5X Build/MMB29P) AppleWebKit/537.36 (KHTML, like Gecko) Chrome/135.0.7049.95 Mobile Safari/537.36 (compatible; Googlebot/2.1; +http://www.google.com/bot.html)"
66.249.73.128 - - [02/May/2025:14:23:47 -0400] "GET /?o=42019140878302&channel=44a271&from=goods.php%3Fid%3D1408783-12970%26name%3D%E3%82%BF%E3%82%AB%E3%83%A9%E3%83%99%E3%83%AB%E3%83%A2%E3%83%B3%E3%83%88%E3%80%80%E3%82%B7%E3%83%A3%E3%83%B3%E3%83%97%E3%83%BC%E5%8F%B0 HTTP/1.1" 200 51957 "-" "Mozilla/5.0 (Linux; Android 6.0.1; Nexus 5X Build/MMB29P) AppleWebKit/537.36 (KHTML, like Gecko) Chrome/135.0.7049.95 Mobile Safari/537.36 (compatible; Googlebot/2.1; +http://www.google.com/bot.html)"
66.249.73.128 - - [02/May/2025:14:23:50 -0400] "GET /?o=7010024791502&channel=848665&from=news.php%3Fid%3D247915-11268%26name%3D%E3%82%B7%E3%83%A3%E3%83%88%E3%83%BC%E3%83%9E%E3%83%AB%E3%82%B4%E3%83%BC+1992+CHATEAU+MARGAUX HTTP/1.1" 200 54490 "-" "Mozilla/5.0 (Linux; Android 6.0.1; Nexus 5X Build/MMB29P) AppleWebKit/537.36 (KHTML, like Gecko) Chrome/135.0.7049.95 Mobile Safari/537.36 (compatible; Googlebot/2.1; +http://www.google.com/bot.html)"
66.249.73.129 - - [02/May/2025:14:23:52 -0400] "GET /?o=18990161960500&channel=2a62dd&from=product.php%3Fid%3D1619605-4144%26name%3D%E3%83%AD%E3%83%BC%E3%83%90%E3%83%BC%E3%83%9F%E3%83%8B+%E3%82%AF%E3%83%A9%E3%82%B7%E3%83%83%E3%82%AF%E3%83%9F%E3%83%8B%E7%94%A8+%E3%82%A2%E3%83%AC%E3%83%83%E3%82%AF+%E3%83%AA%E3%83%A4%E3%83%90%E3%83%B3%E3%83%91%E3%83%BC%E3%82%B9%E3%82%AB%E3%83%BC%E3%83%88 HTTP/1.1" 200 54244 "-" "Mozilla/5.0 (Linux; Android 6.0.1; Nexus 5X Build/MMB29P) AppleWebKit/537.36 (KHTML, like Gecko) Chrome/135.0.7049.95 Mobile Safari/537.36 (compatible; Googlebot/2.1; +http://www.google.com/bot.html)"
66.249.73.128 - - [02/May/2025:14:23:54 -0400] "GET /?o=0122017136003&channel=e1083c&from=form.php%3Fid%3D171360-2058%26name%3DTitanic+Promo+Tee+XL+%E3%82%BF%E3%82%A4%E3%82%BF%E3%83%8B%E3%83%83%E3%82%AF+%E9%BB%92+T%E3%82%B7%E3%83%A3%E3%83%84+%E3%83%A0%E3%83%BC%E3%83%93%E3%83%BCT HTTP/1.1" 200 53767 "-" "Mozilla/5.0 (Linux; Android 6.0.1; Nexus 5X Build/MMB29P) AppleWebKit/537.36 (KHTML, like Gecko) Chrome/135.0.7049.95 Mobile Safari/537.36 (compatible; Googlebot/2.1; +http://www.google.com/bot.html)"
66.249.73.128 - - [02/May/2025:14:23:58 -0400] "GET /?o=34101174144406&channel=e4626f&from=brands.php%3Fid%3D1741444-1799%26name%3D%E5%B8%8C%E5%B0%91%E7%BE%8E%E5%93%81%E3%80%80%E3%83%A2%E3%83%B3%E3%82%AD%E3%83%BC125+++%E3%82%AD%E3%82%B8%E3%83%9E%E3%80%80%E3%83%84%E3%83%BC%E3%83%AA%E3%83%B3%E3%82%B0%E3%82%BF%E3%82%A4%E3%83%97+%E3%82%B7%E3%83%BC%E3%83%88%E3%80%80%E3%83%96%E3%83%A9%E3%83%83%E3%82%AF HTTP/1.1" 200 52440 "-" "Mozilla/5.0 (Linux; Android 6.0.1; Nexus 5X Build/MMB29P) AppleWebKit/537.36 (KHTML, like Gecko) Chrome/135.0.7049.95 Mobile Safari/537.36 (compatible; Googlebot/2.1; +http://www.google.com/bot.html)"
66.249.73.129 - - [02/May/2025:14:24:01 -0400] "GET /?o=0028150704802&channel=8a94bf&from=blog.php%3Fid%3D507048-6930%26name%3D%E3%83%8F%E3%83%B3%E3%83%89%E3%83%9F%E3%82%B7%E3%83%B3+%E9%9B%BB%E5%8B%95%E3%83%8F%E3%83%B3%E3%83%87%E3%82%A3%E3%83%9F%E3%82%B7%E3%83%B3+%E8%A3%81%E7%B8%AB+%E9%81%93%E5%85%B7+%E6%89%8B%E8%8A%B8+%E8%B8%8F%E3%81%BE+%E5%B0%8F%E5%9E%8B+%E8%BB%BD%E9%87%8F+%E3%83%9D%E3%83%BC%E3%82%BF%E3%83%96%E3%83%AB+n HTTP/1.1" 200 51876 "-" "Mozilla/5.0 (Linux; Android 6.0.1; Nexus 5X Build/MMB29P) AppleWebKit/537.36 (KHTML, like Gecko) Chrome/135.0.7049.95 Mobile Safari/537.36 (compatible; Googlebot/2.1; +http://www.google.com/bot.html)"
66.249.73.128 - - [02/May/2025:14:24:11 -0400] "GET /?o=2006642647906&channel=bce19e&from=news.php%3Fid%3D426479-11985%26name%3D%E3%82%AF%E3%83%AA%E3%82%B9%E3%83%81%E3%83%A3%E3%83%B3%E3%83%87%E3%82%A3%E3%82%AA%E3%83%BC%E3%83%AB+%E3%83%87%E3%82%A3%E3%82%AA%E3%83%BC%E3%83%AB+%E3%83%84%E3%82%A4%E3%83%AA%E3%83%BC%E3%82%B9%E3%82%AB%E3%83%BC%E3%83%95+%E3%83%9F%E3%83%83%E3%83%84%E3%82%A1%E3%80%80%E3%82%B9%E3%82%AB%E3%83%BC%E3%83%95 HTTP/1.1" 200 53964 "-" "Mozilla/5.0 (Linux; Android 6.0.1; Nexus 5X Build/MMB29P) AppleWebKit/537.36 (KHTML, like Gecko) Chrome/135.0.7049.95 Mobile Safari/537.36 (compatible; Googlebot/2.1; +http://www.google.com/bot.html)"
51.222.253.3 - - [02/May/2025:14:24:18 -0400] "GET /tag/rumus-togel-singapore/page/2/ HTTP/1.1" 200 0 "-" "Mozilla/5.0 (compatible; AhrefsBot/7.0; +http://ahrefs.com/robot/)"
66.249.73.128 - - [02/May/2025:14:24:19 -0400] "GET /?o=80842148692805&channel=c17781&from=shared.php%3Fid%3D1486928-1796%26name%3D%E3%80%90ITALIAN+SHOEMAKERS%E3%80%91%E3%82%A8%E3%83%A9%E3%82%B9%E3%83%86%E3%82%A3%E3%83%83%E3%82%AF%E3%83%8F%E3%82%A4%E3%82%A6%E3%82%A8%E3%83%83%E3%82%B8%E3%82%B5%E3%83%B3%E3%83%80%E3%83%AB HTTP/1.1" 200 52007 "-" "Mozilla/5.0 (Linux; Android 6.0.1; Nexus 5X Build/MMB29P) AppleWebKit/537.36 (KHTML, like Gecko) Chrome/135.0.7049.95 Mobile Safari/537.36 (compatible; Googlebot/2.1; +http://www.google.com/bot.html)"
66.249.73.128 - - [02/May/2025:14:24:27 -0400] "GET /?o=98740137949301&channel=915b9e&from=article.php%3Fid%3D1379493-3717%26name%3DLargus%E8%BB%8A%E9%AB%98%E8%AA%BF%E3%80%90210%E7%B3%BB%E3%82%AB%E3%83%AD%E3%83%BC%E3%83%A9.50%E3%83%97%E3%83%AA%E3%82%A6%E3%82%B9%E3%80%91 HTTP/1.1" 200 52428 "-" "Mozilla/5.0 (Linux; Android 6.0.1; Nexus 5X Build/MMB29P) AppleWebKit/537.36 (KHTML, like Gecko) Chrome/135.0.7049.95 Mobile Safari/537.36 (compatible; Googlebot/2.1; +http://www.google.com/bot.html)"
66.249.73.128 - - [02/May/2025:14:24:30 -0400] "GET /?o=8047260202001&channel=239c05&from=pin.php%3Fid%3D602020-5338%26name%3D%E2%98%85SALE+%E3%80%904rb2251%E3%80%91%E3%82%A8%E3%83%AB%E3%83%A1%E3%82%B9+%E3%83%88%E3%83%BC%E3%83%88%E3%83%90%E3%83%83%E3%82%B0%2F%E3%83%88%E3%83%AD%E3%82%AB%E3%83%9B%E3%83%AA%E3%82%BE%E3%83%B3%E3%82%BF%E3%83%ABMM%2F%E3%82%AD%E3%83%A3%E3%83%B3%E3%83%90%E3%82%B9%2F%E3%83%96%E3%83%A9%E3%82%A6%E3%83%B3%2F%E3%82%B7%E3%83%AB%E3%83%90%E3%83%BC%E9%87%91%E5%85%B7+%E3%80%90%E4%B8%AD%E5%8F%A4%E3%80%91+%E3%83%AC%E3%83%87%E3%82%A3%E3%83%BC%E3%82%B9 HTTP/1.1" 200 52460 "-" "Mozilla/5.0 (Linux; Android 6.0.1; Nexus 5X Build/MMB29P) AppleWebKit/537.36 (KHTML, like Gecko) Chrome/135.0.7049.95 Mobile Safari/537.36 (compatible; Googlebot/2.1; +http://www.google.com/bot.html)"
66.249.73.128 - - [02/May/2025:14:24:32 -0400] "GET /?o=067619079105&channel=20f22e&from=pin.php%3Fid%3D90791-1572%26name%3D%E3%80%90HERMES%E3%80%91H%E3%82%A6%E3%82%A9%E3%83%83%E3%83%81%E3%80%80%E8%85%95%E6%99%82%E8%A8%88 HTTP/1.1" 200 54011 "-" "Mozilla/5.0 (Linux; Android 6.0.1; Nexus 5X Build/MMB29P) AppleWebKit/537.36 (KHTML, like Gecko) Chrome/135.0.7049.95 Mobile Safari/537.36 (compatible; Googlebot/2.1; +http://www.google.com/bot.html)"
66.249.73.128 - - [02/May/2025:14:24:35 -0400] "GET /?o=1832791516615&channel=c38c8f&from=news.php%3Fid%3D915166-1015%26name%3D%EF%BC%9C%E9%80%81%E6%96%99%E7%84%A1%E6%96%99%EF%BC%9E%E3%80%90PANDIESTA+JAPAN%E3%80%91%E2%80%9CNyandiesta%E2%80%9D+BIG+%E3%82%B7%E3%83%AB%E3%82%A8%E3%83%83%E3%83%88+%E5%8D%8A%E8%A2%96+ZIP+%E3%83%91%E3%83%BC%E3%82%AB%E3%83%BC+%EF%BD%9C+%E5%92%8C%E6%9F%84+%E5%8D%8A%E8%A2%96%E3%83%91%E3%83%BC%E3%82%AB%E3%83%BC+%E3%83%97%E3%83%AB%E3%82%AA%E3%83%BC%E3%83%90%E3%83%BC+%E9%80%9A%E8%B2%A9+%E6%98%A5+%E6%98%A5%E6%9C%8D+%E5%A4%8F+%E5%A4%8F%E6%9C%8D+%E3%83%A1%E3%83%B3%E3%82%BA+%E3%83%AC%E3%83%87%E3%82%A3%E3%83%BC%E3%82%B9+%E3%83%A6%E3%83%8B%E3%82%BB%E3%83%83%E3%82%AF%E3%82%B9+%E3%82%B0%E3%83%AC%E3%83%BC+%E9%BB%92+%E3%83%96%E3%83%A9%E3%83%83%E3%82%AF+S+M+L+XL+LL+2L+%E3%83%96%E3%83%A9%E3%83%B3%E3%83%89+%E3%83%91%E3%83%B3%E3%83%87%E3%82%A3%E3%82%A8%E3%82%B9%E3%82%BF+%E3%83%91%E3%83%B3%E3%83%80+%E6%B5%81%E5%84%80%E5%9C%A7%E6%90%BE HTTP/1.1" 200 54157 "-" "Mozilla/5.0 (Linux; Android 6.0.1; Nexus 5X Build/MMB29P) AppleWebKit/537.36 (KHTML, like Gecko) Chrome/135.0.7049.95 Mobile Safari/537.36 (compatible; Googlebot/2.1; +http://www.google.com/bot.html)"
66.249.73.129 - - [02/May/2025:14:24:38 -0400] "GET /?o=2532837258200&channel=63b06a&from=info.php%3Fid%3D372582-14786%26name%3DNintendo+Switch+Lite+%E3%82%BF%E3%83%BC%E3%82%B3%E3%82%A4%E3%82%BA+%E6%96%B0%E5%93%81%E6%9C%AA%E4%BD%BF%E7%94%A8 HTTP/1.1" 200 53719 "-" "Mozilla/5.0 (Linux; Android 6.0.1; Nexus 5X Build/MMB29P) AppleWebKit/537.36 (KHTML, like Gecko) Chrome/135.0.7049.95 Mobile Safari/537.36 (compatible; Googlebot/2.1; +http://www.google.com/bot.html)"
66.249.73.128 - - [02/May/2025:14:24:43 -0400] "GET /?o=8001790110401&channel=fd459c&from=form.php%3Fid%3D901104-1585%26name%3D%E3%83%9D%E3%83%AC%E3%83%BC%E3%83%8C%E3%80%80%E4%BA%BA%E6%B0%972way+%E3%82%B7%E3%83%A7%E3%83%AB%E3%83%80%E3%83%BC%E3%83%90%E3%83%83%E3%82%B0%E3%80%80%E3%83%8F%E3%83%B3%E3%83%89%E3%83%90%E3%83%83%E3%82%B0 HTTP/1.1" 200 54199 "-" "Mozilla/5.0 (Linux; Android 6.0.1; Nexus 5X Build/MMB29P) AppleWebKit/537.36 (KHTML, like Gecko) Chrome/136.0.7103.59 Mobile Safari/537.36 (compatible; Googlebot/2.1; +http://www.google.com/bot.html)"
66.249.73.128 - - [02/May/2025:14:24:44 -0400] "GET /?o=7625161581400&channel=e1d935&from=pin.php%3Fid%3D615814-5974%26name%3D%E3%81%B5%E3%82%8B%E3%81%95%E3%81%A8%E7%B4%8D%E7%A8%8E+%E3%82%B5%E3%83%B3%E3%82%B9%E3%83%99%E3%83%AA%E3%82%A2+7%E5%8F%B7+%E3%83%9B%E3%83%AF%E3%82%A4%E3%83%88%E9%99%B6%E5%99%A8%E9%89%A2+G%E3%82%BF%E3%82%A4%E3%83%97+%E9%AB%98%E3%81%95%3A%E7%B4%8470%E3%80%9C+90cm+%E5%9C%9F%E3%81%AE%E8%A1%A8%E9%9D%A2%EF%BC%9A%E3%82%A6%E3%83%83%E3%83%89%E3%83%81%E3%83%83%E3%83%97+%E3%80%90%E8%A6%B3%E8%91%89%E6%A4%8D%E7%89%A9+%E6%A4%8D%E7%89%A9+%E3%82%B5%E3%83%B3%E3%82%B9%E3%83%99%E3%83%AA%E3%82%A2+7%E5%8F%B7+%E9%89%A2%E4%BB%98+%E3%82%A4%E3%83%B3..+%E7%A6%8F%E5%B2%A1%E7%9C%8C%E7%AD%91%E5%89%8D%E7%94%BA HTTP/1.1" 200 55049 "-" "Mozilla/5.0 (Linux; Android 6.0.1; Nexus 5X Build/MMB29P) AppleWebKit/537.36 (KHTML, like Gecko) Chrome/135.0.7049.95 Mobile Safari/537.36 (compatible; Googlebot/2.1; +http://www.google.com/bot.html)"
40.77.167.77 - - [02/May/2025:14:24:50 -0400] "GET /?o=81408128234702&channel=9897fb&from=shop.php%3Fid%3D1282347-24478%26name%3D%E7%A0%82%E5%88%A9+%E4%BF%9D%E8%AD%B7%E6%9D%90+%E3%83%9E%E3%83%83%E3%83%88+%E5%9C%B0%E7%90%86%E3%82%B0%E3%83%AA%E3%83%83%E3%83%89%E5%8B%BE%E9%85%8D%E3%82%B0%E3%83%AA%E3%83%83%E3%83%89+%E7%A0%82%E9%98%B2%E3%80%81+%E9%AB%98%E3%81%95+5cm+%E3%81%AE%E3%83%89%E3%83%A9%E3%82%A4%E3%83%96%E3%82%A6%E3%82%A7%E3%82%A4+%E3%83%91%E3%82%B9%E3%82%A6%E3%82%A7%E3%82%A4+%E3%83%95%E3%82%A1%E3%82%A6%E3%83%B3%E3%83%87%E3%83%BC%E3%82%B7%E3%83%A7%E3%83%B3%2F%E7%BE%8E%E5%8C%96%E3%81%AE%E5%9C%B0%E9%9D%A2%E3%81%AE HTTP/1.1" 200 0 "-" "Mozilla/5.0 AppleWebKit/537.36 (KHTML, like Gecko; compatible; bingbot/2.0; +http://www.bing.com/bingbot.htm) Chrome/116.0.1938.76 Safari/537.36"
66.249.73.128 - - [02/May/2025:14:24:50 -0400] "GET /?o=19638124665002&channel=cd58e6&from=pin.php%3Fid%3D1246650-3069%26name%3D%E3%80%90%E7%B4%99%E3%82%B8%E3%83%A3%E3%82%B1%E3%83%83%E3%83%88%E3%80%91KISS+SHM-CD14%E3%82%BF%E3%82%A4%E3%83%88%E3%83%AB%E3%82%BB%E3%83%83%E3%83%88+%E7%89%B9%E5%85%B8BOX%E4%BB%98%E5%B1%9E HTTP/1.1" 200 52147 "-" "Mozilla/5.0 (Linux; Android 6.0.1; Nexus 5X Build/MMB29P) AppleWebKit/537.36 (KHTML, like Gecko) Chrome/135.0.7049.95 Mobile Safari/537.36 (compatible; Googlebot/2.1; +http://www.google.com/bot.html)"
66.249.73.129 - - [02/May/2025:14:24:53 -0400] "GET /?o=68852152734303&channel=f77789&from=info.php%3Fid%3D1527343-2285%26name%3D%E6%9C%80%E7%B5%82%E5%80%A4%E4%B8%8B%E3%81%92%EF%BC%81HYKE+%E3%83%95%E3%82%A1%E3%83%BC%E3%83%9E%E3%83%95%E3%83%A9%E3%83%BC+%E3%82%B7%E3%83%A7%E3%83%BC%E3%83%AB HTTP/1.1" 200 54060 "-" "Mozilla/5.0 (Linux; Android 6.0.1; Nexus 5X Build/MMB29P) AppleWebKit/537.36 (KHTML, like Gecko) Chrome/135.0.7049.95 Mobile Safari/537.36 (compatible; Googlebot/2.1; +http://www.google.com/bot.html)"
66.249.73.128 - - [02/May/2025:14:24:57 -0400] "GET /?o=02078163858404&channel=dbd6ad&from=shop.php%3Fid%3D1638584-26745%26name%3DORIC+%E7%B6%B1%E6%B8%A1%E3%82%8A%E4%B8%80%E8%BC%AA%E8%BB%8A%E3%81%8A%E3%82%82%E3%81%A1%E3%82%83%E3%80%81%E3%83%90%E3%83%A9%E3%83%B3%E3%82%B9%E8%B1%9A%E3%81%8A%E3%82%82%E3%81%A1%E3%82%83+%7C%E8%B1%9A%E4%B8%80%E8%BC%AA%E8%BB%8A%E3%83%90%E3%83%A9%E3%83%B3%E3%82%B9%E3%82%AB%E3%83%BC%E3%81%8A%E3%82%82%E3%81%A1%E3%82%83+%7C%E9%9D%A2%E7%99%BD%E3%81%84%E3%81%8A%E3%82%82%E3%81%A1%E3%82%83%E3%80%81%E3%82%B8%E3%83%A3%E3%82%A4%E3%83%AD%E3%82%B9%E3%82%B3%E3%83%BC%E3%83%97%E3%81%8A%E3%82%82%E3%81%A1%E3%82%83%E3%80%81%E3%82%A4%E3%83%B3 HTTP/1.1" 200 54739 "-" "Mozilla/5.0 (Linux; Android 6.0.1; Nexus 5X Build/MMB29P) AppleWebKit/537.36 (KHTML, like Gecko) Chrome/135.0.7049.95 Mobile Safari/537.36 (compatible; Googlebot/2.1; +http://www.google.com/bot.html)"
66.249.73.128 - - [02/May/2025:14:25:01 -0400] "GET /?o=96226105882304&channel=eb0cc3&from=shop.php%3Fid%3D1058823-7710%26name%3D%E4%B8%8A%E3%81%A0%E3%82%93%E3%81%98%E3%82%8A+%E4%B8%89%E6%9E%9A%E6%9D%BF+%E3%81%A0%E3%82%93%E3%81%98%E3%82%8A+%E3%83%9F%E3%83%8B%E3%81%A0%E3%82%93%E3%81%98%E3%82%8A+%E6%A8%A1%E5%9E%8B+%E5%BD%AB%E5%88%BB+%E5%B7%A5%E8%8A%B8%E5%93%81+%E7%A5%AD%E3%82%8A+%E6%BF%80%E5%AE%89+%E6%A0%BC%E5%AE%89+%E6%9C%80%E5%AE%89%E5%80%A4+%E5%AE%89%E3%81%84+1%E5%86%86%EF%BD%9E HTTP/1.1" 200 54273 "-" "Mozilla/5.0 (Linux; Android 6.0.1; Nexus 5X Build/MMB29P) AppleWebKit/537.36 (KHTML, like Gecko) Chrome/135.0.7049.95 Mobile Safari/537.36 (compatible; Googlebot/2.1; +http://www.google.com/bot.html)"
40.77.167.4 - - [02/May/2025:14:25:07 -0400] "GET /?o=06382160544100&channel=f501ab&from=shared.php%3Fid%3D1605441-947%26name%3D%E3%83%9D%E3%82%B1%E3%83%A2%E3%83%B3%E3%82%AB%E3%83%BC%E3%83%89+%E5%8D%9A%E5%A3%AB%E3%81%AE%E7%A0%94%E7%A9%B6+%E3%83%8A%E3%83%8A%E3%82%AB%E3%83%9E%E3%83%89%E5%8D%9A%E5%A3%AB+%E3%83%9F%E3%83%A9%E3%83%BC+%E3%82%AD%E3%83%A9+sN+023%2F024%E3%82%B9%E3%82%BF%E3%83%BC%E3%83%88%E3%83%87%E3%83%83%E3%82%AD100+%E3%82%B3%E3%83%AD%E3%82%B3%E3%83%AD%E3%82%B3%E3%83%9F%E3%83%83%E3%82%AFver. HTTP/1.1" 200 0 "-" "Mozilla/5.0 AppleWebKit/537.36 (KHTML, like Gecko; compatible; bingbot/2.0; +http://www.bing.com/bingbot.htm) Chrome/116.0.1938.76 Safari/537.36"
66.249.73.128 - - [02/May/2025:14:25:07 -0400] "GET /?o=8299181475001&channel=c7f65d&from=info.php%3Fid%3D814750-6050%26name%3D%E3%83%89%E3%82%AF%E3%82%BF%E3%83%BC%E3%83%9E%E3%83%BC%E3%83%81%E3%83%B3 HTTP/1.1" 200 53140 "-" "Mozilla/5.0 (Linux; Android 6.0.1; Nexus 5X Build/MMB29P) AppleWebKit/537.36 (KHTML, like Gecko) Chrome/135.0.7049.95 Mobile Safari/537.36 (compatible; Googlebot/2.1; +http://www.google.com/bot.html)"
51.222.253.1 - - [02/May/2025:14:25:22 -0400] "GET /tag/ramalan-togel-singapore-terkini/page/2/ HTTP/1.1" 200 0 "-" "Mozilla/5.0 (compatible; AhrefsBot/7.0; +http://ahrefs.com/robot/)"
66.249.73.128 - - [02/May/2025:14:25:39 -0400] "GET /?o=864495260012&channel=1328a8&from=goods.php%3Fid%3D52600-4269%26name%3DQonPET+2%E6%9E%9A%E3%82%BB%E3%83%83%E3%83%88+%E9%98%B2%E9%9F%B3+%E5%90%B8%E9%9F%B3%E6%9D%90+%E9%BB%92%E8%89%B2+%E6%96%AD%E7%86%B1%E3%80%80%E7%AA%93%E3%80%80%E7%B4%8490x80+%E3%83%91%E3%83%8D%E3%83%AB HTTP/1.1" 200 52223 "-" "Mozilla/5.0 (Linux; Android 6.0.1; Nexus 5X Build/MMB29P) AppleWebKit/537.36 (KHTML, like Gecko) Chrome/135.0.7049.95 Mobile Safari/537.36 (compatible; Googlebot/2.1; +http://www.google.com/bot.html)"
66.249.73.128 - - [02/May/2025:14:25:43 -0400] "GET /?o=80910191819602&channel=4383b9&from=brands.php%3Fid%3D1918196-29248%26name%3D%E3%82%B8%E3%83%A3%E3%83%B3%E3%83%99+%E3%83%89%E3%83%A9%E3%83%A0+%E6%89%93%E6%A5%BD%E5%99%A8+%E5%A4%AA%E9%BC%93+%E3%83%89%E3%83%A9%E3%83%A0%E3%82%B9%E3%83%88%E3%83%A9%E3%83%83%E3%82%AF HTTP/1.1" 200 53699 "-" "Mozilla/5.0 (Linux; Android 6.0.1; Nexus 5X Build/MMB29P) AppleWebKit/537.36 (KHTML, like Gecko) Chrome/135.0.7049.95 Mobile Safari/537.36 (compatible; Googlebot/2.1; +http://www.google.com/bot.html)"
66.249.73.128 - - [02/May/2025:14:25:48 -0400] "GET /?o=1191978829802&channel=714e49&from=shared.php%3Fid%3D788298-5024%26name%3D%E6%9D%B1%E6%B4%8B%E4%BD%90%E3%80%85%E6%9C%A8%E3%82%AC%E3%83%A9%E3%82%B9+%E3%83%AF%E3%82%A4%E3%83%B3%E3%82%B0%E3%83%A9%E3%82%B9+%E3%82%AF%E3%83%AA%E3%82%B9%E3%82%BF%E3%83%AB%E3%83%AF%E3%82%A4%E3%83%B3%E3%82%B0%E3%83%A9%E3%82%B9+%E3%82%AF%E3%83%AA%E3%82%B9%E3%82%BF%E3%83%AB%E3%83%AF%E3%82%A4%E3%83%B3%E3%82%B0%E3%83%A9%E3%82%B9%E3%82%BB%E3%83%83%E3%83%88+%E3%83%80%E3%82%A4%E3%83%A4%E3%83%A9%E3%82%A4%E3%83%B3+%E9%A3%9F%E6%B4%97%E6%A9%9F%E5%AF%BE%E5%BF%9C+%28%E3%82%B1%E3%83%BC%E3%82%B9%E8%B2%A9%E5%A3%B2%29+%E3%82%AF%E3%83%AA%E3%82%A2+300ml+24%E5%80%8B%E3%82%BB%E3%83%83%E3%83%88+RNZ3012 HTTP/1.1" 200 53894 "-" "Mozilla/5.0 (Linux; Android 6.0.1; Nexus 5X Build/MMB29P) AppleWebKit/537.36 (KHTML, like Gecko) Chrome/135.0.7049.95 Mobile Safari/537.36 (compatible; Googlebot/2.1; +http://www.google.com/bot.html)"
66.249.73.128 - - [02/May/2025:14:25:52 -0400] "GET /?o=2600842270803&channel=110c5b&from=shop.php%3Fid%3D422708-9984%26name%3D%E3%82%AA%E3%83%BC%E3%83%88%E3%83%90%E3%82%A4%E3%82%A2%E3%82%AF%E3%82%BB%E3%82%B5%E3%83%AA%E3%83%BC%E8%90%BD%E4%B8%8B%E4%BF%9D%E8%AD%B7%E3%83%95%E3%83%AD%E3%83%B3%E3%83%88%E3%83%95%E3%82%A7%E3%83%B3%E3%83%80%E3%83%BC%E3%82%B5%E3%82%A4%E3%83%89%E3%83%97%E3%83%AD%E3%83%86%E3%82%AF%E3%82%B7%E3%83%A7%E3%83%B3%E3%82%AC%E3%83%BC%E3%83%89%E3%83%9E%E3%83%83%E3%83%89%E3%82%AC%E3%83%BC%E3%83%89%E3%82%B9%E3%83%A9%E3%82%A4%E3%83%80%E3%83%BC+%E3%81%AB%E9%81%A9%E5%90%88%E3%81%99%E3%82%8B%E3%83%89%E3%82%A5%E3%82%AB%E3%83%86%E3%82%A3%E3%83%A2%E3%83%B3%E3%82%B9%E3%82%BF%E3%83%BC+C HTTP/1.1" 200 54478 "-" "Mozilla/5.0 (Linux; Android 6.0.1; Nexus 5X Build/MMB29P) AppleWebKit/537.36 (KHTML, like Gecko) Chrome/135.0.7049.95 Mobile Safari/537.36 (compatible; Googlebot/2.1; +http://www.google.com/bot.html)"
66.249.73.128 - - [02/May/2025:14:25:55 -0400] "GET /?o=3337125122001&channel=77c717&from=brands.php%3Fid%3D251220-7618%26name%3D%E3%82%A2%E3%83%A1%E3%83%AA%E3%82%AB%E8%A3%BD+Made+in+USA+Factory+Custom+%E3%82%A8%E3%83%9C%E3%83%8B%E3%83%BC%E3%83%99%E3%83%BC%E3%82%B9+%E3%82%A4%E3%83%B3%E3%83%AC%E3%82%A4+%E3%82%AD%E3%83%A5%E3%83%BC HTTP/1.1" 200 55871 "-" "Mozilla/5.0 (Linux; Android 6.0.1; Nexus 5X Build/MMB29P) AppleWebKit/537.36 (KHTML, like Gecko) Chrome/135.0.7049.95 Mobile Safari/537.36 (compatible; Googlebot/2.1; +http://www.google.com/bot.html)"
66.249.73.128 - - [02/May/2025:14:25:57 -0400] "GET /?o=7242884168502&channel=bc53a2&from=info.php%3Fid%3D841685-5251%26name%3Dyohji+yamamoto+POUR+HOMME+%E3%83%91%E3%83%83%E3%83%81%E3%83%AF%E3%83%BC%E3%82%AF%E3%83%91%E3%83%B3%E3%83%84 HTTP/1.1" 200 52293 "-" "Mozilla/5.0 (Linux; Android 6.0.1; Nexus 5X Build/MMB29P) AppleWebKit/537.36 (KHTML, like Gecko) Chrome/135.0.7049.95 Mobile Safari/537.36 (compatible; Googlebot/2.1; +http://www.google.com/bot.html)"
66.249.73.129 - - [02/May/2025:14:25:59 -0400] "GET /?o=2882039910200&channel=287635&from=info.php%3Fid%3D399102-15449%26name%3D%E4%BE%BF%E5%BA%A7%E3%82%AB%E3%83%90%E3%83%BC+%E4%BE%BF%E5%BA%A7%E3%82%B7%E3%83%BC%E3%83%88+O%E5%9E%8B+%E4%BD%BF%E3%81%84%E6%8D%A8%E3%81%A6+OPP+%E4%B8%8D%E7%B9%94%E5%B8%83+%E3%82%B4%E3%83%A0+%E3%81%97%E3%81%A3%E3%81%8B%E3%82%8A%E5%9B%BA%E5%AE%9A+%E3%81%9A%E3%82%8C%E3%81%AB%E3%81%8F%E3%81%84+%E6%92%A5%E6%B0%B4%E5%8A%A0%E5%B7%A5+%E8%82%8C%E3%81%AB%E5%84%AA%E3%81%97%E3%81%84+%E6%B0%B4%E3%82%92%E3%81%AF%E3%81%98%E3%81%8F+%E9%98%B2%E6%B0%B4%E6%80%A7+%E9%80%9A%E6%B0%97%E6%80%A7+%E9%98%B2%E6%B9%BF%E6%80%A7+%E9%98%B2%E8%8F%8C HTTP/1.1" 200 55288 "-" "Mozilla/5.0 (Linux; Android 6.0.1; Nexus 5X Build/MMB29P) AppleWebKit/537.36 (KHTML, like Gecko) Chrome/135.0.7049.95 Mobile Safari/537.36 (compatible; Googlebot/2.1; +http://www.google.com/bot.html)"
66.249.73.128 - - [02/May/2025:14:26:04 -0400] "GET /?o=7091199045403&channel=2b5768&from=product.php%3Fid%3D990454-4392%26name%3D%E3%80%90%E9%80%81%E6%96%99%E7%84%A1%E6%96%99%E3%80%91%E3%83%9F%E3%82%BA%E3%83%8E%E3%80%80%E3%82%A6%E3%82%A9%E3%83%BC%E3%83%A0%E3%82%A2%E3%83%83%E3%83%97%E4%B8%8A%E4%B8%8B%E3%82%BB%E3%83%83%E3%83%88%E3%80%94MIZUNO%E3%80%8032MC9120+32MD9120%E3%80%95%E2%80%BB%E3%82%B9%E3%83%AA%E3%83%A0%E3%83%95%E3%82%A3%E3%83%83%E3%83%88%EF%BC%88%E3%82%BF%E3%82%A4%E3%83%88%E3%82%B7%E3%83%AB%E3%82%A8%E3%83%83%E3%83%88%EF%BC%89 HTTP/1.1" 200 55586 "-" "Mozilla/5.0 (Linux; Android 6.0.1; Nexus 5X Build/MMB29P) AppleWebKit/537.36 (KHTML, like Gecko) Chrome/135.0.7049.95 Mobile Safari/537.36 (compatible; Googlebot/2.1; +http://www.google.com/bot.html)"
66.249.73.128 - - [02/May/2025:14:26:10 -0400] "GET /?o=0120914627205&channel=e9fc95&from=goods.php%3Fid%3D146272-1646%26name%3D%E2%97%86%E5%B8%8C%E5%B0%91%E5%93%81%E2%97%86%E3%83%89%E3%83%A9%E3%82%B4%E3%83%B3%E3%83%9C%E3%83%BC%E3%83%AB+DRAGONBALL%C3%97%E3%83%AF%E3%83%B3%E3%83%94%E3%83%BC%E3%82%B9+ONE+PIECE%E2%97%86%E5%A4%A2%E3%81%AE%E3%83%95%E3%83%A5%E3%83%BC%E3%82%B8%E3%83%A7%E3%83%B3%E3%83%95%E3%82%A3%E3%82%AE%E3%83%A5%E3%82%A2%E2%97%8610%E7%A8%AE%E3%82%BB%E3%83%83%E3%83%88%E2%97%86%E9%80%B1%E5%88%8A%E5%B0%91%E5%B9%B4%E3%82%B8%E3%83%A3%E3%83%B3%E3%83%9740%E5%91%A8%E5%B9%B4%E8%A8%98%E5%BF%B5 HTTP/1.1" 200 56338 "-" "Mozilla/5.0 (Linux; Android 6.0.1; Nexus 5X Build/MMB29P) AppleWebKit/537.36 (KHTML, like Gecko) Chrome/135.0.7049.95 Mobile Safari/537.36 (compatible; Googlebot/2.1; +http://www.google.com/bot.html)"
66.249.73.128 - - [02/May/2025:14:26:17 -0400] "GET /?o=5128381928203&channel=faadce&from=article.php%3Fid%3D819282-2098%26name%3DTUMI+GRAYSON+3way%E3%83%90%E3%83%83%E3%82%B0+%E3%83%93%E3%82%B8%E3%83%8D%E3%82%B9%E3%83%90%E3%83%83%E3%82%B0+2223398%E3%83%96%E3%83%A9%E3%83%83%E3%82%AF HTTP/1.1" 200 53313 "-" "Mozilla/5.0 (Linux; Android 6.0.1; Nexus 5X Build/MMB29P) AppleWebKit/537.36 (KHTML, like Gecko) Chrome/135.0.7049.95 Mobile Safari/537.36 (compatible; Googlebot/2.1; +http://www.google.com/bot.html)"
66.249.73.128 - - [02/May/2025:14:26:22 -0400] "GET /?o=09141190544800&channel=c7e95f&from=article.php%3Fid%3D1905448-14129%26name%3DMOBUTOFU+%E3%83%90%E3%82%B1%E3%83%84+%E6%B0%B4+%E5%8F%8E%E7%B4%8D+%E5%AE%B9%E5%99%A8+%E6%B0%B4+%E6%B0%B4%E5%B7%AE%E3%81%97+%E5%A4%A7%E5%9E%8B+%E6%B0%B4+%E6%B0%B4%E5%B7%AE%E3%81%97+%E3%83%9D%E3%83%BC%E3%82%BF%E3%83%96%E3%83%AB+%E3%82%A6%E3%82%A9%E3%83%BC%E3%82%BF%E3%83%BC+%E6%B0%B4+%E5%AE%B9%E5%99%A8+%E6%A0%93%E4%BB%98%E3%81%8D+%E6%B0%B4+%E5%AE%B9%E5%99%A8+%E6%B0%B4+%E6%B0%B4%E5%B7%AE HTTP/1.1" 200 54476 "-" "Mozilla/5.0 (Linux; Android 6.0.1; Nexus 5X Build/MMB29P) AppleWebKit/537.36 (KHTML, like Gecko) Chrome/135.0.7049.95 Mobile Safari/537.36 (compatible; Googlebot/2.1; +http://www.google.com/bot.html)"
51.222.253.14 - - [02/May/2025:14:26:24 -0400] "GET /tag/angka-main-togel-singapore/page/2/ HTTP/1.1" 200 0 "-" "Mozilla/5.0 (compatible; AhrefsBot/7.0; +http://ahrefs.com/robot/)"
66.249.73.128 - - [02/May/2025:14:26:29 -0400] "GET /?o=0097810236215&channel=14ee2a&from=info.php%3Fid%3D102362-1797%26name%3D%E3%82%AD%E3%83%AB%E3%83%88%E3%83%AA%E3%83%90%E3%83%BC%E3%82%B7%E3%83%96%E3%83%AB%E3%83%96%E3%83%AB%E3%82%BE%E3%83%B3+abahouse+mavie+%E3%82%A2%E3%83%90%E3%83%8F%E3%82%A6%E3%82%B9+%E3%83%9E%E3%83%B4%E3%82%A3+%E3%82%B8%E3%83%A3%E3%82%B1%E3%83%83%E3%83%88%E3%83%BB%E3%82%A2%E3%82%A6%E3%82%BF%E3%83%BC+%E3%83%96%E3%83%AB%E3%82%BE%E3%83%B3%E3%83%BB%E3%82%B8%E3%83%A3%E3%83%B3%E3%83%91%E3%83%BC+%E3%82%AB%E3%83%BC%E3%82%AD%E3%82%B0%E3%83%AA%E3%83%BC%E3%83%B3+%E3%83%96%E3%83%A9%E3%83%83%E3%82%AF+%E3%83%8D%E3%82%A4%E3%83%93%E3%83%BC+%E3%83%9B%E3%83%AF%E3%82%A4%E3%83%88%E3%80%90%E9%80%81%E6%96%99%E7%84%A1%E6%96%99%E3%80%91%5BRakuten+Fashion%5D HTTP/1.1" 200 56708 "-" "Mozilla/5.0 (Linux; Android 6.0.1; Nexus 5X Build/MMB29P) AppleWebKit/537.36 (KHTML, like Gecko) Chrome/135.0.7049.95 Mobile Safari/537.36 (compatible; Googlebot/2.1; +http://www.google.com/bot.html)"
66.249.73.128 - - [02/May/2025:14:26:33 -0400] "GET /?o=10880154814808&channel=2e849d&from=article.php%3Fid%3D1548148-2738%26name%3D%E6%8E%B2%E6%8F%9A%E8%A3%85%E7%BD%AE+%E6%8E%B2%E6%8F%9A%E8%A3%85%E7%BD%AE+%E3%82%A2%E3%83%AB%E3%83%9F3%E5%9E%8B+%E6%AD%A6%E8%80%85%E7%B5%B5+%E3%81%AE%E3%81%BC%E3%82%8A%E6%97%97%E7%94%A8++%E6%97%97%E3%82%92%E4%B8%8A%E3%81%92%E4%B8%8B%E3%81%92%E3%81%99%E3%82%8B%E6%8E%B2%E6%8F%9A%E5%99%A8%E5%85%B7+%E5%A4%A7%E5%B7%BE+%E3%83%A4%E3%83%BC%E3%83%AB%E5%B7%BE+%E4%B8%89%E5%B7%BE%E7%94%A8+%E5%85%BC%E7%94%A8+%E3%83%AD%E3%83%BC%E3%83%97+%E3%82%BB%E3%83%83%E3%83%88+%E5%B9%9F%E6%97%97 HTTP/1.1" 200 54550 "-" "Mozilla/5.0 (Linux; Android 6.0.1; Nexus 5X Build/MMB29P) AppleWebKit/537.36 (KHTML, like Gecko) Chrome/136.0.7103.59 Mobile Safari/537.36 (compatible; Googlebot/2.1; +http://www.google.com/bot.html)"
66.249.73.128 - - [02/May/2025:14:26:38 -0400] "GET /?o=7528757637606&channel=200746&from=goods.php%3Fid%3D576376-18219%26name%3D%E5%BB%BA%E7%AF%89%E5%AE%B6%E8%80%83%E6%A1%88%E3%81%A7%E7%94%BB%E6%9C%9F%E7%9A%84%21%EF%BC%81%E3%80%90%E3%81%AD%E3%81%93%E3%83%8F%E3%82%A6%E3%82%B9%E3%82%B7%E3%83%AA%E3%83%BC%E3%82%BA+%E5%9B%BD%E7%94%A3%E6%9D%89%E3%81%A8%E6%A1%A7+%E3%82%AD%E3%83%A3%E3%83%83%E3%83%88%E3%82%BF%E3%83%AF%E3%83%BC+%E5%A4%A9%E4%BA%95%E7%AA%81%E3%81%A3%E5%BC%B5%E3%82%8A%E5%A4%A9%E4%BA%95%E9%AB%98260cm%E3%81%BE%E3%81%A7+TYPE3%E9%BA%BB%E7%B4%90%E5%B7%BB%E3%81%8D%E6%9F%B1%E4%BB%95%E6%A7%98 HTTP/1.1" 200 54106 "-" "Mozilla/5.0 (Linux; Android 6.0.1; Nexus 5X Build/MMB29P) AppleWebKit/537.36 (KHTML, like Gecko) Chrome/135.0.7049.95 Mobile Safari/537.36 (compatible; Googlebot/2.1; +http://www.google.com/bot.html)"
66.249.73.129 - - [02/May/2025:14:26:41 -0400] "GET /?o=81451168352602&channel=f87717&from=info.php%3Fid%3D1683526-27297%26name%3D%E3%83%9F%E3%82%AB%E3%82%B5%28MIKASA%29+%E3%82%B9%E3%83%9E%E3%82%A4%E3%83%AB%E3%83%89%E3%83%83%E3%82%B8%E3%83%9C%E3%83%BC%E3%83%AB+2%E5%8F%B7+160%EF%BD%87+%E9%9D%92%2F%E9%BB%84%2F%E7%B7%91+SD20-YLG+%E6%8E%A8%E5%A5%A8%E5%86%85%E5%9C%A70.10%7E0.15%28kgf%2F%3F%29 HTTP/1.1" 200 52590 "-" "Mozilla/5.0 (Linux; Android 6.0.1; Nexus 5X Build/MMB29P) AppleWebKit/537.36 (KHTML, like Gecko) Chrome/135.0.7049.95 Mobile Safari/537.36 (compatible; Googlebot/2.1; +http://www.google.com/bot.html)"
66.249.73.129 - - [02/May/2025:14:26:47 -0400] "GET /?o=12300120768903&channel=1640c6&from=jp.php%3Fid%3D1207689-1641%26name%3D%E2%96%A0%E8%A6%B3%E5%BF%83%E3%83%BB%E6%99%82%E4%BB%A3%E6%97%A7%E8%94%B5%E2%96%A0C950%E6%98%8E%E6%99%82%E4%BB%A3+%E6%A5%A0%E6%9C%A8%E4%B8%89%E4%B8%96%E4%BB%8F+%E6%A5%A0%E6%9C%A8%E7%B4%B0%E5%B7%A5%E5%BD%AB%E5%88%BB%E2%98%85%E4%BB%8F%E6%95%99%E5%8F%A4%E7%BE%8E%E8%A1%93%E2%98%85%E4%BB%8F%E5%83%8F%E2%98%85%E7%B4%B0%E5%AF%86%E7%B4%B0%E5%B7%A5%E2%98%85%E5%BB%83%E5%AF%BA%E6%97%A7%E8%94%B5%E2%98%85%E5%BB%83%E5%AF%BA%E8%B2%B7%E5%87%BA%E5%93%81 HTTP/1.1" 200 53609 "-" "Mozilla/5.0 (Linux; Android 6.0.1; Nexus 5X Build/MMB29P) AppleWebKit/537.36 (KHTML, like Gecko) Chrome/135.0.7049.95 Mobile Safari/537.36 (compatible; Googlebot/2.1; +http://www.google.com/bot.html)"
66.249.73.129 - - [02/May/2025:14:26:50 -0400] "GET /?o=142303180113&channel=b00805&from=shop.php%3Fid%3D31801-862%26name%3D%E3%83%81%E3%82%A7%E3%82%B9%E3%82%BF%E3%83%BC%E3%82%B3%E3%83%BC%E3%83%88+%E3%83%AC%E3%83%87%E3%82%A3%E3%83%BC%E3%82%B9+%E3%82%AB%E3%82%B7%E3%83%9F%E3%82%A2+%E3%83%AD%E3%83%B3%E3%82%B0%E3%82%B3%E3%83%BC%E3%83%88+%E5%86%AC+%E3%83%99%E3%83%AB%E3%83%88%E4%BB%98%E3%81%8D+%E3%83%88%E3%83%AC%E3%83%B3%E3%83%81%E3%82%B3%E3%83%BC%E3%83%88+%E5%8E%9A%E6%89%8B+%E3%82%A6%E3%83%BC%E3%83%AB+%E5%86%AC+%E3%81%8A%E3%81%97%E3%82%83%E3%82%8C+%E3%83%AD%E3%83%B3%E3%82%B0%E3%82%B3%E3%83%BC%E3%83%88+%E3%83%93%E3%83%83%E3%82%B0%E3%82%B3%E3%83%BC%E3%83%88+%E3%83%9D%E3%82%B1%E3%83%83%E3%83%88%E4%BB%98%E3%81%8D+%E6%9A%96%E3%81%8B%E3%81%84 HTTP/1.1" 200 53191 "-" "Mozilla/5.0 (Linux; Android 6.0.1; Nexus 5X Build/MMB29P) AppleWebKit/537.36 (KHTML, like Gecko) Chrome/135.0.7049.95 Mobile Safari/537.36 (compatible; Googlebot/2.1; +http://www.google.com/bot.html)"
66.249.73.128 - - [02/May/2025:14:26:52 -0400] "GET /?o=1467860210901&channel=239c05&from=info.php%3Fid%3D602109-5338%26name%3D%E6%9C%AC%E7%89%A9+%E3%83%97%E3%83%A9%E3%83%80+PRADA+%E3%83%86%E3%82%B9%E3%83%BC%E3%83%88+%E5%88%BA%E7%B9%8D+%E3%83%88%E3%83%BC%E3%83%88%E3%83%90%E3%83%83%E3%82%B0+%E3%82%B7%E3%83%A7%E3%83%AB%E3%83%80%E3%83%BC%E3%83%90%E3%83%83%E3%82%B0+%E3%83%8A%E3%82%A4%E3%83%AD%E3%83%B3+%E3%83%96%E3%83%A9%E3%83%83%E3%82%AF+BR3171+Tessuto+%E3%83%90%E3%83%83%E3%82%B0+%E4%B8%AD%E5%8F%A4 HTTP/1.1" 200 53218 "-" "Mozilla/5.0 (Linux; Android 6.0.1; Nexus 5X Build/MMB29P) AppleWebKit/537.36 (KHTML, like Gecko) Chrome/135.0.7049.95 Mobile Safari/537.36 (compatible; Googlebot/2.1; +http://www.google.com/bot.html)"
66.249.73.128 - - [02/May/2025:14:26:58 -0400] "GET /?o=91408137128404&channel=143d04&from=brands.php%3Fid%3D1371284-22711%26name%3DCOLLBATH+%E3%83%9F%E3%83%AB%E3%82%AF%E3%82%AB%E3%83%83%E3%83%97+%E3%82%AB%E3%83%BC%E3%83%88%E3%83%B3+%E3%82%A8%E3%82%B9%E3%83%97%E3%83%AC%E3%83%83%E3%82%BD%E3%82%B3%E3%83%BC%E3%83%92%E3%83%BC+%E3%82%B7%E3%83%A7%E3%83%83%E3%83%88%E3%82%AB%E3%83%83%E3%83%97+%E3%82%BD%E3%83%BC%E3%82%B9%E3%83%94%E3%83%83%E3%83%81%E3%83%A3%E3%83%BC+%E3%83%A9%E3%83%86+smoothie+%E3%82%AC%E3%83%AC%E3%83%BC+s HTTP/1.1" 200 55011 "-" "Mozilla/5.0 (Linux; Android 6.0.1; Nexus 5X Build/MMB29P) AppleWebKit/537.36 (KHTML, like Gecko) Chrome/135.0.7049.95 Mobile Safari/537.36 (compatible; Googlebot/2.1; +http://www.google.com/bot.html)"
66.249.73.128 - - [02/May/2025:14:26:59 -0400] "GET /?o=77082151254413&channel=8f1245&from=news.php%3Fid%3D1512544-3173%26name%3D%E5%8C%97%E6%AC%A7%E9%A2%A8+%E3%83%91%E3%82%BD%E3%82%B3%E3%83%B3%E3%83%87%E3%82%B9%E3%82%AF%2F%E5%AD%A6%E7%BF%92%E6%9C%BA+%E3%80%90%E5%B9%85140%C3%97%E5%A5%A5%E8%A1%8C45cm+%E3%83%8A%E3%83%81%E3%83%A5%E3%83%A9%E3%83%AB%E3%80%91+%E6%9C%A8%E8%A3%BD+%E3%83%91%E3%82%A4%E3%83%B3%E6%9D%90+%E3%83%95%E3%82%A7%E3%83%AB%E3%83%88%E4%BB%98%E3%81%8D+%E3%80%94%E3%83%AA%E3%83%93%E3%83%B3%E3%82%B0+%E5%8B%89%E5%BC%B7%E9%83%A8%E5%B1%8B%E3%80%95 HTTP/1.1" 200 54842 "-" "Mozilla/5.0 (Linux; Android 6.0.1; Nexus 5X Build/MMB29P) AppleWebKit/537.36 (KHTML, like Gecko) Chrome/135.0.7049.95 Mobile Safari/537.36 (compatible; Googlebot/2.1; +http://www.google.com/bot.html)"
54.147.182.90 - - [02/May/2025:14:27:05 -0400] "GET /wp-includes__c454f3a/SimplePie/library/SimplePie/XML/Declaration/?MD HTTP/1.1" 200 821 "-" "Mozilla/5.0 AppleWebKit/537.36 (KHTML, like Gecko; compatible; Amazonbot/0.1; +https://developer.amazon.com/support/amazonbot) Chrome/119.0.6045.214 Safari/537.36"
66.249.73.129 - - [02/May/2025:14:27:06 -0400] "GET /?o=79671108365006&channel=625fc3&from=info.php%3Fid%3D1083650-3591%26name%3D%E3%83%94%E3%83%B3%E3%82%AF%E3%83%8F%E3%82%A6%E3%82%B9+%E3%83%81%E3%82%A7%E3%83%83%E3%82%AF%E6%9F%84+%E3%83%94%E3%82%B3%E3%83%95%E3%83%AA%E3%83%AB+%E3%83%AC%E3%83%BC%E3%82%B9+%E6%AE%B5%E3%80%85%E8%A2%AB%E3%81%9B+%E3%83%9F%E3%83%87%E3%82%A3%E4%B8%88+%E3%82%B9%E3%82%AB%E3%83%BC%E3%83%88 HTTP/1.1" 200 52409 "-" "Mozilla/5.0 (Linux; Android 6.0.1; Nexus 5X Build/MMB29P) AppleWebKit/537.36 (KHTML, like Gecko) Chrome/135.0.7049.95 Mobile Safari/537.36 (compatible; Googlebot/2.1; +http://www.google.com/bot.html)"
3.229.2.217 - - [02/May/2025:14:27:10 -0400] "GET /wp-includes__c454f3a/js/tinymce/plugins/colorpicker/?MD HTTP/1.1" 200 858 "-" "Mozilla/5.0 AppleWebKit/537.36 (KHTML, like Gecko; compatible; Amazonbot/0.1; +https://developer.amazon.com/support/amazonbot) Chrome/119.0.6045.214 Safari/537.36"
66.249.73.129 - - [02/May/2025:14:27:13 -0400] "GET /?o=2945092451400&channel=500186&from=shared.php%3Fid%3D924514-10408%26name%3D%E3%82%B8%E3%83%A5%E3%82%A8%E3%83%AA%E3%83%BC+%E3%82%AF%E3%83%AD%E3%83%A0%E3%83%80%E3%82%A4%E3%82%AA%E3%83%97%E3%82%B5%E3%82%A4%E3%83%89+%E3%83%80%E3%82%A4%E3%83%A4+%E3%83%96%E3%83%AD%E3%83%BC%E3%83%81+%E3%83%96%E3%83%AD%E3%83%BC%E3%83%81 HTTP/1.1" 200 54948 "-" "Mozilla/5.0 (Linux; Android 6.0.1; Nexus 5X Build/MMB29P) AppleWebKit/537.36 (KHTML, like Gecko) Chrome/135.0.7049.95 Mobile Safari/537.36 (compatible; Googlebot/2.1; +http://www.google.com/bot.html)"
66.249.73.128 - - [02/May/2025:14:27:17 -0400] "GET /?o=60212132926204&channel=49e10f&from=shop.php%3Fid%3D1329262-1852%26name%3D1%E7%9F%B3%E3%82%B5%E3%83%95%E3%82%A1%E3%82%A4%E3%83%A4%E3%81%AE%E9%AB%98%E8%B2%B4%E3%81%AA%E3%83%96%E3%83%AB%E3%83%BC%E3%82%92%E6%A5%BD%E3%81%97%E3%82%81%E3%82%8B%E3%82%B9%E3%82%BF%E3%83%83%E3%83%89%E3%83%94%E3%82%A2%E3%82%B9+K18YG HTTP/1.1" 200 53663 "-" "Mozilla/5.0 (Linux; Android 6.0.1; Nexus 5X Build/MMB29P) AppleWebKit/537.36 (KHTML, like Gecko) Chrome/135.0.7049.95 Mobile Safari/537.36 (compatible; Googlebot/2.1; +http://www.google.com/bot.html)"
51.222.253.17 - - [02/May/2025:14:27:22 -0400] "GET /tag/syair-togel-hongkong/page/2/ HTTP/1.1" 200 0 "-" "Mozilla/5.0 (compatible; AhrefsBot/7.0; +http://ahrefs.com/robot/)"
66.249.73.128 - - [02/May/2025:14:27:25 -0400] "GET /?o=677681676408&channel=39def3&from=info.php%3Fid%3D16764-113%26name%3D%E4%B8%AD%E5%8F%A4%E3%82%BF%E3%82%A4%E3%83%A4+%E3%82%B5%E3%83%9E%E3%83%BC%E3%82%BF%E3%82%A4%E3%83%A4+%E3%83%9B%E3%82%A4%E3%83%BC%E3%83%AB%E3%82%BB%E3%83%83%E3%83%88+4%E6%9C%AC%E3%82%BB%E3%83%83%E3%83%88+155%2F65R14++%E3%83%9B%E3%83%B3%E3%83%80%E7%B4%94%E6%AD%A3++14x4.5++100-4%E7%A9%B4+%E3%83%80%E3%83%B3%E3%83%AD%E3%83%83%E3%83%97+%E3%82%A8%E3%83%8A%E3%82%BB%E3%83%BC%E3%83%96+EC300 HTTP/1.1" 200 54864 "-" "Mozilla/5.0 (Linux; Android 6.0.1; Nexus 5X Build/MMB29P) AppleWebKit/537.36 (KHTML, like Gecko) Chrome/135.0.7049.95 Mobile Safari/537.36 (compatible; Googlebot/2.1; +http://www.google.com/bot.html)"
66.249.73.128 - - [02/May/2025:14:27:27 -0400] "GET /?o=82120118356401&channel=99fdc4&from=shared.php%3Fid%3D1183564-4396%26name%3D%E3%82%B3%E3%83%8A%E3%83%B3%E5%90%9B%E3%82%AF%E3%83%AA%E3%82%A2%E3%83%95%E3%82%A1%E3%82%A4%E3%83%AB HTTP/1.1" 200 53558 "-" "Mozilla/5.0 (Linux; Android 6.0.1; Nexus 5X Build/MMB29P) AppleWebKit/537.36 (KHTML, like Gecko) Chrome/135.0.7049.95 Mobile Safari/537.36 (compatible; Googlebot/2.1; +http://www.google.com/bot.html)"
66.249.73.128 - - [02/May/2025:14:27:31 -0400] "GET /?o=7520366149200&channel=f18da9&from=product.php%3Fid%3D661492-18426%26name%3DFOMIYES+3%E5%80%8B+%E5%AF%86%E9%96%89%E3%81%95%E3%82%8C%E3%81%9F%E5%A1%97%E6%96%99%E3%83%90%E3%82%B1%E3%83%84+%E5%B0%8F%E3%81%95%E3%81%AA%E5%A1%97%E6%96%99%E5%AE%B9%E5%99%A8+%E8%93%8B%E4%BB%98%E3%81%8D%E3%81%AE%E7%A9%BA%E3%81%AE%E3%83%9A%E3%83%B3%E3%82%AD+%E3%83%9D%E3%83%83%E3%83%88+%E3%81%B5%E3%81%9F%E4%BB%98%E3%81%8D%E3%81%AE%E7%A9%BA%E3%81%8D%E7%BC%B6+%E5%B0%8F%E3%81%95%E3%81%AA%E3%83%9A%E3%83%B3%E3%82%AD%E7%BC%B6+%E3%83%9F%E3%83%8B%E3%83%9A%E3%82%A4%E3%83%B3 HTTP/1.1" 200 53651 "-" "Mozilla/5.0 (Linux; Android 6.0.1; Nexus 5X Build/MMB29P) AppleWebKit/537.36 (KHTML, like Gecko) Chrome/135.0.7049.95 Mobile Safari/537.36 (compatible; Googlebot/2.1; +http://www.google.com/bot.html)"
66.249.73.128 - - [02/May/2025:14:27:37 -0400] "GET /?o=0971861615904&channel=316189&from=info.php%3Fid%3D616159-3051%26name%3D%E3%80%90%E6%96%B0%E5%93%81%E6%9C%AA%E4%BD%BF%E7%94%A8%E3%80%9101+%E3%82%B1%E3%82%A4%E3%83%88%E3%82%B9%E3%83%9A%E3%83%BC%E3%83%89+%E3%83%9F%E3%83%87%E3%82%A3%E3%82%A2%E3%83%A0+++%E4%BA%8C%E3%81%A4%E6%8A%98%E3%82%8A%E8%B2%A1%E5%B8%83++%E3%83%99%E3%83%BC%E3%82%B8%E3%83%A5 HTTP/1.1" 200 54006 "-" "Mozilla/5.0 (Linux; Android 6.0.1; Nexus 5X Build/MMB29P) AppleWebKit/537.36 (KHTML, like Gecko) Chrome/135.0.7049.95 Mobile Safari/537.36 (compatible; Googlebot/2.1; +http://www.google.com/bot.html)"
66.249.73.128 - - [02/May/2025:14:27:41 -0400] "GET /?o=99102131432602&channel=deed5b&from=info.php%3Fid%3D1314326-14895%26name%3D%E3%81%AB%E9%81%A9%E7%94%A8%E3%83%88%E3%83%A8%E3%82%BF+%E3%82%AB%E3%83%AD%E3%83%BC%E3%83%A9%E3%83%84%E3%83%BC%E3%83%AA%E3%83%B3%E3%82%B0+%E3%82%AB%E3%83%AD%E3%83%BC%E3%83%A9%E3%82%B9%E3%83%9D%E3%83%BC%E3%83%84+%E8%BB%8A%E3%81%AE%E3%82%B7%E3%83%A3%E3%83%BC%E3%82%AF%E3%83%95%E3%82%A3%E3%83%B3+%E3%82%A2%E3%83%B3%E3%83%86%E3%83%8A+%E3%83%AB%E3%83%BC%E3%83%95%E3%83%A9%E3%82%B8%E3%82%AA+AM%2FFM%E4%BF%A1%E5%8F%B7+%E3%83%AB%E3%83%BC%E3%83%95%E3%81%AE%E6%94%B9%E9%80%A0+%E3%82%A2%E3%83%B3%E3%83%86 HTTP/1.1" 200 54316 "-" "Mozilla/5.0 (Linux; Android 6.0.1; Nexus 5X Build/MMB29P) AppleWebKit/537.36 (KHTML, like Gecko) Chrome/135.0.7049.95 Mobile Safari/537.36 (compatible; Googlebot/2.1; +http://www.google.com/bot.html)"
66.249.73.128 - - [02/May/2025:14:27:48 -0400] "GET /?o=84580155624603&channel=f356a5&from=shared.php%3Fid%3D1556246-23737%26name%3DBEGELM+Long+Sweat+Pants HTTP/1.1" 200 53456 "-" "Mozilla/5.0 (Linux; Android 6.0.1; Nexus 5X Build/MMB29P) AppleWebKit/537.36 (KHTML, like Gecko) Chrome/135.0.7049.95 Mobile Safari/537.36 (compatible; Googlebot/2.1; +http://www.google.com/bot.html)"
66.249.73.128 - - [02/May/2025:14:27:51 -0400] "GET /?o=7759399826403&channel=25c7fa&from=form.php%3Fid%3D998264-5442%26name%3D%E3%81%B5%E3%82%8B%E3%81%95%E3%81%A8%E7%B4%8D%E7%A8%8E+%E6%B5%9C%E7%94%B0%E5%B8%82+%E6%B5%9C%E7%94%B0%E5%B8%82%E7%94%A3%E3%80%80%E3%82%B1%E3%83%B3%E3%83%9C%E3%83%AD%E3%83%BC%E8%8A%99%E8%93%89%E3%83%9D%E3%83%BC%E3%82%AF%E3%80%80%E3%81%97%E3%82%83%E3%81%B6%E3%81%97%E3%82%83%E3%81%B6%E7%94%A8+%E5%90%88%E8%A8%88900g%28%E3%83%AD%E3%83%BC%E3%82%B9%26%E3%83%90%E3%83%A9%E5%90%84450g%29 HTTP/1.1" 200 54706 "-" "Mozilla/5.0 (Linux; Android 6.0.1; Nexus 5X Build/MMB29P) AppleWebKit/537.36 (KHTML, like Gecko) Chrome/135.0.7049.95 Mobile Safari/537.36 (compatible; Googlebot/2.1; +http://www.google.com/bot.html)"
66.249.73.128 - - [02/May/2025:14:27:52 -0400] "GET /?o=19679181707000&channel=67d109&from=category-info.php%3Fid%3D1817070-2969%26name%3D%E3%83%91%E3%83%8A%E3%82%BD%E3%83%8B%E3%83%83%E3%82%AF+%E5%9F%8B%E8%BE%BC%E8%AA%BF%E5%85%89%E3%82%B9%E3%82%A4%E3%83%83%E3%83%81C+WTC57521F+%E3%81%BB%E3%81%9F%E3%82%8B%E3%82%B9%E3%82%A4%E3%83%83%E3%83%81C+%E5%B7%A5%E4%BA%8B%E5%BF%85%E8%A6%81 HTTP/1.1" 200 52668 "-" "Mozilla/5.0 (Linux; Android 6.0.1; Nexus 5X Build/MMB29P) AppleWebKit/537.36 (KHTML, like Gecko) Chrome/135.0.7049.95 Mobile Safari/537.36 (compatible; Googlebot/2.1; +http://www.google.com/bot.html)"
66.249.73.128 - - [02/May/2025:14:27:54 -0400] "GET /?o=51111170464702&channel=d3834b&from=blog.php%3Fid%3D1704647-24693%26name%3D5+%E5%80%8B%E9%98%B2%E6%B0%B4%E3%83%89%E3%83%A9%E3%82%A4%E3%83%90%E3%83%83%E3%82%B0%E3%83%AD%E3%83%BC%E3%83%AB%E3%83%88%E3%83%83%E3%83%97%E3%82%B5%E3%83%83%E3%82%AF%E8%BB%BD%E9%87%8F%E5%B1%8B%E5%A4%96%E3%83%89%E3%83%A9%E3%82%A4%E3%82%B5%E3%83%83%E3%82%AF%E6%97%85%E8%A1%8C%E3%83%9C%E3%83%BC%E3%83%88%E3%82%A6%E3%82%A9%E3%83%BC%E3%82%BF%E3%83%BC%E3%82%B9%E3%83%9D%E3%83%BC%E3%83%84%E7%94%A8%E7%B0%A1%E5%8D%98%E3%81%AB%E4%BD%BF%E7%94%A8 HTTP/1.1" 200 54888 "-" "Mozilla/5.0 (Linux; Android 6.0.1; Nexus 5X Build/MMB29P) AppleWebKit/537.36 (KHTML, like Gecko) Chrome/135.0.7049.95 Mobile Safari/537.36 (compatible; Googlebot/2.1; +http://www.google.com/bot.html)"
66.249.73.128 - - [02/May/2025:14:27:55 -0400] "GET /?o=8000814875002&channel=9dfa3b&from=shared.php%3Fid%3D148750-9007%26name%3D%E3%82%B9%E3%82%BA%E3%82%AD%E3%80%80%E3%83%AC%E3%83%83%E3%83%844 HTTP/1.1" 200 53795 "-" "Mozilla/5.0 (Linux; Android 6.0.1; Nexus 5X Build/MMB29P) AppleWebKit/537.36 (KHTML, like Gecko) Chrome/135.0.7049.95 Mobile Safari/537.36 (compatible; Googlebot/2.1; +http://www.google.com/bot.html)"
66.249.73.128 - - [02/May/2025:14:28:01 -0400] "GET /?o=3831681095803&channel=e6e2ff&from=category-info.php%3Fid%3D810958-3108%26name%3D%E3%82%BB%E3%82%AA%E3%83%AA%E3%83%BC%E3%83%AA%E3%83%A5%E3%82%AF%E3%82%B9+%E3%83%AC%E3%83%87%E3%82%A3%E3%83%BC%E3%82%B9%E3%83%91%E3%83%B3%E3%83%84%E3%82%B9%E3%83%BC%E3%83%84 HTTP/1.1" 200 54762 "-" "Mozilla/5.0 (Linux; Android 6.0.1; Nexus 5X Build/MMB29P) AppleWebKit/537.36 (KHTML, like Gecko) Chrome/136.0.7103.59 Mobile Safari/537.36 (compatible; Googlebot/2.1; +http://www.google.com/bot.html)"
66.249.73.128 - - [02/May/2025:14:28:13 -0400] "GET /?o=56168159006908&channel=e55874&from=category-info.php%3Fid%3D1590069-7387%26name%3D%E7%B5%90%E5%A9%9A%E6%8C%87%E8%BC%AA+%E5%AE%89%E3%81%84+%E3%83%97%E3%83%A9%E3%83%81%E3%83%8A+%E3%83%9E%E3%83%AA%E3%83%83%E3%82%B8%E3%83%AA%E3%83%B3%E3%82%B0+%E3%82%AA%E3%83%BC%E3%83%80%E3%83%BC HTTP/1.1" 200 55085 "-" "Mozilla/5.0 (Linux; Android 6.0.1; Nexus 5X Build/MMB29P) AppleWebKit/537.36 (KHTML, like Gecko) Chrome/135.0.7049.95 Mobile Safari/537.36 (compatible; Googlebot/2.1; +http://www.google.com/bot.html)"
66.249.73.129 - - [02/May/2025:14:28:16 -0400] "GET /?o=0955973026800&channel=1f7f3a&from=shared.php%3Fid%3D730268-5749%26name%3D%E3%82%A2%E3%83%94%E3%82%AA%2FAPIO+%E3%82%B5%E3%82%AF%E3%82%B7%E3%83%A7%E3%83%B3%E3%83%91%E3%82%A4%E3%83%97+%E5%93%81%E7%95%AA%EF%BC%9A2004-17+%E3%82%B9%E3%82%BA%E3%82%AD+%E3%82%B8%E3%83%A0%E3%83%8B%E3%83%BC%E3%82%B7%E3%82%A8%E3%83%A9+JB43+2%E5%9E%8B%E3%80%9C HTTP/1.1" 200 54669 "-" "Mozilla/5.0 (Linux; Android 6.0.1; Nexus 5X Build/MMB29P) AppleWebKit/537.36 (KHTML, like Gecko) Chrome/135.0.7049.95 Mobile Safari/537.36 (compatible; Googlebot/2.1; +http://www.google.com/bot.html)"
66.249.73.128 - - [02/May/2025:14:28:18 -0400] "GET /?o=05279146805400&channel=0981d4&from=shop.php%3Fid%3D1468054-19272%26name%3DBaldwin+6310.0004+%E3%83%A9%E3%83%83%E3%83%81%2F%E3%83%87%E3%83%83%E3%83%89%E3%83%9C%E3%83%AB%E3%83%88+%E3%82%A2%E3%83%BC%E3%83%9E%E3%83%BC%E3%83%89%E3%83%95%E3%83%AD%E3%83%B3%E3%83%88+6300%E3%82%B7%E3%83%AA%E3%83%BC%E3%82%BA+%E3%83%90%E3%83%83%E3%82%AF%E3%82%BB%E3%83%83%E3%83%88+%E3%82%B5%E3%83%86%E3%83%B3%E7%9C%9F%E9%8D%AE+%E3%83%96%E3%83%A9%E3%82%A6%E3%83%B3 HTTP/1.1" 200 54234 "-" "Mozilla/5.0 (Linux; Android 6.0.1; Nexus 5X Build/MMB29P) AppleWebKit/537.36 (KHTML, like Gecko) Chrome/135.0.7049.95 Mobile Safari/537.36 (compatible; Googlebot/2.1; +http://www.google.com/bot.html)"
66.249.73.128 - - [02/May/2025:14:28:21 -0400] "GET /?o=1090441056200&channel=7773a4&from=brands.php%3Fid%3D410562-15682%26name%3DSunnydaze+%E5%B1%8B%E5%86%85%2F%E5%B1%8B%E5%A4%96+%E9%81%AE%E5%85%89%E3%82%AB%E3%83%BC%E3%83%86%E3%83%B3+%E3%82%B0%E3%83%AD%E3%83%A1%E3%83%83%E3%83%88%E3%83%88%E3%83%83%E3%83%97+-+52%E3%82%A4%E3%83%B3%E3%83%81+x+84%E3%82%A4%E3%83%B3%E3%83%81+-+%E9%81%AE%E5%85%89%E7%94%9F%E5%9C%B0+-+%E6%B1%9A%E3%82%8C%E3%82%84%E8%89%B2%E3%81%82%E3%81%9B%E3%81%AB%E5%BC%B7%E3%81%84 HTTP/1.1" 200 55731 "-" "Mozilla/5.0 (Linux; Android 6.0.1; Nexus 5X Build/MMB29P) AppleWebKit/537.36 (KHTML, like Gecko) Chrome/135.0.7049.95 Mobile Safari/537.36 (compatible; Googlebot/2.1; +http://www.google.com/bot.html)"
51.222.253.14 - - [02/May/2025:14:28:24 -0400] "GET /tag/bocoran-jitu-sydney/page/2/ HTTP/1.1" 200 0 "-" "Mozilla/5.0 (compatible; AhrefsBot/7.0; +http://ahrefs.com/robot/)"
66.249.73.128 - - [02/May/2025:14:28:25 -0400] "GET /?o=3730237718401&channel=351b88&from=shop.php%3Fid%3D377184-6662%26name%3D200%E7%B3%BB%E3%83%8F%E3%82%A4%E3%82%A8%E3%83%BC%E3%82%B9%E3%80%80%E3%83%AA%E3%82%A2%E3%83%90%E3%83%B3%E3%83%91%E3%83%BC HTTP/1.1" 200 53562 "-" "Mozilla/5.0 (Linux; Android 6.0.1; Nexus 5X Build/MMB29P) AppleWebKit/537.36 (KHTML, like Gecko) Chrome/135.0.7049.95 Mobile Safari/537.36 (compatible; Googlebot/2.1; +http://www.google.com/bot.html)"
66.249.73.128 - - [02/May/2025:14:28:25 -0400] "GET /?o=179735609103&channel=316189&from=article.php%3Fid%3D56091-3051%26name%3D%E3%80%90COACH%E2%98%86%E6%96%B0%E5%93%81%E3%80%91%E3%83%93%E3%83%AB%E3%83%95%E3%82%A9%E3%83%BC%E3%83%AB%E3%83%89+%E3%82%A6%E3%82%A9%E3%83%AC%E3%83%83%E3%83%88%EF%BC%81%E6%8A%98%E3%82%8A%E8%B2%A1%E5%B8%83%EF%BC%81%E3%82%A4%E3%82%A8%E3%83%AD%E3%83%BC+%E3%82%B4%E3%83%BC%E3%83%AB%E3%83%89%EF%BC%81 HTTP/1.1" 200 55161 "-" "Mozilla/5.0 (Linux; Android 6.0.1; Nexus 5X Build/MMB29P) AppleWebKit/537.36 (KHTML, like Gecko) Chrome/135.0.7049.95 Mobile Safari/537.36 (compatible; Googlebot/2.1; +http://www.google.com/bot.html)"
40.77.167.4 - - [02/May/2025:14:28:27 -0400] "GET /?o=20288141956602&channel=54ee37&from=news.php%3Fid%3D1419566-6663%26name%3D%E3%82%AB%E3%83%AD%E3%83%83%E3%83%84%E3%82%A7%E3%83%AA%E3%82%A2%E3%80%80%E6%A5%BD%E3%83%8A%E3%83%93%E3%80%80AVIC-RW111%E3%80%80%E3%83%81%E3%83%A5%E3%83%BC%E3%83%8A%E3%83%BC%E3%83%AC%E3%82%B9 HTTP/1.1" 200 0 "-" "Mozilla/5.0 AppleWebKit/537.36 (KHTML, like Gecko; compatible; bingbot/2.0; +http://www.bing.com/bingbot.htm) Chrome/116.0.1938.76 Safari/537.36"
66.249.73.129 - - [02/May/2025:14:28:30 -0400] "GET /?o=969822093102&channel=a11dd3&from=shop.php%3Fid%3D20931-83%26name%3D%E3%83%AD%E3%83%BC%E3%83%90%E3%83%BC+MINI+%E3%83%9F%E3%83%8B+%E3%82%AF%E3%83%AA%E3%82%A2+%E3%83%86%E3%83%BC%E3%83%AB+%E3%83%A9%E3%82%A4%E3%83%88+%E3%83%AC%E3%83%B3%E3%82%BA+%E3%83%AA%E3%82%A2+4+pcs+%E6%A2%B1%E5%8C%85%E3%82%B5%E3%82%A4%E3%82%BA60 HTTP/1.1" 200 53509 "-" "Mozilla/5.0 (Linux; Android 6.0.1; Nexus 5X Build/MMB29P) AppleWebKit/537.36 (KHTML, like Gecko) Chrome/135.0.7049.95 Mobile Safari/537.36 (compatible; Googlebot/2.1; +http://www.google.com/bot.html)"
66.249.73.128 - - [02/May/2025:14:28:31 -0400] "GET /?o=29719103604011&channel=af6569&from=shop.php%3Fid%3D1036040-643%26name%3D%E3%82%BF%E3%82%AB%E3%83%A9%E3%83%88%E3%83%9F%E3%83%BC+%E3%83%88%E3%83%9F%E3%82%AB+No.98+%E5%A4%A7%E5%9E%8B%E4%BA%BA%E5%93%A1%E8%BC%B8%E9%80%81%E8%BB%8A+%E7%AE%B1+%E3%83%88%E3%83%9F%E3%82%AB%E3%82%B7%E3%83%AA%E3%83%BC%E3%82%BA+++%E3%83%9F%E3%83%8B%E3%82%AB%E3%83%BC HTTP/1.1" 200 53450 "-" "Mozilla/5.0 (Linux; Android 6.0.1; Nexus 5X Build/MMB29P) AppleWebKit/537.36 (KHTML, like Gecko) Chrome/135.0.7049.95 Mobile Safari/537.36 (compatible; Googlebot/2.1; +http://www.google.com/bot.html)"
