66.249.73.128 - - [29/Apr/2025:12:50:31 -0400] "GET /?o=41620119007600&channel=9f43ab&from=pin.php%3Fid%3D1190076-15136%26name%3D%E3%83%AC%E3%83%9A%E3%83%83%E3%83%88%E3%80%80%E3%83%90%E3%83%AC%E3%83%BC%E3%82%B7%E3%83%A5%E3%83%BC%E3%82%BA HTTP/1.1" 200 54108 "-" "Mozilla/5.0 (Linux; Android 6.0.1; Nexus 5X Build/MMB29P) AppleWebKit/537.36 (KHTML, like Gecko) Chrome/135.0.7049.95 Mobile Safari/537.36 (compatible; Googlebot/2.1; +http://www.google.com/bot.html)"
66.249.73.128 - - [29/Apr/2025:12:50:51 -0400] "GET /?o=69152191932901&channel=5d9255&from=form.php%3Fid%3D1919329-17327%26name%3D%E5%A4%A7%E5%AE%B9%E9%87%8F%E3%82%AF%E3%83%BC%E3%83%A9%E3%83%BC%E3%83%90%E3%83%83%E3%82%B0%E6%96%AD%E7%86%B1%E3%83%90%E3%83%83%E3%82%AF%E3%83%91%E3%83%83%E3%82%AF%E5%B1%8B%E5%A4%96%E3%82%AD%E3%83%A3%E3%83%B3%E3%83%97%E7%94%A8%E3%83%94%E3%82%AF%E3%83%8B%E3%83%83%E3%82%AF%E3%83%8F%E3%82%A4%E3%82%AD%E3%83%B3%E3%82%B0%E3%83%93%E3%83%BC%E3%83%81%E3%83%89%E3%83%AA%E3%83%B3%E3%82%AF%E7%94%A8%E3%82%B3%E3%83%BC%E3%83%AB%E3%83%89%E3%83%90%E3%83%83%E3%82%AF%E3%83%91%E3%83%83%E3%82%AF HTTP/1.1" 200 52966 "-" "Mozilla/5.0 (Linux; Android 6.0.1; Nexus 5X Build/MMB29P) AppleWebKit/537.36 (KHTML, like Gecko) Chrome/135.0.7049.95 Mobile Safari/537.36 (compatible; Googlebot/2.1; +http://www.google.com/bot.html)"
66.249.73.129 - - [29/Apr/2025:12:51:06 -0400] "GET /?o=2670788331304&channel=49e10f&from=shared.php%3Fid%3D883313-1852%26name%3D%E3%83%96%E3%83%AB%E3%82%AC%E3%83%AA+BVLGARI+%E3%83%94%E3%82%A2%E3%82%B9+B-zero1+%E3%83%93%E3%83%BC%E3%82%BC%E3%83%AD%E3%83%AF%E3%83%B3+%E3%82%A8%E3%83%AC%E3%83%A1%E3%83%B3%E3%83%88+%E3%82%B9%E3%82%A6%E3%82%A3%E3%83%B3%E3%82%B0+%E3%83%89%E3%83%AD%E3%83%83%E3%83%97+2%E3%83%9D%E3%82%A4%E3%83%B3%E3%83%88+%E3%83%80%E3%82%A4%E3%83%A4%E3%83%A2%E3%83%B3%E3%83%89+K18WG+%E3%80%90%E4%B8%AD%E5%8F%A4%E3%80%91 HTTP/1.1" 200 52640 "-" "Mozilla/5.0 (Linux; Android 6.0.1; Nexus 5X Build/MMB29P) AppleWebKit/537.36 (KHTML, like Gecko) Chrome/135.0.7049.114 Mobile Safari/537.36 (compatible; Googlebot/2.1; +http://www.google.com/bot.html)"
66.249.73.128 - - [29/Apr/2025:12:51:17 -0400] "GET /?o=2247998098600&channel=ec42f1&from=shared.php%3Fid%3D980986-9653%26name%3D2%2F25%E3%81%95%E3%82%89%E3%81%AB%2B21%E5%80%8D+%E3%82%BB%E3%82%A4%E3%82%B3%E3%83%BC+%E3%82%B9%E3%83%88%E3%83%83%E3%83%97%E3%82%A6%E3%82%A9%E3%83%83%E3%83%81+%E3%82%B7%E3%82%B9%E3%83%86%E3%83%A0%E3%83%97%E3%83%AA%E3%83%B3%E3%82%BF%E3%83%BC+%E9%99%B8%E4%B8%8A%E7%AB%B6%E6%8A%80+%E6%97%A5%E6%9C%AC%E8%A3%BD+%E3%83%87%E3%82%B8%E3%82%BF%E3%83%AB+%E3%82%B0%E3%83%AC%E3%83%BC+SVAS011+SEIKO+STOPWATCH+%E8%A8%98%E5%BF%B5%E5%93%81+%E3%83%97%E3%83%AC%E3%82%BC%E3%83%B3%E3%83%88+%E3%82%AE%E3%83%95%E3%83%88 HTTP/1.1" 200 52967 "-" "Mozilla/5.0 (Linux; Android 6.0.1; Nexus 5X Build/MMB29P) AppleWebKit/537.36 (KHTML, like Gecko) Chrome/135.0.7049.114 Mobile Safari/537.36 (compatible; Googlebot/2.1; +http://www.google.com/bot.html)"
66.249.73.129 - - [29/Apr/2025:12:51:20 -0400] "GET /?o=06210191479403&channel=4da45d&from=goods.php%3Fid%3D1914794-29863%26name%3D%E3%83%95%E3%83%BC%E3%83%89%E3%83%80%E3%83%B3%E3%83%91%E3%83%BC+2%E5%80%8B+%E8%BB%8A%E7%94%A8%E3%83%95%E3%83%AD%E3%83%B3%E3%83%88%E3%82%AC%E3%82%B9%E3%82%B7%E3%83%A7%E3%83%83%E3%82%AF+%E3%83%95%E3%83%BC%E3%83%89%E3%82%B7%E3%83%A7%E3%83%83%E3%82%AF+%E3%82%B9%E3%83%88%E3%83%A9%E3%83%83%E3%83%88%E3%83%80%E3%83%B3%E3%83%91%E3%83%BC+%E3%83%AA%E3%83%95%E3%83%88%E3%82%B5%E3%83%9D%E3%83%BC%E3%83%88+%E3%82%AA%E3%82%AF%E3%82%BF%E3%83%93%E3%82%A2+A7+MK3+201 HTTP/1.1" 200 53330 "-" "Mozilla/5.0 (Linux; Android 6.0.1; Nexus 5X Build/MMB29P) AppleWebKit/537.36 (KHTML, like Gecko) Chrome/135.0.7049.95 Mobile Safari/537.36 (compatible; Googlebot/2.1; +http://www.google.com/bot.html)"
66.249.73.128 - - [29/Apr/2025:12:51:21 -0400] "GET /?o=1577362281805&channel=663a11&from=shared.php%3Fid%3D622818-4248%26name%3DPupukea+%E3%82%A6%E3%82%AF%E3%83%AC%E3%83%ACIUF-C40-KOA%2F01+%E3%82%AA%E3%83%BC%E3%83%AB%E5%8D%98%E6%9D%BF HTTP/1.1" 200 52633 "-" "Mozilla/5.0 (Linux; Android 6.0.1; Nexus 5X Build/MMB29P) AppleWebKit/537.36 (KHTML, like Gecko) Chrome/135.0.7049.95 Mobile Safari/537.36 (compatible; Googlebot/2.1; +http://www.google.com/bot.html)"
66.249.73.128 - - [29/Apr/2025:12:51:37 -0400] "GET /?o=9489843840009&channel=122859&from=form.php%3Fid%3D438400-7568%26name%3DTRIO+TR-1300+%26+VL-1300%E3%80%80+%E3%82%B8%E3%83%A3%E3%83%B3%E3%82%AF%E6%89%B1%E3%81%84%E3%80%80%E5%8B%95%E4%BD%9C%E6%9C%AA%E7%A2%BA%E8%AA%8D HTTP/1.1" 200 54219 "-" "Mozilla/5.0 (Linux; Android 6.0.1; Nexus 5X Build/MMB29P) AppleWebKit/537.36 (KHTML, like Gecko) Chrome/135.0.7049.95 Mobile Safari/537.36 (compatible; Googlebot/2.1; +http://www.google.com/bot.html)"
212.8.248.108 - - [29/Apr/2025:12:52:01 -0400] "GET / HTTP/1.0" 200 0 "-" "Mozilla/5.0 (Windows NT 10.0; Win64; x64) AppleWebKit/537.36 (KHTML, like Gecko) Chrome/118.0.0.0 Safari/537.36"
66.249.73.128 - - [29/Apr/2025:12:52:06 -0400] "GET /?o=6178725973401&channel=af37aa&from=category-info.php%3Fid%3D259734-1094%26name%3D%E3%80%90%E4%B8%AD%E5%8F%A4%E3%80%91+%E3%82%A2%E3%83%A1%E3%82%B8%E3%82%B9%E3%83%88+%E3%83%80%E3%82%A4%E3%83%A4%E3%83%A2%E3%83%B3%E3%83%89+%E3%83%AA%E3%83%B3%E3%82%B0+%E3%83%AC%E3%83%87%E3%82%A3%E3%83%BC%E3%82%B9+Pt900+16%E5%8F%B7+7.14ct%2F0.20ct+7.7g+%E3%83%97%E3%83%A9%E3%83%81%E3%83%8A+%E6%8C%87%E8%BC%AA HTTP/1.1" 200 55820 "-" "Mozilla/5.0 (Linux; Android 6.0.1; Nexus 5X Build/MMB29P) AppleWebKit/537.36 (KHTML, like Gecko) Chrome/135.0.7049.95 Mobile Safari/537.36 (compatible; Googlebot/2.1; +http://www.google.com/bot.html)"
85.208.96.205 - - [29/Apr/2025:12:52:29 -0400] "GET /bocoran-togel-toto-macau-16-00-kamis-23-november-2023/ HTTP/1.1" 200 0 "-" "Mozilla/5.0 (compatible; SemrushBot/7~bl; +http://www.semrush.com/bot.html)"
66.249.73.128 - - [29/Apr/2025:12:52:42 -0400] "GET /?o=30111185450902&channel=7f3edb&from=brands.php%3Fid%3D1854509-10259%26name%3DBHYYDSJP%28%E5%B0%8F%E3%81%95%E3%81%AA%E5%BA%97%29+%E3%82%B9%E3%82%BA%E3%82%AD%E7%94%A8+%E3%82%B9%E3%82%A4%E3%83%95%E3%83%88%E7%94%A8+%E3%82%B8%E3%83%A0%E3%83%8B%E3%83%BC%E7%94%A8+%E3%83%93%E3%82%BF%E3%83%BC%E3%83%A9%E7%94%A8+%E3%83%90%E3%83%AC%E3%83%8ESX4%E7%94%A8+%E3%82%A2%E3%83%AB%E3%83%88%E8%BB%8A%E7%94%A8%E3%82%A2%E3%83%BC%E3%83%A0%E3%83%AC%E3%82%B9%E3%83%88%E3%83%91%E3%83%83%E3%83%89%E3%82%AB%E3%83%90%E3%83%BC%E3%82%A4%E3%83%B3%E3%83%86 HTTP/1.1" 200 53569 "-" "Mozilla/5.0 (Linux; Android 6.0.1; Nexus 5X Build/MMB29P) AppleWebKit/537.36 (KHTML, like Gecko) Chrome/135.0.7049.95 Mobile Safari/537.36 (compatible; Googlebot/2.1; +http://www.google.com/bot.html)"
66.249.73.128 - - [29/Apr/2025:12:52:53 -0400] "GET /?o=704213179010&channel=e55181&from=info.php%3Fid%3D31790-3031%26name%3D%E3%82%A2%E3%83%8B%E3%83%A5%E3%82%A2%E3%83%B3%E3%82%B9+anuans+%E3%82%A2%E3%82%B7%E3%83%A1%E3%83%98%E3%83%A0%E3%82%B9%E3%83%88%E3%83%AC%E3%83%BC%E3%83%88%E3%83%87%E3%83%8B%E3%83%A0%E3%83%91%E3%83%B3%E3%83%84+%EF%BC%88BLUE%EF%BC%89 HTTP/1.1" 200 52853 "-" "Mozilla/5.0 (Linux; Android 6.0.1; Nexus 5X Build/MMB29P) AppleWebKit/537.36 (KHTML, like Gecko) Chrome/135.0.7049.95 Mobile Safari/537.36 (compatible; Googlebot/2.1; +http://www.google.com/bot.html)"
66.249.73.128 - - [29/Apr/2025:12:53:12 -0400] "GET /?o=07421193617103&channel=512235&from=shared.php%3Fid%3D1936171-11918%26name%3DAzusa+Sun+%E3%83%B4%E3%82%A3%E3%83%B3%E3%83%86%E3%83%BC%E3%82%B8+%E3%82%B7%E3%83%AB%E3%83%90%E3%83%BC+%E3%83%92%E3%83%88%E3%83%87+%E3%83%80%E3%83%B3%E3%82%B0%E3%83%AB%E3%82%A4%E3%83%A4%E3%83%AA%E3%83%B3%E3%82%B0+%E3%83%88%E3%83%AD%E3%83%94%E3%82%AB%E3%83%AB%E3%82%A4%E3%83%A4%E3%83%AA%E3%83%B3%E3%82%B0+%E3%82%AF%E3%83%AA%E3%82%A8%E3%82%A4%E3%83%86%E3%82%A3%E3%83%96+%E6%98%9F%E5%9E%8B+%E3%82%A4%E3%83%A4%E3%83%AA%E3%83%B3%E3%82%B0+%E3%83%AC%E3%83%87 HTTP/1.1" 200 56350 "-" "Mozilla/5.0 (Linux; Android 6.0.1; Nexus 5X Build/MMB29P) AppleWebKit/537.36 (KHTML, like Gecko) Chrome/135.0.7049.95 Mobile Safari/537.36 (compatible; Googlebot/2.1; +http://www.google.com/bot.html)"
66.249.73.128 - - [29/Apr/2025:12:53:16 -0400] "GET /?o=04310153147003&channel=ba2e63&from=category-info.php%3Fid%3D1531470-6277%26name%3D%E3%83%AB%E3%82%A4%E3%83%B4%E3%82%A3%E3%83%88%E3%83%B3+LOUIS+VUITTON+%E3%82%B9%E3%82%AB%E3%83%BC%E3%83%88 HTTP/1.1" 200 53667 "-" "Mozilla/5.0 (Linux; Android 6.0.1; Nexus 5X Build/MMB29P) AppleWebKit/537.36 (KHTML, like Gecko) Chrome/135.0.7049.95 Mobile Safari/537.36 (compatible; Googlebot/2.1; +http://www.google.com/bot.html)"
18.97.9.175 - - [29/Apr/2025:12:53:44 -0400] "GET /bocoran-togel-toto-macau-00-00-rabu-13-desember-2023/ HTTP/1.1" 200 0 "-" "CCBot/2.0 (https://commoncrawl.org/faq/)"
66.249.73.128 - - [29/Apr/2025:12:53:47 -0400] "GET /?o=21092168774102&channel=915150&from=jp.php%3Fid%3D1687741-14135%26name%3D%E3%83%B4%E3%82%A7%E3%83%AB%E3%82%B5%E3%83%86%E3%82%A3%E3%83%AB%E3%83%91%E3%83%A9%E3%82%B3%E3%83%BC%E3%83%89%E3%82%B9%E3%83%88%E3%83%A9%E3%83%83%E3%83%97%E3%82%B5%E3%83%90%E3%82%A4%E3%83%90%E3%83%AB%E3%83%96%E3%83%AC%E3%82%B9%E3%83%AC%E3%83%83%E3%83%88%E3%82%B3%E3%83%BC%E3%83%89%E7%B7%8A%E6%80%A5%E4%BA%8B%E6%85%8B%E5%B1%8B%E5%A4%96%E3%82%A2%E3%82%AF%E3%83%86%E3%82%A3%E3%83%93%E3%83%86%E3%82%A3%E3%81%AE%E3%81%9F%E3%82%81%E3%81%AE%E3%83%AD%E3%83%BC%E3%83%97%E3%82%AF%E3%83%A9%E3%82%A4%E3%83%9F%E3%83%B3%E3%82%B0%E3%82%B3%E3%83%BC%E3%83%89 HTTP/1.1" 200 55246 "-" "Mozilla/5.0 (Linux; Android 6.0.1; Nexus 5X Build/MMB29P) AppleWebKit/537.36 (KHTML, like Gecko) Chrome/135.0.7049.95 Mobile Safari/537.36 (compatible; Googlebot/2.1; +http://www.google.com/bot.html)"
52.167.144.149 - - [29/Apr/2025:12:53:58 -0400] "GET /?o=3069296813806&channel=212e3d&from=category-info.php%3Fid%3D968138-2919%26name%3D%E3%82%A6%E3%82%A9%E3%83%BC%E3%83%AB%E3%82%B7%E3%82%A7%E3%83%AB%E3%83%95+%E3%82%A6%E3%82%A9%E3%83%BC%E3%83%AB%E3%83%A9%E3%83%83%E3%82%AF+%E7%9F%B3%E8%86%8F%E3%83%9C%E3%83%BC%E3%83%89+%E8%B3%83%E8%B2%B8+%E3%83%A9%E3%83%83%E3%82%AF+%E3%83%88%E3%82%A4%E3%83%AC+%E5%90%8A%E3%82%8A%E6%88%B8%E6%A3%9A+%E5%A3%81%E6%8E%9B%E3%81%91+%E6%A3%9A+%E6%B4%97%E9%9D%A2%E6%89%80+%E5%A3%81%E9%9D%A2%E5%8F%8E%E7%B4%8D+%E5%8F%8E%E7%B4%8D%E6%A3%9A+%E6%9C%A8%E8%A3%BD+%E5%90%8A%E6%88%B8%E6%A3%9A+%E5%A3%81%E3%81%AB%E4%BB%98%E3%81%91%E3%82%8B+%E3%81%8A%E3%81%97%E3%82%83%E3%82%8C+%E6%9C%AC%E6%A3%9A+%E6%B4%97%E9%9D%A2%E5%8F%B0+%E5%A3%81%E6%8E%9B%E3%81%91%E6%A3%9A+%E8%B3%83%E8%B2%B8%E5%8F%96%E3%82%8A%E4%BB%98%E3%81%91+%E3%83%94%E3%83%B3+%E5%A3%81%E3%81%AB%E4%BB%98%E3%81%91%E3%82%89%E3%82%8C%E3%82%8B%E5%AE%B6%E5%85%B7+%E5%8C%97%E6%AC%A7+%E6%9C%AC+%E6%B4%97%E6%BF%AF%E6%A9%9F%E4%B8%8A+%E9%A3%BE%E3%82%8A%E6%A3%9A+%E5%82%B7%E3%81%A4%E3%81%91%E3%81%AA%E3%81%84%E6%A3%9A+%E3%83%96%E3%83%83%E3%82%AF%E3%82%B7%E3%82%A7%E3%83%AB%E3%83%95+%E7%B4%84%E5%B9%8590+%E2%98%85 HTTP/1.1" 200 0 "-" "Mozilla/5.0 AppleWebKit/537.36 (KHTML, like Gecko; compatible; bingbot/2.0; +http://www.bing.com/bingbot.htm) Chrome/116.0.1938.76 Safari/537.36"
66.249.73.129 - - [29/Apr/2025:12:54:22 -0400] "GET /?o=47908157456605&channel=5ad2c0&from=blog.php%3Fid%3D1574566-10251%26name%3DJSHUDAA%28%E3%81%B2%E3%81%95%E3%81%88%29+%E3%83%90%E3%82%B9%E3%83%AB%E3%83%BC%E3%83%A0%E3%82%B7%E3%83%A3%E3%83%AF%E3%83%BC%E8%9B%87%E5%8F%A3+LED+%E3%82%B7%E3%83%A3%E3%83%AF%E3%83%BC%E3%83%91%E3%83%8D%E3%83%AB%E3%82%B3%E3%83%A9%E3%83%A0%E3%83%90%E3%82%B9%E3%82%BF%E3%83%96%E3%83%9F%E3%82%AD%E3%82%B5%E3%83%BC%E3%82%BF%E3%83%83%E3%83%97+%E3%83%8F%E3%83%B3%E3%83%89%E3%82%B7%E3%83%A3%E3%83%AF%E3%83%BC%E6%B8%A9%E5%BA%A6%E3%82%B9%E3%82%AF%E3%83%AA%E3%83%BC%E3%83%B3%E4%BB%98 HTTP/1.1" 200 54949 "-" "Mozilla/5.0 (Linux; Android 6.0.1; Nexus 5X Build/MMB29P) AppleWebKit/537.36 (KHTML, like Gecko) Chrome/135.0.7049.95 Mobile Safari/537.36 (compatible; Googlebot/2.1; +http://www.google.com/bot.html)"
40.77.167.46 - - [29/Apr/2025:12:55:04 -0400] "GET /?o=120196520808&channel=30694b&from=category-info.php%3Fid%3D65208-5268%26name%3D%E3%83%B4%E3%82%A3%E3%83%B3%E3%83%86%E3%83%BC%E3%82%B8+%E3%83%90%E3%82%AE%E3%83%BC%E3%83%95%E3%83%AC%E3%82%A2%E3%83%87%E3%83%8B%E3%83%A0+%E3%83%99%E3%83%AB%E3%83%9C%E3%83%88%E3%83%A0 HTTP/1.1" 200 0 "-" "Mozilla/5.0 AppleWebKit/537.36 (KHTML, like Gecko; compatible; bingbot/2.0; +http://www.bing.com/bingbot.htm) Chrome/116.0.1938.76 Safari/537.36"
66.249.73.130 - - [29/Apr/2025:12:55:17 -0400] "GET /?o=00798153604705&channel=cc3c58&from=blog.php%3Fid%3D1536047-3017%26name%3D%E5%8D%B0%E5%82%B3%E5%B1%8B+%E5%8D%B0%E4%BC%9D+%E9%95%B7%E8%B2%A1%E5%B8%83+%E6%9D%9F%E5%85%A5+5740+%E6%9B%B4%E7%B4%97+%E5%B7%B4%E6%9F%84 HTTP/1.1" 200 53286 "-" "Mozilla/5.0 (Linux; Android 6.0.1; Nexus 5X Build/MMB29P) AppleWebKit/537.36 (KHTML, like Gecko) Chrome/135.0.7049.95 Mobile Safari/537.36 (compatible; Googlebot/2.1; +http://www.google.com/bot.html)"
66.249.73.129 - - [29/Apr/2025:12:55:54 -0400] "GET /?o=2188898884206&channel=ec80d7&from=shop.php%3Fid%3D988842-3736%26name%3D%E3%82%B0%E3%83%A9%E3%82%B9%E3%83%88%E3%83%A9%E3%83%83%E3%82%AB%E3%83%BC%E3%83%95%E3%83%AD%E3%83%B3%E3%83%88%E3%83%96%E3%83%AC%E3%83%BC%E3%82%AD%E3%83%87%E3%82%A3%E3%82%B9%E3%82%AF%E3%82%B9%E3%82%BA%E3%82%AD%E7%B4%94%E6%AD%A3%E3%83%90%E3%82%A4%E3%82%AF%E9%83%A8%E5%93%81NJ4BA%E3%83%93%E3%83%83%E3%82%B0%E3%83%9C%E3%83%BC%E3%82%A4%E6%9B%B2%E3%81%8C%E3%82%8A%E7%84%A1%E3%81%97%E5%B8%8C%E5%B0%91%E5%93%81%E5%93%81%E8%96%84%E8%BB%8A%E6%A4%9CGenuine%E3%80%90%E4%B8%AD%E5%8F%A4%E3%80%91 HTTP/1.1" 200 54430 "-" "Mozilla/5.0 (Linux; Android 6.0.1; Nexus 5X Build/MMB29P) AppleWebKit/537.36 (KHTML, like Gecko) Chrome/135.0.7049.95 Mobile Safari/537.36 (compatible; Googlebot/2.1; +http://www.google.com/bot.html)"
66.249.73.130 - - [29/Apr/2025:12:56:14 -0400] "GET /?o=03197134962702&channel=b677f9&from=category-info.php%3Fid%3D1349627-642%26name%3D%E7%99%BB%E5%B1%B1%E9%9D%B4+%E3%82%AD%E3%83%A3%E3%83%A9%E3%83%90%E3%83%B3+C7%E2%88%92SP+%E3%83%AD%E3%83%BC%E3%82%AB%E3%83%83%E3%83%88+%E3%82%B4%E3%82%A2%E3%83%86%E3%83%83%E3%82%AF%E3%82%B9+%E3%83%88%E3%83%AC%E3%83%83%E3%82%AD%E3%83%B3%E3%82%B0%E3%82%B7%E3%83%A5%E3%83%BC%E3%82%BA+%E3%83%96%E3%83%A9%E3%83%83%E3%82%AF+caravan++0010115 HTTP/1.1" 200 53826 "-" "Mozilla/5.0 (Linux; Android 6.0.1; Nexus 5X Build/MMB29P) AppleWebKit/537.36 (KHTML, like Gecko) Chrome/135.0.7049.95 Mobile Safari/537.36 (compatible; Googlebot/2.1; +http://www.google.com/bot.html)"
185.191.171.15 - - [29/Apr/2025:12:56:24 -0400] "GET /bocoran-togel-jitu-hk-selasa-5-desember-2023/ HTTP/1.1" 200 0 "-" "Mozilla/5.0 (compatible; SemrushBot/7~bl; +http://www.semrush.com/bot.html)"
51.195.36.135 - - [29/Apr/2025:12:56:41 -0400] "GET /wp-content/plugins/background-image-cropper/background-image-cropper.php HTTP/1.1" 200 0 "-" "Mozilla/5.0 (Windows NT 10.0; Win64; x64) AppleWebKit/537.36 (KHTML, like Gecko) Chrome/127.0.0.0 Safari/537.36"
51.195.36.135 - - [29/Apr/2025:12:56:42 -0400] "GET /accesson.php HTTP/1.1" 200 0 "-" "Mozilla/5.0 (Windows NT 10.0; Win64; x64) AppleWebKit/537.36 (KHTML, like Gecko) Chrome/127.0.0.0 Safari/537.36"
51.8.102.51 - - [29/Apr/2025:12:57:08 -0400] "GET /robots.txt HTTP/1.1" 200 66 "-" "Mozilla/5.0 (Macintosh; Intel Mac OS X 10_15_7) AppleWebKit/537.36 (KHTML, like Gecko) Chrome/131.0.0.0 Safari/537.36; compatible; OAI-SearchBot/1.0; +https://openai.com/searchbot"
66.249.73.130 - - [29/Apr/2025:12:57:20 -0400] "GET /?o=8087312263809&channel=dab017&from=jp.php%3Fid%3D122638-7997%26name%3DDAIWA+PIER39+%E3%83%80%E3%82%A4%E3%83%AF%E3%83%94%E3%82%A2%E3%83%80%E3%82%A6%E3%83%B3%E3%83%99%E3%82%B9%E3%83%88+M%E3%82%B5%E3%82%A4%E3%82%BA HTTP/1.1" 200 53142 "-" "Mozilla/5.0 (Linux; Android 6.0.1; Nexus 5X Build/MMB29P) AppleWebKit/537.36 (KHTML, like Gecko) Chrome/135.0.7049.95 Mobile Safari/537.36 (compatible; Googlebot/2.1; +http://www.google.com/bot.html)"
66.249.73.128 - - [29/Apr/2025:12:57:32 -0400] "GET /?o=9095127606702&channel=391c02&from=goods.php%3Fid%3D276067-1802%26name%3DPaul+Cochrane+Timmy+V2+%23600%E7%95%AA%E5%8F%B0 HTTP/1.1" 200 52259 "-" "Mozilla/5.0 (Linux; Android 6.0.1; Nexus 5X Build/MMB29P) AppleWebKit/537.36 (KHTML, like Gecko) Chrome/135.0.7049.95 Mobile Safari/537.36 (compatible; Googlebot/2.1; +http://www.google.com/bot.html)"
207.46.13.64 - - [29/Apr/2025:12:57:43 -0400] "GET /?o=9488680565204&channel=aa4ff5&from=news.php%3Fid%3D805652-20964%26name%3D%E5%89%9B%E6%92%83%E6%88%A6%E6%94%BB%E3%83%89%E3%83%AB%E3%82%B2%E3%83%BC%E3%82%B6%E3%80%80%E5%88%9D%E6%9C%9F+B%E2%91%A1 HTTP/1.1" 200 0 "-" "Mozilla/5.0 AppleWebKit/537.36 (KHTML, like Gecko; compatible; bingbot/2.0; +http://www.bing.com/bingbot.htm) Chrome/116.0.1938.76 Safari/537.36"
66.249.73.128 - - [29/Apr/2025:12:58:01 -0400] "GET /?o=9383779790506&channel=fcee8b&from=form.php%3Fid%3D797905-20920%26name%3DYUMENG+ES3-060AN3+%2F+8%E3%82%A4%E3%83%B3%E3%83%81%E3%83%8F%E3%83%B3%E3%83%89%E3%83%98%E3%83%AB%E3%83%89%E3%83%9D%E3%83%BC%E3%82%BF%E3%83%96%E3%83%AB%E3%83%87%E3%82%B8%E3%82%BF%E3%83%AB%E3%83%88%E3%83%AB%E3%82%AF%E3%83%AC%E3%83%B3%E3%83%81%E3%83%90%E3%83%83%E3%82%AF%E3%83%A9%E3%82%A4%E3%83%88%E4%BB%98%E3%81%8D%E5%A4%A7%E7%94%BB%E9%9D%A2%E3%82%B5%E3%82%A6%E3%83%B3%E3%83%89LED%E3%82%A2%E3%83%A9%E3%83%BC HTTP/1.1" 200 54064 "-" "Mozilla/5.0 (Linux; Android 6.0.1; Nexus 5X Build/MMB29P) AppleWebKit/537.36 (KHTML, like Gecko) Chrome/135.0.7049.114 Mobile Safari/537.36 (compatible; Googlebot/2.1; +http://www.google.com/bot.html)"
66.249.73.129 - - [29/Apr/2025:12:58:02 -0400] "GET /?o=19439133152902&channel=c0eadc&from=shared.php%3Fid%3D1331529-3273%26name%3D%E2%96%A0%E6%96%B0%E5%93%81%E2%96%A0%E6%9C%AA%E4%BD%BF%E7%94%A8%E2%96%A0+J%26M+DAVIDSON+%E3%82%B8%E3%82%A7%E3%82%A4%E3%82%A2%E3%83%B3%E3%83%89%E3%82%A8%E3%83%A0%E3%83%87%E3%83%B4%E3%82%A3%E3%83%83%E3%83%89%E3%82%BD%E3%83%B3+%E3%83%AC%E3%82%B6%E3%83%BC+%E3%82%B9%E3%82%BF%E3%83%83%E3%82%BA+%E4%B8%89%E3%81%A4%E6%8A%98%E3%82%8A+%E8%B2%A1%E5%B8%83+%E3%82%A6%E3%82%A9%E3%83%AC%E3%83%83%E3%83%88+%E3%83%96%E3%83%A9%E3%83%83%E3%82%AF%E7%B3%BB+FB3187 HTTP/1.1" 200 54160 "-" "Mozilla/5.0 (Linux; Android 6.0.1; Nexus 5X Build/MMB29P) AppleWebKit/537.36 (KHTML, like Gecko) Chrome/135.0.7049.114 Mobile Safari/537.36 (compatible; Googlebot/2.1; +http://www.google.com/bot.html)"
66.249.73.128 - - [29/Apr/2025:12:58:08 -0400] "GET /?o=69314165765905&channel=138103&from=category-info.php%3Fid%3D1657659-11961%26name%3D%E3%83%98%E3%83%83%E3%83%89%E3%82%A2%E3%83%83%E3%83%97%E3%83%87%E3%82%A3%E3%82%B9%E3%83%97%E3%83%AC%E3%82%A4+%E5%85%A8%E8%BB%8A%E7%A8%AE%E5%AF%BE%E5%BF%9C+%E5%85%A8%E8%BB%8A%E7%A8%AE%E5%AF%BE%E5%BF%9C+%E9%80%83%E3%81%92%E5%87%BA%E3%81%97+hud+G3+GPS+%E3%82%B9%E3%83%94%E3%83%BC%E3%83%89%E3%83%A1%E3%83%BC%E3%82%BF%E3%83%BC+%E3%82%BF%E3%82%B3%E3%83%A1%E3%83%BC%E3%82%BF%E3%83%BC+%E7%A7%BB%E5%8B%95%E6%99%82%E9%96%93+%E7%A7%BB%E5%8B%95%E8%B7%9D%E9%9B%A2 HTTP/1.1" 200 52694 "-" "Mozilla/5.0 (Linux; Android 6.0.1; Nexus 5X Build/MMB29P) AppleWebKit/537.36 (KHTML, like Gecko) Chrome/135.0.7049.95 Mobile Safari/537.36 (compatible; Googlebot/2.1; +http://www.google.com/bot.html)"
18.97.9.175 - - [29/Apr/2025:12:58:15 -0400] "GET /tag/angka-pelarian-82/ HTTP/1.1" 200 0 "-" "CCBot/2.0 (https://commoncrawl.org/faq/)"
40.77.167.46 - - [29/Apr/2025:12:58:21 -0400] "GET /?o=8322143204900&channel=9a0f79&from=news.php%3Fid%3D432049-3606%26name%3D9422T%2F%E6%96%B0%E5%93%81%E6%9C%AA%E9%96%8B%E5%B0%81%E2%98%85%E3%83%97%E3%83%AC%E3%83%83%E3%82%AF%E3%82%B9+D.P.C.F+%E3%83%AF%E3%83%B3%E3%83%94%E3%83%BC%E3%82%B9+ONE+PIECE+1%2F7+%E3%83%A2%E3%83%B3%E3%82%AD%E3%83%BC%E3%83%BBD%E3%83%BB%E3%83%AB%E3%83%95%E3%82%A3+%E3%82%A2%E3%83%8B%E3%83%9E%E3%83%ABver.%EF%BC%86%E3%83%8A%E3%83%9F+%E3%82%A2%E3%83%8B%E3%83%9E%E3%83%ABver.+%E3%83%95%E3%82%A3%E3%82%AE%E3%83%A5%E3%82%A2+2%E7%AE%B1 HTTP/1.1" 200 0 "-" "Mozilla/5.0 AppleWebKit/537.36 (KHTML, like Gecko; compatible; bingbot/2.0; +http://www.bing.com/bingbot.htm) Chrome/116.0.1938.76 Safari/537.36"
66.249.73.128 - - [29/Apr/2025:12:58:36 -0400] "GET /?o=6241884691202&channel=d964a6&from=shop.php%3Fid%3D846912-17497%26name%3D%E2%96%A0%E6%A5%B5%E7%BE%8E%E5%93%81%E2%96%A0JRA%E8%AA%8D%E5%AE%9A+Kuni+%E6%9C%80%E9%AB%98%E7%B4%9A%E7%9A%AE%E9%9D%A9+%E3%82%AF%E3%83%AD%E3%82%B3%E3%83%80%E3%82%A4%E3%83%AB+%E6%9C%AC%E3%83%AF%E3%83%8B%E9%9D%A9+%E3%83%8F%E3%83%B3%E3%83%89%E3%83%90%E3%83%83%E3%82%B0+%E9%9E%84+%E3%83%95%E3%83%A9%E3%83%AF%E3%83%BC+%E8%8A%B1%E6%9F%84+%E3%82%A8%E3%82%AD%E3%82%BE%E3%83%81%E3%83%83%E3%82%AF%E3%83%AC%E3%82%B6%E3%83%BC+%E3%82%BB%E3%83%B3%E3%82%BF%E3%83%BC%E5%8F%96%E3%82%8A%E3%80%90%E4%B8%AD%E5%8F%A4%E3%80%9120230322%2FGN0372 HTTP/1.1" 200 53673 "-" "Mozilla/5.0 (Linux; Android 6.0.1; Nexus 5X Build/MMB29P) AppleWebKit/537.36 (KHTML, like Gecko) Chrome/135.0.7049.95 Mobile Safari/537.36 (compatible; Googlebot/2.1; +http://www.google.com/bot.html)"
66.249.73.128 - - [29/Apr/2025:12:59:10 -0400] "GET /?o=7085264797201&channel=a19d92&from=goods.php%3Fid%3D647972-9831%26name%3D%E3%83%9A%E3%82%A2%E3%83%95%E3%83%AD%E3%83%B3%E3%83%88%E3%82%A8%E3%82%A2%E3%82%B5%E3%82%B9%E3%83%9A%E3%83%B3%E3%82%B7%E3%83%A7%E3%83%B3%E3%82%B7%E3%83%A7%E3%83%83%E3%82%AF%E3%82%B9%E3%83%88%E3%83%A9%E3%83%83%E3%83%88%E3%80%81BMW+740i+750i+G11+G12+2WD+2016-2022+%E3%81%A8%E4%BA%92%E6%8F%9B%E6%80%A7%E3%81%8C HTTP/1.1" 200 54055 "-" "Mozilla/5.0 (Linux; Android 6.0.1; Nexus 5X Build/MMB29P) AppleWebKit/537.36 (KHTML, like Gecko) Chrome/135.0.7049.114 Mobile Safari/537.36 (compatible; Googlebot/2.1; +http://www.google.com/bot.html)"
66.249.73.129 - - [29/Apr/2025:12:59:11 -0400] "GET /?o=2951355141000&channel=a46c31&from=info.php%3Fid%3D551410-17666%26name%3D%E3%83%90%E3%83%B3%E3%83%80%E3%82%A4+%E3%82%A6%E3%83%AB%E3%83%88%E3%83%A9%E6%80%AA%E7%8D%A3%E3%82%B7%E3%83%AA%E3%83%BC%E3%82%BA+%E3%83%84%E3%82%A4%E3%83%B3%E3%83%86-%E3%83%AB+%E5%BC%95%E3%81%A3%E5%BC%B5%E3%81%A3 HTTP/1.1" 200 55887 "-" "Mozilla/5.0 (Linux; Android 6.0.1; Nexus 5X Build/MMB29P) AppleWebKit/537.36 (KHTML, like Gecko) Chrome/135.0.7049.95 Mobile Safari/537.36 (compatible; Googlebot/2.1; +http://www.google.com/bot.html)"
66.249.73.128 - - [29/Apr/2025:12:59:15 -0400] "GET /?o=24818127182401&channel=6fd5af&from=brands.php%3Fid%3D1271824-3391%26name%3D%E3%82%AB%E3%83%A9%E3%83%BC%E3%83%89%E3%83%AC%E3%82%B9+%E8%96%84%E3%82%B0%E3%83%AA%E3%83%BC%E3%83%B3+%E3%82%BD%E3%83%95%E3%83%88%E3%83%81%E3%83%A5%E3%83%BC%E3%83%AB+%E3%83%99%E3%82%A2%E3%83%88%E3%83%83%E3%83%97+%E8%8A%B1%E3%81%B3%E3%82%89%E4%BB%98%E3%81%8D+%E6%8C%99%E5%BC%8F HTTP/1.1" 200 54202 "-" "Mozilla/5.0 (Linux; Android 6.0.1; Nexus 5X Build/MMB29P) AppleWebKit/537.36 (KHTML, like Gecko) Chrome/135.0.7049.114 Mobile Safari/537.36 (compatible; Googlebot/2.1; +http://www.google.com/bot.html)"
66.249.73.128 - - [29/Apr/2025:12:59:27 -0400] "GET /?o=77823197968701&channel=eba588&from=brands.php%3Fid%3D1979687-27358%26name%3D%E8%82%89%E3%82%B9%E3%83%A9%E3%82%A4%E3%82%B5%E3%83%BC+%E3%83%9F%E3%83%BC%E3%83%88%E3%82%B9%E3%83%A9%E3%82%A4%E3%82%B5%E3%83%BC+%E6%89%8B%E5%8B%95%E3%82%B9%E3%83%A9%E3%82%A4%E3%82%B5%E3%83%BC+%E6%89%8B%E5%8B%95%E5%BC%8F+%E7%94%9F%E3%83%8F%E3%83%A0%E3%82%B9%E3%83%A9%E3%82%A4%E3%82%B5%E3%83%BC+%E8%82%89%E5%88%87%E6%A9%9F+%E8%82%89%E7%94%A8%E3%82%B9%E3%83%A9%E3%82%A4%E3%82%B5%E3%83%BC+0.3mm+%EF%BD%9E+8mm+%E5%AE%B6%E5%BA%AD%E7%94%A8+%E6%A5%AD%E5%8B%99%E7%94%A8+%E6%89%8B%E5%8B%95%E3%83%9F%E3%83%BC%E3%83%88%E3%82%B9%E3%83%A9%E3%82%A4%E3%82%B5%E3%83%BC+%E5%86%B7%E5%87%8D%E8%82%89%E3%82%B9%E3%83%A9%E3%82%A4%E3%82%B5%E3%83%BC+%E5%86%B7%E5%87%8D%E8%82%89+%E9%87%8E%E8%8F%9C+%E3%83%91%E3%83%B3+%E9%A4%85%23amyz1670 HTTP/1.1" 200 53741 "-" "Mozilla/5.0 (Linux; Android 6.0.1; Nexus 5X Build/MMB29P) AppleWebKit/537.36 (KHTML, like Gecko) Chrome/135.0.7049.95 Mobile Safari/537.36 (compatible; Googlebot/2.1; +http://www.google.com/bot.html)"
40.77.167.46 - - [29/Apr/2025:12:59:31 -0400] "GET /?o=80872189761701&channel=5ac0af&from=category-info.php%3Fid%3D1897617-29704%26name%3D%E3%82%AB%E3%83%AF%E3%83%8E%E7%94%A3%E6%A5%AD+DS7332DE1+Ds%E3%82%BD%E3%83%95%E3%83%86%E3%82%A3%E3%83%8F%E3%83%BC%E3%83%8D%E3%82%B9SS+DENIM1+%E8%B6%85%E5%B0%8F%E5%9E%8B%E7%8A%AC HTTP/1.1" 200 0 "-" "Mozilla/5.0 AppleWebKit/537.36 (KHTML, like Gecko; compatible; bingbot/2.0; +http://www.bing.com/bingbot.htm) Chrome/116.0.1938.76 Safari/537.36"
18.97.9.175 - - [29/Apr/2025:12:59:55 -0400] "GET /bocoran-togel-toto-macau-13-00-selasa-2-januari-2024/ HTTP/1.1" 200 0 "-" "CCBot/2.0 (https://commoncrawl.org/faq/)"
66.249.73.129 - - [29/Apr/2025:13:00:05 -0400] "GET /?o=47028106023105&channel=639e8d&from=category-info.php%3Fid%3D1060231-19980%26name%3DDJGACSI+%E8%A1%A3%E9%A1%9E%E3%82%84%E5%AE%B6%E5%85%B7%E7%94%A8%E3%81%AE%E3%83%95%E3%82%A1%E3%83%96%E3%83%AA%E3%83%83%E3%82%AF%E3%82%B7%E3%82%A7%E3%83%BC%E3%83%90%E3%83%BC%E7%B3%B8%E3%81%8F%E3%81%9A%E9%99%A4%E5%8E%BB%E5%99%A8USB%E9%9B%BB%E6%BA%90%E3%81%BE%E3%81%9F%E3%81%AF%E3%83%90%E3%83%83%E3%83%86%E3%83%AA%E3%83%BC%E9%A7%86%E5%8B%95 HTTP/1.1" 200 53536 "-" "Mozilla/5.0 (Linux; Android 6.0.1; Nexus 5X Build/MMB29P) AppleWebKit/537.36 (KHTML, like Gecko) Chrome/135.0.7049.95 Mobile Safari/537.36 (compatible; Googlebot/2.1; +http://www.google.com/bot.html)"
66.249.73.128 - - [29/Apr/2025:13:00:11 -0400] "GET /?o=79877128873101&channel=54d3f2&from=shop.php%3Fid%3D1288731-1790%26name%3D%5B%E3%82%AF%E3%83%BC%E3%83%9D%E3%83%B3%E9%85%8D%E5%B8%83%E4%B8%AD%EF%BC%81%5D%E3%80%90%E6%9C%80%E7%9F%AD%E3%81%A7%E7%BF%8C%E6%97%A5%E7%99%BA%E9%80%81%E3%80%91%E3%82%BF%E3%82%A4%E3%83%88%E3%83%AA%E3%82%B9%E3%83%88+%E3%82%B9%E3%83%AA%E3%83%BC%E3%83%96%E4%BB%98%E3%81%8D%E3%82%B7%E3%83%A3%E3%83%95%E3%83%88+Fujikura+%E3%83%95%E3%82%B8%E3%82%AF%E3%83%A9+24+VENTUS+RED%EF%BC%BB24%E3%83%99%E3%83%B3%E3%82%BF%E3%82%B9%E3%83%AC%E3%83%83%E3%83%89%EF%BC%BD%E6%97%A5%E6%9C%AC%E4%BB%95%E6%A7%98+%E3%83%89%E3%83%A9%E3%82%A4%E3%83%90%E3%83%BC%E7%94%A8 HTTP/1.1" 200 53477 "-" "Mozilla/5.0 (Linux; Android 6.0.1; Nexus 5X Build/MMB29P) AppleWebKit/537.36 (KHTML, like Gecko) Chrome/135.0.7049.95 Mobile Safari/537.36 (compatible; Googlebot/2.1; +http://www.google.com/bot.html)"
66.249.73.128 - - [29/Apr/2025:13:01:07 -0400] "GET /?o=8792984478005&channel=ac0c99&from=shared.php%3Fid%3D844780-2398%26name%3D%E3%80%90%E8%A9%A6%E7%9D%80%E7%84%A1%E6%96%99%E3%80%91%E6%A1%82%E7%94%B1%E7%BE%8E+%E8%89%B2%E7%95%99%E8%A2%96+%E3%83%AC%E3%83%B3%E3%82%BF%E3%83%AB+%EF%BC%97%EF%BC%98%EF%BC%90%E7%95%AA+%E3%83%95%E3%83%AB%E3%82%BB%E3%83%83%E3%83%88%E3%83%AC%E3%83%B3%E3%82%BF%E3%83%AB+%E5%BE%80%E5%BE%A9%E9%80%81%E6%96%99%E7%84%A1%E6%96%99+%E8%89%B2%E7%95%99%E8%A2%96%E3%83%AC%E3%83%B3%E3%82%BF%E3%83%AB+%E3%83%AC%E3%83%B3%E3%82%BF%E3%83%AB+%E8%89%B2%E7%95%99%E8%A2%96+%E7%B5%90%E5%A9%9A%E5%BC%8F+%E8%A9%A6%E7%9D%80%EF%BC%AF%EF%BC%AB+%E6%AD%A3%E7%B5%B9+%E9%AB%AA%E9%A3%BE%E3%82%8A+%E3%81%8B%E3%82%93%E3%81%96%E3%81%97+%E3%83%95%E3%83%AA%E3%83%BC%E3%82%B5%E3%82%A4%E3%82%BA+%E3%80%90irf%E3%80%91 HTTP/1.1" 200 53989 "-" "Mozilla/5.0 (Linux; Android 6.0.1; Nexus 5X Build/MMB29P) AppleWebKit/537.36 (KHTML, like Gecko) Chrome/135.0.7049.95 Mobile Safari/537.36 (compatible; Googlebot/2.1; +http://www.google.com/bot.html)"
207.46.13.107 - - [29/Apr/2025:13:01:22 -0400] "GET /?s=2024 HTTP/1.1" 200 0 "-" "Mozilla/5.0 AppleWebKit/537.36 (KHTML, like Gecko; compatible; bingbot/2.0; +http://www.bing.com/bingbot.htm) Chrome/116.0.1938.76 Safari/537.36"
66.249.73.128 - - [29/Apr/2025:13:01:23 -0400] "GET /?o=4802868989002&channel=c8c063&from=category-info.php%3Fid%3D689890-19595%26name%3D%E3%80%90%E3%83%94%E3%83%B3+G425%2FG410+%E3%82%B9%E3%83%AA%E3%83%BC%E3%83%96%E8%A3%85%E7%9D%80%E3%82%B7%E3%83%A3%E3%83%95%E3%83%88%E3%80%91UST+Mamiya+ATTAS+DAAAS+%E3%82%A2%E3%83%83%E3%82%BF%E3%82%B9+%E3%83%80%E3%82%A1%E3%83%BC%E3%83%83%E3%82%B9+5+G425 HTTP/1.1" 200 54132 "-" "Mozilla/5.0 (Linux; Android 6.0.1; Nexus 5X Build/MMB29P) AppleWebKit/537.36 (KHTML, like Gecko) Chrome/135.0.7049.95 Mobile Safari/537.36 (compatible; Googlebot/2.1; +http://www.google.com/bot.html)"
13.228.41.178 - - [29/Apr/2025:13:01:38 -0400] "GET /wp-content/uploads/2024/01/BOCORAN-TOGEL-HONGKONG1-12-150x150.png HTTP/1.1" 200 0 "-" "python-requests/2.30.0"
18.97.9.175 - - [29/Apr/2025:13:01:59 -0400] "GET /?o=7619934993903&channel=a09c08&from=category-info.php%3Fid%3D349939-11753%26name%3D%E2%98%85%E5%A4%A7%E5%B3%B6%E7%B4%AC9%E3%83%9E%E3%83%AB%E3%82%AD%E8%B6%85%E9%80%B8%E5%93%81%E2%98%85%E8%AA%82%E3%81%88%E5%93%81%E7%89%B9%E5%88%A5%E4%BB%95%E7%AB%8B%E3%81%A6%E3%80%82%E8%B2%B4%E9%87%8D%E3%81%AA%E5%B1%B1%E6%B0%B4%E7%94%BB%E6%A8%A1%E6%A7%98%E3%80%82 HTTP/1.1" 200 0 "-" "CCBot/2.0 (https://commoncrawl.org/faq/)"
66.249.73.130 - - [29/Apr/2025:13:02:10 -0400] "GET /?o=61015148018405&channel=c7f65d&from=brands.php%3Fid%3D1480184-6050%26name%3D%E3%80%90%E6%9C%AA%E4%BD%BF%E7%94%A8%E3%80%91%E3%83%AC%E3%83%9A%E3%83%83%E3%83%88%E3%80%80%E3%83%9E%E3%82%A4%E3%82%B1%E3%83%AB%E3%80%80%E3%83%AD%E3%83%BC%E3%83%95%E3%82%A1%E3%83%BC%E2%97%87+36.5+23cm+Repetto HTTP/1.1" 200 53713 "-" "Mozilla/5.0 (Linux; Android 6.0.1; Nexus 5X Build/MMB29P) AppleWebKit/537.36 (KHTML, like Gecko) Chrome/135.0.7049.95 Mobile Safari/537.36 (compatible; Googlebot/2.1; +http://www.google.com/bot.html)"
66.249.73.128 - - [29/Apr/2025:13:02:14 -0400] "GET /?o=18145170576600&channel=9c2a20&from=form.php%3Fid%3D1705766-8634%26name%3DHYOGO+PAINT+%E7%B4%94%E6%AD%A3%E5%A1%97%E6%96%99+%E3%83%90%E3%82%A4%E3%82%AF%E7%94%A8%E3%82%BF%E3%83%83%E3%83%81%E3%82%A2%E3%83%83%E3%83%97%E3%83%9A%E3%82%A4%E3%83%B3%E3%83%88+%E3%83%9B%E3%83%B3%E3%83%80+%E3%82%B0%E3%83%AD%E3%83%A0+GROM+%E3%83%91%E3%83%BC%E3%83%AB%E3%83%90%E3%83%AC%E3%83%B3%E3%82%BF%E3%82%A4%E3%83%B3%E3%83%AC%E3%83%83%E3%83%89+%E3%82%AB%E3%83%A9%E3%83%BC%E7%95%AA%E5%8F%B7R35 HTTP/1.1" 200 55204 "-" "Mozilla/5.0 (Linux; Android 6.0.1; Nexus 5X Build/MMB29P) AppleWebKit/537.36 (KHTML, like Gecko) Chrome/135.0.7049.95 Mobile Safari/537.36 (compatible; Googlebot/2.1; +http://www.google.com/bot.html)"
85.208.96.204 - - [29/Apr/2025:13:02:20 -0400] "GET /bocoran-togel-toto-macau-00-00-selasa-26-desember-2023/ HTTP/1.1" 200 0 "-" "Mozilla/5.0 (compatible; SemrushBot/7~bl; +http://www.semrush.com/bot.html)"
66.249.73.129 - - [29/Apr/2025:13:02:59 -0400] "GET /?o=3001415213806&channel=1354d0&from=jp.php%3Fid%3D152138-3132%26name%3D%E3%83%89%E3%83%AC%E3%83%83%E3%82%B5%E3%83%BC+%E6%A4%85%E5%AD%90+%E3%83%80%E3%82%A4%E3%83%8B%E3%83%B3%E3%82%B0+%E6%A4%85%E5%AD%90+%E3%82%A4%E3%82%AB%E3%83%94%E3%83%BC%E3%83%81%E3%82%A7%E3%82%A2%E3%83%BC%EF%BC%88%E3%83%8A%E3%83%81%E3%83%A5%E3%83%A9%E3%83%AB%E3%83%95%E3%83%AC%E3%83%BC%E3%83%A0%EF%BC%89+ikp+chair+%E9%8B%B2%E3%81%8C%E5%8F%AF%E6%84%9B%E3%81%84%E3%83%AC%E3%82%A8%E3%83%88%E3%83%AD%E3%83%81%E3%82%A7%E3%82%A2%E3%83%BC++%E3%82%A4%E3%82%AB%E3%83%94%E3%83%BC+%E3%83%AC%E3%83%88%E3%83%AD%E3%83%81%E3%82%A7%E3%82%A2%E3%83%BC+%E3%83%96%E3%83%8A%E6%9D%90+%E9%81%B8%E3%81%B9%E3%82%8B%E3%82%AB%E3%83%A9%E3%83%BC+%E9%81%B8%E3%81%B9%E3%82%8B%E3%83%95%E3%82%A1%E3%83%96%E3%83%AA%E3%83%83%E3%82%AF HTTP/1.1" 200 55562 "-" "Mozilla/5.0 (Linux; Android 6.0.1; Nexus 5X Build/MMB29P) AppleWebKit/537.36 (KHTML, like Gecko) Chrome/135.0.7049.95 Mobile Safari/537.36 (compatible; Googlebot/2.1; +http://www.google.com/bot.html)"
66.249.73.128 - - [29/Apr/2025:13:03:02 -0400] "GET /?o=9048798848502&channel=5aad13&from=shared.php%3Fid%3D988485-6%26name%3DTOYOTOMI+%E3%83%88%E3%83%A8%E3%83%88%E3%83%9F+HR-6500+%E5%8D%8A%E5%AF%86%E9%96%89%E5%BC%8F%E7%9F%B3%E6%B2%B9%E3%82%B9%E3%83%88%E3%83%BC%E3%83%96+2014%E5%B9%B4%E8%A3%BD HTTP/1.1" 200 54963 "-" "Mozilla/5.0 (Linux; Android 6.0.1; Nexus 5X Build/MMB29P) AppleWebKit/537.36 (KHTML, like Gecko) Chrome/135.0.7049.114 Mobile Safari/537.36 (compatible; Googlebot/2.1; +http://www.google.com/bot.html)"
40.77.167.77 - - [29/Apr/2025:13:03:09 -0400] "GET /?o=91160169676706&channel=57d289&from=product.php%3Fid%3D1696767-10774%26name%3D%E8%BB%8A%E3%81%AE%E3%82%B3%E3%83%BC%E3%83%86%E3%82%A3%E3%83%B3%E3%82%B0%E3%82%B9%E3%83%97%E3%83%AC%E3%83%BC%E3%80%81%E3%82%AB%E3%83%BC%E3%83%AF%E3%83%83%E3%82%AF%E3%82%B9%E3%82%BB%E3%83%A9%E3%83%9F%E3%83%83%E3%82%AF%E3%82%B3%E3%83%BC%E3%83%86%E3%82%A3%E3%83%B3%E3%82%B0%2C30ml%E3%81%AE%E8%87%AA%E5%8B%95%E8%BB%8A%E5%A1%97%E6%96%99%E7%A0%94%E7%A3%A8%E6%B6%B2+%7C+%E3%82%B0%E3%83%AD%E3%82%B9%E3%83%AA%E3%83%95%E3%83%AC%E3%83%83%E3%82%B7%E3%83%A3%E3%83%BC%E3%82%AF%E3%83%AA%E3%83%BC%E3%83%8B%E3%83%B3%E3%82%B0%E3%82%B7%E3%83%A3%E3%82%A4 HTTP/1.1" 200 0 "-" "Mozilla/5.0 AppleWebKit/537.36 (KHTML, like Gecko; compatible; bingbot/2.0; +http://www.bing.com/bingbot.htm) Chrome/116.0.1938.76 Safari/537.36"
18.97.9.175 - - [29/Apr/2025:13:03:19 -0400] "GET /bocoran-togel-toto-macau-23-00-minggu-19-november-2023/ HTTP/1.1" 200 0 "-" "CCBot/2.0 (https://commoncrawl.org/faq/)"
44.194.134.53 - - [29/Apr/2025:13:03:44 -0400] "GET /wp-includes__c454f3a/sodium_compat/namespaced/Core/BLAKE2b.php HTTP/1.1" 403 1242 "-" "Mozilla/5.0 AppleWebKit/537.36 (KHTML, like Gecko; compatible; Amazonbot/0.1; +https://developer.amazon.com/support/amazonbot) Chrome/119.0.6045.214 Safari/537.36"
23.20.178.124 - - [29/Apr/2025:13:03:47 -0400] "GET /wp-includes__c454f3a/Text/Diff/?SD HTTP/1.1" 200 884 "-" "Mozilla/5.0 AppleWebKit/537.36 (KHTML, like Gecko; compatible; Amazonbot/0.1; +https://developer.amazon.com/support/amazonbot) Chrome/119.0.6045.214 Safari/537.36"
34.194.95.99 - - [29/Apr/2025:13:03:51 -0400] "GET /wp-includes__c454f3a/js/tinymce/plugins/wpautoresize/ HTTP/1.1" 200 857 "-" "Mozilla/5.0 AppleWebKit/537.36 (KHTML, like Gecko; compatible; Amazonbot/0.1; +https://developer.amazon.com/support/amazonbot) Chrome/119.0.6045.214 Safari/537.36"
52.45.92.83 - - [29/Apr/2025:13:03:55 -0400] "GET /wp-includes__c454f3a/SimplePie/src/Cache/Psr16.php HTTP/1.1" 403 1242 "-" "Mozilla/5.0 AppleWebKit/537.36 (KHTML, like Gecko; compatible; Amazonbot/0.1; +https://developer.amazon.com/support/amazonbot) Chrome/119.0.6045.214 Safari/537.36"
66.249.73.128 - - [29/Apr/2025:13:04:07 -0400] "GET /?o=5798930918903&channel=51dea0&from=product.php%3Fid%3D309189-219%26name%3D%E7%89%B9%E5%88%A5%E4%BE%A1%E6%A0%BC%E3%81%A7%E5%88%83%E3%82%92%E7%84%BC%E3%81%8F%E9%87%91++%E6%A8%A1%E9%80%A0%E5%88%80+%E6%A8%A1%E6%93%AC%E5%88%80+%E6%97%A5%E6%9C%AC%E5%88%80+%E5%B1%85%E5%90%88%E5%88%80+%E5%88%80%E8%A3%85%E5%85%B7+%E5%A4%AA%E5%88%80++%E8%BB%8D%E5%88%80 HTTP/1.1" 200 52702 "-" "Mozilla/5.0 (Linux; Android 6.0.1; Nexus 5X Build/MMB29P) AppleWebKit/537.36 (KHTML, like Gecko) Chrome/135.0.7049.95 Mobile Safari/537.36 (compatible; Googlebot/2.1; +http://www.google.com/bot.html)"
66.249.73.128 - - [29/Apr/2025:13:04:08 -0400] "GET /?o=7293027841101&channel=f0e223&from=pin.php%3Fid%3D278411-12864%26name%3D%E3%80%90%E7%BE%8E%E5%93%81%E3%80%91Dior%E3%80%80%E3%83%87%E3%82%A3%E3%82%AA%E3%83%BC%E3%83%AB%E3%80%80%E3%82%AB%E3%83%95%E3%82%B9%E3%83%BB%E3%82%BF%E3%82%A4%E3%83%94%E3%83%B3%E3%82%BB%E3%83%83%E3%83%88%E3%80%80%E3%82%B4%E3%83%BC%E3%83%AB%E3%83%89%E3%80%80%E3%83%AD%E3%82%B4%E3%80%80%E3%83%A9%E3%82%A6%E3%83%B3%E3%83%89 HTTP/1.1" 200 53534 "-" "Mozilla/5.0 (Linux; Android 6.0.1; Nexus 5X Build/MMB29P) AppleWebKit/537.36 (KHTML, like Gecko) Chrome/135.0.7049.95 Mobile Safari/537.36 (compatible; Googlebot/2.1; +http://www.google.com/bot.html)"
40.77.167.77 - - [29/Apr/2025:13:04:41 -0400] "GET /?o=4290931805401&channel=f8e086&from=form.php%3Fid%3D318054-2608%26name%3D%E3%80%90%E3%83%96%E3%83%AD%E3%82%AB%E3%83%B3%E3%83%88%E3%80%91+%E5%BD%AB%E5%88%BB+%E3%82%A4%E3%83%B3%E3%83%86%E3%83%AA%E3%82%A2+%E7%BD%AE%E7%89%A9+%E3%83%AC%E3%83%AA%E3%83%BC%E3%83%95+%E9%B3%B3%E5%87%B0+%E5%A3%81%E6%8E%9B%E3%81%91+%E3%82%B3%E3%83%AC%E3%82%AF%E3%82%B7%E3%83%A7%E3%83%B3+%E6%9C%A8%E5%BD%AB HTTP/1.1" 200 0 "-" "Mozilla/5.0 AppleWebKit/537.36 (KHTML, like Gecko; compatible; bingbot/2.0; +http://www.bing.com/bingbot.htm) Chrome/116.0.1938.76 Safari/537.36"
66.249.73.128 - - [29/Apr/2025:13:04:51 -0400] "GET /?o=20020108095813&channel=fddda4&from=category-info.php%3Fid%3D1080958-2082%26name%3D%E3%80%90UCHINO%E5%85%AC%E5%BC%8F%E5%BA%97%E3%80%91%E3%82%A6%E3%83%81%E3%83%8E%E3%80%90%E9%80%81%E6%96%99%E7%84%A1%E6%96%99%E3%80%91%E3%83%9E%E3%82%B7%E3%83%A5%E3%83%9E%E3%83%AD%E3%82%AC%E3%83%BC%E3%82%BC+%E3%83%86%E3%83%B3%E3%83%88%E3%83%A9%E3%82%A4%E3%83%B3%E3%83%AF%E3%83%B3%E3%83%94%E3%83%BC%E3%82%B9%EF%BD%9C%E5%86%85%E9%87%8E+%E3%82%BF%E3%82%AA%E3%83%AB+%E4%BD%93%E5%9E%8B%E3%82%AB%E3%83%90%E3%83%BC+%E3%82%AB%E3%82%B8%E3%83%A5%E3%82%A2%E3%83%AB+%E5%88%87%E6%9B%BF%E3%83%A9%E3%82%A4%E3%83%B3+%E3%83%9D%E3%82%B1%E3%83%83%E3%83%88%E4%BB%98%E3%81%8D+%E7%B6%BF100%EF%BC%85+%E3%82%84%E3%81%95%E3%81%97%E3%81%84+%E6%9F%94%E3%82%89%E3%81%8B+%E9%80%9F%E4%B9%BE+%E4%BF%9D%E6%B8%A9+%E9%80%9A%E6%B0%97+%E5%90%B8%E6%B9%BF+%E5%90%B8%E6%B0%B4+%E3%83%97%E3%83%AC%E3%82%BC%E3%83%B3%E3%83%88+%E3%82%AE%E3%83%95%E3%83%88+%E8%AA%95%E7%94%9F%E6%97%A5 HTTP/1.1" 200 56978 "-" "Mozilla/5.0 (Linux; Android 6.0.1; Nexus 5X Build/MMB29P) AppleWebKit/537.36 (KHTML, like Gecko) Chrome/135.0.7049.95 Mobile Safari/537.36 (compatible; Googlebot/2.1; +http://www.google.com/bot.html)"
66.249.73.128 - - [29/Apr/2025:13:05:15 -0400] "GET /?o=71195179067100&channel=6b9556&from=article.php%3Fid%3D1790671-28669%26name%3D%5B%E3%83%8B%E3%83%A5%E3%83%BC%E3%83%A8%E3%83%BC%E3%82%AB%E3%83%BC%5D+%E3%83%84%E3%82%A4%E3%83%AB%E3%83%81%E3%82%A7%E3%83%83%E3%82%AF+%E9%95%B7%E8%A2%96%E3%83%86%E3%83%BC%E3%83%A9%E3%83%BC%E3%83%89%E3%83%91%E3%82%B8%E3%83%A3%E3%83%9E+72988990+%E3%82%82%E3%81%90%E3%82%8A HTTP/1.1" 200 53260 "-" "Mozilla/5.0 (Linux; Android 6.0.1; Nexus 5X Build/MMB29P) AppleWebKit/537.36 (KHTML, like Gecko) Chrome/135.0.7049.95 Mobile Safari/537.36 (compatible; Googlebot/2.1; +http://www.google.com/bot.html)"
66.249.73.129 - - [29/Apr/2025:13:05:18 -0400] "GET /?o=7977827429800&channel=dd1b77&from=blog.php%3Fid%3D274298-7612%26name%3D%E3%83%96%E3%83%AA%E3%83%82%E3%82%B9%E3%83%88%E3%83%B3+PHYZ%282014%29+%E3%82%A2%E3%82%A4%E3%82%A2%E3%83%B3+PHYZ+PZ-504I HTTP/1.1" 200 53857 "-" "Mozilla/5.0 (Linux; Android 6.0.1; Nexus 5X Build/MMB29P) AppleWebKit/537.36 (KHTML, like Gecko) Chrome/135.0.7049.95 Mobile Safari/537.36 (compatible; Googlebot/2.1; +http://www.google.com/bot.html)"
18.97.9.175 - - [29/Apr/2025:13:05:20 -0400] "GET /bocoran-togel-sgp-kamis-11-januari-2024/ HTTP/1.1" 200 0 "-" "CCBot/2.0 (https://commoncrawl.org/faq/)"
207.46.13.64 - - [29/Apr/2025:13:05:33 -0400] "GET /?o=47918104622200&channel=17c499&from=category-info.php%3Fid%3D1046222-13374%26name%3DDD%E3%82%B0%E3%83%AB%E3%83%BC%E3%83%97%EF%BC%88DD%E3%83%9B%E3%83%BC%E3%83%AB%E3%83%87%E3%82%A3%E3%83%B3%E3%82%B0%E3%82%B9%EF%BC%89%E3%80%80%E6%A0%AA%E4%B8%BB%E5%84%AA%E5%BE%85%E3%80%8024000%E5%86%86%E5%88%86 HTTP/1.1" 200 0 "-" "Mozilla/5.0 AppleWebKit/537.36 (KHTML, like Gecko; compatible; bingbot/2.0; +http://www.bing.com/bingbot.htm) Chrome/116.0.1938.76 Safari/537.36"
52.167.144.168 - - [29/Apr/2025:13:05:33 -0400] "GET /?o=91178110703300&channel=76a590&from=jp.php%3Fid%3D1107033-3474%26name%3D%E3%83%9E%E3%82%B9%E3%82%BF%E3%83%BC%E3%83%9E%E3%82%A4%E3%83%B3%E3%83%89+MMP-8130%E7%94%A8%E6%B4%97%E6%B5%84%E6%B6%B2+20L+maCW-20 HTTP/1.1" 200 0 "-" "Mozilla/5.0 AppleWebKit/537.36 (KHTML, like Gecko; compatible; bingbot/2.0; +http://www.bing.com/bingbot.htm) Chrome/116.0.1938.76 Safari/537.36"
66.249.73.128 - - [29/Apr/2025:13:05:47 -0400] "GET /?o=3769395710426&channel=32baac&from=jp.php%3Fid%3D957104-1509%26name%3D%E3%83%AC%E3%83%BC%E3%82%B9%E3%82%AE%E3%83%A3%E3%82%B6%E3%83%BC%E3%82%B7%E3%83%A7%E3%83%BC%E3%83%88%E3%83%96%E3%83%A9%E3%82%A6%E3%82%B9 HTTP/1.1" 200 52470 "-" "Mozilla/5.0 (Linux; Android 6.0.1; Nexus 5X Build/MMB29P) AppleWebKit/537.36 (KHTML, like Gecko) Chrome/135.0.7049.95 Mobile Safari/537.36 (compatible; Googlebot/2.1; +http://www.google.com/bot.html)"
40.77.167.77 - - [29/Apr/2025:13:06:20 -0400] "GET /?o=1137997834108&channel=8fb590&from=category-info.php%3Fid%3D978341-22448%26name%3D%5BSTOBOK%5D+10%E5%80%8B+%E9%87%9D+%E9%A1%8D%E7%B8%81%E3%82%AD%E3%83%83%E3%83%88+%E3%83%90%E3%83%83%E3%82%AF%E3%83%AB+%E3%83%9E%E3%82%AF%E3%83%A9%E3%83%A1+%E8%B2%A1%E5%B8%83d%E3%83%AA%E3%83%B3%E3%82%B0+%E3%83%99%E3%83%AB%E3%83%88+%E3%82%B9%E3%82%BF%E3%83%83%E3%83%89+%E3%83%81%E3%82%A7%E3%83%BC%E3%83%B3%E3%83%AA%E3%83%B3%E3%82%AF%E3%82%B3%E3%83%8D%E3%82%AF%E3%82%BF+%E5%90%8A%E3%82%8A%E4%B8%8B%E3%81%92%E3%83%95%E3%83%83%E3%82%AF HTTP/1.1" 200 0 "-" "Mozilla/5.0 AppleWebKit/537.36 (KHTML, like Gecko; compatible; bingbot/2.0; +http://www.bing.com/bingbot.htm) Chrome/116.0.1938.76 Safari/537.36"
66.249.73.130 - - [29/Apr/2025:13:06:35 -0400] "GET /?o=62479152573900&channel=42dc97&from=news.php%3Fid%3D1525739-2065%26name%3D%E3%80%90ZEES+%E3%83%95%E3%83%AD%E3%83%B3%E3%83%88%E3%83%91%E3%82%A4%E3%83%97%E3%80%91Z15A%2FZ16A%E4%B8%89%E8%8F%B1GTO%28TB%29%3CBR%3E%E3%80%90%E3%82%B9%E3%82%BF%E3%83%B3%E3%83%80%E3%83%BC%E3%83%89%E3%80%91 HTTP/1.1" 200 56990 "-" "Mozilla/5.0 (Linux; Android 6.0.1; Nexus 5X Build/MMB29P) AppleWebKit/537.36 (KHTML, like Gecko) Chrome/135.0.7049.95 Mobile Safari/537.36 (compatible; Googlebot/2.1; +http://www.google.com/bot.html)"
18.97.9.175 - - [29/Apr/2025:13:06:41 -0400] "GET /tag/syair-togel-toto-macau-22-00-wib/page/2/ HTTP/1.1" 200 0 "-" "CCBot/2.0 (https://commoncrawl.org/faq/)"
66.249.73.129 - - [29/Apr/2025:13:06:43 -0400] "GET /?o=48410129978708&channel=869dc1&from=shop.php%3Fid%3D1299787-14389%26name%3DNSaG+%E3%82%A6%E3%83%A9%E3%83%B3%E3%82%AC%E3%83%A9%E3%82%B9+%E3%83%97%E3%83%AC%E3%82%B9%E3%82%AC%E3%83%A9%E3%82%B9+%E3%83%AA%E3%82%AD%E3%83%A5%E3%83%BC%E3%83%AB%E6%9D%AF+%E3%82%B7%E3%82%A7%E3%83%AA%E3%83%BC%E3%82%B0%E3%83%A9%E3%82%B9 HTTP/1.1" 200 54675 "-" "Mozilla/5.0 (Linux; Android 6.0.1; Nexus 5X Build/MMB29P) AppleWebKit/537.36 (KHTML, like Gecko) Chrome/135.0.7049.95 Mobile Safari/537.36 (compatible; Googlebot/2.1; +http://www.google.com/bot.html)"
157.55.39.194 - - [29/Apr/2025:13:07:13 -0400] "GET /?o=7729920221403&channel=eefc23&from=info.php%3Fid%3D202214-4841%26name%3D011Artistic+%E3%82%BC%E3%83%AD%E3%83%AF%E3%83%B3%E3%83%AF%E3%83%B3%E3%82%A2%E3%83%BC%E3%83%86%E3%82%A3%E3%82%B9%E3%83%86%E3%82%A3%E3%83%83%E3%82%AF+DOUBLE+FLY+%E3%83%80%E3%83%96%E3%83%AB%E3%83%95%E3%83%A9%E3%82%A4+%E3%80%90+%E6%9D%BF+%E3%82%B9%E3%83%8E%E3%83%BC%E3%83%9C%E3%83%BC%E3%83%89+%E3%82%B9%E3%83%8E%E3%83%BC+%E6%97%A5%E6%9C%AC%E6%AD%A3%E8%A6%8F%E5%93%81+%E3%80%91 HTTP/1.1" 200 0 "-" "Mozilla/5.0 AppleWebKit/537.36 (KHTML, like Gecko; compatible; bingbot/2.0; +http://www.bing.com/bingbot.htm) Chrome/116.0.1938.76 Safari/537.36"
66.249.73.130 - - [29/Apr/2025:13:07:30 -0400] "GET /?o=5786379469103&channel=96f31c&from=pin.php%3Fid%3D794691-20897%26name%3D%E3%83%9C%E3%82%A6%E3%83%AA%E3%83%B3%E3%82%B0%E7%94%A8%E3%82%B7%E3%83%A3%E3%83%9F%E3%83%BC%E9%95%B7%E6%96%B9%E5%BD%A2%28%E7%B4%BA%26amp%3B%E6%B0%B4%E8%89%B2%C3%97%E8%96%84%E8%8C%B6%29 HTTP/1.1" 200 54511 "-" "Mozilla/5.0 (Linux; Android 6.0.1; Nexus 5X Build/MMB29P) AppleWebKit/537.36 (KHTML, like Gecko) Chrome/135.0.7049.95 Mobile Safari/537.36 (compatible; Googlebot/2.1; +http://www.google.com/bot.html)"
66.249.73.129 - - [29/Apr/2025:13:07:49 -0400] "GET /?o=8281547535310&channel=d3ed90&from=jp.php%3Fid%3D475353-11293%26name%3D%E3%83%8B%E3%83%83%E3%83%88%E5%B8%BD+%E3%83%8B%E3%83%83%E3%83%88%E3%82%AD%E3%83%A3%E3%83%83%E3%83%97+KILT+BOA+HOOD2+%E3%83%A1%E3%83%B3%E3%82%BA+%E3%83%AC%E3%83%87%E3%82%A3%E3%83%BC%E3%82%B9 HTTP/1.1" 200 53808 "-" "Mozilla/5.0 (Linux; Android 6.0.1; Nexus 5X Build/MMB29P) AppleWebKit/537.36 (KHTML, like Gecko) Chrome/135.0.7049.95 Mobile Safari/537.36 (compatible; Googlebot/2.1; +http://www.google.com/bot.html)"
18.97.9.175 - - [29/Apr/2025:13:08:10 -0400] "GET /erek-erek-23-di-buku-mimpi-bergambar-lengkap/ HTTP/1.1" 200 0 "-" "CCBot/2.0 (https://commoncrawl.org/faq/)"
66.249.73.128 - - [29/Apr/2025:13:08:28 -0400] "GET /?o=49529104312800&channel=904b86&from=category-info.php%3Fid%3D1043128-8065%26name%3DPOLA+%E3%83%91%E3%83%B3%E3%82%BB+%E3%83%89+%E3%83%96%E3%83%BC%E3%82%B1+%E3%83%9C%E3%83%87%E3%82%A3%E3%82%B7%E3%83%A3%E3%83%B3%E3%83%97%E3%83%BC%E3%82%BB%E3%83%83%E3%83%88 HTTP/1.1" 200 52920 "-" "Mozilla/5.0 (Linux; Android 6.0.1; Nexus 5X Build/MMB29P) AppleWebKit/537.36 (KHTML, like Gecko) Chrome/135.0.7049.114 Mobile Safari/537.36 (compatible; Googlebot/2.1; +http://www.google.com/bot.html)"
66.249.73.128 - - [29/Apr/2025:13:08:32 -0400] "GET /?o=0325497058102&channel=132d1f&from=shop.php%3Fid%3D970581-7166%26name%3D%E7%B5%B6%E5%93%81%E3%80%80%E5%BE%A1%E5%A2%A8%E3%80%80%E6%96%87%E9%83%A8%E7%9C%81%E6%89%80%E5%96%B6%E3%80%80%E6%97%A5%E6%9C%AC%E5%A5%89%E4%BB%95%E4%BC%9A%E3%80%80%E9%B9%BF%E3%80%80%E7%A6%8F%E5%AF%BF+%E7%8E%84%E6%9E%97%E5%A0%82%E3%80%80%E6%A5%B5%E5%93%81%E6%B2%B9%E7%85%99%E3%80%80%E7%B4%84%EF%BC%99%EF%BC%8E%EF%BC%92x%EF%BC%95%EF%BC%8E%EF%BC%98x%EF%BC%91cm%E3%80%80%E9%87%8D%EF%BC%97%EF%BC%94g%E3%80%80%E9%87%8D%E3%81%95%EF%BC%92%EF%BC%92%EF%BD%87%E3%80%80%E5%8F%A4%E5%A2%A8%E3%80%80%E5%94%90%E5%A2%A8%E3%80%80%E6%9B%B8%E9%81%93%E5%85%B7 HTTP/1.1" 200 54440 "-" "Mozilla/5.0 (Linux; Android 6.0.1; Nexus 5X Build/MMB29P) AppleWebKit/537.36 (KHTML, like Gecko) Chrome/135.0.7049.95 Mobile Safari/537.36 (compatible; Googlebot/2.1; +http://www.google.com/bot.html)"
66.249.73.128 - - [29/Apr/2025:13:09:00 -0400] "GET /?o=877787441401&channel=01b0be&from=shop.php%3Fid%3D74414-1877%26name%3D%E3%80%90%E6%96%B0%E5%93%81%E6%9C%AA%E4%BD%BF%E7%94%A8%E3%80%91%E3%82%B1%E3%83%A9%E3%83%83%E3%82%BF%E3%80%80%E3%83%97%E3%83%AC%E3%82%A4%E3%83%9E%E3%83%83%E3%83%88200%C3%97140%E3%80%80%E3%82%B7%E3%83%BC%E3%83%A0%E3%83%AC%E3%82%B9 HTTP/1.1" 200 54432 "-" "Mozilla/5.0 (Linux; Android 6.0.1; Nexus 5X Build/MMB29P) AppleWebKit/537.36 (KHTML, like Gecko) Chrome/135.0.7049.114 Mobile Safari/537.36 (compatible; Googlebot/2.1; +http://www.google.com/bot.html)"
66.249.73.128 - - [29/Apr/2025:13:09:06 -0400] "GET /?o=80905189613803&channel=ea740a&from=product.php%3Fid%3D1896138-6517%26name%3D%E9%87%91%E3%83%A1%E3%83%83%E3%82%AD+HDMI+A%2FM+TO+RCA3+%E5%A4%89%E6%8F%9B%E3%82%B1%E3%83%BC%E3%83%96%E3%83%AB+1.5m HTTP/1.1" 200 54780 "-" "Mozilla/5.0 (Linux; Android 6.0.1; Nexus 5X Build/MMB29P) AppleWebKit/537.36 (KHTML, like Gecko) Chrome/135.0.7049.114 Mobile Safari/537.36 (compatible; Googlebot/2.1; +http://www.google.com/bot.html)"
66.249.73.128 - - [29/Apr/2025:13:09:10 -0400] "GET /?o=0161819522501&channel=1b03d3&from=jp.php%3Fid%3D195225-7194%26name%3D%E7%BE%8E%E5%93%81%E3%80%80%E3%83%AB%E3%82%A4%E3%83%B4%E3%82%A3%E3%83%88%E3%83%B3%E3%80%80%E3%83%90%E3%83%BC%E3%82%B0%E3%82%A2%E3%83%B3%E3%82%AF%E3%83%AB%E3%83%BC%E3%82%B8%E3%83%A7%E3%83%B3%E3%83%AA%E3%83%B3%E3%82%B0%E3%80%80%E4%BF%9D%E5%AD%98%E8%A2%8B%E3%80%80%E7%AE%B1%E4%BB%98 HTTP/1.1" 200 52661 "-" "Mozilla/5.0 (Linux; Android 6.0.1; Nexus 5X Build/MMB29P) AppleWebKit/537.36 (KHTML, like Gecko) Chrome/135.0.7049.95 Mobile Safari/537.36 (compatible; Googlebot/2.1; +http://www.google.com/bot.html)"
18.97.9.175 - - [29/Apr/2025:13:09:51 -0400] "GET /tag/prediksi-toto-macau-13-00-wib/page/2/ HTTP/1.1" 200 0 "-" "CCBot/2.0 (https://commoncrawl.org/faq/)"
66.249.73.129 - - [29/Apr/2025:13:10:17 -0400] "GET /?o=82224133253801&channel=4678d1&from=product.php%3Fid%3D1332538-24744%26name%3D%E3%82%AD%E3%83%83%E3%83%81%E3%83%B3%E3%82%AB%E3%83%BC%E3%83%88+%E9%85%8D%E8%86%B3%E3%83%AF%E3%82%B4%E3%83%B3+3%E6%AE%B5+%E3%82%B9%E3%83%86%E3%83%B3%E3%83%AC%E3%82%B9+%E3%82%AD%E3%83%83%E3%83%81%E3%83%B3%E3%83%AF%E3%82%B4%E3%83%B3750x400x835MM+%E3%82%B5%E3%83%BC%E3%83%93%E3%82%B9%E3%82%AB%E3%83%BC%E3%83%88+%E9%85%8D%E8%86%B3%E8%BB%8A+%E3%82%B5%E3%83%BC%E3%83%93%E3%82%B9%E3%83%AF%E3%82%B4%E3%83%B3+%E3%82%AD%E3%83%A3 HTTP/1.1" 200 53301 "-" "Mozilla/5.0 (Linux; Android 6.0.1; Nexus 5X Build/MMB29P) AppleWebKit/537.36 (KHTML, like Gecko) Chrome/135.0.7049.95 Mobile Safari/537.36 (compatible; Googlebot/2.1; +http://www.google.com/bot.html)"
66.249.73.129 - - [29/Apr/2025:13:10:21 -0400] "GET /?o=58822133406406&channel=eff1cb&from=form.php%3Fid%3D1334064-6041%26name%3DTIFFANY%26CO.%E2%9C%A8%E3%82%AA%E3%83%BC%E3%83%97%E3%83%B3%E3%83%8F%E3%83%BC%E3%83%88%E3%80%80%E3%83%8D%E3%83%83%E3%82%AF%E3%83%AC%E3%82%B9%E3%80%80925+16mm+%E6%AD%A3%E8%A6%8F%E5%93%81 HTTP/1.1" 200 55177 "-" "Mozilla/5.0 (Linux; Android 6.0.1; Nexus 5X Build/MMB29P) AppleWebKit/537.36 (KHTML, like Gecko) Chrome/135.0.7049.114 Mobile Safari/537.36 (compatible; Googlebot/2.1; +http://www.google.com/bot.html)"
66.249.73.128 - - [29/Apr/2025:13:10:27 -0400] "GET /?o=41303166179101&channel=9baa0b&from=info.php%3Fid%3D1661791-25661%26name%3D%E3%82%B7%E3%83%A3%E3%83%AF%E3%83%BC%E8%A8%AD%E5%82%99%E3%80%812%E6%A9%9F%E8%83%BD%E3%83%AC%E3%82%A4%E3%83%B3%E3%82%B7%E3%83%A3%E3%83%AF%E3%83%BC%E3%82%B7%E3%82%B9%E3%83%86%E3%83%A0%E3%80%81%E5%A3%81%E5%8F%96%E3%82%8A%E4%BB%98%E3%81%91%E5%BC%8F%E3%83%AC%E3%82%A4%E3%83%B3%E3%83%9F%E3%82%AD%E3%82%B5%E3%83%BC%E3%82%B7%E3%83%A3%E3%83%AF%E3%83%BC%E3%82%B3%E3%83%B3%E3%83%9C%E3%82%BB%E3%83%83%E3%83%88%E3%80%81%E3%82%B7%E3%83%A3%E3%83%AF%E3%83%BC%E3%83%98%E3%83%83%E3%83%89%E3%80%81%E3%83%8F%E3%83%B3%E3%83%89%E3%83%98%E3%83%AB%E3%83%89%E3%82%B7%E3%83%A3%E3%83%AF%E3%83%BC%E4%BB%98%E3%81%8D HTTP/1.1" 200 54598 "-" "Mozilla/5.0 (Linux; Android 6.0.1; Nexus 5X Build/MMB29P) AppleWebKit/537.36 (KHTML, like Gecko) Chrome/135.0.7049.95 Mobile Safari/537.36 (compatible; Googlebot/2.1; +http://www.google.com/bot.html)"
18.97.9.175 - - [29/Apr/2025:13:10:54 -0400] "GET /bocoran-togel-toto-macau-22-00/page/2/ HTTP/1.1" 200 0 "-" "CCBot/2.0 (https://commoncrawl.org/faq/)"
66.249.73.130 - - [29/Apr/2025:13:11:06 -0400] "GET /?o=7927162600900&channel=42dc97&from=news.php%3Fid%3D626009-2065%26name%3D%E3%82%B7%E3%83%BC%E3%83%88%E3%82%AB%E3%83%90%E3%83%BC+%E8%BB%8A+%E3%82%A8%E3%83%96%E3%83%AA%E3%82%A3+DA17V+%E3%82%B9%E3%82%BA%E3%82%AD+%E3%82%A2%E3%83%AB%E3%83%86%E3%82%A3%E3%83%8A+%E3%83%87%E3%83%8B%E3%83%A0+9701+Artina HTTP/1.1" 200 55303 "-" "Mozilla/5.0 (Linux; Android 6.0.1; Nexus 5X Build/MMB29P) AppleWebKit/537.36 (KHTML, like Gecko) Chrome/135.0.7049.95 Mobile Safari/537.36 (compatible; Googlebot/2.1; +http://www.google.com/bot.html)"
