66.249.79.8 - - [29/Apr/2025:07:56:17 -0400] "GET /?o=26272146157202&channel=5bd4ea&from=form.php%3Fid%3D1461572-11997%26name%3DGORI%E6%A7%98%E5%B0%82%E7%94%A8+OF+GOD+bull+riding+vest+%28S%2FM%29 HTTP/1.1" 200 54529 "-" "Mozilla/5.0 (Linux; Android 6.0.1; Nexus 5X Build/MMB29P) AppleWebKit/537.36 (KHTML, like Gecko) Chrome/135.0.7049.95 Mobile Safari/537.36 (compatible; Googlebot/2.1; +http://www.google.com/bot.html)"
66.249.79.8 - - [29/Apr/2025:07:56:27 -0400] "GET /?o=7354881362610&channel=5d4588&from=jp.php%3Fid%3D813626-1022%26name%3D%E7%BE%8E%E5%93%81%E3%80%90%E3%82%B1%E3%83%BC%E3%82%B9%E4%BB%98%E3%80%91ZETT+BLACKCANNON-X+%E3%83%90%E3%83%83%E3%83%88+84cm+720g HTTP/1.1" 200 52805 "-" "Mozilla/5.0 (Linux; Android 6.0.1; Nexus 5X Build/MMB29P) AppleWebKit/537.36 (KHTML, like Gecko) Chrome/135.0.7049.95 Mobile Safari/537.36 (compatible; Googlebot/2.1; +http://www.google.com/bot.html)"
66.249.79.8 - - [29/Apr/2025:07:56:56 -0400] "GET /?o=30603111208206&channel=4c3e36&from=shop.php%3Fid%3D1112082-322%26name%3D%E3%83%9F%E3%82%BA%E3%83%8E%E3%80%80%E7%A1%AC%E5%BC%8F%E3%82%B0%E3%83%A9%E3%83%96%E3%80%80%E5%86%85%E9%87%8E%E6%89%8B%E7%94%A8%E3%80%801AJGH27433++%E3%83%A9%E3%83%87%E3%82%A3%E3%83%83%E3%82%B7%E3%83%A5 HTTP/1.1" 200 54989 "-" "Mozilla/5.0 (Linux; Android 6.0.1; Nexus 5X Build/MMB29P) AppleWebKit/537.36 (KHTML, like Gecko) Chrome/135.0.7049.95 Mobile Safari/537.36 (compatible; Googlebot/2.1; +http://www.google.com/bot.html)"
66.249.79.1 - - [29/Apr/2025:07:57:40 -0400] "GET /?o=52478111728000&channel=eff1cb&from=category-info.php%3Fid%3D1117280-6041%26name%3Dbizoux+%E3%83%91%E3%83%91%E3%83%A9%E3%83%81%E3%82%A2%E3%82%B5%E3%83%95%E3%82%A1%E3%82%A4%E3%82%A2+K18+WG+%E3%83%8D%E3%83%83%E3%82%AF%E3%83%AC%E3%82%B9 HTTP/1.1" 200 54951 "-" "Mozilla/5.0 (Linux; Android 6.0.1; Nexus 5X Build/MMB29P) AppleWebKit/537.36 (KHTML, like Gecko) Chrome/135.0.7049.95 Mobile Safari/537.36 (compatible; Googlebot/2.1; +http://www.google.com/bot.html)"
66.249.79.1 - - [29/Apr/2025:07:58:10 -0400] "GET /?o=71612104648103&channel=e93305&from=form.php%3Fid%3D1046481-561%26name%3D%E3%80%90%E5%8D%B3%E7%B4%8D%E5%8F%AF%E3%80%91TUFFSTUFF+%E3%82%BF%E3%83%95%E3%82%B9%E3%82%BF%E3%83%83%E3%83%95+CHL-305WS+%E3%83%8F%E3%82%A4%E3%83%AD%E3%83%BC%E3%82%A6%E3%82%A7%E3%82%A4%E3%83%88%E3%82%B9%E3%82%BF%E3%83%83%E3%82%AF%E5%BC%8F%2F%E3%83%8F%E3%82%A4%E3%83%AD%E3%83%BC%E3%83%97%E3%83%BC%E3%83%AA%E3%83%BC%E3%80%80%E3%82%A2%E3%82%BF%E3%83%83%E3%83%81%E3%83%A1%E3%83%B3%E3%83%88++%E6%97%A5%E6%9C%AC%E7%B7%8F%E4%BB%A3%E7%90%86%E5%BA%97+%7C%E3%82%B1%E3%83%BC%E3%83%96%E3%83%AB HTTP/1.1" 200 54325 "-" "Mozilla/5.0 (Linux; Android 6.0.1; Nexus 5X Build/MMB29P) AppleWebKit/537.36 (KHTML, like Gecko) Chrome/135.0.7049.95 Mobile Safari/537.36 (compatible; Googlebot/2.1; +http://www.google.com/bot.html)"
157.55.39.204 - - [29/Apr/2025:07:58:16 -0400] "GET /?o=86017115179406&channel=117486&from=product.php%3Fid%3D1151794-13270%26name%3DJAYIOLA+5x+%E3%83%9D%E3%83%BC%E3%82%BF%E3%83%96%E3%83%AB+%E3%83%9F%E3%83%8B+%E3%83%92%E3%83%BC%E3%83%88%E3%82%B7%E3%83%BC%E3%83%A9%E3%83%BC+%E3%82%B7%E3%83%BC%E3%83%AA%E3%83%B3%E3%82%B0%E3%83%9E%E3%82%B7%E3%83%B3+%E3%83%9C%E3%83%BC%E3%83%AB+%E3%82%B7%E3%83%A5%E3%83%AA%E3%83%B3%E3%82%AF%E3%83%A9%E3%83%83%E3%83%97%E3%83%90%E3%83%83%E3%82%B0%E7%94%A8 HTTP/1.1" 200 0 "-" "Mozilla/5.0 AppleWebKit/537.36 (KHTML, like Gecko; compatible; bingbot/2.0; +http://www.bing.com/bingbot.htm) Chrome/116.0.1938.76 Safari/537.36"
66.249.79.1 - - [29/Apr/2025:07:58:31 -0400] "GET /?o=59016132401305&channel=2a1885&from=news.php%3Fid%3D1324013-2162%26name%3DUGG+%E3%83%9B%E3%83%AF%E3%82%A4%E3%83%88+%E3%82%B9%E3%82%A8%E3%83%BC%E3%83%89+%E3%82%B9%E3%83%8B%E3%83%BC%E3%82%AB%E3%83%BC HTTP/1.1" 200 55700 "-" "Mozilla/5.0 (Linux; Android 6.0.1; Nexus 5X Build/MMB29P) AppleWebKit/537.36 (KHTML, like Gecko) Chrome/135.0.7049.95 Mobile Safari/537.36 (compatible; Googlebot/2.1; +http://www.google.com/bot.html)"
66.249.79.8 - - [29/Apr/2025:07:58:48 -0400] "GET /?o=0099122616909&channel=391c02&from=pin.php%3Fid%3D226169-1802%26name%3D%E3%80%90%E3%82%B8%E3%83%A7%E3%83%BC%E3%82%B8%E3%83%99%E3%83%B3%E6%A7%98%E5%B0%82%E7%94%A8%E3%80%91Sugi+-+DS499+%E3%81%8B%E3%81%9B%E3%82%93 HTTP/1.1" 200 53693 "-" "Mozilla/5.0 (Linux; Android 6.0.1; Nexus 5X Build/MMB29P) AppleWebKit/537.36 (KHTML, like Gecko) Chrome/135.0.7049.95 Mobile Safari/537.36 (compatible; Googlebot/2.1; +http://www.google.com/bot.html)"
66.249.79.8 - - [29/Apr/2025:07:58:52 -0400] "GET /css_9ab0ca8ef175136410d4b7375b02bd19/_public_bundle_sp.bundle.min HTTP/1.1" 200 62470 "https://bocorantogeljitu.co/?o=71612104648103&channel=e93305&from=form.php%3Fid%3D1046481-561%26name%3D%E3%80%90%E5%8D%B3%E7%B4%8D%E5%8F%AF%E3%80%91TUFFSTUFF+%E3%82%BF%E3%83%95%E3%82%B9%E3%82%BF%E3%83%83%E3%83%95+CHL-305WS+%E3%83%8F%E3%82%A4%E3%83%AD%E3%83%BC%E3%82%A6%E3%82%A7%E3%82%A4%E3%83%88%E3%82%B9%E3%82%BF%E3%83%83%E3%82%AF%E5%BC%8F%2F%E3%83%8F%E3%82%A4%E3%83%AD%E3%83%BC%E3%83%97%E3%83%BC%E3%83%AA%E3%83%BC%E3%80%80%E3%82%A2%E3%82%BF%E3%83%83%E3%83%81%E3%83%A1%E3%83%B3%E3%83%88++%E6%97%A5%E6%9C%AC%E7%B7%8F%E4%BB%A3%E7%90%86%E5%BA%97+%7C%E3%82%B1%E3%83%BC%E3%83%96%E3%83%AB" "Mozilla/5.0 (Linux; Android 6.0.1; Nexus 5X Build/MMB29P) AppleWebKit/537.36 (KHTML, like Gecko) Chrome/134.0.6998.165 Mobile Safari/537.36 (compatible; Googlebot/2.1; +http://www.google.com/bot.html)"
52.167.144.161 - - [29/Apr/2025:07:59:11 -0400] "GET /?o=78293172505507&channel=0305c1&from=goods.php%3Fid%3D1725055-8481%26name%3D%5BKawoly%5D%E3%82%AB%E3%82%BB%E3%83%83%E3%83%88%E3%83%9C%E3%83%B3%E3%83%99%E3%82%B1%E3%83%BC%E3%82%B9+%E9%98%B2%E7%81%BD%E5%AF%BE%E5%BF%9C+%E8%80%90%E7%86%B1%E9%98%B2%E7%81%AB%E7%B4%A0%E6%9D%90+%E5%A4%9A%E6%A9%9F%E8%83%BD%E5%8F%8E%E7%B4%8D%E3%83%90%E3%83%83%E3%82%B0+CB%E7%BC%B6%2F%E3%82%AC%E3%82%B9%E3%82%AB%E3%83%BC%E3%83%88%E3%83%AA%E3%83%83%E3%82%B8%E5%AF%BE%E5%BF%9C+%E3%82%A2%E3%82%A6%E3%83%88%E3%83%89%E3%82%A2%2F%E3%82%AD%E3%83%A3%E3%83%B3%E3%83%97%2F HTTP/1.1" 200 0 "-" "Mozilla/5.0 AppleWebKit/537.36 (KHTML, like Gecko; compatible; bingbot/2.0; +http://www.bing.com/bingbot.htm) Chrome/116.0.1938.76 Safari/537.36"
66.249.79.2 - - [29/Apr/2025:07:59:35 -0400] "GET /?o=97202111498407&channel=3655f0&from=news.php%3Fid%3D1114984-11083%26name%3D%E3%83%86%E3%82%A3%E3%83%B3%E3%83%90%E3%83%BC%E3%83%A9%E3%83%B3%E3%83%89%E3%80%80%E3%82%B9%E3%83%AA%E3%83%BC%E3%82%A2%E3%82%A4%E3%80%803eye%E3%80%80%E3%83%8C%E3%83%90%E3%83%83%E3%82%AF%E3%80%8025cm%E3%80%80%E9%BB%92 HTTP/1.1" 200 53810 "-" "Mozilla/5.0 (Linux; Android 6.0.1; Nexus 5X Build/MMB29P) AppleWebKit/537.36 (KHTML, like Gecko) Chrome/135.0.7049.95 Mobile Safari/537.36 (compatible; Googlebot/2.1; +http://www.google.com/bot.html)"
66.249.79.8 - - [29/Apr/2025:07:59:39 -0400] "GET /?o=48758162868503&channel=41333f&from=brands.php%3Fid%3D1628685-744%26name%3D%E6%97%A5%E7%AB%8B+%E7%82%8A%E9%A3%AF%E5%99%A8+IH%E6%96%B9%E5%BC%8F+RZ-TS104M+%E3%81%B5%E3%81%A3%E3%81%8F%E3%82%89%E5%BE%A1%E8%86%B3+5.5%E5%90%88%E7%82%8A%E3%81%8D+2020%E5%B9%B4%E8%A3%BD+%E3%83%AB%E3%83%93%E3%83%BC%E3%83%AC%E3%83%83%E3%83%89+%E5%9C%A7%E5%8A%9B%EF%BC%86%E3%82%B9%E3%83%81%E3%83%BC%E3%83%A0+%E6%B2%B8%E9%A8%B0%E9%89%84%E9%87%9C+HITACHI+%E6%9C%AD%E5%B9%8C%E5%B8%82+%E5%B9%B3%E5%B2%B8%E5%BA%97 HTTP/1.1" 200 54266 "-" "Mozilla/5.0 (Linux; Android 6.0.1; Nexus 5X Build/MMB29P) AppleWebKit/537.36 (KHTML, like Gecko) Chrome/135.0.7049.95 Mobile Safari/537.36 (compatible; Googlebot/2.1; +http://www.google.com/bot.html)"
66.249.79.8 - - [29/Apr/2025:07:59:41 -0400] "GET /?o=51385135922800&channel=eff1cb&from=product.php%3Fid%3D1359228-6041%26name%3DSILVER+SNOW HTTP/1.1" 200 54894 "-" "Mozilla/5.0 (Linux; Android 6.0.1; Nexus 5X Build/MMB29P) AppleWebKit/537.36 (KHTML, like Gecko) Chrome/135.0.7049.95 Mobile Safari/537.36 (compatible; Googlebot/2.1; +http://www.google.com/bot.html)"
66.249.79.2 - - [29/Apr/2025:08:00:59 -0400] "GET /?o=44989161917213&channel=5d589a&from=brands.php%3Fid%3D1619172-4470%26name%3D%E3%83%95%E3%83%AB%E3%83%A9+%E3%82%AB%E3%83%BC%E3%83%89%E3%82%B1%E3%83%BC%E3%82%B9+%E3%83%AC%E3%83%87%E3%82%A3%E3%83%BC%E3%82%B9+FURLA+CAMELIA+WP00408+ARE000+%E3%82%AB%E3%83%A1%E3%83%AA%E3%82%A2+%E5%90%8D%E5%88%BA%E5%85%A5%E3%82%8C+%E3%82%A2%E3%83%BC%E3%83%81%E3%83%AD%E3%82%B4+%E3%83%AC%E3%82%B6%E3%83%BC+%E3%83%90%E3%82%A4%E3%82%AB%E3%83%A9%E3%83%BC+2025%E5%B9%B4%E6%98%A5%E5%A4%8F%E6%96%B0%E4%BD%9C HTTP/1.1" 200 53551 "-" "Mozilla/5.0 (Linux; Android 6.0.1; Nexus 5X Build/MMB29P) AppleWebKit/537.36 (KHTML, like Gecko) Chrome/135.0.7049.95 Mobile Safari/537.36 (compatible; Googlebot/2.1; +http://www.google.com/bot.html)"
66.249.79.8 - - [29/Apr/2025:08:01:16 -0400] "GET /?o=5998157048700&channel=2682e1&from=category-info.php%3Fid%3D570487-18110%26name%3D%E3%83%8A%E3%83%93%E3%82%B2%E3%83%BC%E3%82%B7%E3%83%A7%E3%83%B3%E3%83%96%E3%83%A9%E3%82%B1%E3%83%83%E3%83%88+2014-2021+%E7%94%A8+R1200RT+R1250RT+%E6%90%BA%E5%B8%AF%E9%9B%BB%E8%A9%B1USB%E3%83%8A%E3%83%93%E3%82%B2%E3%83%BC%E3%82%B7%E3%83%A7%E3%83%B3%E3%83%96%E3%83%A9%E3%82%B1%E3%83%83%E3%83%88+%E3%82%AA%E3%83%BC%E3%83%88%E3%83%90%E3%82%A4 HTTP/1.1" 200 55649 "-" "Mozilla/5.0 (Linux; Android 6.0.1; Nexus 5X Build/MMB29P) AppleWebKit/537.36 (KHTML, like Gecko) Chrome/135.0.7049.95 Mobile Safari/537.36 (compatible; Googlebot/2.1; +http://www.google.com/bot.html)"
40.77.167.4 - - [29/Apr/2025:08:01:33 -0400] "GET /?o=20568136871905&channel=87ccbd&from=shared.php%3Fid%3D1368719-3749%26name%3D%E3%83%A1%E3%83%B3%E3%82%BA%E7%B3%96%E5%B0%BF%E7%97%85%E6%82%A3%E8%80%85%E3%81%AE%E9%9D%B4%E3%81%AE%E5%BA%83%E3%81%84%E5%B9%85%E3%81%AE%E9%9D%B4%E3%80%82+%E8%B6%B3%E3%81%AE%E3%82%80%E3%81%8F%E3%81%BF%E8%AA%BF%E6%95%B4%E5%8F%AF%E8%83%BD%E3%81%AA%E5%A4%A7%E3%81%8D%E3%81%84%E3%82%B5%E3%82%A4%E3%82%BA%E3%81%AE%E3%82%A6%E3%82%A9%E3%83%BC%E3%82%AD%E3%83%B3%E3%82%B0%E3%82%B7%E3%83%A5%E3%83%BC%E3%82%BA%E3%80%82+%E3%82%A8%E3%82%AF%E3%82%B9%E3%83%88%E3%83%A9%E3%83%AF%E3%82%A4%E3%83%89%E6%95%B4%E5%BD%A2%E5%A4%96%E7%A7%91%E7%94%A8%E3%82%B3%E3%83%B3%E3%83%95%E3%82%A9%E3%83%BC%E3%83%88 HTTP/1.1" 200 0 "-" "Mozilla/5.0 AppleWebKit/537.36 (KHTML, like Gecko; compatible; bingbot/2.0; +http://www.bing.com/bingbot.htm) Chrome/116.0.1938.76 Safari/537.36"
40.77.167.4 - - [29/Apr/2025:08:01:34 -0400] "GET /?o=3550585829100&channel=001096&from=jp.php%3Fid%3D858291-1556%26name%3D%E7%A5%9E%E6%88%B8%E5%B8%82%E4%BA%8B%E6%A5%AD%E7%B3%BB%E3%81%94%E3%81%BF+%E5%8F%AF%E7%87%83%E3%81%94%E3%81%BF%E5%B0%82%E7%94%A8%E4%BA%8B%E6%A5%AD%E7%B3%BB90L+90%E3%83%AA%E3%83%83%E3%83%88%E3%83%AB+10%E6%9E%9A%C3%9710%E8%A2%8B100%E6%9E%9A HTTP/1.1" 200 0 "-" "Mozilla/5.0 AppleWebKit/537.36 (KHTML, like Gecko; compatible; bingbot/2.0; +http://www.bing.com/bingbot.htm) Chrome/116.0.1938.76 Safari/537.36"
66.249.79.8 - - [29/Apr/2025:08:01:38 -0400] "GET /?o=5988263866000&channel=995812&from=brands.php%3Fid%3D638660-3765%26name%3DMATREXX+55+V4+C%E3%80%80R-MATREXX55-BCADA4-G-4 HTTP/1.1" 200 54118 "-" "Mozilla/5.0 (Linux; Android 6.0.1; Nexus 5X Build/MMB29P) AppleWebKit/537.36 (KHTML, like Gecko) Chrome/135.0.7049.95 Mobile Safari/537.36 (compatible; Googlebot/2.1; +http://www.google.com/bot.html)"
66.249.79.1 - - [29/Apr/2025:08:02:05 -0400] "GET /?o=6278351873103&channel=3f3446&from=category-info.php%3Fid%3D518731-800%26name%3D%E2%AD%90%EF%B8%8F2021%E5%B9%B4%E8%A3%BD%E2%AD%90%EF%B8%8F%E4%BB%8A%E9%80%B1%E3%81%AE%E3%83%99%E3%82%B9%E3%83%88%E5%AE%B6%E9%9B%BB%E2%98%85%E6%B4%97%E6%BF%AF%E6%A9%9F%2F%E5%86%B7%E8%94%B5%E5%BA%AB%E2%9C%A8%E4%B8%80%E4%BA%BA%E6%9A%AE%E3%82%89%E3%81%97%E5%BF%9C%E6%8F%B4%E2%99%AC15 HTTP/1.1" 200 54095 "-" "Mozilla/5.0 (Linux; Android 6.0.1; Nexus 5X Build/MMB29P) AppleWebKit/537.36 (KHTML, like Gecko) Chrome/135.0.7049.95 Mobile Safari/537.36 (compatible; Googlebot/2.1; +http://www.google.com/bot.html)"
157.55.39.55 - - [29/Apr/2025:08:02:45 -0400] "GET /?o=1016824488205&channel=d66b88&from=shared.php%3Fid%3D244882-5845%26name%3D%E6%8C%87%E8%BC%AA+%E3%80%8Cles+bon+bon%E3%80%8Dadjustable+pearl+ring+BOB512+%E3%83%AC%E3%83%87%E3%82%A3%E3%83%BC%E3%82%B9 HTTP/1.1" 200 0 "-" "Mozilla/5.0 AppleWebKit/537.36 (KHTML, like Gecko; compatible; bingbot/2.0; +http://www.bing.com/bingbot.htm) Chrome/116.0.1938.76 Safari/537.36"
66.249.79.1 - - [29/Apr/2025:08:02:49 -0400] "GET /?o=0121317662002&channel=0851e6&from=pin.php%3Fid%3D176620-9975%26name%3D%E7%87%83%E6%96%99%E5%99%B4%E5%B0%84%E8%A3%85%E7%BD%AE+%E3%83%92%E3%83%A5%E3%83%B3%E3%83%80%E3%82%A4+i30+%E7%94%A8+%E3%82%BD%E3%83%8A%E3%82%BF+%E7%94%A8+%E3%82%A2%E3%82%AF%E3%82%BB%E3%83%B3%E3%83%88+%E7%94%A8+%E3%83%84%E3%83%BC%E3%82%BD%E3%83%B3+%E7%94%A8+0445110588+0445110589+3380 HTTP/1.1" 200 55032 "-" "Mozilla/5.0 (Linux; Android 6.0.1; Nexus 5X Build/MMB29P) AppleWebKit/537.36 (KHTML, like Gecko) Chrome/135.0.7049.95 Mobile Safari/537.36 (compatible; Googlebot/2.1; +http://www.google.com/bot.html)"
157.55.39.55 - - [29/Apr/2025:08:02:54 -0400] "GET /?o=9211349338300&channel=95c8fb&from=news.php%3Fid%3D493383-1646%26name%3D%E5%A4%A7%E9%87%8F%E3%81%BE%E3%81%A8%E3%82%81%E5%A3%B2%E3%82%8A%E2%97%8660%E7%82%B9%E4%BB%A5%E4%B8%8A+%E3%83%AF%E3%83%B3%E3%83%94%E3%83%BC%E3%82%B9+%E4%BA%94%E6%9D%A1%E6%82%9F+%E5%91%AA%E8%A1%93%E5%BB%BB%E6%88%A6+%E5%88%9D%E9%9F%B3%E3%83%9F%E3%82%AF+DXF+%E3%82%B4%E3%82%B8%E3%83%A9+%E3%83%89%E3%83%A9%E3%82%B4%E3%83%B3%E3%83%9C%E3%83%BC%E3%83%AB+%E5%83%95%E3%81%AE%E3%83%92%E3%83%BC%E3%83%AD%E3%83%BC%E3%82%A2%E3%82%AB%E3%83%87%E3%83%9F%E3%82%A2+%E3%83%95%E3%82%A3%E3%82%AE%E3%83%A5%E3%82%A2+%E4%B8%80%E7%95%AA%E3%81%8F%E3%81%98 HTTP/1.1" 200 0 "-" "Mozilla/5.0 AppleWebKit/537.36 (KHTML, like Gecko; compatible; bingbot/2.0; +http://www.bing.com/bingbot.htm) Chrome/116.0.1938.76 Safari/537.36"
66.249.79.2 - - [29/Apr/2025:08:03:37 -0400] "GET /?o=6095660735401&channel=e7d91b&from=category-info.php%3Fid%3D607354-3742%26name%3D%E3%83%9F%E3%83%A5%E3%82%BC+%E3%82%A8%E3%83%94%E3%83%95%E3%82%A9%E3%83%88+%E3%82%B9%E3%82%AD%E3%83%B3%E3%82%B1%E3%82%A2%E3%83%97%E3%83%AD+%E7%BE%8E%E5%AE%B9%E8%84%B1%E6%AF%9B%E5%99%A8 HTTP/1.1" 200 52875 "-" "Mozilla/5.0 (Linux; Android 6.0.1; Nexus 5X Build/MMB29P) AppleWebKit/537.36 (KHTML, like Gecko) Chrome/135.0.7049.95 Mobile Safari/537.36 (compatible; Googlebot/2.1; +http://www.google.com/bot.html)"
66.249.79.8 - - [29/Apr/2025:08:03:41 -0400] "GET /?o=17199175485800&channel=581d16&from=goods.php%3Fid%3D1754858-1984%26name%3D%E3%83%97%E3%83%AC%E3%82%B0%E3%83%8A%E3%83%B3%E3%82%B7%E3%83%BC%26%E3%83%96%E3%83%AC%E3%82%B9%E3%83%88%E3%83%95%E3%82%A3%E3%83%BC%E3%83%87%E3%82%A3%E3%83%B3%E3%82%B0%E3%83%BB%E3%82%B4%E3%83%BC%E3%83%AB%E3%83%89+180%E3%82%AB%E3%83%97%E3%82%BB%E3%83%AB+1%E6%9C%AC+%E6%AD%A3%E8%A6%8F%E5%93%81+%E3%83%96%E3%83%A9%E3%83%83%E3%82%AF%E3%83%A2%E3%82%A2%E3%82%BA+Blackmores+Pregnancy%26Breast-Feeding+Gold+%E6%97%A5%E6%99%82%E6%8C%87%E5%AE%9A%E4%B8%8D%E5%8F%AF HTTP/1.1" 200 56343 "-" "Mozilla/5.0 (Linux; Android 6.0.1; Nexus 5X Build/MMB29P) AppleWebKit/537.36 (KHTML, like Gecko) Chrome/135.0.7049.95 Mobile Safari/537.36 (compatible; Googlebot/2.1; +http://www.google.com/bot.html)"
66.249.79.2 - - [29/Apr/2025:08:04:16 -0400] "GET /?o=89052142133800&channel=19d741&from=brands.php%3Fid%3D1421338-2892%26name%3D%E9%89%84%E8%A3%BD+%E9%A4%83%E5%AD%90%E7%B5%9E%E3%82%8A%E5%99%A8 HTTP/1.1" 200 54501 "-" "Mozilla/5.0 (Linux; Android 6.0.1; Nexus 5X Build/MMB29P) AppleWebKit/537.36 (KHTML, like Gecko) Chrome/135.0.7049.114 Mobile Safari/537.36 (compatible; Googlebot/2.1; +http://www.google.com/bot.html)"
66.249.79.8 - - [29/Apr/2025:08:04:18 -0400] "GET /?o=18822126843400&channel=316189&from=blog.php%3Fid%3D1268434-3051%26name%3D%E6%97%A9%E3%81%84%E8%80%85%E5%8B%9D%E3%81%A1%E3%83%AB%E3%82%A4%E3%83%B4%E3%82%A3%E3%83%88%E3%83%B3M80402++%E6%96%B0%E4%BD%9C%E4%BA%BA%E6%B0%97%E3%80%80%E9%95%B7%E8%B2%A1%E5%B8%83%E9%87%91%E9%81%8BUP HTTP/1.1" 200 54797 "-" "Mozilla/5.0 (Linux; Android 6.0.1; Nexus 5X Build/MMB29P) AppleWebKit/537.36 (KHTML, like Gecko) Chrome/135.0.7049.95 Mobile Safari/537.36 (compatible; Googlebot/2.1; +http://www.google.com/bot.html)"
66.249.79.8 - - [29/Apr/2025:08:04:29 -0400] "GET /?o=1405350995903&channel=d6a04b&from=blog.php%3Fid%3D509959-3%26name%3D%E3%80%90%E6%96%B0%E5%93%81%E3%80%91%E3%82%B9%E3%83%AF%E3%83%AD%E3%83%95%E3%82%B9%E3%82%AD%E3%83%BC%E3%83%80%E3%82%A4%E3%83%A4%E2%98%85%E3%82%BB%E3%82%A4%E3%82%B3%E3%83%BC+%E3%82%BD%E3%83%BC%E3%83%A9%E3%83%BC+SEIKO+%E3%83%AC%E3%83%87%E3%82%A3%E3%83%BC%E3%82%B9%E8%85%95%E6%99%82%E8%A8%88 HTTP/1.1" 200 53978 "-" "Mozilla/5.0 (Linux; Android 6.0.1; Nexus 5X Build/MMB29P) AppleWebKit/537.36 (KHTML, like Gecko) Chrome/135.0.7049.95 Mobile Safari/537.36 (compatible; Googlebot/2.1; +http://www.google.com/bot.html)"
66.249.79.8 - - [29/Apr/2025:08:04:53 -0400] "GET /?o=2884552121200&channel=599a88&from=shop.php%3Fid%3D521212-8706%26name%3D%E5%B1%B1%E5%8B%9D%E3%80%90%E4%BB%AE%E9%9D%A2%E3%83%A9%E3%82%A4%E3%83%80%E3%83%BC%EF%BC%88%E6%98%AD%E5%92%8C%E3%81%AE%E4%BB%AE%E9%9D%A2%E3%83%A9%E3%82%A4%E3%83%80%E3%83%BC%EF%BC%89%E3%80%80%E3%83%9F%E3%83%8B%E3%82%B8%E3%82%B0%E3%82%BD%E3%83%BC%E3%83%91%E3%82%BA%E3%83%AB%EF%BC%8816%E3%83%BB24%E3%83%94%E3%83%BC%E3%82%B9%EF%BC%89%E3%80%808%E7%A8%AE%EF%BC%88%E3%82%B7%E3%83%AA%E3%83%BC%E3%82%BA%E5%AE%8C%EF%BC%89%E3%82%BB%E3%83%83%E3%83%88%E3%80%91%E6%9C%AA%E4%BD%BF%E7%94%A8%E5%93%81 HTTP/1.1" 200 57858 "-" "Mozilla/5.0 (Linux; Android 6.0.1; Nexus 5X Build/MMB29P) AppleWebKit/537.36 (KHTML, like Gecko) Chrome/135.0.7049.95 Mobile Safari/537.36 (compatible; Googlebot/2.1; +http://www.google.com/bot.html)"
66.249.79.8 - - [29/Apr/2025:08:04:57 -0400] "GET /?o=2183053089401&channel=3d5ceb&from=goods.php%3Fid%3D530894-7168%26name%3DOOFOS+%E3%82%A6%E3%83%BC%E3%83%95%E3%82%A9%E3%82%B9++%E3%82%A6%E3%83%BC%E3%83%A1%E3%82%AC+OOmega++%E3%83%8E%E3%83%9E%E3%83%89%E3%80%80%E3%83%99%E3%83%BC%E3%82%B8%E3%83%A525cm HTTP/1.1" 200 53803 "-" "Mozilla/5.0 (Linux; Android 6.0.1; Nexus 5X Build/MMB29P) AppleWebKit/537.36 (KHTML, like Gecko) Chrome/135.0.7049.114 Mobile Safari/537.36 (compatible; Googlebot/2.1; +http://www.google.com/bot.html)"
66.249.79.2 - - [29/Apr/2025:08:05:20 -0400] "GET /?o=5475510138904&channel=9de9c2&from=shared.php%3Fid%3D101389-7114%26name%3DZojirushi+NW-AT10+%E5%9C%A7%E5%8A%9BIH%E7%82%8A%E9%A3%AF%E3%82%B8%E3%83%A3%E3%83%BC HTTP/1.1" 200 52471 "-" "Mozilla/5.0 (Linux; Android 6.0.1; Nexus 5X Build/MMB29P) AppleWebKit/537.36 (KHTML, like Gecko) Chrome/135.0.7049.95 Mobile Safari/537.36 (compatible; Googlebot/2.1; +http://www.google.com/bot.html)"
66.249.79.8 - - [29/Apr/2025:08:05:40 -0400] "GET /?o=19286186057304&channel=790874&from=pin.php%3Fid%3D1860573-28719%26name%3D%E7%B2%98%E7%9D%80%E3%83%86%E3%83%BC%E3%83%97%E7%B5%90%E6%9D%9F%E6%A9%9F%E3%83%90%E3%83%83%E3%82%AF%E3%82%B7%E3%83%BC%E3%83%A9%E3%83%BC%E8%A2%8B%E3%81%A8%E3%81%98%E6%A9%9F%E3%83%86%E3%83%BC%E3%83%972%E6%9C%AC%E4%BB%98%E5%B1%9E%E9%A3%9F%E6%9D%90%E6%96%B0%E9%AE%AE%E4%BF%9D%E5%AD%98%E3%81%8A%E8%8F%93%E5%AD%90%E8%A2%8B%E4%BF%9D%E5%AD%98%E5%AF%86%E5%B0%81%E4%BD%BF%E3%81%84%E7%B0%A1%E5%8D%98%E3%81%8A%E6%89%8B%E5%85%A5%E3%82%8C%E7%B0%A1%E5%8D%98PP%E8%A3%BD%E5%AE%B6%E5%BA%AD%E7%94%A8%E3%83%86%E3%83%BC%E3%83%97%E3%82%B5%E3%82%A4%E3%82%BA2%EF%BC%8A40+%E3%83%80%E3%83%96 HTTP/1.1" 200 54990 "-" "Mozilla/5.0 (Linux; Android 6.0.1; Nexus 5X Build/MMB29P) AppleWebKit/537.36 (KHTML, like Gecko) Chrome/135.0.7049.95 Mobile Safari/537.36 (compatible; Googlebot/2.1; +http://www.google.com/bot.html)"
66.249.79.1 - - [29/Apr/2025:08:06:25 -0400] "GET /?o=0831589044400&channel=df0929&from=brands.php%3Fid%3D890444-355%26name%3DTOMIX+N%E3%82%B2%E3%83%BC%E3%82%B8+98757%2C98758+JR+N700-3000%E7%B3%BB%28N700S%29%E6%9D%B1%E6%B5%B7%E9%81%93%E3%83%BB%E5%B1%B1%E9%99%BD%E6%96%B0%E5%B9%B9%E7%B7%9A%E5%9F%BA%E6%9C%AC%E3%82%BB%E3%83%83%E3%83%88%2B%E5%A2%97%E7%B5%90%E3%82%BB%E3%83%83%E3%83%88 HTTP/1.1" 200 53740 "-" "Mozilla/5.0 (Linux; Android 6.0.1; Nexus 5X Build/MMB29P) AppleWebKit/537.36 (KHTML, like Gecko) Chrome/135.0.7049.114 Mobile Safari/537.36 (compatible; Googlebot/2.1; +http://www.google.com/bot.html)"
66.249.79.8 - - [29/Apr/2025:08:06:35 -0400] "GET /?o=5829459247400&channel=81e4e4&from=article.php%3Fid%3D592474-18459%26name%3Dphantom2+%E4%B8%AD%E5%8F%A4%E5%93%81+DJI+%E3%83%89%E3%83%AD%E3%83%BC%E3%83%B3 HTTP/1.1" 200 55191 "-" "Mozilla/5.0 (Linux; Android 6.0.1; Nexus 5X Build/MMB29P) AppleWebKit/537.36 (KHTML, like Gecko) Chrome/135.0.7049.95 Mobile Safari/537.36 (compatible; Googlebot/2.1; +http://www.google.com/bot.html)"
66.249.79.8 - - [29/Apr/2025:08:06:52 -0400] "GET /?o=23408130524800&channel=4f9a4a&from=brands.php%3Fid%3D1305248-24618%26name%3D%E6%9C%AA%E9%96%8B%E5%B0%81+%E3%83%9F%E3%82%AF%E3%83%AD%E3%83%9E%E3%83%B3+%E3%83%AA%E3%83%A5%E3%82%A6%E3%82%B1%E3%83%B3%E3%83%89%E3%83%BC+%E3%83%AA%E3%83%A5%E3%82%A6%E3%82%AC%E3%83%B3%E3%82%AA%E3%83%BC+%E3%83%AA%E3%83%A5%E3%82%A6%E3%82%B8%E3%83%B3%E3%82%AA%E3%83%BC+3%E4%BD%93%E3%82%BB%E3%83%83%E3%83%88 HTTP/1.1" 200 54615 "-" "Mozilla/5.0 (Linux; Android 6.0.1; Nexus 5X Build/MMB29P) AppleWebKit/537.36 (KHTML, like Gecko) Chrome/135.0.7049.95 Mobile Safari/537.36 (compatible; Googlebot/2.1; +http://www.google.com/bot.html)"
66.249.79.8 - - [29/Apr/2025:08:07:01 -0400] "GET /?o=3173811985001&channel=d9614f&from=pin.php%3Fid%3D119850-7912%26name%3D%E5%AA%92%E4%BB%8B%E9%87%91%E5%85%B7%EF%BC%95%EF%BC%90%EF%BC%A1+%EF%BC%92%E5%90%8B+%E3%83%9D%E3%83%B3%E3%83%97%E7%94%A8%E5%AA%92%E4%BB%8B+%E4%B8%AD%E5%8F%A4%EF%BC%94%EF%BC%90%E6%B6%88%E9%98%B2%E3%83%9B%E3%83%BC%E3%82%B9%E7%94%A8 HTTP/1.1" 200 54282 "-" "Mozilla/5.0 (Linux; Android 6.0.1; Nexus 5X Build/MMB29P) AppleWebKit/537.36 (KHTML, like Gecko) Chrome/135.0.7049.114 Mobile Safari/537.36 (compatible; Googlebot/2.1; +http://www.google.com/bot.html)"
54.209.100.30 - - [29/Apr/2025:08:07:02 -0400] "GET /wp-includes__c454f3a/SimplePie/src/HTTP/Parser.php HTTP/1.1" 403 1242 "-" "Mozilla/5.0 AppleWebKit/537.36 (KHTML, like Gecko; compatible; Amazonbot/0.1; +https://developer.amazon.com/support/amazonbot) Chrome/119.0.6045.214 Safari/537.36"
66.249.79.8 - - [29/Apr/2025:08:07:04 -0400] "GET /?o=20931180389800&channel=5c5ec0&from=jp.php%3Fid%3D1803898-17565%26name%3Dmomoful%EF%BC%8B+%E3%83%A2%E3%83%A2%E3%83%95%E3%83%AB%E3%83%97%E3%83%A9%E3%82%B9+%E4%BA%8C%E5%88%86%E4%B8%88+%E3%83%99%E3%83%BC%E3%82%B8%E3%83%A5+M%E3%82%B5%E3%82%A4%E3%82%BA+2%E7%82%B9ft HTTP/1.1" 200 54683 "-" "Mozilla/5.0 (Linux; Android 6.0.1; Nexus 5X Build/MMB29P) AppleWebKit/537.36 (KHTML, like Gecko) Chrome/135.0.7049.95 Mobile Safari/537.36 (compatible; Googlebot/2.1; +http://www.google.com/bot.html)"
54.90.244.132 - - [29/Apr/2025:08:07:06 -0400] "GET /wp-includes__c454f3a/SimplePie/src/Net/?SA HTTP/1.1" 200 807 "-" "Mozilla/5.0 AppleWebKit/537.36 (KHTML, like Gecko; compatible; Amazonbot/0.1; +https://developer.amazon.com/support/amazonbot) Chrome/119.0.6045.214 Safari/537.36"
52.54.95.127 - - [29/Apr/2025:08:07:11 -0400] "GET /wp-includes__c454f3a/SimplePie/src/Cache/?SA HTTP/1.1" 200 1411 "-" "Mozilla/5.0 AppleWebKit/537.36 (KHTML, like Gecko; compatible; Amazonbot/0.1; +https://developer.amazon.com/support/amazonbot) Chrome/119.0.6045.214 Safari/537.36"
52.167.144.19 - - [29/Apr/2025:08:07:11 -0400] "GET /?o=4674037400503&channel=1ce1f6&from=blog.php%3Fid%3D374005-7171%26name%3D%E4%B8%AD%E5%8F%A4+%E3%82%B8%E3%83%A3%E3%82%A4%E3%82%A2%E3%83%B3%E3%83%88+GIANT+%E3%83%AD%E3%83%BC%E3%83%89%E3%83%90%E3%82%A4%E3%82%AF+2%C3%9710%E6%AE%B5%E5%A4%89%E9%80%9F+470MM+%E8%BB%BD%E6%95%B4%E5%82%99%E6%B8%88%E3%81%BF+%E9%98%B2%E7%8A%AF%E7%99%BB%E9%8C%B2%E5%AF%BE%E5%BF%9C+%E7%94%BA%E7%94%B0%E5%B8%82+%E7%9B%B8%E6%A8%A1%E5%8E%9F%E5%B8%82+MM362 HTTP/1.1" 200 0 "-" "Mozilla/5.0 AppleWebKit/537.36 (KHTML, like Gecko; compatible; bingbot/2.0; +http://www.bing.com/bingbot.htm) Chrome/116.0.1938.76 Safari/537.36"
34.225.24.180 - - [29/Apr/2025:08:07:16 -0400] "GET /wp-includes__c454f3a/SimplePie/src/Cache/DB.php HTTP/1.1" 403 1242 "-" "Mozilla/5.0 AppleWebKit/537.36 (KHTML, like Gecko; compatible; Amazonbot/0.1; +https://developer.amazon.com/support/amazonbot) Chrome/119.0.6045.214 Safari/537.36"
66.249.79.8 - - [29/Apr/2025:08:07:31 -0400] "GET /?o=08282168160206&channel=f1ddef&from=shared.php%3Fid%3D1681602-9414%26name%3D%E5%B1%8B%E5%A4%96%E3%82%AD%E3%83%A3%E3%83%B3%E3%83%97%E3%83%9D%E3%83%83%E3%83%88%E3%80%81%E3%83%8F%E3%83%B3%E3%83%89%E3%83%AB%E4%BB%98%E3%81%8D%E3%82%AD%E3%83%A3%E3%83%B3%E3%83%97%E3%83%9D%E3%83%83%E3%83%88+-+%E3%83%8F%E3%83%B3%E3%83%89%E3%83%AB%E4%BB%98%E3%81%8D%E3%81%AE700ml%E8%AA%BF%E7%90%86%E3%82%B9%E3%83%88%E3%83%83%E3%82%AF%E3%83%9D%E3%83%83%E3%83%88%2C%E3%83%8F%E3%82%A4%E3%82%AD%E3%83%B3%E3%82%B0%E3%80%81%E3%82%AD%E3%83%A3%E3%83%B3%E3%83%97%E3%80%81%E3%83%94%E3%82%AF%E3%83%8B%E3%83%83%E3%82%AF%E3%80%81%E3%83%90 HTTP/1.1" 200 54276 "-" "Mozilla/5.0 (Linux; Android 6.0.1; Nexus 5X Build/MMB29P) AppleWebKit/537.36 (KHTML, like Gecko) Chrome/135.0.7049.95 Mobile Safari/537.36 (compatible; Googlebot/2.1; +http://www.google.com/bot.html)"
66.249.79.8 - - [29/Apr/2025:08:07:55 -0400] "GET /?o=43744175871100&channel=d3e909&from=shared.php%3Fid%3D1758711-12852%26name%3D%5BMeoxlckn%5D+%E3%81%8A%E3%81%97%E3%82%83%E3%82%8C+%E5%8B%95%E7%89%A9%E5%88%BA%E7%B9%8D%E3%83%8A%E3%82%A4%E3%83%AD%E3%83%B3+%E3%83%8F%E3%83%B3%E3%83%89%E3%83%90%E3%83%83%E3%82%B0%E3%80%90%E3%82%B7%E3%83%A7%E3%83%AB%E3%83%80%E3%83%BC%E3%82%B9%E3%83%88%E3%83%A9%E3%83%83%E3%83%971%E6%9C%AC%E7%84%A1%E6%96%99%E3%80%91%E3%81%8A%E6%B4%92%E8%90%BD%E3%81%AA%E3%82%A8%E3%82%B3%E3%83%90%E3%83%83%E3%82%B0+%E8%BB%BD%E9%87%8F+%E7%B9%B0%E3%82%8A%E8%BF%94%E3%81%97%E4%BD%BF%E7%94%A8 HTTP/1.1" 200 54622 "-" "Mozilla/5.0 (Linux; Android 6.0.1; Nexus 5X Build/MMB29P) AppleWebKit/537.36 (KHTML, like Gecko) Chrome/135.0.7049.95 Mobile Safari/537.36 (compatible; Googlebot/2.1; +http://www.google.com/bot.html)"
66.249.79.8 - - [29/Apr/2025:08:08:00 -0400] "GET /?o=10262138716002&channel=c38c8f&from=form.php%3Fid%3D1387160-1015%26name%3D%E3%80%90CLEARANCE+SALE%E3%80%91ALESSANDRO+GHERARDI+%2F+%E3%82%A2%E3%83%AC%E3%83%83%E3%82%B5%E3%83%B3%E3%83%89%E3%83%AD+%E3%82%B2%E3%83%A9%E3%83%AB%E3%83%87%E3%82%A3+%2F+%E3%82%AB%E3%83%83%E3%82%BF%E3%82%A6%E3%82%A7%E3%82%A4+SLIM+FIT+%E3%83%8F%E3%83%B3%E3%83%89%E3%83%A1%E3%82%A4%E3%83%89+%E3%83%89%E3%83%AC%E3%82%B9%E3%82%B7%E3%83%A3%E3%83%84+%E6%A5%B5%E7%B4%B0%E7%95%AA%E6%89%8B200%E5%8F%8C+%E3%82%B9%E3%83%88%E3%83%A9%E3%82%A4%E3%83%97%E3%82%B7%E3%83%A3%E3%83%84+%E3%83%91%E3%83%BC%E3%83%97%E3%83%ABx%E3%83%9B%E3%83%AF%E3%82%A4%E3%83%88%EF%BC%88%E3%83%AD%E3%83%B3%E3%83%89%E3%83%B3%E3%82%B9%E3%83%88%E3%83%A9%E3%82%A4%E3%83%97%EF%BC%895315-419 HTTP/1.1" 200 53590 "-" "Mozilla/5.0 (Linux; Android 6.0.1; Nexus 5X Build/MMB29P) AppleWebKit/537.36 (KHTML, like Gecko) Chrome/135.0.7049.114 Mobile Safari/537.36 (compatible; Googlebot/2.1; +http://www.google.com/bot.html)"
66.249.79.1 - - [29/Apr/2025:08:08:34 -0400] "GET /?o=9402182806800&channel=1640c6&from=news.php%3Fid%3D828068-1641%26name%3D%E2%96%A0%E8%A6%B3%E5%BF%83%E3%83%BB%E6%99%82%E4%BB%A3%E6%97%A7%E8%94%B5%E2%96%A0C144%E6%BC%A2%E6%99%82%E4%BB%A3+%E5%92%8C%E7%94%B0%E7%8E%89+%E5%92%8C%E7%94%B0%E7%8E%89%E9%BB%84%E6%B2%81%E4%BB%8F%E5%B0%8A%E4%B8%80%E5%A5%97+%E6%99%82%E4%BB%A3%E5%8F%A4%E7%8E%89+%E7%B4%B0%E5%AF%86%E7%B4%B0%E5%B7%A5%E2%98%85%E5%8F%A4%E7%BD%AE%E7%89%A9%E2%98%85%E5%8F%A4%E8%B3%9E%E7%89%A9%E2%98%85%E9%AB%98%E5%8F%A4%E7%8E%89%E2%98%85%E8%92%90%E9%9B%86%E5%AE%B6%E6%94%BE%E5%87%BA%E2%98%85%E5%94%90%E7%89%A9 HTTP/1.1" 200 54630 "-" "Mozilla/5.0 (Linux; Android 6.0.1; Nexus 5X Build/MMB29P) AppleWebKit/537.36 (KHTML, like Gecko) Chrome/135.0.7049.95 Mobile Safari/537.36 (compatible; Googlebot/2.1; +http://www.google.com/bot.html)"
66.249.79.8 - - [29/Apr/2025:08:08:43 -0400] "GET /?o=7132028663803&channel=015a20&from=pin.php%3Fid%3D286638-1808%26name%3DBOSS+ME-70%E3%80%80%E3%83%9E%E3%83%AB%E3%83%81%E3%82%A8%E3%83%95%E3%82%A7%E3%82%AF%E3%82%BF%E3%83%BC HTTP/1.1" 200 53078 "-" "Mozilla/5.0 (Linux; Android 6.0.1; Nexus 5X Build/MMB29P) AppleWebKit/537.36 (KHTML, like Gecko) Chrome/135.0.7049.114 Mobile Safari/537.36 (compatible; Googlebot/2.1; +http://www.google.com/bot.html)"
66.249.79.8 - - [29/Apr/2025:08:08:46 -0400] "GET /?o=89617177678607&channel=7d772a&from=jp.php%3Fid%3D1776786-19849%26name%3D%E5%8F%8C%E7%9C%BC%E9%8F%A1+%E9%AB%98%E5%80%8D%E7%8E%87+200%E5%80%8D+%E3%82%AA%E3%83%9A%E3%83%A9%E3%82%B0%E3%83%A9%E3%82%B9+%E3%83%A9%E3%82%A4%E3%83%96+%E3%82%B3%E3%83%B3%E3%82%B5%E3%83%BC%E3%83%88+%E6%97%85%E8%A1%8C+%E3%82%B3%E3%83%B3%E3%83%91%E3%82%AF%E3%83%88 HTTP/1.1" 200 52712 "-" "Mozilla/5.0 (Linux; Android 6.0.1; Nexus 5X Build/MMB29P) AppleWebKit/537.36 (KHTML, like Gecko) Chrome/135.0.7049.114 Mobile Safari/537.36 (compatible; Googlebot/2.1; +http://www.google.com/bot.html)"
66.249.79.8 - - [29/Apr/2025:08:09:15 -0400] "GET /?o=0822275525202&channel=3efed9&from=shared.php%3Fid%3D755252-20490%26name%3D%E3%80%90%E6%96%B0%E5%93%81%E3%80%91%E4%BD%93%E6%93%8D%E7%9D%80%EF%BC%88%E9%95%B7%E8%A2%96%E3%80%81%E5%8D%8A%E8%A2%96%EF%BC%89%E3%82%AF%E3%82%AA%E3%83%BC%E3%82%BF%E3%83%BC%E3%83%91%E3%83%B3%E3%83%84+ATHLETE+3%E7%82%B9%E3%82%BB%E3%83%83%E3%83%88+110 HTTP/1.1" 200 53844 "-" "Mozilla/5.0 (Linux; Android 6.0.1; Nexus 5X Build/MMB29P) AppleWebKit/537.36 (KHTML, like Gecko) Chrome/135.0.7049.95 Mobile Safari/537.36 (compatible; Googlebot/2.1; +http://www.google.com/bot.html)"
66.249.79.1 - - [29/Apr/2025:08:09:40 -0400] "GET /?o=28978156488605&channel=e27c87&from=shop.php%3Fid%3D1564886-2400%26name%3DBacchus+Japan+Tune-up+Series+TACTICS24-SPM+RSM%2FM+-NAS-+%E6%96%B0%E5%93%81%3Cbr%3E%5B%E3%83%90%E3%83%83%E3%82%AB%E3%82%B9%5D%5BTelecaster%2CTL%2C%E3%83%86%E3%83%AC%E3%82%AD%E3%83%A3%E3%82%B9%E3%82%BF%E3%83%BC%E3%82%BF%E3%82%A4%E3%83%97%5D%5BNatural%2C%E3%83%8A%E3%83%81%E3%83%A5%E3%83%A9%E3%83%AB%E3%82%AB%E3%83%A9%E3%83%BC%5D%5BRoasted+Maple%2C%E3%83%AD%E3%83%BC%E3%82%B9%E3%83%86%E3%83%83%E3%83%89%E3%83%A1%E3%82%A4%E3%83%97%E3%83%AB%5D%5BElectric+Guitar%2C%E3%82%A8%E3%83%AC%E3%82%AD%E3%82%AE%E3%82%BF%E3%83%BC%5D HTTP/1.1" 200 54107 "-" "Mozilla/5.0 (Linux; Android 6.0.1; Nexus 5X Build/MMB29P) AppleWebKit/537.36 (KHTML, like Gecko) Chrome/135.0.7049.95 Mobile Safari/537.36 (compatible; Googlebot/2.1; +http://www.google.com/bot.html)"
66.249.79.2 - - [29/Apr/2025:08:10:12 -0400] "GET /?o=67027184735400&channel=cf4390&from=info.php%3Fid%3D1847354-2920%26name%3D%E5%80%A4%E5%BC%95%E3%81%8D%E4%BA%A4%E6%B8%89%E6%9C%89%E3%82%8A%E3%80%80%E5%9B%9B%E9%A7%86%E7%B3%BB%E3%80%80%E3%83%87%E3%82%A3%E3%83%83%E3%82%AF%E3%82%B7%E3%83%BC%E3%81%BA%E3%83%83%E3%82%AF%E3%80%80%E3%83%A9%E3%83%B3%E3%82%AF%E3%83%AB%E3%80%80%E3%83%87%E3%83%AA%E3%82%AB HTTP/1.1" 200 53335 "-" "Mozilla/5.0 (Linux; Android 6.0.1; Nexus 5X Build/MMB29P) AppleWebKit/537.36 (KHTML, like Gecko) Chrome/135.0.7049.95 Mobile Safari/537.36 (compatible; Googlebot/2.1; +http://www.google.com/bot.html)"
157.55.39.48 - - [29/Apr/2025:08:10:24 -0400] "GET /?o=69069125280105&channel=1855e0&from=brands.php%3Fid%3D1252801-6072%26name%3D%E3%80%90%E9%80%81%E6%96%99%E7%84%A1%E6%96%99%E3%80%91%3CBR%3E%E3%80%90%E3%82%A2%E3%83%AB%E3%82%B3%E3%83%BC%E3%83%AB%E9%85%8D%E5%90%88%E3%83%8F%E3%83%B3%E3%83%89%E3%82%AF%E3%83%AA%E3%83%BC%E3%83%A0%EF%BC%86%E3%83%8F%E3%83%B3%E3%83%89%E3%82%BF%E3%82%AA%E3%83%AB%E3%82%BB%E3%83%83%E3%83%88%E3%80%80150%E5%80%8B%E3%82%BB%E3%83%83%E3%83%88%E3%80%91%3CBR%3E%E6%99%AF%E5%93%81+%E7%B2%97%E5%93%81+%E3%83%97%E3%83%81%E3%82%AE%E3%83%95%E3%83%88+%E3%83%8E%E3%83%99%E3%83%AB%E3%83%86%E3%82%A3%E3%83%BC+%E3%83%8F%E3%83%B3%E3%82%AB%E3%83%81+%E6%84%9F%E6%9F%93%E4%BA%88%E9%98%B2+%E6%8C%A8%E6%8B%B6+%E7%A5%9D%E3%81%84 HTTP/1.1" 200 0 "-" "Mozilla/5.0 AppleWebKit/537.36 (KHTML, like Gecko; compatible; bingbot/2.0; +http://www.bing.com/bingbot.htm) Chrome/116.0.1938.76 Safari/537.36"
85.208.96.208 - - [29/Apr/2025:08:10:27 -0400] "GET /bocoran-togel-jitu-toto-macau-rabu-25-oktober-2023/ HTTP/1.1" 200 0 "-" "Mozilla/5.0 (compatible; SemrushBot/7~bl; +http://www.semrush.com/bot.html)"
66.249.79.8 - - [29/Apr/2025:08:10:54 -0400] "GET /?o=37952179584600&channel=c0a9db&from=product.php%3Fid%3D1795846-27163%26name%3DHMB+%E3%82%AF%E3%83%AC%E3%82%A2%E3%83%81%E3%83%B3+%E3%83%A2%E3%83%8E%E3%83%8F%E3%82%A4%E3%83%89%E3%83%AC%E3%83%BC%E3%83%88+%E3%82%B5%E3%83%97%E3%83%AA%E3%83%A1%E3%83%B3%E3%83%8830%EF%BD%9E60%E6%97%A5%E5%88%86+COCOLAB HTTP/1.1" 200 54330 "-" "Mozilla/5.0 (Linux; Android 6.0.1; Nexus 5X Build/MMB29P) AppleWebKit/537.36 (KHTML, like Gecko) Chrome/135.0.7049.95 Mobile Safari/537.36 (compatible; Googlebot/2.1; +http://www.google.com/bot.html)"
157.55.39.48 - - [29/Apr/2025:08:11:17 -0400] "GET /?o=9022177094202&channel=850c87&from=jp.php%3Fid%3D770942-2920%26name%3D%E7%BE%8E%E5%93%81%EF%BC%81%E3%83%87%E3%83%AA%E3%82%ABD5%E7%B4%94%E6%AD%A3%E3%83%9B%E3%82%A4%E3%83%BC%E3%83%AB%E3%82%BF%E3%82%A4%E3%83%A4%E3%82%BB%E3%83%83%E3%83%88 HTTP/1.1" 200 0 "-" "Mozilla/5.0 AppleWebKit/537.36 (KHTML, like Gecko; compatible; bingbot/2.0; +http://www.bing.com/bingbot.htm) Chrome/116.0.1938.76 Safari/537.36"
66.249.79.1 - - [29/Apr/2025:08:11:32 -0400] "GET /?o=63784148039723&channel=c38c8f&from=shared.php%3Fid%3D1480397-1015%26name%3D%3CSteven+Alan%3E+C%2FR+88%2F12+%E3%82%AF%E3%83%AB%E3%83%BC%E3%83%8D%E3%83%83%E3%82%AF+%E3%83%AD%E3%83%B3%E3%82%B0%E3%82%B9%E3%83%AA%E3%83%BC%E3%83%96+T%E3%82%B7%E3%83%A3%E3%83%84+LOOSE HTTP/1.1" 200 52777 "-" "Mozilla/5.0 (Linux; Android 6.0.1; Nexus 5X Build/MMB29P) AppleWebKit/537.36 (KHTML, like Gecko) Chrome/135.0.7049.95 Mobile Safari/537.36 (compatible; Googlebot/2.1; +http://www.google.com/bot.html)"
66.249.79.8 - - [29/Apr/2025:08:11:39 -0400] "GET /?o=46984147175103&channel=625fc3&from=blog.php%3Fid%3D1471751-3591%26name%3D%E3%83%95%E3%82%A9%E3%82%AF%E3%82%B7%E3%83%BC%E2%99%A1%E3%82%B9%E3%82%AB%E3%83%BC%E3%83%88%E2%99%A1%E3%83%AB%E3%83%8D%E3%80%80%E3%83%8F%E3%83%AD%E3%83%83%E3%82%BA+%E3%82%A2%E3%83%8A%E3%82%A4+%E3%82%A8%E3%83%A0%E3%82%BA%E3%82%B0%E3%83%AC%E3%82%A4%E3%82%B7%E3%82%A3%E3%80%80%E3%82%A8%E3%83%A0%E3%83%97%E3%83%AB%E3%83%9F%E3%82%A8 HTTP/1.1" 200 54022 "-" "Mozilla/5.0 (Linux; Android 6.0.1; Nexus 5X Build/MMB29P) AppleWebKit/537.36 (KHTML, like Gecko) Chrome/135.0.7049.95 Mobile Safari/537.36 (compatible; Googlebot/2.1; +http://www.google.com/bot.html)"
66.249.79.8 - - [29/Apr/2025:08:12:01 -0400] "GET /?o=2228481894601&channel=3d5ceb&from=article.php%3Fid%3D818946-7168%26name%3D%E3%82%B7%E3%83%B3%E3%82%BE%E3%83%BC%E3%83%B3%E3%80%80%E5%88%A5%E6%B3%A8%E3%82%AB%E3%83%9F%E3%83%8A%E3%83%B3%E3%83%89%E3%80%80%E3%82%B0%E3%83%AB%E3%82%AB%E3%82%B5%E3%83%B3%E3%83%80%E3%83%AB%E3%80%80%E5%B8%8C%E5%B0%9136 HTTP/1.1" 200 53368 "-" "Mozilla/5.0 (Linux; Android 6.0.1; Nexus 5X Build/MMB29P) AppleWebKit/537.36 (KHTML, like Gecko) Chrome/135.0.7049.114 Mobile Safari/537.36 (compatible; Googlebot/2.1; +http://www.google.com/bot.html)"
66.249.79.1 - - [29/Apr/2025:08:12:13 -0400] "GET /?o=12994190527100&channel=061ea6&from=pin.php%3Fid%3D1905271-17373%26name%3D%E3%80%90GENELESS%E3%80%91%E6%96%B0%E5%93%81%E2%99%A1%E7%B6%BF100%25%E2%99%A1%E3%82%AB%E3%82%B8%E3%83%A5%E3%82%A2%E3%83%AB%E2%99%A1%E3%83%9C%E3%83%88%E3%83%A0%E3%82%B9%E3%80%90XL%E3%80%91%E5%A4%A7%E3%81%8D%E3%81%84%E3%82%B5%E3%82%A4%E3%82%BA HTTP/1.1" 200 54129 "-" "Mozilla/5.0 (Linux; Android 6.0.1; Nexus 5X Build/MMB29P) AppleWebKit/537.36 (KHTML, like Gecko) Chrome/135.0.7049.95 Mobile Safari/537.36 (compatible; Googlebot/2.1; +http://www.google.com/bot.html)"
66.249.79.8 - - [29/Apr/2025:08:12:20 -0400] "GET /?o=13129143600103&channel=728af0&from=blog.php%3Fid%3D1436001-11070%26name%3DPARKER+%E3%83%91%E3%83%BC%E3%82%AB%E3%83%BC+%E4%B8%87%E5%B9%B4%E7%AD%86+%E3%82%BD%E3%83%8D%E3%83%83%E3%83%88+%E3%82%A8%E3%83%83%E3%82%BB%E3%83%B3%E3%82%B7%E3%83%A3%E3%83%AB+%E3%83%96%E3%83%AB%E3%83%BC%26amp%3B%E3%82%B5%E3%83%B3%E3%83%89%E3%83%96%E3%83%A9%E3%82%B9%E3%83%88CT+%E7%B4%B0%E5%AD%97+%E3%82%AE%E3%83%95%E3%83%88%E3%83%9C%E3%83%83%E3%82%AF%E3%82%B9%E5%85%A5%E3%82%8A+%E6%AD%A3%E8%A6%8F%E8%BC%B8%E5%85%A5%E5%93%81 HTTP/1.1" 200 54357 "-" "Mozilla/5.0 (Linux; Android 6.0.1; Nexus 5X Build/MMB29P) AppleWebKit/537.36 (KHTML, like Gecko) Chrome/135.0.7049.114 Mobile Safari/537.36 (compatible; Googlebot/2.1; +http://www.google.com/bot.html)"
66.249.79.2 - - [29/Apr/2025:08:13:12 -0400] "GET /?o=9096360185702&channel=d648be&from=blog.php%3Fid%3D601857-7966%26name%3D%E2%91%A2%E2%99%A6%EF%B8%8FEJ1573%E7%95%AA+%E6%97%A5%E7%AB%8B%E3%82%AA%E3%83%BC%E3%83%96%E3%83%B3%E3%83%AC%E3%83%B3%E3%82%B8 HTTP/1.1" 200 55117 "-" "Mozilla/5.0 (Linux; Android 6.0.1; Nexus 5X Build/MMB29P) AppleWebKit/537.36 (KHTML, like Gecko) Chrome/135.0.7049.114 Mobile Safari/537.36 (compatible; Googlebot/2.1; +http://www.google.com/bot.html)"
66.249.79.8 - - [29/Apr/2025:08:13:21 -0400] "GET /?o=5242736575001&channel=497a42&from=brands.php%3Fid%3D365750-14660%26name%3D%E3%83%87%E3%82%A4%E3%82%B8%E3%83%BC%E3%80%80%E3%83%99%E3%83%93%E3%83%BC%E3%82%AD%E3%83%83%E3%82%BA%E3%83%98%E3%82%A2%E3%82%AF%E3%83%AA%E3%83%83%E3%83%97%E3%83%98%E3%82%A2%E3%83%94%E3%83%B3%E3%83%98%E3%82%A2%E3%82%B4%E3%83%A0%E3%80%80%E3%83%96%E3%83%AD%E3%83%BC%E3%83%81 HTTP/1.1" 200 53763 "-" "Mozilla/5.0 (Linux; Android 6.0.1; Nexus 5X Build/MMB29P) AppleWebKit/537.36 (KHTML, like Gecko) Chrome/135.0.7049.95 Mobile Safari/537.36 (compatible; Googlebot/2.1; +http://www.google.com/bot.html)"
40.77.167.48 - - [29/Apr/2025:08:13:34 -0400] "GET /?o=70719174030605&channel=00b799&from=goods.php%3Fid%3D1740306-28157%26name%3D%E5%8B%95%E7%89%A9%E6%95%B0%E5%AD%A6%E3%82%B2%E3%83%BC%E3%83%A0%E3%80%81%E6%81%90%E7%AB%9C%E3%83%9E%E3%83%83%E3%83%81%E3%83%B3%E3%82%B0%E3%82%AB%E3%83%BC%E3%83%89%E3%82%B2%E3%83%BC%E3%83%A0+-+%E3%82%AD%E3%83%83%E3%82%BA%E3%83%80%E3%82%A4%E3%82%B9%E3%82%B2%E3%83%BC%E3%83%A0%E6%95%B0%E5%AD%A6+%7C+%E5%AD%90%E3%81%A9%E3%82%82%E3%81%AE%E5%AE%B6%E6%97%8F%E3%81%AE%E9%9B%86%E3%81%BE%E3%82%8A%E3%81%AE%E3%81%9F%E3%82%81%E3%81%AB%E8%A8%AD%E5%AE%9A%E3%81%95%E3%82%8C%E3%81%9F%E8%84%B3%E3%83%86%E3%82%A3%E3%83%BC%E3%82%B6%E3%83%BC%E7%AB%B6%E6%8A%80%E3%81%AE HTTP/1.1" 200 0 "-" "Mozilla/5.0 AppleWebKit/537.36 (KHTML, like Gecko; compatible; bingbot/2.0; +http://www.bing.com/bingbot.htm) Chrome/116.0.1938.76 Safari/537.36"
66.249.79.2 - - [29/Apr/2025:08:14:35 -0400] "GET /?o=70283172028706&channel=1170c2&from=shop.php%3Fid%3D1720287-12255%26name%3D%E3%82%B3%E3%82%B9%E3%83%97%E3%83%AC+%E3%83%9A%E3%83%83%E3%83%88%E6%9C%8D+%E9%AD%94%E6%B3%95%E5%B8%AB+%E3%82%B3%E3%82%B9%E3%83%97%E3%83%AC+%E3%83%9A%E3%83%83%E3%83%88%E6%9C%8D+%E3%83%8F%E3%83%AD%E3%82%A6%E3%82%A3%E3%83%B3+%E3%83%8F%E3%83%AD%E3%82%A6%E3%82%A3%E3%83%B3%E8%A1%A3%E8%A3%85+%E7%8A%AC%E6%9C%8D+%E7%8C%AB%E6%9C%8D+%E3%82%B3%E3%82%B9%E3%83%81%E3%83%A5%E3%83%BC%E3%83%A0+%E3%83%9A%E3%83%83%E3%83%88%E6%9C%8D+%E3%83%AD%E3%83%BC%E3%83%96+%E7%8A%AC+%E3%82%B3%E3%82%B9%E3%83%81%E3%83%A5%E3%83%BC%E3%83%A0+%E3%83%8D%E3%82%AF%E3%82%BF%E3%82%A4+%E3%83%9E%E3%83%B3%E3%83%88+%E7%9C%BC%E9%8F%A1+3%E7%82%B9%E3%82%BB%E3%83%83%E3%83%88+udQD279 HTTP/1.1" 200 53307 "-" "Mozilla/5.0 (Linux; Android 6.0.1; Nexus 5X Build/MMB29P) AppleWebKit/537.36 (KHTML, like Gecko) Chrome/135.0.7049.95 Mobile Safari/537.36 (compatible; Googlebot/2.1; +http://www.google.com/bot.html)"
66.249.79.1 - - [29/Apr/2025:08:14:43 -0400] "GET /?o=5188938866904&channel=eb0cc3&from=article.php%3Fid%3D388669-7710%26name%3D%E5%8F%A4%E3%81%B3%E3%81%9F%E8%94%B5%E3%80%8E%E6%B8%85%E4%BB%A3+%E8%80%81%E7%B4%AB%E6%AA%80%E6%9C%A8%E5%BD%AB%E3%82%8A+%E7%A5%A5%E9%9B%B2%E5%A1%97%E9%87%91%E9%BE%8D%E7%B4%8B%E5%8D%B0%E7%AB%A0%E7%9B%92%E3%80%8F%E6%A5%B5%E7%B4%B0%E5%B7%A5+%E7%BD%AE%E7%89%A9+%E6%93%BA%E4%BB%B6+%E8%B3%9E%E7%89%A9+%E5%8F%A4%E7%BE%8E%E8%A1%93+%E9%AA%A8%E8%91%A3+%E4%B8%AD%E5%9B%BD%E5%8F%A4%E7%8E%A9 HTTP/1.1" 200 54347 "-" "Mozilla/5.0 (Linux; Android 6.0.1; Nexus 5X Build/MMB29P) AppleWebKit/537.36 (KHTML, like Gecko) Chrome/135.0.7049.95 Mobile Safari/537.36 (compatible; Googlebot/2.1; +http://www.google.com/bot.html)"
185.191.171.15 - - [29/Apr/2025:08:14:46 -0400] "GET /bocoran-togel-toto-macau-13-00-kamis-28-desember-2023/ HTTP/1.1" 200 0 "-" "Mozilla/5.0 (compatible; SemrushBot/7~bl; +http://www.semrush.com/bot.html)"
52.167.144.169 - - [29/Apr/2025:08:14:47 -0400] "GET /?o=47185148621703&channel=4f4017&from=category-info.php%3Fid%3D1486217-2091%26name%3D%E3%82%AF%E3%82%A4%E3%83%83%E3%82%AF%E3%82%B7%E3%83%AB%E3%83%90%E3%83%BC%E3%80%80IN+THE+HOOD+JK+%E3%82%B9%E3%82%AD%E3%83%BC%E3%82%B9%E3%83%8E%E3%83%9C%E3%83%BC%E3%82%A6%E3%82%A7%E3%82%A2 HTTP/1.1" 200 0 "-" "Mozilla/5.0 AppleWebKit/537.36 (KHTML, like Gecko; compatible; bingbot/2.0; +http://www.bing.com/bingbot.htm) Chrome/116.0.1938.76 Safari/537.36"
66.249.79.8 - - [29/Apr/2025:08:14:51 -0400] "GET /?o=00681177891006&channel=f58304&from=brands.php%3Fid%3D1778910-22397%26name%3D%5B%E3%82%AC%E3%83%8A%E3%82%BF%5D+%E3%80%90%E6%B6%BC%E3%81%97%E3%81%84%EF%BC%81%E7%B6%BF%E9%BA%BB%E3%82%AB%E3%82%B8%E3%83%A5%E3%82%A2%E3%83%AB%E3%83%8F%E3%83%BC%E3%83%95%E3%83%91%E3%83%B3%E3%83%84%E3%80%91+%E3%83%8F%E3%83%BC%E3%83%95%E3%83%91%E3%83%B3%E3%83%84+%E3%83%A1%E3%83%B3%E3%82%BA+%E5%A4%A7%E3%81%8D%E3%81%84%E3%82%B5%E3%82%A4%E3%82%BA+7%E5%88%86%E4%B8%88+%E3%83%AA%E3%83%8D%E3%83%B3+%E6%B6%BC%E3%81%97%E3%81%84+%E3%82%A2%E3%82%A6%E3%83%88%E3%83%89%E3%82%A2+%E9%83%A8%E5%B1%8B%E7%9D%80 HTTP/1.1" 200 54546 "-" "Mozilla/5.0 (Linux; Android 6.0.1; Nexus 5X Build/MMB29P) AppleWebKit/537.36 (KHTML, like Gecko) Chrome/135.0.7049.95 Mobile Safari/537.36 (compatible; Googlebot/2.1; +http://www.google.com/bot.html)"
66.249.79.2 - - [29/Apr/2025:08:15:30 -0400] "GET /?o=50232112988708&channel=eff1cb&from=product.php%3Fid%3D1129887-6041%26name%3D%E7%BE%8E%E5%93%81%E2%98%86TIFFANY%26Co.+%E3%83%86%E3%82%A3%E3%83%95%E3%82%A1%E3%83%8B%E3%83%BC+%E3%82%A8%E3%83%AB%E3%82%B5%E3%83%9A%E3%83%AC%E3%83%83%E3%83%86%E3%82%A3+AG925+%E3%83%A0%E3%83%BC%E3%83%B3%E3%82%B9%E3%83%88%E3%83%BC%E3%83%B3+%E3%83%91%E3%83%BC%E3%83%AB+%E3%83%8D%E3%83%83%E3%82%AF%E3%83%AC%E3%82%B9+%E3%82%B7%E3%83%AB%E3%83%90%E3%83%BC+%E7%AE%B1%E3%83%BB%E4%BF%9D%E5%AD%98%E8%A2%8B%E4%BB%98%E3%81%8D+%E9%87%8D%E9%87%8F2.3g+%E3%83%AC%E3%83%87%E3%82%A3%E3%83%BC%E3%82%B9 HTTP/1.1" 200 53367 "-" "Mozilla/5.0 (Linux; Android 6.0.1; Nexus 5X Build/MMB29P) AppleWebKit/537.36 (KHTML, like Gecko) Chrome/135.0.7049.95 Mobile Safari/537.36 (compatible; Googlebot/2.1; +http://www.google.com/bot.html)"
40.77.167.48 - - [29/Apr/2025:08:17:29 -0400] "GET /?o=10238141896002&channel=f8d61d&from=article.php%3Fid%3D1418960-6041%26name%3D%E3%83%8D%E3%83%83%E3%82%AF%E3%83%AC%E3%82%B9+%E3%83%AC%E3%83%87%E3%82%A3%E3%83%BC%E3%82%B9+12%E6%9C%88+%E8%AA%95%E7%94%9F%E7%9F%B3+%E4%B8%80%E7%B2%92+%E3%83%9A%E3%83%B3%E3%83%80%E3%83%B3%E3%83%88+%E5%A4%A9%E7%84%B6%E7%9F%B3+%E6%97%A5%E6%9C%AC%E8%A3%BD HTTP/1.1" 200 0 "-" "Mozilla/5.0 AppleWebKit/537.36 (KHTML, like Gecko; compatible; bingbot/2.0; +http://www.bing.com/bingbot.htm) Chrome/116.0.1938.76 Safari/537.36"
157.55.39.48 - - [29/Apr/2025:08:17:55 -0400] "GET /?o=44827132251701&channel=60e7a4&from=info.php%3Fid%3D1322517-24714%26name%3DRalondbey%E3%82%A8%E3%83%9D%E3%82%AD%E3%82%B7%E6%A8%B9%E8%84%82%E5%9E%8B+%E9%8B%B3%E9%80%A0%E7%94%A8%E6%A8%B9%E8%84%82%E3%82%B7%E3%83%AA%E3%82%B3%E3%83%B3%E5%9E%8B%E3%82%B8%E3%83%A5%E3%82%A8%E3%83%AA%E3%83%BC%E4%BD%9C%E3%82%8A%E7%94%A8%E3%81%AE%E3%82%B7%E3%83%AA%E3%82%B3%E3%83%B3%E5%9E%8B%E3%80%82%E5%AE%B6%E5%BA%AD%E3%81%AE%E5%A3%81%E9%A3%BE%E3%82%8A%E8%A3%85%E9%A3%BE%E7%94%A8%E3%81%AE%E4%B8%87%E8%83%BD%E3%82%B7%E3%83%AA%E3%82%B3%E3%83%B3%E8%A3%BD%E3%83%95%E3%83%A9%E3%83%AF%E3%83%BC%E3%82%AF%E3%83%AD%E3%82%B9 HTTP/1.1" 200 0 "-" "Mozilla/5.0 AppleWebKit/537.36 (KHTML, like Gecko; compatible; bingbot/2.0; +http://www.bing.com/bingbot.htm) Chrome/116.0.1938.76 Safari/537.36"
40.77.167.48 - - [29/Apr/2025:08:19:45 -0400] "GET /?o=7987132834202&channel=ba8fbd&from=shop.php%3Fid%3D328342-9061%26name%3DF18-C00-A3DG+G1-1%2F2+5%C2%B5m+%E6%B1%8E%E7%94%A8%E3%83%95%E3%82%A3%E3%83%AB%E3%82%BF%E3%83%BC+%E8%87%AA%E5%8B%95%E6%8E%92%E6%B0%B4%E3%83%95%E3%82%A3%E3%83%AB%E3%82%BF%E3%83%BC%E3%82%A8%E3%83%AC%E3%83%A1%E3%83%B3%E3%83%88 HTTP/1.1" 200 0 "-" "Mozilla/5.0 AppleWebKit/537.36 (KHTML, like Gecko; compatible; bingbot/2.0; +http://www.bing.com/bingbot.htm) Chrome/116.0.1938.76 Safari/537.36"
85.208.96.210 - - [29/Apr/2025:08:20:02 -0400] "GET /erek-erek-32-di-buku-mimpi-bergambar-lengkap/ HTTP/1.1" 200 0 "-" "Mozilla/5.0 (compatible; SemrushBot/7~bl; +http://www.semrush.com/bot.html)"
66.249.79.1 - - [29/Apr/2025:08:20:02 -0400] "GET /?o=6211985527902&channel=864b9e&from=blog.php%3Fid%3D855279-12987%26name%3D%E3%83%9B%E3%83%83%E3%83%88%E3%83%88%E3%82%A4%E3%82%BA%E3%80%80%E3%82%B9%E3%82%BF%E3%83%BC%E3%82%A6%E3%82%A9%E3%83%BC%E3%82%BA%E3%80%80%E3%83%9C%E3%83%90%E3%83%95%E3%82%A7%E3%83%83%E3%83%88%E3%80%80%E3%80%80%E3%82%AF%E3%82%A9%E3%83%BC%E3%82%BF%E3%83%BC%E3%82%B9%E3%82%B1%E3%83%BC%E3%83%AB+%E6%B6%88%E3%81%9B HTTP/1.1" 200 54222 "-" "Mozilla/5.0 (Linux; Android 6.0.1; Nexus 5X Build/MMB29P) AppleWebKit/537.36 (KHTML, like Gecko) Chrome/135.0.7049.95 Mobile Safari/537.36 (compatible; Googlebot/2.1; +http://www.google.com/bot.html)"
66.249.79.8 - - [29/Apr/2025:08:20:35 -0400] "GET /?o=1952635163216&channel=421c09&from=blog.php%3Fid%3D351632-2182%26name%3DNOREV+1%2F18+%E3%82%B9%E3%82%B1%E3%83%BC%E3%83%AB%3Cbr%3E%E3%83%A1%E3%83%AB%E3%82%BB%E3%83%87%E3%82%B9+%E3%83%99%E3%83%B3%E3%83%84+200T+%28+S123+%29%3Cbr%3E%E3%82%B9%E3%83%86%E3%83%BC%E3%82%B7%E3%83%A7%E3%83%B3+%E3%83%AF%E3%82%B4%E3%83%B3%3Cbr%3E1982%E5%B9%B4%E3%80%81%E3%83%96%E3%83%A9%E3%83%83%E3%82%AF%3Cbr%3E HTTP/1.1" 200 54159 "-" "Mozilla/5.0 (Linux; Android 6.0.1; Nexus 5X Build/MMB29P) AppleWebKit/537.36 (KHTML, like Gecko) Chrome/135.0.7049.95 Mobile Safari/537.36 (compatible; Googlebot/2.1; +http://www.google.com/bot.html)"
66.249.79.8 - - [29/Apr/2025:08:20:42 -0400] "GET /?o=16601184883602&channel=4d888b&from=pin.php%3Fid%3D1848836-29328%26name%3D%E5%8F%A4%E7%9D%80%E3%80%80%E3%83%8E%E3%83%BC%E3%82%B9%E3%83%95%E3%82%A7%E3%82%A4%E3%82%B9%E3%80%80%E3%83%96%E3%83%AB%E3%82%BE%E3%83%B3%E3%80%80%E3%82%B8%E3%83%A3%E3%82%B1%E3%83%83%E3%83%88%E3%80%80%E8%A3%8F%E3%83%95%E3%83%AA%E3%83%BC%E3%82%B9%E3%80%80XL+US%E8%A6%8F%E6%A0%BC%E3%80%80%E3%83%A1%E3%83%B3%E3%82%BA HTTP/1.1" 200 51629 "-" "Mozilla/5.0 (Linux; Android 6.0.1; Nexus 5X Build/MMB29P) AppleWebKit/537.36 (KHTML, like Gecko) Chrome/135.0.7049.95 Mobile Safari/537.36 (compatible; Googlebot/2.1; +http://www.google.com/bot.html)"
66.249.79.8 - - [29/Apr/2025:08:20:45 -0400] "GET /?o=90786147030604&channel=7fbd7e&from=form.php%3Fid%3D1470306-6365%26name%3D%E3%83%AA%E3%83%88%E3%83%AB+%E3%83%A9%E3%82%A4%E3%83%96+%E3%83%9A%E3%83%83%E3%83%88+%E3%83%9E%E3%82%A4+%E3%83%91%E3%83%94%E3%83%BC+%E3%83%9B%E3%83%BC%E3%83%A0+%E3%83%9F%E3%83%8B+-+%E3%83%86%E3%82%A3%E3%83%BC%E3%83%AB+%26+%E3%82%AA%E3%83%AC%E3%83%B3%E3%82%B8+%E3%83%9B%E3%83%BC%E3%83%A0+%7C%E3%81%AC%E3%81%84%E3%81%90%E3%82%8B%E3%81%BF%E3%81%A8%E7%8A%AC%E5%B0%8F%E5%B1%8B%E3%81%AE%E3%83%97%E3%83%AC%E3%82%A4%E3%82%BB%E3%83%83%E3%83%88%E5%AD%90%E7%8A%AC%E3%81%AE%E5%AE%B6%E3%82%92%E5%BB%BA%E3%81%A6%E3%81%A6%E3%80%81%E5%90%8D%E5%89%8D%E3%82%92%E4%BB%98%E3%81%91%E3%81%A6%E3%82%B5%E3%83%97%E3%83%A9%E3%82%A4%E3%82%BA%E3%81%97%E3%81%BE%E3%81%97%E3%82%87%E3%81%86%21%E5%AD%90%E7%8A%AC+%E3%81%A9%E3%81%AE%E5%AD%90%E7%8A%AC%E3%82%92%E6%89%8B%E3%81%AB%E5%85%A5%E3%82%8C%E3%81%BE%E3%81%99%E3%81%8B%EF%BC%9F%E7%B0%A1%E5%8D%98%E3%81%AB%E7%B5%84%E3%81%BF%E7%AB%8B%E3%81%A6%E3%82%8BDIY HTTP/1.1" 200 55065 "-" "Mozilla/5.0 (Linux; Android 6.0.1; Nexus 5X Build/MMB29P) AppleWebKit/537.36 (KHTML, like Gecko) Chrome/135.0.7049.95 Mobile Safari/537.36 (compatible; Googlebot/2.1; +http://www.google.com/bot.html)"
66.249.79.8 - - [29/Apr/2025:08:20:51 -0400] "GET /?o=47206171533200&channel=c6c321&from=category-info.php%3Fid%3D1715332-8516%26name%3D%E3%83%9F%E3%82%BA%E3%83%8E+MIZUNO+%E3%82%B0%E3%83%AD%E3%83%BC%E3%83%90%E3%83%AB%E3%82%A8%E3%83%AA%E3%83%BC%E3%83%88+ZeroSpace+%E5%B7%A6%E6%89%8B%E7%94%A8+%E5%AE%88%E5%82%99%E6%89%8B%E8%A2%8B+%E9%87%8E%E7%90%83+%E5%AE%88%E5%82%99%E6%89%8B%E8%A2%8B+23AW+%281EJED290%29 HTTP/1.1" 200 55019 "-" "Mozilla/5.0 (Linux; Android 6.0.1; Nexus 5X Build/MMB29P) AppleWebKit/537.36 (KHTML, like Gecko) Chrome/135.0.7049.95 Mobile Safari/537.36 (compatible; Googlebot/2.1; +http://www.google.com/bot.html)"
66.249.79.8 - - [29/Apr/2025:08:20:56 -0400] "GET /?o=2412051830401&channel=b0b88a&from=category-info.php%3Fid%3D518304-311%26name%3DUniversal+Audio+%2F+UAFX+Enigmatic+%2782+Overdrive+Special+Amp+%E3%83%A6%E3%83%8B%E3%83%B4%E3%82%A1%E3%83%BC%E3%82%B5%E3%83%AB%E3%82%AA%E3%83%BC%E3%83%87%E3%82%A3%E3%82%AA%28%E5%BE%A1%E8%8C%B6%E3%83%8E%E6%B0%B4%E6%9C%AC%E5%BA%97%29 HTTP/1.1" 200 53868 "-" "Mozilla/5.0 (Linux; Android 6.0.1; Nexus 5X Build/MMB29P) AppleWebKit/537.36 (KHTML, like Gecko) Chrome/135.0.7049.95 Mobile Safari/537.36 (compatible; Googlebot/2.1; +http://www.google.com/bot.html)"
66.249.79.2 - - [29/Apr/2025:08:21:20 -0400] "GET /?o=7580379042200&channel=3210e9&from=brands.php%3Fid%3D790422-20818%26name%3DARES+70664-8%E3%82%A4%E3%83%B3%E3%83%81+%E3%83%9F%E3%83%8B%E3%83%9C%E3%83%AB%E3%83%88%E3%82%AB%E3%83%83%E3%82%BF%E3%83%BC+-+%E3%82%AF%E3%83%AD%E3%83%A0%E3%83%A2%E3%83%AA%E3%83%BC%E9%8B%BC%E6%A7%8B%E9%80%A0+%26amp%3B+%E9%AB%98%E5%91%A8%E6%B3%A2%E7%84%BC%E5%85%A5%E3%82%8C%E5%88%87%E6%96%AD%E3%82%A8%E3%83%83%E3%82%B8+-+%E9%AB%98%E8%80%90%E4%B9%85%E3%83%AF%E3%82%A4%E3%83%A4%E3%83%BC%E3%80%81 HTTP/1.1" 200 54572 "-" "Mozilla/5.0 (Linux; Android 6.0.1; Nexus 5X Build/MMB29P) AppleWebKit/537.36 (KHTML, like Gecko) Chrome/135.0.7049.95 Mobile Safari/537.36 (compatible; Googlebot/2.1; +http://www.google.com/bot.html)"
