66.249.73.128 - - [29/Apr/2025:13:11:42 -0400] "GET /?o=506711381809&channel=54d3f2&from=category-info.php%3Fid%3D13818-1790%26name%3D%E3%80%90%E4%B8%AD%E5%8F%A4%E3%80%91%E3%80%90%E3%83%AC%E3%83%87%E3%82%A3%E3%83%BC%E3%82%B9%E3%83%A2%E3%83%87%E3%83%AB%E3%80%91%E3%82%AD%E3%83%A3%E3%83%AD%E3%82%A6%E3%82%A7%E3%82%A4+SURE+OUT+2+%E3%83%AC%E3%83%87%E3%82%A3%E3%82%B9+%E3%82%A6%E3%82%A7%E3%83%83%E3%82%B8+56%C2%B0+34.0%E3%82%A4%E3%83%B3%E3%83%81+MCI+for+CW+WG4+C%E3%83%A9%E3%83%B3%E3%82%AF+%E5%8F%B3%E5%88%A9%E3%81%8D%E7%94%A8+Callaway+%E6%97%A9%E6%80%A5+%E3%82%B4%E3%83%AB%E3%83%95%E3%82%AF%E3%83%A9%E3%83%96+%E3%82%B4%E3%83%AB%E3%83%95%E3%83%89%E3%82%A5+%E3%82%B4%E3%83%AB%E3%83%95%E7%94%A8%E5%93%81+GOLF+DO+%E4%B8%AD%E5%8F%A4%E3%82%B4%E3%83%AB%E3%83%95%E3%82%AF%E3%83%A9%E3%83%96 HTTP/1.1" 200 54445 "-" "Mozilla/5.0 (Linux; Android 6.0.1; Nexus 5X Build/MMB29P) AppleWebKit/537.36 (KHTML, like Gecko) Chrome/135.0.7049.95 Mobile Safari/537.36 (compatible; Googlebot/2.1; +http://www.google.com/bot.html)"
18.97.9.175 - - [29/Apr/2025:13:11:50 -0400] "GET /tag/bonus-togel-toto-macau-19-00-wib/page/2/ HTTP/1.1" 200 0 "-" "CCBot/2.0 (https://commoncrawl.org/faq/)"
66.249.73.128 - - [29/Apr/2025:13:12:16 -0400] "GET /?o=2921238030009&channel=1742fe&from=news.php%3Fid%3D380300-2878%26name%3D%E6%BF%80%E3%83%AC%E3%82%A2%21%21+%E3%82%B9%E3%83%8D%E3%82%A2+%E3%82%B8%E3%83%A7%E3%83%BC%E3%82%A4%E3%82%B8%E3%83%A7%E3%83%BC%E3%83%87%E3%82%A3%E3%82%BD%E3%83%B3+%E3%82%B7%E3%82%B0%E3%83%8D%E3%82%A4%E3%83%81%E3%83%A3%E3%83%BC%E3%83%A2%E3%83%87%E3%83%AB+JJ1365 HTTP/1.1" 200 53280 "-" "Mozilla/5.0 (Linux; Android 6.0.1; Nexus 5X Build/MMB29P) AppleWebKit/537.36 (KHTML, like Gecko) Chrome/135.0.7049.95 Mobile Safari/537.36 (compatible; Googlebot/2.1; +http://www.google.com/bot.html)"
66.249.73.128 - - [29/Apr/2025:13:12:45 -0400] "GET /?o=7731982892006&channel=1dfde5&from=news.php%3Fid%3D828920-21216%26name%3DBCOATH+1+%E3%83%91%E3%82%BD%E3%82%B3%E3%83%B3+A4+%E3%83%A9%E3%82%A4%E3%83%86%E3%82%A3%E3%83%B3%E3%82%B0+%E3%83%91%E3%83%83%E3%83%89+%E3%83%A9%E3%82%A4%E3%83%86%E3%82%A3%E3%83%B3%E3%82%B0+%E3%82%B9%E3%83%97%E3%83%AA%E3%83%B3%E3%83%88+%E3%83%93%E3%82%B8%E3%83%8D%E3%82%B9+%E3%83%95%E3%82%A1%E3%82%A4%E3%83%AB+%E3%83%9B%E3%83%AB%E3%83%80%E3%83%BC+%E7%B4%99+%E3%83%9B%E3%83%AB%E3%83%80%E3%83%BC+%E3%82%AF%E3%83%AA%E3%83%83 HTTP/1.1" 200 53943 "-" "Mozilla/5.0 (Linux; Android 6.0.1; Nexus 5X Build/MMB29P) AppleWebKit/537.36 (KHTML, like Gecko) Chrome/135.0.7049.95 Mobile Safari/537.36 (compatible; Googlebot/2.1; +http://www.google.com/bot.html)"
18.97.9.175 - - [29/Apr/2025:13:12:45 -0400] "GET /erek-erek-26-di-buku-mimpi-bergambar-lengkap/ HTTP/1.1" 200 0 "-" "CCBot/2.0 (https://commoncrawl.org/faq/)"
66.249.73.128 - - [29/Apr/2025:13:12:58 -0400] "GET /?o=45064103547009&channel=239c05&from=shop.php%3Fid%3D1035470-5338%26name%3D%E3%82%B4%E3%83%A4%E3%83%BC%E3%83%AB+%E3%83%88%E3%83%BC%E3%83%88%E3%83%90%E3%83%83%E3%82%B0+%E3%82%A2%E3%83%B3%E3%82%B8%E3%83%A5+%E3%83%9F%E3%83%8B%E3%83%9D%E3%83%BC%E3%83%81+f-21488+%E3%83%A9%E3%82%A4%E3%83%88%E3%82%B0%E3%83%AA%E3%83%BC%E3%83%B3+%E7%BE%8E%E5%93%81+%E3%83%AA%E3%83%90%E3%83%BC%E3%82%B9%E3%83%96%E3%83%AB+%E3%82%B7%E3%83%A5%E3%83%B4%E3%83%AD%E3%83%83%E3%82%B7%E3%83%A5+%E3%82%AB%E3%83%BC%E3%83%95%E3%82%B9%E3%82%AD%E3%83%B3+%E3%82%B4%E3%83%A4%E3%83%BC%E3%83%AB%E3%83%87%E3%82%A3%E3%83%B3%E3%82%AD%E3%83%A3%E3%83%B3%E3%83%90%E3%82%B9+%E4%B8%AD%E5%8F%A4+SUT020660+GOYARD+%E3%83%9D%E3%83%BC%E3%83%81%E4%BB%98%E3%81%8D+%E3%83%9F%E3%83%8B%E3%83%88%E3%83%BC%E3%83%88+%E3%83%98%E3%83%B3%E3%83%AA%E3%83%9C%E3%83%BC%E3%83%B3 HTTP/1.1" 200 52843 "-" "Mozilla/5.0 (Linux; Android 6.0.1; Nexus 5X Build/MMB29P) AppleWebKit/537.36 (KHTML, like Gecko) Chrome/135.0.7049.95 Mobile Safari/537.36 (compatible; Googlebot/2.1; +http://www.google.com/bot.html)"
66.249.73.130 - - [29/Apr/2025:13:13:20 -0400] "GET /?o=92088139076104&channel=3c4727&from=article.php%3Fid%3D1390761-17%26name%3D%E5%AF%8C%E5%A3%AB%E9%80%9A%E3%82%BC%E3%83%8D%E3%83%A9%E3%83%AB+%E8%84%B1%E8%87%AD%E6%A9%9F+%E3%83%97%E3%83%A9%E3%82%BA%E3%82%A3%E3%82%AA%E3%83%B3+HDS-302G HTTP/1.1" 200 54074 "-" "Mozilla/5.0 (Linux; Android 6.0.1; Nexus 5X Build/MMB29P) AppleWebKit/537.36 (KHTML, like Gecko) Chrome/135.0.7049.95 Mobile Safari/537.36 (compatible; Googlebot/2.1; +http://www.google.com/bot.html)"
52.167.144.206 - - [29/Apr/2025:13:13:30 -0400] "GET /?o=774366179401&channel=6ad8b2&from=shared.php%3Fid%3D61794-3318%26name%3DD-MAX+%E8%AA%BF%E6%95%B4%E5%BC%8F%E3%82%B9%E3%82%BF%E3%83%93%E3%83%A9%E3%82%A4%E3%82%B6%E3%83%BC%E3%83%AA%E3%83%B3%E3%82%AF+%E3%83%97%E3%83%AA%E3%82%A6%E3%82%B9%CE%B1+ZVW41W+H23.5%E3%80%9C+2WD HTTP/1.1" 200 0 "-" "Mozilla/5.0 AppleWebKit/537.36 (KHTML, like Gecko; compatible; bingbot/2.0; +http://www.bing.com/bingbot.htm) Chrome/116.0.1938.76 Safari/537.36"
18.97.9.175 - - [29/Apr/2025:13:13:35 -0400] "GET /tag/angka-main-togel-sydney/ HTTP/1.1" 200 0 "-" "CCBot/2.0 (https://commoncrawl.org/faq/)"
66.249.73.129 - - [29/Apr/2025:13:13:47 -0400] "GET /?o=0191037187301&channel=723201&from=brands.php%3Fid%3D371873-9872%26name%3D%E9%A1%8D%E7%B8%81%E3%80%80%E6%B2%B9%E7%B5%B5%2F%E6%B2%B9%E5%BD%A9%E9%A1%8D%E7%B8%81+%E6%9C%A8%E8%A3%BD%E3%83%95%E3%83%AC%E3%83%BC%E3%83%A0+%E6%89%8B%E4%BD%9C%E3%82%8A+%E3%83%8F%E3%83%B3%E3%83%89%E3%83%A1%E3%82%A4%E3%83%89+UV%E3%82%AB%E3%83%83%E3%83%88%E3%82%A2%E3%82%AF%E3%83%AA%E3%83%AB%E4%BB%98+6231+%E3%82%B5%E3%82%A4%E3%82%BA+F8%E5%8F%B7+%E3%82%B4%E3%83%BC%E3%83%AB%E3%83%89 HTTP/1.1" 200 54467 "-" "Mozilla/5.0 (Linux; Android 6.0.1; Nexus 5X Build/MMB29P) AppleWebKit/537.36 (KHTML, like Gecko) Chrome/135.0.7049.95 Mobile Safari/537.36 (compatible; Googlebot/2.1; +http://www.google.com/bot.html)"
18.97.9.175 - - [29/Apr/2025:13:14:23 -0400] "GET /erek-erek-81-di-buku-mimpi-bergambar-lengkap/ HTTP/1.1" 200 0 "-" "CCBot/2.0 (https://commoncrawl.org/faq/)"
66.249.73.129 - - [29/Apr/2025:13:14:27 -0400] "GET /?o=6810012680413&channel=d51d73&from=info.php%3Fid%3D126804-8159%26name%3DTTS+RACING+%E3%83%84%E3%83%AB%E3%83%8E%E3%83%86%E3%82%AF%E3%83%8B%E3%82%AB%E3%83%AB%E3%82%B5%E3%83%BC%E3%83%93%E3%82%B9+%E3%83%AC%E3%83%BC%E3%82%B7%E3%83%B3%E3%82%B0%E3%82%B9%E3%83%86%E3%83%83%E3%83%97%E3%82%AD%E3%83%83%E3%83%88+NSF100+HONDA+%E3%83%9B%E3%83%B3%E3%83%80+%E3%83%90%E3%83%83%E3%82%AF%E3%82%B9%E3%83%86%E3%83%83%E3%83%97 HTTP/1.1" 200 52886 "-" "Mozilla/5.0 (Linux; Android 6.0.1; Nexus 5X Build/MMB29P) AppleWebKit/537.36 (KHTML, like Gecko) Chrome/135.0.7049.114 Mobile Safari/537.36 (compatible; Googlebot/2.1; +http://www.google.com/bot.html)"
66.249.73.128 - - [29/Apr/2025:13:14:40 -0400] "GET /?o=29857147319600&channel=f6b3a1&from=form.php%3Fid%3D1473196-945%26name%3D16.0+%E3%82%A4%E3%83%B3%E3%83%81+%E3%82%BF%E3%83%83%E3%83%81%E3%82%B9%E3%82%AF%E3%83%AA%E3%83%BC%E3%83%B3+%E3%83%A2%E3%83%8B%E3%82%BF%E3%83%BC+HD+1920x1200+%E3%83%87%E3%83%A5%E3%82%A2%E3%83%AB+%E3%82%B9%E3%83%94%E3%83%BC%E3%82%AB%E3%83%BC%E3%80%81%E3%82%BF%E3%83%83%E3%83%81%E6%A9%9F%E8%83%BD%E4%BB%98%E3%81%8D%E3%83%9D%E3%83%BC%E3%82%BF%E3%83%96%E3%83%AB+%E3%82%BF%E3%83%83%E3%83%81%E3%82%B9%E3%82%AF%E3%83%AA HTTP/1.1" 200 55510 "-" "Mozilla/5.0 (Linux; Android 6.0.1; Nexus 5X Build/MMB29P) AppleWebKit/537.36 (KHTML, like Gecko) Chrome/135.0.7049.95 Mobile Safari/537.36 (compatible; Googlebot/2.1; +http://www.google.com/bot.html)"
66.249.73.129 - - [29/Apr/2025:13:15:05 -0400] "GET /?o=19048119924106&channel=88a573&from=form.php%3Fid%3D1199241-32%26name%3Dyixue+605X+%E7%A3%81%E6%B0%97%E3%82%B9%E3%83%88%E3%83%A9%E3%82%A4%E3%83%97%E3%82%AB%E3%83%BC%E3%83%89%E3%83%AA%E3%83%BC%E3%83%80%E3%83%BC+%E3%83%A9%E3%82%A4%E3%82%BF%E3%83%BC+%E3%82%A8%E3%83%B3%E3%82%B3%E3%83%BC%E3%83%80%E3%83%BC+%E3%83%9E%E3%82%B0%E3%82%B9%E3%83%88%E3%83%AA%E3%83%83%E3%83%97+206+605+606+X6+X6BT HTTP/1.1" 200 54434 "-" "Mozilla/5.0 (Linux; Android 6.0.1; Nexus 5X Build/MMB29P) AppleWebKit/537.36 (KHTML, like Gecko) Chrome/135.0.7049.95 Mobile Safari/537.36 (compatible; Googlebot/2.1; +http://www.google.com/bot.html)"
52.167.144.206 - - [29/Apr/2025:13:15:10 -0400] "GET /?o=78279156549001&channel=559b14&from=jp.php%3Fid%3D1565490-1797%26name%3Dis-ness+%2F+%E3%82%A4%E3%82%BA%E3%83%8D%E3%82%B9+%3A+DENIM+5PK+BALLOON+PANTS+%3A+is-ness+%E3%82%A4%E3%82%BA%E3%83%8D%E3%82%B9+%E3%83%87%E3%83%8B%E3%83%A0%E3%83%95%E3%82%A1%E3%82%A4%E3%83%96%E3%83%9D%E3%82%B1%E3%83%83%E3%83%88%E3%83%90%E3%83%AB%E3%83%BC%E3%83%B3%E3%83%91%E3%83%B3%E3%83%84+%E3%83%90%E3%83%AB%E3%83%BC%E3%83%B3%E3%83%91%E3%83%B3%E3%83%84+%E3%83%87%E3%83%8B%E3%83%A0%E3%83%91%E3%83%B3%E3%83%84+%E3%83%A1%E3%83%B3%E3%82%BA+%E3%82%B9%E3%83%88%E3%83%AA%E3%83%BC%E3%83%88+%3A+1006AWBALOON5PT01%E3%80%90NOA%E3%80%91 HTTP/1.1" 200 0 "-" "Mozilla/5.0 AppleWebKit/537.36 (KHTML, like Gecko; compatible; bingbot/2.0; +http://www.bing.com/bingbot.htm) Chrome/116.0.1938.76 Safari/537.36"
18.97.9.175 - - [29/Apr/2025:13:15:12 -0400] "GET /bocoran-togel-toto-macau-13-00-minggu-7-januari-2024/ HTTP/1.1" 200 0 "-" "CCBot/2.0 (https://commoncrawl.org/faq/)"
66.249.73.128 - - [29/Apr/2025:13:15:15 -0400] "GET /?o=5191177239605&channel=aed48c&from=shared.php%3Fid%3D772396-19869%26name%3D%E2%96%BD%E9%B4%BB%E2%96%BD%E6%B8%85%E6%9C%9D%E6%99%82%E4%BB%A3+%E9%99%B6%E7%A3%81%E5%99%A8+%E9%9B%8D%E6%AD%A3%E5%B9%B4%E8%A3%BD+%E9%9D%92%E8%8A%B1%E5%8F%8C%E9%B3%B3%E8%8F%8A%E5%BC%81%E7%9B%A4+%E6%9F%93%E4%BB%98+%E6%99%82%E4%BB%A3%E7%89%A9+%E4%B8%AD%E5%9B%BD%E5%8F%A4%E7%BE%8E%E8%A1%93+%E9%AA%A8%E8%91%A3%E5%93%81 HTTP/1.1" 200 54296 "-" "Mozilla/5.0 (Linux; Android 6.0.1; Nexus 5X Build/MMB29P) AppleWebKit/537.36 (KHTML, like Gecko) Chrome/135.0.7049.114 Mobile Safari/537.36 (compatible; Googlebot/2.1; +http://www.google.com/bot.html)"
157.55.39.63 - - [29/Apr/2025:13:15:16 -0400] "GET /?o=81270168710500&channel=9968bd&from=pin.php%3Fid%3D1687105-17243%26name%3DNo.237+%E3%83%A2%E3%83%A2%E3%83%B3%E3%82%AC%E3%83%9D%E3%83%BC%E3%83%81%E2%99%AA%E3%81%BE%E3%82%93%E3%81%BE%E3%82%8B%E3%80%80%E3%83%87%E3%83%8B%E3%83%A0%E3%80%80%E3%81%97%E3%81%BE%E3%81%97%E3%81%BE%E3%83%9D%E3%82%B9%E3%82%BF%E3%83%BC%E6%9F%84%E3%83%96%E3%83%A9%E3%83%83%E3%82%AF%28%E5%A4%A7%29 HTTP/1.1" 200 0 "-" "Mozilla/5.0 AppleWebKit/537.36 (KHTML, like Gecko; compatible; bingbot/2.0; +http://www.bing.com/bingbot.htm) Chrome/116.0.1938.76 Safari/537.36"
66.249.73.128 - - [29/Apr/2025:13:15:54 -0400] "GET /?o=45710165521103&channel=01a62f&from=info.php%3Fid%3D1655211-26962%26name%3D%E2%98%85%E3%82%BB%E3%83%83%E3%83%88%E3%81%8C%E3%81%8A%E8%B2%B7%E3%81%84%E5%BE%97%EF%BC%81+%E7%94%9F%E8%82%B2%E7%92%B0%E5%A2%83%E3%82%92%E6%95%B4%E3%81%88%E3%82%8B%E3%82%B9%E3%83%AA%E3%83%83%E3%83%88%E6%A7%8B%E9%80%A0%EF%BC%81%E6%A0%B9%E3%81%A3%E3%81%93%E3%81%A4%E3%82%88%E3%81%97%E3%80%80%EF%BC%95%E5%8F%B7%E3%80%80%EF%BC%91%EF%BC%90%EF%BC%B0+%E8%87%A8%E3%82%81 HTTP/1.1" 200 53586 "-" "Mozilla/5.0 (Linux; Android 6.0.1; Nexus 5X Build/MMB29P) AppleWebKit/537.36 (KHTML, like Gecko) Chrome/135.0.7049.95 Mobile Safari/537.36 (compatible; Googlebot/2.1; +http://www.google.com/bot.html)"
18.97.9.175 - - [29/Apr/2025:13:15:54 -0400] "GET /erek-erek-84-di-buku-mimpi-bergambar-lengkap/ HTTP/1.1" 200 0 "-" "CCBot/2.0 (https://commoncrawl.org/faq/)"
66.249.73.128 - - [29/Apr/2025:13:16:18 -0400] "GET /?o=10412152356406&channel=5c5604&from=brands.php%3Fid%3D1523564-16947%26name%3Dwivien+Westwood%EF%BC%8F%E3%83%B4%E3%82%A3%E3%83%B4%E3%82%A3%E3%82%A2%E3%83%B3%E3%82%A6%E3%82%A8%E3%82%B9%E3%83%88%E3%82%A6%E3%83%83%E3%83%89 HTTP/1.1" 200 52126 "-" "Mozilla/5.0 (Linux; Android 6.0.1; Nexus 5X Build/MMB29P) AppleWebKit/537.36 (KHTML, like Gecko) Chrome/135.0.7049.114 Mobile Safari/537.36 (compatible; Googlebot/2.1; +http://www.google.com/bot.html)"
66.249.73.128 - - [29/Apr/2025:13:16:19 -0400] "GET /?o=97971110514701&channel=c78a62&from=jp.php%3Fid%3D1105147-2391%26name%3D%E9%99%90%E7%95%8C%E4%BE%A1%E6%A0%BC%E6%8C%91%E6%88%A6%EF%BC%81%EF%BC%81%E6%96%B0%E7%94%9F%E6%B4%BB%E5%AE%B6%E9%9B%BB%E2%99%AC%E2%99%AC%E6%B4%97%E6%BF%AF%E6%A9%9F%2F%E5%86%B7%E8%94%B5%E5%BA%AB%E2%99%AC92 HTTP/1.1" 200 53910 "-" "Mozilla/5.0 (Linux; Android 6.0.1; Nexus 5X Build/MMB29P) AppleWebKit/537.36 (KHTML, like Gecko) Chrome/135.0.7049.95 Mobile Safari/537.36 (compatible; Googlebot/2.1; +http://www.google.com/bot.html)"
66.249.73.129 - - [29/Apr/2025:13:16:22 -0400] "GET /?o=116043077310&channel=df31e7&from=article.php%3Fid%3D30773-2919%26name%3D%E7%AA%81%E3%81%A3%E5%BC%B5%E3%82%8A%E4%BC%B8%E7%B8%AE%E3%83%8F%E3%83%B3%E3%82%AC%E3%83%BC%E3%83%A9%E3%83%83%E3%82%AF+2%E6%AE%B5+%E9%A0%91%E4%B8%88+%E6%A3%9A%E4%BB%98%E3%81%8D+%E9%AB%98%E3%81%95%E8%AA%BF%E6%95%B4+%E3%82%B3%E3%83%BC%E3%83%8A%E3%83%BC%E5%AF%BE%E5%BF%9C+%E3%83%8F%E3%83%B3%E3%82%AC%E3%83%BC%E3%83%9D%E3%83%BC%E3%83%AB+%E4%BC%B8%E9%95%B7%E5%BC%8F+%E9%AB%98%E3%81%95%E8%AA%BF%E7%AF%80+%E3%82%B9%E3%83%81%E3%83%BC%E3%83%AB+%E3%83%96%E3%83%A9%E3%83%83%E3%82%AF+%E3%83%9B%E3%83%AF%E3%82%A4%E3%83%88+%E3%81%8A%E3%81%97%E3%82%83%E3%82%8C+%E4%B8%80%E4%BA%BA%E6%9A%AE%E3%82%89%E3%81%97+%E7%9C%81%E3%82%B9%E3%83%9A%E3%83%BC%E3%82%B9+%E5%A4%A7%E5%AE%B9%E9%87%8F+%E3%82%B7%E3%83%B3%E3%83%97%E3%83%AB+%E6%9C%8D%E5%8F%8E%E7%B4%8D+%E8%A1%A3%E9%A1%9E%E5%8F%8E%E7%B4%8D+%E3%83%AC%E3%82%A4%E3%82%A2%E3%82%A6%E3%83%88+S%E5%AD%97%E3%83%95%E3%83%83%E3%82%AF%E4%BB%98%E3%81%8D+L%E5%AD%97 HTTP/1.1" 200 54869 "-" "Mozilla/5.0 (Linux; Android 6.0.1; Nexus 5X Build/MMB29P) AppleWebKit/537.36 (KHTML, like Gecko) Chrome/135.0.7049.95 Mobile Safari/537.36 (compatible; Googlebot/2.1; +http://www.google.com/bot.html)"
18.97.9.175 - - [29/Apr/2025:13:16:43 -0400] "GET /bocoran-togel-toto-macau-00-00-rabu-10-januari-2024/ HTTP/1.1" 200 0 "-" "CCBot/2.0 (https://commoncrawl.org/faq/)"
66.249.73.129 - - [29/Apr/2025:13:16:48 -0400] "GET /?o=87737194459601&channel=023a3b&from=jp.php%3Fid%3D1944596-7216%26name%3D2gethr+DVD-BOX%E3%80%888%E6%9E%9A%E7%B5%84%E3%80%89 HTTP/1.1" 200 53967 "-" "Mozilla/5.0 (Linux; Android 6.0.1; Nexus 5X Build/MMB29P) AppleWebKit/537.36 (KHTML, like Gecko) Chrome/135.0.7049.95 Mobile Safari/537.36 (compatible; Googlebot/2.1; +http://www.google.com/bot.html)"
66.249.73.129 - - [29/Apr/2025:13:17:08 -0400] "GET /?o=9881260501702&channel=041209&from=article.php%3Fid%3D605017-7173%26name%3D%3F20%E3%82%A4%E3%83%B3%E3%83%81%E6%8A%98%E3%82%8A%E3%81%9F%E3%81%9F%E3%81%BF%E8%87%AA%E8%BB%A2%E8%BB%8A HTTP/1.1" 200 54231 "-" "Mozilla/5.0 (Linux; Android 6.0.1; Nexus 5X Build/MMB29P) AppleWebKit/537.36 (KHTML, like Gecko) Chrome/135.0.7049.95 Mobile Safari/537.36 (compatible; Googlebot/2.1; +http://www.google.com/bot.html)"
66.249.73.128 - - [29/Apr/2025:13:17:21 -0400] "GET /?o=8788914073200&channel=17ed4d&from=news.php%3Fid%3D140732-8701%26name%3D%E6%B2%88%E9%A6%99+%E3%83%84%E3%83%A1%E3%82%B7%E3%83%A3%E3%83%A0+%E9%A6%99%E7%82%AD2%E6%9C%AC%E3%82%BB%E3%83%83%E3%83%88%E3%80%90m4085%E3%80%91 HTTP/1.1" 200 53850 "-" "Mozilla/5.0 (Linux; Android 6.0.1; Nexus 5X Build/MMB29P) AppleWebKit/537.36 (KHTML, like Gecko) Chrome/135.0.7049.114 Mobile Safari/537.36 (compatible; Googlebot/2.1; +http://www.google.com/bot.html)"
18.97.9.175 - - [29/Apr/2025:13:17:32 -0400] "GET /tag/togel-online/page/2/ HTTP/1.1" 200 0 "-" "CCBot/2.0 (https://commoncrawl.org/faq/)"
66.249.73.128 - - [29/Apr/2025:13:17:37 -0400] "GET /?o=51050183026408&channel=a728aa&from=info.php%3Fid%3D1830264-23606%26name%3D%E9%9D%A9%E6%BA%B6%E6%8E%A5%E3%81%AE%E8%A2%96%E7%86%B1%E7%81%AB%E7%82%8E%E8%80%90%E6%80%A7%E3%82%A2%E3%83%BC%E3%83%A0%E3%83%97%E3%83%AD%E3%83%86%E3%82%AF%E3%82%BF%E3%83%BC%E6%BA%B6%E6%8E%A5%E7%94%A8%E3%81%AE%E5%BC%BE%E6%80%A7%E3%82%AB%E3%83%95%E3%81%AE%E4%BE%9B%E7%B5%A6 HTTP/1.1" 200 52464 "-" "Mozilla/5.0 (Linux; Android 6.0.1; Nexus 5X Build/MMB29P) AppleWebKit/537.36 (KHTML, like Gecko) Chrome/135.0.7049.95 Mobile Safari/537.36 (compatible; Googlebot/2.1; +http://www.google.com/bot.html)"
66.249.73.128 - - [29/Apr/2025:13:17:37 -0400] "GET /?o=29496127481104&channel=eff1cb&from=brands.php%3Fid%3D1274811-6041%26name%3DK18YG+14%E9%9D%A2%E3%83%88%E3%83%AA%E3%83%97%E3%83%AB+%E5%96%9C%E5%B9%B3%E3%83%8D%E3%83%83%E3%82%AF%E3%83%AC%E3%82%B9+55cm+56.4g+%E8%8D%92%E3%81%99+A HTTP/1.1" 200 55996 "-" "Mozilla/5.0 (Linux; Android 6.0.1; Nexus 5X Build/MMB29P) AppleWebKit/537.36 (KHTML, like Gecko) Chrome/135.0.7049.95 Mobile Safari/537.36 (compatible; Googlebot/2.1; +http://www.google.com/bot.html)"
52.167.144.206 - - [29/Apr/2025:13:17:41 -0400] "GET /?o=02027103692100&channel=dd4b70&from=info.php%3Fid%3D1036921-5050%26name%3DSeries9%5B45mm%2FGPS%5D%E3%82%A2%E3%83%AB%E3%83%9F+%E3%82%B7%E3%83%AB%E3%83%90%E3%83%BC+Apple+Watch%E3%80%90%E5%AE%89%E5%BF%83%E4%BF%9D%E8%A8%BC%E3%80%91 HTTP/1.1" 200 0 "-" "Mozilla/5.0 AppleWebKit/537.36 (KHTML, like Gecko; compatible; bingbot/2.0; +http://www.bing.com/bingbot.htm) Chrome/116.0.1938.76 Safari/537.36"
66.249.73.130 - - [29/Apr/2025:13:18:21 -0400] "GET /?o=92739160175204&channel=409df5&from=product.php%3Fid%3D1601752-452%26name%3DGIRO+%E3%82%B8%E3%83%AD+%E3%82%B9%E3%83%8E%E3%83%9C+%E3%82%B9%E3%83%8E%E3%83%BC%E3%83%9C%E3%83%BC%E3%83%89+%E3%82%B4%E3%83%BC%E3%82%B0%E3%83%AB+%E3%83%AC%E3%83%87%E3%82%A3%E3%83%BC%E3%82%B9+2024+CONTOUR+RS+%2F+%E3%82%B3%E3%83%B3%E3%83%84%E3%82%A2%E3%83%BC+%E3%82%A2%E3%83%BC%E3%83%AB%E3%82%A8%E3%82%B9+%E3%82%A2%E3%82%B8%E3%82%A2%E3%83%B3%E3%83%95%E3%82%A3%E3%83%83%E3%83%88+%E3%82%B9%E3%83%9A%E3%82%A2%E3%83%AC%E3%83%B3%E3%82%BA%E4%BB%98+%E7%9C%BC%E9%8F%A1%E3%83%BB%E3%83%A1%E3%82%AC%E3%83%8D%E5%AF%BE%E5%BF%9C%E3%82%B4%E3%83%BC%E3%82%B0%E3%83%AB HTTP/1.1" 200 52976 "-" "Mozilla/5.0 (Linux; Android 6.0.1; Nexus 5X Build/MMB29P) AppleWebKit/537.36 (KHTML, like Gecko) Chrome/135.0.7049.95 Mobile Safari/537.36 (compatible; Googlebot/2.1; +http://www.google.com/bot.html)"
66.249.73.130 - - [29/Apr/2025:13:18:22 -0400] "GET /?o=2921789145304&channel=d114a2&from=category-info.php%3Fid%3D891453-21725%26name%3DQIAODAIMEI+%E3%82%A4%E3%83%B3%E3%83%86%E3%83%AA%E3%82%A2%E3%83%89%E3%82%A2%E3%83%AD%E3%83%83%E3%82%AF%E3%83%94%E3%83%B3%E3%82%AB%E3%83%90%E3%83%BC%E3%83%88%E3%83%AA%E3%83%A0%E3%80%81%E3%82%B7%E3%83%9C%E3%83%AC%E3%83%BC%E3%80%81%E3%82%AB%E3%83%9E%E3%83%AD+2012-2015+%E3%82%AB%E3%83%BC%E3%82%A2%E3%82%AF%E3%82%BB%E3%82%B5%E3%83%AA%E3%83%BC%E3%83%AC%E3%83%83%E3%83%89%E8%A3%85%E9%A3%BE+ABS HTTP/1.1" 200 54297 "-" "Mozilla/5.0 (Linux; Android 6.0.1; Nexus 5X Build/MMB29P) AppleWebKit/537.36 (KHTML, like Gecko) Chrome/135.0.7049.95 Mobile Safari/537.36 (compatible; Googlebot/2.1; +http://www.google.com/bot.html)"
66.249.73.130 - - [29/Apr/2025:13:18:22 -0400] "GET /?o=82828133278600&channel=a31ae7&from=product.php%3Fid%3D1332786-7336%26name%3D%E3%83%9F%E3%83%A5%E3%82%A6%E3%83%9F%E3%83%A5%E3%82%A6%E2%98%85%E3%83%94%E3%83%B3%E3%82%AF%E3%83%91%E3%83%BC%E3%83%AB%26%E3%83%93%E3%82%B7%E3%83%A5%E3%83%BC+%E3%82%AB%E3%83%81%E3%83%A5%E3%83%BC%E3%82%B7%E3%83%A3%E2%98%85%E3%83%98%E3%82%A2%E3%82%A2%E3%82%AF%E3%82%BB%E3%82%B5%E3%83%AA%E3%83%BC%E2%98%85%E8%B6%85%E7%BE%8E%E5%93%81 HTTP/1.1" 200 53174 "-" "Mozilla/5.0 (Linux; Android 6.0.1; Nexus 5X Build/MMB29P) AppleWebKit/537.36 (KHTML, like Gecko) Chrome/135.0.7049.95 Mobile Safari/537.36 (compatible; Googlebot/2.1; +http://www.google.com/bot.html)"
66.249.73.129 - - [29/Apr/2025:13:18:38 -0400] "GET /?o=8018590083604&channel=6e33d9&from=jp.php%3Fid%3D900836-2002%26name%3Dmamiya+rb67+proS++%E8%B6%85%E7%BE%8E%E5%93%81%E3%80%80%E8%89%B2%E3%80%85%E3%82%BB%E3%83%83%E3%83%88%E3%80%80%E3%82%B1%E3%83%BC%E3%82%B9%E4%BB%98%E3%81%8D HTTP/1.1" 200 51846 "-" "Mozilla/5.0 (Linux; Android 6.0.1; Nexus 5X Build/MMB29P) AppleWebKit/537.36 (KHTML, like Gecko) Chrome/135.0.7049.95 Mobile Safari/537.36 (compatible; Googlebot/2.1; +http://www.google.com/bot.html)"
66.249.73.128 - - [29/Apr/2025:13:18:45 -0400] "GET /?o=66929115320200&channel=faadce&from=blog.php%3Fid%3D1153202-2098%26name%3D%E3%83%AC%E3%82%B9%E3%83%9D%E3%83%BC%E3%83%88%E3%82%B5%E3%83%83%E3%82%AF%E2%98%85%E3%82%A8%E3%83%83%E3%82%BB%E3%83%B3%E3%82%B7%E3%83%A3%E3%83%AB%E3%80%80%E3%83%88%E3%83%BC%E3%83%88 HTTP/1.1" 200 53988 "-" "Mozilla/5.0 (Linux; Android 6.0.1; Nexus 5X Build/MMB29P) AppleWebKit/537.36 (KHTML, like Gecko) Chrome/135.0.7049.95 Mobile Safari/537.36 (compatible; Googlebot/2.1; +http://www.google.com/bot.html)"
66.249.73.129 - - [29/Apr/2025:13:19:06 -0400] "GET /?o=09269197489600&channel=f61473&from=goods.php%3Fid%3D1974896-4220%26name%3D1%2F64+%E7%B5%B6%E7%89%88%E5%90%8D%E8%BB%8A%EF%BC%93+S600+%E8%96%84%E7%B4%AB HTTP/1.1" 200 52507 "-" "Mozilla/5.0 (Linux; Android 6.0.1; Nexus 5X Build/MMB29P) AppleWebKit/537.36 (KHTML, like Gecko) Chrome/135.0.7049.95 Mobile Safari/537.36 (compatible; Googlebot/2.1; +http://www.google.com/bot.html)"
18.97.9.175 - - [29/Apr/2025:13:19:07 -0400] "GET /tag/bonus-togel-toto-macau-19-00-wib/ HTTP/1.1" 200 0 "-" "CCBot/2.0 (https://commoncrawl.org/faq/)"
157.55.39.63 - - [29/Apr/2025:13:19:07 -0400] "GET /?o=8018912319708&channel=01ac46&from=pin.php%3Fid%3D123197-7296%26name%3D%E3%80%90%E7%9C%9F%E4%BD%9C%E3%80%91%2F%2F%E9%AB%98%E9%87%8E%E5%B1%B1%E7%9C%9F%E8%A8%80%E5%AE%97%E7%AE%A1%E9%95%B7%2F%E9%AB%98%E9%87%8E%E5%B1%B1%E7%9C%9F%E8%A8%80%E5%AE%97%E7%B7%8F%E6%9C%AC%E5%B1%B1%E9%87%91%E5%89%9B%E5%B3%AF%E5%AF%BA%E7%AC%AC406%E4%B8%96%E5%BA%A7%E4%B8%BB%2F%E6%A3%AE%E5%AF%9B%E7%B4%B9%2F%E6%9B%B8%2F%E4%BD%9B%E5%BF%83%2F%E5%B8%83%E8%A2%8B%E5%B1%8B%E6%8E%9B%E8%BB%B8HH-960 HTTP/1.1" 200 0 "-" "Mozilla/5.0 AppleWebKit/537.36 (KHTML, like Gecko; compatible; bingbot/2.0; +http://www.bing.com/bingbot.htm) Chrome/116.0.1938.76 Safari/537.36"
66.249.73.128 - - [29/Apr/2025:13:19:30 -0400] "GET /?o=8846989586507&channel=6b4b83&from=shop.php%3Fid%3D895865-1017%26name%3D%28%E3%83%A8%E3%83%8D%E3%83%83%E3%82%AF%E3%82%B9%EF%BC%89YONEX+%E3%83%91%E3%83%AF%E3%83%BC%E3%82%AF%E3%83%83%E3%82%B7%E3%83%A7%E3%83%B3%E3%82%BD%E3%83%8B%E3%82%B1%E3%83%BC%E3%82%B8%EF%BC%93%EF%BC%B7%E3%80%80%EF%BC%A7%EF%BC%A3+%E3%83%A9%E3%82%B1%E3%83%83%E3%83%88%E3%82%B9%E3%83%9D%E3%83%BC%E3%83%84+%E3%82%AF%E3%83%AC%E3%83%BC%EF%BC%86%E3%82%AA%E3%83%A0%E4%BA%8C%E3%83%BC%E7%94%A8%EF%BC%B3+SHTS3WGC-141 HTTP/1.1" 200 53356 "-" "Mozilla/5.0 (Linux; Android 6.0.1; Nexus 5X Build/MMB29P) AppleWebKit/537.36 (KHTML, like Gecko) Chrome/135.0.7049.95 Mobile Safari/537.36 (compatible; Googlebot/2.1; +http://www.google.com/bot.html)"
66.249.73.128 - - [29/Apr/2025:13:19:58 -0400] "GET /?o=701697770508&channel=abc0e7&from=article.php%3Fid%3D77705-5729%26name%3D%E3%83%AA%E3%82%B3%E3%83%BC%E7%94%A8+%E3%83%AA%E3%82%B5%E3%82%A4%E3%82%AF%E3%83%AB+SP%E3%83%88%E3%83%8A%E3%83%BC%E3%82%AB%E3%83%BC%E3%83%88%E3%83%AA%E3%83%83%E3%82%B8C200+4%E8%89%B2%E3%82%BB%E3%83%83%E3%83%88+%E5%8D%B3%E7%B4%8D%E3%82%BF%E3%82%A4%E3%83%97 HTTP/1.1" 200 52379 "-" "Mozilla/5.0 (Linux; Android 6.0.1; Nexus 5X Build/MMB29P) AppleWebKit/537.36 (KHTML, like Gecko) Chrome/135.0.7049.95 Mobile Safari/537.36 (compatible; Googlebot/2.1; +http://www.google.com/bot.html)"
18.97.9.175 - - [29/Apr/2025:13:20:13 -0400] "GET /erek-erek-58-di-buku-mimpi-bergambar-lengkap/ HTTP/1.1" 200 0 "-" "CCBot/2.0 (https://commoncrawl.org/faq/)"
52.167.144.168 - - [29/Apr/2025:13:20:14 -0400] "GET /?o=4929142442804&channel=57d289&from=category-info.php%3Fid%3D424428-10774%26name%3D%E3%80%90%E6%AC%A1%E4%B8%96%E4%BB%A3%E3%82%B3%E3%83%BC%E3%83%86%E3%82%A3%E3%83%B3%E3%82%B0%E3%80%91%E8%87%AA%E5%B7%B1%E4%BF%AE%E5%BE%A9%E6%A9%9F%E8%83%BD%E4%BB%98%E3%81%8D+RANTIZ+%E3%82%BB%E3%83%A9%E3%83%9F%E3%83%83%E3%82%AF%E3%82%B3%E3%83%BC%E3%83%86%E3%82%A3%E3%83%B3%E3%82%B0+%E7%A1%AC%E5%BA%A614H+%E5%85%A8%E8%89%B2%E5%AF%BE%E5%BF%9C+%281000ML+%E5%A4%A7%E5%AE%B9%E9%87%8F%E7%89%88+%E6%99%AE%E9%80%9A%E8%BB%8A HTTP/1.1" 200 0 "-" "Mozilla/5.0 AppleWebKit/537.36 (KHTML, like Gecko; compatible; bingbot/2.0; +http://www.bing.com/bingbot.htm) Chrome/116.0.1938.76 Safari/537.36"
66.249.73.129 - - [29/Apr/2025:13:20:22 -0400] "GET /?o=2262252566600&channel=a9305b&from=blog.php%3Fid%3D525666-17415%26name%3DBUGUUYO+%E3%83%8F%E3%83%A0%E3%82%B9%E3%82%BF%E3%83%BC%E3%82%B1%E3%83%BC%E3%82%B8+%E7%8A%AC%E7%94%A8%E3%82%AF%E3%83%AC%E3%83%BC%E3%83%88+%E3%83%8F%E3%83%A0%E3%82%B9%E3%82%BF%E3%83%BC%E3%81%AE%E3%83%86%E3%82%A4%E3%82%AF%E3%82%A2%E3%82%A6%E3%83%88%E3%82%B1%E3%83%BC%E3%82%B8+%E5%B0%8F%E3%81%95%E3%81%AA%E3%83%A2%E3%83%AB%E3%83%A2%E3%83%83%E3%83%88%E3%81%AE%E6%AA%BB+%E3%83%9A%E3%83%83%E3%83%88%E3%82%B1%E3%83%BC%E3%82%B8+%E3%81%8A%E3%82%82%E3%81%A1%E3%82%83+%E3%83%95%E3%82%A7%E3%83%AC HTTP/1.1" 200 55614 "-" "Mozilla/5.0 (Linux; Android 6.0.1; Nexus 5X Build/MMB29P) AppleWebKit/537.36 (KHTML, like Gecko) Chrome/135.0.7049.95 Mobile Safari/537.36 (compatible; Googlebot/2.1; +http://www.google.com/bot.html)"
66.249.73.128 - - [29/Apr/2025:13:20:30 -0400] "GET /?o=72613154775402&channel=9a7320&from=info.php%3Fid%3D1547754-6538%26name%3D%E8%8D%B7%E7%89%A9%E3%82%BF%E3%82%B0+%E3%83%8D%E3%83%BC%E3%83%A0%E3%82%BF%E3%82%B0+%E3%83%96%E3%83%AB%E3%83%BC%E3%82%A2%E3%83%BC%E3%82%AB%E3%82%A4%E3%83%96+%E4%BB%B2%E6%AD%A3%E3%82%A4%E3%83%81%E3%82%AB%E3%82%B9%E3%83%BC%E3%83%84%E3%82%B1%E3%83%BC%E3%82%B9+%E6%97%85%E8%A1%8C%E3%82%BF%E3%82%B0+%E3%83%88%E3%83%A9%E3%83%99%E3%83%AB%E3%82%BF%E3%82%B0+%E3%82%AB%E3%83%90%E3%83%B3%E8%A3%85%E9%A3%BE+%E3%82%B9%E3%83%BC%E3%83%84%E3%82%B1%E3%83%BC%E3%82%B9+%E5%90%8D%E5%89%8D%E3%83%A9%E3%83%99%E3%83%AB+%E3%83%97%E3%83%AC%E3%82%BC HTTP/1.1" 200 53756 "-" "Mozilla/5.0 (Linux; Android 6.0.1; Nexus 5X Build/MMB29P) AppleWebKit/537.36 (KHTML, like Gecko) Chrome/135.0.7049.95 Mobile Safari/537.36 (compatible; Googlebot/2.1; +http://www.google.com/bot.html)"
66.249.73.128 - - [29/Apr/2025:13:20:44 -0400] "GET /?o=5079335395708&channel=c9df64&from=goods.php%3Fid%3D353957-14382%26name%3D1910%E5%B9%B4+%E8%8B%B1%E5%9B%BD%E3%82%A2%E3%83%B3%E3%83%86%E3%82%A3%E3%83%BC%E3%82%AF+%E9%99%B6%E5%99%A8%E8%A3%BD+%E5%A5%B3%E6%80%A7%E7%B5%B5%E4%BB%98%E3%81%91+%E8%8A%B1%E7%93%B6%E3%83%9A%E3%82%A2+%E7%B4%94%E9%8A%80%E8%A3%85%E9%A3%BE HTTP/1.1" 200 55002 "-" "Mozilla/5.0 (Linux; Android 6.0.1; Nexus 5X Build/MMB29P) AppleWebKit/537.36 (KHTML, like Gecko) Chrome/135.0.7049.95 Mobile Safari/537.36 (compatible; Googlebot/2.1; +http://www.google.com/bot.html)"
66.249.73.128 - - [29/Apr/2025:13:20:47 -0400] "GET /?o=8064046474108&channel=7e0893&from=article.php%3Fid%3D464741-7691%26name%3DR1+Concepts+%E3%83%95%E3%83%AD%E3%83%B3%E3%83%88%E3%83%AA%E3%82%A2%E3%83%96%E3%83%AC%E3%83%BC%E3%82%AD%E3%81%A8%E3%83%AD%E3%83%BC%E3%82%BF%E3%83%BC%E3%82%AD%E3%83%83%E3%83%88+%7C+%E3%83%95%E3%83%AD%E3%83%B3%E3%83%88%E3%83%AA%E3%82%A2%E3%83%96%E3%83%AC%E3%83%BC%E3%82%AD%E3%83%91%E3%83%83%E3%83%89+%7C+%E3%83%96%E3%83%AC%E3%83%BC%E3%82%AD%E3%83%AD%E3%83%BC%E3%82%BF%E3%83%BC%E3%81%A8%E3%83%91%E3%83%83%E3%83%89+%7C+%E6%9C%80%E9%81%A9 HTTP/1.1" 200 53517 "-" "Mozilla/5.0 (Linux; Android 6.0.1; Nexus 5X Build/MMB29P) AppleWebKit/537.36 (KHTML, like Gecko) Chrome/135.0.7049.95 Mobile Safari/537.36 (compatible; Googlebot/2.1; +http://www.google.com/bot.html)"
52.167.144.145 - - [29/Apr/2025:13:21:01 -0400] "GET /?o=74911117128300&channel=6564de&from=brands.php%3Fid%3D1171283-912%26name%3DskSATO+%E3%83%A1%E3%83%A2%E3%83%AA%E6%A9%9F%E8%83%BD%E4%BB%98%E9%98%B2%E6%B0%B4%E5%9E%8B%E3%83%87%E3%82%B8%E3%82%BF%E3%83%AB%E6%B8%A9%E5%BA%A6%E8%A8%88+SK-1260%EF%BC%88%E3%82%A2%E3%82%B9%E3%83%95%E3%82%A1%E3%83%AB%E7%94%A8%E5%85%88%E3%83%88%E3%82%AC%E3%83%AA%E3%82%BB%E3%83%B3%E3%82%B5SK-S103K%E4%BB%98%EF%BC%89%E3%82%BB%E3%83%83%E3%83%88%E3%80%90%E4%BD%90%E8%97%A4%E8%A8%88%E9%87%8F%E5%99%A8%E8%A3%BD%E4%BD%9C%E6%89%80%E3%80%91 HTTP/1.1" 200 0 "-" "Mozilla/5.0 AppleWebKit/537.36 (KHTML, like Gecko; compatible; bingbot/2.0; +http://www.bing.com/bingbot.htm) Chrome/116.0.1938.76 Safari/537.36"
157.55.39.62 - - [29/Apr/2025:13:21:05 -0400] "GET /?o=04501172855201&channel=d67568&from=category-info.php%3Fid%3D1728552-25277%26name%3Duxcell+%E3%83%AA%E3%83%9C%E3%83%B3%E5%9C%A7%E7%9D%80%E3%82%AF%E3%83%A9%E3%83%B3%E3%83%97%E3%82%A8%E3%83%B3%E3%83%89+%E3%83%AD%E3%83%96%E3%82%B9%E3%82%BF%E3%83%BC%E3%82%AF%E3%83%AD%E3%82%A6%E3%82%AF%E3%83%A9%E3%82%B9%E3%83%97%E4%BB%98%E3%81%8D+%E5%BB%B6%E9%95%B7%E3%83%81%E3%82%A7%E3%83%BC%E3%83%B310mm%E3%82%B3%E3%83%BC%E3%83%89%E3%82%A8%E3%83%B3%E3%83%89%E3%82%AF%E3%83%A9%E3%82%B9%E3%83%97+DIY%E3%82%AF%E3%83%A9%E3%83%95%E3%83%88%E5%88%B6%E4%BD%9C%E7%94%A8 HTTP/1.1" 200 0 "-" "Mozilla/5.0 AppleWebKit/537.36 (KHTML, like Gecko; compatible; bingbot/2.0; +http://www.bing.com/bingbot.htm) Chrome/116.0.1938.76 Safari/537.36"
52.167.144.168 - - [29/Apr/2025:13:21:13 -0400] "GET /?o=07733191919303&channel=4a7902&from=shared.php%3Fid%3D1919193-18047%26name%3Dzuousxbs+%E4%BF%9D%E6%B8%A9%E3%83%90%E3%83%83%E3%82%AF%E3%83%91%E3%83%83%E3%82%AF+%E6%96%AD%E7%86%B1%E3%83%90%E3%83%83%E3%82%B0+%E3%83%95%E3%83%BC%E3%83%89%E3%82%AF%E3%83%BC%E3%83%A9%E3%83%BC%E3%83%90%E3%83%83%E3%82%B0+%E9%98%B2%E6%B0%B4%E3%83%90%E3%83%83%E3%82%AF%E3%83%91%E3%83%83%E3%82%AF+%E5%A4%A7%E5%AE%B9%E9%87%8F+%E3%83%94%E3%82%AF%E3%83%8B%E3%83%83%E3%82%AF%E3%83%90%E3%83%83%E3%82%AF%E3%83%91%E3%83%83%E3%82%AF+%E3%82%A2%E3%82%A6%E3%83%88%E3%83%89%E3%82%A2%E7%94%A8 HTTP/1.1" 200 0 "-" "Mozilla/5.0 AppleWebKit/537.36 (KHTML, like Gecko; compatible; bingbot/2.0; +http://www.bing.com/bingbot.htm) Chrome/116.0.1938.76 Safari/537.36"
66.249.73.128 - - [29/Apr/2025:13:21:19 -0400] "GET /?o=91810170738002&channel=45c0c9&from=goods.php%3Fid%3D1707380-14226%26name%3DCompatible+With+Vmax+1200+VMX1200+1986+1989+1991+1993+1996+1998+20 HTTP/1.1" 200 53688 "-" "Mozilla/5.0 (Linux; Android 6.0.1; Nexus 5X Build/MMB29P) AppleWebKit/537.36 (KHTML, like Gecko) Chrome/135.0.7049.95 Mobile Safari/537.36 (compatible; Googlebot/2.1; +http://www.google.com/bot.html)"
66.249.73.129 - - [29/Apr/2025:13:21:27 -0400] "GET /?o=31968136594404&channel=cb9ed6&from=article.php%3Fid%3D1365944-10119%26name%3D%5Bsmiry%5D+%E3%82%B9%E3%83%AA%E3%83%83%E3%83%91+%E3%82%B5%E3%83%B3%E3%83%80%E3%83%AB+%E3%83%9C%E3%82%A2+%E3%83%AC%E3%83%87%E3%82%A3%E3%83%BC%E3%82%B9+%E5%86%AC%E7%94%A8+%E9%98%B2%E5%AF%92+%E9%98%B2%E6%B0%B4+%E3%83%AB%E3%83%BC%E3%83%A0%E3%82%B7%E3%83%A5%E3%83%BC%E3%82%BA+%E4%BA%BA%E6%B0%97+%E9%9D%99%E9%9F%B3+%E6%B4%97%E3%81%88%E3%82%8B+%E6%BB%91%E3%82%8A%E6%AD%A2%E3%82%81%E4%BB%98+%E8%B6%85%E8%BB%BD%E9%87%8F+%E5%AE%A4%E5%86%85 HTTP/1.1" 200 52774 "-" "Mozilla/5.0 (Linux; Android 6.0.1; Nexus 5X Build/MMB29P) AppleWebKit/537.36 (KHTML, like Gecko) Chrome/135.0.7049.95 Mobile Safari/537.36 (compatible; Googlebot/2.1; +http://www.google.com/bot.html)"
18.97.9.175 - - [29/Apr/2025:13:21:33 -0400] "GET /bocoran-togel-jitu-sdy-kamis-7-desember-2023/ HTTP/1.1" 200 0 "-" "CCBot/2.0 (https://commoncrawl.org/faq/)"
66.249.73.128 - - [29/Apr/2025:13:21:56 -0400] "GET /?o=52168171582301&channel=098c3d&from=shared.php%3Fid%3D1715823-27828%26name%3D%E3%82%B5%E3%83%83%E3%83%9D%E3%83%AD%E7%94%9F%E3%83%93%E3%83%BC%E3%83%AB+%E6%98%A5%E5%AD%A3%E9%99%90%E5%AE%9A%E9%86%B8%E9%80%A0+%E5%91%B3%E3%82%8F%E3%81%84%E5%B7%A5%E6%88%BF+1994+%E3%82%AA%E3%83%AA%E3%82%B8%E3%83%8A%E3%83%AB+%E3%82%B0%E3%83%A9%E3%82%B9+tw6-20 HTTP/1.1" 200 55700 "-" "Mozilla/5.0 (Linux; Android 6.0.1; Nexus 5X Build/MMB29P) AppleWebKit/537.36 (KHTML, like Gecko) Chrome/135.0.7049.95 Mobile Safari/537.36 (compatible; Googlebot/2.1; +http://www.google.com/bot.html)"
66.249.73.128 - - [29/Apr/2025:13:22:03 -0400] "GET /?o=9310910436603&channel=73b683&from=jp.php%3Fid%3D104366-2183%26name%3D%E6%96%B0%E5%93%81+Christian+Louboutin+%E3%83%8F%E3%82%A4%E3%82%AB%E3%83%83%E3%83%88+%E3%82%B9%E3%83%8B%E3%83%BC%E3%82%AB%E3%83%BC+%E3%80%90%E3%82%B5%E3%82%A4%E3%82%BA%EF%BC%9A40.5%E3%80%91+%E3%83%96%E3%83%A9%E3%82%A6%E3%83%B3+TOP+RUI+%E3%82%AF%E3%83%AA%E3%82%B9%E3%83%81%E3%83%A3%E3%83%B3%E3%83%AB%E3%83%96%E3%82%BF%E3%83%B3+%E3%83%A1%E3%83%B3%E3%82%BA+5RS%2FF05450%2FKEBR06%2FSYM HTTP/1.1" 200 54982 "-" "Mozilla/5.0 (Linux; Android 6.0.1; Nexus 5X Build/MMB29P) AppleWebKit/537.36 (KHTML, like Gecko) Chrome/135.0.7049.95 Mobile Safari/537.36 (compatible; Googlebot/2.1; +http://www.google.com/bot.html)"
18.97.9.175 - - [29/Apr/2025:13:22:17 -0400] "GET /tag/buku-mimpi-58/ HTTP/1.1" 200 0 "-" "CCBot/2.0 (https://commoncrawl.org/faq/)"
66.249.73.129 - - [29/Apr/2025:13:23:18 -0400] "GET /?o=0109967062102&channel=1cee30&from=jp.php%3Fid%3D670621-11886%26name%3DFANTASTICS+%E3%83%A9%E3%82%A6%E3%83%B3%E3%83%89%E3%83%AF%E3%83%B3%E3%82%B3%E3%83%A9%E3%83%9C%E5%95%86%E5%93%81%E3%80%80%E5%85%AB%E6%9C%A8%E5%8B%87%E5%BE%81 HTTP/1.1" 200 54207 "-" "Mozilla/5.0 (Linux; Android 6.0.1; Nexus 5X Build/MMB29P) AppleWebKit/537.36 (KHTML, like Gecko) Chrome/135.0.7049.95 Mobile Safari/537.36 (compatible; Googlebot/2.1; +http://www.google.com/bot.html)"
18.97.9.175 - - [29/Apr/2025:13:23:51 -0400] "GET /tag/rumus-togel-sdy/ HTTP/1.1" 200 0 "-" "CCBot/2.0 (https://commoncrawl.org/faq/)"
66.249.73.128 - - [29/Apr/2025:13:23:54 -0400] "GET /?o=85047181940401&channel=282c7b&from=shop.php%3Fid%3D1819404-3363%26name%3D%E3%83%90%E3%83%86%E3%82%A3%E3%83%83%E3%82%AF+%E3%82%BD%E3%83%AD+%E3%82%B8%E3%83%A3%E3%83%AF+%E6%9B%B4%E7%B4%97+%E3%83%97%E3%83%AA%E3%83%B3%E3%83%88+%E8%96%84%E3%83%99%E3%83%BC%E3%82%B8%E3%83%A5%E7%B3%BB+%E8%8A%B1%E6%9F%84+%E3%82%A2%E3%82%B8%E3%82%A2%E3%83%B3%E5%B8%83+%E3%81%8A%E3%81%97%E3%82%83%E3%82%8C%E3%81%AA+%E7%94%9F%E5%9C%B0+%E5%B8%83%E5%9C%B0+%E4%BC%9D%E7%B5%B1+%E5%B7%A5%E8%8A%B8%E5%93%81+%E3%82%A4%E3%83%B3%E3%83%89%E3%83%8D%E3%82%B7%E3%82%A2+%E3%82%A2%E3%82%B8%E3%82%A2%E3%83%B3+%E3%83%90%E3%83%AA+%E3%82%BF%E3%82%A4+%E9%9B%91%E8%B2%A8+Pajung+Prijaji HTTP/1.1" 200 53572 "-" "Mozilla/5.0 (Linux; Android 6.0.1; Nexus 5X Build/MMB29P) AppleWebKit/537.36 (KHTML, like Gecko) Chrome/135.0.7049.95 Mobile Safari/537.36 (compatible; Googlebot/2.1; +http://www.google.com/bot.html)"
66.249.73.128 - - [29/Apr/2025:13:24:20 -0400] "GET /?o=73727179415700&channel=33460e&from=goods.php%3Fid%3D1794157-28846%26name%3D%E3%83%AD%E3%83%96%E3%82%B9%E3%82%BF%E3%83%BC%E3%82%AF%E3%83%A9%E3%83%83%E3%82%AB%E3%83%BC%E3%81%A8%E3%83%94%E3%83%83%E3%82%AF%E3%82%BB%E3%83%83%E3%83%88%E3%80%81%E3%82%AB%E3%83%8B%E3%82%AF%E3%83%A9%E3%83%83%E3%82%AB%E3%83%BC%E3%81%A8%E3%83%84%E3%83%BC%E3%83%AB+%7C+%E3%82%B7%E3%83%BC%E3%83%95%E3%83%BC%E3%83%89%E3%82%AF%E3%83%A9%E3%83%83%E3%82%AB%E3%83%BC%E3%81%A8%E3%83%84%E3%83%BC%E3%83%AB4+%E5%80%8B%E3%81%AE%E3%82%AB%E3%83%8B%E7%94%A8%E5%85%B7%E3%82%BB%E3%83%83%E3%83%88+%E3%82%AB%E3%83%8B%E6%91%98%E3%81%BF%E3%83%84%E3%83%BC%E3%83%AB HTTP/1.1" 200 55589 "-" "Mozilla/5.0 (Linux; Android 6.0.1; Nexus 5X Build/MMB29P) AppleWebKit/537.36 (KHTML, like Gecko) Chrome/135.0.7049.95 Mobile Safari/537.36 (compatible; Googlebot/2.1; +http://www.google.com/bot.html)"
66.249.73.129 - - [29/Apr/2025:13:24:27 -0400] "GET /?o=8608131101200&channel=b8d2ac&from=product.php%3Fid%3D311012-2478%26name%3D%E3%83%96%E3%83%AD%E3%83%B3%E3%83%97%E3%83%88%E3%83%B3%E3%80%80raw+p%E3%83%8F%E3%83%B3%E3%83%89%E3%83%AB%E3%80%80%E3%83%81%E3%82%BF%E3%83%B3%E3%83%A2%E3%83%87%E3%83%AB HTTP/1.1" 200 53475 "-" "Mozilla/5.0 (Linux; Android 6.0.1; Nexus 5X Build/MMB29P) AppleWebKit/537.36 (KHTML, like Gecko) Chrome/135.0.7049.95 Mobile Safari/537.36 (compatible; Googlebot/2.1; +http://www.google.com/bot.html)"
54.166.104.83 - - [29/Apr/2025:13:24:40 -0400] "GET /wp-includes__c454f3a/SimplePie/library/SimplePie/Copyright.php HTTP/1.1" 403 1242 "-" "Mozilla/5.0 AppleWebKit/537.36 (KHTML, like Gecko; compatible; Amazonbot/0.1; +https://developer.amazon.com/support/amazonbot) Chrome/119.0.6045.214 Safari/537.36"
34.231.181.240 - - [29/Apr/2025:13:24:43 -0400] "GET /wp-includes__c454f3a/sodium_compat/src/Core32/XSalsa20.php HTTP/1.1" 403 1242 "-" "Mozilla/5.0 AppleWebKit/537.36 (KHTML, like Gecko; compatible; Amazonbot/0.1; +https://developer.amazon.com/support/amazonbot) Chrome/119.0.6045.214 Safari/537.36"
44.208.223.68 - - [29/Apr/2025:13:24:47 -0400] "GET /wp-includes__c454f3a/css/dist/edit-widgets/?ND HTTP/1.1" 200 884 "-" "Mozilla/5.0 AppleWebKit/537.36 (KHTML, like Gecko; compatible; Amazonbot/0.1; +https://developer.amazon.com/support/amazonbot) Chrome/119.0.6045.214 Safari/537.36"
18.97.9.175 - - [29/Apr/2025:13:24:48 -0400] "GET /tag/hk-pools/page/2/ HTTP/1.1" 200 0 "-" "CCBot/2.0 (https://commoncrawl.org/faq/)"
23.23.99.55 - - [29/Apr/2025:13:24:51 -0400] "GET /wp-includes__c454f3a/js/tinymce/plugins/directionality/ HTTP/1.1" 200 855 "-" "Mozilla/5.0 AppleWebKit/537.36 (KHTML, like Gecko; compatible; Amazonbot/0.1; +https://developer.amazon.com/support/amazonbot) Chrome/119.0.6045.214 Safari/537.36"
34.205.163.103 - - [29/Apr/2025:13:24:56 -0400] "GET /wp-includes__c454f3a/SimplePie/src/XML/?MA HTTP/1.1" 200 798 "-" "Mozilla/5.0 AppleWebKit/537.36 (KHTML, like Gecko; compatible; Amazonbot/0.1; +https://developer.amazon.com/support/amazonbot) Chrome/119.0.6045.214 Safari/537.36"
44.212.106.171 - - [29/Apr/2025:13:25:00 -0400] "GET /wp-includes__c454f3a/js/tinymce/themes/?ND HTTP/1.1" 200 812 "-" "Mozilla/5.0 AppleWebKit/537.36 (KHTML, like Gecko; compatible; Amazonbot/0.1; +https://developer.amazon.com/support/amazonbot) Chrome/119.0.6045.214 Safari/537.36"
52.167.144.145 - - [29/Apr/2025:13:25:02 -0400] "GET /?o=05008184401001&channel=5e7d21&from=product.php%3Fid%3D1844010-19275%26name%3D%E9%95%B7%E6%8C%81%E3%81%A1%E3%83%90%E3%83%83%E3%83%86%E3%83%AA%E3%83%BC+32700+3.2V+6500mAh+Li-ION+%E3%83%91%E3%83%83%E3%82%AF+55A+%E6%94%BE%E9%9B%BB+DIY+%E3%83%90%E3%83%83%E3%82%AF%E3%82%A2%E3%83%83%E3%83%97+%E3%83%91%E3%83%AF%E3%83%BC%E3%83%84%E3%83%BC%E3%83%AB+%E3%82%BD%E3%83%BC HTTP/1.1" 200 0 "-" "Mozilla/5.0 AppleWebKit/537.36 (KHTML, like Gecko; compatible; bingbot/2.0; +http://www.bing.com/bingbot.htm) Chrome/116.0.1938.76 Safari/537.36"
66.249.73.130 - - [29/Apr/2025:13:25:11 -0400] "GET /?o=0709483566200&channel=32baac&from=brands.php%3Fid%3D835662-1509%26name%3D%E3%83%8F%E3%83%BC%E3%83%88%E3%83%9C%E3%82%BF%E3%83%B3+%E3%83%8B%E3%83%83%E3%83%88%E3%82%AB%E3%83%BC%E3%83%87%E3%82%A3%E3%82%AC%E3%83%B3 HTTP/1.1" 200 55655 "-" "Mozilla/5.0 (Linux; Android 6.0.1; Nexus 5X Build/MMB29P) AppleWebKit/537.36 (KHTML, like Gecko) Chrome/135.0.7049.95 Mobile Safari/537.36 (compatible; Googlebot/2.1; +http://www.google.com/bot.html)"
18.97.9.175 - - [29/Apr/2025:13:25:35 -0400] "GET /bocoran-togel-jitu-sdy-selasa-28-november-2023/ HTTP/1.1" 200 0 "-" "CCBot/2.0 (https://commoncrawl.org/faq/)"
66.249.73.130 - - [29/Apr/2025:13:26:10 -0400] "GET /?o=29091152492500&channel=4cf1cc&from=article.php%3Fid%3D1524925-19782%26name%3D%E4%B8%AD%E5%8F%A4%EF%BD%9C%E5%86%B7%E8%94%B5%E3%82%B3%E3%83%B3%E3%83%87%E3%83%B3%E3%82%B7%E3%83%B3%E3%82%B0%E3%83%A6%E3%83%8B%E3%83%83%E3%83%88+%E3%83%9B%E3%82%B7%E3%82%B6%E3%82%AD+2022%E5%B9%B4+%E5%A4%96%E6%A9%9F%EF%BC%9AHUS-6RA-UC+%E5%86%85%E6%A9%9F%EF%BC%9AHUS-6RE-E+%E3%83%97%E3%83%AC%E3%83%8F%E3%83%96%EF%BD%9C%E5%8B%95%E7%94%A3%E7%8E%8B%EF%BD%9C%E5%8D%83%E8%91%89%EF%BD%9C%E9%80%81%E6%96%99%E7%84%A1%E6%96%99 HTTP/1.1" 200 55747 "-" "Mozilla/5.0 (Linux; Android 6.0.1; Nexus 5X Build/MMB29P) AppleWebKit/537.36 (KHTML, like Gecko) Chrome/135.0.7049.95 Mobile Safari/537.36 (compatible; Googlebot/2.1; +http://www.google.com/bot.html)"
18.97.9.175 - - [29/Apr/2025:13:26:19 -0400] "GET /bocoran-togel-toto-macau-22-00-jumat-8-desember-2023/ HTTP/1.1" 200 0 "-" "CCBot/2.0 (https://commoncrawl.org/faq/)"
66.249.73.129 - - [29/Apr/2025:13:26:52 -0400] "GET /?o=5254780008301&channel=9f69e2&from=article.php%3Fid%3D800083-1611%26name%3D%E7%A7%98%E8%97%8F+%E6%98%8E%E6%B8%85%E6%99%82%E6%9C%9F+%E7%8E%89%E5%BD%AB+%E5%92%8C%E7%94%B0%E7%8E%89%E5%8E%9F%E7%9F%B3+%E7%AB%A5%E5%AD%90%E5%AC%89%E6%88%B2%E8%A9%A9%E6%96%87+%E6%89%8B%E7%8E%A9%E4%BB%B6+%E6%A5%B5%E7%B4%B0%E5%B7%A5+%E5%B8%8C%E5%B0%91%E7%8F%8D%E5%93%81+%E5%8F%A4%E7%BE%8E%E8%A1%93+%E5%8F%A4%E7%BE%8E%E5%91%B3+L1211 HTTP/1.1" 200 55120 "-" "Mozilla/5.0 (Linux; Android 6.0.1; Nexus 5X Build/MMB29P) AppleWebKit/537.36 (KHTML, like Gecko) Chrome/135.0.7049.95 Mobile Safari/537.36 (compatible; Googlebot/2.1; +http://www.google.com/bot.html)"
18.97.9.175 - - [29/Apr/2025:13:27:00 -0400] "GET /tag/prediksi-toto-macau-19-00-wib-pools/page/2/ HTTP/1.1" 200 0 "-" "CCBot/2.0 (https://commoncrawl.org/faq/)"
66.249.73.130 - - [29/Apr/2025:13:27:15 -0400] "GET /?o=8762237974000&channel=3b945c&from=form.php%3Fid%3D379740-15012%26name%3D%E3%82%A2%E3%82%BA%E3%83%AF%E3%83%B3+%E3%83%87%E3%82%B8%E3%82%BF%E3%83%AB%E5%AE%9A%E9%87%8F%E3%83%81%E3%83%A5%E3%83%BC%E3%83%93%E3%83%B3%E3%82%B0%E3%83%9D%E3%83%B3%E3%83%97%E5%B0%82%E7%94%A8%E3%83%81%E3%83%A5%E3%83%BC%E3%83%96%E3%82%AB%E3%83%BC%E3%83%88%E3%83%AA%E3%83%83%E3%82%B8H+1-5916-12+%E3%80%8A%E7%A0%94%E7%A9%B6%E3%83%BB%E5%AE%9F%E9%A8%93%E7%94%A8%E6%A9%9F%E5%99%A8%E3%80%8B HTTP/1.1" 200 53884 "-" "Mozilla/5.0 (Linux; Android 6.0.1; Nexus 5X Build/MMB29P) AppleWebKit/537.36 (KHTML, like Gecko) Chrome/135.0.7049.114 Mobile Safari/537.36 (compatible; Googlebot/2.1; +http://www.google.com/bot.html)"
66.249.73.129 - - [29/Apr/2025:13:27:20 -0400] "GET /?o=2059274287300&channel=fff703&from=goods.php%3Fid%3D742873-1607%26name%3D%E2%98%85%E3%82%B4%E3%82%B8%E3%83%A970%E5%91%A8%E5%B9%B4%E8%A8%98%E5%BF%B5+%E6%80%AA%E7%8D%A3%E7%8E%8B%E3%82%B7%E3%83%AA%E3%83%BC%E3%82%BA+%E3%82%B4%E3%82%B8%E3%83%A9%282023%29%E3%82%B4%E3%83%BC%E3%83%AB%E3%83%89%E3%82%AB%E3%83%A9%E3%83%BCver.%2FAmazon%E9%99%90%E5%AE%9A%E2%97%86%E6%96%B0%E5%93%81Ss HTTP/1.1" 200 56363 "-" "Mozilla/5.0 (Linux; Android 6.0.1; Nexus 5X Build/MMB29P) AppleWebKit/537.36 (KHTML, like Gecko) Chrome/135.0.7049.95 Mobile Safari/537.36 (compatible; Googlebot/2.1; +http://www.google.com/bot.html)"
66.249.73.129 - - [29/Apr/2025:13:27:21 -0400] "GET /?o=0707515037805&channel=1b03d3&from=article.php%3Fid%3D150378-7194%26name%3D%E3%83%86%E3%82%A3%E3%83%95%E3%82%A1%E3%83%8B%E3%83%BC+T+%E3%83%88%E3%82%A5%E3%83%AB%E3%83%BC+%E3%83%AA%E3%83%B3%E3%82%B0+%E3%83%8A%E3%83%AD%E3%83%BC+%E7%B4%8412.5%E5%8F%B7+AU750YG+%E5%B9%853.4mm+%E3%82%B7%E3%83%A7%E3%83%83%E3%83%97%E3%82%AB%E3%83%BC%E3%83%89%282023%E5%B9%B4%29+%E6%96%B0%E5%93%81%E4%BB%95%E4%B8%8A%E3%81%92%E6%B8%88+TIFFANY%E3%80%9015674%E3%80%91 HTTP/1.1" 200 52651 "-" "Mozilla/5.0 (Linux; Android 6.0.1; Nexus 5X Build/MMB29P) AppleWebKit/537.36 (KHTML, like Gecko) Chrome/135.0.7049.95 Mobile Safari/537.36 (compatible; Googlebot/2.1; +http://www.google.com/bot.html)"
66.249.73.128 - - [29/Apr/2025:13:27:28 -0400] "GET /?o=6772961874804&channel=202ed0&from=pin.php%3Fid%3D618748-936%26name%3D%E3%83%80%E3%83%AA%E3%83%83%E3%82%B7%E3%83%A5%E6%A7%98%E5%B0%82%E7%94%A8 HTTP/1.1" 200 51728 "-" "Mozilla/5.0 (Linux; Android 6.0.1; Nexus 5X Build/MMB29P) AppleWebKit/537.36 (KHTML, like Gecko) Chrome/135.0.7049.114 Mobile Safari/537.36 (compatible; Googlebot/2.1; +http://www.google.com/bot.html)"
66.249.73.128 - - [29/Apr/2025:13:27:30 -0400] "GET /?o=809922178903&channel=0c6d2a&from=pin.php%3Fid%3D21789-1626%26name%3D%E3%80%90%E4%B8%AD%E5%8F%A4%E3%80%91%5BFIG%5D+B-style+%E3%83%A9%E3%83%BB%E3%82%AC%E3%83%AA%E3%82%BD%E3%83%8B%E3%82%A8%E3%83%BC%E3%83%AB+%E9%BB%92%E7%8C%AB%E3%81%A8%E3%82%AB%E3%83%9C%E3%83%81%E3%83%A3%E3%81%AE%E5%A4%9C+%E3%82%A2%E3%82%BA%E3%83%BC%E3%83%AB%E3%83%AC%E3%83%BC%E3%83%B3+1%2F4+%E5%AE%8C%E6%88%90%E5%93%81+%E3%83%95%E3%82%A3%E3%82%AE%E3%83%A5%E3%82%A2+FREEing%28%E3%83%95%E3%83%AA%E3%83%BC%E3%82%A4%E3%83%B3%E3%82%B0%29%2861178327%29 HTTP/1.1" 200 53263 "-" "Mozilla/5.0 (Linux; Android 6.0.1; Nexus 5X Build/MMB29P) AppleWebKit/537.36 (KHTML, like Gecko) Chrome/135.0.7049.95 Mobile Safari/537.36 (compatible; Googlebot/2.1; +http://www.google.com/bot.html)"
18.97.9.175 - - [29/Apr/2025:13:27:41 -0400] "GET /bocoran-togel-jitu-hk-senin-02-oktober-2023/ HTTP/1.1" 200 0 "-" "CCBot/2.0 (https://commoncrawl.org/faq/)"
157.55.39.62 - - [29/Apr/2025:13:27:45 -0400] "GET /?o=14429154365102&channel=650846&from=news.php%3Fid%3D1543651-23932%26name%3D%E8%BB%8A%E3%81%AE%E9%9B%BB%E6%BA%90%E3%82%B3%E3%83%B3%E3%83%88%E3%83%AD%E3%83%BC%E3%83%AB%E3%82%A6%E3%82%A3%E3%83%B3%E3%83%89%E3%82%A6%E3%82%B9%E3%82%A4%E3%83%83%E3%83%81%E3%83%9C%E3%82%BF%E3%83%B393570-26100%E3%83%AA%E3%83%95%E3%82%BF%E3%83%BC%E3%82%B3%E3%83%B3%E3%83%88%E3%83%AD%E3%83%BC%E3%83%A9%E3%83%BC HTTP/1.1" 200 0 "-" "Mozilla/5.0 AppleWebKit/537.36 (KHTML, like Gecko; compatible; bingbot/2.0; +http://www.bing.com/bingbot.htm) Chrome/116.0.1938.76 Safari/537.36"
66.249.73.128 - - [29/Apr/2025:13:27:58 -0400] "GET /?o=7718553984606&channel=af37aa&from=goods.php%3Fid%3D539846-1094%26name%3DBrady+%7C+AIRE HTTP/1.1" 200 53688 "-" "Mozilla/5.0 (Linux; Android 6.0.1; Nexus 5X Build/MMB29P) AppleWebKit/537.36 (KHTML, like Gecko) Chrome/135.0.7049.114 Mobile Safari/537.36 (compatible; Googlebot/2.1; +http://www.google.com/bot.html)"
66.249.73.128 - - [29/Apr/2025:13:27:59 -0400] "GET /?o=7387853734105&channel=7e708a&from=pin.php%3Fid%3D537341-11812%26name%3D302%E3%80%902%E6%9C%AC%E3%82%BB%E3%83%83%E3%83%88%E3%80%91SUNGUY+Type+C+to+Type+C+%E3%82%B1%E3%83%BC%E3%83%96%E3%83%AB HTTP/1.1" 200 52927 "-" "Mozilla/5.0 (Linux; Android 6.0.1; Nexus 5X Build/MMB29P) AppleWebKit/537.36 (KHTML, like Gecko) Chrome/135.0.7049.95 Mobile Safari/537.36 (compatible; Googlebot/2.1; +http://www.google.com/bot.html)"
66.249.73.130 - - [29/Apr/2025:13:28:08 -0400] "GET /?o=7618151277112&channel=d6ce29&from=blog.php%3Fid%3D512771-5545%26name%3Dchillingcampeeps++cc+standard+shelf HTTP/1.1" 200 52395 "-" "Mozilla/5.0 (Linux; Android 6.0.1; Nexus 5X Build/MMB29P) AppleWebKit/537.36 (KHTML, like Gecko) Chrome/135.0.7049.95 Mobile Safari/537.36 (compatible; Googlebot/2.1; +http://www.google.com/bot.html)"
18.97.9.175 - - [29/Apr/2025:13:28:25 -0400] "GET /tag/tafsir-mimpi-94/ HTTP/1.1" 200 0 "-" "CCBot/2.0 (https://commoncrawl.org/faq/)"
66.249.73.128 - - [29/Apr/2025:13:28:55 -0400] "GET /?o=77477124041606&channel=8fea09&from=goods.php%3Fid%3D1240416-1793%26name%3D%E3%80%90%E6%97%A5%E6%9C%AC%E8%BC%B8%E5%85%A5%E5%85%83%E3%80%91%E6%AD%A3%E8%A6%8F%E5%93%81+VIPOR+%E3%82%AD%E3%83%A3%E3%83%B3%E3%83%94%E3%83%B3%E3%82%B0%E3%83%81%E3%82%A7%E3%82%A2+%E3%82%AD%E3%83%A3%E3%83%B3%E3%83%97+%E6%A4%85%E5%AD%90+%E3%83%81%E3%82%A7%E3%82%A2+%E3%83%8F%E3%82%A4%E3%83%90%E3%83%83%E3%82%AF+%E8%80%90%E8%8D%B7%E9%87%8D150kg+%E3%82%B3%E3%83%B3%E3%83%91%E3%82%AF%E3%83%88+%E6%8A%98%E3%82%8A%E3%81%9F%E3%81%9F%E3%81%BF+%E6%8A%98%E3%82%8A%E7%95%B3%E3%81%BF+%E5%8F%8E%E7%B4%8D+%E9%A0%91%E4%B8%88+%E4%B8%88%E5%A4%AB+%E3%81%84%E3%81%99+%E3%83%89%E3%83%AA%E3%83%B3%E3%82%AF+%E3%83%9B%E3%83%AB%E3%83%80%E3%83%BC+%E8%82%98%E6%8E%9B%E3%81%91+%E8%82%98%E7%BD%AE%E3%81%8D+%E3%83%96%E3%83%A9%E3%83%83%E3%82%AF+%E3%82%A2%E3%82%A6%E3%83%88%E3%83%89%E3%82%A2+%E3%83%94%E3%82%AF%E3%83%8B%E3%83%83%E3%82%AF+%E3%83%86%E3%83%B3%E3%83%88+BBQ+%E6%9C%AC%E6%A0%BC%E7%9A%84+%E3%83%97%E3%83%AC%E3%82%BC%E3%83%B3%E3%83%88+%E3%82%AE%E3%83%95%E3%83%88+DARCHE+%E9%80%81%E6%96%99%E7%84%A1%E6%96%99 HTTP/1.1" 200 55340 "-" "Mozilla/5.0 (Linux; Android 6.0.1; Nexus 5X Build/MMB29P) AppleWebKit/537.36 (KHTML, like Gecko) Chrome/135.0.7049.95 Mobile Safari/537.36 (compatible; Googlebot/2.1; +http://www.google.com/bot.html)"
18.97.9.175 - - [29/Apr/2025:13:29:07 -0400] "GET /erek-erek-60-di-buku-mimpi-bergambar-lengkap/ HTTP/1.1" 200 0 "-" "CCBot/2.0 (https://commoncrawl.org/faq/)"
52.167.144.167 - - [29/Apr/2025:13:29:24 -0400] "GET /?o=1539154021205&channel=80c07b&from=info.php%3Fid%3D540212-584%26name%3D%E3%80%90%E7%AC%AC%E4%B8%80%E3%82%B4%E3%83%AB%E3%83%95%E3%82%AA%E3%83%AA%E3%82%B8%E3%83%8A%E3%83%AB%E3%80%91+%E3%82%AD%E3%83%A3%E3%82%B9%E3%82%B3+%E3%83%89%E3%83%AB%E3%83%95%E3%82%A3%E3%83%B3%E3%82%A6%E3%82%A7%E3%83%83%E3%82%B8+DW-125G+%E3%82%AF%E3%83%AD%E3%83%A0+N.S.PRO+%E3%83%A2%E3%83%BC%E3%83%80%E3%82%B93+%E3%82%A6%E3%82%A8%E3%83%83%E3%82%B8%E5%B0%82%E7%94%A8%E3%82%B7%E3%83%A3%E3%83%95%E3%83%88+Kasco+Dolphin HTTP/1.1" 200 0 "-" "Mozilla/5.0 AppleWebKit/537.36 (KHTML, like Gecko; compatible; bingbot/2.0; +http://www.bing.com/bingbot.htm) Chrome/116.0.1938.76 Safari/537.36"
66.249.73.129 - - [29/Apr/2025:13:29:38 -0400] "GET /?o=14510103184202&channel=de1861&from=category-info.php%3Fid%3D1031842-22796%26name%3D%E3%83%AB%E3%83%BC%E3%83%95%E3%82%AD%E3%83%A3%E3%83%AA%E3%82%A2+%E3%83%AB%E3%83%BC%E3%83%95%E3%83%A9%E3%83%83%E3%82%AF%E3%82%AF%E3%83%AD%E3%82%B9%E3%83%90%E3%83%BC+%E3%81%9F%E3%82%81%E3%81%AB+%E3%82%B8%E3%83%BC%E3%83%97+%E3%81%9F%E3%82%81%E3%81%AB+%E3%82%B0%E3%83%A9%E3%83%B3%E3%83%89+%E3%81%9F%E3%82%81%E3%81%AB+%E3%83%81%E3%82%A7%E3%83%AD%E3%82%AD%E3%83%BCL+21-23%E3%82%A2%E3%83%AB%E3%83%9F%E8%BB%8A%E3%81%AE%E3%83%AB%E3%83%BC%E3%83%95%E3%83%88%E3%83%83%E3%83%97%E8%8D%B7%E7%89%A9 HTTP/1.1" 200 54833 "-" "Mozilla/5.0 (Linux; Android 6.0.1; Nexus 5X Build/MMB29P) AppleWebKit/537.36 (KHTML, like Gecko) Chrome/135.0.7049.95 Mobile Safari/537.36 (compatible; Googlebot/2.1; +http://www.google.com/bot.html)"
18.97.9.175 - - [29/Apr/2025:13:29:45 -0400] "GET /tag/bocoran-togel-jitu/ HTTP/1.1" 200 0 "-" "CCBot/2.0 (https://commoncrawl.org/faq/)"
66.249.73.130 - - [29/Apr/2025:13:30:09 -0400] "GET /?o=91492147602705&channel=b73446&from=article.php%3Fid%3D1476027-25799%26name%3D%E3%80%90++%E3%80%91%E3%83%AD%E3%83%BC%E3%83%AC%E3%83%83%E3%83%88%E3%83%8A%E3%83%83%E3%83%88%E3%82%BB%E3%83%83%E3%83%88%E3%80%81%E5%AE%89%E5%AE%9A%E6%8C%BF%E5%85%A5%E3%83%8A%E3%83%83%E3%83%88%E3%80%81%E7%9C%9F%E3%81%A1%E3%82%85%E3%81%86250Pcs+4MM+for+3MM HTTP/1.1" 200 54442 "-" "Mozilla/5.0 (Linux; Android 6.0.1; Nexus 5X Build/MMB29P) AppleWebKit/537.36 (KHTML, like Gecko) Chrome/135.0.7049.95 Mobile Safari/537.36 (compatible; Googlebot/2.1; +http://www.google.com/bot.html)"
18.97.9.175 - - [29/Apr/2025:13:30:20 -0400] "GET /tag/toto-macau-19-00-wib/page/2/ HTTP/1.1" 200 0 "-" "CCBot/2.0 (https://commoncrawl.org/faq/)"
101.46.0.185 - - [29/Apr/2025:13:30:24 -0400] "GET /tag/buku-mimpi-02/ HTTP/1.1" 200 0 "-" "Mozilla/5.0 (Macintosh; Intel Mac OS X 10_15_7) AppleWebKit/537.36 (KHTML, like Gecko) Chrome/134.0.0.0 Safari/537.36"
