66.249.73.129 - - [29/Apr/2025:15:43:07 -0400] "GET /?o=40179165600301&channel=cd5d5c&from=article.php%3Fid%3D1656003-26969%26name%3D%E3%83%9C%E3%83%88%E3%83%A0%E3%82%B9+%E3%83%AC%E3%83%87%E3%82%A3%E3%83%BC%E3%82%B9+-+%E5%A4%8F+B+%E3%83%95%E3%82%A1%E3%83%83%E3%82%B7%E3%83%A7%E3%83%B3+%E3%83%91%E3%83%B3%E3%83%84+%E3%83%AC%E3%83%87%E3%82%A3%E3%83%BC%E3%82%B9+%E3%83%89%E3%83%AD%E3%83%BC%E3%82%B9%E3%83%88%E3%83%AA%E3%83%B3%E3%82%B0+%E4%BC%B8%E7%B8%AE%E6%80%A7+%E3%83%8F%E3%82%A4%E3%82%A6%E3%82%A8%E3%82%B9%E3%83%88+%E3%83%AA%E3%83%8D%E3%83%B3%E3%83%91%E3%83%B3%E3%83%84+%E3%82%B9%E3%83%88%E3%83%AC%E3%83%BC%E3%83%88 HTTP/1.1" 200 55524 "-" "Mozilla/5.0 (Linux; Android 6.0.1; Nexus 5X Build/MMB29P) AppleWebKit/537.36 (KHTML, like Gecko) Chrome/135.0.7049.95 Mobile Safari/537.36 (compatible; Googlebot/2.1; +http://www.google.com/bot.html)"
66.249.73.128 - - [29/Apr/2025:15:43:10 -0400] "GET /?o=9870194326900&channel=3f3446&from=info.php%3Fid%3D943269-800%26name%3D%E6%B4%97%E6%BF%AF%E6%A9%9F6kg HTTP/1.1" 200 52129 "-" "Mozilla/5.0 (Linux; Android 6.0.1; Nexus 5X Build/MMB29P) AppleWebKit/537.36 (KHTML, like Gecko) Chrome/135.0.7049.95 Mobile Safari/537.36 (compatible; Googlebot/2.1; +http://www.google.com/bot.html)"
66.249.73.128 - - [29/Apr/2025:15:43:17 -0400] "GET /?o=0782188047000&channel=47d8eb&from=shared.php%3Fid%3D880470-18254%26name%3DAMPCO%28%E3%82%A2%E3%83%B3%E3%83%97%E3%82%B3%29+NonSparking+WrenchSpanner+Fixed+%E3%83%95%E3%83%83%E3%82%AF%E3%82%B9%E3%83%91%E3%83%8A45-50+AMC7412 HTTP/1.1" 200 54692 "-" "Mozilla/5.0 (Linux; Android 6.0.1; Nexus 5X Build/MMB29P) AppleWebKit/537.36 (KHTML, like Gecko) Chrome/135.0.7049.95 Mobile Safari/537.36 (compatible; Googlebot/2.1; +http://www.google.com/bot.html)"
66.249.73.128 - - [29/Apr/2025:15:43:26 -0400] "GET /?o=1577094581602&channel=0a9884&from=shop.php%3Fid%3D945816-19628%26name%3D%E3%83%93%E3%83%83%E3%82%AF%E3%83%AA%E3%83%9E%E3%83%B3+%E3%83%98%E3%83%A9%E3%82%AF%E3%83%A9%E3%82%A4%E3%82%B9%E3%83%88+%E3%83%9E%E3%83%89%E3%83%A9%E3%83%BC HTTP/1.1" 200 54646 "-" "Mozilla/5.0 (Linux; Android 6.0.1; Nexus 5X Build/MMB29P) AppleWebKit/537.36 (KHTML, like Gecko) Chrome/135.0.7049.95 Mobile Safari/537.36 (compatible; Googlebot/2.1; +http://www.google.com/bot.html)"
66.249.73.128 - - [29/Apr/2025:15:43:34 -0400] "GET /?o=078128301800&channel=27ba81&from=product.php%3Fid%3D83018-6346%26name%3D%E3%82%B7%E3%83%B3%E3%82%BB%E3%83%BC%E3%82%A4%E3%83%B3%E3%82%BF%E3%83%BC%E3%83%8A%E3%82%B7%E3%83%A7%E3%83%8A%E3%83%AB+2way%E3%83%9A%E3%83%83%E3%83%88%E3%82%AB%E3%83%BC%E3%83%88+%E3%83%87%E3%83%8B%E3%83%A0 HTTP/1.1" 200 52212 "-" "Mozilla/5.0 (Linux; Android 6.0.1; Nexus 5X Build/MMB29P) AppleWebKit/537.36 (KHTML, like Gecko) Chrome/135.0.7049.95 Mobile Safari/537.36 (compatible; Googlebot/2.1; +http://www.google.com/bot.html)"
66.249.73.128 - - [29/Apr/2025:15:43:42 -0400] "GET /?o=7073224221800&channel=e931d7&from=info.php%3Fid%3D242218-3946%26name%3D%E3%83%8D%E3%82%AF%E3%82%BF%E3%82%A4+%E3%80%8CHOLLIDAY%EF%BC%86BROWN%E3%80%8D%E3%82%B9%E3%83%88%E3%83%A9%E3%82%A4%E3%83%97+%E3%83%8D%E3%82%AF%E3%82%BF%E3%82%A4 HTTP/1.1" 200 53517 "-" "Mozilla/5.0 (Linux; Android 6.0.1; Nexus 5X Build/MMB29P) AppleWebKit/537.36 (KHTML, like Gecko) Chrome/135.0.7049.95 Mobile Safari/537.36 (compatible; Googlebot/2.1; +http://www.google.com/bot.html)"
66.249.73.129 - - [29/Apr/2025:15:43:49 -0400] "GET /?o=3796855748200&channel=6109f4&from=shop.php%3Fid%3D557482-15831%26name%3DSoreSore%EF%BC%88%E3%82%BD%E3%83%AC%E3%82%BD%E3%83%AC%EF%BC%89%E6%97%A5%E5%82%98+uv%E3%82%AB%E3%83%83%E3%83%88%E6%8A%98%E3%82%8A%E3%81%9F%E3%81%9F%E3%81%BF+%E6%99%B4%E9%9B%A8%E5%85%BC%E7%94%A8+%E9%81%AE%E5%85%89+%E6%8A%98%E3%82%8A%E3%81%9F%E3%81%9F%E3%81%BF%E5%82%98+%E3%83%AF%E3%83%B3%E3%82%BF%E3%83%83%E3%83%81+%E8%87%AA%E5%8B%95%E9%96%8B%E9%96%89+%E8%BB%BD%E9%87%8F+%E3%83%AC%E3%83%87%E3%82%A3%E3%83%BC%E3%82%B9+%E9%B6%8F+%E3%81%8B HTTP/1.1" 200 56628 "-" "Mozilla/5.0 (Linux; Android 6.0.1; Nexus 5X Build/MMB29P) AppleWebKit/537.36 (KHTML, like Gecko) Chrome/135.0.7049.95 Mobile Safari/537.36 (compatible; Googlebot/2.1; +http://www.google.com/bot.html)"
66.249.73.129 - - [29/Apr/2025:15:43:54 -0400] "GET /?o=67478102140300&channel=6491ca&from=shared.php%3Fid%3D1021403-6670%26name%3DKingston+%E3%82%B5%E3%83%BC%E3%83%90%E3%83%BC+%E3%83%97%E3%83%AC%E3%83%9F%E3%82%A2+64GB+4800MT%2Fs+DDR5+ECC+Reg+CL40+DIMM+2Rx4+%E3%82%B5%E3%83%BC%E3%83%90%E3%83%BC%E3%83%A1 HTTP/1.1" 200 54055 "-" "Mozilla/5.0 (Linux; Android 6.0.1; Nexus 5X Build/MMB29P) AppleWebKit/537.36 (KHTML, like Gecko) Chrome/135.0.7049.95 Mobile Safari/537.36 (compatible; Googlebot/2.1; +http://www.google.com/bot.html)"
66.249.73.130 - - [29/Apr/2025:15:44:00 -0400] "GET /?o=622237694605&channel=14035c&from=pin.php%3Fid%3D76946-4768%26name%3D%E3%80%90O%E2%80%99NEILL%E3%80%91%E3%82%B9%E3%83%8E%E3%83%BC%E3%82%B8%E3%83%A3%E3%82%B1%E3%83%83%E3%83%88%E2%98%86M%E2%98%86%E6%96%B0%E5%93%81%E3%82%BF%E3%82%B0%E4%BB%98%E3%81%8D HTTP/1.1" 200 53188 "-" "Mozilla/5.0 (Linux; Android 6.0.1; Nexus 5X Build/MMB29P) AppleWebKit/537.36 (KHTML, like Gecko) Chrome/135.0.7049.95 Mobile Safari/537.36 (compatible; Googlebot/2.1; +http://www.google.com/bot.html)"
66.249.73.129 - - [29/Apr/2025:15:44:10 -0400] "GET /?o=38199191917200&channel=c12809&from=category-info.php%3Fid%3D1919172-6564%26name%3D%5B%E5%B0%8F%E3%81%95%E3%81%AA%E5%BA%97%5D+weiwei+2022%E6%98%A5%E7%A7%8B%E6%96%B0%E3%81%97%E3%81%84%E6%A8%A1%E5%80%A3%E3%82%B7%E3%83%AB%E3%82%AF%E3%82%B7%E3%83%A3%E3%83%84%E5%A5%B3%E6%80%A7%E3%82%AA%E3%83%BC%E3%83%AB%E3%83%9E%E3%83%83%E3%83%81%E3%83%97%E3%83%AA%E3%83%B3%E3%83%88%E3%83%96%E3%83%A9%E3%82%A6%E3%82%B9%E3%83%A9%E3%83%B3%E3%82%BF%E3%83%B3%E3%82%B9%E3%83%AA%E3%83%BC%E3%83%96%E3%83%AC%E3%82%B8%E3%83%A3%E3%83%BC HTTP/1.1" 200 52887 "-" "Mozilla/5.0 (Linux; Android 6.0.1; Nexus 5X Build/MMB29P) AppleWebKit/537.36 (KHTML, like Gecko) Chrome/135.0.7049.95 Mobile Safari/537.36 (compatible; Googlebot/2.1; +http://www.google.com/bot.html)"
66.249.73.128 - - [29/Apr/2025:15:44:18 -0400] "GET /?o=4171789581809&channel=d964a6&from=form.php%3Fid%3D895818-17497%26name%3D%E5%B0%82%E7%94%A8%E5%93%81A.D.M.J+%E3%82%AF%E3%83%AD%E3%82%B3%E5%9E%8B%E6%8A%BC%E3%81%97+%E3%82%B9%E3%83%AF%E3%83%AD%E3%83%95%E3%82%B9%E3%82%AD%E3%83%BC+%E3%82%B9%E3%82%AF%E3%82%A8%E3%82%A2+%E3%83%9C%E3%82%B9%E3%83%88%E3%83%B3%E3%83%90%E3%83%83%E3%82%B0 HTTP/1.1" 200 52983 "-" "Mozilla/5.0 (Linux; Android 6.0.1; Nexus 5X Build/MMB29P) AppleWebKit/537.36 (KHTML, like Gecko) Chrome/135.0.7049.95 Mobile Safari/537.36 (compatible; Googlebot/2.1; +http://www.google.com/bot.html)"
66.249.73.128 - - [29/Apr/2025:15:44:31 -0400] "GET /?o=9391277080804&channel=af37aa&from=shop.php%3Fid%3D770808-1094%26name%3D%E3%80%90%E6%9C%80%E5%A4%A749%E5%80%8D%EF%BD%9C1%2F25%E9%99%90%E5%AE%9A%E3%80%91%E7%89%B9%E5%85%B8%E4%BB%98%E3%81%8D%EF%BD%9C%E3%83%9E%E3%82%B9%E3%82%BF%E3%83%BC%E3%83%94%E3%83%BC%E3%82%B9+%E3%82%B9%E3%82%AF%E3%83%A9%E3%83%B3%E3%83%96%E3%83%AB+%E3%83%88%E3%83%BC%E3%83%88%E3%83%90%E3%83%83%E3%82%B0+%E3%83%A1%E3%83%B3%E3%82%BA+%E3%83%96%E3%83%A9%E3%83%B3%E3%83%89+%E3%83%95%E3%82%A1%E3%82%B9%E3%83%8A%E3%83%BC%E4%BB%98%E3%81%8D+%E6%92%A5%E6%B0%B4+%E9%98%B2%E6%B0%B4+%E9%80%9A%E5%8B%A4+%E7%B8%A6+%E6%97%A5%E6%9C%AC%E8%A3%BD+A4+PC+14%E3%82%A4%E3%83%B3%E3%83%81+master-piece+Scramble+289072 HTTP/1.1" 200 54792 "-" "Mozilla/5.0 (Linux; Android 6.0.1; Nexus 5X Build/MMB29P) AppleWebKit/537.36 (KHTML, like Gecko) Chrome/135.0.7049.95 Mobile Safari/537.36 (compatible; Googlebot/2.1; +http://www.google.com/bot.html)"
66.249.73.128 - - [29/Apr/2025:15:44:35 -0400] "GET /?o=08001117395900&channel=4f653e&from=news.php%3Fid%3D1173959-4147%26name%3DINNOVA+3111JP+OBD2+%E3%82%B3%E3%83%BC%E3%83%89%E3%83%AA%E3%83%BC%E3%83%80%E3%83%BC%E6%95%85%E9%9A%9C+%E8%A8%BA%E6%96%AD%E6%A9%9F HTTP/1.1" 200 52833 "-" "Mozilla/5.0 (Linux; Android 6.0.1; Nexus 5X Build/MMB29P) AppleWebKit/537.36 (KHTML, like Gecko) Chrome/135.0.7049.95 Mobile Safari/537.36 (compatible; Googlebot/2.1; +http://www.google.com/bot.html)"
66.249.73.128 - - [29/Apr/2025:15:44:39 -0400] "GET /?o=1959221782407&channel=673380&from=shop.php%3Fid%3D217824-11159%26name%3D%E9%96%A2%E5%AE%B6%E5%85%B7%E3%80%80%E3%83%AC%E3%83%B3%E3%82%B8%E3%83%9C%E3%83%BC%E3%83%89%E3%80%80%E3%82%AA%E3%82%A6%E3%83%AB%E3%80%8015%E4%B8%87%E5%86%86%E3%80%80w1200+%E4%B8%AD%E5%8F%A4%E3%80%80%E9%A3%9F%E5%99%A8%E6%A3%9A HTTP/1.1" 200 52435 "-" "Mozilla/5.0 (Linux; Android 6.0.1; Nexus 5X Build/MMB29P) AppleWebKit/537.36 (KHTML, like Gecko) Chrome/135.0.7049.95 Mobile Safari/537.36 (compatible; Googlebot/2.1; +http://www.google.com/bot.html)"
52.167.144.162 - - [29/Apr/2025:15:44:50 -0400] "GET /?o=8079824405505&channel=06b60e&from=blog.php%3Fid%3D244055-12006%26name%3D%E3%82%B5%E3%82%A4%E3%83%89%E3%83%90%E3%83%BC+%E3%82%B5%E3%82%A4%E3%83%89%E3%82%B9%E3%83%86%E3%83%83%E3%83%97+%E3%83%A9%E3%83%B3%E3%83%8B%E3%83%B3%E3%82%B0%E3%83%9C%E3%83%BC%E3%83%89+%E3%82%B8%E3%83%BC%E3%83%97+%E3%83%A9%E3%83%B3%E3%82%B0%E3%83%A9%E3%83%BC+JL+2+%E3%83%89%E3%82%A2%E3%81%BE%E3%81%9F%E3%81%AF+4+%E3%83%89%E3%82%A2%E3%81%AB%E5%AF%BE%E5%BF%9C%E3%80%81OEM+%E3%83%A2%E3%83%87%E3%83%AB%E7%B4%A0%E6%9D%90%E3%80%81%E3%83%95%E3%83%AA%E3%83%BC%E3%83%89 HTTP/1.1" 200 0 "-" "Mozilla/5.0 AppleWebKit/537.36 (KHTML, like Gecko; compatible; bingbot/2.0; +http://www.bing.com/bingbot.htm) Chrome/116.0.1938.76 Safari/537.36"
66.249.73.128 - - [29/Apr/2025:15:44:53 -0400] "GET /?o=5871270133800&channel=01d027&from=goods.php%3Fid%3D701338-19798%26name%3DQuizKnock+%E3%82%BD%E3%83%AD%E3%83%95%E3%82%A9%E3%83%88%E3%82%AB%E3%83%BC%E3%83%89+%E6%9D%B1%E5%95%8F HTTP/1.1" 200 54545 "-" "Mozilla/5.0 (Linux; Android 6.0.1; Nexus 5X Build/MMB29P) AppleWebKit/537.36 (KHTML, like Gecko) Chrome/135.0.7049.95 Mobile Safari/537.36 (compatible; Googlebot/2.1; +http://www.google.com/bot.html)"
66.249.73.128 - - [29/Apr/2025:15:45:00 -0400] "GET /?o=11168124150809&channel=2c9c64&from=pin.php%3Fid%3D1241508-11484%26name%3DF6+%E7%89%B9%E5%88%A5%E4%BE%A1%E6%A0%BC%EF%BC%81%E7%9D%80%E7%94%A8%E5%85%9C%E3%80%80%E5%BE%B3%E5%B7%9D%E5%85%9C%E9%A3%BE%E3%82%8A%E3%80%80%E4%BA%94%E6%9C%88%E5%8F%8E%E7%B4%8D%E5%85%9C%E3%80%80%E3%81%8B%E3%81%B6%E3%82%8C%E3%82%8B%E5%85%9C%E3%80%80%E4%BA%94%E6%9C%88%E4%BA%BA%E5%BD%A2%E5%85%9C HTTP/1.1" 200 53059 "-" "Mozilla/5.0 (Linux; Android 6.0.1; Nexus 5X Build/MMB29P) AppleWebKit/537.36 (KHTML, like Gecko) Chrome/135.0.7049.95 Mobile Safari/537.36 (compatible; Googlebot/2.1; +http://www.google.com/bot.html)"
66.249.73.129 - - [29/Apr/2025:15:45:06 -0400] "GET /?o=1114971727802&channel=48dc1c&from=jp.php%3Fid%3D717278-912%26name%3D%E4%B8%89%E5%92%8C%E9%9B%BB%E6%B0%97%E8%A8%88%E5%99%A8%3A%E3%83%8F%E3%82%A4%E3%83%96%E3%83%AA%E3%83%83%E3%83%88%E3%83%9F%E3%83%8B%E3%83%86%E3%82%B9%E3%82%BF%EF%BC%88%E3%83%9E%E3%83%AB%E3%83%81%E3%83%A1%E3%83%BC%E3%82%BF%2B%E3%82%AF%E3%83%A9%E3%83%B3%E3%83%97%E3%83%A1%E3%83%BC%E3%82%BF%EF%BC%89+PM33A+%E3%82%AA%E3%83%AC%E3%83%B3%E3%82%B8%E3%83%96%E3%83%83%E3%82%AF+3974014 HTTP/1.1" 200 55210 "-" "Mozilla/5.0 (Linux; Android 6.0.1; Nexus 5X Build/MMB29P) AppleWebKit/537.36 (KHTML, like Gecko) Chrome/135.0.7049.95 Mobile Safari/537.36 (compatible; Googlebot/2.1; +http://www.google.com/bot.html)"
66.249.73.128 - - [29/Apr/2025:15:45:11 -0400] "GET /?o=9271949884002&channel=d6cfdb&from=shared.php%3Fid%3D498840-8121%26name%3D450CC+650CC+%E3%82%AA%E3%83%BC%E3%83%88%E3%83%90%E3%82%A4%E3%82%A8%E3%83%B3%E3%82%B8%E3%83%B3%E7%87%83%E6%96%99%E4%BE%9B%E7%B5%A6%E3%82%AA%E3%82%A4%E3%83%AB%E3%83%95%E3%82%A3%E3%83%AB%E3%82%BF%E3%83%BC%E3%82%AF%E3%83%AA%E3%83%BC%E3%83%8A%E3%83%BC+450+CF650+450SR+450NK+CLC+M HTTP/1.1" 200 54711 "-" "Mozilla/5.0 (Linux; Android 6.0.1; Nexus 5X Build/MMB29P) AppleWebKit/537.36 (KHTML, like Gecko) Chrome/135.0.7049.95 Mobile Safari/537.36 (compatible; Googlebot/2.1; +http://www.google.com/bot.html)"
66.249.73.128 - - [29/Apr/2025:15:45:20 -0400] "GET /?o=4918895337503&channel=07335a&from=form.php%3Fid%3D953375-20657%26name%3D%E3%83%95%E3%83%A9%E3%83%AF%E3%83%BC%E3%82%B9%E3%82%BF%E3%83%B3%E3%83%89%E7%84%A1%E5%9E%A2%E6%9D%90%E3%82%AC%E3%83%BC%E3%83%87%E3%83%B3%E3%83%AF%E3%83%BC%E3%82%AF%E3%83%99%E3%83%B3%E3%83%81%E5%B1%8B%E5%A4%96%E3%83%86%E3%83%BC%E3%83%96%E3%83%AB%E3%82%AC%E3%83%BC%E3%83%87%E3%83%B3%E3%83%A4%E3%83%BC%E3%83%89%E3%82%B9%E3%83%88%E3%83%AC%E3%83%BC%E3%82%B8%E3%83%AF%E3%83%BC%E3%82%AF%E3%83%99%E3%83%B3%E3%83%81%E3%82%B7%E3%82%A7%E3%83%AB%E3%83%95%E5%A4%9A%E6%A9%9F%E8%83%BD%E3%83%95%E3%83%A9%E3%83%AF%E3%83%BC%E3%82%B9%E3%82%BF%E3%83%B3%E3%83%89+%28B%29 HTTP/1.1" 200 54832 "-" "Mozilla/5.0 (Linux; Android 6.0.1; Nexus 5X Build/MMB29P) AppleWebKit/537.36 (KHTML, like Gecko) Chrome/135.0.7049.95 Mobile Safari/537.36 (compatible; Googlebot/2.1; +http://www.google.com/bot.html)"
66.249.73.128 - - [29/Apr/2025:15:45:25 -0400] "GET /?o=47840118080400&channel=959345&from=goods.php%3Fid%3D1180804-21698%26name%3D%E3%80%90%E7%9C%9F%E4%BD%9C%E3%80%91%E2%97%8F%E5%8D%B3%E6%B1%BA%E2%97%8F%E6%B5%85%E9%87%8E%E5%BC%A5%E8%A1%9B%E3%80%80%E4%BD%9C%E5%93%81%EF%BC%91 HTTP/1.1" 200 55565 "-" "Mozilla/5.0 (Linux; Android 6.0.1; Nexus 5X Build/MMB29P) AppleWebKit/537.36 (KHTML, like Gecko) Chrome/135.0.7049.95 Mobile Safari/537.36 (compatible; Googlebot/2.1; +http://www.google.com/bot.html)"
157.55.39.193 - - [29/Apr/2025:15:45:29 -0400] "GET /wp-includes__c454f3a/SimplePie/src/Parse/?NA HTTP/1.1" 200 651 "-" "Mozilla/5.0 AppleWebKit/537.36 (KHTML, like Gecko; compatible; bingbot/2.0; +http://www.bing.com/bingbot.htm) Chrome/116.0.1938.76 Safari/537.36"
66.249.73.128 - - [29/Apr/2025:15:45:29 -0400] "GET /?o=49292192186200&channel=47c623&from=news.php%3Fid%3D1921862-7031%26name%3D%E3%83%B4%E3%82%A3%E3%83%83%E3%82%BB%E3%83%AB%E7%A5%9E%E6%88%B8%E3%80%80%E3%81%AA%E3%82%8A%E3%81%8D%E3%82%8A%E3%83%A2%E3%83%BC%E3%83%B4%E3%82%A3%E3%80%80%E9%80%A3%E7%B5%90%E3%83%81%E3%83%A3%E3%83%BC%E3%83%A0 HTTP/1.1" 200 54331 "-" "Mozilla/5.0 (Linux; Android 6.0.1; Nexus 5X Build/MMB29P) AppleWebKit/537.36 (KHTML, like Gecko) Chrome/135.0.7049.95 Mobile Safari/537.36 (compatible; Googlebot/2.1; +http://www.google.com/bot.html)"
66.249.73.128 - - [29/Apr/2025:15:45:41 -0400] "GET /?o=8811737326201&channel=42dc97&from=news.php%3Fid%3D373262-2065%26name%3DFIAT+%E3%83%95%E3%82%A3%E3%82%A2%E3%83%83%E3%83%88+%E3%82%A2%E3%83%90%E3%83%AB%E3%83%88500+312141%E7%94%A8+%E3%83%95%E3%83%AD%E3%83%B3%E3%83%88%E3%83%96%E3%83%AC%E3%83%BC%E3%82%AD%E3%83%AD%E3%83%BC%E3%82%BF%E3%83%BC+%E5%B7%A6%E5%8F%B3%E3%82%BB%E3%83%83%E3%83%88+%E2%98%86%E9%80%81%E6%96%99%E7%84%A1%E6%96%99%E2%98%86 HTTP/1.1" 200 57312 "-" "Mozilla/5.0 (Linux; Android 6.0.1; Nexus 5X Build/MMB29P) AppleWebKit/537.36 (KHTML, like Gecko) Chrome/135.0.7049.95 Mobile Safari/537.36 (compatible; Googlebot/2.1; +http://www.google.com/bot.html)"
52.167.144.162 - - [29/Apr/2025:15:45:42 -0400] "GET /?o=69242128484304&channel=33b2e5&from=jp.php%3Fid%3D1284843-2065%26name%3D%E8%BB%8A+%E5%A1%97%E8%A3%85+%E3%82%B9%E3%83%97%E3%83%AC%E3%83%BC+%E3%82%B9%E3%83%90%E3%83%AB+36J+%E3%82%A2%E3%83%BC%E3%82%AF%E3%83%86%E3%82%A3%E3%83%83%E3%82%AF%E3%83%9B%E3%83%AF%E3%82%A4%E3%83%88%E3%83%91%E3%83%BC%E3%83%AB3P+3P+Holts+%E3%83%9A%E3%82%A4%E3%83%B3%E3%83%88%E3%82%B9%E3%83%97%E3%83%AC%E3%83%BC+%E3%83%9B%E3%83%AB%E3%83%84+MINMIX+%E3%83%9F%E3%83%8B%E3%83%9F%E3%83%83%E3%82%AF%E3%82%B9+%E3%82%AB%E3%83%A9%E3%83%BC%E3%82%B9%E3%83%97%E3%83%AC%E3%83%BC+%E3%82%AA%E3%83%BC%E3%83%80%E3%83%BC%E3%82%AB%E3%83%A9%E3%83%BC%E8%BB%8A+%E5%82%B7%E6%B6%88%E3%81%97+%E3%82%AD%E3%82%BA+%E7%9B%B4%E3%81%97%E3%80%90TU%26SP%E3%80%91%28%E3%82%B9%E3%83%97%E3%83%AC%E3%83%BC%29 HTTP/1.1" 200 0 "-" "Mozilla/5.0 AppleWebKit/537.36 (KHTML, like Gecko; compatible; bingbot/2.0; +http://www.bing.com/bingbot.htm) Chrome/116.0.1938.76 Safari/537.36"
66.249.73.129 - - [29/Apr/2025:15:45:46 -0400] "GET /?o=73898162725007&channel=3b1f2b&from=category-info.php%3Fid%3D1627250-8915%26name%3D%E3%83%92%E3%83%A5%E3%83%BC%E3%82%B4%E3%83%9C%E3%82%B9+HUGO+BOSS++%E3%82%BB%E3%83%83%E3%83%88%E3%82%A2%E3%83%83%E3%83%97%E5%AF%BE%E5%BF%9C+%E3%82%B9%E3%83%88%E3%83%AC%E3%83%83%E3%83%81%E3%83%95%E3%83%A9%E3%83%B3%E3%83%8D%E3%83%AB+%E3%83%8E%E3%83%BC%E3%82%BF%E3%83%83%E3%82%AF%E3%83%91%E3%83%B3%E3%83%84+HBGENIU10244939 HTTP/1.1" 200 53995 "-" "Mozilla/5.0 (Linux; Android 6.0.1; Nexus 5X Build/MMB29P) AppleWebKit/537.36 (KHTML, like Gecko) Chrome/135.0.7049.95 Mobile Safari/537.36 (compatible; Googlebot/2.1; +http://www.google.com/bot.html)"
66.249.73.128 - - [29/Apr/2025:15:45:51 -0400] "GET /?o=89101104345200&channel=d2d27e&from=news.php%3Fid%3D1043452-22867%26name%3D%E3%80%90%E6%96%B0%E5%93%81%E3%83%BB5%E5%96%B6%E6%A5%AD%E6%97%A5%E3%81%A7%E7%99%BA%E9%80%81%E3%80%91BUILD+A+LINE%EF%BC%8F20591111+%E3%82%A2%E3%83%AB%E3%83%9F+%28%E3%83%AA%E3%82%A2%29+BUELL+S1+%E3%83%A9%E3%82%A4%E3%83%88%E3%83%8B%E3%83%B3%E3%82%B0+96-97 HTTP/1.1" 200 53861 "-" "Mozilla/5.0 (Linux; Android 6.0.1; Nexus 5X Build/MMB29P) AppleWebKit/537.36 (KHTML, like Gecko) Chrome/135.0.7049.95 Mobile Safari/537.36 (compatible; Googlebot/2.1; +http://www.google.com/bot.html)"
66.249.73.130 - - [29/Apr/2025:15:46:00 -0400] "GET /?o=0856012422602&channel=2e2f93&from=product.php%3Fid%3D124226-387%26name%3D%E5%8D%B3%E6%B1%BA+%E4%B8%AD%E5%8F%A4+B2+HY+%E3%83%A6%E3%83%BC%E3%83%86%E3%82%A3%E3%83%AA%E3%83%86%E3%82%A3+2021+H5+%E3%83%87%E3%82%A3%E3%82%A2%E3%83%9E%E3%83%8A+BS50h+25+S HTTP/1.1" 200 54771 "-" "Mozilla/5.0 (Linux; Android 6.0.1; Nexus 5X Build/MMB29P) AppleWebKit/537.36 (KHTML, like Gecko) Chrome/135.0.7049.95 Mobile Safari/537.36 (compatible; Googlebot/2.1; +http://www.google.com/bot.html)"
66.249.73.129 - - [29/Apr/2025:15:46:06 -0400] "GET /?o=82892162225400&channel=966bac&from=form.php%3Fid%3D1622254-19174%26name%3DRosewill+%E3%83%97%E3%83%AC%E3%83%9F%E3%82%A2%E3%83%A0%E3%82%B7%E3%83%B3%E3%82%B0%E3%83%AB%E3%83%A2%E3%83%8B%E3%82%BF%E3%83%BC%E3%83%9E%E3%82%A6%E3%83%B3%E3%83%88+13%7E35%E3%82%A4%E3%83%B3%E3%83%81+0%7E26.4%E3%83%9D%E3%83%B3%E3%83%89+%E3%82%A6%E3%83%AB%E3%83%88%E3%83%A9%E3%83%AF%E3%82%A4%E3%83%89%E3%82%B3%E3%83%B3%E3%83%94%E3%83%A5%E3%83%BC%E3%82%BF%E3%83%BC%E3%83%A2%E3%83%8B%E3%82%BF%E3%83%BC%E3%82%B9%E3%82%BF HTTP/1.1" 200 54403 "-" "Mozilla/5.0 (Linux; Android 6.0.1; Nexus 5X Build/MMB29P) AppleWebKit/537.36 (KHTML, like Gecko) Chrome/135.0.7049.95 Mobile Safari/537.36 (compatible; Googlebot/2.1; +http://www.google.com/bot.html)"
66.249.73.129 - - [29/Apr/2025:15:46:10 -0400] "GET /?o=45197162792600&channel=002394&from=goods.php%3Fid%3D1627926-3046%26name%3D%E6%96%B0%E5%93%81%E6%9C%AA%E4%BD%BF%E7%94%A8Martin+Margiela+%E3%83%9E%E3%83%AB%E3%82%BF%E3%83%B3%E3%83%9E%E3%83%AB%E3%82%B8%E3%82%A7%E3%83%A9%E3%83%8B%E3%83%83%E3%83%88%E3%82%B0%E3%83%AD%E3%83%BC%E3%83%96%E6%89%8B%E8%A2%8B HTTP/1.1" 200 54466 "-" "Mozilla/5.0 (Linux; Android 6.0.1; Nexus 5X Build/MMB29P) AppleWebKit/537.36 (KHTML, like Gecko) Chrome/135.0.7049.114 Mobile Safari/537.36 (compatible; Googlebot/2.1; +http://www.google.com/bot.html)"
66.249.73.128 - - [29/Apr/2025:15:46:14 -0400] "GET /?o=3116495805603&channel=7cbdb4&from=blog.php%3Fid%3D958056-8433%26name%3D%E2%97%BB%EF%B8%8F%E9%9B%BB%E5%8B%95%E8%87%AA%E8%BB%A2%E8%BB%8A%E2%97%BB%EF%B8%8FBS%E3%80%80%E3%82%A2%E3%82%B7%E3%82%B9%E3%82%BF HTTP/1.1" 200 55680 "-" "Mozilla/5.0 (Linux; Android 6.0.1; Nexus 5X Build/MMB29P) AppleWebKit/537.36 (KHTML, like Gecko) Chrome/135.0.7049.95 Mobile Safari/537.36 (compatible; Googlebot/2.1; +http://www.google.com/bot.html)"
66.249.73.128 - - [29/Apr/2025:15:46:18 -0400] "GET /?o=1945433332600&channel=8cad49&from=shared.php%3Fid%3D333326-596%26name%3D%E3%80%90%E6%96%B0%E5%93%81%E3%80%9125%2F01%2F17%E7%99%BA%E5%A3%B2+PS5+%E7%9C%9F%E3%83%BB%E4%B8%89%E5%9C%8B%E7%84%A1%E5%8F%8C+ORIGINS+TREASURE+BOX HTTP/1.1" 200 56210 "-" "Mozilla/5.0 (Linux; Android 6.0.1; Nexus 5X Build/MMB29P) AppleWebKit/537.36 (KHTML, like Gecko) Chrome/135.0.7049.95 Mobile Safari/537.36 (compatible; Googlebot/2.1; +http://www.google.com/bot.html)"
66.249.73.128 - - [29/Apr/2025:15:46:25 -0400] "GET /?o=63791172911201&channel=c97ae8&from=brands.php%3Fid%3D1729112-2663%26name%3DQibao+Panda+%E4%B8%83%E5%AE%9D%E7%86%8A%E7%8C%AB%E9%85%92+100ml+53%25 HTTP/1.1" 200 54199 "-" "Mozilla/5.0 (Linux; Android 6.0.1; Nexus 5X Build/MMB29P) AppleWebKit/537.36 (KHTML, like Gecko) Chrome/135.0.7049.95 Mobile Safari/537.36 (compatible; Googlebot/2.1; +http://www.google.com/bot.html)"
66.249.73.128 - - [29/Apr/2025:15:46:30 -0400] "GET /?o=41750104497202&channel=9a2446&from=category-info.php%3Fid%3D1044972-4114%26name%3DBannik+%E3%83%A9%E3%82%BF%E3%83%B3%E3%83%88%E3%83%AC%E3%82%A4%E3%80%81%E3%83%8F%E3%83%B3%E3%83%89%E3%83%AB%E4%BB%98%E3%81%8D%E3%83%87%E3%82%A3%E3%82%B9%E3%83%97%E3%83%AC%E3%82%A4%E3%83%A9%E3%82%BF%E3%83%B3%E3%83%90%E3%82%B9%E3%82%B1%E3%83%83%E3%83%88%E3%80%81%E3%83%91%E3%83%B3%E3%83%95%E3%83%AB%E3%83%BC%E3%83%84%E3%82%B3%E3%83%BC%E3%83%92%E3%83%BC%E3%83%87%E3%82%B3%E3%83%AC%E3%83%BC%E3%82%B7%E3%83%A7%E3%83%B3%E3%82%84%E6%97%A5%E5%B8%B8%E5%BF%85%E9%9C%80%E5%93%81%E7%94%A8%E3%81%AE%E9%95%B7%E6%96%B9%E5%BD%A2%E3%83%88%E3%83%AC%E3%82%A4 HTTP/1.1" 200 53483 "-" "Mozilla/5.0 (Linux; Android 6.0.1; Nexus 5X Build/MMB29P) AppleWebKit/537.36 (KHTML, like Gecko) Chrome/135.0.7049.95 Mobile Safari/537.36 (compatible; Googlebot/2.1; +http://www.google.com/bot.html)"
66.249.73.129 - - [29/Apr/2025:15:46:35 -0400] "GET /?o=9692060908702&channel=4892ba&from=product.php%3Fid%3D609087-18618%26name%3D1603+VIP+STYLE+2005%E5%B9%B42%E6%9C%88%E5%8F%B7 HTTP/1.1" 200 53843 "-" "Mozilla/5.0 (Linux; Android 6.0.1; Nexus 5X Build/MMB29P) AppleWebKit/537.36 (KHTML, like Gecko) Chrome/135.0.7049.95 Mobile Safari/537.36 (compatible; Googlebot/2.1; +http://www.google.com/bot.html)"
66.249.73.129 - - [29/Apr/2025:15:46:43 -0400] "GET /?o=9962110950600&channel=b49791&from=news.php%3Fid%3D109506-2576%26name%3DS.H.Figuarts+%E4%BB%AE%E9%9D%A2%E3%83%A9%E3%82%A4%E3%83%80%E3%83%BC555+%E3%82%AA%E3%83%BC%E3%83%88%E3%83%90%E3%82%B8%E3%83%B3%EF%BC%86%E4%BB%AE%E9%9D%A2%E3%83%A9%E3%82%A4%E3%83%80%E3%83%BC%E3%83%95%E3%82%A1%E3%82%A4%E3%82%BA HTTP/1.1" 200 53982 "-" "Mozilla/5.0 (Linux; Android 6.0.1; Nexus 5X Build/MMB29P) AppleWebKit/537.36 (KHTML, like Gecko) Chrome/135.0.7049.95 Mobile Safari/537.36 (compatible; Googlebot/2.1; +http://www.google.com/bot.html)"
207.46.13.116 - - [29/Apr/2025:15:46:48 -0400] "GET /?o=860959168206&channel=ff8bc5&from=article.php%3Fid%3D91682-2370%26name%3D%E2%98%85%E6%9C%AA%E9%96%8B%E5%B0%81+%E3%83%88%E3%83%AC%E3%83%B3%E3%83%89%E3%83%9E%E3%82%B9%E3%82%BF%E3%83%BC%E3%82%BA+%E3%83%9E%E3%83%BC%E3%82%BA%E3%83%BB%E3%82%A2%E3%82%BF%E3%83%83%E3%82%AF%21+%E3%83%95%E3%82%A3%E3%82%AE%E3%83%A5%E3%82%A2+6%E4%BD%93%E3%82%BB%E3%83%83%E3%83%88%2F%E3%83%9E%E3%83%BC%E3%82%B7%E3%83%A3%E3%83%B3%E3%83%BB%E3%83%AA%E3%83%BC%E3%83%80%E3%83%BC%2F%E3%82%B9%E3%83%91%E3%82%A4%E3%82%AC%E3%83%BC%E3%83%AB+%E4%BB%96%2F%E3%81%BE%E3%81%A8%E3%82%81%261168900411 HTTP/1.1" 200 0 "-" "Mozilla/5.0 AppleWebKit/537.36 (KHTML, like Gecko; compatible; bingbot/2.0; +http://www.bing.com/bingbot.htm) Chrome/116.0.1938.76 Safari/537.36"
66.249.73.128 - - [29/Apr/2025:15:46:53 -0400] "GET /?o=21165105150200&channel=c9bbe0&from=form.php%3Fid%3D1051502-2080%26name%3D%E3%80%90%E7%AE%B1%E5%85%A5+%E6%AD%A3%E8%A6%8F%E5%93%81%E3%80%91%E3%82%B0%E3%83%AC%E3%83%B3%E3%82%B4%E3%82%A4%E3%83%B3+21%E5%B9%B4+%E3%82%B7%E3%83%B3%E3%82%B0%E3%83%AB+%E3%83%8F%E3%82%A4%E3%83%A9%E3%83%B3%E3%83%89+%E3%83%A2%E3%83%AB%E3%83%88+%E3%82%B9%E3%82%B3%E3%83%83%E3%83%81+%E3%82%A6%E3%82%A4%E3%82%B9%E3%82%AD%E3%83%BC+700ml+43%EF%BC%85+%E3%83%8F%E3%83%BC%E3%83%89%E3%83%AA%E3%82%AB%E3%83%BC%3Cbr%3EGLENGOYNE+AGED+21+YEAR+SINGLE+MALT+SCOTCH+WHISKY+700ml+43%EF%BC%85 HTTP/1.1" 200 57680 "-" "Mozilla/5.0 (Linux; Android 6.0.1; Nexus 5X Build/MMB29P) AppleWebKit/537.36 (KHTML, like Gecko) Chrome/135.0.7049.95 Mobile Safari/537.36 (compatible; Googlebot/2.1; +http://www.google.com/bot.html)"
66.249.73.129 - - [29/Apr/2025:15:46:57 -0400] "GET /?o=12735122270800&channel=cc7e52&from=shared.php%3Fid%3D1222708-24129%26name%3D%E3%83%AD%E3%83%BC%E3%83%A9%E3%83%BC%E3%83%96%E3%83%AC%E3%83%BC%E3%82%AD%E7%94%A8%E3%82%B0%E3%83%AA%E3%82%B9%E3%80%80%E5%B0%8F%E5%88%86%E3%81%91+%E7%B4%848g%E3%80%801%E3%80%9C2%E5%9B%9E%E5%88%86 HTTP/1.1" 200 53402 "-" "Mozilla/5.0 (Linux; Android 6.0.1; Nexus 5X Build/MMB29P) AppleWebKit/537.36 (KHTML, like Gecko) Chrome/135.0.7049.95 Mobile Safari/537.36 (compatible; Googlebot/2.1; +http://www.google.com/bot.html)"
66.249.73.129 - - [29/Apr/2025:15:47:04 -0400] "GET /?o=0504155230203&channel=1dcef6&from=product.php%3Fid%3D552302-2347%26name%3D%E3%80%90%E9%AA%A8%E8%91%A3%2A%E7%8F%8D%E8%97%8F%2A%E6%B8%85%2A%E5%8F%A4%E5%92%8C%E7%94%B0%E7%8E%89%2A%E7%BE%8A%E8%84%82%E7%8E%89%2A%E7%B4%B0%E5%AF%86%E5%BD%AB%2A%E9%9D%88%E7%8C%B4%E3%80%91%E6%A5%B5%E7%B4%B0%E5%B7%A5+%E5%8F%A4%E8%B3%9E%E7%89%A9+%E4%B8%AD%E5%9B%BD%E5%8F%A4%E7%8E%A9+%E4%B8%AD%E5%9B%BD%E5%8F%A4%E7%BE%8E%E8%A1%93 HTTP/1.1" 200 54430 "-" "Mozilla/5.0 (Linux; Android 6.0.1; Nexus 5X Build/MMB29P) AppleWebKit/537.36 (KHTML, like Gecko) Chrome/135.0.7049.95 Mobile Safari/537.36 (compatible; Googlebot/2.1; +http://www.google.com/bot.html)"
66.249.73.128 - - [29/Apr/2025:15:47:12 -0400] "GET /?o=8901132094407&channel=a155f2&from=news.php%3Fid%3D320944-2332%26name%3D%E2%98%86%E9%80%81%E7%84%A1%E2%98%86%E3%80%90%E3%83%90%E3%83%B3%E3%83%80%E3%82%A4%EF%BC%8F%E9%AD%82%E3%82%A6%E3%82%A7%E3%83%96%E5%95%86%E5%BA%97%E3%80%91S.H.Figuarts%EF%BC%8FS.H.%E3%83%95%E3%82%A3%E3%82%AE%E3%83%A5%E3%82%A2%E3%83%BC%E3%83%84%E3%80%8E%E9%BB%84%E9%87%91%E9%A8%8E%E5%A3%AB+%E3%82%AC%E3%83%AD%EF%BC%88%E3%83%AC%E3%82%AA%E3%83%B3%E5%88%BB%E5%8D%B0Ver.%EF%BC%86%E9%9B%B7%E5%90%BCVer.%29%EF%BC%92%E7%A8%AE%E3%82%BB%E3%83%83%E3%83%88%E3%80%8F%5B%E6%9C%AA%E9%96%8B%E5%B0%81%E5%93%81%5D HTTP/1.1" 200 55299 "-" "Mozilla/5.0 (Linux; Android 6.0.1; Nexus 5X Build/MMB29P) AppleWebKit/537.36 (KHTML, like Gecko) Chrome/135.0.7049.95 Mobile Safari/537.36 (compatible; Googlebot/2.1; +http://www.google.com/bot.html)"
66.249.73.129 - - [29/Apr/2025:15:47:14 -0400] "GET /?o=5455219460708&channel=f9ead5&from=jp.php%3Fid%3D194607-10462%26name%3D%E5%BC%95%E3%81%8D%E5%87%BA%E3%81%97+%E5%8C%97%E6%AC%A7+%E3%83%81%E3%82%A7%E3%82%B9%E3%83%88+%E3%83%8A%E3%83%81%E3%83%A5%E3%83%A9%E3%83%AB%E3%83%87%E3%82%B6%E3%82%A4%E3%83%B3+%E3%82%B5%E3%82%A4%E3%83%89%E3%83%86%E3%83%BC%E3%83%96%E3%83%AB HTTP/1.1" 200 53298 "-" "Mozilla/5.0 (Linux; Android 6.0.1; Nexus 5X Build/MMB29P) AppleWebKit/537.36 (KHTML, like Gecko) Chrome/135.0.7049.95 Mobile Safari/537.36 (compatible; Googlebot/2.1; +http://www.google.com/bot.html)"
207.46.13.116 - - [29/Apr/2025:15:47:18 -0400] "GET /?o=9908992930100&channel=2cd386&from=brands.php%3Fid%3D929301-4946%26name%3D%E3%83%97%E3%83%AA%E3%82%A6%E3%82%B9+%E3%83%97%E3%83%AA%E3%82%A6%E3%82%B9%CE%B1+%E3%83%87%E3%82%B8%E3%82%BF%E3%83%AB%E3%83%9F%E3%83%A9%E3%83%BC+%E3%83%89%E3%83%A9%E3%82%A4%E3%83%96%E3%83%AC%E3%82%B3+%E3%83%BC%E3%83%80%E3%83%BC+%E3%83%9F%E3%83%A9%E3%83%BC%E5%9E%8B+%E3%83%87%E3%82%B8%E3%82%BF%E3%83%AB%E3%82%A4%E3%83%B3%E3%83%8A%E3%83%BC%E3%83%9F%E3%83%A9%E3%83%BC+%E5%89%8D%E5%BE%8C%E7%8B%AC%E7%AB%8B2%E3%82%AB%E3%83%A1%E3%83%A9+H5S+%E3%83%9F%E3%83%A9%E3%83%BC%E4%BA%A4%E6%8F%9B HTTP/1.1" 200 0 "-" "Mozilla/5.0 AppleWebKit/537.36 (KHTML, like Gecko; compatible; bingbot/2.0; +http://www.bing.com/bingbot.htm) Chrome/116.0.1938.76 Safari/537.36"
66.249.73.128 - - [29/Apr/2025:15:47:38 -0400] "GET /?o=91567191111804&channel=4991d2&from=jp.php%3Fid%3D1911118-7683%26name%3DPizgear+%E8%BB%8A%E3%81%AE%E3%83%95%E3%83%83%E3%83%88%E3%83%9A%E3%83%80%E3%83%AB%E3%80%81%E7%87%83%E6%96%99%E3%82%A2%E3%82%AF%E3%82%BB%E3%83%AB%E3%83%9A%E3%83%80%E3%83%AB%E3%80%81%E3%83%96%E3%83%AC%E3%83%BC%E3%82%AD%E3%83%9A%E3%83%80%E3%83%AB%E3%82%AB%E3%83%90%E3%83%BC%E3%82%A2%E3%82%AF%E3%82%BB%E3%82%B5%E3%83%AA%E3%83%BC%E3%80%81%E3%83%88%E3%83%A8%E3%82%BF%E7%94%A8%E3%80%81%E3%82%AB%E3%83%A0%E3%83%AA40+50+70+XV70 HTTP/1.1" 200 55094 "-" "Mozilla/5.0 (Linux; Android 6.0.1; Nexus 5X Build/MMB29P) AppleWebKit/537.36 (KHTML, like Gecko) Chrome/135.0.7049.95 Mobile Safari/537.36 (compatible; Googlebot/2.1; +http://www.google.com/bot.html)"
207.46.13.116 - - [29/Apr/2025:15:47:39 -0400] "GET /?o=2008812367403&channel=d6c781&from=category-info.php%3Fid%3D123674-8023%26name%3D%E3%83%9F%E3%83%8B%E3%83%97%E3%83%AD%E3%82%B8%E3%82%A7%E3%82%AF%E3%82%BF%E3%83%BC+1080P+%E3%83%AF%E3%82%A4%E3%83%A4%E3%83%AC%E3%82%B9%E3%83%A0%E3%83%BC%E3%83%93%E3%83%BC%E3%83%97%E3%83%AD%E3%82%B8%E3%82%A7%E3%82%AF%E3%82%BF%E3%83%BC+100+%E3%82%A4%E3%83%B3%E3%83%81%E5%90%8C%E3%81%98%E3%82%B9%E3%82%AF%E3%83%AA%E3%83%BC%E3%83%B3%E6%8A%80%E8%A1%93%E3%83%9B%E3%83%BC%E3%83%A0%E3%82%B7%E3%82%A2%E3%82%BF%E3%83%BC%E3%83%93%E3%83%87%E3%82%AA%E3%83%97%E3%83%AC%E3%83%BC%E3%83%A4%E3%83%BC HTTP/1.1" 200 0 "-" "Mozilla/5.0 AppleWebKit/537.36 (KHTML, like Gecko; compatible; bingbot/2.0; +http://www.bing.com/bingbot.htm) Chrome/116.0.1938.76 Safari/537.36"
66.249.73.128 - - [29/Apr/2025:15:47:46 -0400] "GET /?o=5048220971102&channel=a3dc17&from=form.php%3Fid%3D209711-1816%26name%3D%E3%83%9B%E3%82%A4%E3%83%BC%E3%83%AB4%E6%9C%AC%E3%82%BB%E3%83%83%E3%83%88 HTTP/1.1" 200 53175 "-" "Mozilla/5.0 (Linux; Android 6.0.1; Nexus 5X Build/MMB29P) AppleWebKit/537.36 (KHTML, like Gecko) Chrome/135.0.7049.95 Mobile Safari/537.36 (compatible; Googlebot/2.1; +http://www.google.com/bot.html)"
66.249.73.129 - - [29/Apr/2025:15:48:09 -0400] "GET /?o=96500188828706&channel=807742&from=pin.php%3Fid%3D1888287-13762%26name%3D%E3%83%8F%E3%83%BC%E3%83%88%E7%87%AD%E5%8F%B0%E3%82%B7%E3%83%AA%E3%82%B3%E3%83%BC%E3%83%B3%E9%87%91%E5%9E%8B%E9%B3%A5%E9%8B%B3%E7%89%A9%E9%87%91%E5%9E%8B%E4%B8%AD%E7%A9%BA%E7%82%8E%E3%82%AD%E3%83%A3%E3%83%B3%E3%83%89%E3%83%AB%E3%83%9B%E3%83%AB%E3%83%80%E3%83%BC%E6%A8%B9%E8%84%82%E9%87%91%E5%9E%8B%E3%83%86%E3%83%BC%E3%83%96%E3%83%AB%E8%A3%85%E9%A3%BE%E7%94%A8 HTTP/1.1" 200 54021 "-" "Mozilla/5.0 (Linux; Android 6.0.1; Nexus 5X Build/MMB29P) AppleWebKit/537.36 (KHTML, like Gecko) Chrome/135.0.7049.114 Mobile Safari/537.36 (compatible; Googlebot/2.1; +http://www.google.com/bot.html)"
66.249.73.129 - - [29/Apr/2025:15:48:15 -0400] "GET /?o=27217171523902&channel=3c5dec&from=category-info.php%3Fid%3D1715239-27827%26name%3DLoyfreeyo+%E9%87%91%E5%B1%9E%E3%83%90%E3%83%83%E3%83%88+%E3%82%BD%E3%83%95%E3%83%88%E3%83%9C%E3%83%BC%E3%83%AB+3%E5%8F%B7+%E3%83%90%E3%83%83%E3%83%88+%E3%83%88%E3%83%AC%E3%83%BC%E3%83%8B%E3%83%B3%E3%82%B0%E3%83%90%E3%83%83%E3%83%88+%E8%BB%9F%E5%BC%8F%E3%83%90%E3%83%83%E3%83%88+%E5%B0%91%E5%B9%B4%E8%BB%9F%E5%BC%8F%E3%83%90%E3%83%83%E3%83%88+%E8%BB%9F%E5%BC%8F+%E3%82%BD%E3%83%95%E3%83%88%E3%83%9C%E3%83%BC%E3%83%AB+%E9%87%91%E5%B1%9E HTTP/1.1" 200 53887 "-" "Mozilla/5.0 (Linux; Android 6.0.1; Nexus 5X Build/MMB29P) AppleWebKit/537.36 (KHTML, like Gecko) Chrome/135.0.7049.95 Mobile Safari/537.36 (compatible; Googlebot/2.1; +http://www.google.com/bot.html)"
66.249.73.128 - - [29/Apr/2025:15:48:22 -0400] "GET /?o=02731127532601&channel=60dee2&from=goods.php%3Fid%3D1275326-11838%26name%3D%E3%82%B9%E3%83%88%E3%83%BC%E3%83%96%E3%81%AE%E3%81%9F%E3%82%81%E3%81%AE%E3%82%AF%E3%83%A9%E3%83%A0%E3%82%AD%E3%83%A3%E3%83%83%E3%83%81%E3%83%A3%E3%83%BC%E3%80%81%E3%82%B9%E3%83%88%E3%83%BC%E3%83%96%E3%81%AE%E9%9A%99%E9%96%93%E3%81%8C%E3%82%AB%E3%83%90%E3%83%BC%E3%81%95%E3%82%8C%E3%81%A6%E3%81%84%E3%81%BE%E3%81%99+%7C+%E3%82%B9%E3%83%88%E3%83%BC%E3%83%96%E5%81%B4%E3%81%AE%E9%9A%99%E9%96%93%E3%81%AF%E3%82%B9%E3%83%86%E3%83%B3%E3%83%AC%E3%82%B9%E9%8B%BC%E3%82%92%E5%AE%88%E3%82%8A%E3%81%BE%E3%81%99+%7C+%E3%83%AC%E3%83%B3%E3%82%B8%E3%81%A8%E3%82%AB HTTP/1.1" 200 52909 "-" "Mozilla/5.0 (Linux; Android 6.0.1; Nexus 5X Build/MMB29P) AppleWebKit/537.36 (KHTML, like Gecko) Chrome/135.0.7049.95 Mobile Safari/537.36 (compatible; Googlebot/2.1; +http://www.google.com/bot.html)"
52.167.144.162 - - [29/Apr/2025:15:48:31 -0400] "GET /?o=1409397466202&channel=20ef18&from=info.php%3Fid%3D974662-2854%26name%3D%3F%E5%AE%89%E5%BF%83%E3%81%AE%E5%8B%95%E4%BD%9C%E4%BF%9D%E8%A8%BC%E6%9C%89%3F%E3%83%91%E3%83%AD%E3%83%9E+%E3%82%AC%E3%82%B9%E3%83%86%E3%83%BC%E3%83%96%E3%83%AB+2022%E5%B9%B4%E8%A3%BD+%E2%91%A1+%E4%BF%9D%E8%A8%BC%E6%9C%89%E3%82%8A%E3%80%90%E6%84%9B%E5%8D%83130%E3%80%91 HTTP/1.1" 200 0 "-" "Mozilla/5.0 AppleWebKit/537.36 (KHTML, like Gecko; compatible; bingbot/2.0; +http://www.bing.com/bingbot.htm) Chrome/116.0.1938.76 Safari/537.36"
66.249.73.128 - - [29/Apr/2025:15:48:32 -0400] "GET /?o=9627933882202&channel=c2ded0&from=jp.php%3Fid%3D338822-10214%26name%3D%E3%83%91%E3%83%BC%E3%82%AD%E3%83%B3%E3%82%B0%E3%83%96%E3%83%AC%E3%83%BC%E3%82%AD+%E3%81%AB%E3%81%A8%E3%81%A3%E3%81%A6+X5+X6+F15+F16+F85+F86+%E3%83%91%E3%83%BC%E3%82%AD%E3%83%B3%E3%82%B0%E3%83%96%E3%83%AC%E3%83%BC%E3%82%AD%E3%83%A2%E3%82%B8%E3%83%A5%E3%83%BC%E3%83%AB%E3%83%91%E3%83%BC%E3%82%AD%E3%83%B3%E3%82%B0%E3%83%96%E3%83%AC%E3%83%BC%E3%82%AD%E3%82%A2%E3%82%AF%E3%83%81%E3%83%A5%E3%82%A8%E3%83%BC HTTP/1.1" 200 54837 "-" "Mozilla/5.0 (Linux; Android 6.0.1; Nexus 5X Build/MMB29P) AppleWebKit/537.36 (KHTML, like Gecko) Chrome/135.0.7049.95 Mobile Safari/537.36 (compatible; Googlebot/2.1; +http://www.google.com/bot.html)"
52.167.144.173 - - [29/Apr/2025:15:48:38 -0400] "GET /?o=27310147698400&channel=47bf26&from=info.php%3Fid%3D1476984-716%26name%3D%E3%83%97%E3%83%AD%E3%82%B8%E3%82%A7%E3%82%AF%E3%83%88%E3%83%9F%E3%83%A5%E3%83%BC+%E3%83%96%E3%83%AC%E3%83%BC%E3%82%AD%E3%83%AD%E3%83%BC%E3%82%BF%E3%83%BC+SCR-PRO+%E3%83%96%E3%83%A9%E3%83%83%E3%82%AF+%E5%89%8D%E5%BE%8C%E3%82%BB%E3%83%83%E3%83%88+86+%E3%83%8F%E3%83%81%E3%83%AD%E3%82%AF+ZN6+H24.4%E3%80%9C+GT%E4%BB%96+%E3%82%AA%E3%83%97%E3%82%B7%E3%83%A7%E3%83%B3Brembo%E3%82%AD%E3%83%A3%E3%83%AA%E3%83%91%E3%83%BC%E8%A3%85%E7%9D%80%E8%BB%8A HTTP/1.1" 200 0 "-" "Mozilla/5.0 AppleWebKit/537.36 (KHTML, like Gecko; compatible; bingbot/2.0; +http://www.bing.com/bingbot.htm) Chrome/116.0.1938.76 Safari/537.36"
207.46.13.116 - - [29/Apr/2025:15:48:42 -0400] "GET /?o=80523125212800&channel=00b58e&from=news.php%3Fid%3D1252128-3151%26name%3D%E7%89%A9%E7%BD%AE+%E5%8F%8E%E7%B4%8D%E5%BA%AB+%E5%B1%8B%E5%A4%96+%E5%B0%8F%E5%9E%8B+%E6%A3%9A%E6%9D%BF1%E6%9E%9A%E3%83%BB%E9%8D%B5%E4%BB%98%E3%81%8D%28%E5%B9%8589%C3%97%E5%A5%A5%E8%A1%8C47%C3%97%E9%AB%98%E3%81%9592cm%29%E3%83%A9%E3%82%A4%E3%83%88%E3%82%B0%E3%83%AC%E3%83%BC+%E3%82%B5%E3%83%93%E3%81%AB%E5%BC%B7%E3%81%84+%E8%AA%BF%E6%95%B4%E5%8F%AF%E8%83%BD%E3%81%AA%E5%8F%AF%E5%8B%95%E6%A3%9A+%5B%E4%B8%A6%E8%A1%8C%E8%BC%B8%E5%85%A5%E5%93%81 HTTP/1.1" 200 0 "-" "Mozilla/5.0 AppleWebKit/537.36 (KHTML, like Gecko; compatible; bingbot/2.0; +http://www.bing.com/bingbot.htm) Chrome/116.0.1938.76 Safari/537.36"
66.249.73.128 - - [29/Apr/2025:15:48:53 -0400] "GET /?o=8997793280802&channel=49d388&from=category-info.php%3Fid%3D932808-21104%26name%3D%E3%82%A2%E3%83%AB%E3%83%93%E3%82%AA%E3%83%B3+%E3%82%A8%E3%82%AF%E3%82%B7%E3%82%A2+AL+%E3%82%B3%E3%83%B3%E3%82%B7%E3%83%BC%E3%83%A9%E3%83%BC+%E3%83%91%E3%83%BC%E3%83%95%E3%82%A7%E3%82%AF%E3%83%88+02 HTTP/1.1" 200 53390 "-" "Mozilla/5.0 (Linux; Android 6.0.1; Nexus 5X Build/MMB29P) AppleWebKit/537.36 (KHTML, like Gecko) Chrome/135.0.7049.95 Mobile Safari/537.36 (compatible; Googlebot/2.1; +http://www.google.com/bot.html)"
66.249.73.128 - - [29/Apr/2025:15:49:11 -0400] "GET /?o=2987423387900&channel=e1083c&from=brands.php%3Fid%3D233879-2058%26name%3DMARNI+T%E3%82%B7%E3%83%A3%E3%83%84%E3%83%BB%E3%82%AB%E3%83%83%E3%83%88%E3%82%BD%E3%83%BC+50%28XL%E4%BD%8D%29+%E9%9D%92x%E7%99%BDx%E3%82%AA%E3%83%AC%E3%83%B3%E3%82%B8%E7%AD%89%28%E7%B7%8F%E6%9F%84%29+%E3%80%90%E5%8F%A4%E7%9D%80%E3%80%91%E3%80%90%E4%B8%AD%E5%8F%A4%E3%80%91 HTTP/1.1" 200 54611 "-" "Mozilla/5.0 (Linux; Android 6.0.1; Nexus 5X Build/MMB29P) AppleWebKit/537.36 (KHTML, like Gecko) Chrome/135.0.7049.95 Mobile Safari/537.36 (compatible; Googlebot/2.1; +http://www.google.com/bot.html)"
66.249.73.129 - - [29/Apr/2025:15:49:18 -0400] "GET /?o=50242156155200&channel=8afefb&from=jp.php%3Fid%3D1561552-349%26name%3D%E5%AE%89%E5%BF%83%E3%81%AE%E3%83%A1%E3%83%BC%E3%82%AB%E3%83%BC%E4%BF%9D%E8%A8%BC+%E3%83%91%E3%83%8A%E3%82%BD%E3%83%8B%E3%83%83%E3%82%AF+%E3%82%B7%E3%83%BC%E3%83%AA%E3%83%B3%E3%82%B0%E3%83%A9%E3%82%A4%E3%83%88+LGC30117+%E3%83%AA%E3%83%A2%E3%82%B3%E3%83%B3%E4%BB%98+LED+%E5%8F%97%E6%B3%A8%E7%94%9F%E7%94%A3%E5%93%81++%EF%BC%B4%E5%8C%BA%E5%88%86%E3%80%80+%E5%AE%9F%E7%B8%BE20%E5%B9%B4%E3%81%AE%E8%80%81%E8%88%97 HTTP/1.1" 200 55168 "-" "Mozilla/5.0 (Linux; Android 6.0.1; Nexus 5X Build/MMB29P) AppleWebKit/537.36 (KHTML, like Gecko) Chrome/135.0.7049.95 Mobile Safari/537.36 (compatible; Googlebot/2.1; +http://www.google.com/bot.html)"
66.249.73.128 - - [29/Apr/2025:15:49:23 -0400] "GET /?o=07375109227001&channel=a53acf&from=blog.php%3Fid%3D1092270-61%26name%3DXgirl%E3%82%B9%E3%82%BF%E3%82%B8%E3%83%A3%E3%83%B3 HTTP/1.1" 200 52326 "-" "Mozilla/5.0 (Linux; Android 6.0.1; Nexus 5X Build/MMB29P) AppleWebKit/537.36 (KHTML, like Gecko) Chrome/135.0.7049.95 Mobile Safari/537.36 (compatible; Googlebot/2.1; +http://www.google.com/bot.html)"
66.249.73.128 - - [29/Apr/2025:15:49:34 -0400] "GET /?o=8930535206202&channel=1bc017&from=blog.php%3Fid%3D352062-6860%26name%3DLexia+%E5%9C%A7%E5%8A%9B%E3%83%90%E3%83%A9%E3%83%B3%E3%82%B9%E3%82%B7%E3%83%A3%E3%83%AF%E3%83%BC%E5%B0%82%E7%94%A8%E3%83%88%E3%83%AA%E3%83%A0%E3%83%91%E3%83%83%E3%82%B1%E3%83%BC%E3%82%B8+%E3%83%AC%E3%82%A4%E3%83%B3%E3%82%B7%E3%83%A3%E3%83%AF%E3%83%BC%E3%83%98%E3%83%83%E3%83%89%E4%BB%98%E3%81%8D+-+%E3%83%A9%E3%83%95%E3%82%A4%E3%83%B3%E3%80%81%E3%83%96%E3%83%A9%E3%83%83%E3%82%B7%E3%83%A5%E3%83%89%E3%83%8B%E3%83%83%E3%82%B1%E3%83%AB HTTP/1.1" 200 54547 "-" "Mozilla/5.0 (Linux; Android 6.0.1; Nexus 5X Build/MMB29P) AppleWebKit/537.36 (KHTML, like Gecko) Chrome/135.0.7049.95 Mobile Safari/537.36 (compatible; Googlebot/2.1; +http://www.google.com/bot.html)"
66.249.73.128 - - [29/Apr/2025:15:49:42 -0400] "GET /?o=0786219464305&channel=22f350&from=article.php%3Fid%3D194643-2409%26name%3DHey%21+Say%21+JUMP+%E3%82%B0%E3%83%83%E3%82%BA%E3%81%BE%E3%81%A8%E3%82%81%E5%A3%B2%E3%82%8A%28+%E7%9F%A5%E5%BF%B5%E4%BE%91%E6%9D%8E%E3%80%80%E5%A4%9A%E3%82%81%29 HTTP/1.1" 200 53839 "-" "Mozilla/5.0 (Linux; Android 6.0.1; Nexus 5X Build/MMB29P) AppleWebKit/537.36 (KHTML, like Gecko) Chrome/135.0.7049.95 Mobile Safari/537.36 (compatible; Googlebot/2.1; +http://www.google.com/bot.html)"
52.167.144.202 - - [29/Apr/2025:15:49:43 -0400] "GET /?o=23389121039601&channel=ac1d8a&from=shared.php%3Fid%3D1210396-1648%26name%3DSpiceSeed+%E3%82%B9%E3%83%91%E3%82%A4%E3%82%B9%E3%82%B7%E3%83%BC%E3%83%89+%E3%82%AD%E3%83%B3%E8%82%89%E3%83%9E%E3%83%B3+2%E4%B8%96%E3%82%BB%E3%83%83%E3%83%88+%E3%82%AD%E3%83%B3%E8%82%89%E4%B8%87%E5%A4%AA%E9%83%8E+%E3%82%B1%E3%83%93%E3%83%B3%E3%83%9E%E3%82%B9%E3%82%AF+%E3%82%AD%E3%83%B3%E8%82%89%E3%83%9E%E3%83%B3%E3%82%B0%E3%83%AC%E3%83%BC%E3%83%88+%E5%85%A8%E3%81%A6%E5%8E%9F%E4%BD%9C%E3%82%AB%E3%83%A9%E3%83%BC+PVC+3%E4%BD%93%E3%82%BB%E3%83%83%E3%83%88%E3%81%A7%E3%81%99%E3%80%82 HTTP/1.1" 200 0 "-" "Mozilla/5.0 AppleWebKit/537.36 (KHTML, like Gecko; compatible; bingbot/2.0; +http://www.bing.com/bingbot.htm) Chrome/116.0.1938.76 Safari/537.36"
52.200.54.136 - - [29/Apr/2025:15:49:52 -0400] "GET /wp-includes__c454f3a/css/dist/preferences/?ND HTTP/1.1" 200 870 "-" "Mozilla/5.0 AppleWebKit/537.36 (KHTML, like Gecko; compatible; Amazonbot/0.1; +https://developer.amazon.com/support/amazonbot) Chrome/119.0.6045.214 Safari/537.36"
3.214.176.44 - - [29/Apr/2025:15:49:56 -0400] "GET /wp-includes__c454f3a/js/swfupload/?NA HTTP/1.1" 200 901 "-" "Mozilla/5.0 AppleWebKit/537.36 (KHTML, like Gecko; compatible; Amazonbot/0.1; +https://developer.amazon.com/support/amazonbot) Chrome/119.0.6045.214 Safari/537.36"
66.249.73.128 - - [29/Apr/2025:15:49:56 -0400] "GET /?o=27130161429405&channel=fd459c&from=blog.php%3Fid%3D1614294-1585%26name%3D%E6%96%B0%E5%93%81+%E3%82%B3%E3%83%BC%E3%83%81+COACH+%E3%82%B7%E3%83%A7%E3%83%AB%E3%83%80%E3%83%BC%E3%83%90%E3%83%83%E3%82%B0+%E3%83%90%E3%82%B1%E3%83%83%E3%83%88+%E3%83%90%E3%83%83%E3%82%B0+22+%E3%83%96%E3%83%A9%E3%83%83%E3%82%AF HTTP/1.1" 200 53143 "-" "Mozilla/5.0 (Linux; Android 6.0.1; Nexus 5X Build/MMB29P) AppleWebKit/537.36 (KHTML, like Gecko) Chrome/135.0.7049.95 Mobile Safari/537.36 (compatible; Googlebot/2.1; +http://www.google.com/bot.html)"
66.249.73.128 - - [29/Apr/2025:15:50:00 -0400] "GET /?o=7990674702606&channel=6d00c2&from=product.php%3Fid%3D747026-3362%26name%3D%E3%83%90%E3%82%B9%E3%82%BF%E3%83%96+%E9%A2%A8%E5%91%82+%E3%83%90%E3%82%B1%E3%83%83%E3%83%84+%E3%81%8A%E9%A2%A8%E5%91%82+SPA+%E5%A4%A7%E4%BA%BA+%E5%AD%90%E4%BE%9B+%E5%AE%B6%E5%BA%AD%E7%94%A8+%E6%B5%B4%E6%A7%BD+%E6%8A%98%E3%82%8A%E3%81%9F%E3%81%9F%E3%81%BF%E3%83%97%E3%83%BC%E3%83%AB+%E5%8F%8E%E7%B4%8D%E4%BE%BF%E5%88%A9+%E3%82%B3%E3%83%B3%E3%83%91%E3%82%AF%E3%83%88%E7%B0%A1%E6%98%93%E9%A2%A8%E5%91%82+%E7%B0%A1%E6%98%93%E3%83%90%E3%82%B9%E3%82%BF%E3%83%96+%E6%8A%98%E3%82%8A%E3%81%9F%E3%81%9F%E3%81%BF%E3%83%90%E3%82%B9%E3%82%BF%E3%83%96+%E7%9C%81%E3%82%B9%E3%83%9A%E3%83%BC%E3%82%B9 HTTP/1.1" 200 54376 "-" "Mozilla/5.0 (Linux; Android 6.0.1; Nexus 5X Build/MMB29P) AppleWebKit/537.36 (KHTML, like Gecko) Chrome/135.0.7049.114 Mobile Safari/537.36 (compatible; Googlebot/2.1; +http://www.google.com/bot.html)"
66.249.73.129 - - [29/Apr/2025:15:50:21 -0400] "GET /?o=2518256485400&channel=f43293&from=pin.php%3Fid%3D564854-18080%26name%3D%E3%83%8D%E3%83%83%E3%83%88%E3%83%95%E3%82%A9%E3%83%88%E3%83%95%E3%83%AC%E3%83%BC%E3%83%A0+10.1%E3%82%A4%E3%83%B3%E3%83%81%E3%83%87%E3%82%B8%E3%82%BF%E3%83%AB%E3%83%95%E3%82%A9%E3%83%88%E3%83%95%E3%83%AC%E3%83%BC%E3%83%A0+IPS%E6%B6%B2%E6%99%B6+%5BFrameo%5DAPP%E5%86%85%E8%94%B5+%E8%A4%87%E6%95%B0%E3%81%AE%E3%82%B9%E3%83%9E%E3%83%9B%E3%81%8B%E3%82%89%E5%86%99%E7%9C%9F%E5%8B%95%E7%94%BB%E5%85%B1%E6%9C%89%E8%BB%A2%E9%80%81DCFK1001 HTTP/1.1" 200 57714 "-" "Mozilla/5.0 (Linux; Android 6.0.1; Nexus 5X Build/MMB29P) AppleWebKit/537.36 (KHTML, like Gecko) Chrome/135.0.7049.114 Mobile Safari/537.36 (compatible; Googlebot/2.1; +http://www.google.com/bot.html)"
66.249.73.128 - - [29/Apr/2025:15:50:33 -0400] "GET /?o=7062248435801&channel=af44ee&from=jp.php%3Fid%3D484358-10553%26name%3D%E3%82%84%E3%81%AA%E3%81%9B%E3%81%9F%E3%81%8B%E3%81%97+%E5%82%98%E3%82%92%E6%8C%81%E3%81%A4%E5%A5%B3%E6%80%A7+%E7%BE%8E%E4%BA%BA%E7%94%BB+%E3%83%91%E3%82%B9%E3%83%86%E3%83%AB+%E3%82%B9%E3%82%B1%E3%83%83%E3%83%81+1966%E5%B9%B4+%E9%A1%8D%E8%A3%85+%E6%BC%AB%E7%94%BB%E5%AE%B6+%E7%B5%B5%E6%9C%AC%E4%BD%9C%E5%AE%B6+%E3%82%A2%E3%83%B3%E3%83%91%E3%83%B3%E3%83%9E%E3%83%B3%E3%81%AE%E7%94%9F%E3%81%BF%E3%81%AE%E8%A6%AA+OK3863 HTTP/1.1" 200 54651 "-" "Mozilla/5.0 (Linux; Android 6.0.1; Nexus 5X Build/MMB29P) AppleWebKit/537.36 (KHTML, like Gecko) Chrome/135.0.7049.95 Mobile Safari/537.36 (compatible; Googlebot/2.1; +http://www.google.com/bot.html)"
66.249.73.128 - - [29/Apr/2025:15:50:53 -0400] "GET /?o=19287107224901&channel=1726e0&from=form.php%3Fid%3D1072249-11597%26name%3D%E3%83%87%E3%82%A4%E3%83%88%E3%83%8A%28Daytona%29+%E3%83%90%E3%82%A4%E3%82%AF%E7%94%A8+%E3%82%AD%E3%83%A3%E3%83%B3%E3%83%97+%E3%83%86%E3%83%BC%E3%83%96%E3%83%AB+%E9%80%A3%E7%B5%90%E5%8F%AF%E8%83%BD+%E3%82%BD%E3%83%AD%E3%81%A7%E3%82%82%E3%82%B0%E3%83%AB%E3%83%BC%E3%83%97%E3%81%A7%E3%82%82+%E3%83%95%E3%83%A9%E3%83%83%E3%83%88%E3%82%A2%E3%83%AB%E3%83%9F%E3%83%86%E3%83%BC%E3%83%96%E3%83%AB520+%E3%83%96%E3%83%A9%E3%83%83%E3%82%AF HTTP/1.1" 200 54941 "-" "Mozilla/5.0 (Linux; Android 6.0.1; Nexus 5X Build/MMB29P) AppleWebKit/537.36 (KHTML, like Gecko) Chrome/135.0.7049.95 Mobile Safari/537.36 (compatible; Googlebot/2.1; +http://www.google.com/bot.html)"
185.191.171.1 - - [29/Apr/2025:15:50:59 -0400] "GET /bocoran-togel-sgp-minggu-14-januari-2024/ HTTP/1.1" 200 0 "-" "Mozilla/5.0 (compatible; SemrushBot/7~bl; +http://www.semrush.com/bot.html)"
66.249.73.129 - - [29/Apr/2025:15:51:32 -0400] "GET /?o=5056397597011&channel=b34e50&from=shared.php%3Fid%3D975970-5845%26name%3D%E3%83%97%E3%83%A9%E3%83%81%E3%83%8A+%E3%83%AA%E3%83%B3%E3%82%B0+%E3%83%8F%E3%83%AF%E3%82%A4%E3%82%A2%E3%83%B3%E3%82%B8%E3%83%A5%E3%82%A8%E3%83%AA%E3%83%BC+%E5%88%BB%E5%8D%B0%E7%84%A1%E6%96%99+1%E5%8F%B7%E3%80%9C19%E5%8F%B7+%E5%B9%852mm+%E5%8E%9A%E3%81%BF1.1mm+%E3%83%97%E3%83%A9%E3%83%81%E3%83%8A950+PT950+%E7%99%BD%E9%87%91+%E3%83%94%E3%83%B3%E3%82%AD%E3%83%BC%E3%83%AA%E3%83%B3%E3%82%B0+%E7%B9%8A%E7%B4%B0+%E7%B4%B0%E8%BA%AB+%E5%B0%8F%E3%81%95%E3%81%84%E3%82%B5%E3%82%A4%E3%82%BA HTTP/1.1" 200 52400 "-" "Mozilla/5.0 (Linux; Android 6.0.1; Nexus 5X Build/MMB29P) AppleWebKit/537.36 (KHTML, like Gecko) Chrome/135.0.7049.95 Mobile Safari/537.36 (compatible; Googlebot/2.1; +http://www.google.com/bot.html)"
173.249.43.220 - - [29/Apr/2025:15:51:46 -0400] "GET /wp-content/themes/hello_dolly_v2.php HTTP/1.1" 200 0 "www.google.com" "Mozilla/5.0 (Linux; Android 7.0; SM-G892A Build/NRD90M; wv) AppleWebKit/537.36 (KHTML, like Gecko) Version/4.0 Chrome/60.0.3112.107 Mobile Safari/537.36"
66.249.73.129 - - [29/Apr/2025:15:51:55 -0400] "GET /?o=3052684477400&channel=ac0c99&from=category-info.php%3Fid%3D844774-2398%26name%3D%E5%8F%8D%E7%89%A9%E2%97%87%E8%89%B2%E7%84%A1%E5%9C%B0%E7%9D%80%E5%B0%BA%E3%80%80%E6%AD%A3%E7%B5%B9%E2%97%86%E5%85%AB%E6%8E%9B%E4%BB%98%E3%80%90%E4%B8%B9%E5%BE%8C%E3%81%A1%E3%82%8A%E3%82%81%E3%82%93%E3%80%91%E8%96%84%E3%82%AF%E3%83%AA%E3%83%BC%E3%83%A0%E3%83%99%E3%83%BC%E3%82%B8%E3%83%A5%E8%89%B2%E2%97%86%E5%B7%BE%E7%B4%8436.5cm HTTP/1.1" 200 55930 "-" "Mozilla/5.0 (Linux; Android 6.0.1; Nexus 5X Build/MMB29P) AppleWebKit/537.36 (KHTML, like Gecko) Chrome/135.0.7049.95 Mobile Safari/537.36 (compatible; Googlebot/2.1; +http://www.google.com/bot.html)"
66.249.73.129 - - [29/Apr/2025:15:51:56 -0400] "GET /?o=07525160428307&channel=480fb3&from=article.php%3Fid%3D1604283-3778%26name%3D%E3%80%90%E5%85%88%E7%9D%80100%E5%90%8D%EF%BC%81%E3%82%AF%E3%83%BC%E3%83%9D%E3%83%B3%E3%81%A73%2C000%E5%86%86%E5%BC%95%E3%81%8D%E5%AF%BE%E8%B1%A1%E3%80%91%E9%9B%9B%E4%BA%BA%E5%BD%A2+%E7%A6%8F%E4%BB%99+%E8%A6%AA%E7%8E%8B%E5%8F%8E%E7%B4%8D%E9%A3%BE%E3%82%8A%E3%80%8C%E3%81%84%E3%82%8D%E3%81%AF%E9%9B%9B+%E3%81%BE%E3%81%A9%E3%81%8B%E3%80%8D+%E3%81%B2%E3%81%AA%E4%BA%BA%E5%BD%A2+4532365173052+%E3%82%A4%E3%82%AA%E3%83%B3%E9%99%90%E5%AE%9A%E7%89%B9%E5%85%B8%EF%BC%9A%E3%82%AA%E3%83%AB%E3%82%B4%E3%83%BC%E3%83%AB%E4%BB%98%E3%81%8D%E5%86%99%E7%9C%9F%E7%AB%8B%E3%81%A6+%E3%81%8B%E3%82%8F%E3%81%84%E3%81%84+%E3%81%8A%E3%81%97%E3%82%83%E3%82%8C HTTP/1.1" 200 55954 "-" "Mozilla/5.0 (Linux; Android 6.0.1; Nexus 5X Build/MMB29P) AppleWebKit/537.36 (KHTML, like Gecko) Chrome/135.0.7049.95 Mobile Safari/537.36 (compatible; Googlebot/2.1; +http://www.google.com/bot.html)"
52.167.144.173 - - [29/Apr/2025:15:51:59 -0400] "GET /?o=2889944340601&channel=d970e0&from=shop.php%3Fid%3D443406-16179%26name%3D%E8%BF%91%E6%B1%9F%E7%89%9B%E9%9B%8C%E7%89%9B%E3%83%A2%E3%83%A2%E8%82%89%E8%B5%A4%E8%BA%AB%E3%82%B9%E3%83%86%E3%83%BC%E3%82%AD200%EF%BD%87%E3%80%8C%E6%BE%A4%E4%BA%95%E5%A7%AB%E5%92%8C%E7%89%9B%E3%80%8DA4-A5%E3%83%A9%E3%83%B3%E3%82%AF+%EF%BC%A3%EF%BC%A1%EF%BC%B3%E5%86%B7%E5%87%8D HTTP/1.1" 200 0 "-" "Mozilla/5.0 AppleWebKit/537.36 (KHTML, like Gecko; compatible; bingbot/2.0; +http://www.bing.com/bingbot.htm) Chrome/116.0.1938.76 Safari/537.36"
66.249.73.130 - - [29/Apr/2025:15:52:09 -0400] "GET /?o=1037187519202&channel=42dc97&from=category-info.php%3Fid%3D875192-2065%26name%3D%E3%83%AC%E3%82%A4%E3%82%BA+A+LAP-J+2324+LIMITED++%E3%83%96%E3%83%A9%E3%83%83%E3%82%AF+16%C3%976.0J-05+5H+139.7+1%E6%9C%AC+%3Cbr%3E%5B%E3%82%B8%E3%83%A0%E3%83%8B%E3%83%BC%E3%82%B7%E3%82%A8%E3%83%A9+JB74W%5D+%3Cbr%3ERAYS+A+LAP-J+2324+LIMITED+EDITION%3Cbr%3E%28%E3%82%A8%E3%83%BC%E3%83%A9%E3%83%83%E3%83%97J+2324+%E3%83%AA%E3%83%9F%E3%83%86%E3%83%83%E3%83%89%E3%82%A8%E3%83%87%E3%82%A3%E3%82%B7%E3%83%A7%E3%83%B3%29+%3Cbr%3E%E3%83%9E%E3%83%83%E3%83%88%E3%83%88%E3%83%A9%E3%83%B3%E3%82%B9%E3%83%AB%E3%83%BC%E3%82%BB%E3%83%B3%E3%83%88%E3%83%96%E3%83%A9%E3%83%83%E3%82%AF%28PH%29 HTTP/1.1" 200 56482 "-" "Mozilla/5.0 (Linux; Android 6.0.1; Nexus 5X Build/MMB29P) AppleWebKit/537.36 (KHTML, like Gecko) Chrome/135.0.7049.95 Mobile Safari/537.36 (compatible; Googlebot/2.1; +http://www.google.com/bot.html)"
66.249.73.128 - - [29/Apr/2025:15:52:24 -0400] "GET /?o=5284851616201&channel=d6ce29&from=blog.php%3Fid%3D516162-5545%26name%3DGRINDLODGE%E3%80%80%E3%82%B0%E3%83%A9%E3%82%A4%E3%83%B3%E3%83%89%E3%83%AD%E3%83%83%E3%82%B8%E3%80%80%E3%82%B9%E3%83%84%E3%83%BC%E3%83%AB HTTP/1.1" 200 52886 "-" "Mozilla/5.0 (Linux; Android 6.0.1; Nexus 5X Build/MMB29P) AppleWebKit/537.36 (KHTML, like Gecko) Chrome/135.0.7049.95 Mobile Safari/537.36 (compatible; Googlebot/2.1; +http://www.google.com/bot.html)"
66.249.73.128 - - [29/Apr/2025:15:52:26 -0400] "GET /?o=10273184405300&channel=3de43e&from=shop.php%3Fid%3D1844053-19275%26name%3D%E3%82%AB%E3%83%A1%E3%83%A9+11.1V+7800mAh+9+%E3%82%BB%E3%83%AB+%E3%83%AA%E3%83%81%E3%82%A6%E3%83%A0%E3%82%A4%E3%82%AA%E3%83%B3+18650+86.58Wh+%E5%85%85%E9%9B%BB%E5%BC%8F%E3%83%90%E3%83%83%E3%83%86%E3%83%AA%E3%83%BC%E3%83%91%E3%83%83%E3%82%AF+2+%E3%83%94%E3%83%B3+MTA- HTTP/1.1" 200 53860 "-" "Mozilla/5.0 (Linux; Android 6.0.1; Nexus 5X Build/MMB29P) AppleWebKit/537.36 (KHTML, like Gecko) Chrome/135.0.7049.95 Mobile Safari/537.36 (compatible; Googlebot/2.1; +http://www.google.com/bot.html)"
66.249.73.128 - - [29/Apr/2025:15:52:32 -0400] "GET /?o=4491025856100&channel=866ca5&from=pin.php%3Fid%3D258561-7498%26name%3DAmpco+%E5%AE%89%E5%85%A8%E5%B7%A5%E5%85%B7+0872+%E3%83%AC%E3%83%B3%E3%83%81+%E3%83%80%E3%83%96%E3%83%AB%E3%83%9C%E3%83%83%E3%82%AF%E3%82%B9+%E3%82%B9%E3%83%88%E3%83%AC%E3%83%BC%E3%83%88%E3%82%BF%E3%82%A4%E3%83%97+%E7%81%AB%E8%8A%B1%E3%81%AA%E3%81%97+%E9%9D%9E%E7%A3%81%E6%80%A7+%E8%80%90%E8%85%90%E9%A3%9F%E6%80%A7+9%2F16%E3%82%A4%E3%83%B3%E3%83%81+x+11%2F16 HTTP/1.1" 200 53781 "-" "Mozilla/5.0 (Linux; Android 6.0.1; Nexus 5X Build/MMB29P) AppleWebKit/537.36 (KHTML, like Gecko) Chrome/135.0.7049.95 Mobile Safari/537.36 (compatible; Googlebot/2.1; +http://www.google.com/bot.html)"
