66.249.73.128 - - [29/Apr/2025:10:52:51 -0400] "GET /?o=62692169479404&channel=7b6451&from=goods.php%3Fid%3D1694794-13730%26name%3D%E5%B4%A9%E5%A3%8A%E3%82%B9%E3%82%BF%E3%83%BC%E3%83%AC%E3%82%A4%E3%83%AB+%E9%BB%84%E6%B3%89+%E3%82%B8%E3%82%B0%E3%82%BD%E3%83%BC%E3%83%91%E3%82%BA%E3%83%AB+300%2F500%2F1000%E3%83%94%E3%83%BC%E3%82%B9+%E6%9C%A8%E8%A3%BD%E3%82%A2%E3%83%8B%E3%83%A1%E3%82%B8%E3%82%B0%E3%82%BD%E3%83%BC%E3%83%91%E3%82%BA%E3%83%AB+%E5%A4%A7%E4%BA%BA%E3%81%A8%E5%AD%90%E4%BE%9B%E3%81%9F%E3%81%A1%E3%81%B8%E3%81%AE%E3%83%97%E3%83%AC%E3%82%BC%E3%83%B3%E3%83%88%E6%89%8B%E4%BD%9C%E3%82%8A HTTP/1.1" 200 53165 "-" "Mozilla/5.0 (Linux; Android 6.0.1; Nexus 5X Build/MMB29P) AppleWebKit/537.36 (KHTML, like Gecko) Chrome/135.0.7049.95 Mobile Safari/537.36 (compatible; Googlebot/2.1; +http://www.google.com/bot.html)"
66.249.73.128 - - [29/Apr/2025:10:52:52 -0400] "GET /?o=5960938839401&channel=d273a1&from=news.php%3Fid%3D388394-4054%26name%3D%E5%BA%97%E9%95%B7%E6%9C%AC%E6%B0%97%E3%81%AE%E3%80%8C2025+%E8%90%8C%E8%8A%BD%E3%81%AE%E7%A6%8F%E8%A2%8B%E3%80%8D%E3%81%8A%E5%BE%97%E3%81%AB%E5%85%A86%E5%95%86%E5%93%81%E3%82%92%E3%81%8A%E8%A9%B0%E3%82%81%E3%81%97%E3%81%BE%E3%81%97%E3%81%9F%EF%BC%81%E6%95%B0%E9%87%8F%E9%99%90%E5%AE%9A300%E3%82%BB%E3%83%83%E3%83%88%EF%BC%81 HTTP/1.1" 200 55262 "-" "Mozilla/5.0 (Linux; Android 6.0.1; Nexus 5X Build/MMB29P) AppleWebKit/537.36 (KHTML, like Gecko) Chrome/135.0.7049.95 Mobile Safari/537.36 (compatible; Googlebot/2.1; +http://www.google.com/bot.html)"
66.249.73.128 - - [29/Apr/2025:10:52:58 -0400] "GET /?o=1259066161606&channel=e0fcb5&from=product.php%3Fid%3D661616-19264%26name%3D%E3%82%A4%E3%83%B3%E3%83%95%E3%83%AC%E3%83%BC%E3%82%BF%E3%83%96%E3%83%AB+%E3%83%89%E3%83%AA%E3%83%B3%E3%82%AF+%E3%83%9B%E3%83%AB%E3%83%80%E3%83%BC+%7C+8+%E7%A8%AE%E9%A1%9E%E3%81%AE%E3%83%91%E3%82%BF%E3%83%BC%E3%83%B3+%E3%83%9B%E3%83%AB%E3%83%80%E3%83%BC+%E3%82%A4%E3%83%B3%E3%83%95%E3%83%AC%E3%83%BC%E3%82%BF%E3%83%96%E3%83%AB+%E3%83%89%E3%83%AA%E3%83%B3%E3%82%AF+%E3%83%95%E3%83%AD%E3%83%BC%E3%83%88+%7C+%E3%83%95%E3%83%AD%E3%83%BC%E3%83%86%E3%82%A3%E3%83%B3%E3%82%B0+%E3%83%93 HTTP/1.1" 200 51913 "-" "Mozilla/5.0 (Linux; Android 6.0.1; Nexus 5X Build/MMB29P) AppleWebKit/537.36 (KHTML, like Gecko) Chrome/135.0.7049.95 Mobile Safari/537.36 (compatible; Googlebot/2.1; +http://www.google.com/bot.html)"
66.249.73.130 - - [29/Apr/2025:10:53:19 -0400] "GET /?o=9489169059900&channel=f8854a&from=product.php%3Fid%3D690599-19622%26name%3DToyvian+%E3%83%84%E3%82%A4%E3%82%B9%E3%83%88%E3%82%B7%E3%83%A5%E3%82%AC%E3%83%BC%E3%83%9E%E3%82%B7%E3%83%B3+%E5%8D%93%E4%B8%8A%E7%94%A8%E3%82%AD%E3%83%A3%E3%83%B3%E3%83%87%E3%82%A3%E3%83%BC%E3%83%87%E3%82%A3%E3%82%B9%E3%83%9A%E3%83%B3%E3%82%B5%E3%83%BC+%E3%82%AD%E3%83%A3%E3%83%B3%E3%83%87%E3%82%A3%E3%83%87%E3%82%A3%E3%82%B9%E3%83%9A%E3%83%B3%E3%82%B5%E3%83%BC%E3%82%AB%E3%82%A6%E3%83%B3%E3%82%BF%E3%83%BC%E3%83%88%E3%83%83%E3%83%97+%E8%87%AA%E8%B2%A9%E6%A9%9F+%E3%81%8A%E3%82%82%E3%81%A1%E3%82%83 HTTP/1.1" 200 56010 "-" "Mozilla/5.0 (Linux; Android 6.0.1; Nexus 5X Build/MMB29P) AppleWebKit/537.36 (KHTML, like Gecko) Chrome/135.0.7049.95 Mobile Safari/537.36 (compatible; Googlebot/2.1; +http://www.google.com/bot.html)"
40.77.167.136 - - [29/Apr/2025:10:54:00 -0400] "GET /?o=9094153180614&channel=d6767e&from=shop.php%3Fid%3D531806-1094%26name%3D%E6%96%B0%E7%9D%80%E5%95%86%E5%93%81%E9%99%90%E5%AE%9A65%EF%BC%85OFF%E3%81%A74354%E3%80%9C%E5%86%86%E2%98%86%E5%89%8D%E9%96%8B%E3%81%8D+%E3%82%B9%E3%83%BC%E3%83%84%E3%82%B1%E3%83%BC%E3%82%B9+%E3%82%AD%E3%83%A3%E3%83%AA%E3%83%BC%E3%82%B1%E3%83%BC%E3%82%B9+S%E3%82%B5%E3%82%A4%E3%82%BA+40L+%E3%82%AD%E3%83%A3%E3%83%AA%E3%83%BC%E3%83%90%E3%83%83%E3%82%B0+6%E3%82%AB%E3%83%A9%E3%83%BC%E9%81%B8%E3%81%B6+1-3%E6%97%A5%E7%94%A8+%E8%BB%BD%E9%87%8F%E8%A8%AD%E8%A8%88+360%E5%BA%A6%E5%9B%9E%E8%BB%A2+%E5%A4%A7%E5%AE%B9%E9%87%8F+%E3%83%95%E3%82%A1%E3%82%B9%E3%83%8A%E3%83%BC%E5%BC%8F+%E3%83%93%E3%82%B8%E3%83%8D%E3%82%B9+%E4%BF%AE%E5%AD%A6%E6%97%85%E8%A1%8C+%E6%B5%B7%E5%A4%96%E6%97%85%E8%A1%8C+GOTO%E3%83%88%E3%83%A9%E3%83%99%E3%83%AB+%E5%9B%BD%E5%86%85%E6%97%85%E8%A1%8C+%E5%B0%8F%E5%9E%8B+%E5%87%BA%E5%BC%B5+%E9%80%81%E6%96%99%E7%84%A1%E6%96%99+mzk-sc0005 HTTP/1.1" 200 0 "-" "Mozilla/5.0 AppleWebKit/537.36 (KHTML, like Gecko; compatible; bingbot/2.0; +http://www.bing.com/bingbot.htm) Chrome/116.0.1938.76 Safari/537.36"
122.8.185.202 - - [29/Apr/2025:10:54:17 -0400] "GET /tag/angka-main-87/ HTTP/1.1" 200 0 "-" "Mozilla/5.0 (Macintosh; Intel Mac OS X 10_15_7) AppleWebKit/537.36 (KHTML, like Gecko) Chrome/134.0.0.0 Safari/537.36"
66.249.73.130 - - [29/Apr/2025:10:54:20 -0400] "GET /?o=22205191737500&channel=6b29f6&from=jp.php%3Fid%3D1917375-28089%26name%3DColumbia+%E3%82%B3%E3%83%AD%E3%83%B3%E3%83%93%E3%82%A2+%E3%83%90%E3%83%83%E3%82%AF%E3%83%91%E3%83%83%E3%82%AF+%E3%83%87%E3%82%A4%E3%83%91%E3%83%83%E3%82%AF+20L+%E3%82%B0%E3%83%AA%E3%83%BC%E3%83%B3 HTTP/1.1" 200 54188 "-" "Mozilla/5.0 (Linux; Android 6.0.1; Nexus 5X Build/MMB29P) AppleWebKit/537.36 (KHTML, like Gecko) Chrome/135.0.7049.95 Mobile Safari/537.36 (compatible; Googlebot/2.1; +http://www.google.com/bot.html)"
122.8.185.202 - - [29/Apr/2025:10:54:23 -0400] "GET /tag/angka-main-87/b'https://bocorantogeljitu.co/tag/angka-main-87/' HTTP/1.1" 200 0 "https://bocorantogeljitu.co/tag/angka-main-87/" "Mozilla/5.0 (Macintosh; Intel Mac OS X 10_15_7) AppleWebKit/537.36 (KHTML, like Gecko) Chrome/134.0.0.0 Safari/537.36"
66.249.73.128 - - [29/Apr/2025:10:55:10 -0400] "GET /?o=9271023962304&channel=70cc78&from=blog.php%3Fid%3D239623-11902%26name%3DFumiya+Watanabe+%E6%B8%A1%E9%82%8A%E6%96%87%E7%9F%A2+%E6%9C%A8%E5%BD%AB%E4%BD%9C%E5%93%81 HTTP/1.1" 200 53858 "-" "Mozilla/5.0 (Linux; Android 6.0.1; Nexus 5X Build/MMB29P) AppleWebKit/537.36 (KHTML, like Gecko) Chrome/135.0.7049.95 Mobile Safari/537.36 (compatible; Googlebot/2.1; +http://www.google.com/bot.html)"
190.92.200.110 - - [29/Apr/2025:10:55:59 -0400] "GET /erek-erek/page/2/ HTTP/1.1" 200 0 "-" "Mozilla/5.0 (Macintosh; Intel Mac OS X 10_15_7) AppleWebKit/537.36 (KHTML, like Gecko) Chrome/134.0.0.0 Safari/537.36"
190.92.200.110 - - [29/Apr/2025:10:56:05 -0400] "GET /erek-erek/page/2/b'https://bocorantogeljitu.co/erek-erek/page/2/' HTTP/1.1" 200 0 "https://bocorantogeljitu.co/erek-erek/page/2/" "Mozilla/5.0 (Macintosh; Intel Mac OS X 10_15_7) AppleWebKit/537.36 (KHTML, like Gecko) Chrome/134.0.0.0 Safari/537.36"
66.249.73.129 - - [29/Apr/2025:10:56:11 -0400] "GET /?o=0411093346602&channel=19d741&from=shop.php%3Fid%3D933466-2892%26name%3D%E9%9D%92%E6%9C%A8%E5%88%83%E7%89%A9+%E5%A0%BA%E5%AD%9D%E8%A1%8C+%E3%82%A4%E3%83%8E%E3%83%83%E3%82%AF%E3%82%B9%E5%92%8C%E5%8C%85%E4%B8%81+%E8%BA%AB%E5%8D%B8%E5%87%BA%E5%88%83+21cm%E3%83%BB%E3%82%B5%E3%83%A4%E3%82%BB%E3%83%83%E3%83%88%EF%BC%88%E5%90%8D%E5%85%A5%E3%82%8C%E7%84%A1%E6%96%99%EF%BC%89%EF%BC%88%E9%80%81%E6%96%99%E7%84%A1%E6%96%99+%E4%BB%A3%E5%BC%95OK%EF%BC%89 HTTP/1.1" 200 54021 "-" "Mozilla/5.0 (Linux; Android 6.0.1; Nexus 5X Build/MMB29P) AppleWebKit/537.36 (KHTML, like Gecko) Chrome/135.0.7049.95 Mobile Safari/537.36 (compatible; Googlebot/2.1; +http://www.google.com/bot.html)"
66.249.73.128 - - [29/Apr/2025:10:57:13 -0400] "GET /?o=7274150971500&channel=d6a04b&from=blog.php%3Fid%3D509715-3%26name%3D%E3%80%90300%E5%80%8B%E9%99%90%E5%AE%9A%E5%93%81CS-32RGSP%E3%80%91Knot+%E3%82%AF%E3%83%A9%E3%82%B7%E3%83%83%E3%82%AF%E3%83%AC%E3%83%87%E3%82%A3%E3%83%BC%E3%82%B9%E3%82%BD%E3%83%BC%E3%83%A9%E3%83%BC%E8%85%95%E6%99%82%E8%A8%88 HTTP/1.1" 200 55870 "-" "Mozilla/5.0 (Linux; Android 6.0.1; Nexus 5X Build/MMB29P) AppleWebKit/537.36 (KHTML, like Gecko) Chrome/135.0.7049.95 Mobile Safari/537.36 (compatible; Googlebot/2.1; +http://www.google.com/bot.html)"
66.249.73.128 - - [29/Apr/2025:10:58:02 -0400] "GET /?o=8114155098900&channel=7aa570&from=form.php%3Fid%3D550989-17851%26name%3DSixTONES+%E3%83%91%E3%83%B3%E3%83%95%E3%83%AC%E3%83%83%E3%83%88+%E3%82%BB%E3%83%83%E3%83%88+C HTTP/1.1" 200 54366 "-" "Mozilla/5.0 (Linux; Android 6.0.1; Nexus 5X Build/MMB29P) AppleWebKit/537.36 (KHTML, like Gecko) Chrome/135.0.7049.95 Mobile Safari/537.36 (compatible; Googlebot/2.1; +http://www.google.com/bot.html)"
52.167.144.204 - - [29/Apr/2025:10:58:17 -0400] "GET /wp-includes__c454f3a/sodium_compat/src/Core/Poly1305/?MA HTTP/1.1" 200 667 "-" "Mozilla/5.0 AppleWebKit/537.36 (KHTML, like Gecko; compatible; bingbot/2.0; +http://www.bing.com/bingbot.htm) Chrome/116.0.1938.76 Safari/537.36"
66.249.73.128 - - [29/Apr/2025:10:59:24 -0400] "GET /?o=314281571700&channel=d4b16e&from=product.php%3Fid%3D15717-1895%26name%3DStera+Sheen+-+%E9%A3%9F%E5%93%81%E3%81%AB%E5%AE%89%E5%85%A8%E3%81%AA%E6%A9%9F%E6%A2%B0%E6%BD%A4%E6%BB%91%E5%89%A4+-+%E9%AB%98%E8%80%90%E4%B9%85+%E9%AB%98%E6%80%A7%E8%83%BD+%E3%82%B5%E3%83%8B%E3%82%BF%E3%83%AA%E3%83%BC%E5%90%88%E6%88%90%E6%BD%A4%E6%BB%91%E5%89%A4+-+%E3%82%AF%E3%83%AA%E3%82%A2%E3%82%B8%E3%82%A7%E3%83%AB+%E7%84%A1%E8%87%AD+%E7%84%A1%E5%91%B3+-+4%E3%82%AA HTTP/1.1" 200 54882 "-" "Mozilla/5.0 (Linux; Android 6.0.1; Nexus 5X Build/MMB29P) AppleWebKit/537.36 (KHTML, like Gecko) Chrome/135.0.7049.95 Mobile Safari/537.36 (compatible; Googlebot/2.1; +http://www.google.com/bot.html)"
66.249.73.129 - - [29/Apr/2025:10:59:25 -0400] "GET /?o=09166128351209&channel=ec80d7&from=jp.php%3Fid%3D1283512-3736%26name%3DDAYTONA+%E5%BC%95%E3%81%8D%E8%90%BD%E3%81%A8%E3%81%97+%E3%83%87%E3%82%A4%E3%83%88%E3%83%8A+MC%E3%83%8F%E3%82%A6%E3%82%B91300%EF%BC%88%E8%BB%8A%E4%BD%931%E5%8F%B0%E5%88%86%EF%BC%89+31296 HTTP/1.1" 200 53658 "-" "Mozilla/5.0 (Linux; Android 6.0.1; Nexus 5X Build/MMB29P) AppleWebKit/537.36 (KHTML, like Gecko) Chrome/135.0.7049.95 Mobile Safari/537.36 (compatible; Googlebot/2.1; +http://www.google.com/bot.html)"
66.249.73.129 - - [29/Apr/2025:11:00:11 -0400] "GET /?o=72836177124402&channel=536ea7&from=brands.php%3Fid%3D1771244-10501%26name%3DSLP+WORKS+RCS+%E3%83%8F%E3%82%A4%E3%82%B0%E3%83%AA%E3%83%83%E3%83%97I%E5%9E%8B%E3%82%B7%E3%82%A7%E3%82%A4%E3%83%97%E3%83%95%E3%82%A3%E3%83%8D%E3%82%B9%E3%83%8E%E3%83%96 HTTP/1.1" 200 52831 "-" "Mozilla/5.0 (Linux; Android 6.0.1; Nexus 5X Build/MMB29P) AppleWebKit/537.36 (KHTML, like Gecko) Chrome/135.0.7049.95 Mobile Safari/537.36 (compatible; Googlebot/2.1; +http://www.google.com/bot.html)"
157.55.39.193 - - [29/Apr/2025:11:00:57 -0400] "GET /?o=27922198597500&channel=362441&from=pin.php%3Fid%3D1985975-9535%26name%3D%E3%82%A2%E3%82%B0%E3%83%AC%E3%83%83%E3%83%88+%E3%82%B4%E3%83%BC%E3%83%AB%E3%83%89+5%E5%80%8B%E3%80%80%E9%9D%B4%E3%81%B2%E3%82%82+%E3%82%AA%E3%82%B7%E3%83%A3%E3%83%AC%E3%81%AA%E3%82%B7%E3%83%A5%E3%83%BC%E3%83%AC%E3%83%BC%E3%82%B9%E9%87%91%E5%85%B7+%E2%AD%90%EF%B8%8Figr HTTP/1.1" 200 0 "-" "Mozilla/5.0 AppleWebKit/537.36 (KHTML, like Gecko; compatible; bingbot/2.0; +http://www.bing.com/bingbot.htm) Chrome/116.0.1938.76 Safari/537.36"
66.249.73.129 - - [29/Apr/2025:11:01:05 -0400] "GET /?o=0966948864301&channel=55808e&from=product.php%3Fid%3D488643-107%26name%3DAVIC-CW912III-DC+%E6%96%B0%E5%93%81+200mm%E3%83%AF%E3%82%A4%E3%83%89+%E3%83%8D%E3%83%83%E3%83%88%E3%83%AF%E3%83%BC%E3%82%AF%E3%82%B9%E3%83%86%E3%82%A3%E3%83%83%E3%82%AF%E3%82%BB%E3%83%83%E3%83%88+%E3%82%B5%E3%82%A4%E3%83%90%E3%83%BC%E3%83%8A%E3%83%93+%E7%84%A1%E6%96%99%E5%9C%B0%E5%9B%B3%E6%9B%B4%E6%96%B0+%E3%82%AB%E3%83%AD%E3%83%83%E3%83%84%E3%82%A7%E3%83%AA%E3%82%A2+Pioneer+%E3%82%AB%E3%83%BC%E3%83%8A%E3%83%93 HTTP/1.1" 200 54387 "-" "Mozilla/5.0 (Linux; Android 6.0.1; Nexus 5X Build/MMB29P) AppleWebKit/537.36 (KHTML, like Gecko) Chrome/135.0.7049.95 Mobile Safari/537.36 (compatible; Googlebot/2.1; +http://www.google.com/bot.html)"
52.167.144.204 - - [29/Apr/2025:11:01:28 -0400] "GET /?o=69830113469700&channel=1b56d2&from=jp.php%3Fid%3D1134697-7966%26name%3D%E3%80%90%E6%84%9B%E5%93%81%E9%A4%A8%E6%B1%9F%E6%88%B8%E5%B7%9D%E5%BA%97%E3%80%91%E6%9D%B1%E8%8A%9D%EF%BC%9A%E3%82%AA%E3%83%BC%E3%83%96%E3%83%B3%E3%83%AC%E3%83%B3%E3%82%B8%E3%80%8CER-PD7%E3%80%8D%EF%BC%882016%E5%B9%B4%E8%A3%BD%EF%BC%89+ID%EF%BC%9A133-024135-007 HTTP/1.1" 200 0 "-" "Mozilla/5.0 AppleWebKit/537.36 (KHTML, like Gecko; compatible; bingbot/2.0; +http://www.bing.com/bingbot.htm) Chrome/116.0.1938.76 Safari/537.36"
66.249.73.130 - - [29/Apr/2025:11:02:01 -0400] "GET /?o=60020109689901&channel=5f283f&from=article.php%3Fid%3D1096899-23144%26name%3D%E3%80%90%E8%B6%85%E7%BE%8E%E5%93%81%E3%80%91Canon+EF-S18-200mm+IS+%E3%83%95%E3%83%BC%E3%83%89%E3%83%BB%E3%83%97%E3%83%AD%E3%83%86%E3%82%AF%E3%82%BF%E4%BB%98%E5%B1%9E%E3%80%90%E5%8D%B3%E6%88%A6%E5%8A%9B%E3%80%91 HTTP/1.1" 200 55298 "-" "Mozilla/5.0 (Linux; Android 6.0.1; Nexus 5X Build/MMB29P) AppleWebKit/537.36 (KHTML, like Gecko) Chrome/135.0.7049.95 Mobile Safari/537.36 (compatible; Googlebot/2.1; +http://www.google.com/bot.html)"
66.249.73.128 - - [29/Apr/2025:11:02:37 -0400] "GET /?o=1310726649207&channel=c38c8f&from=article.php%3Fid%3D266492-1015%26name%3D%E5%8F%A4%E7%9D%80+90%27S+%E3%83%90%E3%83%96%E3%82%A2%E3%83%BC+Barbour+BEAUFORT+%E3%83%93%E3%83%A5%E3%83%BC%E3%83%95%E3%82%A9%E3%83%BC%E3%83%88+%E6%97%A73%E3%83%AF%E3%83%A9%E3%83%B3%E3%83%88+%E3%82%AA%E3%82%A4%E3%83%AB%E3%83%89+%E3%83%8F%E3%83%B3%E3%83%86%E3%82%A3%E3%83%B3%E3%82%B0%E3%82%B8%E3%83%A3%E3%82%B1%E3%83%83%E3%83%88+%E8%8B%B1%E5%9B%BD%E8%A3%BD+C46+%E3%83%A1%E3%83%B3%E3%82%BAXL+%2Feaa372649+%E3%80%90%E4%B8%AD%E5%8F%A4%E3%80%91%E3%80%90K1102%E3%80%91+%E3%80%90231104%E3%80%91+ss2501_10 HTTP/1.1" 200 55451 "-" "Mozilla/5.0 (Linux; Android 6.0.1; Nexus 5X Build/MMB29P) AppleWebKit/537.36 (KHTML, like Gecko) Chrome/135.0.7049.95 Mobile Safari/537.36 (compatible; Googlebot/2.1; +http://www.google.com/bot.html)"
66.249.73.129 - - [29/Apr/2025:11:02:38 -0400] "GET /?o=302221551406&channel=bde927&from=blog.php%3Fid%3D15514-1857%26name%3D%E7%BE%8E%E5%93%81+DX+%E3%83%90%E3%82%B0%E3%83%AB%E3%83%89%E3%83%A9%E3%82%A4%E3%83%90%E3%83%BC+%E3%83%87%E3%83%B3%E3%82%B8%E3%83%A3%E3%83%A9%E3%82%B9%E3%82%BE%E3%83%B3%E3%83%93+%E3%82%AC%E3%82%B7%E3%83%A3%E3%83%83%E3%83%88+%E3%82%BB%E3%83%83%E3%83%88+%E3%82%A8%E3%82%B0%E3%82%BC%E3%82%A4%E3%83%89+%E3%82%B2%E3%83%BC%E3%83%9E%E3%83%89%E3%83%A9%E3%82%A4%E3%83%90%E3%83%BC+%E5%A4%89%E8%BA%AB%E3%83%99%E3%83%AB%E3%83%88+%E3%81%8A%E3%82%82%E3%81%A1%E3%82%83+%E4%BB%AE%E9%9D%A2%E3%83%A9%E3%82%A4%E3%83%80%E3%83%BC+%E3%83%93%E3%83%AB%E3%83%89 HTTP/1.1" 200 54302 "-" "Mozilla/5.0 (Linux; Android 6.0.1; Nexus 5X Build/MMB29P) AppleWebKit/537.36 (KHTML, like Gecko) Chrome/135.0.7049.95 Mobile Safari/537.36 (compatible; Googlebot/2.1; +http://www.google.com/bot.html)"
52.167.144.22 - - [29/Apr/2025:11:02:51 -0400] "GET /wp-includes__c454f3a/SimplePie/library/?MA HTTP/1.1" 200 705 "-" "Mozilla/5.0 AppleWebKit/537.36 (KHTML, like Gecko; compatible; bingbot/2.0; +http://www.bing.com/bingbot.htm) Chrome/116.0.1938.76 Safari/537.36"
66.249.73.128 - - [29/Apr/2025:11:02:51 -0400] "GET /?o=00874132585703&channel=1f9ec1&from=shop.php%3Fid%3D1325857-1844%26name%3DLAILE+%E3%83%AC%E3%82%A4%E3%83%AB+%E3%82%A4%E3%83%B3%E3%83%86%E3%83%BC%E3%82%AF%E3%82%AD%E3%83%83%E3%83%88+GR%E3%83%A4%E3%83%AA%E3%82%B9+GXPA16+2020%2F09%E3%80%9C HTTP/1.1" 200 53823 "-" "Mozilla/5.0 (Linux; Android 6.0.1; Nexus 5X Build/MMB29P) AppleWebKit/537.36 (KHTML, like Gecko) Chrome/135.0.7049.95 Mobile Safari/537.36 (compatible; Googlebot/2.1; +http://www.google.com/bot.html)"
207.46.13.124 - - [29/Apr/2025:11:03:34 -0400] "GET /?o=39478173684303&channel=70a539&from=news.php%3Fid%3D1736843-6552%26name%3D%E6%BA%B6%E6%8E%A5%E3%82%8D%E3%81%86%E4%BB%98%E3%81%91%E8%A3%9C%E4%BF%AE+10+%E5%80%8B%E3%82%A2%E3%83%AB%E3%82%B4%E3%83%B3%E3%82%A2%E3%83%BC%E3%82%AF%E6%BA%B6%E6%8E%A5%E3%82%BF%E3%83%B3%E3%82%B0%E3%82%B9%E3%83%86%E3%83%B3%E9%87%9D%2F%E3%83%AD%E3%83%83%E3%83%89%E3%82%BF%E3%83%B3%E3%82%B0%E3%82%B9%E3%83%86%E3%83%B3%E9%9B%BB%E6%A5%B5+1.0%2F1.6%2F2.0%2F2.4%2F3.0%2F3.2%2F HTTP/1.1" 200 0 "-" "Mozilla/5.0 AppleWebKit/537.36 (KHTML, like Gecko; compatible; bingbot/2.0; +http://www.bing.com/bingbot.htm) Chrome/116.0.1938.76 Safari/537.36"
66.249.73.130 - - [29/Apr/2025:11:03:49 -0400] "GET /?o=92038155737807&channel=8d672e&from=blog.php%3Fid%3D1557378-1515%26name%3D10oz%E3%83%87%E3%83%8B%E3%83%A0+PW%E3%82%A4%E3%83%BC%E3%82%B8%E3%83%BC%E3%83%91%E3%83%B3%E3%83%84 HTTP/1.1" 200 54429 "-" "Mozilla/5.0 (Linux; Android 6.0.1; Nexus 5X Build/MMB29P) AppleWebKit/537.36 (KHTML, like Gecko) Chrome/135.0.7049.95 Mobile Safari/537.36 (compatible; Googlebot/2.1; +http://www.google.com/bot.html)"
66.249.73.128 - - [29/Apr/2025:11:04:45 -0400] "GET /?o=1091034420804&channel=339b94&from=blog.php%3Fid%3D344208-9177%26name%3D%E3%83%9D%E3%83%BC%E3%82%BF%E3%83%96%E3%83%AB+%E3%83%9B%E3%83%BC%E3%82%B9+%E3%83%91%E3%82%A4%E3%83%97+%E3%83%AA%E3%83%BC%E3%83%AB%E3%80%81%E3%82%AC%E3%83%BC%E3%83%87%E3%83%B3+%E3%83%9B%E3%83%BC%E3%82%B9+%E3%83%AA%E3%83%BC%E3%83%AB+%E3%82%AB%E3%83%BC%E3%83%88+%E3%83%9B%E3%83%BC%E3%82%B9%E4%BB%98%E3%81%8D+%E9%A0%91%E4%B8%88%E3%81%AA%E3%83%9B%E3%83%BC%E3%82%B9+%E3%83%9B%E3%83%AB%E3%83%80%E3%83%BC+%E5%BA%AD%E3%81%AE%E6%B0%B4%E3%82%84%E3%82%8A%E3%80%81%E5%BA%AD%E5%9C%92%E3%80%81%E8%8A%9D%E7%94%9F%E3%80%81%E6%AD%A9 HTTP/1.1" 200 53714 "-" "Mozilla/5.0 (Linux; Android 6.0.1; Nexus 5X Build/MMB29P) AppleWebKit/537.36 (KHTML, like Gecko) Chrome/135.0.7049.95 Mobile Safari/537.36 (compatible; Googlebot/2.1; +http://www.google.com/bot.html)"
66.249.73.128 - - [29/Apr/2025:11:05:07 -0400] "GET /?o=39892187242511&channel=94ebcd&from=news.php%3Fid%3D1872425-9883%26name%3D%E3%83%A8%E3%83%8D%E3%83%83%E3%82%AF%E3%82%B9%E3%80%80YONEX%E3%80%80L%E3%82%B5%E3%82%A4%E3%82%BA%E3%80%80%E3%83%9D%E3%83%AD%E3%82%B7%E3%83%A3%E3%83%84%E3%80%80%E3%83%86%E3%83%8B%E3%82%B9+%E6%97%A9%E6%80%A5 HTTP/1.1" 200 53196 "-" "Mozilla/5.0 (Linux; Android 6.0.1; Nexus 5X Build/MMB29P) AppleWebKit/537.36 (KHTML, like Gecko) Chrome/135.0.7049.95 Mobile Safari/537.36 (compatible; Googlebot/2.1; +http://www.google.com/bot.html)"
40.77.167.56 - - [29/Apr/2025:11:05:23 -0400] "GET /?o=73972137961501&channel=915b9e&from=pin.php%3Fid%3D1379615-3717%26name%3D200%E7%B3%BB%E3%83%8F%E3%82%A4%E3%82%A8%E3%83%BC%E3%82%B9%E3%80%80%E3%83%93%E3%83%AB%E3%82%B7%E3%83%A5%E3%82%BF%E3%82%A4%E3%83%B3%E3%80%80BILSTEIN++%E3%82%B7%E3%83%A7%E3%83%83%E3%82%AF%E3%80%80%EF%BC%91%E5%8F%B0%E5%88%86 HTTP/1.1" 200 0 "-" "Mozilla/5.0 AppleWebKit/537.36 (KHTML, like Gecko; compatible; bingbot/2.0; +http://www.bing.com/bingbot.htm) Chrome/116.0.1938.76 Safari/537.36"
52.167.144.204 - - [29/Apr/2025:11:05:28 -0400] "GET /?o=48274133810909&channel=9978e8&from=info.php%3Fid%3D1338109-24791%26name%3D%E3%83%99%E3%83%93%E3%83%BC%E3%83%99%E3%83%83%E3%83%89+%E3%82%86%E3%82%8A%E3%81%8B%E3%81%94+%E6%8A%98%E3%82%8A%E3%81%9F%E3%81%9F%E3%81%BF+%E3%82%AD%E3%83%A3%E3%82%B9%E3%82%BF%E3%83%BC%E4%BB%98%E3%81%8D+%E7%B5%84%E3%81%BF%E7%AB%8B%E3%81%A6%E4%B8%8D%E8%A6%81+%E3%83%99%E3%83%93%E3%83%BC+%E6%96%B0%E7%94%9F%E5%85%90 HTTP/1.1" 200 0 "-" "Mozilla/5.0 AppleWebKit/537.36 (KHTML, like Gecko; compatible; bingbot/2.0; +http://www.bing.com/bingbot.htm) Chrome/116.0.1938.76 Safari/537.36"
66.249.73.128 - - [29/Apr/2025:11:06:34 -0400] "GET /?o=9117224820606&channel=e1083c&from=shop.php%3Fid%3D248206-2058%26name%3D%E3%82%B8%E3%83%96%E3%83%AA+%E3%82%A2%E3%83%8B%E3%83%A1%E3%80%90%E5%8D%83%E3%81%A8%E5%8D%83%E5%B0%8B%E3%81%AE%E7%A5%9E%E9%9A%A0%E3%81%97%E3%80%91+T%E3%82%B7%E3%83%A3%E3%83%84+%E4%B8%A1%E9%9D%A2%E3%83%97%E3%83%AA%E3%83%B3%E3%83%88+%E3%82%B5%E3%82%A4%E3%82%BAL HTTP/1.1" 200 53358 "-" "Mozilla/5.0 (Linux; Android 6.0.1; Nexus 5X Build/MMB29P) AppleWebKit/537.36 (KHTML, like Gecko) Chrome/135.0.7049.95 Mobile Safari/537.36 (compatible; Googlebot/2.1; +http://www.google.com/bot.html)"
66.249.73.128 - - [29/Apr/2025:11:06:48 -0400] "GET /?o=25463130292401&channel=239c05&from=product.php%3Fid%3D1302924-5338%26name%3D%E3%82%A2%E3%83%8B%E3%83%A4%E3%83%8F%E3%82%A4%E3%83%B3%E3%83%89%E3%83%9E%E3%83%BC%E3%83%81+%E3%83%88%E3%83%BC%E3%83%88%E3%83%90%E3%83%83%E3%82%B0 HTTP/1.1" 200 53901 "-" "Mozilla/5.0 (Linux; Android 6.0.1; Nexus 5X Build/MMB29P) AppleWebKit/537.36 (KHTML, like Gecko) Chrome/135.0.7049.95 Mobile Safari/537.36 (compatible; Googlebot/2.1; +http://www.google.com/bot.html)"
66.249.73.130 - - [29/Apr/2025:11:07:26 -0400] "GET /?o=04377115965802&channel=d964a6&from=category-info.php%3Fid%3D1159658-17497%26name%3D%E3%83%AD%E3%82%A8%E3%83%99+A657T23X10+%E3%83%90%E3%83%83%E3%82%B0 HTTP/1.1" 200 54288 "-" "Mozilla/5.0 (Linux; Android 6.0.1; Nexus 5X Build/MMB29P) AppleWebKit/537.36 (KHTML, like Gecko) Chrome/135.0.7049.95 Mobile Safari/537.36 (compatible; Googlebot/2.1; +http://www.google.com/bot.html)"
77.75.76.160 - - [29/Apr/2025:11:08:01 -0400] "GET /tag/nomor-main-89/ HTTP/1.1" 200 0 "-" "Mozilla/5.0 (compatible; SeznamBot/4.0; +https://o-seznam.cz/napoveda/vyhledavani/en/seznambot-crawler/)"
66.249.73.129 - - [29/Apr/2025:11:08:26 -0400] "GET /?o=82825105767601&channel=59e1ed&from=form.php%3Fid%3D1057676-14049%26name%3D%E3%80%90%E4%B8%AD%E5%8F%A4%E3%80%91Nintendo+Switch+Lite+%E6%9C%AC%E4%BD%93+%E3%82%B3%E3%83%BC%E3%83%A9%E3%83%AB+HDH-S-PAZAA%E3%80%90%E5%A4%A7%E9%A0%88%E3%82%A2%E3%83%A1%E6%A8%AA%E3%80%91%E4%BF%9D%E8%A8%BC%E6%9C%9F%E9%96%93%EF%BC%91%E3%83%B6%E6%9C%88%E3%80%90%E3%83%A9%E3%83%B3%E3%82%AFA%E3%80%91 HTTP/1.1" 200 54469 "-" "Mozilla/5.0 (Linux; Android 6.0.1; Nexus 5X Build/MMB29P) AppleWebKit/537.36 (KHTML, like Gecko) Chrome/135.0.7049.95 Mobile Safari/537.36 (compatible; Googlebot/2.1; +http://www.google.com/bot.html)"
66.249.73.129 - - [29/Apr/2025:11:08:32 -0400] "GET /?o=06371105232800&channel=2ac54c&from=pin.php%3Fid%3D1052328-10253%26name%3D%E3%82%B9%E3%82%BA%E3%82%AD+%E3%82%B5%E3%83%A0%E3%83%A9%E3%82%A4+SJ410+GYPSY+%E3%83%96%E3%83%AC%E3%83%BC%E3%82%AD%E3%82%AD%E3%83%A3%E3%83%AA%E3%83%91%E3%83%BC+%E4%BF%AE%E7%90%86%E3%82%AD%E3%83%83%E3%83%88 HTTP/1.1" 200 52028 "-" "Mozilla/5.0 (Linux; Android 6.0.1; Nexus 5X Build/MMB29P) AppleWebKit/537.36 (KHTML, like Gecko) Chrome/135.0.7049.95 Mobile Safari/537.36 (compatible; Googlebot/2.1; +http://www.google.com/bot.html)"
77.75.76.160 - - [29/Apr/2025:11:08:57 -0400] "GET /tag/nomor-main-75/ HTTP/1.1" 200 0 "-" "Mozilla/5.0 (compatible; SeznamBot/4.0; +https://o-seznam.cz/napoveda/vyhledavani/en/seznambot-crawler/)"
66.249.73.128 - - [29/Apr/2025:11:09:18 -0400] "GET /?o=7993145410805&channel=73b683&from=form.php%3Fid%3D454108-2183%26name%3D%E3%83%90%E3%83%B3%E3%82%BA+VANS+%E3%82%B9%E3%83%8B%E3%83%BC%E3%82%AB%E3%83%BC+%E3%83%A1%E3%83%B3%E3%82%BA+%E7%94%B7%E6%80%A7%E7%94%A8+%E3%82%AA%E3%83%BC%E3%83%AB%E3%83%89%E3%82%B9%E3%82%AF%E3%83%BC%E3%83%AB+36+DX+Animal+Mix%2FBlack+%E3%82%A2%E3%83%8A%E3%83%8F%E3%82%A4%E3%83%A0+%E3%83%95%E3%82%A1%E3%82%AF%E3%83%88%E3%83%AA%E3%83%BC+%28+vans+VN0A54F396M+Old+Skool+36+DX+Anaheim+Factory+%E3%83%AD%E3%83%BC%E3%82%AB%E3%83%83%E3%83%88+SNEAKER+MENS%E3%83%BB%E9%9D%B4+%E3%82%B7%E3%83%A5%E3%83%BC%E3%82%BA+SHOES+%E3%83%B4%E3%82%A1%E3%83%B3%E3%82%BA+%29 HTTP/1.1" 200 55361 "-" "Mozilla/5.0 (Linux; Android 6.0.1; Nexus 5X Build/MMB29P) AppleWebKit/537.36 (KHTML, like Gecko) Chrome/135.0.7049.95 Mobile Safari/537.36 (compatible; Googlebot/2.1; +http://www.google.com/bot.html)"
13.250.132.236 - - [29/Apr/2025:11:09:44 -0400] "GET /wp-content/uploads/2023/12/BOCORAN-TOGEL-TOTO-MACAU-19.00-28-150x150.jpg HTTP/1.1" 200 0 "-" "python-requests/2.30.0"
66.249.73.130 - - [29/Apr/2025:11:10:22 -0400] "GET /?o=0277190639003&channel=25a64e&from=news.php%3Fid%3D906390-4974%26name%3Dmaisonmargiela%E3%83%A1%E3%82%BE%E3%83%B3%E3%83%9E%E3%83%AB%E3%82%B8%E3%82%A7%E3%83%A9%E8%B6%B3%E8%A2%8B%E3%82%B7%E3%83%A5%E3%83%BC%E3%82%BA%E3%83%9A%E3%82%A4%E3%83%B3%E3%83%88%E5%8A%A0%E5%B7%A538+%E3%83%92%E3%83%BC%E3%83%AB HTTP/1.1" 200 54449 "-" "Mozilla/5.0 (Linux; Android 6.0.1; Nexus 5X Build/MMB29P) AppleWebKit/537.36 (KHTML, like Gecko) Chrome/135.0.7049.95 Mobile Safari/537.36 (compatible; Googlebot/2.1; +http://www.google.com/bot.html)"
52.167.144.205 - - [29/Apr/2025:11:10:28 -0400] "GET /?o=6041698367901&channel=b6ddd3&from=brands.php%3Fid%3D983679-13259%26name%3D%E5%A4%A7%E4%BA%BA%E5%90%91%E3%81%91%E3%81%AE%E3%82%B7%E3%83%A5%E3%83%8E%E3%83%BC%E3%82%B1%E3%83%AB%E3%82%BB%E3%83%83%E3%83%88%E3%80%81%E3%83%80%E3%82%A4%E3%83%93%E3%83%B3%E3%82%B0%E3%83%9E%E3%82%B9%E3%82%AF%E3%80%81%E3%82%B7%E3%83%A5%E3%83%8E%E3%83%BC%E3%82%B1%E3%83%AB%2C%E3%82%B7%E3%83%A5%E3%83%8E%E3%83%BC%E3%82%B1%E3%83%AB%E3%82%BB%E3%83%83%E3%83%88%E3%82%B9%E3%82%A4%E3%83%A0%E3%82%B4%E3%83%BC%E3%82%B0%E3%83%AB%E3%83%80%E3%82%A4%E3%83%93%E3%83%B3%E3%82%B0%E3%83%9E%E3%82%B9%E3%82%AF+-+%E7%84%BC%E3%81%8D%E3%82%AC%E3%83%A9%E3%82%B9%E3%83%AC%E3%83%B3%E3%82%BA HTTP/1.1" 200 0 "-" "Mozilla/5.0 AppleWebKit/537.36 (KHTML, like Gecko; compatible; bingbot/2.0; +http://www.bing.com/bingbot.htm) Chrome/116.0.1938.76 Safari/537.36"
66.249.73.129 - - [29/Apr/2025:11:11:04 -0400] "GET /?o=28273142116204&channel=53eb20&from=shared.php%3Fid%3D1421162-18880%26name%3D%E3%80%90%E6%96%B0%E5%93%81%E6%9C%AA%E4%BD%BF%E7%94%A8%E3%80%915%278+CFO+Bonzer+%E3%82%AF%E3%83%AA%E3%82%B9%E3%82%AF%E3%83%AA%E3%82%B9%E3%83%86%E3%83%B3%E3%82%BD%E3%83%B3+%E3%82%B5%E3%83%BC%E3%83%95%E3%83%9C%E3%83%BC%E3%83%89 HTTP/1.1" 200 52594 "-" "Mozilla/5.0 (Linux; Android 6.0.1; Nexus 5X Build/MMB29P) AppleWebKit/537.36 (KHTML, like Gecko) Chrome/135.0.7049.95 Mobile Safari/537.36 (compatible; Googlebot/2.1; +http://www.google.com/bot.html)"
85.208.96.195 - - [29/Apr/2025:11:11:06 -0400] "GET /robots.txt HTTP/1.1" 200 89 "-" "Mozilla/5.0 (compatible; SemrushBot/7~bl; +http://www.semrush.com/bot.html)"
85.208.96.202 - - [29/Apr/2025:11:11:07 -0400] "GET /bocoran-togel-jitu-beijing-rabu-27-desember-2023/ HTTP/1.1" 200 0 "-" "Mozilla/5.0 (compatible; SemrushBot/7~bl; +http://www.semrush.com/bot.html)"
66.249.73.128 - - [29/Apr/2025:11:11:22 -0400] "GET /?o=3798680453901&channel=d25eed&from=brands.php%3Fid%3D804539-4869%26name%3D%E3%80%90%E7%89%B9%E4%BE%A1%E5%95%86%E5%93%81%E3%80%91%E9%9B%B2%E5%8F%B0+%E5%8F%8E%E7%B4%8D%E8%A2%8B+3WAY+%E3%83%93%E3%83%87%E3%82%AA%E3%82%AB%E3%83%A1%E3%83%A9+%E5%B0%8F%E5%9E%8B+%E3%82%AB%E3%83%A1%E3%83%A9+%E3%83%87%E3%82%B8%E3%82%AB%E3%83%A1+%E8%AA%BF%E7%AF%80+%E4%B8%80%E7%9C%BC%E3%83%AC%E3%83%95+4%E6%AE%B5%E9%9A%8E+%E5%AF%BE%E5%BF%9C+120cm+%E3%82%A2%E3%83%AB%E3%83%9F%E8%A3%BD+DIGI-204+%E4%B8%89%E8%84%9A+BK+Fotopro+%E3%83%96%E3%83%A9%E3%83%83%E3%82%AF HTTP/1.1" 200 55371 "-" "Mozilla/5.0 (Linux; Android 6.0.1; Nexus 5X Build/MMB29P) AppleWebKit/537.36 (KHTML, like Gecko) Chrome/135.0.7049.95 Mobile Safari/537.36 (compatible; Googlebot/2.1; +http://www.google.com/bot.html)"
52.167.144.205 - - [29/Apr/2025:11:11:49 -0400] "GET /?o=1404836092004&channel=080fc1&from=jp.php%3Fid%3D360920-3051%26name%3D%E3%82%A2%E3%82%B0%E6%A7%98%E5%B0%82%E7%94%A8%E3%80%80%E3%83%90%E3%83%AC%E3%83%B3%E3%82%B7%E3%82%A2%E3%82%AC%E3%80%80%E4%B8%89%E3%81%A4%E6%8A%98%E3%82%8A%E8%B2%A1%E5%B8%83%E3%80%80%E9%BB%92 HTTP/1.1" 200 0 "-" "Mozilla/5.0 AppleWebKit/537.36 (KHTML, like Gecko; compatible; bingbot/2.0; +http://www.bing.com/bingbot.htm) Chrome/116.0.1938.76 Safari/537.36"
66.249.73.128 - - [29/Apr/2025:11:11:50 -0400] "GET /?o=0522132266002&channel=d6ce29&from=info.php%3Fid%3D322660-5545%26name%3D%E5%80%A4%E4%B8%8B%E3%81%92%EF%BC%81%E3%82%B9%E3%83%8E%E3%83%BC%E3%83%94%E3%83%BC%E3%82%AF%E3%80%80%E3%82%B9%E3%83%A9%E3%82%A4%E3%83%89%E3%83%88%E3%83%83%E3%83%97%E3%83%AD%E3%83%B3%E3%82%B0%E3%83%8F%E3%83%BC%E3%83%95%E7%AB%B92%E6%9E%9A%E3%82%BB%E3%83%83%E3%83%88+%E7%AF%89%E3%81%91 HTTP/1.1" 200 52622 "-" "Mozilla/5.0 (Linux; Android 6.0.1; Nexus 5X Build/MMB29P) AppleWebKit/537.36 (KHTML, like Gecko) Chrome/135.0.7049.95 Mobile Safari/537.36 (compatible; Googlebot/2.1; +http://www.google.com/bot.html)"
66.249.73.129 - - [29/Apr/2025:11:12:33 -0400] "GET /?o=11181179428206&channel=41ae26&from=info.php%3Fid%3D1794282-16438%26name%3D2%E3%83%AC%E3%82%A4%E3%83%A4%E3%83%BC%E3%82%B9%E3%83%81%E3%83%BC%E3%83%AB%E3%83%95%E3%83%BC%E3%83%89%E3%82%AB%E3%83%83%E3%83%97%E3%82%B1%E3%83%BC%E3%82%AD%E3%82%B1%E3%83%BC%E3%82%AD%E3%83%87%E3%82%A3%E3%82%B9%E3%83%97%E3%83%AC%E3%82%A4%E3%82%B9%E3%82%BF%E3%83%B3%E3%83%89%E3%83%97%E3%83%A9%E3%83%83%E3%82%BF%E3%83%BC%E3%83%A9%E3%83%83%E3%82%AF%E3%82%A6%E3%82%A7%E3%83%87%E3%82%A3%E3%83%B3%E3%82%B0%E3%82%AF%E3%83%AA%E3%82%B9%E3%83%9E%E3%82%B9 HTTP/1.1" 200 53136 "-" "Mozilla/5.0 (Linux; Android 6.0.1; Nexus 5X Build/MMB29P) AppleWebKit/537.36 (KHTML, like Gecko) Chrome/135.0.7049.95 Mobile Safari/537.36 (compatible; Googlebot/2.1; +http://www.google.com/bot.html)"
66.249.73.128 - - [29/Apr/2025:11:12:39 -0400] "GET /?o=660191129000&channel=0c6d2a&from=shared.php%3Fid%3D11290-1626%26name%3D%E3%82%B0%E3%83%83%E3%83%89%E3%82%B9%E3%83%9E%E3%82%A4%E3%83%AB%E3%82%AB%E3%83%B3%E3%83%91%E3%83%8B%E3%83%BC+%E3%83%A1%E3%82%B8%E3%83%AD%E3%83%9E%E3%83%83%E3%82%AF%E3%82%A4%E3%83%BC%E3%83%B3+%7E%E5%90%8D%E9%96%80%E3%83%A1%E3%82%B8%E3%83%AD%E5%AE%B6%E3%81%AE%E8%87%B3%E5%AE%9D%7E+1%2F7+%E3%82%A6%E3%83%9E%E5%A8%98+%E3%83%97%E3%83%AA%E3%83%86%E3%82%A3%E3%83%BC%E3%83%80%E3%83%BC%E3%83%93%E3%83%BC HTTP/1.1" 200 54021 "-" "Mozilla/5.0 (Linux; Android 6.0.1; Nexus 5X Build/MMB29P) AppleWebKit/537.36 (KHTML, like Gecko) Chrome/135.0.7049.95 Mobile Safari/537.36 (compatible; Googlebot/2.1; +http://www.google.com/bot.html)"
66.249.73.130 - - [29/Apr/2025:11:13:06 -0400] "GET /?o=62599136650600&channel=586363&from=blog.php%3Fid%3D1366506-24955%26name%3D%E6%98%A0%E7%94%BB+%E5%9B%80%E3%82%8B%E9%B3%A5%E3%81%AF%E7%BE%BD%E3%81%B0%E3%81%9F%E3%81%8B%E3%81%AA%E3%81%84+%E9%80%9A%E5%B8%B8%E7%89%88+Blu-ray HTTP/1.1" 200 55134 "-" "Mozilla/5.0 (Linux; Android 6.0.1; Nexus 5X Build/MMB29P) AppleWebKit/537.36 (KHTML, like Gecko) Chrome/135.0.7049.114 Mobile Safari/537.36 (compatible; Googlebot/2.1; +http://www.google.com/bot.html)"
52.167.144.184 - - [29/Apr/2025:11:13:35 -0400] "GET /?o=8704961787600&channel=1795e5&from=article.php%3Fid%3D617876-6164%26name%3D%EF%BC%A7%E3%82%AF%E3%83%A9%E3%82%B9+%E5%B0%82%E7%94%A8+%E6%9C%AC%E9%9D%A9+%E3%82%B0%E3%83%AC%E3%83%BC%E3%82%B9%E3%83%86%E3%83%83%E3%83%81+%E9%AB%98%E7%B4%9A+%E3%83%89%E3%83%AA%E3%83%B3%E3%82%AF%E3%83%9B%E3%83%AB%E3%83%80%E3%83%BC+%E3%82%AB%E3%83%83%E3%83%97%E3%83%9B%E3%83%AB%E3%83%80%E3%83%BC+W463A+W464+%E3%83%A1%E3%83%AB%E3%82%BB%E3%83%87%E3%82%B9+%E3%83%99%E3%83%B3%E3%83%84+%E3%82%B2%E3%83%AC%E3%83%B3%E3%83%87%E3%83%B4%E3%82%A1%E3%83%BC%E3%82%B2%E3%83%B3+%EF%BC%B7%EF%BC%94%EF%BC%96%EF%BC%93%EF%BC%A1+MHG-032E+%E5%B7%A6%E5%8F%B3%E3%82%BB%E3%83%83%E3%83%88+%E3%83%89%E3%83%AA%E3%83%B3%E3%82%AF+%E3%83%9B%E3%83%AB%E3%83%80%E3%83%BC+2018%E5%B9%B4%E3%80%9C2024%E5%B9%B4%E4%B8%8A HTTP/1.1" 200 0 "-" "Mozilla/5.0 AppleWebKit/537.36 (KHTML, like Gecko; compatible; bingbot/2.0; +http://www.bing.com/bingbot.htm) Chrome/116.0.1938.76 Safari/537.36"
66.249.73.129 - - [29/Apr/2025:11:13:50 -0400] "GET /?o=18483187840102&channel=4e481e&from=news.php%3Fid%3D1878401-6120%26name%3DU3+%E4%BA%BA%E6%B0%97%E3%81%AE%E6%96%B0%E4%BD%9C%E3%80%81%E5%A4%8F%E3%80%81%E9%9F%93%E5%9B%BD%E9%A2%A8%E3%80%81%E3%82%B9%E3%83%AA%E3%83%83%E3%83%91%E3%83%AC%E3%83%87%E3%82%A3%E3%83%BC%E3%82%B9 HTTP/1.1" 200 53073 "-" "Mozilla/5.0 (Linux; Android 6.0.1; Nexus 5X Build/MMB29P) AppleWebKit/537.36 (KHTML, like Gecko) Chrome/135.0.7049.95 Mobile Safari/537.36 (compatible; Googlebot/2.1; +http://www.google.com/bot.html)"
66.249.73.130 - - [29/Apr/2025:11:14:19 -0400] "GET /?o=86920128363003&channel=316189&from=product.php%3Fid%3D1283630-3051%26name%3Dmiumiu+%E3%83%9E%E3%83%86%E3%83%A9%E3%83%83%E3%82%BB+%E8%B2%A1%E5%B8%83+%E3%83%94%E3%83%B3%E3%82%AF HTTP/1.1" 200 54118 "-" "Mozilla/5.0 (Linux; Android 6.0.1; Nexus 5X Build/MMB29P) AppleWebKit/537.36 (KHTML, like Gecko) Chrome/135.0.7049.95 Mobile Safari/537.36 (compatible; Googlebot/2.1; +http://www.google.com/bot.html)"
66.249.73.128 - - [29/Apr/2025:11:14:51 -0400] "GET /?o=52828171518805&channel=45cebf&from=article.php%3Fid%3D1715188-26526%26name%3D%E3%83%81%E3%83%8C+%E3%83%95%E3%82%AB%E3%82%BB%E9%87%A3%E3%82%8A%E7%94%A8+%E6%9C%89%E9%87%A3%E5%A4%A9UF+%E9%9D%9E%E8%87%AA%E7%AB%8B%E5%9E%8B+5B%E3%80%82+%E3%80%82 HTTP/1.1" 200 54561 "-" "Mozilla/5.0 (Linux; Android 6.0.1; Nexus 5X Build/MMB29P) AppleWebKit/537.36 (KHTML, like Gecko) Chrome/135.0.7049.95 Mobile Safari/537.36 (compatible; Googlebot/2.1; +http://www.google.com/bot.html)"
66.249.73.130 - - [29/Apr/2025:11:15:07 -0400] "GET /?o=7541078134005&channel=395c1b&from=shared.php%3Fid%3D781340-15583%26name%3D%E3%82%A6%E3%82%A8%E3%83%87%E3%82%A3%E3%83%B3%E3%82%B0+%E3%83%99%E3%83%BC%E3%83%AB+%E3%82%A6%E3%82%A8%E3%83%87%E3%82%A3%E3%83%B3%E3%82%B0+%E3%83%99%E3%83%BC%E3%83%AB++%E3%83%AD%E3%83%B3%E3%82%B0%E4%B8%88+3.5m+%E3%82%A6%E3%82%A8%E3%83%87%E3%82%A3%E3%83%B3%E3%82%B0%E3%83%99%E3%83%BC%E3%83%AB+2%E9%87%8D%E3%83%99%E3%83%BC%E3%83%AB+%E3%82%B3%E3%83%BC%E3%83%A0%E4%BB%98+%E3%82%A6%E3%82%A8%E3%83%87%E3%82%A3%E3%83%B3%E3%82%B0+%E3%83%95%E3%82%A9%E3%83%88%E3%82%A6%E3%82%A8%E3%83%87%E3%82%A3%E3%83%B3%E3%82%B0+%E7%B5%90%E5%A9%9A%E5%BC%8F+%E6%8A%AB%E9%9C%B2%E5%AE%B4+%E4%BA%8C%E6%AC%A1%E4%BC%9A+%E3%83%99%E3%83%BC%E3%83%AB%E3%83%80%E3%82%A6%E3%83%B3+%E5%89%8D%E6%92%AE%E3%82%8A HTTP/1.1" 200 51841 "-" "Mozilla/5.0 (Linux; Android 6.0.1; Nexus 5X Build/MMB29P) AppleWebKit/537.36 (KHTML, like Gecko) Chrome/135.0.7049.95 Mobile Safari/537.36 (compatible; Googlebot/2.1; +http://www.google.com/bot.html)"
66.249.73.129 - - [29/Apr/2025:11:15:41 -0400] "GET /?o=9120720883307&channel=e1083c&from=category-info.php%3Fid%3D208833-2058%26name%3D%E3%80%90%E5%B8%8C%E5%B0%91%E3%80%91BARNIVARNO+%E3%83%90%E3%83%BC%E3%83%8B%E3%83%B4%E3%82%A1%E3%83%BC%E3%83%8E+T%E3%82%B7%E3%83%A3%E3%83%84++%E3%83%87%E3%82%AB%E3%83%AD%E3%82%B4%E3%80%80%E3%83%AF%E3%83%83%E3%83%9A%E3%83%B3+%E7%99%BD HTTP/1.1" 200 53419 "-" "Mozilla/5.0 (Linux; Android 6.0.1; Nexus 5X Build/MMB29P) AppleWebKit/537.36 (KHTML, like Gecko) Chrome/135.0.7049.95 Mobile Safari/537.36 (compatible; Googlebot/2.1; +http://www.google.com/bot.html)"
66.249.73.128 - - [29/Apr/2025:11:15:55 -0400] "GET /?o=05412169981314&channel=f0ce86&from=article.php%3Fid%3D1699813-17350%26name%3DSALOMON+%E3%82%B5%E3%83%AD%E3%83%A2%E3%83%B3%E3%80%80%E3%83%8F%E3%83%BC%E3%83%95%E3%82%B8%E3%83%83%E3%83%97%E3%80%80%E9%95%B7%E8%A2%96%E3%80%80%E3%83%AC%E3%83%87%E3%82%A3%E3%83%BC%E3%82%B9%E3%80%80M%E3%82%B5%E3%82%A4%E3%82%BA%E7%9B%B8%E5%BD%93 HTTP/1.1" 200 51875 "-" "Mozilla/5.0 (Linux; Android 6.0.1; Nexus 5X Build/MMB29P) AppleWebKit/537.36 (KHTML, like Gecko) Chrome/135.0.7049.95 Mobile Safari/537.36 (compatible; Googlebot/2.1; +http://www.google.com/bot.html)"
52.167.144.205 - - [29/Apr/2025:11:16:00 -0400] "GET /?o=0867160154504&channel=95c8fb&from=product.php%3Fid%3D601545-1646%26name%3D%E3%80%90%E4%B8%AD%E5%8F%A4%E3%80%91%5BFIG%5D+%E3%83%89%E3%83%B3%E3%83%BB%E3%82%AD%E3%83%9B%E3%83%BC%E3%83%86%E9%99%90%E5%AE%9A+Portrait.Of.Pirates+P.O.P+NEO-EX+%E3%83%A2%E3%83%B3%E3%82%AD%E3%83%BC%E3%83%BBD%E3%83%BB%E3%82%AC%E3%83%BC%E3%83%97+Ver.0+ONE+PIECE%28%E3%83%AF%E3%83%B3%E3%83%94%E3%83%BC%E3%82%B9%29+%E5%AE%8C%E6%88%90%E5%93%81+%E3%83%95%E3%82%A3%E3%82%AE%E3%83%A5 HTTP/1.1" 200 0 "-" "Mozilla/5.0 AppleWebKit/537.36 (KHTML, like Gecko; compatible; bingbot/2.0; +http://www.bing.com/bingbot.htm) Chrome/116.0.1938.76 Safari/537.36"
66.249.73.129 - - [29/Apr/2025:11:16:04 -0400] "GET /?o=088109962500&channel=7380c5&from=shared.php%3Fid%3D99625-4532%26name%3D973%E2%97%8B++%E3%83%8B%E3%83%88%E3%83%AA%E3%80%80%E6%B4%97%E6%BF%AF%E6%A9%9F%E3%80%806%E3%8C%94%E3%80%80%E5%8D%98%E8%BA%AB%E7%94%A8%E3%80%80%E5%AE%B6%E6%97%8F%E7%94%A8 HTTP/1.1" 200 54704 "-" "Mozilla/5.0 (Linux; Android 6.0.1; Nexus 5X Build/MMB29P) AppleWebKit/537.36 (KHTML, like Gecko) Chrome/135.0.7049.95 Mobile Safari/537.36 (compatible; Googlebot/2.1; +http://www.google.com/bot.html)"
52.167.144.184 - - [29/Apr/2025:11:16:15 -0400] "GET /?o=19522184029800&channel=a43e74&from=jp.php%3Fid%3D1840298-29268%26name%3D%E3%80%90%E3%83%AA%E3%82%AF+%E3%81%95%E3%81%BE%E5%B0%82%E7%94%A8%E3%80%91konny+%E3%82%B3%E3%83%8B%E3%83%BC%E3%82%B9%E3%82%BF%E3%82%A4+%E3%83%AD%E3%83%BC%E3%83%AA%E3%83%B3%E3%82%B0+%E3%83%81%E3%82%A7%E3%83%83%E3%82%AF+%E3%82%B0%E3%83%AA%E3%83%BC%E3%83%B3+3%E6%9E%9A HTTP/1.1" 200 0 "-" "Mozilla/5.0 AppleWebKit/537.36 (KHTML, like Gecko; compatible; bingbot/2.0; +http://www.bing.com/bingbot.htm) Chrome/116.0.1938.76 Safari/537.36"
66.249.73.129 - - [29/Apr/2025:11:16:25 -0400] "GET /?o=51587127810705&channel=e4626f&from=pin.php%3Fid%3D1278107-1799%26name%3D%E8%A8%B3%E3%81%82%E3%82%8A%E5%93%81%E3%80%80%E7%94%B0%E4%B8%AD%E5%B7%A5%E6%A5%AD%E3%80%80TAS+MOTAR+T-50%E5%9E%8B HTTP/1.1" 200 53059 "-" "Mozilla/5.0 (Linux; Android 6.0.1; Nexus 5X Build/MMB29P) AppleWebKit/537.36 (KHTML, like Gecko) Chrome/135.0.7049.95 Mobile Safari/537.36 (compatible; Googlebot/2.1; +http://www.google.com/bot.html)"
66.249.73.128 - - [29/Apr/2025:11:16:40 -0400] "GET /?o=2788142606818&channel=b2465c&from=blog.php%3Fid%3D426068-6272%26name%3D%E3%83%99%E3%83%83%E3%83%89%E3%83%95%E3%83%AC%E3%83%BC%E3%83%A0+%E3%83%9E%E3%83%83%E3%83%88%E3%83%AC%E3%82%B9%E3%82%BB%E3%83%83%E3%83%88+%E3%83%9E%E3%83%83%E3%83%88%E3%83%AC%E3%82%B9%E4%BB%98%E3%81%8D+%E3%82%B7%E3%83%B3%E3%82%B0%E3%83%AB+%E5%8F%8E%E7%B4%8D+%E3%81%99%E3%81%AE%E3%81%93+%E3%81%8A%E3%81%97%E3%82%83%E3%82%8C+%E6%9C%A8%E8%A3%BD+%E5%AE%AE%E4%BB%98%E3%81%8D+%E7%B5%84%E3%81%BF%E7%AB%8B%E3%81%A6%E7%B0%A1%E5%8D%98+%E7%B5%84%E7%AB%8B+%E5%B7%A5%E5%85%B7%E4%B8%8D%E8%A6%81+%E3%83%9C%E3%83%B3%E3%83%8D%E3%83%AB%E3%82%B3%E3%82%A4%E3%83%AB+%E3%83%99%E3%83%83%E3%83%88 HTTP/1.1" 200 54990 "-" "Mozilla/5.0 (Linux; Android 6.0.1; Nexus 5X Build/MMB29P) AppleWebKit/537.36 (KHTML, like Gecko) Chrome/135.0.7049.95 Mobile Safari/537.36 (compatible; Googlebot/2.1; +http://www.google.com/bot.html)"
34.235.239.240 - - [29/Apr/2025:11:16:46 -0400] "GET /wp-includes__c454f3a/js/dist/script-modules/interactivity/ HTTP/1.1" 200 898 "-" "Mozilla/5.0 AppleWebKit/537.36 (KHTML, like Gecko; compatible; Amazonbot/0.1; +https://developer.amazon.com/support/amazonbot) Chrome/119.0.6045.214 Safari/537.36"
3.216.13.10 - - [29/Apr/2025:11:16:51 -0400] "GET /wp-includes__c454f3a/SimplePie/library/SimplePie/Parse/ HTTP/1.1" 200 803 "-" "Mozilla/5.0 AppleWebKit/537.36 (KHTML, like Gecko; compatible; Amazonbot/0.1; +https://developer.amazon.com/support/amazonbot) Chrome/119.0.6045.214 Safari/537.36"
54.84.102.81 - - [29/Apr/2025:11:16:54 -0400] "GET /wp-includes__c454f3a/css/dist/block-directory/?MA HTTP/1.1" 200 875 "-" "Mozilla/5.0 AppleWebKit/537.36 (KHTML, like Gecko; compatible; Amazonbot/0.1; +https://developer.amazon.com/support/amazonbot) Chrome/119.0.6045.214 Safari/537.36"
3.213.46.222 - - [29/Apr/2025:11:17:00 -0400] "GET /wp-includes__c454f3a/js/codemirror/?MD HTTP/1.1" 200 1370 "-" "Mozilla/5.0 AppleWebKit/537.36 (KHTML, like Gecko; compatible; Amazonbot/0.1; +https://developer.amazon.com/support/amazonbot) Chrome/119.0.6045.214 Safari/537.36"
18.204.152.114 - - [29/Apr/2025:11:17:02 -0400] "GET /wp-includes__c454f3a/sodium_compat/namespaced/Core/?ND HTTP/1.1" 200 1530 "-" "Mozilla/5.0 AppleWebKit/537.36 (KHTML, like Gecko; compatible; Amazonbot/0.1; +https://developer.amazon.com/support/amazonbot) Chrome/119.0.6045.214 Safari/537.36"
34.195.60.66 - - [29/Apr/2025:11:17:08 -0400] "GET /wp-includes__c454f3a/js/thickbox/?SD HTTP/1.1" 200 987 "-" "Mozilla/5.0 AppleWebKit/537.36 (KHTML, like Gecko; compatible; Amazonbot/0.1; +https://developer.amazon.com/support/amazonbot) Chrome/119.0.6045.214 Safari/537.36"
100.29.128.75 - - [29/Apr/2025:11:17:11 -0400] "GET /wp-includes__c454f3a/js/tinymce/themes/?SA HTTP/1.1" 200 817 "-" "Mozilla/5.0 AppleWebKit/537.36 (KHTML, like Gecko; compatible; Amazonbot/0.1; +https://developer.amazon.com/support/amazonbot) Chrome/119.0.6045.214 Safari/537.36"
66.249.73.129 - - [29/Apr/2025:11:17:30 -0400] "GET /?o=88123122756101&channel=4f3686&from=blog.php%3Fid%3D1227561-23498%26name%3DOPPO+A5+A9+2020+6.5%E3%82%A4%E3%83%B3%E3%83%81+%E4%B8%8A%E8%B3%AA+TPU+%E3%82%B1%E3%83%BC%E3%82%B9+%E3%81%BF+A099 HTTP/1.1" 200 53921 "-" "Mozilla/5.0 (Linux; Android 6.0.1; Nexus 5X Build/MMB29P) AppleWebKit/537.36 (KHTML, like Gecko) Chrome/135.0.7049.95 Mobile Safari/537.36 (compatible; Googlebot/2.1; +http://www.google.com/bot.html)"
66.249.73.128 - - [29/Apr/2025:11:17:31 -0400] "GET /?o=98817156038800&channel=cfbe6d&from=blog.php%3Fid%3D1560388-6082%26name%3D%E3%83%89%E3%83%AB%E3%83%81%E3%82%A7%26%E3%82%AC%E3%83%83%E3%83%90%E3%83%BC%E3%83%8ADOLCE%26GABBANA%E2%97%87MARTINI%E3%82%A4%E3%82%BF%E3%83%AA%E3%82%A2%E8%A3%BD%E3%82%B9%E3%83%BC%E3%83%84 HTTP/1.1" 200 53128 "-" "Mozilla/5.0 (Linux; Android 6.0.1; Nexus 5X Build/MMB29P) AppleWebKit/537.36 (KHTML, like Gecko) Chrome/135.0.7049.95 Mobile Safari/537.36 (compatible; Googlebot/2.1; +http://www.google.com/bot.html)"
66.249.73.129 - - [29/Apr/2025:11:17:33 -0400] "GET /?o=9814334705901&channel=3525ff&from=article.php%3Fid%3D347059-14332%26name%3DSnow+Joe+ION18SB-16.3+%E9%99%A4%E9%9B%AA%E6%A9%9F%E4%BA%A4%E6%8F%9B%E3%83%9B%E3%82%A4%E3%83%BC%E3%83%AB HTTP/1.1" 200 54832 "-" "Mozilla/5.0 (Linux; Android 6.0.1; Nexus 5X Build/MMB29P) AppleWebKit/537.36 (KHTML, like Gecko) Chrome/135.0.7049.95 Mobile Safari/537.36 (compatible; Googlebot/2.1; +http://www.google.com/bot.html)"
66.249.73.129 - - [29/Apr/2025:11:17:35 -0400] "GET /?o=5975386299606&channel=c52033&from=form.php%3Fid%3D862996-21489%26name%3D%E3%83%AA%E3%83%A4%E3%83%89%E3%83%AD+LLADRO+-+%E3%83%A9%E3%82%A4%E3%83%88%E3%83%96%E3%83%AB%E3%83%BC%C3%97%E7%99%BD%C3%97%E3%83%9E%E3%83%AB%E3%83%81+%E7%BD%AE%E7%89%A9%2F%E5%A5%B3%E6%80%A7+%E5%B0%8F%E7%89%A9 HTTP/1.1" 200 55101 "-" "Mozilla/5.0 (Linux; Android 6.0.1; Nexus 5X Build/MMB29P) AppleWebKit/537.36 (KHTML, like Gecko) Chrome/135.0.7049.95 Mobile Safari/537.36 (compatible; Googlebot/2.1; +http://www.google.com/bot.html)"
66.249.73.128 - - [29/Apr/2025:11:17:42 -0400] "GET /?o=72200109450807&channel=446667&from=shared.php%3Fid%3D1094508-20596%26name%3D%E2%98%86%E8%8A%B1%E9%AD%81%EF%BC%88%E3%81%8A%E3%81%84%E3%82%89%E3%82%93%EF%BC%89%E3%81%AE%E9%9B%B0%E5%9B%B2%E6%B0%97%E2%99%AA%E3%80%80%E3%81%93%E3%81%A3%E3%81%BD%E3%82%8A%E3%82%BF%E3%82%A4%E3%83%97%E3%80%80%E9%BB%92%E9%BC%BB%E7%B7%92%E3%83%BB%E3%81%95%E3%81%8F%E3%82%89%E5%88%BA%E7%B9%8D HTTP/1.1" 200 52863 "-" "Mozilla/5.0 (Linux; Android 6.0.1; Nexus 5X Build/MMB29P) AppleWebKit/537.36 (KHTML, like Gecko) Chrome/135.0.7049.95 Mobile Safari/537.36 (compatible; Googlebot/2.1; +http://www.google.com/bot.html)"
66.249.73.128 - - [29/Apr/2025:11:17:49 -0400] "GET /?o=17927106731208&channel=f19cb9&from=news.php%3Fid%3D1067312-5165%26name%3D%E3%83%94%E3%83%B3G410%E4%BB%A5%E9%99%8DFW%E7%94%A8+%E3%82%B9%E3%83%AA%E3%83%BC%E3%83%96%E4%BB%98%E3%81%8D%E3%82%B7%E3%83%A3%E3%83%95%E3%83%88+Fujikura+%E3%83%95%E3%82%B8%E3%82%AF%E3%83%A9+24+VENTUS+BLUE%EF%BC%8824%E3%83%99%E3%83%B3%E3%82%BF%E3%82%B9%E3%83%96%E3%83%AB%E3%83%BC%EF%BC%89%E6%97%A5%E6%9C%AC%E4%BB%95%E6%A7%98+%E3%83%95%E3%82%A7%E3%82%A2%E3%82%A6%E3%82%A7%E3%82%A4%E3%82%A6%E3%83%83%E3%83%89%E7%94%A8 HTTP/1.1" 200 54661 "-" "Mozilla/5.0 (Linux; Android 6.0.1; Nexus 5X Build/MMB29P) AppleWebKit/537.36 (KHTML, like Gecko) Chrome/135.0.7049.95 Mobile Safari/537.36 (compatible; Googlebot/2.1; +http://www.google.com/bot.html)"
66.249.73.128 - - [29/Apr/2025:11:17:58 -0400] "GET /?o=0138545413201&channel=5ca04c&from=pin.php%3Fid%3D454132-4980%26name%3D5%E7%82%B9%E3%82%BB%E3%83%83%E3%83%88%E3%83%90%E3%83%83%E3%82%AF HTTP/1.1" 200 54176 "-" "Mozilla/5.0 (Linux; Android 6.0.1; Nexus 5X Build/MMB29P) AppleWebKit/537.36 (KHTML, like Gecko) Chrome/135.0.7049.95 Mobile Safari/537.36 (compatible; Googlebot/2.1; +http://www.google.com/bot.html)"
66.249.73.130 - - [29/Apr/2025:11:18:03 -0400] "GET /?o=5530759978304&channel=239c05&from=shared.php%3Fid%3D599783-5338%26name%3D%E2%98%85TORY+BURCH%E3%80%80%E3%83%88%E3%83%AA%E3%83%BC%E3%83%90%E3%83%BC%E3%83%81%E3%80%80%E3%83%88%E3%83%BC%E3%83%88%E3%83%90%E3%83%83%E3%82%AF%E3%80%80%E5%A4%A7%E5%AE%B9%E9%87%8F%21 HTTP/1.1" 200 54279 "-" "Mozilla/5.0 (Linux; Android 6.0.1; Nexus 5X Build/MMB29P) AppleWebKit/537.36 (KHTML, like Gecko) Chrome/135.0.7049.95 Mobile Safari/537.36 (compatible; Googlebot/2.1; +http://www.google.com/bot.html)"
66.249.73.129 - - [29/Apr/2025:11:18:33 -0400] "GET /?o=7286025038409&channel=c6726e&from=product.php%3Fid%3D250384-12184%26name%3D%E3%82%B3%E3%83%B3%E3%83%91%E3%82%AF%E3%83%88+%E3%83%89%E3%83%AC%E3%83%83%E3%82%B5%E3%83%BC++%E3%83%96%E3%83%A9%E3%83%83%E3%82%AF+%E9%8F%A1%E5%8F%B0 HTTP/1.1" 200 52985 "-" "Mozilla/5.0 (Linux; Android 6.0.1; Nexus 5X Build/MMB29P) AppleWebKit/537.36 (KHTML, like Gecko) Chrome/135.0.7049.95 Mobile Safari/537.36 (compatible; Googlebot/2.1; +http://www.google.com/bot.html)"
66.249.73.128 - - [29/Apr/2025:11:18:51 -0400] "GET /?o=74279130819603&channel=6491ca&from=brands.php%3Fid%3D1308196-6670%26name%3D%E3%83%A1%E3%83%A2%E3%83%AARam%E3%82%A2%E3%83%83%E3%83%97%E3%82%B0%E3%83%AC%E3%83%BC%E3%83%89for+Supermicro+SuperServer+1026+gt-tf-fm207+8GB+Modul HTTP/1.1" 200 55335 "-" "Mozilla/5.0 (Linux; Android 6.0.1; Nexus 5X Build/MMB29P) AppleWebKit/537.36 (KHTML, like Gecko) Chrome/135.0.7049.95 Mobile Safari/537.36 (compatible; Googlebot/2.1; +http://www.google.com/bot.html)"
66.249.73.129 - - [29/Apr/2025:11:19:17 -0400] "GET /?o=5121859050508&channel=af37aa&from=goods.php%3Fid%3D590505-1094%26name%3D%E3%83%9D%E3%83%BC%E3%82%BF%E3%83%BC+%E3%83%95%E3%83%A9%E3%83%83%E3%82%AF%E3%82%B9+%E3%83%89%E3%82%AD%E3%83%A5%E3%83%A1%E3%83%B3%E3%83%88%E3%82%B1%E3%83%BC%E3%82%B9+197-01507+%E5%90%89%E7%94%B0%E3%82%AB%E3%83%90%E3%83%B3+PORTER+%E3%83%89%E3%82%AD%E3%83%A5%E3%83%A1%E3%83%B3%E3%83%88%E3%82%B1%E3%83%BC%E3%82%B9+%E3%82%AF%E3%83%A9%E3%83%83%E3%83%81%E3%83%90%E3%83%83%E3%82%B0+%EF%BC%BCFLUX%2F%E3%83%95%E3%83%A9%E3%83%83%E3%82%AF%E3%82%B9%EF%BC%8F+197-01507+%E3%83%A1%E3%83%B3%E3%82%BA+%E3%82%AE%E3%83%95%E3%83%88 HTTP/1.1" 200 54470 "-" "Mozilla/5.0 (Linux; Android 6.0.1; Nexus 5X Build/MMB29P) AppleWebKit/537.36 (KHTML, like Gecko) Chrome/135.0.7049.95 Mobile Safari/537.36 (compatible; Googlebot/2.1; +http://www.google.com/bot.html)"
66.249.73.129 - - [29/Apr/2025:11:19:29 -0400] "GET /?o=14588143480209&channel=406fbe&from=goods.php%3Fid%3D1434802-1553%26name%3D%E3%82%A2%E3%83%AB%E3%83%90%E3%83%BC%E3%83%88%E3%82%B5%E3%83%BC%E3%82%B9%E3%83%88%E3%83%B3+%E3%82%B5%E3%82%B9%E3%83%9A%E3%83%B3%E3%83%80%E3%83%BC%E3%80%80%E3%83%81%E3%82%A7%E3%83%83%E3%82%AF%E6%9F%84%E3%80%80%E3%83%AA%E3%83%9C%E3%83%B3%E5%B9%854cm HTTP/1.1" 200 52934 "-" "Mozilla/5.0 (Linux; Android 6.0.1; Nexus 5X Build/MMB29P) AppleWebKit/537.36 (KHTML, like Gecko) Chrome/135.0.7049.95 Mobile Safari/537.36 (compatible; Googlebot/2.1; +http://www.google.com/bot.html)"
66.249.73.128 - - [29/Apr/2025:11:19:38 -0400] "GET /?o=9902456749102&channel=3e2d5f&from=pin.php%3Fid%3D567491-3296%26name%3D%E5%B1%8B%E5%A4%96%E3%82%AD%E3%83%83%E3%83%81%E3%83%B3%E3%82%B7%E3%83%B3%E3%82%AF+%E3%82%B9%E3%82%BF%E3%83%B3%E3%83%89%E4%BB%98%E3%81%8D+%E3%82%B9%E3%83%86%E3%83%B3%E3%83%AC%E3%82%B9%E3%82%B9%E3%83%81%E3%83%BC%E3%83%AB+%E3%82%B7%E3%83%B3%E3%82%B0%E3%83%AB%E6%B4%97%E9%9D%A2%E5%8F%B0+%E3%83%AC%E3%82%B9%E3%83%88%E3%83%A9%E3%83%B3%E3%82%B7%E3%83%B3%E3%82%AF+%E3%82%B7%E3%83%B3%E3%82%B0%E3%83%AB%E3%82%B3%E3%83%BC%E3%83%AB%E3%83%89%E3%82%BF%E3%83%83%E3%83%97%E4%BB%98%E3%81%8D+%E8%87%AA%E7%AB%8B%E5%BC%8F%E6%B4%97%E9%9D%A2%E5%8F%B0+%E5%A4%9A HTTP/1.1" 200 55796 "-" "Mozilla/5.0 (Linux; Android 6.0.1; Nexus 5X Build/MMB29P) AppleWebKit/537.36 (KHTML, like Gecko) Chrome/135.0.7049.95 Mobile Safari/537.36 (compatible; Googlebot/2.1; +http://www.google.com/bot.html)"
66.249.73.128 - - [29/Apr/2025:11:19:43 -0400] "GET /?o=77950194590102&channel=2bec99&from=blog.php%3Fid%3D1945901-28504%26name%3D%E3%82%AA%E3%83%95%E3%83%86%E3%82%AF%E3%82%B9%E3%82%AF%E3%83%AA%E3%82%A2%E3%83%87%E3%83%A5%E3%83%BC+O2+30%E6%97%A5%E5%88%86%E2%9C%95%EF%BC%99%E7%AE%B1%E3%82%BB%E3%83%83%E3%83%88 HTTP/1.1" 200 54769 "-" "Mozilla/5.0 (Linux; Android 6.0.1; Nexus 5X Build/MMB29P) AppleWebKit/537.36 (KHTML, like Gecko) Chrome/135.0.7049.95 Mobile Safari/537.36 (compatible; Googlebot/2.1; +http://www.google.com/bot.html)"
66.249.73.130 - - [29/Apr/2025:11:20:01 -0400] "GET /?o=99896161421700&channel=13f324&from=news.php%3Fid%3D1614217-15386%26name%3D%E3%82%BF%E3%83%8B%E3%82%AB%E3%83%AF%E3%80%80%E3%82%B9%E3%83%BC%E3%83%91%E3%83%BC%E3%81%8F%E3%82%8D%E3%81%97%E3%81%8A6%E4%B8%A1%E3%80%80%E3%82%AD%E3%83%83%E3%83%88%E7%B5%84%E3%81%BF%E7%AB%8B%E3%81%A6%E5%93%81%E3%80%80%E3%82%AF%E3%83%AD380%E3%80%80%E3%83%A2%E3%83%8F380%E3%80%80%E3%83%A2%E3%83%8F380%E3%80%80%E3%83%A2%E3%83%8F381%E3%80%80%E3%83%A2%E3%83%8F381%E3%80%80%E3%82%AF%E3%83%8F381%E3%80%80%EF%BC%91%2F80%E3%80%8016.5%E3%83%9F%E3%83%AA HTTP/1.1" 200 56410 "-" "Mozilla/5.0 (Linux; Android 6.0.1; Nexus 5X Build/MMB29P) AppleWebKit/537.36 (KHTML, like Gecko) Chrome/135.0.7049.95 Mobile Safari/537.36 (compatible; Googlebot/2.1; +http://www.google.com/bot.html)"
66.249.73.129 - - [29/Apr/2025:11:20:02 -0400] "GET /?o=7928845366512&channel=0585eb&from=shop.php%3Fid%3D453665-2924%26name%3D%E9%AB%98%E5%8F%8D%E7%99%BA%E3%83%9E%E3%83%83%E3%83%88%E3%83%AC%E3%82%B9+%E3%80%90%E3%83%80%E3%83%96%E3%83%AB+%E5%8E%9A%E3%81%9510cm+%E3%83%9F%E3%83%83%E3%83%89%E3%82%B0%E3%83%AC%E3%83%BC%E3%80%91+%E9%AB%98%E8%80%90%E4%B9%85%E6%80%A7+310+%E3%80%8EAP%E3%83%88%E3%83%BC%E3%83%9E%E3%82%B9%E3%80%8F+%E3%80%94%E3%83%99%E3%83%83%E3%83%89%E3%83%AB%E3%83%BC%E3%83%A0+%E5%AF%9D%E5%AE%A4%E3%80%95%E3%80%90%E4%BB%A3%E5%BC%95%E4%B8%8D%E5%8F%AF%E3%80%91 HTTP/1.1" 200 54927 "-" "Mozilla/5.0 (Linux; Android 6.0.1; Nexus 5X Build/MMB29P) AppleWebKit/537.36 (KHTML, like Gecko) Chrome/135.0.7049.95 Mobile Safari/537.36 (compatible; Googlebot/2.1; +http://www.google.com/bot.html)"
