66.249.73.129 - - [29/Apr/2025:16:00:00 -0400] "GET /?o=6116566765803&channel=8f826e&from=news.php%3Fid%3D667658-4879%26name%3D%E6%B5%B4%E8%A1%A3%E7%9D%80%E4%BB%98%E3%81%91%E5%B0%8F%E7%89%A9%E3%82%BB%E3%83%83%E3%83%88+%E5%89%8D%E6%9D%BF+%E3%83%AF%E3%83%B3%E3%82%BF%E3%83%83%E3%83%81%E3%83%99%E3%83%AB%E3%83%88+%E7%9D%80%E4%BB%98%E3%81%91%E3%83%99%E3%83%AB%E3%83%88+%E4%BC%8A%E9%81%94%E7%B7%A0%E3%82%81+%E8%85%B0%E7%B4%90+%E5%A4%8F HTTP/1.1" 200 54850 "-" "Mozilla/5.0 (Linux; Android 6.0.1; Nexus 5X Build/MMB29P) AppleWebKit/537.36 (KHTML, like Gecko) Chrome/135.0.7049.95 Mobile Safari/537.36 (compatible; Googlebot/2.1; +http://www.google.com/bot.html)"
66.249.73.128 - - [29/Apr/2025:16:00:06 -0400] "GET /?o=2177479662905&channel=56d659&from=news.php%3Fid%3D796629-4979%26name%3Dmountain+buggy+mini+buggy%E3%83%9E%E3%82%A6%E3%83%B3%E3%83%86%E3%83%B3%E3%83%90%E3%82%AE%E3%83%BC%E3%83%9F%E3%83%8B++BLK HTTP/1.1" 200 52799 "-" "Mozilla/5.0 (Linux; Android 6.0.1; Nexus 5X Build/MMB29P) AppleWebKit/537.36 (KHTML, like Gecko) Chrome/135.0.7049.95 Mobile Safari/537.36 (compatible; Googlebot/2.1; +http://www.google.com/bot.html)"
66.249.73.128 - - [29/Apr/2025:16:00:10 -0400] "GET /?o=1817952981301&channel=532f52&from=article.php%3Fid%3D529813-725%26name%3D%28%E6%A8%99%E6%BA%96%E8%A8%AD%E7%BD%AE%E7%84%A1%E6%96%99+%E8%A8%AD%E7%BD%AEA%E3%82%A8%E3%83%AA%E3%82%A2%E3%81%AE%E3%81%BF%29+%E6%9D%B1%E8%8A%9D+356L+3%E3%83%89%E3%82%A2%E5%86%B7%E8%94%B5%E5%BA%AB%28%E3%83%9E%E3%83%83%E3%83%88%E3%83%9B%E3%83%AF%E3%82%A4%E3%83%88%29%28%E5%8F%B3%E9%96%8B%E3%81%8D%29+TOSHIBA+GR-W36SC-WU+%E8%BF%94%E5%93%81%E7%A8%AE%E5%88%A5A HTTP/1.1" 200 54428 "-" "Mozilla/5.0 (Linux; Android 6.0.1; Nexus 5X Build/MMB29P) AppleWebKit/537.36 (KHTML, like Gecko) Chrome/135.0.7049.95 Mobile Safari/537.36 (compatible; Googlebot/2.1; +http://www.google.com/bot.html)"
66.249.73.128 - - [29/Apr/2025:16:00:29 -0400] "GET /?o=79188184009102&channel=bd8b94&from=category-info.php%3Fid%3D1840091-29266%26name%3D%E3%83%9F%E3%83%A2%E3%82%B6%E2%91%A9 HTTP/1.1" 200 53708 "-" "Mozilla/5.0 (Linux; Android 6.0.1; Nexus 5X Build/MMB29P) AppleWebKit/537.36 (KHTML, like Gecko) Chrome/135.0.7049.95 Mobile Safari/537.36 (compatible; Googlebot/2.1; +http://www.google.com/bot.html)"
66.249.73.128 - - [29/Apr/2025:16:00:39 -0400] "GET /?o=1651533778002&channel=723201&from=shop.php%3Fid%3D337780-9872%26name%3D%E3%82%B7%E3%83%AA%E3%82%A6%E3%82%B9R+%E9%87%91%EF%BC%8B%E7%B7%91+%E3%82%A2%E3%82%AF%E3%83%AA%E3%83%AB+%E3%82%B5%E3%82%A4%E3%82%BAP50%E5%8F%B7 HTTP/1.1" 200 55669 "-" "Mozilla/5.0 (Linux; Android 6.0.1; Nexus 5X Build/MMB29P) AppleWebKit/537.36 (KHTML, like Gecko) Chrome/135.0.7049.95 Mobile Safari/537.36 (compatible; Googlebot/2.1; +http://www.google.com/bot.html)"
66.249.73.128 - - [29/Apr/2025:16:00:40 -0400] "GET /?o=910815215413&channel=da3f0e&from=blog.php%3Fid%3D52154-3643%26name%3D2%E6%9C%AC%E3%82%BB%E3%83%83%E3%83%88+pearl+%E3%82%B7%E3%83%B3%E3%83%90%E3%83%AB%E3%82%B9%E3%82%BF%E3%83%B3%E3%83%89+%E3%83%89%E3%83%A9%E3%83%A0%E3%82%B9%E3%82%BF%E3%83%B3%E3%83%89 HTTP/1.1" 200 53187 "-" "Mozilla/5.0 (Linux; Android 6.0.1; Nexus 5X Build/MMB29P) AppleWebKit/537.36 (KHTML, like Gecko) Chrome/135.0.7049.95 Mobile Safari/537.36 (compatible; Googlebot/2.1; +http://www.google.com/bot.html)"
66.249.73.128 - - [29/Apr/2025:16:00:41 -0400] "GET /?o=8903711291002&channel=9f1d72&from=news.php%3Fid%3D112910-4766%26name%3DPeach+A321neo HTTP/1.1" 200 53968 "-" "Mozilla/5.0 (Linux; Android 6.0.1; Nexus 5X Build/MMB29P) AppleWebKit/537.36 (KHTML, like Gecko) Chrome/135.0.7049.95 Mobile Safari/537.36 (compatible; Googlebot/2.1; +http://www.google.com/bot.html)"
66.249.73.129 - - [29/Apr/2025:16:00:49 -0400] "GET /?o=0904083856106&channel=c9c010&from=info.php%3Fid%3D838561-1095%26name%3DTO+%26+CO.+%E3%82%A4%E3%82%BF%E3%83%AA%E3%82%A2%E8%A3%BD+%E3%83%AC%E3%82%B6%E3%83%BC+%E3%83%92%E3%83%BC%E3%83%AB%E3%83%91%E3%83%B3%E3%83%97%E3%82%B9+35 HTTP/1.1" 200 51929 "-" "Mozilla/5.0 (Linux; Android 6.0.1; Nexus 5X Build/MMB29P) AppleWebKit/537.36 (KHTML, like Gecko) Chrome/135.0.7049.95 Mobile Safari/537.36 (compatible; Googlebot/2.1; +http://www.google.com/bot.html)"
52.167.144.162 - - [29/Apr/2025:16:00:49 -0400] "GET /?o=11451140112200&channel=614e95&from=category-info.php%3Fid%3D1401122-914%26name%3DYKKAP%E7%AA%93%E3%82%B5%E3%83%83%E3%82%B7+%E5%BC%95%E3%81%8D%E9%81%95%E3%81%84%E7%AA%93+%E3%83%95%E3%83%AC%E3%83%9F%E3%83%B3%E3%82%B0J%5B%E8%A4%87%E5%B1%A4%E3%82%AC%E3%83%A9%E3%82%B9%5D+2%E6%9E%9A%E5%BB%BA+%E5%8D%8A%E5%A4%96%E4%BB%98%E5%9E%8B%5B%E3%82%B5%E3%83%83%E3%82%B7%EF%BC%8B%E7%B6%B2%E6%88%B8%EF%BC%8B%E7%AA%93%E6%9E%A0%E3%82%BB%E3%83%83%E3%83%88%E5%93%81%5D%EF%BC%9A%5B%E5%B9%851640mm%C3%97%E9%AB%98970mm%5D%3Cbr%3E%E3%80%90%E3%82%A2%E3%83%AB%E3%83%9F%E3%82%B5%E3%83%83%E3%82%B7%E3%80%91%E3%80%90%E3%82%B5%E3%83%83%E3%82%B7%E7%AA%93%E3%80%91%E3%80%90%E5%BC%95%E9%81%95%E3%81%84%E7%AA%93%E3%80%91%E3%80%90%E3%83%9A%E3%82%A2%E3%82%AC%E3%83%A9%E3%82%B9%E3%80%91 HTTP/1.1" 200 0 "-" "Mozilla/5.0 AppleWebKit/537.36 (KHTML, like Gecko; compatible; bingbot/2.0; +http://www.bing.com/bingbot.htm) Chrome/116.0.1938.76 Safari/537.36"
66.249.73.129 - - [29/Apr/2025:16:00:51 -0400] "GET /?o=8520762078206&channel=71b68b&from=article.php%3Fid%3D620782-57%26name%3D%E7%BE%8E%E5%93%81%E3%80%80orslow+%E3%82%AA%E3%82%A2%E3%82%B9%E3%83%AD%E3%82%A6+%E3%82%B5%E3%82%B9%E3%83%9A%E3%83%B3%E3%83%80%E3%83%BC+%E3%82%AD%E3%83%A5%E3%83%AD%E3%83%83%E3%83%88%E3%83%91%E3%83%B3%E3%83%84%E3%80%80%E3%83%87%E3%83%8B%E3%83%A0%E3%83%91%E3%83%B3%E3%83%84 HTTP/1.1" 200 52190 "-" "Mozilla/5.0 (Linux; Android 6.0.1; Nexus 5X Build/MMB29P) AppleWebKit/537.36 (KHTML, like Gecko) Chrome/135.0.7049.95 Mobile Safari/537.36 (compatible; Googlebot/2.1; +http://www.google.com/bot.html)"
66.249.73.128 - - [29/Apr/2025:16:00:54 -0400] "GET /?o=53175138740005&channel=e4626f&from=shared.php%3Fid%3D1387400-1799%26name%3D%E6%96%B0%E5%93%81%E3%80%80%E5%A4%A7%E5%9E%8B%E7%94%A8%E3%80%80frp+%E3%82%B7%E3%83%B3%E3%82%B0%E3%83%AB%E3%82%B7%E3%83%BC%E3%83%88%E3%80%80%E3%82%B7%E3%83%BC%E3%83%88%E4%BB%98%E3%80%80%E7%A4%BE%E5%A4%96%E3%80%80%E3%82%AB%E3%82%B9%E3%82%BF%E3%83%A0%E3%80%80%E3%82%AB%E3%83%95%E3%82%A7%E3%80%80%E6%B1%8E%E7%94%A8 HTTP/1.1" 200 51984 "-" "Mozilla/5.0 (Linux; Android 6.0.1; Nexus 5X Build/MMB29P) AppleWebKit/537.36 (KHTML, like Gecko) Chrome/135.0.7049.95 Mobile Safari/537.36 (compatible; Googlebot/2.1; +http://www.google.com/bot.html)"
66.249.73.129 - - [29/Apr/2025:16:01:01 -0400] "GET /?o=29211192116102&channel=576480&from=form.php%3Fid%3D1921161-12787%26name%3D%E3%83%80%E3%83%B3%E3%83%99%E3%83%AB%E3%82%BB%E3%83%83%E3%83%88+20kg%C3%972%E5%80%8B%E3%82%BB%E3%83%83%E3%83%88+%E8%A8%8840kg+%E5%8F%AF%E5%A4%89%E5%BC%8F+%E3%83%90%E3%83%BC%E3%83%99%E3%83%AB%E3%82%82%E5%8F%AF%E8%83%BD+B22 HTTP/1.1" 200 53055 "-" "Mozilla/5.0 (Linux; Android 6.0.1; Nexus 5X Build/MMB29P) AppleWebKit/537.36 (KHTML, like Gecko) Chrome/135.0.7049.95 Mobile Safari/537.36 (compatible; Googlebot/2.1; +http://www.google.com/bot.html)"
66.249.73.129 - - [29/Apr/2025:16:01:07 -0400] "GET /?o=91398113305402&channel=9ff415&from=info.php%3Fid%3D1133054-903%26name%3DFERRAGAMO+%E3%83%95%E3%82%A7%E3%83%A9%E3%82%AC%E3%83%A2+%E3%83%81%E3%83%A3%E3%83%BC%E3%83%A0+22+0637+%E3%83%AC%E3%83%87%E3%82%A3%E3%83%BC%E3%82%B9+%E3%83%AC%E3%82%B6%E3%83%BC+%E3%82%AC%E3%83%B3%E3%83%81%E3%83%BC%E3%83%8B+%E3%83%90%E3%83%83%E3%82%B0%E3%83%81%E3%83%A3%E3%83%BC%E3%83%A0+001+NERO HTTP/1.1" 200 54943 "-" "Mozilla/5.0 (Linux; Android 6.0.1; Nexus 5X Build/MMB29P) AppleWebKit/537.36 (KHTML, like Gecko) Chrome/135.0.7049.95 Mobile Safari/537.36 (compatible; Googlebot/2.1; +http://www.google.com/bot.html)"
66.249.73.128 - - [29/Apr/2025:16:01:14 -0400] "GET /?o=52376104201906&channel=5e0bfe&from=form.php%3Fid%3D1042019-1557%26name%3DCASIO+EDIFICE+EQW-A1300B-1AJF+%E3%83%96%E3%83%A9%E3%83%83%E3%82%AF HTTP/1.1" 200 52971 "-" "Mozilla/5.0 (Linux; Android 6.0.1; Nexus 5X Build/MMB29P) AppleWebKit/537.36 (KHTML, like Gecko) Chrome/135.0.7049.95 Mobile Safari/537.36 (compatible; Googlebot/2.1; +http://www.google.com/bot.html)"
52.167.144.198 - - [29/Apr/2025:16:01:33 -0400] "GET /?o=08209176767803&channel=4f4017&from=shared.php%3Fid%3D1767678-2091%26name%3DJJ%E6%A7%98%E5%B0%82%E7%94%A8%E3%80%80RAINMAKER+KYOTO+%E3%82%A6%E3%83%BC%E3%83%AB%E3%83%8E%E3%83%BC%E3%82%AB%E3%83%A9%E3%83%BC%E3%82%B8%E3%83%A3%E3%82%B1%E3%83%83%E3%83%88 HTTP/1.1" 200 0 "-" "Mozilla/5.0 AppleWebKit/537.36 (KHTML, like Gecko; compatible; bingbot/2.0; +http://www.bing.com/bingbot.htm) Chrome/116.0.1938.76 Safari/537.36"
66.249.73.128 - - [29/Apr/2025:16:01:35 -0400] "GET /?o=4200125598300&channel=a2da23&from=product.php%3Fid%3D255983-4145%26name%3D%E3%82%A2%E3%83%AB%E3%83%91%E3%82%A4%E3%83%B3%E3%82%B9%E3%82%BF%E3%83%BC%E3%82%BA%E3%80%80%E3%83%90%E3%82%A4%E3%82%AF%E3%83%96%E3%83%BC%E3%83%84%E3%80%80%EF%BC%B3%EF%BC%8D%EF%BC%AD%EF%BC%B8%EF%BC%95 HTTP/1.1" 200 53415 "-" "Mozilla/5.0 (Linux; Android 6.0.1; Nexus 5X Build/MMB29P) AppleWebKit/537.36 (KHTML, like Gecko) Chrome/135.0.7049.95 Mobile Safari/537.36 (compatible; Googlebot/2.1; +http://www.google.com/bot.html)"
66.249.73.128 - - [29/Apr/2025:16:01:47 -0400] "GET /?o=2200779671800&channel=56d659&from=product.php%3Fid%3D796718-4979%26name%3D%E4%BF%9D%E8%A8%BC%E6%9B%B8+%E3%83%95%E3%83%83%E3%83%88%E3%83%9E%E3%83%95%E4%BB%98%E3%81%8D+%E3%82%B5%E3%82%A4%E3%83%99%E3%83%83%E3%82%AF%E3%82%B9+%E3%83%9F%E3%82%AA%E3%82%B9+%E3%83%99%E3%83%93%E3%83%BC%E3%82%AB%E3%83%BC HTTP/1.1" 200 54845 "-" "Mozilla/5.0 (Linux; Android 6.0.1; Nexus 5X Build/MMB29P) AppleWebKit/537.36 (KHTML, like Gecko) Chrome/135.0.7049.95 Mobile Safari/537.36 (compatible; Googlebot/2.1; +http://www.google.com/bot.html)"
66.249.73.128 - - [29/Apr/2025:16:01:50 -0400] "GET /?o=96989191069103&channel=917386&from=shared.php%3Fid%3D1910691-9843%26name%3D%E3%83%80%E3%82%A4%E3%83%A4%E3%83%A2%E3%83%B3%E3%83%89%E3%82%A2%E3%83%BC%E3%83%88+%E8%8A%B1+%E3%83%93%E3%83%BC%E3%82%BA%E3%82%A2%E3%83%BC%E3%83%88%2C+5D+%E3%83%80%E3%82%A4%E3%83%A4%E3%83%A2%E3%83%B3%E3%83%89%E3%83%93%E3%83%BC%E3%82%BA+%E3%83%9D%E3%83%94%E3%83%BC+Diamond+Painting+%E5%88%9D%E5%BF%83%E8%80%85+%E6%89%8B%E4%BD%9C%E3%82%8A%E3%82%AD%E3%83%83%E3%83%88+%E5%A4%A7 HTTP/1.1" 200 53358 "-" "Mozilla/5.0 (Linux; Android 6.0.1; Nexus 5X Build/MMB29P) AppleWebKit/537.36 (KHTML, like Gecko) Chrome/135.0.7049.95 Mobile Safari/537.36 (compatible; Googlebot/2.1; +http://www.google.com/bot.html)"
66.249.73.128 - - [29/Apr/2025:16:01:57 -0400] "GET /?o=691964041802&channel=ad7e99&from=shop.php%3Fid%3D40418-533%26name%3D%E5%85%A5%E5%AD%A6%E5%BC%8F+%E3%82%B9%E3%83%BC%E3%83%84+%E5%A5%B3%E3%81%AE%E5%AD%90+120+%E5%8D%92%E5%9C%92%E5%BC%8F+%E3%82%B9%E3%83%BC%E3%83%84+%E5%A5%B3%E3%81%AE%E5%AD%90+%E5%85%A5%E5%AD%A6%E5%BC%8F++%E5%A5%B3%E3%81%AE%E5%AD%90+%E5%AD%90%E4%BE%9B%E6%9C%8D+%E3%82%BB%E3%83%83%E3%83%88%E3%82%A2%E3%83%83%E3%83%97+%E5%8D%92%E5%9C%92%E5%BC%8F+%E5%AD%90%E4%BE%9B+%E3%83%95%E3%82%A9%E3%83%BC%E3%83%9E%E3%83%AB+%E3%82%B9%E3%83%BC%E3%83%84++%E5%85%A5%E5%AD%A6%E5%BC%8F%E5%AD%90%E4%BE%9B%E3%82%B9%E3%83%BC%E3%83%84+%E5%A5%B3%E3%81%AE%E5%AD%90+%E5%85%A5%E5%9C%92%E5%BC%8F+%E5%85%A5%E5%AD%A6%E5%BC%8F HTTP/1.1" 200 53278 "-" "Mozilla/5.0 (Linux; Android 6.0.1; Nexus 5X Build/MMB29P) AppleWebKit/537.36 (KHTML, like Gecko) Chrome/135.0.7049.95 Mobile Safari/537.36 (compatible; Googlebot/2.1; +http://www.google.com/bot.html)"
66.249.73.128 - - [29/Apr/2025:16:02:11 -0400] "GET /?o=02172199041904&channel=1bace8&from=shared.php%3Fid%3D1990419-15945%26name%3DBurberrys+%E7%B6%BF%E6%AF%9B%E5%B8%83 HTTP/1.1" 200 53216 "-" "Mozilla/5.0 (Linux; Android 6.0.1; Nexus 5X Build/MMB29P) AppleWebKit/537.36 (KHTML, like Gecko) Chrome/135.0.7049.95 Mobile Safari/537.36 (compatible; Googlebot/2.1; +http://www.google.com/bot.html)"
66.249.73.128 - - [29/Apr/2025:16:02:18 -0400] "GET /?o=8519914980712&channel=af37aa&from=news.php%3Fid%3D149807-1094%26name%3D%E3%80%90%E9%81%B8%E3%81%B9%E3%82%8B%E3%83%8E%E3%83%99%E3%83%AB%E3%83%86%E3%82%A3%E4%BB%98%E3%80%91master-piece+%E3%83%9E%E3%82%B9%E3%82%BF%E3%83%BC%E3%83%94%E3%83%BC%E3%82%B9+%E3%83%87%E3%83%B3%E3%82%B7%E3%83%86%E3%82%A3+2WAY%E3%83%90%E3%83%83%E3%82%AF%E3%83%91%E3%83%83%E3%82%AF+%EF%BC%88%E3%82%AB%E3%83%A9%E3%83%BC%EF%BC%9A%E3%83%96%E3%83%A9%E3%83%83%E3%82%AF%EF%BC%89+01389-hc+%7C+%E3%83%9E%E3%82%B9%E3%82%BF%E3%83%BC%E3%83%94%E3%83%BC%E3%82%B9+%E3%83%AA%E3%83%A5%E3%83%83%E3%82%AF+%E3%83%90%E3%83%83%E3%82%AF%E3%83%91%E3%83%83%E3%82%AF+%E3%83%93%E3%82%B8%E3%83%8D%E3%82%B9%E3%83%AA%E3%83%A5%E3%83%83%E3%82%AF+%E3%83%AA%E3%83%A5%E3%83%83%E3%82%AF%E3%82%B5%E3%83%83%E3%82%AF+%E6%97%A5%E6%9C%AC%E8%A3%BD+%7C+%E3%83%97%E3%83%AC%E3%82%BC%E3%83%B3%E3%83%88+%E3%82%AE%E3%83%95%E3%83%88 HTTP/1.1" 200 54512 "-" "Mozilla/5.0 (Linux; Android 6.0.1; Nexus 5X Build/MMB29P) AppleWebKit/537.36 (KHTML, like Gecko) Chrome/135.0.7049.95 Mobile Safari/537.36 (compatible; Googlebot/2.1; +http://www.google.com/bot.html)"
66.249.73.128 - - [29/Apr/2025:16:02:26 -0400] "GET /?o=82414122198500&channel=f28b8a&from=blog.php%3Fid%3D1221985-3015%26name%3D%E3%82%B3%E3%83%BC%E3%83%81+COACH+%E8%B2%A1%E5%B8%83+%E4%BA%8C%E3%81%A4%E6%8A%98%E3%82%8A%E8%B2%A1%E5%B8%83+FCW789+CW789+%E3%82%BF%E3%83%B3%C3%97%E3%83%96%E3%83%A9%E3%82%A6%E3%83%B3+%E3%82%B7%E3%82%B0%E3%83%8D%E3%83%81%E3%83%A3%E3%83%BC+%E3%82%B3%E3%83%BC%E3%83%86%E3%83%83%E3%83%89+%E3%82%AD%E3%83%A3%E3%83%B3%E3%83%90%E3%82%B9+%E3%83%AC%E3%82%B6%E3%83%BC+%E3%82%B9%E3%83%8A%E3%83%83%E3%83%97+%E3%82%A6%E3%82%A9%E3%83%AC%E3%83%83%E3%83%88+%E3%82%A2%E3%82%A6%E3%83%88%E3%83%AC%E3%83%83%E3%83%88+%E3%83%AC%E3%83%87%E3%82%A3%E3%83%BC%E3%82%B9 HTTP/1.1" 200 54711 "-" "Mozilla/5.0 (Linux; Android 6.0.1; Nexus 5X Build/MMB29P) AppleWebKit/537.36 (KHTML, like Gecko) Chrome/135.0.7049.95 Mobile Safari/537.36 (compatible; Googlebot/2.1; +http://www.google.com/bot.html)"
66.249.73.128 - - [29/Apr/2025:16:02:31 -0400] "GET /?o=87962178961305&channel=00d95f&from=article.php%3Fid%3D1789613-16019%26name%3D1%E3%83%9A%E3%82%A2%E8%87%AA%E5%8B%95%E8%BB%8A%E3%82%A2%E3%82%AF%E3%82%BB%E3%82%B5%E3%83%AA%E3%83%BC%E3%83%95%E3%83%AD%E3%83%B3%E3%83%88%E3%83%90%E3%83%B3%E3%83%91%E3%83%BC%E3%82%B5%E3%83%9D%E3%83%BC%E3%83%88%E3%83%96%E3%83%A9%E3%82%B1%E3%83%83%E3%83%88%E4%BA%A4%E6%8F%9B30678481+30678482+For+S40+V50+2004- HTTP/1.1" 200 54295 "-" "Mozilla/5.0 (Linux; Android 6.0.1; Nexus 5X Build/MMB29P) AppleWebKit/537.36 (KHTML, like Gecko) Chrome/135.0.7049.95 Mobile Safari/537.36 (compatible; Googlebot/2.1; +http://www.google.com/bot.html)"
66.249.73.128 - - [29/Apr/2025:16:02:42 -0400] "GET /?o=9169199424303&channel=a78ab2&from=shared.php%3Fid%3D994243-21738%26name%3DKNIPEX+76+81+125+Electronics+Diagonal+Cutters+by+Knipex HTTP/1.1" 200 53958 "-" "Mozilla/5.0 (Linux; Android 6.0.1; Nexus 5X Build/MMB29P) AppleWebKit/537.36 (KHTML, like Gecko) Chrome/135.0.7049.95 Mobile Safari/537.36 (compatible; Googlebot/2.1; +http://www.google.com/bot.html)"
66.249.73.128 - - [29/Apr/2025:16:02:48 -0400] "GET /?o=809989402405&channel=7f73bd&from=product.php%3Fid%3D94024-6674%26name%3DGUS+AC+220V+DN15+DN20+DN25+2%E6%89%8B%E5%8B%95%E3%82%B9%E3%82%A4%E3%83%83%E3%83%81%E4%BB%98%E3%81%8D%E3%82%A6%E3%82%A7%E3%82%A43%E3%83%AF%E3%82%A4%E3%83%A4%E3%83%BC%E7%9C%9F%E9%8D%AE%E9%9B%BB%E5%8B%95%E3%83%9C%E3%83%BC%E3%83%AB%E3%83%90%E3%83%AB%E3%83%96%E9%9B%BB%E5%8B%95%E3%82%A2%E3%82%AF%E3%83%81%E3%83%A5%E3%82%A2%E3%83%88%28DN1 HTTP/1.1" 200 54298 "-" "Mozilla/5.0 (Linux; Android 6.0.1; Nexus 5X Build/MMB29P) AppleWebKit/537.36 (KHTML, like Gecko) Chrome/135.0.7049.95 Mobile Safari/537.36 (compatible; Googlebot/2.1; +http://www.google.com/bot.html)"
66.249.73.128 - - [29/Apr/2025:16:02:49 -0400] "GET /?o=12271158929831&channel=32baac&from=goods.php%3Fid%3D1589298-1509%26name%3D%E3%80%90%E3%82%BB%E3%83%83%E3%83%88%E3%82%A2%E3%83%83%E3%83%97%E5%AF%BE%E5%BF%9C%E3%80%91%E6%98%A5%E3%83%84%E3%82%A4%E3%83%BC%E3%83%89+%E3%82%B3%E3%83%B3%E3%83%91%E3%82%AF%E3%83%88%E3%82%B8%E3%83%AC HTTP/1.1" 200 51509 "-" "Mozilla/5.0 (Linux; Android 6.0.1; Nexus 5X Build/MMB29P) AppleWebKit/537.36 (KHTML, like Gecko) Chrome/135.0.7049.95 Mobile Safari/537.36 (compatible; Googlebot/2.1; +http://www.google.com/bot.html)"
66.249.73.128 - - [29/Apr/2025:16:02:54 -0400] "GET /?o=2992022779801&channel=18daaf&from=product.php%3Fid%3D227798-7151%26name%3DSigvaris+Soft+Opaque+841NSSW35+15-20mmHg+Closed+Toe%2C+Thigh-Highs+S HTTP/1.1" 200 54990 "-" "Mozilla/5.0 (Linux; Android 6.0.1; Nexus 5X Build/MMB29P) AppleWebKit/537.36 (KHTML, like Gecko) Chrome/135.0.7049.95 Mobile Safari/537.36 (compatible; Googlebot/2.1; +http://www.google.com/bot.html)"
66.249.73.128 - - [29/Apr/2025:16:02:58 -0400] "GET /?o=1620595325404&channel=668c12&from=news.php%3Fid%3D953254-3813%26name%3D%E3%82%B7%E3%83%A5%E3%82%BF%E3%82%A4%E3%83%95%E2%98%85STEIFF+CLUB%E2%98%85%E9%A6%99%E6%B8%AF+ROMANTIC+%E3%83%86%E3%83%87%E3%82%A3%E3%83%99%E3%82%A2+1996%E3%80%811997%E5%B9%B4%E9%99%90%E5%AE%9A+%E4%BF%9D%E8%A8%BC%E6%9B%B8%E4%BB%98%E3%81%8D+%E7%AE%B1%E5%85%A5%E3%82%8A%E2%91%A5 HTTP/1.1" 200 53520 "-" "Mozilla/5.0 (Linux; Android 6.0.1; Nexus 5X Build/MMB29P) AppleWebKit/537.36 (KHTML, like Gecko) Chrome/135.0.7049.95 Mobile Safari/537.36 (compatible; Googlebot/2.1; +http://www.google.com/bot.html)"
66.249.73.128 - - [29/Apr/2025:16:03:01 -0400] "GET /?o=82943173133603&channel=d4431a&from=article.php%3Fid%3D1731336-28044%26name%3D%E3%83%8E%E3%83%BC%E3%83%88%E3%83%91%E3%82%BD%E3%82%B3%E3%83%B3%E3%82%AF%E3%83%AA%E3%83%BC%E3%83%8B%E3%83%B3%E3%82%B0%E3%83%96%E3%83%A9%E3%82%B7%E3%80%81%E9%9A%99%E9%96%93%E3%82%AF%E3%83%AA%E3%83%BC%E3%83%8B%E3%83%B3%E3%82%B0%E3%83%96%E3%83%A9%E3%82%B7%2C2-in-1+%E5%B1%8B%E5%86%85%E7%94%A8%E9%99%A4%E5%A1%B5%E3%83%96%E3%83%A9%E3%82%B7+%7C+%E5%B1%8B%E5%86%85%E9%99%A4%E5%A1%B5%E7%94%A8%E3%81%AE%E6%9F%94%E3%82%89%E3%81%8B%E3%81%84%E6%AF%9B%E9%9A%99%E9%96%93%E3%83%96%E3%83%A9%E3%82%B7%E4%BA%BA%E9%96%93%E5%B7%A5 HTTP/1.1" 200 53788 "-" "Mozilla/5.0 (Linux; Android 6.0.1; Nexus 5X Build/MMB29P) AppleWebKit/537.36 (KHTML, like Gecko) Chrome/135.0.7049.95 Mobile Safari/537.36 (compatible; Googlebot/2.1; +http://www.google.com/bot.html)"
66.249.73.128 - - [29/Apr/2025:16:03:03 -0400] "GET /?o=4810833377901&channel=21ff45&from=jp.php%3Fid%3D333779-1696%26name%3D%E5%85%89%E8%A7%A6%E5%AA%92%E3%80%80%E4%BA%BA%E5%B7%A5%E8%A6%B3%E8%91%89%E6%A4%8D%E7%89%A9%E3%80%80%E3%82%A6%E3%82%A9%E3%83%BC%E3%83%AB%E3%82%B0%E3%83%AA%E3%83%BC%E3%83%B3%E3%80%80%E3%83%95%E3%82%A7%E3%82%A4%E3%82%AF%E3%82%B0%E3%83%AA%E3%83%BC%E3%83%B3%E3%80%80%E3%83%A2%E3%83%B3%E3%82%B9%E3%83%86%E3%83%A9+1.0m HTTP/1.1" 200 54530 "-" "Mozilla/5.0 (Linux; Android 6.0.1; Nexus 5X Build/MMB29P) AppleWebKit/537.36 (KHTML, like Gecko) Chrome/135.0.7049.95 Mobile Safari/537.36 (compatible; Googlebot/2.1; +http://www.google.com/bot.html)"
66.249.73.128 - - [29/Apr/2025:16:03:05 -0400] "GET /?o=3110393066808&channel=8fc3a2&from=shared.php%3Fid%3D930668-5882%26name%3D%E7%B2%98%E7%9D%80%E3%83%95%E3%82%A3%E3%83%AB%E3%83%A0+%E3%82%AA%E3%83%BC%E3%82%AC%E3%83%8A%E3%82%A4%E3%82%B6%E3%83%BC+%E3%82%A6%E3%82%A9%E3%83%BC%E3%83%AB+%E3%83%9E%E3%82%A6%E3%83%B3%E3%83%88%E3%80%81%E7%B2%98%E7%9D%80%E3%83%95%E3%82%A3%E3%83%AB%E3%83%A0+%E3%82%B9%E3%83%88%E3%83%AC%E3%83%BC%E3%82%B8+%7C+%E3%83%95%E3%83%BC%E3%83%89%E3%83%A9%E3%83%83%E3%83%97%E3%83%90%E3%83%83%E3%82%B0%E5%8F%8E%E7%B4%8D%E3%82%AA%E3%83%BC%E3%82%AC%E3%83%8A%E3%82%A4%E3%82%B6%E3%83%BC%2C%E3%82%AD%E3%83%83%E3%83%81%E3%83%B3%E3%83%A9%E3%83%83%E3%83%97 HTTP/1.1" 200 54305 "-" "Mozilla/5.0 (Linux; Android 6.0.1; Nexus 5X Build/MMB29P) AppleWebKit/537.36 (KHTML, like Gecko) Chrome/135.0.7049.95 Mobile Safari/537.36 (compatible; Googlebot/2.1; +http://www.google.com/bot.html)"
66.249.73.128 - - [29/Apr/2025:16:03:09 -0400] "GET /?o=5687761745703&channel=56b742&from=article.php%3Fid%3D617457-14681%26name%3D%E3%83%90%E3%83%AC%E3%83%B3%E3%82%B7%E3%82%A2%E3%82%AC%C3%97IBIZA+%E3%82%B9%E3%83%A2%E3%83%BC%E3%83%AB+%E3%82%B9%E3%83%88%E3%83%A9%E3%83%83%E3%83%97%E4%BB%98%E3%81%8D%E3%83%90%E3%82%B9%E3%82%B1%E3%83%83%E3%83%88S%E3%80%80%E3%83%AA%E3%83%83%E3%83%97%E3%82%B9%E3%83%86%E3%82%A3%E3%83%83%E3%82%AF HTTP/1.1" 200 53829 "-" "Mozilla/5.0 (Linux; Android 6.0.1; Nexus 5X Build/MMB29P) AppleWebKit/537.36 (KHTML, like Gecko) Chrome/135.0.7049.95 Mobile Safari/537.36 (compatible; Googlebot/2.1; +http://www.google.com/bot.html)"
66.249.73.128 - - [29/Apr/2025:16:03:17 -0400] "GET /?o=1027340357201&channel=e4626f&from=goods.php%3Fid%3D403572-1799%26name%3D%E3%82%B7%E3%83%A3%E3%83%AA%E3%83%BC%E4%B8%89%E6%9C%AC%E3%82%B9%E3%83%9D%E3%83%BC%E3%82%AF%E4%B8%AD%E5%8F%A4%E3%80%80%E6%96%B0%E5%93%81%E3%82%BF%E3%83%8A%E3%82%AB10%E3%82%A4%E3%83%B3%E3%83%814j+%E6%96%B0%E5%93%81%E3%82%B7%E3%83%B3%E3%82%B3%E3%83%BC3.5j+%E3%82%BB%E3%83%83%E3%83%88 HTTP/1.1" 200 52859 "-" "Mozilla/5.0 (Linux; Android 6.0.1; Nexus 5X Build/MMB29P) AppleWebKit/537.36 (KHTML, like Gecko) Chrome/135.0.7049.95 Mobile Safari/537.36 (compatible; Googlebot/2.1; +http://www.google.com/bot.html)"
66.249.73.128 - - [29/Apr/2025:16:03:25 -0400] "GET /?o=119283714102&channel=575aed&from=info.php%3Fid%3D37141-3151%26name%3D%E3%80%90%E5%8F%97%E6%B3%A8%E7%94%9F%E7%94%A3%E5%93%81%E3%80%91%E3%82%A4%E3%83%8A%E3%83%90%E7%89%A9%E7%BD%AE+BJX%EF%BC%8F%E3%82%BF%E3%82%A4%E3%83%A4%E3%82%B9%E3%83%88%E3%83%83%E3%82%AB%E3%83%BC+BJX-099DT+EB+%E3%82%BF%E3%82%A4%E3%83%A4%E5%B0%82%E7%94%A8%E5%8F%8E%E7%B4%8D%E5%BA%AB+%E3%80%8E%E5%B1%8B%E5%A4%96%E7%94%A8%E3%83%89%E3%82%A2%E5%9E%8B%E5%B0%8F%E5%9E%8B%E7%89%A9%E7%BD%AE+DIY%E5%90%91%E3%81%91%E3%80%8F HTTP/1.1" 200 54365 "-" "Mozilla/5.0 (Linux; Android 6.0.1; Nexus 5X Build/MMB29P) AppleWebKit/537.36 (KHTML, like Gecko) Chrome/135.0.7049.95 Mobile Safari/537.36 (compatible; Googlebot/2.1; +http://www.google.com/bot.html)"
66.249.73.128 - - [29/Apr/2025:16:03:28 -0400] "GET /?o=19441140001800&channel=8b0efa&from=brands.php%3Fid%3D1400018-14831%26name%3D%E6%96%B0%E5%93%81%E6%9C%AA%E4%BD%BF%E7%94%A8%E3%80%80%E9%87%8D%E7%AE%B1+%E9%87%91%E8%89%B2%E3%82%B9%E3%83%88%E3%83%A9%E3%82%A4%E3%83%97%E6%A8%A1%E6%A7%98 HTTP/1.1" 200 52928 "-" "Mozilla/5.0 (Linux; Android 6.0.1; Nexus 5X Build/MMB29P) AppleWebKit/537.36 (KHTML, like Gecko) Chrome/135.0.7049.114 Mobile Safari/537.36 (compatible; Googlebot/2.1; +http://www.google.com/bot.html)"
66.249.73.128 - - [29/Apr/2025:16:03:47 -0400] "GET /?o=3922588464900&channel=c09aa1&from=article.php%3Fid%3D884649-15982%26name%3D%E3%80%90%E7%BE%8E%E5%93%81+%E8%BF%94%E5%93%81%E4%BF%9D%E8%A8%BC%E3%80%91+%E3%83%8B%E3%82%B3%E3%83%B3+Nikon+AF-S+Teleconverter+TC-14EII+1.4x+%E3%82%B3%E3%83%B3%E3%83%90%E3%83%BC%E3%82%BF%E3%83%BC+M3361 HTTP/1.1" 200 58476 "-" "Mozilla/5.0 (Linux; Android 6.0.1; Nexus 5X Build/MMB29P) AppleWebKit/537.36 (KHTML, like Gecko) Chrome/135.0.7049.95 Mobile Safari/537.36 (compatible; Googlebot/2.1; +http://www.google.com/bot.html)"
66.249.73.128 - - [29/Apr/2025:16:03:56 -0400] "GET /?o=12372146958712&channel=9a89c8&from=goods.php%3Fid%3D1469587-4522%26name%3DBANDEL+Earth+mini+%E7%A3%81%E6%B0%97%E3%83%8D%E3%83%83%E3%82%AF%E3%83%AC%E3%82%B9+Black%C3%97Gold+%E3%83%90%E3%83%B3%E3%83%87%E3%83%AB+%E3%83%8D%E3%83%83%E3%82%AF%E3%83%AC%E3%82%B9+%E3%82%A2%E3%83%BC%E3%82%B9%E3%83%9F%E3%83%8B+%E3%83%A1%E3%83%B3%E3%82%BA+%E3%83%AC%E3%83%87%E3%82%A3%E3%83%BC%E3%82%B9+%E8%82%A9%E3%81%93%E3%82%8A+%E8%82%A9%E3%81%93%E3%82%8A%E8%A7%A3%E6%B6%88+%E5%86%B7%E3%81%88%E8%A7%A3%E6%B6%88+%E3%83%97%E3%83%AC%E3%82%BC%E3%83%B3%E3%83%88+%E3%82%AE%E3%83%95%E3%83%88 HTTP/1.1" 200 54907 "-" "Mozilla/5.0 (Linux; Android 6.0.1; Nexus 5X Build/MMB29P) AppleWebKit/537.36 (KHTML, like Gecko) Chrome/135.0.7049.95 Mobile Safari/537.36 (compatible; Googlebot/2.1; +http://www.google.com/bot.html)"
66.249.73.130 - - [29/Apr/2025:16:04:04 -0400] "GET /?o=81203176441203&channel=0f31e0&from=shop.php%3Fid%3D1764412-8938%26name%3DNo.36%E9%89%84%E9%81%93N%E3%82%B2%E3%83%BC%E3%82%B8%E3%82%B8%E3%82%AA%E3%83%A9%E3%83%9E%E8%BB%8A%E4%B8%A1%E4%BB%98%E3%81%8D HTTP/1.1" 200 53217 "-" "Mozilla/5.0 (Linux; Android 6.0.1; Nexus 5X Build/MMB29P) AppleWebKit/537.36 (KHTML, like Gecko) Chrome/135.0.7049.95 Mobile Safari/537.36 (compatible; Googlebot/2.1; +http://www.google.com/bot.html)"
190.92.209.121 - - [29/Apr/2025:16:04:10 -0400] "GET /tag/erek-erek-05/ HTTP/1.1" 200 0 "-" "Mozilla/5.0 (Macintosh; Intel Mac OS X 10_15_7) AppleWebKit/537.36 (KHTML, like Gecko) Chrome/134.0.0.0 Safari/537.36"
66.249.73.129 - - [29/Apr/2025:16:04:12 -0400] "GET /?o=13738136329704&channel=680a4d&from=pin.php%3Fid%3D1363297-10145%26name%3D%E3%83%A0%E3%83%BC%E3%83%88%E3%83%B3%E3%82%B7%E3%83%BC%E3%83%84%E3%80%80%E3%83%A0%E3%83%BC%E3%83%88%E3%83%B3%E3%83%A9%E3%82%B0%E3%80%80100x200cm HTTP/1.1" 200 53084 "-" "Mozilla/5.0 (Linux; Android 6.0.1; Nexus 5X Build/MMB29P) AppleWebKit/537.36 (KHTML, like Gecko) Chrome/135.0.7049.95 Mobile Safari/537.36 (compatible; Googlebot/2.1; +http://www.google.com/bot.html)"
190.92.209.121 - - [29/Apr/2025:16:04:16 -0400] "GET /tag/erek-erek-05/b'https://bocorantogeljitu.co/tag/erek-erek-05/' HTTP/1.1" 200 0 "https://bocorantogeljitu.co/tag/erek-erek-05/" "Mozilla/5.0 (Macintosh; Intel Mac OS X 10_15_7) AppleWebKit/537.36 (KHTML, like Gecko) Chrome/134.0.0.0 Safari/537.36"
66.249.73.128 - - [29/Apr/2025:16:04:17 -0400] "GET /?o=70658100244805&channel=1b03d3&from=form.php%3Fid%3D1002448-7194%26name%3D%E3%83%AB%E3%82%A4%E3%83%BB%E3%83%B4%E3%82%A3%E3%83%88%E3%83%B3+LOUIS+VUITTON+%E3%83%AA%E3%83%B3%E3%82%B0+%E3%82%A2%E3%83%AA%E3%82%A2%E3%83%B3%E3%82%B9+%E3%83%95%E3%83%AB%E3%82%B5%E3%83%BC%E3%82%AF%E3%83%AB+%E3%82%A8%E3%82%BF%E3%83%8B%E3%83%86%E3%82%A3+%E3%83%80%E3%82%A4%E3%83%A4%E3%83%A2%E3%83%B3%E3%83%89+K18PG+9%E5%8F%B7+%2F+%2349+%E3%80%90%E4%B8%AD%E5%8F%A4%E3%80%91 HTTP/1.1" 200 53478 "-" "Mozilla/5.0 (Linux; Android 6.0.1; Nexus 5X Build/MMB29P) AppleWebKit/537.36 (KHTML, like Gecko) Chrome/135.0.7049.95 Mobile Safari/537.36 (compatible; Googlebot/2.1; +http://www.google.com/bot.html)"
66.249.73.128 - - [29/Apr/2025:16:04:24 -0400] "GET /?o=21818171044401&channel=b2731c&from=brands.php%3Fid%3D1710444-7263%26name%3D%E9%95%B7%E6%96%B9%E5%BD%A2+%E3%83%86%E3%83%BC%E3%83%96%E3%83%AB%E3%83%9E%E3%83%83%E3%83%88+%E9%80%8F%E6%98%8E+%E3%83%86%E3%83%BC%E3%83%96%E3%83%AB%E3%82%AF%E3%83%AD%E3%82%B9+%E5%8E%9A%E3%81%950.8mm+%E3%82%AF%E3%83%AA%E3%82%A2+%E3%83%93%E3%83%8B%E3%83%BC%E3%83%AB+%E3%83%87%E3%82%B9%E3%82%AF%E3%83%9E%E3%83%83%E3%83%88+%E3%83%9E%E3%83%83%E3%83%88+%E3%83%86%E3%83%BC%E3%83%96%E3%83%AB%E3%82%AB%E3%83%90%E3%83%BC+PVC%E8%A3%BD+90 HTTP/1.1" 200 54203 "-" "Mozilla/5.0 (Linux; Android 6.0.1; Nexus 5X Build/MMB29P) AppleWebKit/537.36 (KHTML, like Gecko) Chrome/135.0.7049.95 Mobile Safari/537.36 (compatible; Googlebot/2.1; +http://www.google.com/bot.html)"
66.249.73.128 - - [29/Apr/2025:16:04:32 -0400] "GET /?o=90051100844203&channel=da645a&from=brands.php%3Fid%3D1008442-18562%26name%3DLOCADENCE+%E7%87%83%E6%96%99%E3%82%A4%E3%83%B3%E3%82%B8%E3%82%A7%E3%82%AF%E3%82%BF%E3%83%BC%E3%82%AF%E3%83%AA%E3%83%BC%E3%83%8A%E3%83%BC%E3%83%84%E3%83%BC%E3%83%AB%E3%82%AD%E3%83%83%E3%83%88%E3%80%81%E8%87%AA%E5%8B%95%E8%BB%8A%E7%94%A8%E5%99%B4%E5%B0%84%E3%83%8E%E3%82%BA%E3%83%AB%E3%82%B9%E3%83%AD%E3%83%83%E3%83%88%E3%83%AB%E5%90%8A%E3%82%8A%E4%B8%8B%E3%81%92%E3%83%9C%E3%83%88%E3%83%AB%E3%82%AF%E3%83%AA%E3%83%BC%E3%83%8B%E3%83%B3%E3%82%B0%E3%83%84%E3%83%BC%E3%83%AB%E3%82%BB%E3%83%83%E3%83%88%E3%80%81%E8%87%AA HTTP/1.1" 200 54180 "-" "Mozilla/5.0 (Linux; Android 6.0.1; Nexus 5X Build/MMB29P) AppleWebKit/537.36 (KHTML, like Gecko) Chrome/135.0.7049.95 Mobile Safari/537.36 (compatible; Googlebot/2.1; +http://www.google.com/bot.html)"
66.249.73.128 - - [29/Apr/2025:16:04:33 -0400] "GET /?o=2177290425000&channel=2decab&from=brands.php%3Fid%3D904250-21737%26name%3D%E3%82%A8%E3%82%B9%E3%82%B3%28Esco%29+1070mm+%E6%9B%BF%E5%88%83+EA545NA-6%E7%94%A8+EA545NA-16 HTTP/1.1" 200 52814 "-" "Mozilla/5.0 (Linux; Android 6.0.1; Nexus 5X Build/MMB29P) AppleWebKit/537.36 (KHTML, like Gecko) Chrome/135.0.7049.114 Mobile Safari/537.36 (compatible; Googlebot/2.1; +http://www.google.com/bot.html)"
66.249.73.128 - - [29/Apr/2025:16:04:42 -0400] "GET /?o=8961818888602&channel=48dc1c&from=blog.php%3Fid%3D188886-912%26name%3D%E3%82%A4%E3%83%B3%E3%83%91%E3%83%AB%E3%82%B9%E5%9E%8B%E3%82%B7%E3%83%BC%E3%83%A9%E3%83%BC+%E3%83%8F%E3%83%B3%E3%83%89%E3%82%A4%E3%83%B3%E3%83%91%E3%83%AB%E3%82%B9+T-50+%28%E3%82%B7%E3%83%BC%E3%83%AB%E5%B9%85500mm%29+%5B%E3%82%A4%E3%83%B3%E3%83%91%E3%83%AB%E3%82%B9%E3%82%B7%E3%83%BC%E3%83%A9%E3%83%BC%5D HTTP/1.1" 200 54180 "-" "Mozilla/5.0 (Linux; Android 6.0.1; Nexus 5X Build/MMB29P) AppleWebKit/537.36 (KHTML, like Gecko) Chrome/135.0.7049.95 Mobile Safari/537.36 (compatible; Googlebot/2.1; +http://www.google.com/bot.html)"
66.249.73.128 - - [29/Apr/2025:16:04:55 -0400] "GET /?o=0922961110800&channel=8cc7d0&from=pin.php%3Fid%3D611108-2454%26name%3D%E3%83%9A%E3%83%B3%E3%83%80%E3%83%B3%E3%83%88%E3%83%A9%E3%82%A4%E3%83%88%E3%80%80%E3%82%BD%E3%83%95%E3%82%A3%E3%82%A2%28242P-5FN%29 HTTP/1.1" 200 54932 "-" "Mozilla/5.0 (Linux; Android 6.0.1; Nexus 5X Build/MMB29P) AppleWebKit/537.36 (KHTML, like Gecko) Chrome/135.0.7049.95 Mobile Safari/537.36 (compatible; Googlebot/2.1; +http://www.google.com/bot.html)"
66.249.73.130 - - [29/Apr/2025:16:05:00 -0400] "GET /?o=87712125657809&channel=09f629&from=news.php%3Fid%3D1256578-20115%26name%3D%E7%9C%9F%E4%BD%9C%2F%E7%8B%A9%E9%87%8E%E6%8E%A2%E5%B9%BD%2F%E5%AF%BF%E8%80%81%E4%BA%BA%E5%9B%B3%2F%E6%8E%9B%E8%BB%B8%E2%98%86%E5%AE%9D%E8%88%B9%E2%98%86AA-194 HTTP/1.1" 200 54396 "-" "Mozilla/5.0 (Linux; Android 6.0.1; Nexus 5X Build/MMB29P) AppleWebKit/537.36 (KHTML, like Gecko) Chrome/135.0.7049.95 Mobile Safari/537.36 (compatible; Googlebot/2.1; +http://www.google.com/bot.html)"
66.249.73.129 - - [29/Apr/2025:16:05:05 -0400] "GET /?o=64009166054204&channel=97e3ba&from=pin.php%3Fid%3D1660542-27034%26name%3DQSTDGVPW+6x+3%E6%A1%81%E3%82%B3%E3%83%B3%E3%83%93%E3%83%8D%E3%83%BC%E3%82%B7%E3%83%A7%E3%83%B3%E3%83%AD%E3%83%83%E3%82%AF+%E5%B1%8B%E5%A4%96%E7%94%A8+%E8%80%90%E5%80%99%E6%80%A7%E5%8D%97%E4%BA%AC%E9%8C%A0+%E3%82%B9%E3%83%81%E3%83%BC%E3%83%AB%E3%82%B1%E3%83%BC%E3%83%96%E3%83%AB%E4%BB%98%E3%81%8D+%E3%82%B8%E3%83%A0%E3%83%AD%E3%83%83%E3%82%AB%E3%83%BC%E3%80%81%E3%83%98%E3%83%AB%E3%83%A1%E3%83%83%E3%83%88%E3%80%81%E3%82%B2%E3%83%BC%E3%83%88%E3%80%81%E3%83%95 HTTP/1.1" 200 54528 "-" "Mozilla/5.0 (Linux; Android 6.0.1; Nexus 5X Build/MMB29P) AppleWebKit/537.36 (KHTML, like Gecko) Chrome/135.0.7049.95 Mobile Safari/537.36 (compatible; Googlebot/2.1; +http://www.google.com/bot.html)"
66.249.73.128 - - [29/Apr/2025:16:05:19 -0400] "GET /?o=3017866687203&channel=ffb113&from=goods.php%3Fid%3D666872-1786%26name%3D%E3%82%B7%E3%83%9E%E3%83%8E%28SHIMANO%29+RA-101X+%E3%83%8D%E3%82%AF%E3%82%B5%E3%82%B9+%E3%82%B4%E3%82%A2%E3%83%86%E3%83%83%E3%82%AF%E3%82%B9+%E3%83%AC%E3%82%A4%E3%83%B3%E3%82%B9%E3%83%BC%E3%83%84+%E5%85%A84%E3%82%B5%E3%82%A4%E3%82%BA HTTP/1.1" 200 52593 "-" "Mozilla/5.0 (Linux; Android 6.0.1; Nexus 5X Build/MMB29P) AppleWebKit/537.36 (KHTML, like Gecko) Chrome/135.0.7049.95 Mobile Safari/537.36 (compatible; Googlebot/2.1; +http://www.google.com/bot.html)"
66.249.73.128 - - [29/Apr/2025:16:05:25 -0400] "GET /?o=7121784738401&channel=ac0c99&from=shared.php%3Fid%3D847384-2398%26name%3D%E3%80%901%2F18%7E21%E2%98%85%E3%82%AF%E3%83%BC%E3%83%9D%E3%83%B3%E3%81%A7%E6%9C%80%E5%A4%A710%EF%BC%85OFF%E3%80%91%E3%80%90%E3%83%AC%E3%83%B3%E3%82%BF%E3%83%AB%E3%80%91%E8%A2%B4+%E5%8D%92%E6%A5%AD%E5%BC%8F+%E3%83%AC%E3%83%B3%E3%82%BF%E3%83%AB+%E5%A5%B3+%E5%A5%B3%E6%80%A7+%E8%A2%B4%E3%82%BB%E3%83%83%E3%83%88+%E3%83%95%E3%83%AB%E3%82%BB%E3%83%83%E3%83%88+%E5%A4%A7%E4%BA%BA+%E3%83%AC%E3%83%87%E3%82%A3%E3%83%BC%E3%82%B9+%E5%A4%A7%E5%AD%A6+%E5%92%8C%E6%9C%8D+%E7%9D%80%E7%89%A9%E3%82%BB%E3%83%83%E3%83%88+%E8%8A%B1%E6%9F%84+%E3%82%B0%E3%83%AC%E3%83%BC+%E8%8F%8A+%E4%B8%83%E5%AE%9D+%E3%83%A2%E3%83%80%E3%83%B3+%E5%BE%80%E5%BE%A9%E9%80%81%E6%96%99%E7%84%A1%E6%96%99 HTTP/1.1" 200 55811 "-" "Mozilla/5.0 (Linux; Android 6.0.1; Nexus 5X Build/MMB29P) AppleWebKit/537.36 (KHTML, like Gecko) Chrome/135.0.7049.95 Mobile Safari/537.36 (compatible; Googlebot/2.1; +http://www.google.com/bot.html)"
66.249.73.128 - - [29/Apr/2025:16:05:36 -0400] "GET /?o=13578124588400&channel=f696d9&from=shop.php%3Fid%3D1245884-8021%26name%3D%E9%9B%BB%E5%AD%90%E3%83%94%E3%82%A2%E3%83%8E+YAMAHA+%E3%83%A4%E3%83%9E%E3%83%8F+ARIUS+%E3%82%A2%E3%83%AA%E3%82%A6%E3%82%B9+YDP-162R+%E6%BB%B2%E3%81%BF+2013%E8%A3%BD+%E5%8B%95%E4%BD%9C%E5%93%81 HTTP/1.1" 200 56030 "-" "Mozilla/5.0 (Linux; Android 6.0.1; Nexus 5X Build/MMB29P) AppleWebKit/537.36 (KHTML, like Gecko) Chrome/135.0.7049.95 Mobile Safari/537.36 (compatible; Googlebot/2.1; +http://www.google.com/bot.html)"
66.249.73.128 - - [29/Apr/2025:16:05:41 -0400] "GET /?o=8173596238601&channel=a58c2e&from=form.php%3Fid%3D962386-18649%26name%3D%E3%82%A6%E3%82%A3%E3%83%B3%E3%83%89%E3%82%A6%E3%83%90%E3%82%A4%E3%82%B6%E3%83%BC+%E3%81%AB%E3%81%A8%E3%81%A3%E3%81%A6+MG+ZS+EV+MGZS+2017+2018+2019+2020+2021+2022+%E3%82%B5%E3%83%B3%E3%83%AC%E3%82%A4%E3%83%B3%E3%82%AC%E3%83%BC HTTP/1.1" 200 52158 "-" "Mozilla/5.0 (Linux; Android 6.0.1; Nexus 5X Build/MMB29P) AppleWebKit/537.36 (KHTML, like Gecko) Chrome/135.0.7049.95 Mobile Safari/537.36 (compatible; Googlebot/2.1; +http://www.google.com/bot.html)"
66.249.73.128 - - [29/Apr/2025:16:05:53 -0400] "GET /?o=02173113315604&channel=351b88&from=info.php%3Fid%3D1133156-6662%26name%3D%E3%83%97%E3%83%AA%E3%82%A6%E3%82%B9%CE%B1+%E5%89%8D%E6%9C%9F%E3%83%A2%E3%83%87%E3%83%AA%E3%82%B9%E3%82%BF%E3%83%95%E3%83%AD%E3%83%B3%E3%83%88%E3%82%B9%E3%83%9D%E3%82%A4%E3%83%A9%E3%83%BC HTTP/1.1" 200 54517 "-" "Mozilla/5.0 (Linux; Android 6.0.1; Nexus 5X Build/MMB29P) AppleWebKit/537.36 (KHTML, like Gecko) Chrome/135.0.7049.95 Mobile Safari/537.36 (compatible; Googlebot/2.1; +http://www.google.com/bot.html)"
66.249.73.129 - - [29/Apr/2025:16:05:57 -0400] "GET /?o=97962162188601&channel=6a6c1f&from=news.php%3Fid%3D1621886-8332%26name%3D%E3%83%8B%E3%83%83%E3%82%B1%E3%83%B3%E3%83%8F%E3%83%BC%E3%83%89%E3%82%A6%E3%82%A7%E3%82%A2%E3%80%80%E7%9C%8B%E6%9D%BF%E7%81%AF%E7%94%A8%E7%9B%B4%E7%AE%A1LED%E3%83%A9%E3%83%B3%E3%83%97+View+Lamp+Tube2%2B%E3%82%B7%E3%83%A3%E3%83%BC%E3%82%B7%E3%82%BB%E3%83%83%E3%83%88+40W%E5%BD%A2+6000K+%E6%98%BC%E5%85%89%E8%89%B2%E7%9B%B8%E5%BD%93+%E7%89%87%E9%9D%A2300%C2%B0+%E4%B8%A1%E5%81%B4%E7%B5%A6%E9%9B%BB+2660lm+IP65%E3%80%80VLT2-KA40WG%2F6K%2FNS-40 HTTP/1.1" 200 56536 "-" "Mozilla/5.0 (Linux; Android 6.0.1; Nexus 5X Build/MMB29P) AppleWebKit/537.36 (KHTML, like Gecko) Chrome/135.0.7049.95 Mobile Safari/537.36 (compatible; Googlebot/2.1; +http://www.google.com/bot.html)"
52.167.144.186 - - [29/Apr/2025:16:06:13 -0400] "GET /wp-includes__c454f3a/SimplePie/?MA HTTP/1.1" 200 719 "-" "Mozilla/5.0 AppleWebKit/537.36 (KHTML, like Gecko; compatible; bingbot/2.0; +http://www.bing.com/bingbot.htm) Chrome/116.0.1938.76 Safari/537.36"
66.249.73.130 - - [29/Apr/2025:16:06:15 -0400] "GET /?o=2236492398204&channel=1640c6&from=blog.php%3Fid%3D923982-1641%26name%3D%E4%B8%8D%E5%8B%95%E6%98%8E%E7%8E%8B%E4%BB%8F%E5%83%8F%E6%9C%A8%E5%BD%AB%E3%82%8A%E4%BB%8F%E4%BB%8F%E5%A3%87%E4%BB%8F%E5%83%8F%E7%A5%88%E3%82%8B+%E5%8E%84%E9%99%A4%E3%81%91+%E4%B8%8D%E5%8B%95%E6%98%8E%E7%8E%8B%E3%81%AE%E8%A3%85%E9%A3%BE%E5%93%81%E4%B8%8D%E5%8B%95%E6%98%8E%E7%8E%8B%E8%8F%A9%E8%96%A9%E5%83%8F%E7%81%AB%E7%82%8E%E5%85%89%E8%83%8C+%E5%8E%9F%E6%9C%A8%E8%92%94%E7%B5%B5%E7%B3%BB+%28Size+%3A+16cm%29 HTTP/1.1" 200 55912 "-" "Mozilla/5.0 (Linux; Android 6.0.1; Nexus 5X Build/MMB29P) AppleWebKit/537.36 (KHTML, like Gecko) Chrome/135.0.7049.95 Mobile Safari/537.36 (compatible; Googlebot/2.1; +http://www.google.com/bot.html)"
66.249.73.129 - - [29/Apr/2025:16:06:18 -0400] "GET /?o=9678880115402&channel=6f062d&from=jp.php%3Fid%3D801154-8849%26name%3D%E3%83%A9%E3%82%A4%E3%83%88%E3%82%A6%E3%82%A7%E3%82%A4%E3%82%AF%E3%83%AD%E3%82%B9%E3%83%90%E3%82%A4%E3%82%AF HTTP/1.1" 200 53293 "-" "Mozilla/5.0 (Linux; Android 6.0.1; Nexus 5X Build/MMB29P) AppleWebKit/537.36 (KHTML, like Gecko) Chrome/135.0.7049.95 Mobile Safari/537.36 (compatible; Googlebot/2.1; +http://www.google.com/bot.html)"
66.249.79.8 - - [29/Apr/2025:16:06:21 -0400] "GET /?o=802154977602&channel=1b311a&from=goods.php%3Fid%3D49776-1667%26name%3D%E3%82%BB%E3%83%BC%E3%83%96%E3%83%AB+%E5%A3%81%E9%A3%BE%E3%82%8A+%E3%83%8A%E3%83%99%E3%83%83%E3%83%88%28%E2%84%961%29+%E7%99%BD%E7%A3%81+%E6%B5%85%E6%B5%AE%E3%81%8D%E5%BD%AB%E3%82%8A%E3%83%A1%E3%83%80%E3%82%A4%E3%83%A8%E3%83%B3+%E9%A3%BE%E3%82%8A%E7%89%A9+%E9%A1%8D%E8%A3%85%E4%BB%98%E3%81%8D+2001%E5%B9%B4%E5%BE%A9%E5%88%BB+%E3%83%8F%E3%83%B3%E3%83%89%E3%83%A1%E3%82%A4%E3%83%89+%E5%BA%97%E9%A0%AD%E5%B1%95%E7%A4%BA%E5%93%81+%E3%83%95%E3%83%A9%E3%83%B3%E3%82%B9%E8%A3%BD+%E6%96%B0%E5%93%81+Sevres HTTP/1.1" 200 55745 "-" "Mozilla/5.0 (Linux; Android 6.0.1; Nexus 5X Build/MMB29P) AppleWebKit/537.36 (KHTML, like Gecko) Chrome/135.0.7049.95 Mobile Safari/537.36 (compatible; Googlebot/2.1; +http://www.google.com/bot.html)"
66.249.73.128 - - [29/Apr/2025:16:06:26 -0400] "GET /?o=57329163693403&channel=82c1c3&from=shop.php%3Fid%3D1636934-8919%26name%3D%E3%82%A4%E3%83%83%E3%82%BB%E3%82%A4%E3%83%9F%E3%83%A4%E3%82%B1+%E3%82%B0%E3%83%AC%E3%83%BC%E3%83%97%E3%83%9D%E3%83%BC%E3%83%81%E3%83%90%E3%83%83%E3%82%B0+%E3%83%9D%E3%83%BC%E3%83%81+%E3%83%8F%E3%83%B3%E3%83%89%E3%83%90%E3%83%83%E3%82%B0+%E3%83%8A%E3%82%A4%E3%83%AD%E3%83%B3+%E9%BB%92+%E3%82%AB%E3%83%BC%E3%82%AD HTTP/1.1" 200 53841 "-" "Mozilla/5.0 (Linux; Android 6.0.1; Nexus 5X Build/MMB29P) AppleWebKit/537.36 (KHTML, like Gecko) Chrome/135.0.7049.95 Mobile Safari/537.36 (compatible; Googlebot/2.1; +http://www.google.com/bot.html)"
68.183.234.75 - - [29/Apr/2025:16:06:28 -0400] "GET /wp-content/uploads/2023/12/3dbd85aef49b6e0a4c207b9ae2ff4138.jpg HTTP/1.1" 200 0 "-" "Mozilla/5.0 (Windows NT 10.0; Win64; x64; rv:123.0) Gecko/20100101 Firefox/123.0"
66.249.73.128 - - [29/Apr/2025:16:06:35 -0400] "GET /?o=58969149456805&channel=d71c0a&from=info.php%3Fid%3D1494568-19017%26name%3D%E8%87%AA%E8%BB%A2%E8%BB%8A%E3%83%8F%E3%83%B3%E3%83%89%E3%83%AB%E3%83%90%E3%83%BC%E3%82%B7%E3%83%A7%E3%83%83%E3%82%AF%E3%82%A2%E3%83%96%E3%82%BD%E3%83%BC%E3%83%90%E3%83%BC%E3%82%B7%E3%83%A7%E3%83%83%E3%82%AF%E3%82%B9%E3%83%88%E3%83%83%E3%83%97+%E3%82%B5%E3%82%B9%E3%83%9A%E3%83%B3%E3%82%B7%E3%83%A7%E3%83%B3%E3%82%B9%E3%83%86%E3%83%A0+%E8%87%AA%E8%BB%A2%E8%BB%8A%E7%94%A8+%E8%A1%9D%E6%92%83%E5%90%B8%E5%8F%8E%E3%83%90%E3%82%A4%E3%82%AF+%E3%83%8F%E3%83%B3%E3%83%89%E3%83%AB%E3%83%90%E3%83%BC%E3%82%B9%E3%83%86%E3%83%A0+%E3%83%AD%E3%83%BC%E3%83%89+%E3%82%B0%E3%83%A9%E3%83%99%E3%83%AB+%E3%83%8F HTTP/1.1" 200 52935 "-" "Mozilla/5.0 (Linux; Android 6.0.1; Nexus 5X Build/MMB29P) AppleWebKit/537.36 (KHTML, like Gecko) Chrome/135.0.7049.95 Mobile Safari/537.36 (compatible; Googlebot/2.1; +http://www.google.com/bot.html)"
66.249.73.128 - - [29/Apr/2025:16:06:39 -0400] "GET /?o=8975033855304&channel=c2ded0&from=blog.php%3Fid%3D338553-10214%26name%3D%E3%83%91%E3%83%BC%E3%82%AD%E3%83%B3%E3%82%B0%E3%83%96%E3%83%AC%E3%83%BC%E3%82%AD+%E9%9B%BB%E5%AD%90%E3%83%91%E3%83%BC%E3%82%AD%E3%83%B3%E3%82%B0+%E3%83%96%E3%83%AC%E3%83%BC%E3%82%AD+Assy+59700+B8800+%E3%83%8F%E3%83%B3%E3%83%89%E3%83%96%E3%83%AC%E3%83%BC%E3%82%AD+59700+2w800+%E3%83%91%E3%83%BC%E3%82%AD%E3%83%B3%E3%82%B0 HTTP/1.1" 200 54581 "-" "Mozilla/5.0 (Linux; Android 6.0.1; Nexus 5X Build/MMB29P) AppleWebKit/537.36 (KHTML, like Gecko) Chrome/135.0.7049.95 Mobile Safari/537.36 (compatible; Googlebot/2.1; +http://www.google.com/bot.html)"
66.249.73.128 - - [29/Apr/2025:16:06:42 -0400] "GET /?o=2383793931204&channel=e4626f&from=goods.php%3Fid%3D939312-1799%26name%3DSAMSON%EF%BC%88%E3%82%B5%E3%83%A0%E3%82%BD%E3%83%B3%EF%BC%89+%E3%83%95%E3%82%A3%E3%83%83%E3%82%B7%E3%83%A5%E3%83%86%E3%83%BC%E3%83%AB%E3%83%9E%E3%83%95%E3%83%A9%E3%83%BC+42%E3%82%A4%E3%83%B3%E3%83%81+%E3%82%BD%E3%83%95%E3%83%86%E3%82%A4%E3%83%AB HTTP/1.1" 200 53475 "-" "Mozilla/5.0 (Linux; Android 6.0.1; Nexus 5X Build/MMB29P) AppleWebKit/537.36 (KHTML, like Gecko) Chrome/135.0.7049.95 Mobile Safari/537.36 (compatible; Googlebot/2.1; +http://www.google.com/bot.html)"
66.249.73.128 - - [29/Apr/2025:16:06:55 -0400] "GET /?o=0503076056004&channel=1b03d3&from=article.php%3Fid%3D760560-7194%26name%3D%E3%80%90%E5%B8%8C%E5%B0%91%E3%80%91K14WG%E3%83%9B%E3%83%AF%E3%82%A4%E3%83%88%E5%A4%A7%E7%B2%92%E3%82%AA%E3%83%91%E3%83%BC%E3%83%AB%E3%83%AA%E3%83%B3%E3%82%B0 HTTP/1.1" 200 54931 "-" "Mozilla/5.0 (Linux; Android 6.0.1; Nexus 5X Build/MMB29P) AppleWebKit/537.36 (KHTML, like Gecko) Chrome/135.0.7049.95 Mobile Safari/537.36 (compatible; Googlebot/2.1; +http://www.google.com/bot.html)"
66.249.73.129 - - [29/Apr/2025:16:07:00 -0400] "GET /?o=1224499108712&channel=067827&from=jp.php%3Fid%3D991087-8916%26name%3D%E3%83%95%E3%83%AA%E3%83%BC%E3%83%9B%E3%82%A4%E3%83%BC%E3%83%A9%E3%83%BC%E3%82%BA+FREEWHEELERS+%E3%83%87%E3%83%AA%E3%83%83%E3%82%AF%E3%83%9E%E3%83%B3+DERRICKMAN+OVERALLS++1920%7E1930s+STYLE+WORK+CLOTHING+%E3%83%87%E3%83%8B%E3%83%A0%E3%83%91%E3%83%B3%E3%83%84+%E3%83%80%E3%83%96%E3%83%AB%E3%83%8B%E3%83%BC%E3%83%AF%E3%83%BC%E3%82%AF%E3%83%91%E3%83%B3%E3%83%84+2412004 HTTP/1.1" 200 52985 "-" "Mozilla/5.0 (Linux; Android 6.0.1; Nexus 5X Build/MMB29P) AppleWebKit/537.36 (KHTML, like Gecko) Chrome/135.0.7049.95 Mobile Safari/537.36 (compatible; Googlebot/2.1; +http://www.google.com/bot.html)"
66.249.73.129 - - [29/Apr/2025:16:07:04 -0400] "GET /?o=736875357008&channel=ea2fe0&from=jp.php%3Fid%3D53570-920%26name%3D%E3%83%87%E3%82%B0%E3%83%8A%E3%83%BC+DEGNER%E3%80%90%E5%85%AC%E5%BC%8F%E3%80%91%E3%83%AC%E3%82%B6%E3%83%BC%E3%83%AD%E3%83%B3%E3%82%B0%E3%82%A6%E3%82%A9%E3%83%AC%E3%83%83%E3%83%88+W-90+%E3%83%96%E3%83%A9%E3%83%83%E3%82%AF-%E3%83%AC%E3%83%83%E3%83%89+%E6%9C%AC%E9%9D%A9+%E8%B2%A1%E5%B8%83+%E9%95%B7%E8%B2%A1%E5%B8%83%E3%80%90%E7%84%A1%E6%96%99%E3%83%A9%E3%83%83%E3%83%94%E3%83%B3%E3%82%B0%E3%80%91 HTTP/1.1" 200 53818 "-" "Mozilla/5.0 (Linux; Android 6.0.1; Nexus 5X Build/MMB29P) AppleWebKit/537.36 (KHTML, like Gecko) Chrome/135.0.7049.95 Mobile Safari/537.36 (compatible; Googlebot/2.1; +http://www.google.com/bot.html)"
66.249.73.128 - - [29/Apr/2025:16:07:07 -0400] "GET /?o=0705473768002&channel=d807d2&from=form.php%3Fid%3D737680-8394%26name%3D%E3%82%AD%E3%83%A3%E3%83%83%E3%83%88%E3%82%B1%E3%83%BC%E3%82%B8+%E7%8C%AB+%E3%82%B1%E3%83%BC%E3%82%B8+2%E6%AE%B5+%E3%83%9A%E3%83%83%E3%83%88%E3%83%95%E3%82%A7%E3%83%B3%E3%82%B9+%E5%A4%9A%E5%B1%A4%E7%A9%BA%E9%96%93%E3%83%91%E3%83%BC%E3%83%86%E3%82%A3%E3%82%B7%E3%83%A7%E3%83%B3%E8%A8%AD%E8%A8%88%E9%80%9A%E6%B0%97%E6%80%A7%E3%81%A8%E9%80%9A%E6%B0%97%E6%80%A7%E3%81%AB%E5%84%AA%E3%82%8C%E3%81%A6%E3%81%84%E3%81%BE%E3%81%99+%E3%83%AF%E3%82%A4%E3%83%89%E6%89%89+%E7%B5%84%E7%AB%8B%E7%B0%A1%E5%8D%98+%E3%82%AD%E3%83%A3%E3%83%83 HTTP/1.1" 200 54477 "-" "Mozilla/5.0 (Linux; Android 6.0.1; Nexus 5X Build/MMB29P) AppleWebKit/537.36 (KHTML, like Gecko) Chrome/135.0.7049.95 Mobile Safari/537.36 (compatible; Googlebot/2.1; +http://www.google.com/bot.html)"
66.249.73.128 - - [29/Apr/2025:16:07:15 -0400] "GET /?o=5444220072800&channel=1a0f53&from=category-info.php%3Fid%3D200728-10596%26name%3DSingry+%E3%83%97%E3%83%AD%E3%83%91%E3%83%B3%E3%83%88%E3%83%BC%E3%83%81+%E3%82%A6%E3%82%A3%E3%83%BC%E3%83%89%E3%83%90%E3%83%BC%E3%83%8A%E3%83%BC+%E6%8E%A5%E7%B6%9A5%7E100%E3%83%9D%E3%83%B3%E3%83%89+%E3%83%97%E3%83%AD%E3%83%91%E3%83%B3%E3%82%BF%E3%83%B3%E3%82%AF+%E8%87%AA%E5%B7%B1%E7%9D%80%E7%81%AB+%E7%81%AB%E7%82%8E%E6%94%BE%E5%B0%84%E5%99%A8+%E6%B6%88%E9%98%B2%E9%8A%83+%E3%83%96%E3%83%AD%E3%83%BC%E3%83%88%E3%83%BC%E3%83%81+%E3%83%AB HTTP/1.1" 200 55694 "-" "Mozilla/5.0 (Linux; Android 6.0.1; Nexus 5X Build/MMB29P) AppleWebKit/537.36 (KHTML, like Gecko) Chrome/135.0.7049.95 Mobile Safari/537.36 (compatible; Googlebot/2.1; +http://www.google.com/bot.html)"
66.249.73.128 - - [29/Apr/2025:16:07:18 -0400] "GET /?o=28506158373203&channel=5ad2c0&from=form.php%3Fid%3D1583732-10251%26name%3DJSHUDAA%28%E3%81%B2%E3%81%95%E3%81%88%29+%E3%82%AD%E3%83%83%E3%83%81%E3%83%B3%E3%82%BF%E3%83%83%E3%83%97%E3%82%AD%E3%83%83%E3%83%81%E3%83%B3%E8%9B%87%E5%8F%A3%E8%9B%87%E5%8F%A3360%E5%BA%A6%E5%9B%9E%E8%BB%A2%E9%BB%92%E8%9B%87%E5%8F%A3%E6%B8%A9%E6%B0%B4%E3%81%A8%E5%86%B7%E6%B0%B4%E4%B8%80%E4%BD%93%E5%9E%8B%E7%9C%9F%E9%8D%AE%E3%82%B9%E3%82%A4%E3%83%99%E3%83%AB%E3%82%B7%E3%83%B3%E3%82%AF%E6%B4%97%E9%9D%A2%E5%99%A8%E3%81%AE%E8%9B%87%E5%8F%A3+JSHUD HTTP/1.1" 200 53175 "-" "Mozilla/5.0 (Linux; Android 6.0.1; Nexus 5X Build/MMB29P) AppleWebKit/537.36 (KHTML, like Gecko) Chrome/135.0.7049.95 Mobile Safari/537.36 (compatible; Googlebot/2.1; +http://www.google.com/bot.html)"
66.249.73.128 - - [29/Apr/2025:16:07:28 -0400] "GET /?o=81008142464813&channel=a0a2bd&from=pin.php%3Fid%3D1424648-3135%26name%3D%E3%80%90%E6%A5%BD%E5%A4%A9%E3%83%9E%E3%83%A9%E3%82%BD%E3%83%B3%E9%99%90%E5%AE%9A%E2%98%85MAX50%EF%BC%85OFF%E3%82%AF%E3%83%BC%E3%83%9D%E3%83%B3%E6%9C%89%E2%98%85%E3%80%91%E3%82%BD%E3%83%95%E3%82%A1%E3%83%BC+%E3%82%BD%E3%83%95%E3%82%A1+%E3%83%AD%E3%83%BC+2%E4%BA%BA%E6%8E%9B%E3%81%91%E3%82%BD%E3%83%95%E3%82%A1+%E3%83%95%E3%83%AD%E3%82%A2+%E3%83%8F%E3%82%A4+%E7%89%87%E8%82%98%E3%82%BD%E3%83%95%E3%82%A1+%E6%A4%85%E5%AD%90+%E4%BA%8C%E4%BA%BA%E6%8E%9B%E3%81%91+%E5%B7%A6%E8%82%98+%E6%9C%A8%E8%84%9A+%E5%B8%83%E5%BC%B5%E3%82%8A+%E3%83%95%E3%82%A1%E3%83%96%E3%83%AA%E3%83%83%E3%82%AF+2way+%E4%B8%80%E4%BA%BA%E6%9A%AE%E3%82%89%E3%81%97+1R+2%E4%BA%BA+%E3%82%B3%E3%83%B3%E3%83%91%E3%82%AF%E3%83%88+%E4%BD%8E%E3%81%84+%E9%AB%98%E7%B4%9A%E6%84%9F+%E5%A4%A7%E4%BA%BA%E3%81%8B%E3%82%8F%E3%81%84%E3%81%84+%E5%B9%85126+%E3%83%AA%E3%83%93%E3%83%B3%E3%82%B0+%E5%A4%A9%E7%84%B6%E6%9C%A8+%E3%81%8A%E3%81%97%E3%82%83%E3%82%8C HTTP/1.1" 200 56733 "-" "Mozilla/5.0 (Linux; Android 6.0.1; Nexus 5X Build/MMB29P) AppleWebKit/537.36 (KHTML, like Gecko) Chrome/135.0.7049.95 Mobile Safari/537.36 (compatible; Googlebot/2.1; +http://www.google.com/bot.html)"
66.249.73.128 - - [29/Apr/2025:16:07:36 -0400] "GET /?o=7068052121402&channel=42dc97&from=news.php%3Fid%3D521214-2065%26name%3D%E3%83%88%E3%83%A8%E3%82%BF+90PRADO+%E3%83%97%E3%83%A9%E3%83%89+%E3%83%9C%E3%83%B3%E3%83%8D%E3%83%83%E3%83%88+%E3%83%87%E3%82%AB%E3%83%BC%E3%83%AB+%E3%82%A8%E3%83%B3%E3%82%B8%E3%83%B3%E3%83%95%E3%83%BC%E3%83%89+%E3%82%B9%E3%83%86%E3%83%83%E3%82%AB%E3%83%BC+%E3%82%AB%E3%82%B9%E3%82%BF%E3%83%A0+%E3%83%9E%E3%83%83%E3%83%88%E3%83%96%E3%83%A9%E3%83%83%E3%82%AF+%E3%83%9B%E3%83%AF%E3%82%A4%E3%83%88+%E3%83%96%E3%83%A9%E3%83%83%E3%82%AF+%E7%B0%A1%E5%8D%98%E6%96%BD%E5%B7%A5+%E8%AA%AC%E6%98%8E%E6%9B%B8%E4%BB%98%E3%81%8D+%E5%8F%8D%E5%B0%84%E9%98%B2%E6%AD%A2+%E3%83%89%E3%83%AC%E3%82%B9%E3%82%A2%E3%83%83%E3%83%97+%E9%80%86%E8%BC%B8%E5%85%A5%E8%BB%8A+TOYOTA HTTP/1.1" 200 55556 "-" "Mozilla/5.0 (Linux; Android 6.0.1; Nexus 5X Build/MMB29P) AppleWebKit/537.36 (KHTML, like Gecko) Chrome/135.0.7049.95 Mobile Safari/537.36 (compatible; Googlebot/2.1; +http://www.google.com/bot.html)"
66.249.73.128 - - [29/Apr/2025:16:07:40 -0400] "GET /bocoran-togel-hk-selasa-9-januari-2024/feed/ HTTP/1.1" 200 56318 "-" "Mozilla/5.0 (Linux; Android 6.0.1; Nexus 5X Build/MMB29P) AppleWebKit/537.36 (KHTML, like Gecko) Chrome/135.0.7049.95 Mobile Safari/537.36 (compatible; Googlebot/2.1; +http://www.google.com/bot.html)"
66.249.73.128 - - [29/Apr/2025:16:07:44 -0400] "GET /?o=95170162091804&channel=c4ff9b&from=pin.php%3Fid%3D1620918-6279%26name%3D%E6%A5%B5%E7%BE%8E%E5%93%81+%E3%82%BB%E3%83%AA%E3%83%BC%E3%83%8C+CELINE+%E3%83%AD%E3%83%B3%E3%82%B0%E3%83%91%E3%83%B3%E3%83%84+%E3%82%B9%E3%83%A9%E3%83%83%E3%82%AF%E3%82%B9%E3%83%91%E3%83%B3%E3%83%84+%E3%82%A4%E3%83%BC%E3%82%B8%E3%83%BC+%E3%83%AF%E3%82%A4%E3%83%89+%E5%8D%83%E9%B3%A5%E6%A0%BC%E5%AD%90+%E3%82%A6%E3%83%BC%E3%83%AB+%E3%83%9C%E3%83%88%E3%83%A0%E3%82%B9+%E3%83%AC%E3%83%87%E3%82%A3%E3%83%BC%E3%82%B9+38 HTTP/1.1" 200 54514 "-" "Mozilla/5.0 (Linux; Android 6.0.1; Nexus 5X Build/MMB29P) AppleWebKit/537.36 (KHTML, like Gecko) Chrome/135.0.7049.95 Mobile Safari/537.36 (compatible; Googlebot/2.1; +http://www.google.com/bot.html)"
66.249.73.128 - - [29/Apr/2025:16:07:49 -0400] "GET /?o=71708141308707&channel=fd459c&from=news.php%3Fid%3D1413087-1585%26name%3D%E3%82%A8%E3%83%AB%E3%83%A1%E3%82%B9++%E3%82%A8%E3%83%BC%E3%83%AB%E3%83%90%E3%83%83%E3%82%B0%E3%82%B8%E3%83%83%E3%83%97PM+%E3%83%88%E3%83%AF%E3%83%AB%E3%82%AA%E3%83%95%E3%82%A3%E3%82%B7%E3%82%A8%C3%97%E3%83%B4%E3%82%A1%E3%83%83%E3%82%B7%E3%83%A5%E3%83%8F%E3%83%B3%E3%82%BF%E3%83%BC+%E3%83%AC%E3%82%B6%E3%83%BC HTTP/1.1" 200 54868 "-" "Mozilla/5.0 (Linux; Android 6.0.1; Nexus 5X Build/MMB29P) AppleWebKit/537.36 (KHTML, like Gecko) Chrome/135.0.7049.95 Mobile Safari/537.36 (compatible; Googlebot/2.1; +http://www.google.com/bot.html)"
52.167.144.186 - - [29/Apr/2025:16:07:53 -0400] "GET /?o=87626138648403&channel=d6767e&from=blog.php%3Fid%3D1386484-1094%26name%3D%E3%80%90VAGUE+WATCH+Co.%2F%E3%83%B4%E3%82%A1%E3%83%BC%E3%82%B0%E3%82%A6%E3%82%A9%E3%83%83%E3%83%81%E3%82%AB%E3%83%B3%E3%83%91%E3%83%8B%E3%83%BC%E3%80%91%E3%80%8CBLK+SUB+SB%2F%E3%83%96%E3%83%A9%E3%83%83%E3%82%AF%E3%82%B5%E3%83%96%E3%82%B9%E3%83%86%E3%83%B3%E3%83%AC%E3%82%B9%E3%83%99%E3%83%AB%E3%83%88%E3%80%8D%28BS-L-001-SB%29%3Cbr%3E%3Cbr%3E%28%E8%87%AA%E5%8B%95%E5%B7%BB%E3%81%8D%E8%85%95%E6%99%82%E8%A8%88%2F%E3%83%97%E3%83%AC%E3%82%BC%E3%83%B3%E3%83%88%2F%E3%82%A2%E3%83%A1%E3%82%AB%E3%82%B8%2F%E3%83%8F%E3%83%BC%E3%83%AC%E3%83%BC%2F%E3%83%9B%E3%83%83%E3%83%88%E3%83%AD%E3%83%83%E3%83%89%2FWOLF+PACK%2F%E3%82%A6%E3%83%AB%E3%83%95%E3%83%91%E3%83%83%E3%82%AF%29 HTTP/1.1" 200 0 "-" "Mozilla/5.0 AppleWebKit/537.36 (KHTML, like Gecko; compatible; bingbot/2.0; +http://www.bing.com/bingbot.htm) Chrome/116.0.1938.76 Safari/537.36"
