66.249.73.129 - - [29/Apr/2025:09:37:06 -0400] "GET /?o=3607894355201&channel=1afe62&from=product.php%3Fid%3D943552-12089%26name%3D%E3%81%8A%E6%8E%83%E9%99%A4%E3%83%AD%E3%83%9C%E3%83%83%E3%83%88%E3%80%80%E3%83%AB%E3%83%B3%E3%83%90 HTTP/1.1" 200 54060 "-" "Mozilla/5.0 (Linux; Android 6.0.1; Nexus 5X Build/MMB29P) AppleWebKit/537.36 (KHTML, like Gecko) Chrome/135.0.7049.95 Mobile Safari/537.36 (compatible; Googlebot/2.1; +http://www.google.com/bot.html)"
52.167.144.219 - - [29/Apr/2025:09:37:47 -0400] "GET /?o=4890721290603&channel=bea509&from=category-info.php%3Fid%3D212906-10992%26name%3D%E3%83%90%E3%82%A4%E3%82%AF%E7%94%A8%E3%82%BF%E3%83%B3%E3%82%AF%E3%82%AD%E3%83%A3%E3%83%83%E3%83%97+R9T%E7%94%A8+R%E3%83%8A%E3%82%A4%E3%83%B3T%E7%94%A8+%E3%83%94%E3%83%A5%E3%82%A2%E7%94%A8+R%E3%83%8A%E3%82%A4%E3%83%B3T%E7%94%A8+%E3%82%B9%E3%82%AF%E3%83%A9%E3%83%B3%E3%83%96%E3%83%A9%E3%83%BC%E7%94%A8+%E3%83%AC%E3%83%BC%E3%82%B5%E3%83%BC%E7%94%A8+%E3%82%A2%E3%83%BC%E3%83%90%E3%83%B3G%2FS%E7%94%A8+2021-2 HTTP/1.1" 200 0 "-" "Mozilla/5.0 AppleWebKit/537.36 (KHTML, like Gecko; compatible; bingbot/2.0; +http://www.bing.com/bingbot.htm) Chrome/116.0.1938.76 Safari/537.36"
66.249.73.128 - - [29/Apr/2025:09:37:52 -0400] "GET /?o=19092161629401&channel=3f775c&from=jp.php%3Fid%3D1616294-10491%26name%3D%E3%83%91%E3%83%89%E3%83%AC%E3%82%B9%E3%80%80%E3%82%B0%E3%83%AD%E3%83%BC%E3%83%96%E3%80%80%E3%82%AD%E3%83%83%E3%82%BA HTTP/1.1" 200 54484 "-" "Mozilla/5.0 (Linux; Android 6.0.1; Nexus 5X Build/MMB29P) AppleWebKit/537.36 (KHTML, like Gecko) Chrome/135.0.7049.95 Mobile Safari/537.36 (compatible; Googlebot/2.1; +http://www.google.com/bot.html)"
66.249.73.128 - - [29/Apr/2025:09:38:13 -0400] "GET /?o=82589158314701&channel=3ef73d&from=category-info.php%3Fid%3D1583147-15735%26name%3DAC+%E3%82%A8%E3%82%A2%E3%82%B3%E3%83%B3+%E3%82%B3%E3%83%B3%E3%83%97%E3%83%AC%E3%83%83%E3%82%B5%E3%83%BC%E3%80%81John+Deere+%E3%83%88%E3%83%A9%E3%82%AF%E3%82%BF%E3%83%BC+SE501460+SE501464+SE503051+TY6626 HTTP/1.1" 200 52612 "-" "Mozilla/5.0 (Linux; Android 6.0.1; Nexus 5X Build/MMB29P) AppleWebKit/537.36 (KHTML, like Gecko) Chrome/135.0.7049.95 Mobile Safari/537.36 (compatible; Googlebot/2.1; +http://www.google.com/bot.html)"
66.249.73.129 - - [29/Apr/2025:09:38:19 -0400] "GET /?o=88887144232303&channel=437b2f&from=info.php%3Fid%3D1442323-2353%26name%3D%E3%83%91%E3%83%8A%E3%82%BD%E3%83%8B%E3%83%83%E3%82%AF%E3%80%80%E9%A3%9F%E5%99%A8%E6%B4%97%E3%81%84%E4%B9%BE%E7%87%A5%E6%A9%9F%E3%80%80NP-TR8-H%E3%80%802015%E5%B9%B4%E8%A3%BD HTTP/1.1" 200 55318 "-" "Mozilla/5.0 (Linux; Android 6.0.1; Nexus 5X Build/MMB29P) AppleWebKit/537.36 (KHTML, like Gecko) Chrome/135.0.7049.95 Mobile Safari/537.36 (compatible; Googlebot/2.1; +http://www.google.com/bot.html)"
66.249.73.128 - - [29/Apr/2025:09:38:47 -0400] "GET /?o=7633949607411&channel=37e27d&from=jp.php%3Fid%3D496074-14036%26name%3D%E3%83%91%E3%83%B3%E3%83%84+%E3%82%AB%E3%83%BC%E3%82%B4%E3%83%91%E3%83%B3%E3%83%84+%E3%82%AD%E3%83%A5%E3%83%97%E3%83%A9%E3%83%87%E3%82%B6%E3%82%A4%E3%83%B3%E3%82%AB%E3%83%83%E3%83%86%E3%82%A3%E3%83%B3%E3%82%B0%E3%82%AB%E3%83%BC%E3%82%B4%E3%83%91%E3%83%B3%E3%83%84+%E3%83%AC%E3%83%87%E3%82%A3%E3%83%BC%E3%82%B9 HTTP/1.1" 200 52963 "-" "Mozilla/5.0 (Linux; Android 6.0.1; Nexus 5X Build/MMB29P) AppleWebKit/537.36 (KHTML, like Gecko) Chrome/135.0.7049.95 Mobile Safari/537.36 (compatible; Googlebot/2.1; +http://www.google.com/bot.html)"
66.249.73.128 - - [29/Apr/2025:09:38:58 -0400] "GET /?o=5258245797601&channel=4762c4&from=product.php%3Fid%3D457976-3744%26name%3D%E2%98%85%E7%BE%8E%E5%93%81%E2%98%85%E8%B1%A1%E5%8D%B0%E3%80%80%E3%82%B9%E3%83%81%E3%83%BC%E3%83%A0%E5%BC%8F%E5%8A%A0%E6%B9%BF%E5%99%A8%E3%80%80EE-DD50-HA+2023%E5%B9%B4%E8%A3%BD HTTP/1.1" 200 53241 "-" "Mozilla/5.0 (Linux; Android 6.0.1; Nexus 5X Build/MMB29P) AppleWebKit/537.36 (KHTML, like Gecko) Chrome/135.0.7049.114 Mobile Safari/537.36 (compatible; Googlebot/2.1; +http://www.google.com/bot.html)"
66.249.73.129 - - [29/Apr/2025:09:39:06 -0400] "GET /?o=26980104444800&channel=ccd299&from=info.php%3Fid%3D1044448-3787%26name%3DTATA+%E3%82%AD%E3%83%BC%E3%83%8F%E3%82%A6%E3%82%B9DX%E3%82%BF%E3%82%A4%E3%83%97K%E5%9E%8B+%E3%83%99%E3%83%BC%E3%82%B8%E3%83%A5+120%E6%9C%AC%E6%8E%9B+K-120 HTTP/1.1" 200 55083 "-" "Mozilla/5.0 (Linux; Android 6.0.1; Nexus 5X Build/MMB29P) AppleWebKit/537.36 (KHTML, like Gecko) Chrome/135.0.7049.114 Mobile Safari/537.36 (compatible; Googlebot/2.1; +http://www.google.com/bot.html)"
66.249.73.128 - - [29/Apr/2025:09:39:07 -0400] "GET /?o=2501011438004&channel=5aa411&from=form.php%3Fid%3D114380-7659%26name%3D%E3%83%87%E3%82%A3%E3%82%AA%E3%83%BC%E3%83%AB+DIOR+BOBBY+%E3%83%AC%E3%82%B6%E3%83%BC%E3%82%B7%E3%83%A7%E3%83%AB%E3%83%80%E3%83%BC%E3%83%90%E3%83%83%E3%82%B0+%E3%83%96%E3%83%A9%E3%82%A6%E3%83%B3+%E8%8C%B6%E8%89%B2+%E3%83%AD%E3%82%B4+%E7%BE%8E%E5%93%81+%E3%83%AC%E3%83%87%E3%82%A3%E3%83%BC%E3%82%B9+7-3-356 HTTP/1.1" 200 53336 "-" "Mozilla/5.0 (Linux; Android 6.0.1; Nexus 5X Build/MMB29P) AppleWebKit/537.36 (KHTML, like Gecko) Chrome/135.0.7049.95 Mobile Safari/537.36 (compatible; Googlebot/2.1; +http://www.google.com/bot.html)"
66.249.73.128 - - [29/Apr/2025:09:39:15 -0400] "GET /?o=33363197910201&channel=39f139&from=brands.php%3Fid%3D1979102-13039%26name%3DVANZACK+36%E5%80%8B+%E3%82%AD%E3%83%83%E3%82%BA+%E3%82%B7%E3%83%A3%E3%83%88%E3%83%AB%E3%82%B3%E3%83%83%E3%82%AF+%E3%82%B7%E3%83%A3%E3%83%88%E3%83%AB%E3%82%B3%E3%83%83%E3%82%AF+%E8%BB%BD%E9%87%8F+%E9%87%8D%E9%87%8F+%E3%82%B7%E3%83%A3%E3%83%88%E3%83%AB%E3%82%B3%E3%83%83%E3%82%AF+%E3%83%90%E3%83%89%E3%83%9F%E3%83%B3%E3%83%88%E3%83%B3+%E3%82%AB%E3%83%A9%E3%83%95%E3%83%AB HTTP/1.1" 200 52424 "-" "Mozilla/5.0 (Linux; Android 6.0.1; Nexus 5X Build/MMB29P) AppleWebKit/537.36 (KHTML, like Gecko) Chrome/135.0.7049.114 Mobile Safari/537.36 (compatible; Googlebot/2.1; +http://www.google.com/bot.html)"
52.167.144.193 - - [29/Apr/2025:09:39:36 -0400] "GET /?o=7782912051602&channel=c997d8&from=category-info.php%3Fid%3D120516-7943%26name%3D%E3%82%A2%E3%83%94%E3%82%A2+%E9%A2%A8%E7%A5%9EAD+%E3%82%B8%E3%82%A7%E3%82%A4%E3%83%AB%E3%83%96%E3%83%AC%E3%82%A4%E3%82%AB%E3%83%BC+92MX+%2F+%E3%82%B7%E3%83%BC%E3%83%90%E3%82%B9%E3%83%AD%E3%83%83%E3%83%89+%2F+%E9%87%A3%E5%85%B7+%2F+apia+%28SP%29 HTTP/1.1" 200 0 "-" "Mozilla/5.0 AppleWebKit/537.36 (KHTML, like Gecko; compatible; bingbot/2.0; +http://www.bing.com/bingbot.htm) Chrome/116.0.1938.76 Safari/537.36"
52.167.144.209 - - [29/Apr/2025:09:40:00 -0400] "GET /?o=28285120928300&channel=fd9c02&from=form.php%3Fid%3D1209283-1180%26name%3D%E3%80%90CN-E330D%E3%80%91SSD%E3%82%AB%E3%83%BC%E3%83%8A%E3%83%93%E3%82%B9%E3%83%86%E3%83%BC%E3%82%B7%E3%83%A7%E3%83%B3 HTTP/1.1" 200 0 "-" "Mozilla/5.0 AppleWebKit/537.36 (KHTML, like Gecko; compatible; bingbot/2.0; +http://www.bing.com/bingbot.htm) Chrome/116.0.1938.76 Safari/537.36"
66.249.73.130 - - [29/Apr/2025:09:40:02 -0400] "GET /?o=2856521431200&channel=fa4c14&from=news.php%3Fid%3D214312-11017%26name%3Ddelcatec+%E3%83%AF%E3%82%A4%E3%83%A4%E3%83%AC%E3%82%B9%E3%83%A2%E3%83%8B%E3%82%BF%E3%83%BC%E3%80%80%E3%82%AB%E3%83%A1%E3%83%A9%E3%80%80%E3%83%A9%E3%82%A4%E3%83%88%E3%80%80WSS10M1C+%E9%98%B2%E7%8A%AF%E3%82%AB%E3%83%A1%E3%83%A9 HTTP/1.1" 200 55779 "-" "Mozilla/5.0 (Linux; Android 6.0.1; Nexus 5X Build/MMB29P) AppleWebKit/537.36 (KHTML, like Gecko) Chrome/135.0.7049.95 Mobile Safari/537.36 (compatible; Googlebot/2.1; +http://www.google.com/bot.html)"
66.249.73.129 - - [29/Apr/2025:09:40:33 -0400] "GET /?o=2777928323501&channel=942bcb&from=jp.php%3Fid%3D283235-1568%26name%3D%E3%83%AB%E3%82%A4%E3%83%B4%E3%82%A3%E3%83%88%E3%83%B3%E3%80%80%E3%82%B7%E3%83%AB%E3%82%AF%E3%80%80%E3%83%A2%E3%83%8E%E3%82%B0%E3%83%A9%E3%83%A0%E3%80%80%E3%82%B9%E3%83%88%E3%83%BC%E3%83%AB%E3%80%80%E6%9C%AA%E4%BD%BF%E7%94%A8 HTTP/1.1" 200 53001 "-" "Mozilla/5.0 (Linux; Android 6.0.1; Nexus 5X Build/MMB29P) AppleWebKit/537.36 (KHTML, like Gecko) Chrome/135.0.7049.95 Mobile Safari/537.36 (compatible; Googlebot/2.1; +http://www.google.com/bot.html)"
66.249.73.128 - - [29/Apr/2025:09:40:53 -0400] "GET /?o=75699108375207&channel=625fc3&from=goods.php%3Fid%3D1083752-3591%26name%3D%E5%87%BA%E5%93%81%E5%81%9C%E6%AD%A2%E4%B8%AD+m%28__%29m HTTP/1.1" 200 53820 "-" "Mozilla/5.0 (Linux; Android 6.0.1; Nexus 5X Build/MMB29P) AppleWebKit/537.36 (KHTML, like Gecko) Chrome/135.0.7049.95 Mobile Safari/537.36 (compatible; Googlebot/2.1; +http://www.google.com/bot.html)"
40.77.167.10 - - [29/Apr/2025:09:42:34 -0400] "GET /?o=83808154966500&channel=c1556c&from=product.php%3Fid%3D1549665-13427%26name%3DUFC+%E3%82%B3%E3%83%AA%E3%82%A2%E3%83%B3%E3%82%BE%E3%83%B3%E3%83%93%E3%80%81%E3%82%B8%E3%83%A7%E3%83%B3%E3%83%81%E3%83%A3%E3%83%B3%E3%82%BD%E3%83%B3+2022 HTTP/1.1" 200 0 "-" "Mozilla/5.0 AppleWebKit/537.36 (KHTML, like Gecko; compatible; bingbot/2.0; +http://www.bing.com/bingbot.htm) Chrome/116.0.1938.76 Safari/537.36"
66.249.73.130 - - [29/Apr/2025:09:42:43 -0400] "GET /?o=1761998590305&channel=c667fe&from=goods.php%3Fid%3D985903-3632%26name%3D%E2%80%9C1970%27s+%E6%9D%B1%E3%83%89%E3%82%A4%E3%83%84+%E3%83%93%E3%83%B3%E3%83%86%E3%83%BC%E3%82%B8%E2%80%9D+%E3%83%86%E3%83%87%E3%82%A3%E3%83%99%E3%82%A2+%E2%80%9CBerlinBer+%2F+%E3%83%99%E3%83%AB%E3%83%AA%E3%83%B3%E3%83%99%E3%82%A2%E2%80%9D_%E3%83%8C%E3%82%A4%E3%82%B0%E3%83%AB%E3%83%9F_%E5%BD%93%E6%99%82%E7%89%A9 HTTP/1.1" 200 55334 "-" "Mozilla/5.0 (Linux; Android 6.0.1; Nexus 5X Build/MMB29P) AppleWebKit/537.36 (KHTML, like Gecko) Chrome/135.0.7049.95 Mobile Safari/537.36 (compatible; Googlebot/2.1; +http://www.google.com/bot.html)"
207.46.13.124 - - [29/Apr/2025:09:43:38 -0400] "GET /?o=2898882460002&channel=2a62dd&from=article.php%3Fid%3D824600-4144%26name%3D%E3%80%90%E5%80%A4%E4%B8%8B%E3%81%92%E3%81%97%E3%81%BE%E3%81%97%E3%81%9F%EF%BC%81%E3%80%91%E5%AE%8C%E5%8B%95%E5%93%81%EF%BC%81%E3%82%A8%E3%82%B9%E3%83%86%E3%82%A3%E3%83%9E%E7%B4%94%E6%AD%A3%E3%83%95%E3%83%AD%E3%83%B3%E3%83%88%E3%82%AB%E3%83%A1%E3%83%A9+%E3%83%AC%E3%83%B3%E3%82%BA%E6%9B%87%E3%82%8A%E7%84%A1%E3%81%97%EF%BC%88%E5%B8%8C%E5%B0%91%EF%BC%81%EF%BC%9F%E3%83%AC%E3%82%A2%EF%BC%81%EF%BC%9F%EF%BC%89 HTTP/1.1" 200 0 "-" "Mozilla/5.0 AppleWebKit/537.36 (KHTML, like Gecko; compatible; bingbot/2.0; +http://www.bing.com/bingbot.htm) Chrome/116.0.1938.76 Safari/537.36"
66.249.73.129 - - [29/Apr/2025:09:43:46 -0400] "GET /?o=5390579684401&channel=56d659&from=form.php%3Fid%3D796844-4979%26name%3D%E3%82%B5%E3%82%A4%E3%83%99%E3%83%83%E3%82%AF%E3%82%B9+%E3%83%99%E3%83%93%E3%83%BC%E3%82%AB%E3%83%BC+%E3%83%9F%E3%82%AA%E3%82%B9+%E3%83%9E%E3%83%83%E3%83%88%E3%83%96%E3%83%A9%E3%83%83%E3%82%AF%E3%83%95%E3%83%AC%E3%83%BC%E3%83%A0%E3%82%B9%E3%83%88%E3%83%AD%E3%83%BC%E3%83%A9%E3%83%BC+%E3%82%B3%E3%83%B3%E3%83%91%E3%82%AF%E3%83%88 HTTP/1.1" 200 52248 "-" "Mozilla/5.0 (Linux; Android 6.0.1; Nexus 5X Build/MMB29P) AppleWebKit/537.36 (KHTML, like Gecko) Chrome/135.0.7049.95 Mobile Safari/537.36 (compatible; Googlebot/2.1; +http://www.google.com/bot.html)"
40.77.167.10 - - [29/Apr/2025:09:43:47 -0400] "GET /?o=9173057159401&channel=a35286&from=blog.php%3Fid%3D571594-18127%26name%3D%E3%83%96%E3%83%AB%E3%83%BC%E3%82%B9%E3%83%AA%E3%83%B3%E3%82%B0IVN+4%E7%AD%89%E7%B4%9A+%E3%82%A8%E3%83%B3%E3%83%89%E3%83%AC%E3%82%B9%E3%82%BF%E3%82%A4%E3%83%97+75mm%E5%B9%85+%E9%95%B7%E3%81%952.75m+%E6%9C%80%E5%A4%A7%E4%BD%BF%E7%94%A8%E8%8D%B7%E9%87%8D6.3t+%E3%83%86%E3%82%B6%E3%83%83%E3%82%AF+%E3%82%A2%E3%83%9F+%E4%BB%A3%E4%B8%8D HTTP/1.1" 200 0 "-" "Mozilla/5.0 AppleWebKit/537.36 (KHTML, like Gecko; compatible; bingbot/2.0; +http://www.bing.com/bingbot.htm) Chrome/116.0.1938.76 Safari/537.36"
66.249.73.129 - - [29/Apr/2025:09:44:21 -0400] "GET /?o=872107834400&channel=575aed&from=shared.php%3Fid%3D78344-3151%26name%3D%E3%80%90%E5%8F%97%E6%B3%A8%E7%94%9F%E7%94%A3%E5%93%81%E3%80%91%E3%82%A4%E3%83%8A%E3%83%90%E7%89%A9%E7%BD%AE+FS%EF%BC%8F%E3%83%95%E3%82%A9%E3%83%AB%E3%82%BF+FS-2618S+EB+%E3%82%B9%E3%82%BF%E3%83%B3%E3%83%80%E3%83%BC%E3%83%89+%E5%A4%9A%E9%9B%AA%E5%9E%8B%E3%83%BB%E8%B1%AA%E9%9B%AA%E5%9E%8B+%E3%80%8E%E5%B1%8B%E5%A4%96%E7%94%A8%E4%B8%AD%E5%9E%8B%E3%83%BB%E5%A4%A7%E5%9E%8B%E7%89%A9%E7%BD%AE%E3%80%8F+EB%EF%BC%88%E3%82%A8%E3%83%9C HTTP/1.1" 200 53246 "-" "Mozilla/5.0 (Linux; Android 6.0.1; Nexus 5X Build/MMB29P) AppleWebKit/537.36 (KHTML, like Gecko) Chrome/135.0.7049.114 Mobile Safari/537.36 (compatible; Googlebot/2.1; +http://www.google.com/bot.html)"
66.249.73.128 - - [29/Apr/2025:09:44:29 -0400] "GET /?o=02274177249404&channel=5dd267&from=product.php%3Fid%3D1772494-24148%26name%3D%E3%80%90%E5%A4%A7%E3%81%8D%E3%82%81%E3%80%91%E3%82%B3%E3%83%83%E3%83%88%E3%83%B3%E7%B3%B8%E3%81%AE%E6%98%9F%E3%83%A2%E3%83%81%E3%83%BC%E3%83%958%E6%9E%9A HTTP/1.1" 200 54927 "-" "Mozilla/5.0 (Linux; Android 6.0.1; Nexus 5X Build/MMB29P) AppleWebKit/537.36 (KHTML, like Gecko) Chrome/135.0.7049.95 Mobile Safari/537.36 (compatible; Googlebot/2.1; +http://www.google.com/bot.html)"
66.249.73.129 - - [29/Apr/2025:09:44:32 -0400] "GET /?o=1102089134000&channel=d114a2&from=category-info.php%3Fid%3D891340-21725%26name%3DCompatible+With+Micra+K13+2011+2012+2013+2014+2015+2016+28913-1HA3 HTTP/1.1" 200 55549 "-" "Mozilla/5.0 (Linux; Android 6.0.1; Nexus 5X Build/MMB29P) AppleWebKit/537.36 (KHTML, like Gecko) Chrome/135.0.7049.114 Mobile Safari/537.36 (compatible; Googlebot/2.1; +http://www.google.com/bot.html)"
66.249.73.128 - - [29/Apr/2025:09:44:51 -0400] "GET /?o=98912100781901&channel=9f43a3&from=category-info.php%3Fid%3D1007819-11358%26name%3DKeychron+K7+Max+QMK%2FVIA+%E6%97%A5%E6%9C%AC%E8%AA%9E%E9%85%8D%E5%88%97+Gateron+%E3%83%AD%E3%83%BC%E3%83%97%E3%83%AD%E3%83%95%E3%82%A1%E3%82%A4%E3%83%AB+2.0+%E8%B5%A4%E8%BB%B8+White+LED%E3%83%A9%E3%82%A4%E3%83%88+%E3%83%A1%E3%82%AB%E3%83%8B%E3%82%AB%E3%83%AB%E3%82%AD%E3%83%BC%E3%83%9C%E3%83%BC%E3%83%89+%E3%83%8D%E3%82%B3%E3%83%9D%E3%82%B9%E4%B8%8D%E5%8F%AF HTTP/1.1" 200 54586 "-" "Mozilla/5.0 (Linux; Android 6.0.1; Nexus 5X Build/MMB29P) AppleWebKit/537.36 (KHTML, like Gecko) Chrome/135.0.7049.95 Mobile Safari/537.36 (compatible; Googlebot/2.1; +http://www.google.com/bot.html)"
66.249.73.128 - - [29/Apr/2025:09:45:25 -0400] "GET /?o=9451779699012&channel=fe50c0&from=blog.php%3Fid%3D796990-2855%26name%3D%E3%83%9E%E3%82%AD%E3%82%BF%28makita%29+18V%E5%85%85%E9%9B%BB%E5%BC%8F%E3%82%B9%E3%83%97%E3%83%AA%E3%83%83%E3%83%88%E8%8D%89%E5%88%88%E6%A9%9F+MUX18DZ+%E3%80%90%E6%9C%AC%E4%BD%93%E3%81%AE%E3%81%BF%E3%80%91%2B+%E3%82%B0%E3%83%A9%E3%82%A6%E3%83%B3%E3%83%89%E3%83%88%E3%83%AA%E3%83%9E%E3%82%A2%E3%82%BF%E3%83%83%E3%83%81%E3%83%A1%E3%83%B3%E3%83%88+EN424MP+%28A-76146%29%E3%80%90%E6%9F%B4%E5%95%86%E3%82%AA%E3%83%AA%E3%82%B8%E3%83%8A%E3%83%AB%E3%82%BB%E3%83%83%E3%83%88%E3%80%91%28MUX01G%2FMUX18D%29 HTTP/1.1" 200 54506 "-" "Mozilla/5.0 (Linux; Android 6.0.1; Nexus 5X Build/MMB29P) AppleWebKit/537.36 (KHTML, like Gecko) Chrome/135.0.7049.114 Mobile Safari/537.36 (compatible; Googlebot/2.1; +http://www.google.com/bot.html)"
66.249.73.129 - - [29/Apr/2025:09:45:36 -0400] "GET /?o=47410127067507&channel=29c05b&from=form.php%3Fid%3D1270675-2401%26name%3D%E3%82%AD%E3%83%A3%E3%83%AD%E3%82%A6%E3%82%A7%E3%82%A4%E3%80%80%E3%83%AD%E3%82%B4%E3%83%97%E3%83%AA%E3%83%B3%E3%83%88%E3%80%80%E3%83%8F%E3%83%BC%E3%83%95%E3%82%B2%E3%83%BC%E3%82%B8%E3%80%80%E3%83%97%E3%83%AB%E3%82%AA%E3%83%BC%E3%83%90%E3%83%BC%E3%80%80%E3%82%B9%E3%82%A6%E3%82%A7%E3%83%83%E3%83%88%E3%80%80%E3%83%91%E3%83%BC%E3%82%AB%E3%83%BC%E3%80%80%E3%82%B4%E3%83%AB%E3%83%95%E3%82%A6%E3%82%A7%E3%82%A2%E3%80%80%E3%83%A1%E3%83%B3%E3%82%BA%E3%80%802024%E5%B9%B4%E7%A7%8B%E5%86%AC%E3%83%A2%E3%83%87%E3%83%AB%E3%80%80M-3L%E3%80%80C24217102%E3%80%80%E3%80%90%E5%8D%B3%E7%B4%8D%E3%80%91 HTTP/1.1" 200 53934 "-" "Mozilla/5.0 (Linux; Android 6.0.1; Nexus 5X Build/MMB29P) AppleWebKit/537.36 (KHTML, like Gecko) Chrome/135.0.7049.95 Mobile Safari/537.36 (compatible; Googlebot/2.1; +http://www.google.com/bot.html)"
40.77.167.10 - - [29/Apr/2025:09:45:54 -0400] "GET /?o=1374066201601&channel=66c1f9&from=jp.php%3Fid%3D662016-11%26name%3D%E3%82%A2%E3%83%AB%E3%83%9F%E3%82%AA%E3%82%A4%E3%83%AB%E3%82%AB%E3%83%90%E3%83%BC+HP4+2014+2015-2018+2022+2023+%E3%82%AA%E3%83%BC%E3%83%88%E3%83%90%E3%82%A4%E3%83%96%E3%83%AC%E3%83%BC%E3%82%AD%E3%82%AF%E3%83%A9%E3%83%83%E3%83%81%E3%82%BF%E3%83%B3%E3%82%AF%E3%82%B7%E3%83%AA%E3%83%B3%E3%83%80%E3%83%BC%E6%B5%81%E4%BD%93%E3%82%AA%E3%82%A4%E3%83%AB%E3%83%AA HTTP/1.1" 200 0 "-" "Mozilla/5.0 AppleWebKit/537.36 (KHTML, like Gecko; compatible; bingbot/2.0; +http://www.bing.com/bingbot.htm) Chrome/116.0.1938.76 Safari/537.36"
52.167.144.193 - - [29/Apr/2025:09:45:56 -0400] "GET /?o=9097927563000&channel=03d359&from=pin.php%3Fid%3D275630-12790%26name%3D%E3%83%81%E3%83%A5%E3%83%BC%E3%83%96+%E3%82%A8%E3%82%AD%E3%82%B9%E3%83%91%E3%83%B3%E3%83%80%E3%83%BC+%E3%82%AD%E3%83%83%E3%83%88%E3%80%81%E3%82%AF%E3%83%AD%E3%83%BC%E3%83%A0%E3%83%A1%E3%83%83%E3%82%AD%E7%A1%AC%E5%8C%96%E9%8B%BC%E3%83%81%E3%83%A5%E3%83%BC%E3%83%96+%E3%82%A8%E3%82%AD%E3%82%B9%E3%83%91%E3%83%B3%E3%83%80%E3%83%BC+%E3%82%AD%E3%83%83%E3%83%88+%E6%89%8B%E5%8B%95%E3%83%91%E3%82%A4%E3%83%97%E6%8B%A1%E5%BC%B5%E3%83%84%E3%83%BC%E3%83%AB+3%2F16+%E3%82%A4%E3%83%B3%E3%83%81%E3%80%811%2F HTTP/1.1" 200 0 "-" "Mozilla/5.0 AppleWebKit/537.36 (KHTML, like Gecko; compatible; bingbot/2.0; +http://www.bing.com/bingbot.htm) Chrome/116.0.1938.76 Safari/537.36"
66.249.73.129 - - [29/Apr/2025:09:46:32 -0400] "GET /?o=0977411004207&channel=ddaeab&from=pin.php%3Fid%3D110042-6371%26name%3DFrancfranc+%E3%83%89%E3%83%AC%E3%83%83%E3%82%B5%E3%83%BC HTTP/1.1" 200 52036 "-" "Mozilla/5.0 (Linux; Android 6.0.1; Nexus 5X Build/MMB29P) AppleWebKit/537.36 (KHTML, like Gecko) Chrome/135.0.7049.95 Mobile Safari/537.36 (compatible; Googlebot/2.1; +http://www.google.com/bot.html)"
66.249.73.128 - - [29/Apr/2025:09:46:43 -0400] "GET /?o=71003170959404&channel=2a1885&from=news.php%3Fid%3D1709594-2162%26name%3DYOHJI+YAMAMOTO+%E3%83%A8%E3%82%A6%E3%82%B8%E3%83%A4%E3%83%9E%E3%83%A2%E3%83%88+%E3%82%B9%E3%83%8B%E3%83%BC%E3%82%AB%E3%83%BC+23.5cm+%E9%BB%92+%E3%80%90%E5%8F%A4%E7%9D%80%E3%80%91%E3%80%90%E4%B8%AD%E5%8F%A4%E3%80%91 HTTP/1.1" 200 53410 "-" "Mozilla/5.0 (Linux; Android 6.0.1; Nexus 5X Build/MMB29P) AppleWebKit/537.36 (KHTML, like Gecko) Chrome/135.0.7049.95 Mobile Safari/537.36 (compatible; Googlebot/2.1; +http://www.google.com/bot.html)"
66.249.73.130 - - [29/Apr/2025:09:47:34 -0400] "GET /?o=671834080702&channel=d159cc&from=info.php%3Fid%3D40807-3353%26name%3D%E5%8D%93%E4%B8%8A%E3%81%AE%E5%99%B4%E6%B0%B4+%E5%8D%93%E4%B8%8A%E5%99%B4%E6%B0%B4+LED+%E6%A8%B9%E8%84%82%E4%BB%8F%E3%83%87%E3%82%B9%E3%82%AF%E3%83%88%E3%83%83%E3%83%97%E5%99%B4%E6%B0%B4%E8%A3%85%E9%A3%BE%E3%83%9B%E3%83%BC%E3%83%A0%E3%82%AA%E3%83%95%E3%82%A3%E3%82%B9%E3%83%87%E3%82%B9%E3%82%AF%E3%83%88%E3%83%83%E3%83%97%E8%A3%85%E9%A3%BE%E7%94%A8%E5%8D%93%E4%B8%8A%E9%A3%BE%E3%82%8A+%E5%99%B4%E6%B0%B4%E3%81%AE%E8%A3%85%E9%A3%BE HTTP/1.1" 200 54164 "-" "Mozilla/5.0 (Linux; Android 6.0.1; Nexus 5X Build/MMB29P) AppleWebKit/537.36 (KHTML, like Gecko) Chrome/135.0.7049.95 Mobile Safari/537.36 (compatible; Googlebot/2.1; +http://www.google.com/bot.html)"
85.208.96.198 - - [29/Apr/2025:09:47:36 -0400] "GET /robots.txt HTTP/1.1" 200 89 "-" "Mozilla/5.0 (compatible; SemrushBot/7~bl; +http://www.semrush.com/bot.html)"
85.208.96.212 - - [29/Apr/2025:09:47:37 -0400] "GET /bocoran-togel-beijing-jumat-5-januari-2024/ HTTP/1.1" 200 0 "-" "Mozilla/5.0 (compatible; SemrushBot/7~bl; +http://www.semrush.com/bot.html)"
66.249.73.128 - - [29/Apr/2025:09:47:51 -0400] "GET /?o=1966163257900&channel=33ae2a&from=article.php%3Fid%3D632579-14157%26name%3D%E6%B5%B7%E5%A4%96%E8%BC%B8%E5%85%A5Vintage+Premier+Jet+Fiber+Jet+helmet HTTP/1.1" 200 53684 "-" "Mozilla/5.0 (Linux; Android 6.0.1; Nexus 5X Build/MMB29P) AppleWebKit/537.36 (KHTML, like Gecko) Chrome/135.0.7049.95 Mobile Safari/537.36 (compatible; Googlebot/2.1; +http://www.google.com/bot.html)"
52.167.144.209 - - [29/Apr/2025:09:48:20 -0400] "GET /?o=70821199047303&channel=ac801f&from=news.php%3Fid%3D1990473-3639%26name%3D%E3%80%90%E3%82%AA%E3%83%BC%E3%83%87%E3%83%AA%E3%83%83%E3%82%AF%E3%80%91%E3%83%9A%E3%83%B3%E3%83%80%E3%82%A4%E3%83%88%E3%83%A9%E3%82%A4%E3%83%88%E3%80%80%E3%83%A1%E3%82%BF%E3%83%AB%E3%83%9C%E3%82%A6%E3%83%AB%E3%83%87%E3%82%B6%E3%82%A4%E3%83%B3%E3%80%80%E8%AA%AC%E6%98%8E%E6%9B%B8%E4%BB%98%E3%81%8D HTTP/1.1" 200 0 "-" "Mozilla/5.0 AppleWebKit/537.36 (KHTML, like Gecko; compatible; bingbot/2.0; +http://www.bing.com/bingbot.htm) Chrome/116.0.1938.76 Safari/537.36"
66.249.73.129 - - [29/Apr/2025:09:48:25 -0400] "GET /?o=7688169656011&channel=9ac518&from=jp.php%3Fid%3D696560-9486%26name%3D%E3%83%AD%E3%83%BC%E3%83%86%E3%83%BC%E3%83%96%E3%83%AB+%E3%83%86%E3%83%BC%E3%83%96%E3%83%AB+%E7%99%BD+%E5%8C%97%E6%AC%A7+%E3%81%8A%E3%81%97%E3%82%83%E3%82%8C+%E5%8F%8E%E7%B4%8D+%E6%9C%A8%E7%9B%AE+%E6%9C%A8%E7%9B%AE%E8%AA%BF+%E3%83%AA%E3%83%93%E3%83%B3%E3%82%B0%E3%83%86%E3%83%BC%E3%83%96%E3%83%AB+%E3%83%AA%E3%83%93%E3%83%B3%E3%82%B0+%E3%82%B9%E3%83%AA%E3%83%A0+%E3%83%88+%E3%82%A2%E3%82%A4%E3%83%AA%E3%82%B9%E3%82%AA%E3%83%BC%E3%83%A4%E3%83%9E+LTB-1190W HTTP/1.1" 200 54493 "-" "Mozilla/5.0 (Linux; Android 6.0.1; Nexus 5X Build/MMB29P) AppleWebKit/537.36 (KHTML, like Gecko) Chrome/135.0.7049.95 Mobile Safari/537.36 (compatible; Googlebot/2.1; +http://www.google.com/bot.html)"
66.249.73.129 - - [29/Apr/2025:09:48:25 -0400] "GET /?o=6008532162600&channel=917c32&from=shared.php%3Fid%3D321626-6827%26name%3DGIVENCHY%E3%80%80%E3%82%B8%E3%83%90%E3%83%B3%E3%82%B7%E3%82%A3%E3%80%80%E3%83%9C%E3%82%B9%E3%83%88%E3%83%B3%E3%83%90%E3%83%83%E3%82%B0%E3%80%80%E3%82%AD%E3%83%A3%E3%83%B3%E3%83%90%E3%82%B9%C3%97%E3%83%AC%E3%82%B6%E3%83%BC%E3%80%80%E5%A4%A7%E5%AE%B9%E9%87%8F HTTP/1.1" 200 53740 "-" "Mozilla/5.0 (Linux; Android 6.0.1; Nexus 5X Build/MMB29P) AppleWebKit/537.36 (KHTML, like Gecko) Chrome/135.0.7049.95 Mobile Safari/537.36 (compatible; Googlebot/2.1; +http://www.google.com/bot.html)"
66.249.73.129 - - [29/Apr/2025:09:48:32 -0400] "GET /?o=02288164210800&channel=c883a0&from=product.php%3Fid%3D1642108-26767%26name%3D%E3%83%8D%E3%83%83%E3%82%AF%E3%82%A6%E3%82%A9%E3%83%BC%E3%83%9E%E3%83%BC+%E3%83%A1%E3%83%B3%E3%82%BA+%E7%8C%AB%E6%9F%84+%E3%83%8D%E3%82%B3%E6%9F%84+%E5%8B%95%E7%89%A9%E3%81%AE%E8%B6%B3%E8%B7%A1+%E3%83%8D%E3%83%83%E3%82%AF%E3%82%AC%E3%83%BC%E3%83%89+%E9%A6%96%E5%B7%BB%E3%81%8D+%E5%A4%9A%E6%A9%9F%E8%83%BD+%E3%83%98%E3%83%83%E3%83%89%E3%83%90%E3%83%B3%E3%83%89+%E5%B8%BD%E5%AD%90+%E6%9F%94%E3%82%89%E3%81%8B%E3%81%84+%E9%98%B2%E9%A2%A8%E9%98%B2%E5%AF%92+UV%E3%82%AB%E3%83%83%E3%83%88 HTTP/1.1" 200 55335 "-" "Mozilla/5.0 (Linux; Android 6.0.1; Nexus 5X Build/MMB29P) AppleWebKit/537.36 (KHTML, like Gecko) Chrome/135.0.7049.95 Mobile Safari/537.36 (compatible; Googlebot/2.1; +http://www.google.com/bot.html)"
66.249.73.129 - - [29/Apr/2025:09:48:32 -0400] "GET /?o=1106541908006&channel=a53acf&from=jp.php%3Fid%3D419080-61%26name%3D%E6%BF%80%E3%83%AC%E3%82%A2+HYKE+%E3%83%8F%E3%82%A4%E3%82%AF+%E3%82%B7%E3%83%A7%E3%83%BC%E3%83%88%E3%83%80%E3%83%83%E3%83%95%E3%83%AB%E3%82%B8%E3%83%A3%E3%82%B1%E3%83%83%E3%83%88+%E3%83%96%E3%83%A9%E3%83%83%E3%82%AF+size1 HTTP/1.1" 200 52872 "-" "Mozilla/5.0 (Linux; Android 6.0.1; Nexus 5X Build/MMB29P) AppleWebKit/537.36 (KHTML, like Gecko) Chrome/135.0.7049.95 Mobile Safari/537.36 (compatible; Googlebot/2.1; +http://www.google.com/bot.html)"
66.249.73.128 - - [29/Apr/2025:09:48:32 -0400] "GET /?o=288621386207&channel=626a2f&from=blog.php%3Fid%3D13862-1813%26name%3D%E3%83%A4%E3%83%9E%E3%83%8F%E3%80%80%E3%82%B8%E3%83%A7%E3%82%B0ZR%E3%82%A8%E3%83%9C%E3%83%AA%E3%83%A5%E3%83%BC%E3%82%B7%E3%83%A7%E3%83%B32%E3%80%80SA39%E3%80%80%E3%82%A4%E3%83%B3%E3%82%B8%E3%82%A7%E3%82%AF%E3%82%B7%E3%83%A7%E3%83%B3 HTTP/1.1" 200 52798 "-" "Mozilla/5.0 (Linux; Android 6.0.1; Nexus 5X Build/MMB29P) AppleWebKit/537.36 (KHTML, like Gecko) Chrome/135.0.7049.95 Mobile Safari/537.36 (compatible; Googlebot/2.1; +http://www.google.com/bot.html)"
66.249.73.129 - - [29/Apr/2025:09:48:33 -0400] "GET /?o=64890192037407&channel=151fdc&from=category-info.php%3Fid%3D1920374-21830%26name%3DKOMBIUDA+%E3%82%AF%E3%83%AC%E3%83%BC%E3%83%97%E7%B4%99%E3%81%AE%E8%8A%B1%E9%A3%BE%E3%82%8A+%E3%83%9F%E3%83%8B%E8%A1%97%E8%B7%AF%E7%81%AF+%E7%AA%93%E7%B4%99%E3%81%AE%E8%8A%B1+%E3%83%A6%E3%83%8B%E3%83%90%E3%83%BC%E3%82%B5%E3%83%AB%E3%82%BD%E3%83%95%E3%82%A1+%E8%A3%85%E9%A3%BE+%E3%83%9F%E3%83%8B%E3%83%A2%E3%83%87%E3%83%AB+%E5%B0%8F%E9%81%93%E5%85%B7%E7%B4%99%E3%81%AE%E8%8A%B1+%E5%AE%B6%E5%BA%AD%E7%B4%99%E3%81%AE%E8%8A%B1+%E8%AA%95%E7%94%9F%E6%97%A5%E3%83%91 HTTP/1.1" 200 54227 "-" "Mozilla/5.0 (Linux; Android 6.0.1; Nexus 5X Build/MMB29P) AppleWebKit/537.36 (KHTML, like Gecko) Chrome/135.0.7049.95 Mobile Safari/537.36 (compatible; Googlebot/2.1; +http://www.google.com/bot.html)"
66.249.73.128 - - [29/Apr/2025:09:48:40 -0400] "GET /?o=5897154210304&channel=a46c31&from=news.php%3Fid%3D542103-17666%26name%3D%E3%82%A6%E3%83%AB%E3%83%88%E3%83%A9%E3%83%9E%E3%83%B3%E3%83%88%E3%83%AA%E3%82%AC%E3%83%BC%E3%80%80DX%E3%82%AC%E3%83%83%E3%83%84%E3%83%90%E3%82%A4%E3%82%BF%E3%83%AB%E3%83%96%E3%83%AC%E3%83%BC%E3%83%89+%E3%83%90%E3%83%B3%E3%83%80%E3%82%A4 HTTP/1.1" 200 52879 "-" "Mozilla/5.0 (Linux; Android 6.0.1; Nexus 5X Build/MMB29P) AppleWebKit/537.36 (KHTML, like Gecko) Chrome/135.0.7049.95 Mobile Safari/537.36 (compatible; Googlebot/2.1; +http://www.google.com/bot.html)"
66.249.73.128 - - [29/Apr/2025:09:49:15 -0400] "GET /?o=9537660888002&channel=bc53a2&from=goods.php%3Fid%3D608880-5251%26name%3DCAN%E2%80%99T+BUST%E2%80%99EM+%E3%82%AD%E3%83%A3%E3%83%B3%E3%83%88%E3%83%90%E3%82%B9%E3%83%86%E3%83%A0%E3%80%80%E3%83%93%E3%83%B3%E3%83%86%E3%83%BC%E3%82%B8%E3%80%80%E3%82%AA%E3%83%BC%E3%83%90%E3%83%BC%E3%82%AA%E3%83%BC%E3%83%AB HTTP/1.1" 200 51969 "-" "Mozilla/5.0 (Linux; Android 6.0.1; Nexus 5X Build/MMB29P) AppleWebKit/537.36 (KHTML, like Gecko) Chrome/135.0.7049.95 Mobile Safari/537.36 (compatible; Googlebot/2.1; +http://www.google.com/bot.html)"
66.249.73.128 - - [29/Apr/2025:09:49:42 -0400] "GET /?o=80522104200302&channel=5e0bfe&from=shop.php%3Fid%3D1042003-1557%26name%3D%E2%98%86%E6%96%B0%E5%93%81%E6%9C%AA%E4%BD%BF%E7%94%A8%E2%98%86Apple+Watch+Ultra+%E3%82%AA%E3%83%AC%E3%83%B3%E3%82%B8%E3%82%AA%E3%83%BC%E3%82%B7%E3%83%A3%E3%83%B3%E3%83%90%E3%83%B3%E3%83%89 HTTP/1.1" 200 52508 "-" "Mozilla/5.0 (Linux; Android 6.0.1; Nexus 5X Build/MMB29P) AppleWebKit/537.36 (KHTML, like Gecko) Chrome/135.0.7049.95 Mobile Safari/537.36 (compatible; Googlebot/2.1; +http://www.google.com/bot.html)"
52.167.144.197 - - [29/Apr/2025:09:49:51 -0400] "GET /?o=6189254896302&channel=01d0c3&from=goods.php%3Fid%3D548963-8433%26name%3DYAMAHA+PAS%E9%9B%BB%E5%8B%95%E3%82%A2%E3%82%B7%E3%82%B9%E3%83%88%E8%87%AA%E8%BB%A2%E8%BB%8A HTTP/1.1" 200 0 "-" "Mozilla/5.0 AppleWebKit/537.36 (KHTML, like Gecko; compatible; bingbot/2.0; +http://www.bing.com/bingbot.htm) Chrome/116.0.1938.76 Safari/537.36"
157.55.39.48 - - [29/Apr/2025:09:49:56 -0400] "GET /?o=4061226051705&channel=166335&from=info.php%3Fid%3D260517-1809%26name%3D18%E3%82%AF%E3%83%A9%E3%82%A6%E3%83%B3+%E3%83%AD%E3%82%A4%E3%83%A4%E3%83%AB%E3%82%B5%E3%83%AB%E3%83%BC%E3%83%B3G HTTP/1.1" 200 0 "-" "Mozilla/5.0 AppleWebKit/537.36 (KHTML, like Gecko; compatible; bingbot/2.0; +http://www.bing.com/bingbot.htm) Chrome/116.0.1938.76 Safari/537.36"
66.249.73.129 - - [29/Apr/2025:09:50:24 -0400] "GET /?o=78188148642606&channel=4f4017&from=article.php%3Fid%3D1486426-2091%26name%3DTHE+NORTH+FACE+NY81931++%E3%83%96%E3%83%AA%E3%83%86%E3%82%A3%E3%83%83%E3%82%B7%E3%83%A5%E3%82%AB%E3%83%BC%E3%82%AD HTTP/1.1" 200 53465 "-" "Mozilla/5.0 (Linux; Android 6.0.1; Nexus 5X Build/MMB29P) AppleWebKit/537.36 (KHTML, like Gecko) Chrome/135.0.7049.95 Mobile Safari/537.36 (compatible; Googlebot/2.1; +http://www.google.com/bot.html)"
66.249.73.128 - - [29/Apr/2025:09:50:30 -0400] "GET /?o=19234101513621&channel=bd3771&from=product.php%3Fid%3D1015136-3984%26name%3D%E3%82%B9%E3%82%A6%E3%82%A7%E3%83%83%E3%83%88%E3%83%91%E3%83%B3%E3%83%84+%E3%82%B8%E3%83%A3%E3%83%BC%E3%82%B8+%E3%80%8C%E3%83%A6%E3%83%8B%E3%82%BB%E3%83%83%E3%82%AF%E3%82%B9%E3%82%A2%E3%82%A4%E3%83%86%E3%83%A0%E3%80%8Dpremium+slab+pants+%2F+%E3%83%97%E3%83%AC%E3%83%9F%E3%82%A2%E3%83%A0%E3%82%B9%E3%83%A9%E3%83%96%E3%83%91%E3%83%B3%E3%83%84+%E3%83%A1%E3%83%B3%E3%82%BA+%E3%83%AC%E3%83%87%E3%82%A3%E3%83%BC%E3%82%B9 HTTP/1.1" 200 54291 "-" "Mozilla/5.0 (Linux; Android 6.0.1; Nexus 5X Build/MMB29P) AppleWebKit/537.36 (KHTML, like Gecko) Chrome/135.0.7049.95 Mobile Safari/537.36 (compatible; Googlebot/2.1; +http://www.google.com/bot.html)"
66.249.73.128 - - [29/Apr/2025:09:50:30 -0400] "GET /?o=5302942110&channel=bfd81a&from=article.php%3Fid%3D4211-944%26name%3DOP-11+%E3%80%8C%E7%A5%9E%E9%80%9F%E3%81%AE%E6%8B%B3%E3%80%8D%E6%9C%AA%E9%96%8B%E5%B0%81+%E5%90%88%E3%81%9B%E3%82%8B+1%E3%82%AB%E3%83%BC%E3%83%88%E3%83%B3+ONE+PIECE HTTP/1.1" 200 0 "-" "Mozilla/5.0 (Linux; Android 6.0.1; Nexus 5X Build/MMB29P) AppleWebKit/537.36 (KHTML, like Gecko) Chrome/135.0.7049.95 Mobile Safari/537.36 (compatible; Googlebot/2.1; +http://www.google.com/bot.html)"
66.249.73.129 - - [29/Apr/2025:09:51:05 -0400] "GET /?o=8498255746404&channel=6109f4&from=info.php%3Fid%3D557464-15831%26name%3DSoreSore%EF%BC%88%E3%82%BD%E3%83%AC%E3%82%BD%E3%83%AC%EF%BC%89%E6%97%A5%E5%82%98+uv%E3%82%AB%E3%83%83%E3%83%88%E6%8A%98%E3%82%8A%E3%81%9F%E3%81%9F%E3%81%BF+%E6%99%B4%E9%9B%A8%E5%85%BC%E7%94%A8+%E9%81%AE%E5%85%89+%E6%8A%98%E3%82%8A%E3%81%9F%E3%81%9F%E3%81%BF%E5%82%98+%E3%83%AF%E3%83%B3%E3%82%BF%E3%83%83%E3%83%81+%E8%87%AA%E5%8B%95%E9%96%8B%E9%96%89+%E8%BB%BD%E9%87%8F+%E3%83%AC%E3%83%87%E3%82%A3%E3%83%BC%E3%82%B9+%E3%82%A2%E3%83%95%E3%83%AA HTTP/1.1" 200 54635 "-" "Mozilla/5.0 (Linux; Android 6.0.1; Nexus 5X Build/MMB29P) AppleWebKit/537.36 (KHTML, like Gecko) Chrome/135.0.7049.95 Mobile Safari/537.36 (compatible; Googlebot/2.1; +http://www.google.com/bot.html)"
40.77.167.108 - - [29/Apr/2025:09:51:18 -0400] "GET /robots.txt HTTP/1.1" 200 72 "-" "Mozilla/5.0 AppleWebKit/537.36 (KHTML, like Gecko; compatible; bingbot/2.0; +http://www.bing.com/bingbot.htm) Chrome/116.0.1938.76 Safari/537.36"
40.77.167.108 - - [29/Apr/2025:09:51:19 -0400] "GET /robots.txt HTTP/1.1" 200 72 "-" "Mozilla/5.0 AppleWebKit/537.36 (KHTML, like Gecko; compatible; bingbot/2.0; +http://www.bing.com/bingbot.htm) Chrome/116.0.1938.76 Safari/537.36"
66.249.73.128 - - [29/Apr/2025:09:51:23 -0400] "GET /?o=1028555557201&channel=4cb3f6&from=jp.php%3Fid%3D555572-17903%26name%3D%E8%A3%9C%E5%8A%A9%E4%BE%BF%E5%BA%A7+%E8%B8%8F%E3%81%BF%E5%8F%B0+%E3%82%BB%E3%83%83%E3%83%88+%E3%83%88%E3%82%A4%E3%83%88%E3%83%AC+%E4%BE%BF%E5%BA%A7+%E3%81%8A%E3%81%BE%E3%82%8B+%E5%AD%90%E4%BE%9B+%E3%83%88%E3%82%A4%E3%83%AC+%E3%83%88%E3%82%A4%E3%83%AC%E3%83%88%E3%83%AC%E3%83%BC%E3%83%8B%E3%83%B3%E3%82%B0+%E5%B9%BC%E5%85%90%E7%94%A8%E4%BE%BF%E5%BA%A7%E3%83%88%E3%83%AC%E3%83%BC%E3%83%8B%E3%83%B3%E3%82%B0+%E8%A8%93%E7%B7%B4+%E5%AD%90%E4%BE%9B%E7%94%A8%E3%83%88%E3%82%A4%E3%83%AC+%E5%AD%90%E3%81%A9%E3%82%82%E3%83%88%E3%82%A4%E3%83%AC+%E5%B9%BC%E5%85%90+%E7%B0%A1%E5%8D%98+%E9%A3%9B%E3%81%B3%E6%95%A3%E3%82%8A%E9%98%B2%E6%AD%A2+%E5%A5%B3%E3%81%AE%E5%AD%90+%E7%94%B7%E3%81%AE%E5%AD%90+%E8%B5%A4%E3%81%A1%E3%82%83%E3%82%93baichen01 HTTP/1.1" 200 54413 "-" "Mozilla/5.0 (Linux; Android 6.0.1; Nexus 5X Build/MMB29P) AppleWebKit/537.36 (KHTML, like Gecko) Chrome/135.0.7049.114 Mobile Safari/537.36 (compatible; Googlebot/2.1; +http://www.google.com/bot.html)"
66.249.73.129 - - [29/Apr/2025:09:51:26 -0400] "GET /?o=70728130249800&channel=316189&from=info.php%3Fid%3D1302498-3051%26name%3D%E3%80%90%E6%9C%80%E7%B5%82%E4%BE%A1%E6%A0%BC%E3%80%912%E3%81%A4%E6%8A%98%E3%82%8A%E3%83%AC%E3%82%B6%E3%83%BC%E3%82%A6%E3%82%A9%E3%83%AC%E3%83%83%E3%83%88+%E3%83%96%E3%83%A9%E3%83%83%E3%82%AF HTTP/1.1" 200 54461 "-" "Mozilla/5.0 (Linux; Android 6.0.1; Nexus 5X Build/MMB29P) AppleWebKit/537.36 (KHTML, like Gecko) Chrome/135.0.7049.95 Mobile Safari/537.36 (compatible; Googlebot/2.1; +http://www.google.com/bot.html)"
66.249.73.128 - - [29/Apr/2025:09:51:28 -0400] "GET /?o=1252973716805&channel=173216&from=category-info.php%3Fid%3D737168-18191%26name%3D%E6%9D%B1%E4%BA%AC%E3%83%9E%E3%83%AB%E3%82%A4+H%26K+MP5SD5+%E9%9B%BB%E5%8B%95%E3%82%AC%E3%83%B3 HTTP/1.1" 200 53365 "-" "Mozilla/5.0 (Linux; Android 6.0.1; Nexus 5X Build/MMB29P) AppleWebKit/537.36 (KHTML, like Gecko) Chrome/135.0.7049.114 Mobile Safari/537.36 (compatible; Googlebot/2.1; +http://www.google.com/bot.html)"
40.77.167.10 - - [29/Apr/2025:09:52:05 -0400] "GET /wp-includes__c454f3a/js/tinymce/skins/lightgray/fonts/?SA HTTP/1.1" 200 1148 "-" "Mozilla/5.0 AppleWebKit/537.36 (KHTML, like Gecko; compatible; bingbot/2.0; +http://www.bing.com/bingbot.htm) Chrome/116.0.1938.76 Safari/537.36"
52.45.15.233 - - [29/Apr/2025:09:53:06 -0400] "GET /wp-includes__c454f3a/css/dist/commands/?MA HTTP/1.1" 200 876 "-" "Mozilla/5.0 AppleWebKit/537.36 (KHTML, like Gecko; compatible; Amazonbot/0.1; +https://developer.amazon.com/support/amazonbot) Chrome/119.0.6045.214 Safari/537.36"
34.195.60.66 - - [29/Apr/2025:09:53:10 -0400] "GET /wp-includes__c454f3a/css/dist/components/?MA HTTP/1.1" 200 885 "-" "Mozilla/5.0 AppleWebKit/537.36 (KHTML, like Gecko; compatible; Amazonbot/0.1; +https://developer.amazon.com/support/amazonbot) Chrome/119.0.6045.214 Safari/537.36"
54.83.56.1 - - [29/Apr/2025:09:53:15 -0400] "GET /wp-includes__c454f3a/SimplePie/library/?SD HTTP/1.1" 200 867 "-" "Mozilla/5.0 AppleWebKit/537.36 (KHTML, like Gecko; compatible; Amazonbot/0.1; +https://developer.amazon.com/support/amazonbot) Chrome/119.0.6045.214 Safari/537.36"
35.174.253.85 - - [29/Apr/2025:09:53:19 -0400] "GET /wp-includes__c454f3a/rest-api/search/?MD HTTP/1.1" 200 954 "-" "Mozilla/5.0 AppleWebKit/537.36 (KHTML, like Gecko; compatible; Amazonbot/0.1; +https://developer.amazon.com/support/amazonbot) Chrome/119.0.6045.214 Safari/537.36"
66.249.73.128 - - [29/Apr/2025:09:53:20 -0400] "GET /?o=26592164518202&channel=b1d75c&from=category-info.php%3Fid%3D1645182-20957%26name%3DBLUE+COPEN+%E3%83%96%E3%83%AB%E3%83%BC%E3%82%B3%E3%83%9A%E3%83%B3%E3%80%80%E4%B8%AD%E7%9A%BF%E3%80%80%E7%9B%9B%E3%82%8A%E7%9A%BF+%E3%81%86%E3%82%8B%E3%81%8A%E3%81%86 HTTP/1.1" 200 53258 "-" "Mozilla/5.0 (Linux; Android 6.0.1; Nexus 5X Build/MMB29P) AppleWebKit/537.36 (KHTML, like Gecko) Chrome/135.0.7049.95 Mobile Safari/537.36 (compatible; Googlebot/2.1; +http://www.google.com/bot.html)"
3.225.9.97 - - [29/Apr/2025:09:53:22 -0400] "GET /wp-includes__c454f3a/images/crystal/?NA HTTP/1.1" 200 1436 "-" "Mozilla/5.0 AppleWebKit/537.36 (KHTML, like Gecko; compatible; Amazonbot/0.1; +https://developer.amazon.com/support/amazonbot) Chrome/119.0.6045.214 Safari/537.36"
52.71.46.142 - - [29/Apr/2025:09:53:27 -0400] "GET /wp-includes__c454f3a/js/jquery/?NA HTTP/1.1" 200 1854 "-" "Mozilla/5.0 AppleWebKit/537.36 (KHTML, like Gecko; compatible; Amazonbot/0.1; +https://developer.amazon.com/support/amazonbot) Chrome/119.0.6045.214 Safari/537.36"
18.213.70.100 - - [29/Apr/2025:09:53:32 -0400] "GET /wp-includes__c454f3a/Text/Diff/?NA HTTP/1.1" 200 882 "-" "Mozilla/5.0 AppleWebKit/537.36 (KHTML, like Gecko; compatible; Amazonbot/0.1; +https://developer.amazon.com/support/amazonbot) Chrome/119.0.6045.214 Safari/537.36"
100.28.118.16 - - [29/Apr/2025:09:53:35 -0400] "GET /wp-includes__c454f3a/SimplePie/library/SimplePie/?MA HTTP/1.1" 200 1734 "-" "Mozilla/5.0 AppleWebKit/537.36 (KHTML, like Gecko; compatible; Amazonbot/0.1; +https://developer.amazon.com/support/amazonbot) Chrome/119.0.6045.214 Safari/537.36"
52.70.209.13 - - [29/Apr/2025:09:53:39 -0400] "GET /wp-includes__c454f3a/SimplePie/src/Content/?MA HTTP/1.1" 200 794 "-" "Mozilla/5.0 AppleWebKit/537.36 (KHTML, like Gecko; compatible; Amazonbot/0.1; +https://developer.amazon.com/support/amazonbot) Chrome/119.0.6045.214 Safari/537.36"
66.249.73.128 - - [29/Apr/2025:09:54:28 -0400] "GET /?o=69801176633201&channel=01c201&from=form.php%3Fid%3D1766332-27876%26name%3D40%E3%82%A4%E3%83%B3%E3%83%81+%E3%83%8D%E3%82%A4%E3%83%93%E3%83%BC%E3%83%96%E3%83%AB%E3%83%BC+%E6%95%B0%E5%AD%97+80+%E3%83%90%E3%83%AB%E3%83%BC%E3%83%B3+%E3%83%9B%E3%82%A4%E3%83%AB%E3%83%98%E3%83%AA%E3%82%A6%E3%83%A0%E3%83%90%E3%83%AB%E3%83%BC%E3%83%B3+%E8%AA%95%E7%94%9F%E6%97%A5%E3%83%91%E3%83%BC%E3%83%86%E3%82%A3%E3%83%BC%E3%83%87%E3%82%B3%E3%83%AC%E3%83%BC%E3%82%B7%E3%83%A7%E3%83%B3+%E8%A8%98%E5%BF%B5%E6%97%A5%E3%83%91%E3%83%BC%E3%83%86%E3%82%A3%E3%83%BC%E8%A3%85%E9%A3%BE%E7%94%A8+%E3%83%8D HTTP/1.1" 200 54875 "-" "Mozilla/5.0 (Linux; Android 6.0.1; Nexus 5X Build/MMB29P) AppleWebKit/537.36 (KHTML, like Gecko) Chrome/135.0.7049.95 Mobile Safari/537.36 (compatible; Googlebot/2.1; +http://www.google.com/bot.html)"
66.249.73.130 - - [29/Apr/2025:09:55:24 -0400] "GET /?o=75397143020107&channel=9f69e2&from=product.php%3Fid%3D1430201-1611%26name%3D%E3%80%90%E8%B6%85%E7%8F%8D%E9%A4%A8%E8%94%B5%E3%80%91%E5%92%8C%E7%94%B0%E7%8E%89%E8%A3%BD+%E7%B4%B0%E5%AF%86%E5%BD%AB+%E8%88%9E%E4%BA%BA+%E7%BD%AE%E7%89%A9+%E5%8F%A4%E8%B3%9E%E7%89%A9+%E5%8F%A4%E7%BE%8E%E8%A1%93%E5%93%81+%E7%A8%80%E5%B0%91%E7%8F%8D%E8%94%B5%E5%93%81 HTTP/1.1" 200 54821 "-" "Mozilla/5.0 (Linux; Android 6.0.1; Nexus 5X Build/MMB29P) AppleWebKit/537.36 (KHTML, like Gecko) Chrome/135.0.7049.95 Mobile Safari/537.36 (compatible; Googlebot/2.1; +http://www.google.com/bot.html)"
52.167.144.197 - - [29/Apr/2025:09:55:31 -0400] "GET /?o=1518256376700&channel=2acc8a&from=brands.php%3Fid%3D563767-15742%26name%3DXperia+5+J9260%5B128GB%5D+SIM%E3%83%95%E3%83%AA%E3%83%BC+%E3%83%AC%E3%83%83%E3%83%89%E3%80%90%E5%AE%89%E5%BF%83%E4%BF%9D%E8%A8%BC%E3%80%91 HTTP/1.1" 200 0 "-" "Mozilla/5.0 AppleWebKit/537.36 (KHTML, like Gecko; compatible; bingbot/2.0; +http://www.bing.com/bingbot.htm) Chrome/116.0.1938.76 Safari/537.36"
157.55.39.48 - - [29/Apr/2025:09:55:35 -0400] "GET /?o=286519841609&channel=b4c71c&from=info.php%3Fid%3D98416-2215%26name%3D%E3%82%A8%E3%83%97%E3%83%AD%E3%83%B3+%E9%AB%98%E7%B4%9A+%E3%83%96%E3%83%A9%E3%83%B3%E3%83%89++%E3%83%88%E3%83%AF%E3%83%AB%E3%83%AC%E3%83%BC%E3%82%B9%E3%82%A8%E3%83%97%E3%83%AD%E3%83%B3%E3%83%94%E3%83%B3%E3%82%AF%E3%82%AA%E3%83%91%E3%83%BC%E3%83%AB+ATL21+%E3%81%8A%E3%81%97%E3%82%83%E3%82%8C+%E3%81%9F%E3%81%99%E3%81%8D%E6%8E%9B%E3%81%91+%E3%81%8B%E3%82%8F%E3%81%84%E3%81%84+%E3%83%AF%E3%83%B3%E3%83%94%E3%83%BC%E3%82%B9+%E3%83%AA%E3%83%9C%E3%83%B3+%E3%82%A8%E3%83%AC%E3%82%AC%E3%83%B3%E3%83%88+%E6%97%A5%E6%9C%AC%E8%A3%BD++%E6%AF%8D%E3%81%AE%E6%97%A5 HTTP/1.1" 200 0 "-" "Mozilla/5.0 AppleWebKit/537.36 (KHTML, like Gecko; compatible; bingbot/2.0; +http://www.bing.com/bingbot.htm) Chrome/116.0.1938.76 Safari/537.36"
157.55.39.48 - - [29/Apr/2025:09:55:36 -0400] "GET /?o=5810038521402&channel=bfc2f9&from=product.php%3Fid%3D385214-7597%26name%3D%E3%80%90%E4%B8%AD%E5%8F%A4%E3%80%91+%E3%83%86%E3%83%BC%E3%83%A9%E3%83%BC%E3%83%A1%E3%82%A4%E3%83%89+STEALTH+%236+%E3%83%AC%E3%83%87%E3%82%A3%E3%83%BC%E3%82%B9+%E5%8D%98%E5%93%81%E3%82%A2%E3%82%A4%E3%82%A2%E3%83%B3+LI+TENSEI+RED+TM40%28STEALTH+IR%29+%28%E3%83%95%E3%83%AC%E3%83%83%E3%82%AF%E3%82%B9A%29+%E3%83%AC%E3%83%87%E3%82%A3%E3%83%BC%E3%82%B9+%E5%A5%B3%E6%80%A7%E7%94%A8+%E5%8F%B3%E5%88%A9%E3%81%8D+%E5%8F%B3%E7%94%A8+N%E3%83%A9%E3%83%B3%E3%82%AF+%E3%82%B4%E3%83%AB%E3%83%95%E3%82%AF%E3%83%A9%E3%83%96 HTTP/1.1" 200 0 "-" "Mozilla/5.0 AppleWebKit/537.36 (KHTML, like Gecko; compatible; bingbot/2.0; +http://www.bing.com/bingbot.htm) Chrome/116.0.1938.76 Safari/537.36"
66.249.73.128 - - [29/Apr/2025:09:56:08 -0400] "GET /?o=2794261218904&channel=915b9e&from=form.php%3Fid%3D612189-3717%26name%3D%E3%80%90%E6%96%B0%E5%93%81%E3%80%91%E6%9C%80%E7%B5%82%E5%80%A4%E4%B8%8B%E3%80%9C+Nbox+JF3+DIXCEL%E3%83%96%E3%83%AC%E3%83%BC%E3%82%AD%E3%83%87%E3%82%A3%E3%82%B9%E3%82%AF%E3%83%AD%E3%83%BC%E3%82%BF%E3%83%BC+SD HTTP/1.1" 200 53853 "-" "Mozilla/5.0 (Linux; Android 6.0.1; Nexus 5X Build/MMB29P) AppleWebKit/537.36 (KHTML, like Gecko) Chrome/135.0.7049.95 Mobile Safari/537.36 (compatible; Googlebot/2.1; +http://www.google.com/bot.html)"
52.167.144.217 - - [29/Apr/2025:09:56:17 -0400] "GET /?o=37124119817702&channel=33b2e5&from=category-info.php%3Fid%3D1198177-2065%26name%3D%E3%80%90%E5%85%88%E7%9D%80+%E6%9C%80%E5%A4%A7500%E5%86%86OFF%E3%82%AF%E3%83%BC%E3%83%9D%E3%83%B3%E9%85%8D%E5%B8%83%21%E3%80%91%3CBR%3EINNO+%3CBR%3E%E4%B8%89%E8%8F%B1+A03A%2FA05A+%E3%83%9F%E3%83%A9%E3%83%BC%E3%82%B8%E3%83%A5%E7%94%A8+%3CBR%3E%E3%83%AB%E3%83%BC%E3%83%95%E3%82%AD%E3%83%A3%E3%83%AA%E3%82%A2%E5%8F%96%E4%BB%983%E7%82%B9%E3%82%BB%E3%83%83%E3%83%88+%3CBR%3EINSUT+%2B+K353+%2B+IN-B127BK+%3CBR%3E%E3%82%A4%E3%83%8E%E3%83%BC HTTP/1.1" 200 0 "-" "Mozilla/5.0 AppleWebKit/537.36 (KHTML, like Gecko; compatible; bingbot/2.0; +http://www.bing.com/bingbot.htm) Chrome/116.0.1938.76 Safari/537.36"
66.249.73.129 - - [29/Apr/2025:09:57:31 -0400] "GET /?o=3016998409603&channel=4b2e44&from=article.php%3Fid%3D984096-15649%26name%3D16+x+%E7%AA%81%E3%81%8D%E5%88%BA%E3%81%95+%E3%83%A6%E3%83%8B%E3%83%90%E3%83%BC%E3%82%B5%E3%83%AB+%E5%A4%96%E5%BE%843%E3%82%A4%E3%83%B3%E3%83%81+%E3%82%AB%E3%82%B9%E3%82%BF%E3%83%A0%E3%82%A8%E3%82%AD%E3%82%BE%E3%83%BC%E3%82%B9%E3%83%88%E3%83%81%E3%83%A5%E3%83%BC%E3%83%96+%E3%83%9E%E3%83%B3%E3%83%89%E3%83%AC%E3%83%AB+%E3%82%A8%E3%82%AD%E3%82%BE%E3%83%BC%E3%82%B9%E3%83%88%E3%83%91%E3%82%A4%E3%83%97+%E3%82%B9%E3%83%88%E3%83%AC%E3%83%BC%E3%83%88%E3%83%99%E3%83%B3%E3%83%89%E3%82%AD%E3%83%83%E3%83%88 HTTP/1.1" 200 52937 "-" "Mozilla/5.0 (Linux; Android 6.0.1; Nexus 5X Build/MMB29P) AppleWebKit/537.36 (KHTML, like Gecko) Chrome/135.0.7049.95 Mobile Safari/537.36 (compatible; Googlebot/2.1; +http://www.google.com/bot.html)"
52.167.144.217 - - [29/Apr/2025:09:57:55 -0400] "GET /?o=9255055749003&channel=d2254c&from=goods.php%3Fid%3D557490-15831%26name%3DSoreSore%EF%BC%88%E3%82%BD%E3%83%AC%E3%82%BD%E3%83%AC%EF%BC%89%E6%97%A5%E5%82%98+uv%E3%82%AB%E3%83%83%E3%83%88%E6%8A%98%E3%82%8A%E3%81%9F%E3%81%9F%E3%81%BF+%E6%99%B4%E9%9B%A8%E5%85%BC%E7%94%A8+%E9%81%AE%E5%85%89+%E6%8A%98%E3%82%8A%E3%81%9F%E3%81%9F%E3%81%BF%E5%82%98+%E3%83%AF%E3%83%B3%E3%82%BF%E3%83%83%E3%83%81+%E8%87%AA%E5%8B%95%E9%96%8B%E9%96%89+%E8%BB%BD%E9%87%8F+%E3%83%AC%E3%83%87%E3%82%A3%E3%83%BC%E3%82%B9+%E4%BA%80+%E3%83%8F HTTP/1.1" 200 0 "-" "Mozilla/5.0 AppleWebKit/537.36 (KHTML, like Gecko; compatible; bingbot/2.0; +http://www.bing.com/bingbot.htm) Chrome/116.0.1938.76 Safari/537.36"
66.249.73.130 - - [29/Apr/2025:09:58:21 -0400] "GET /?o=87851101171308&channel=90f523&from=brands.php%3Fid%3D1011713-3440%26name%3D%E3%82%AB%E3%83%BC%E3%82%B4%E3%83%91%E3%83%B3%E3%83%84+ORCIVAL+%7C+%E3%82%B3%E3%83%83%E3%83%88%E3%83%B3%E3%83%AA%E3%83%8D%E3%83%B3+%E3%82%A4%E3%83%BC%E3%82%B8%E3%83%BC%E3%82%AB%E3%83%BC%E3%82%B4%E3%83%91%E3%83%B3%E3%83%84+MEN+%E3%83%A1%E3%83%B3%E3%82%BA HTTP/1.1" 200 53307 "-" "Mozilla/5.0 (Linux; Android 6.0.1; Nexus 5X Build/MMB29P) AppleWebKit/537.36 (KHTML, like Gecko) Chrome/135.0.7049.95 Mobile Safari/537.36 (compatible; Googlebot/2.1; +http://www.google.com/bot.html)"
66.249.73.128 - - [29/Apr/2025:09:58:43 -0400] "GET /?o=81900118290501&channel=a80dcf&from=form.php%3Fid%3D1182905-3811%26name%3D%3A%E5%8D%B3%E6%B1%BA%E3%80%90%E4%BA%BA%E5%BD%A2%E9%A4%A8%E3%80%91%E3%80%8C%E6%9C%89%E8%81%B7%E6%9D%9F%E5%B8%AF%E9%9B%9BO-63%E3%80%8D%E9%9B%9B%E4%BA%BA%E5%BD%A2%E3%83%BB%E9%9B%9B%E9%81%93%E5%85%B7%E3%80%9D%E9%9B%9B%E3%80%9F+%E5%BB%B6%E3%81%B0%E3%81%99 HTTP/1.1" 200 54536 "-" "Mozilla/5.0 (Linux; Android 6.0.1; Nexus 5X Build/MMB29P) AppleWebKit/537.36 (KHTML, like Gecko) Chrome/135.0.7049.95 Mobile Safari/537.36 (compatible; Googlebot/2.1; +http://www.google.com/bot.html)"
66.249.73.128 - - [29/Apr/2025:09:59:28 -0400] "GET /?o=93761189206904&channel=8cdc2d&from=goods.php%3Fid%3D1892069-24714%26name%3D%5BTmboryuu%5D+%E3%82%AA%E3%83%BC%E3%83%97%E3%83%B3%E8%AA%BF%E7%AF%80%E5%8F%AF%E8%83%BD%E3%81%AA%E3%83%AA%E3%83%B3%E3%82%B0%E3%83%99%E3%83%BC%E3%82%B9%E3%83%96%E3%83%A9%E3%83%B3%E3%82%AF%E6%8C%87%E8%BC%AA%E8%A8%AD%E5%AE%9A%E5%A5%B3%E6%80%A7%E3%81%AE%E3%81%9F%E3%82%81%E3%81%AE%E8%B1%A1%E5%B5%8C%E3%82%AF%E3%83%AA%E3%82%B9%E3%82%BF%E3%83%AB%E3%82%BF%E3%83%BC%E3%82%B3%E3%82%A4%E3%82%BA%E5%A4%A9%E7%84%B6%E5%AE%9D%E7%9F%B3%E3%82%B8%E3%83%A5%E3%82%A8%E3%83%AA%E3%83%BC%E3%83%A1%E3%82%A4%E3%82%AD%E3%83%B3%E3%82%B0 HTTP/1.1" 200 55948 "-" "Mozilla/5.0 (Linux; Android 6.0.1; Nexus 5X Build/MMB29P) AppleWebKit/537.36 (KHTML, like Gecko) Chrome/135.0.7049.95 Mobile Safari/537.36 (compatible; Googlebot/2.1; +http://www.google.com/bot.html)"
66.249.73.130 - - [29/Apr/2025:10:00:24 -0400] "GET /?o=1911864926703&channel=c2d5fa&from=blog.php%3Fid%3D649267-918%26name%3D%E3%82%B2%E3%83%BC%E3%83%9F%E3%83%B3%E3%82%B0PC+%E6%96%B0%E5%93%81+Core+i5-14400F%2FRTX+4060%2F16GB%2F1TB+SSD%2FWindows+11+BTO+%E3%83%AC%E3%83%99%E3%83%AB%E3%82%A4%E3%83%B3%E3%83%95%E3%82%A3%E3%83%8B%E3%83%86%E3%82%A3 HTTP/1.1" 200 54278 "-" "Mozilla/5.0 (Linux; Android 6.0.1; Nexus 5X Build/MMB29P) AppleWebKit/537.36 (KHTML, like Gecko) Chrome/135.0.7049.95 Mobile Safari/537.36 (compatible; Googlebot/2.1; +http://www.google.com/bot.html)"
66.249.73.128 - - [29/Apr/2025:10:00:24 -0400] "GET /?o=0040747127301&channel=3df20b&from=blog.php%3Fid%3D471273-16592%26name%3D%E3%82%A8%E3%82%A4%E3%83%AA%E3%82%A2%E3%83%B3%E3%82%AF%E3%83%AA%E3%83%BC%E3%83%81%E3%83%A3%E3%83%BC%E3%83%BB%E3%83%99%E3%82%A2+%E3%82%AF%E3%83%AD%E3%82%B9%E3%82%B9%E3%82%AF%E3%83%AA%E3%83%BC%E3%83%B3%E3%82%AF%E3%83%AA%E3%83%BC%E3%83%8A%E3%83%BC2%E6%9C%AC%E3%82%B9%E3%82%A8%E3%83%BC%E3%83%89%E3%83%95%E3%82%A1%E3%83%96%E3%83%AA%E3%83%83%E3%82%AF%E6%B4%97%E6%B5%84 HTTP/1.1" 200 54480 "-" "Mozilla/5.0 (Linux; Android 6.0.1; Nexus 5X Build/MMB29P) AppleWebKit/537.36 (KHTML, like Gecko) Chrome/135.0.7049.95 Mobile Safari/537.36 (compatible; Googlebot/2.1; +http://www.google.com/bot.html)"
66.249.73.130 - - [29/Apr/2025:10:01:20 -0400] "GET /?o=88862179141901&channel=64b7d4&from=news.php%3Fid%3D1791419-28743%26name%3D%E3%81%8D%E3%82%89%E3%82%81%E3%81%8F%E3%83%A9%E3%82%A4%E3%83%B3%E3%82%B9%E3%83%88%E3%83%BC%E3%83%B3%E3%83%90%E3%82%BF%E3%83%95%E3%83%A9%E3%82%A4%E3%82%A2%E3%83%83%E3%83%97%E3%83%AA%E3%82%B1%E7%B8%AB%E8%A3%BD%E3%82%AF%E3%83%AA%E3%82%A8%E3%82%A4%E3%83%86%E3%82%A3%E3%83%96%E3%83%8F%E3%83%B3%E3%83%89%E3%82%AF%E3%83%A9%E3%83%95%E3%83%88%E3%83%97%E3%83%AD%E3%82%B8%E3%82%A7%E3%82%AF%E3%83%88%E3%81%A8%E8%A1%A3%E8%A3%85%E3%83%89%E3%83%AC%E3%82%B9%E3%81%AE%E8%A3%85%E9%A3%BE%E3%81%AE%E3%81%9F%E3%82%81%E3%81%AE%E3%83%91%E3%83%83%E3%83%81 HTTP/1.1" 200 53650 "-" "Mozilla/5.0 (Linux; Android 6.0.1; Nexus 5X Build/MMB29P) AppleWebKit/537.36 (KHTML, like Gecko) Chrome/135.0.7049.95 Mobile Safari/537.36 (compatible; Googlebot/2.1; +http://www.google.com/bot.html)"
66.249.73.130 - - [29/Apr/2025:10:02:02 -0400] "GET /?o=57914130367203&channel=74968f&from=brands.php%3Fid%3D1303672-2854%26name%3DC2450%E3%80%80%E3%83%91%E3%83%AD%E3%83%9E%E3%80%802%E5%8F%A3%E3%80%80%E3%82%AC%E3%82%B9%E3%83%86%E3%83%BC%E3%83%96%E3%83%AB%E3%80%80%E3%82%AC%E3%82%B9%E3%82%B3%E3%83%B3%E3%83%AD%E3%80%80%E3%80%80LP%E3%82%AC%E3%82%B9%E3%80%802022%E5%B9%B4%E8%A3%BD%E3%80%80%E3%80%80%E5%8D%8A%E5%B9%B4%E4%BF%9D%E8%A8%BC%E3%80%80%E9%80%81%E6%96%99A%E3%80%80%E6%9C%AD%E5%B9%8C%E3%80%80%E3%83%97%E3%83%A9%E3%82%AF%E3%83%A9%E5%8D%979%E6%9D%A1%E5%BA%97%E3%80%80%E3%82%AB%E3%83%BC%E3%83%89%E6%B1%BA%E6%B8%88%E5%8F%AF%E8%83%BD HTTP/1.1" 200 54454 "-" "Mozilla/5.0 (Linux; Android 6.0.1; Nexus 5X Build/MMB29P) AppleWebKit/537.36 (KHTML, like Gecko) Chrome/135.0.7049.95 Mobile Safari/537.36 (compatible; Googlebot/2.1; +http://www.google.com/bot.html)"
66.249.73.128 - - [29/Apr/2025:10:02:23 -0400] "GET /?o=2593374702005&channel=6e5403&from=shared.php%3Fid%3D747020-3821%26name%3D%E3%80%90%E5%90%8D%E5%85%A5%E3%82%8C%E9%A2%A8%E5%91%82%E6%95%B7%E3%80%91%E8%8D%89%E6%9C%A8%E6%9F%93%2F%E6%AD%A3%E7%B5%B9+68cm%E3%82%BF%E3%82%A4%E3%83%97%EF%BC%88%E5%90%8D%E5%85%A5%E3%82%8C%E4%BB%A3%E8%BE%BC%E3%81%BF%EF%BC%89+%E5%86%A0%E5%A9%9A%E8%91%AC%E7%A5%AD+%E9%A2%A8%E5%91%82%E6%95%B7%E3%80%90%E6%A1%90%E7%AE%B1%E5%85%A5%E3%80%91 HTTP/1.1" 200 54653 "-" "Mozilla/5.0 (Linux; Android 6.0.1; Nexus 5X Build/MMB29P) AppleWebKit/537.36 (KHTML, like Gecko) Chrome/135.0.7049.114 Mobile Safari/537.36 (compatible; Googlebot/2.1; +http://www.google.com/bot.html)"
66.249.73.129 - - [29/Apr/2025:10:02:25 -0400] "GET /?o=32772149679401&channel=7cbdb4&from=goods.php%3Fid%3D1496794-8433%26name%3D%E6%B1%BA%E3%81%BE%E3%82%8A%E3%81%BE%E3%81%97%E3%81%9F%E3%80%80%E9%9B%BB%E5%8B%95%E3%82%A2%E3%82%B7%E3%82%B9%E3%83%88%E8%87%AA%E8%BB%A2%E8%BB%8A%E3%80%80%E3%82%A2%E3%83%B3%E3%82%B8%E3%82%A7%E3%83%AA%E3%83%BC%E3%83%8E%E3%80%80AG26L8+%E3%81%A4%E3%81%A4%E3%81%84 HTTP/1.1" 200 54541 "-" "Mozilla/5.0 (Linux; Android 6.0.1; Nexus 5X Build/MMB29P) AppleWebKit/537.36 (KHTML, like Gecko) Chrome/135.0.7049.95 Mobile Safari/537.36 (compatible; Googlebot/2.1; +http://www.google.com/bot.html)"
66.249.73.128 - - [29/Apr/2025:10:02:48 -0400] "GET /?o=2279265129605&channel=f6398b&from=goods.php%3Fid%3D651296-11%26name%3D%E3%82%A2%E3%83%AB%E3%83%9F%E3%82%AA%E3%82%A4%E3%83%AB%E3%82%AB%E3%83%90%E3%83%BC+XLV+600+650+700+%E3%83%88%E3%83%A9%E3%83%B3%E3%82%B9%E3%82%A2%E3%83%AB%E3%83%97+XL600V+XL650V+XL700V+%E3%82%AA%E3%83%BC%E3%83%88%E3%83%90%E3%82%A4%E3%83%96%E3%83%AC%E3%83%BC%E3%82%AD%E3%82%AF%E3%83%A9 HTTP/1.1" 200 54978 "-" "Mozilla/5.0 (Linux; Android 6.0.1; Nexus 5X Build/MMB29P) AppleWebKit/537.36 (KHTML, like Gecko) Chrome/135.0.7049.114 Mobile Safari/537.36 (compatible; Googlebot/2.1; +http://www.google.com/bot.html)"
66.249.73.130 - - [29/Apr/2025:10:03:09 -0400] "GET /?o=1821086182601&channel=360bc0&from=jp.php%3Fid%3D861826-21463%26name%3D%E3%83%9E%E3%82%A4%E3%83%A1%E3%83%AD%E3%80%80%E3%82%B9%E3%83%AA%E3%83%BC%E3%83%91%E3%83%BC+%E3%80%9C100cm HTTP/1.1" 200 53239 "-" "Mozilla/5.0 (Linux; Android 6.0.1; Nexus 5X Build/MMB29P) AppleWebKit/537.36 (KHTML, like Gecko) Chrome/135.0.7049.95 Mobile Safari/537.36 (compatible; Googlebot/2.1; +http://www.google.com/bot.html)"
66.249.73.129 - - [29/Apr/2025:10:03:37 -0400] "GET /?o=41008189706&channel=d6a04b&from=jp.php%3Fid%3D1897-3%26name%3DSEIKO+%E3%81%8A%E3%81%8B%E3%81%91%E3%81%84%E3%81%9F%E3%81%97+LUKIA+%E3%82%BD%E3%83%BC%E3%83%A9%E3%83%BC%E9%9B%BB%E6%B3%A2%E6%99%82%E8%A8%88+SSQV058 HTTP/1.1" 200 54375 "-" "Mozilla/5.0 (Linux; Android 6.0.1; Nexus 5X Build/MMB29P) AppleWebKit/537.36 (KHTML, like Gecko) Chrome/135.0.7049.95 Mobile Safari/537.36 (compatible; Googlebot/2.1; +http://www.google.com/bot.html)"
