52.167.144.156 - - [29/Apr/2025:14:12:49 -0400] "GET /?o=8190416319005&channel=c9c010&from=shared.php%3Fid%3D163190-1095%26name%3D%E3%82%AD%E3%83%A3%E3%83%90%E3%82%AF%E3%83%A9.%E3%83%91%E3%83%BC%E3%83%86%E3%82%A3%E3%83%BC%E3%83%92%E3%83%BC%E3%83%AB HTTP/1.1" 200 0 "-" "Mozilla/5.0 AppleWebKit/537.36 (KHTML, like Gecko; compatible; bingbot/2.0; +http://www.bing.com/bingbot.htm) Chrome/116.0.1938.76 Safari/537.36"
66.249.73.129 - - [29/Apr/2025:14:12:52 -0400] "GET /?o=12805113791106&channel=fd459c&from=goods.php%3Fid%3D1137911-1585%26name%3D%E3%83%AB%E3%82%A4%E3%83%BB%E3%83%B4%E3%82%A3%E3%83%88%E3%83%B3+%E3%83%99%E3%83%AB%E3%82%A8%E3%83%BC%E3%83%AB%E3%80%80%E3%82%B7%E3%83%A7%E3%83%AB%E3%83%80%E3%83%BC%E3%83%90%E3%83%83%E3%82%B0+%E3%82%B7%E3%83%A7%E3%83%AB%E3%83%80%E3%83%BC%E3%83%90%E3%83%83%E3%82%B0 HTTP/1.1" 200 53248 "-" "Mozilla/5.0 (Linux; Android 6.0.1; Nexus 5X Build/MMB29P) AppleWebKit/537.36 (KHTML, like Gecko) Chrome/135.0.7049.95 Mobile Safari/537.36 (compatible; Googlebot/2.1; +http://www.google.com/bot.html)"
18.97.9.175 - - [29/Apr/2025:14:13:11 -0400] "GET /bocoran-togel-toto-macau-16-00-selasa-9-januari-2024/ HTTP/1.1" 200 0 "-" "CCBot/2.0 (https://commoncrawl.org/faq/)"
66.249.73.128 - - [29/Apr/2025:14:13:22 -0400] "GET /?o=29749163806803&channel=98ad13&from=shared.php%3Fid%3D1638068-26733%26name%3D%E6%B5%AE%E9%81%8A%E9%AD%9A%E3%81%AE%E7%B9%81%E6%AE%96%E7%AE%B1+-+%E9%80%8F%E6%98%8E%E3%81%AA%E6%B0%B4%E6%A7%BD%E5%88%86%E9%9B%A2%E5%99%A8%E3%80%81%E3%83%99%E3%83%83%E3%82%BFhatch%E5%8C%96%E5%A0%B4%E3%81%AE%E3%82%A4%E3%83%B3%E3%82%AD%E3%83%A5%E3%83%99%E3%83%BC%E3%82%BF%E3%83%BC%7C%E3%82%B0%E3%83%83%E3%83%94%E3%83%BC%E3%80%81%E3%82%A8%E3%83%93%E3%80%81%E3%83%95%E3%83%A9%E3%82%A4%E3%80%81%E7%B9%81%E6%AE%96%E3%80%81hatch%E5%8C%96%E3%80%81%E6%B0%B4%E7%94%9F%E3%82%B1%E3%82%A2%E7%94%A8 HTTP/1.1" 200 54446 "-" "Mozilla/5.0 (Linux; Android 6.0.1; Nexus 5X Build/MMB29P) AppleWebKit/537.36 (KHTML, like Gecko) Chrome/135.0.7049.95 Mobile Safari/537.36 (compatible; Googlebot/2.1; +http://www.google.com/bot.html)"
52.167.144.146 - - [29/Apr/2025:14:13:39 -0400] "GET /?o=7860640396003&channel=2a3910&from=goods.php%3Fid%3D403960-3158%26name%3DBluetooth+%E3%82%A4%E3%83%A4%E3%83%9B%E3%83%B3+%E3%83%AC%E3%82%B7%E3%83%BC%E3%83%90%E3%83%BC+FIIO+UTWS5+2025+%E3%83%95%E3%82%A3%E3%83%BC%E3%82%AA+%E3%83%8F%E3%82%A4%E3%83%AC%E3%82%BE+%E3%83%AF%E3%82%A4%E3%83%A4%E3%83%AC%E3%82%B9%E5%AF%BE%E5%BF%9C+TWS+DAC+%E3%82%A2%E3%83%B3%E3%83%97 HTTP/1.1" 200 0 "-" "Mozilla/5.0 AppleWebKit/537.36 (KHTML, like Gecko; compatible; bingbot/2.0; +http://www.bing.com/bingbot.htm) Chrome/116.0.1938.76 Safari/537.36"
18.97.9.175 - - [29/Apr/2025:14:13:51 -0400] "GET /tag/erek-erek-23/ HTTP/1.1" 200 0 "-" "CCBot/2.0 (https://commoncrawl.org/faq/)"
52.167.144.146 - - [29/Apr/2025:14:14:08 -0400] "GET /?o=97901166179602&channel=a80507&from=category-info.php%3Fid%3D1661796-25661%26name%3D%E3%82%B5%E3%83%BC%E3%83%A2%E3%82%B9%E3%82%BF%E3%83%83%E3%83%88%E3%82%B7%E3%83%A3%E3%83%AF%E3%83%BC%E3%82%B3%E3%83%B3%E3%83%9C%E3%82%BB%E3%83%83%E3%83%88%E5%A3%81%E5%8F%96%E3%82%8A%E4%BB%98%E3%81%91%E3%83%90%E3%82%B9%E3%83%AB%E3%83%BC%E3%83%A0%E3%82%B7%E3%83%A3%E3%83%AF%E3%83%BC%E8%9B%87%E5%8F%A3%E3%82%BB%E3%83%83%E3%83%88%E3%80%8110%E3%82%A4%E3%83%B3%E3%83%81%E3%83%AC%E3%82%A4%E3%83%B3%E3%83%95%E3%82%A9%E3%83%BC%E3%83%AB%E3%82%B7%E3%83%A3%E3%83%AF%E3%83%BC%E3%83%98%E3%83%83%E3%83%89%E3%80%81%E5%A4%9A%E6%A9%9F%E8%83%BD%E3%83%8F%E3%83%B3%E3%83%89%E3%82%B7%E3%83%A3%E3%83%AF HTTP/1.1" 200 0 "-" "Mozilla/5.0 AppleWebKit/537.36 (KHTML, like Gecko; compatible; bingbot/2.0; +http://www.bing.com/bingbot.htm) Chrome/116.0.1938.76 Safari/537.36"
66.249.73.129 - - [29/Apr/2025:14:14:26 -0400] "GET /?o=69112105950902&channel=3c0c0f&from=blog.php%3Fid%3D1059509-18415%26name%3D%E3%83%8D%E3%82%AF%E3%82%BF%E3%82%A4%E3%83%94%E3%83%B3+%E9%A0%AD%E6%96%87%E5%AD%97d+%E3%82%A4%E3%83%8B%E3%82%B7%E3%83%A3%E3%83%AB+D+%E8%97%A4%E5%8E%9F%E6%8B%93%E6%B5%B7+%E3%82%BF%E3%82%A4%E3%82%BF%E3%83%83%E3%82%AF+%E3%83%A1%E3%83%B3%E3%82%BA+%E3%82%BF%E3%82%A4%E3%83%94%E3%83%B3+%E3%82%BF%E3%82%A4%E3%82%AF%E3%83%AA%E3%83%83%E3%83%97+2%E6%9E%9A%E3%82%BB%E3%83%83%E3%83%88+%E3%83%8D%E3%82%AF%E3%82%BF%E3%82%A4%E3%82%AF%E3%83%AA%E3%83%83%E3%83%97+%E3%82%A2%E3%82%AF%E3%82%BB%E3%82%B5 HTTP/1.1" 200 53360 "-" "Mozilla/5.0 (Linux; Android 6.0.1; Nexus 5X Build/MMB29P) AppleWebKit/537.36 (KHTML, like Gecko) Chrome/135.0.7049.95 Mobile Safari/537.36 (compatible; Googlebot/2.1; +http://www.google.com/bot.html)"
18.97.9.175 - - [29/Apr/2025:14:14:33 -0400] "GET /bocoran-togel-toto-macau-00-00-kamis-11-januari-2024/ HTTP/1.1" 200 0 "-" "CCBot/2.0 (https://commoncrawl.org/faq/)"
52.167.144.229 - - [29/Apr/2025:14:14:45 -0400] "GET /?o=28896139087701&channel=097d73&from=category-info.php%3Fid%3D1390877-6780%26name%3D%E3%81%B5%E3%82%8B%E3%81%95%E3%81%A8%E7%B4%8D%E7%A8%8E+%E3%82%A2%E3%82%BF%E3%83%83%E3%82%AF%E9%99%A4%E8%8F%8C%E3%82%A2%E3%83%89%E3%83%90%E3%83%B3%E3%82%B9850g%C3%976+%E7%A5%9E%E5%A5%88%E5%B7%9D%E7%9C%8C%E5%B7%9D%E5%B4%8E%E5%B8%82 HTTP/1.1" 200 0 "-" "Mozilla/5.0 AppleWebKit/537.36 (KHTML, like Gecko; compatible; bingbot/2.0; +http://www.bing.com/bingbot.htm) Chrome/116.0.1938.76 Safari/537.36"
18.97.9.175 - - [29/Apr/2025:14:15:14 -0400] "GET /tag/erek-erek-08/ HTTP/1.1" 200 0 "-" "CCBot/2.0 (https://commoncrawl.org/faq/)"
66.249.73.130 - - [29/Apr/2025:14:15:20 -0400] "GET /?o=8285894159402&channel=d45785&from=shared.php%3Fid%3D941594-8487%26name%3DDeLonghi+%E8%A6%8B%E5%88%87%E3%82%89+%E3%83%87%E3%83%AD%E3%83%B3%E3%82%AE%E3%82%AA%E3%82%A4%E3%83%AB%E3%83%92%E3%83%BC%E3%82%BF%E3%83%BC%E3%80%90MDHAA09WiFi%E3%80%91WiFi%E3%83%A2%E3%83%87%E3%83%AB HTTP/1.1" 200 52363 "-" "Mozilla/5.0 (Linux; Android 6.0.1; Nexus 5X Build/MMB29P) AppleWebKit/537.36 (KHTML, like Gecko) Chrome/135.0.7049.95 Mobile Safari/537.36 (compatible; Googlebot/2.1; +http://www.google.com/bot.html)"
18.97.9.175 - - [29/Apr/2025:14:15:54 -0400] "GET /bocoran-togel-toto-macau-13-00-selasa-26-desember-2023/ HTTP/1.1" 200 0 "-" "CCBot/2.0 (https://commoncrawl.org/faq/)"
18.97.9.175 - - [29/Apr/2025:14:16:32 -0400] "GET /bocoran-togel-jitu-hk-selasa-12-desember-2023/ HTTP/1.1" 200 0 "-" "CCBot/2.0 (https://commoncrawl.org/faq/)"
18.97.9.175 - - [29/Apr/2025:14:17:08 -0400] "GET /live-draw-sdy-bocoran-togel-jitu/ HTTP/1.1" 200 0 "-" "CCBot/2.0 (https://commoncrawl.org/faq/)"
66.249.73.128 - - [29/Apr/2025:14:17:15 -0400] "GET /?o=12122133043001&channel=0851e6&from=blog.php%3Fid%3D1330430-9975%26name%3D%E7%87%83%E6%96%99%E5%99%B4%E5%B0%84%E3%83%8E%E3%82%BA%E3%83%AB+4X+%E7%87%83%E6%96%99%E3%82%A4%E3%83%B3%E3%82%B8%E3%82%A7%E3%82%AF%E3%82%BF%E3%83%BC+%E3%82%A4%E3%83%B3%E3%83%94%E3%83%BC%E3%83%80%E3%83%B3%E3%82%B9+210Lb+2200Cc+%E3%82%AC%E3%82%B9+%E3%82%AC%E3%82%BD%E3%83%AA%E3%83%B3+%E3%83%A1%E3%82%BF%E3%83%8E%E3%83%BC%E3%83%AB+0280158821 HTTP/1.1" 200 54019 "-" "Mozilla/5.0 (Linux; Android 6.0.1; Nexus 5X Build/MMB29P) AppleWebKit/537.36 (KHTML, like Gecko) Chrome/135.0.7049.95 Mobile Safari/537.36 (compatible; Googlebot/2.1; +http://www.google.com/bot.html)"
66.249.73.129 - - [29/Apr/2025:14:17:16 -0400] "GET /?o=22022186477003&channel=4f4017&from=goods.php%3Fid%3D1864770-2091%26name%3D%E5%80%A4%E6%AE%B5%E4%BA%A4%E6%B8%89%E6%89%BF%E3%82%8A%E3%81%BE%E3%81%99%EF%BC%81%EF%BC%81%EF%BC%81+%E8%B2%B7%E3%81%84%E3%81%A4%E3%81%91+%E3%83%9E%E3%83%BC%E3%83%96%E3%83%AB%E3%82%BA+%E3%83%8A%E3%82%A4%E3%83%AD%E3%83%B3%E3%82%B8%E3%83%A3%E3%82%B1%E3%83%83%E3%83%88+%E3%83%9E%E3%82%A6%E3%83%B3%E3%83%86%E3%83%B3%E3%83%91%E3%83%BC%E3%82%AB%E3%83%BC HTTP/1.1" 200 53632 "-" "Mozilla/5.0 (Linux; Android 6.0.1; Nexus 5X Build/MMB29P) AppleWebKit/537.36 (KHTML, like Gecko) Chrome/135.0.7049.95 Mobile Safari/537.36 (compatible; Googlebot/2.1; +http://www.google.com/bot.html)"
66.249.73.128 - - [29/Apr/2025:14:17:23 -0400] "GET /?o=72988182410200&channel=98137f&from=news.php%3Fid%3D1824102-29129%26name%3DBRESMILE+%E3%83%96%E3%83%AC%E3%82%B9%E3%83%9E%E3%82%A4%E3%83%AB%E3%82%A6%E3%82%A9%E3%83%83%E3%82%B7%E3%83%A5270ml3%E6%9C%AC%E3%82%BB%E3%83%83%E3%83%88 HTTP/1.1" 200 53077 "-" "Mozilla/5.0 (Linux; Android 6.0.1; Nexus 5X Build/MMB29P) AppleWebKit/537.36 (KHTML, like Gecko) Chrome/135.0.7049.95 Mobile Safari/537.36 (compatible; Googlebot/2.1; +http://www.google.com/bot.html)"
66.249.73.128 - - [29/Apr/2025:14:17:27 -0400] "GET /?o=52492110495801&channel=c075fb&from=blog.php%3Fid%3D1104958-1540%26name%3D%E3%83%91%E3%83%B3%E3%83%87%E3%83%83%E3%83%88%E3%80%80%E3%82%B7%E3%83%A7%E3%83%83%E3%82%AF%E3%83%B3%26%E3%83%AF%E3%83%83%E3%82%B5%E3%83%B3%28%E5%AE%9D%E7%9F%B3%E7%AE%B1%29+%E3%82%BD%E3%83%95%E3%83%93%E3%80%80%E3%83%87%E3%82%B6%E3%83%95%E3%82%A7%E3%82%B956%E9%99%90%E5%AE%9A HTTP/1.1" 200 54597 "-" "Mozilla/5.0 (Linux; Android 6.0.1; Nexus 5X Build/MMB29P) AppleWebKit/537.36 (KHTML, like Gecko) Chrome/135.0.7049.95 Mobile Safari/537.36 (compatible; Googlebot/2.1; +http://www.google.com/bot.html)"
66.249.73.128 - - [29/Apr/2025:14:17:30 -0400] "GET /?o=5663118545606&channel=bd52b8&from=pin.php%3Fid%3D185456-10183%26name%3D%E3%80%90%E6%96%B0%E5%93%81%2F20.5cm%E3%80%91%E3%83%AD%E3%82%B7%E3%83%8B%E3%83%A7%E3%83%BC%E3%83%AB%E2%96%A0%E3%82%B8%E3%83%A5%E3%83%8B%E3%82%A2%E3%82%B9%E3%82%AD%E3%83%BC%E3%83%96%E3%83%BC%E3%83%84%E2%96%A0FUN+GIRL+J3 HTTP/1.1" 200 52806 "-" "Mozilla/5.0 (Linux; Android 6.0.1; Nexus 5X Build/MMB29P) AppleWebKit/537.36 (KHTML, like Gecko) Chrome/135.0.7049.95 Mobile Safari/537.36 (compatible; Googlebot/2.1; +http://www.google.com/bot.html)"
66.249.73.128 - - [29/Apr/2025:14:17:32 -0400] "GET /?o=70138119618400&channel=9dfa3b&from=info.php%3Fid%3D1196184-9007%26name%3D%E3%80%90%E5%B0%8F%E7%B6%BA%E9%BA%97%E3%80%91+%E5%8E%9F%E4%BB%98+%E3%82%B9%E3%82%BA%E3%82%AD+V50+4st+S24 HTTP/1.1" 200 54720 "-" "Mozilla/5.0 (Linux; Android 6.0.1; Nexus 5X Build/MMB29P) AppleWebKit/537.36 (KHTML, like Gecko) Chrome/135.0.7049.95 Mobile Safari/537.36 (compatible; Googlebot/2.1; +http://www.google.com/bot.html)"
66.249.73.128 - - [29/Apr/2025:14:17:39 -0400] "GET /?o=3181060738403&channel=e7d91b&from=goods.php%3Fid%3D607384-3742%26name%3D%E4%BC%8A%E8%97%A4%E8%B6%85%E7%9F%AD%E6%B3%A2+BEAUMOWAVE+%E3%83%93%E3%83%A5%E3%83%BC%E3%83%A2%E3%82%A6%E3%82%A7%E3%83%BC%E3%83%96+%E7%BE%8E%E5%AE%B9%E5%99%A8 HTTP/1.1" 200 52955 "-" "Mozilla/5.0 (Linux; Android 6.0.1; Nexus 5X Build/MMB29P) AppleWebKit/537.36 (KHTML, like Gecko) Chrome/135.0.7049.95 Mobile Safari/537.36 (compatible; Googlebot/2.1; +http://www.google.com/bot.html)"
18.97.9.175 - - [29/Apr/2025:14:17:42 -0400] "GET /erek-erek-38-di-buku-mimpi-bergambar-lengkap/ HTTP/1.1" 200 0 "-" "CCBot/2.0 (https://commoncrawl.org/faq/)"
66.249.73.128 - - [29/Apr/2025:14:17:43 -0400] "GET /?o=33409133715202&channel=d6a04b&from=product.php%3Fid%3D1337152-3%26name%3D%E5%B8%8C%E5%B0%91%E5%93%81+OMEGA+%E3%82%AA%E3%83%A1%E3%82%AC+Geneve+%E3%82%B8%E3%83%A5%E3%83%8D%E3%83%BC%E3%83%96+566.002+Cal.684+%E3%83%87%E3%82%A4%E3%83%88+%E3%82%B7%E3%83%AB%E3%83%90%E3%83%BC+SS+%E3%82%B9%E3%83%86%E3%83%B3%E3%83%AC%E3%82%B9+%E7%B4%94%E6%AD%A3%E3%83%99%E3%83%AB%E3%83%88+%E3%83%AC%E3%83%87%E3%82%A3%E3%83%BC%E3%82%B9+%E8%87%AA%E5%8B%95%E5%B7%BB%E3%81%8D+%E3%82%A2%E3%83%B3%E3%83%86%E3%82%A3%E3%83%BC%E3%82%AF+%E3%83%B4%E3%82%A3%E3%83%B3%E3%83%86%E3%83%BC%E3%82%B8%E3%80%90%E8%85%95%E6%99%82%E8%A8%88%E3%80%91%E3%80%90%E4%B8%AD%E5%8F%A4%E3%80%91 HTTP/1.1" 200 56171 "-" "Mozilla/5.0 (Linux; Android 6.0.1; Nexus 5X Build/MMB29P) AppleWebKit/537.36 (KHTML, like Gecko) Chrome/135.0.7049.95 Mobile Safari/537.36 (compatible; Googlebot/2.1; +http://www.google.com/bot.html)"
66.249.73.129 - - [29/Apr/2025:14:18:08 -0400] "GET /?o=0090052585200&channel=e1d23c&from=info.php%3Fid%3D525852-10992%26name%3D%E3%83%90%E3%82%A4%E3%82%AF%E7%94%A8%E3%82%BF%E3%83%B3%E3%82%AF%E3%82%AD%E3%83%A3%E3%83%83%E3%83%97+%E3%82%B9%E3%82%BA%E3%82%AD%E7%94%A8%E9%9A%BC%E7%94%A8GSXR+1300+1999-2007+%E3%82%AA%E3%83%BC%E3%83%88%E3%83%90%E3%82%A4%E3%82%AC%E3%82%B9%E3%82%BF%E3%83%B3%E3%82%AF%E3%82%AD%E3%83%A3%E3%83%83%E3%83%97%E3%82%AB%E3%83%90%E3%83%BC HTTP/1.1" 200 54565 "-" "Mozilla/5.0 (Linux; Android 6.0.1; Nexus 5X Build/MMB29P) AppleWebKit/537.36 (KHTML, like Gecko) Chrome/135.0.7049.95 Mobile Safari/537.36 (compatible; Googlebot/2.1; +http://www.google.com/bot.html)"
66.249.73.129 - - [29/Apr/2025:14:18:09 -0400] "GET /?o=8096918098004&channel=10ed80&from=blog.php%3Fid%3D180980-4705%26name%3D%E4%BD%9C%E5%AE%B6%E7%89%A9+%E6%8C%AF%E8%A2%96+%E8%A3%8466+%E7%BE%8E%E3%81%97%E3%81%84%E3%81%BC%E3%81%8B%E3%81%97%E6%9F%93%E3%82%81+%E9%87%91%E5%BD%A9+SN-446 HTTP/1.1" 200 51540 "-" "Mozilla/5.0 (Linux; Android 6.0.1; Nexus 5X Build/MMB29P) AppleWebKit/537.36 (KHTML, like Gecko) Chrome/135.0.7049.95 Mobile Safari/537.36 (compatible; Googlebot/2.1; +http://www.google.com/bot.html)"
66.249.73.129 - - [29/Apr/2025:14:18:10 -0400] "GET /?o=1906113337402&channel=c38c8f&from=brands.php%3Fid%3D133374-1015%26name%3D%E3%80%90+SPITFIRE+%2F+LIL+BEATDOWNS+HOODIE+%2F+HEATHER+GRAY+%E3%80%91+%3Cbr%3E+%E3%82%B9%E3%83%94%E3%83%83%E3%83%88%E3%83%95%E3%82%A1%E3%82%A4%E3%82%A2+%E3%82%B9%E3%83%94%E3%83%83%E3%83%88%E3%83%95%E3%82%A1%E3%82%A4%E3%83%A4%E3%83%BC+%E3%82%B9%E3%82%A6%E3%82%A7%E3%83%83%E3%83%88+%E3%83%91%E3%83%BC%E3%82%AB%E3%83%BC+%E3%83%95%E3%83%BC%E3%83%87%E3%82%A3+%E3%82%B0%E3%83%AC%E3%83%BC+%E7%81%B0+%E3%82%B9%E3%82%B1%E3%83%BC%E3%83%88%E3%83%9C%E3%83%BC%E3%83%89 HTTP/1.1" 200 56150 "-" "Mozilla/5.0 (Linux; Android 6.0.1; Nexus 5X Build/MMB29P) AppleWebKit/537.36 (KHTML, like Gecko) Chrome/135.0.7049.95 Mobile Safari/537.36 (compatible; Googlebot/2.1; +http://www.google.com/bot.html)"
66.249.73.129 - - [29/Apr/2025:14:18:11 -0400] "GET /?o=56991112319606&channel=10ed80&from=info.php%3Fid%3D1123196-4705%26name%3D%E4%BA%AC%E9%83%BD%E3%80%80%E9%BB%92%E9%A6%99%E5%B8%AB%E5%B7%A5%E6%88%BF%E3%80%80%E5%88%A9%E4%BC%91%E3%83%90%E3%83%83%E3%82%B0%E3%80%80%E5%92%8C%E8%A3%85%E3%83%90%E3%83%83%E3%82%B0 HTTP/1.1" 200 52528 "-" "Mozilla/5.0 (Linux; Android 6.0.1; Nexus 5X Build/MMB29P) AppleWebKit/537.36 (KHTML, like Gecko) Chrome/135.0.7049.95 Mobile Safari/537.36 (compatible; Googlebot/2.1; +http://www.google.com/bot.html)"
18.97.9.175 - - [29/Apr/2025:14:18:18 -0400] "GET /tag/bocoran-togel-sydney-terkini/ HTTP/1.1" 200 0 "-" "CCBot/2.0 (https://commoncrawl.org/faq/)"
66.249.73.128 - - [29/Apr/2025:14:18:23 -0400] "GET /?o=00901151612304&channel=9f69e2&from=info.php%3Fid%3D1516123-1611%26name%3D%E2%96%A0%E8%A6%B3%E5%BF%83%E3%83%BB%E6%99%82%E4%BB%A3%E6%97%A7%E8%94%B5%E2%96%A0C233%E6%BC%A2%E6%99%82%E4%BB%A3+%E5%92%8C%E7%94%B0%E7%8E%89+%E5%92%8C%E7%94%B0%E7%8E%89+%E7%8E%89%E7%91%9E%E7%8D%A3+%E6%99%82%E4%BB%A3%E5%8F%A4%E7%8E%89+%E7%B4%B0%E5%AF%86%E7%B4%B0%E5%B7%A5%E2%98%85%E5%8F%A4%E7%BD%AE%E7%89%A9%E2%98%85%E5%8F%A4%E8%B3%9E%E7%89%A9%E2%98%85%E9%AB%98%E5%8F%A4%E7%8E%89%E2%98%85%E8%92%90%E9%9B%86%E5%AE%B6%E6%94%BE%E5%87%BA%E2%98%85%E5%94%90%E7%89%A9 HTTP/1.1" 200 54214 "-" "Mozilla/5.0 (Linux; Android 6.0.1; Nexus 5X Build/MMB29P) AppleWebKit/537.36 (KHTML, like Gecko) Chrome/135.0.7049.95 Mobile Safari/537.36 (compatible; Googlebot/2.1; +http://www.google.com/bot.html)"
52.167.144.156 - - [29/Apr/2025:14:18:28 -0400] "GET /?o=64123102856508&channel=bdeaaf&from=product.php%3Fid%3D1028565-18313%26name%3DSwitch%E3%82%B2%E3%83%BC%E3%83%A0%E6%A9%9F%E5%8F%8E%E7%B4%8D%E3%83%90%E3%83%83%E3%82%B0+%E3%82%BD%E3%83%BC%E3%83%89%E3%82%A2%E3%83%BC%E3%83%88%E3%83%BB%E3%82%AA%E3%83%B3%E3%83%A9%E3%82%A4%E3%83%B3+SAO+%2848%29+Switch+%E5%8F%8E%E7%B4%8D%E3%83%90%E3%83%83%E3%82%B0+%E5%8F%8E%E7%B4%8D%E8%A2%8B+EVA%E3%83%A2%E3%83%87%E3%83%AB+%E6%97%A5%E7%B3%BB%E3%82%A2%E3%83%8B HTTP/1.1" 200 0 "-" "Mozilla/5.0 AppleWebKit/537.36 (KHTML, like Gecko; compatible; bingbot/2.0; +http://www.bing.com/bingbot.htm) Chrome/116.0.1938.76 Safari/537.36"
66.249.73.128 - - [29/Apr/2025:14:18:30 -0400] "GET /?o=04920114661001&channel=9917b4&from=blog.php%3Fid%3D1146610-1755%26name%3D%E2%91%A1%E3%83%8F%E3%83%AC%E3%83%8E%E3%83%92+%E3%82%B3%E3%82%B5%E3%83%BC%E3%82%B8%E3%83%A5+%E5%8D%92%E6%A5%AD%E5%BC%8F+%E5%85%A5%E5%AD%A6%E5%BC%8F%E3%81%AB%E5%84%AA%E3%81%97%E3%81%84%E9%9B%B0%E5%9B%B2%E6%B0%97+%E3%83%96%E3%83%AD%E3%83%BC%E3%83%81+%E3%83%89%E3%83%A9%E3%82%A4%E3%83%95%E3%83%A9%E3%83%AF%E3%83%BC HTTP/1.1" 200 55152 "-" "Mozilla/5.0 (Linux; Android 6.0.1; Nexus 5X Build/MMB29P) AppleWebKit/537.36 (KHTML, like Gecko) Chrome/135.0.7049.95 Mobile Safari/537.36 (compatible; Googlebot/2.1; +http://www.google.com/bot.html)"
66.249.73.128 - - [29/Apr/2025:14:18:34 -0400] "GET /?o=2016289139402&channel=d114a2&from=article.php%3Fid%3D891394-21725%26name%3DCompatible+With+Dualis+2007+2008+2009+2010+2011+2012+2013+2014+289 HTTP/1.1" 200 53846 "-" "Mozilla/5.0 (Linux; Android 6.0.1; Nexus 5X Build/MMB29P) AppleWebKit/537.36 (KHTML, like Gecko) Chrome/135.0.7049.95 Mobile Safari/537.36 (compatible; Googlebot/2.1; +http://www.google.com/bot.html)"
18.97.9.175 - - [29/Apr/2025:14:18:53 -0400] "GET /?o=2495233771500&channel=60e2fc&from=goods.php%3Fid%3D337715-9873%26name%3D%E3%83%87%E3%83%83%E3%82%B5%E3%83%B3%E7%94%A8%E9%A1%8D%E7%B8%81+%E6%9C%A8%E8%A3%BD%E3%83%95%E3%83%AC%E3%83%BC%E3%83%A0+%E3%82%A2%E3%82%AF%E3%83%AA%E3%83%AB+ES4518+%E5%8D%8A%E5%88%87+%E9%8A%80%E7%AE%94 HTTP/1.1" 200 0 "-" "CCBot/2.0 (https://commoncrawl.org/faq/)"
66.249.73.128 - - [29/Apr/2025:14:18:57 -0400] "GET /?o=4756997997002&channel=915b9e&from=shared.php%3Fid%3D979970-3717%26name%3D%E2%98%85+%E6%96%B0%E5%93%81+%E8%BB%8A%E9%AB%98%E8%AA%BF+%E3%83%9E%E3%83%BC%E3%82%AFX+120%E7%B3%BB+%E6%B8%9B%E8%A1%B0%E5%8A%9B%E4%BB%98+%E3%83%95%E3%83%AB%E3%82%BF%E3%83%83%E3%83%97+%E9%80%81%E6%96%99%E7%84%A1%E6%96%99+%E6%9C%9F%E9%96%93%E9%99%90%E5%AE%9A%E2%98%85 HTTP/1.1" 200 52843 "-" "Mozilla/5.0 (Linux; Android 6.0.1; Nexus 5X Build/MMB29P) AppleWebKit/537.36 (KHTML, like Gecko) Chrome/135.0.7049.95 Mobile Safari/537.36 (compatible; Googlebot/2.1; +http://www.google.com/bot.html)"
66.249.73.129 - - [29/Apr/2025:14:19:06 -0400] "GET /?o=67177132660300&channel=53f9ba&from=jp.php%3Fid%3D1326603-12096%26name%3DAC%E5%85%A5%E5%8A%9B%E3%83%A6%E3%83%8B%E3%83%83%E3%83%88+C200H-IA122+C200H+%E5%85%A5%E5%8A%9B%E3%83%A6%E3%83%8B%E3%83%83%E3%83%88 HTTP/1.1" 200 53274 "-" "Mozilla/5.0 (Linux; Android 6.0.1; Nexus 5X Build/MMB29P) AppleWebKit/537.36 (KHTML, like Gecko) Chrome/135.0.7049.114 Mobile Safari/537.36 (compatible; Googlebot/2.1; +http://www.google.com/bot.html)"
66.249.73.130 - - [29/Apr/2025:14:19:10 -0400] "GET /?o=5754969852701&channel=5ca04c&from=article.php%3Fid%3D698527-4980%26name%3DCLIO+%E3%83%9F%E3%83%8B%E3%83%90%E3%83%83%E3%82%B0+%E3%82%B0%E3%83%AA%E3%83%BC%E3%83%B3++30%E5%91%A8%E5%B9%B4%E8%A8%98%E5%BF%B5%E4%BC%81%E7%94%BB HTTP/1.1" 200 53716 "-" "Mozilla/5.0 (Linux; Android 6.0.1; Nexus 5X Build/MMB29P) AppleWebKit/537.36 (KHTML, like Gecko) Chrome/135.0.7049.114 Mobile Safari/537.36 (compatible; Googlebot/2.1; +http://www.google.com/bot.html)"
66.249.73.129 - - [29/Apr/2025:14:19:10 -0400] "GET /?o=66937180231100&channel=8f8016&from=pin.php%3Fid%3D1802311-8000%26name%3D10%E3%80%9C12cm+%E3%81%AC%E3%81%84%E6%9C%8D%E3%80%80%E8%B5%A4%E8%89%B2%E3%80%80%E3%83%84%E3%82%A4%E3%83%BC%E3%83%89+%E3%83%99%E3%83%AC%E3%83%BC%E5%B8%BD%E3%80%80%E3%83%81%E3%82%A7%E3%83%83%E3%82%AF%E3%80%80%E3%83%9D%E3%83%B3%E3%83%81%E3%83%A7%E3%80%80%E3%81%84%E3%81%A4%E3%81%AC%E3%81%84 HTTP/1.1" 200 53561 "-" "Mozilla/5.0 (Linux; Android 6.0.1; Nexus 5X Build/MMB29P) AppleWebKit/537.36 (KHTML, like Gecko) Chrome/135.0.7049.95 Mobile Safari/537.36 (compatible; Googlebot/2.1; +http://www.google.com/bot.html)"
66.249.73.128 - - [29/Apr/2025:14:19:25 -0400] "GET /?o=81771170168605&channel=bfb308&from=pin.php%3Fid%3D1701686-18145%26name%3DIpetboom+2+%E5%80%8B+%E3%82%BD%E3%83%95%E3%83%88%E3%83%98%E3%82%A2%E3%83%80%E3%82%B9%E3%82%BF%E3%83%BC+office+ofc+%E3%82%AE%E3%83%A3%E3%83%AC%E3%83%BC+%E3%82%AC%E3%83%AC%E3%83%BC+%E6%B4%97%E8%BB%8A%E3%83%80%E3%82%B9%E3%82%BF%E3%83%BC+%E5%B8%AF%E9%9B%BB%E9%98%B2%E6%AD%A2%E3%83%80%E3%82%B9%E3%82%BF%E3%83%BC+%E5%AE%B6%E5%85%B7%E3%83%80%E3%82%B9%E3%82%BF%E3%83%BC HTTP/1.1" 200 54208 "-" "Mozilla/5.0 (Linux; Android 6.0.1; Nexus 5X Build/MMB29P) AppleWebKit/537.36 (KHTML, like Gecko) Chrome/135.0.7049.95 Mobile Safari/537.36 (compatible; Googlebot/2.1; +http://www.google.com/bot.html)"
66.249.73.128 - - [29/Apr/2025:14:19:28 -0400] "GET /?o=88885168898200&channel=78e1d4&from=brands.php%3Fid%3D1688982-3326%26name%3D%E3%83%8F%E3%83%81%E3%83%9E%E3%82%AD+%E3%82%A8%E3%83%83%E3%82%BB+L2+%E3%82%AB%E3%83%83%E3%83%88%E6%B8%88%E3%81%BF+%E3%82%AB%E3%83%BC%E3%83%95%E3%82%A3%E3%83%AB%E3%83%A0+%E3%83%88%E3%83%83%E3%83%97%E3%82%B7%E3%82%A7%E3%83%BC%E3%83%89+L235S+L245S+L200%E7%B3%BB+%E3%83%80%E3%82%A4%E3%83%8F%E3%83%84 HTTP/1.1" 200 55012 "-" "Mozilla/5.0 (Linux; Android 6.0.1; Nexus 5X Build/MMB29P) AppleWebKit/537.36 (KHTML, like Gecko) Chrome/135.0.7049.95 Mobile Safari/537.36 (compatible; Googlebot/2.1; +http://www.google.com/bot.html)"
18.97.9.175 - - [29/Apr/2025:14:19:30 -0400] "GET /tag/angka-jitu/page/2/ HTTP/1.1" 200 0 "-" "CCBot/2.0 (https://commoncrawl.org/faq/)"
66.249.73.128 - - [29/Apr/2025:14:19:46 -0400] "GET /?o=8865244172907&channel=fd459c&from=brands.php%3Fid%3D441729-1585%26name%3DPRADA+%E3%83%97%E3%83%A9%E3%83%80%E3%80%80%E3%82%B7%E3%83%A7%E3%83%AB%E3%83%80%E3%83%BC%E3%83%90%E3%83%83%E3%82%B0 HTTP/1.1" 200 53660 "-" "Mozilla/5.0 (Linux; Android 6.0.1; Nexus 5X Build/MMB29P) AppleWebKit/537.36 (KHTML, like Gecko) Chrome/135.0.7049.95 Mobile Safari/537.36 (compatible; Googlebot/2.1; +http://www.google.com/bot.html)"
18.97.9.175 - - [29/Apr/2025:14:20:07 -0400] "GET /bocoran-togel-toto-macau-16-00-minggu-17-desember-2023/ HTTP/1.1" 200 0 "-" "CCBot/2.0 (https://commoncrawl.org/faq/)"
66.249.73.130 - - [29/Apr/2025:14:20:09 -0400] "GET /?o=3527024717804&channel=fa9443&from=product.php%3Fid%3D247178-10211%26name%3DRR-7080%E2%96%A0%E9%80%81%E6%96%99%E8%BE%BC%E2%96%A0%E3%82%BC%E3%83%AB%E3%83%80%E3%81%AE%E4%BC%9D%E8%AA%AC+%E6%94%BB%E7%95%A5%E6%B3%95+%E3%83%95%E3%82%A1%E3%83%9F%E3%83%AA%E3%83%BC%E3%82%B3%E3%83%B3%E3%83%94%E3%83%A5%E3%83%BC%E3%82%BF%E3%83%87%E3%82%A3%E3%82%B9%E3%82%AF%E3%82%B7%E3%82%B9%E3%83%86%E3%83%A0+%E7%A7%8B%E7%94%B0%E6%9B%B8%E5%BA%97+%E6%98%AD%E5%92%8C61%E5%B9%B4+5%E6%9C%88+88P+%E5%8F%A4%E6%9C%AC+%E6%94%BB%E7%95%A5%E6%9C%AC+%E3%82%B2%E3%83%BC%E3%83%A0%2F%E3%81%8FRI%E3%82%89 HTTP/1.1" 200 53631 "-" "Mozilla/5.0 (Linux; Android 6.0.1; Nexus 5X Build/MMB29P) AppleWebKit/537.36 (KHTML, like Gecko) Chrome/135.0.7049.95 Mobile Safari/537.36 (compatible; Googlebot/2.1; +http://www.google.com/bot.html)"
66.249.73.128 - - [29/Apr/2025:14:20:40 -0400] "GET /?o=18963187554800&channel=957b14&from=article.php%3Fid%3D1875548-8496%26name%3D%E9%98%AA%E7%A5%9E%E3%80%80%E4%B8%8B%E6%9D%91%E6%B5%B7%E7%BF%94%E9%81%B8%E6%89%8B%E3%82%AB%E3%83%BC%E3%83%89 HTTP/1.1" 200 53828 "-" "Mozilla/5.0 (Linux; Android 6.0.1; Nexus 5X Build/MMB29P) AppleWebKit/537.36 (KHTML, like Gecko) Chrome/135.0.7049.95 Mobile Safari/537.36 (compatible; Googlebot/2.1; +http://www.google.com/bot.html)"
18.97.9.175 - - [29/Apr/2025:14:20:48 -0400] "GET /tag/toto-macau-13-00-wib/page/2/ HTTP/1.1" 200 0 "-" "CCBot/2.0 (https://commoncrawl.org/faq/)"
66.249.73.128 - - [29/Apr/2025:14:21:14 -0400] "GET /?o=5495328175007&channel=5f1846&from=category-info.php%3Fid%3D281750-7934%26name%3D%E3%83%98%E3%83%9E%E3%83%81%E3%83%B3+%E3%82%B1%E3%83%A9%E3%83%81%E3%83%B3+%E3%83%88%E3%83%AA%E3%83%BC%E3%83%88%E3%83%A1%E3%83%B3%E3%83%88+%E9%AB%AA+%E7%BE%8E%E5%AE%B9%E6%B6%B2+150ml+3%E5%80%8B%E3%82%BB%E3%83%83%E3%83%88+%E3%83%98%E3%82%A2%E3%82%B1%E3%82%A2+%E6%97%A5%E6%9C%AC%E8%A3%BD+%E3%81%95%E3%82%89%E3%83%84%E3%83%A4%E9%AB%AA+%E3%83%80%E3%83%A1%E3%83%BC%E3%82%B8+%E3%83%9C%E3%83%AA%E3%83%A5%E3%83%BC%E3%83%A0+%E3%83%8F%E3%83%AA%E3%82%B3%E3%82%B7+%E8%89%B6%E9%AB%AA+%E7%BE%8E%E9%AB%AA+%E6%AF%9B%E9%AB%AA%E8%A3%9C%E4%BF%AE%E6%88%90%E5%88%86%E3%80%8Ctakumu%E3%80%8D HTTP/1.1" 200 53704 "-" "Mozilla/5.0 (Linux; Android 6.0.1; Nexus 5X Build/MMB29P) AppleWebKit/537.36 (KHTML, like Gecko) Chrome/135.0.7049.95 Mobile Safari/537.36 (compatible; Googlebot/2.1; +http://www.google.com/bot.html)"
66.249.73.128 - - [29/Apr/2025:14:21:22 -0400] "GET /?o=7587941942601&channel=0f0120&from=category-info.php%3Fid%3D419426-1570%26name%3DBBM+%E3%83%97%E3%83%AD%E3%83%AC%E3%82%B9%E3%82%AB%E3%83%BC%E3%83%89+%E3%82%B9%E3%83%BC%E3%83%91%E3%83%BC%E3%82%B9%E3%83%88%E3%83%AD%E3%83%B3%E3%82%B0%E3%83%9E%E3%82%B7%E3%83%B3+%E3%82%B5%E3%82%A4%E3%83%B3%E3%82%AB%E3%83%BC%E3%83%89+%E6%96%B0%E6%97%A5%E6%9C%AC%E3%83%97%E3%83%AD%E3%83%AC%E3%82%B9 HTTP/1.1" 200 52797 "-" "Mozilla/5.0 (Linux; Android 6.0.1; Nexus 5X Build/MMB29P) AppleWebKit/537.36 (KHTML, like Gecko) Chrome/135.0.7049.95 Mobile Safari/537.36 (compatible; Googlebot/2.1; +http://www.google.com/bot.html)"
66.249.73.129 - - [29/Apr/2025:14:21:25 -0400] "GET /?o=2429818383002&channel=e1083c&from=article.php%3Fid%3D183830-2058%26name%3D%5B%E6%9C%AA%E4%BD%BF%E7%94%A8%5D+dolce%26gabbana++T%E3%82%B7%E3%83%A3%E3%83%84%E3%80%80%E3%83%9E%E3%83%AA%E3%83%AA%E3%83%B3%E3%83%A2%E3%83%B3%E3%83%AD%E3%83%BC%E3%80%80%E8%B2%B4%E9%87%8D%E2%9D%97%EF%B8%8F HTTP/1.1" 200 54720 "-" "Mozilla/5.0 (Linux; Android 6.0.1; Nexus 5X Build/MMB29P) AppleWebKit/537.36 (KHTML, like Gecko) Chrome/135.0.7049.95 Mobile Safari/537.36 (compatible; Googlebot/2.1; +http://www.google.com/bot.html)"
18.97.9.175 - - [29/Apr/2025:14:21:26 -0400] "GET /bocoran-togel-jitu-sgp-sabtu-30-desember-2023/ HTTP/1.1" 200 0 "-" "CCBot/2.0 (https://commoncrawl.org/faq/)"
66.249.73.128 - - [29/Apr/2025:14:21:29 -0400] "GET /?o=2944039195407&channel=726b99&from=blog.php%3Fid%3D391954-15293%26name%3D%E3%83%91%E3%83%8A%E3%82%BD%E3%83%8B%E3%83%83%E3%82%AF+%E9%9F%B3%E6%B3%A2%E6%8C%AF%E5%8B%95%E3%83%8F%E3%83%96%E3%83%A9%E3%82%B7+%E3%83%89%E3%83%AB%E3%83%84+EW-DA48-A+1%E5%8F%B0 HTTP/1.1" 200 51806 "-" "Mozilla/5.0 (Linux; Android 6.0.1; Nexus 5X Build/MMB29P) AppleWebKit/537.36 (KHTML, like Gecko) Chrome/135.0.7049.95 Mobile Safari/537.36 (compatible; Googlebot/2.1; +http://www.google.com/bot.html)"
66.249.73.128 - - [29/Apr/2025:14:21:47 -0400] "GET /?o=10592140690901&channel=da76d3&from=blog.php%3Fid%3D1406909-5465%26name%3D%E3%80%90%E6%96%B0%E5%93%81%E3%80%91%E6%9D%B1%E8%8A%9D+%E7%82%8A%E9%A3%AF%E5%99%A8+5.5%E5%90%88+%E7%9C%9F%E7%A9%BAIH%E3%82%B8%E3%83%A3%E3%83%BC%E7%82%8A%E9%A3%AF%E5%99%A8+%E5%A4%A7%E7%81%AB%E5%8A%9B+%E7%9C%9F%E7%A9%BA%E4%BF%9D%E6%B8%A9 HTTP/1.1" 200 52236 "-" "Mozilla/5.0 (Linux; Android 6.0.1; Nexus 5X Build/MMB29P) AppleWebKit/537.36 (KHTML, like Gecko) Chrome/135.0.7049.95 Mobile Safari/537.36 (compatible; Googlebot/2.1; +http://www.google.com/bot.html)"
18.97.9.175 - - [29/Apr/2025:14:22:03 -0400] "GET /bocoran-togel-jitu-beijing-senin-4-desember-2023/ HTTP/1.1" 200 0 "-" "CCBot/2.0 (https://commoncrawl.org/faq/)"
185.191.171.15 - - [29/Apr/2025:14:22:07 -0400] "GET /bocoran-togel-jitu-hk-rabu-25-oktober-2023/ HTTP/1.1" 200 0 "-" "Mozilla/5.0 (compatible; SemrushBot/7~bl; +http://www.semrush.com/bot.html)"
66.249.73.130 - - [29/Apr/2025:14:22:19 -0400] "GET /?o=9422994573003&channel=de2189&from=brands.php%3Fid%3D945730-9515%26name%3D%E3%83%86%E3%83%AC%E3%83%93%E5%8F%B0 HTTP/1.1" 200 54420 "-" "Mozilla/5.0 (Linux; Android 6.0.1; Nexus 5X Build/MMB29P) AppleWebKit/537.36 (KHTML, like Gecko) Chrome/135.0.7049.95 Mobile Safari/537.36 (compatible; Googlebot/2.1; +http://www.google.com/bot.html)"
66.249.73.130 - - [29/Apr/2025:14:22:22 -0400] "GET /?o=76527140815801&channel=ecb37b&from=article.php%3Fid%3D1408158-19847%26name%3D%E3%80%90%E7%BE%8E%E5%93%81%E3%80%91MACKINTOSH+%E3%83%9E%E3%83%83%E3%82%AD%E3%83%B3%E3%83%88%E3%83%83%E3%82%B7%E3%83%A5+%E3%83%87%E3%83%8B%E3%83%A0%E3%82%B8%E3%83%A3%E3%82%B1%E3%83%83%E3%83%88+%E7%8F%BE%E8%A1%8C+34 HTTP/1.1" 200 53338 "-" "Mozilla/5.0 (Linux; Android 6.0.1; Nexus 5X Build/MMB29P) AppleWebKit/537.36 (KHTML, like Gecko) Chrome/135.0.7049.95 Mobile Safari/537.36 (compatible; Googlebot/2.1; +http://www.google.com/bot.html)"
66.249.73.128 - - [29/Apr/2025:14:22:28 -0400] "GET /?o=885086565006&channel=f1fdab&from=shared.php%3Fid%3D65650-129%26name%3D%E3%83%9E%E3%83%83%E3%83%88%E3%83%96%E3%83%A9%E3%83%83%E3%82%AF%2F%E3%83%94%E3%82%A2%E3%83%8E%E3%83%96%E3%83%A9%E3%83%83%E3%82%AF%E3%80%80%E3%82%A8%E3%83%B3%E3%83%96%E3%83%AC%E3%83%A0%E3%80%80%E9%80%81%E6%96%99%E7%84%A1%E6%96%99%E3%80%80%EF%BC%AB%EF%BC%A7%EF%BC%95%EF%BC%B0%E3%80%80%EF%BC%A3%EF%BC%B8%E2%88%92%EF%BC%98%E3%80%80%EF%BC%92%EF%BC%B7%EF%BC%A4%E3%80%80%E3%82%AC%E3%82%BD%E3%83%AA%E3%83%B3%E8%BB%8A%E3%80%80%E3%83%AA%E3%82%A2%EF%BC%93%E7%82%B9%E3%82%BB%E3%83%83%E3%83%88%E3%80%80%E7%B4%94%E6%AD%A3%E3%80%80%E3%83%A1%E3%83%83%E3%82%AD HTTP/1.1" 200 53623 "-" "Mozilla/5.0 (Linux; Android 6.0.1; Nexus 5X Build/MMB29P) AppleWebKit/537.36 (KHTML, like Gecko) Chrome/135.0.7049.95 Mobile Safari/537.36 (compatible; Googlebot/2.1; +http://www.google.com/bot.html)"
66.249.73.128 - - [29/Apr/2025:14:22:32 -0400] "GET /?o=02627183485004&channel=99c391&from=category-info.php%3Fid%3D1834850-23205%26name%3D%E5%A4%A7%E8%B0%B7%E7%BF%94%E5%B9%B3%E3%80%802%E5%88%80%E6%B5%81%E3%83%9C%E3%83%96%E3%83%AB%E3%83%98%E3%83%83%E3%83%89%E3%83%95%E3%82%A3%E3%82%AE%E3%83%A5%E3%82%A2%E3%80%80SEIKO HTTP/1.1" 200 53189 "-" "Mozilla/5.0 (Linux; Android 6.0.1; Nexus 5X Build/MMB29P) AppleWebKit/537.36 (KHTML, like Gecko) Chrome/135.0.7049.95 Mobile Safari/537.36 (compatible; Googlebot/2.1; +http://www.google.com/bot.html)"
66.249.73.128 - - [29/Apr/2025:14:22:40 -0400] "GET /?o=76739177274500&channel=8b4c68&from=product.php%3Fid%3D1772745-28599%26name%3D%E3%81%8A%E3%82%82%E3%81%A1%E3%82%83%E3%80%81%E3%82%A8%E3%83%8D%E3%83%AB%E3%82%AE%E3%83%BC%E8%BB%8C%E9%81%93%E3%81%8A%E3%82%82%E3%81%A1%E3%82%83%E3%80%81%E7%9F%A5%E8%83%BD%E6%B4%BB%E5%8B%95%E9%96%8B%E7%99%BA%E3%80%81%E3%83%89%E3%83%AB%E3%83%88%E7%94%A8%E7%A7%91%E5%AD%A6%E7%84%A1%E9%99%90%E3%82%B8%E3%83%A3%E3%83%B3%E3%83%97%E3%81%8A%E3%82%82%E3%81%A1%E3%82%83%E3%83%A2%E3%83%87%E3%83%AB+%E7%AA%81%E3%81%8D%E5%88%BA%E3%81%95 HTTP/1.1" 200 53858 "-" "Mozilla/5.0 (Linux; Android 6.0.1; Nexus 5X Build/MMB29P) AppleWebKit/537.36 (KHTML, like Gecko) Chrome/135.0.7049.95 Mobile Safari/537.36 (compatible; Googlebot/2.1; +http://www.google.com/bot.html)"
18.97.9.175 - - [29/Apr/2025:14:22:41 -0400] "GET /bocoran-togel-jitu-beijing-kamis-2-november-2023/ HTTP/1.1" 200 0 "-" "CCBot/2.0 (https://commoncrawl.org/faq/)"
5.255.231.39 - - [29/Apr/2025:14:22:57 -0400] "GET /robots.txt HTTP/1.1" 200 73 "-" "Mozilla/5.0 (compatible; YandexBot/3.0; +http://yandex.com/bots)"
5.255.231.100 - - [29/Apr/2025:14:22:58 -0400] "GET /bocoran-togel-sgp/ HTTP/1.1" 200 0 "-" "Mozilla/5.0 (compatible; YandexBot/3.0; +http://yandex.com/bots) AppleWebKit/537.36 (KHTML, like Gecko) Chrome/108.0.0.0"
95.108.213.180 - - [29/Apr/2025:14:23:11 -0400] "GET /favicon.ico HTTP/1.1" 404 1251 "https://bocorantogeljitu.co/bocoran-togel-sgp/" "Mozilla/5.0 (compatible; YandexRenderResourcesBot/1.0; +http://yandex.com/bots) AppleWebKit/537.36 (KHTML, like Gecko) Chrome/108.0.0.0"
18.97.9.175 - - [29/Apr/2025:14:23:21 -0400] "GET /tag/angka-mimpi-2d/ HTTP/1.1" 200 0 "-" "CCBot/2.0 (https://commoncrawl.org/faq/)"
66.249.73.129 - - [29/Apr/2025:14:23:23 -0400] "GET /?o=71221118662801&channel=d3beb3&from=info.php%3Fid%3D1186628-3109%26name%3D%E3%83%86%E3%83%BC%E3%83%A9%E3%83%BC%E3%83%A1%E3%82%A4%E3%83%89+%E3%82%B4%E3%83%AB%E3%83%95+%E3%80%90%E3%82%A6%E3%82%A3%E3%83%A1%E3%83%B3%E3%82%BA%E3%80%91%E3%82%A2%E3%82%B7%E3%83%B3%E3%83%A1%E3%83%88%E3%83%AA%E3%83%BC%E3%83%A2%E3%83%83%E3%82%AF%E3%82%BB%E3%83%BC%E3%82%BF%E3%83%BC+%2F+%E3%83%9B%E3%83%AF%E3%82%A4%E3%83%88+%2F+UN387+%2F+U26864 HTTP/1.1" 200 53286 "-" "Mozilla/5.0 (Linux; Android 6.0.1; Nexus 5X Build/MMB29P) AppleWebKit/537.36 (KHTML, like Gecko) Chrome/135.0.7049.95 Mobile Safari/537.36 (compatible; Googlebot/2.1; +http://www.google.com/bot.html)"
5.255.231.87 - - [29/Apr/2025:14:23:32 -0400] "GET /erek-erek-77-di-buku-mimpi-bergambar-lengkap/ HTTP/1.1" 200 0 "-" "Mozilla/5.0 (compatible; YandexBot/3.0; +http://yandex.com/bots) AppleWebKit/537.36 (KHTML, like Gecko) Chrome/108.0.0.0"
18.97.9.175 - - [29/Apr/2025:14:23:57 -0400] "GET /?o=72011174100500&channel=626a2f&from=shared.php%3Fid%3D1741005-1813%26name%3D%E3%82%A2%E3%83%89%E3%83%AC%E3%82%B9V125 HTTP/1.1" 200 0 "-" "CCBot/2.0 (https://commoncrawl.org/faq/)"
66.249.73.128 - - [29/Apr/2025:14:24:07 -0400] "GET /?o=8880185148405&channel=391c02&from=info.php%3Fid%3D851484-1802%26name%3DGrass+roots+LesPaul%E3%83%AC%E3%82%B9%E3%83%9D%E3%83%BC%E3%83%AB+Lmited+G-LP-60S HTTP/1.1" 200 52587 "-" "Mozilla/5.0 (Linux; Android 6.0.1; Nexus 5X Build/MMB29P) AppleWebKit/537.36 (KHTML, like Gecko) Chrome/135.0.7049.95 Mobile Safari/537.36 (compatible; Googlebot/2.1; +http://www.google.com/bot.html)"
18.97.9.175 - - [29/Apr/2025:14:24:32 -0400] "GET /tag/buku-erek-erek-83/ HTTP/1.1" 200 0 "-" "CCBot/2.0 (https://commoncrawl.org/faq/)"
66.249.73.128 - - [29/Apr/2025:14:24:43 -0400] "GET /?o=31694162891800&channel=81e89c&from=jp.php%3Fid%3D1628918-3154%26name%3D%E7%AB%AF%E5%8D%88%E3%81%AE%E7%AF%80%E5%8F%A5%E7%94%BB%E6%8E%9B%E8%BB%B8-%E9%AF%89%E3%81%AE%E3%81%BC%E3%82%8A%2F%E7%94%B0%E6%89%80%E6%82%A0%E7%AB%B9%28%E5%B0%BA%E4%B8%89%29%E5%BA%8A%E3%81%AE%E9%96%93+%E5%92%8C%E5%AE%A4+%E9%AB%98%E7%B4%9A+%E6%8E%9B%E3%81%91%E8%BB%B8+%E4%BA%BA%E6%B0%97+%E3%81%8A%E7%A5%9D%E3%81%84+%E7%A5%AD%E3%82%8A+%E3%83%A2%E3%83%80%E3%83%B3+%E3%82%AA%E3%82%B7%E3%83%A3%E3%83%AC+%E5%90%8A%E3%82%8B%E3%81%99+%E9%AF%89%E5%9B%B3%5B%E9%80%81%E6%96%99%E7%84%A1%E6%96%99%5D HTTP/1.1" 200 56742 "-" "Mozilla/5.0 (Linux; Android 6.0.1; Nexus 5X Build/MMB29P) AppleWebKit/537.36 (KHTML, like Gecko) Chrome/135.0.7049.95 Mobile Safari/537.36 (compatible; Googlebot/2.1; +http://www.google.com/bot.html)"
66.249.73.128 - - [29/Apr/2025:14:24:53 -0400] "GET /?o=75451153899800&channel=cff0a7&from=shared.php%3Fid%3D1538998-18023%26name%3D%E8%BB%8A%E7%94%A8%E3%81%AE%E3%82%BE%E3%83%B3%E3%83%93%E3%82%B9%E3%83%86%E3%83%83%E3%82%AB%E3%83%BC%E3%80%81%E3%82%BE%E3%83%B3%E3%83%93%E3%82%B9%E3%83%86%E3%83%83%E3%82%AB%E3%83%BC+-+%E3%83%90%E3%83%B3%E3%83%91%E3%83%BC%E3%83%87%E3%82%AB%E3%83%BC%E3%83%AB%E3%82%A6%E3%82%A9%E3%83%BC%E3%82%BF%E3%83%BC%E3%83%9C%E3%83%88%E3%83%AB%E3%82%B9%E3%83%86%E3%83%83%E3%82%AB%E3%83%BC%2C%E3%82%AA%E3%83%BC%E3%83%88%E3%83%90%E3%82%A4%E3%80%81%E8%BB%8A%E4%B8%A1%E3%80%81%E3%83%88%E3%83%A9%E3%83%83%E3%82%AF%E3%80%81%E3%82%BB%E3%83%80%E3%83%B3%E7%94%A8%E3%81%AE%E9%98%B2%E6%B0%B4 HTTP/1.1" 200 53588 "-" "Mozilla/5.0 (Linux; Android 6.0.1; Nexus 5X Build/MMB29P) AppleWebKit/537.36 (KHTML, like Gecko) Chrome/135.0.7049.95 Mobile Safari/537.36 (compatible; Googlebot/2.1; +http://www.google.com/bot.html)"
18.97.9.175 - - [29/Apr/2025:14:25:08 -0400] "GET /tag/angka-main-63/ HTTP/1.1" 200 0 "-" "CCBot/2.0 (https://commoncrawl.org/faq/)"
66.249.73.129 - - [29/Apr/2025:14:25:12 -0400] "GET /?o=6819069854506&channel=ebfee8&from=brands.php%3Fid%3D698545-5711%26name%3D%E3%82%B7%E3%83%9E%E3%83%8E+19+%E3%82%B9%E3%83%86%E3%83%A9SW+10000PG+%282019%E5%B9%B4%E3%83%A2%E3%83%87%E3%83%AB%29+%E3%82%B9%E3%83%94%E3%83%8B%E3%83%B3%E3%82%B0%E3%83%AA%E3%83%BC%E3%83%AB+%2F%285%29 HTTP/1.1" 200 53205 "-" "Mozilla/5.0 (Linux; Android 6.0.1; Nexus 5X Build/MMB29P) AppleWebKit/537.36 (KHTML, like Gecko) Chrome/135.0.7049.95 Mobile Safari/537.36 (compatible; Googlebot/2.1; +http://www.google.com/bot.html)"
40.77.167.35 - - [29/Apr/2025:14:25:12 -0400] "GET /?o=03285195509400&channel=8dc227&from=blog.php%3Fid%3D1955094-915%26name%3D%E3%82%BF%E3%82%B8%E3%83%9E%28Tajima%29+%E9%9B%A8%E3%81%AE%E6%97%A5%E7%99%BD%E6%B6%B2+180ML+PSW3-180+4975364040404+%5B%E5%A2%A8%E3%81%A4%E3%81%91%E3%83%BB%E5%9F%BA%E6%BA%96%E5%87%BA%E3%81%97+%E5%A2%A8%E6%B1%81%5D HTTP/1.1" 200 0 "-" "Mozilla/5.0 AppleWebKit/537.36 (KHTML, like Gecko; compatible; bingbot/2.0; +http://www.bing.com/bingbot.htm) Chrome/116.0.1938.76 Safari/537.36"
66.249.73.129 - - [29/Apr/2025:14:25:15 -0400] "GET /?o=95371163198503&channel=eb56c9&from=news.php%3Fid%3D1631985-9540%26name%3D%E3%83%AD%E3%83%A2%E3%83%8F%E3%83%8A%E3%82%AC+%E3%83%96%E3%83%A9%E3%82%A4%E3%82%BA%E3%83%A1%E3%82%A4%E3%83%89+%E3%83%89%E3%83%AC%E3%82%B9+%E3%83%9F%E3%83%A2%E3%83%AC%E4%B8%88+%E3%83%89%E3%83%AC%E3%82%B9+%E3%82%A4%E3%83%96%E3%83%8B%E3%83%B3%E3%82%B0%E3%83%89%E3%83%AC%E3%82%B9+%E5%A4%A7%E3%81%8D%E3%81%84%E3%82%B5%E3%82%A4%E3%82%BA+%E3%82%AD%E3%83%A9%E3%82%AD%E3%83%A9+%E5%88%BA%E7%B9%8D+%E3%83%94%E3%83%B3%E3%82%AF+%E3%83%91%E3%83%95%E3%82%B9%E3%83%AA%E3%83%BC%E3%83%96+V%E3%83%8D%E3%83%83%E3%82%AF HTTP/1.1" 200 55187 "-" "Mozilla/5.0 (Linux; Android 6.0.1; Nexus 5X Build/MMB29P) AppleWebKit/537.36 (KHTML, like Gecko) Chrome/135.0.7049.95 Mobile Safari/537.36 (compatible; Googlebot/2.1; +http://www.google.com/bot.html)"
18.97.9.175 - - [29/Apr/2025:14:25:44 -0400] "GET /bocoran-togel-toto-macau-19-00-rabu-15-november-2023/ HTTP/1.1" 200 0 "-" "CCBot/2.0 (https://commoncrawl.org/faq/)"
66.249.73.129 - - [29/Apr/2025:14:25:59 -0400] "GET /?o=8908537185901&channel=8cc7d0&from=category-info.php%3Fid%3D371859-2454%26name%3D%E5%8D%B3%E6%B1%BA%E6%AD%93%E8%BF%8E+Mitsubishi+%E3%82%B9%E3%83%A2%E3%83%BC%E3%82%AF%E3%83%80%E3%83%83%E3%82%B7%E3%83%A5+%E7%BE%8E%E5%93%81+%E5%8B%95%E4%BD%9C%E7%A2%BA%E8%AA%8DOK HTTP/1.1" 200 55540 "-" "Mozilla/5.0 (Linux; Android 6.0.1; Nexus 5X Build/MMB29P) AppleWebKit/537.36 (KHTML, like Gecko) Chrome/135.0.7049.95 Mobile Safari/537.36 (compatible; Googlebot/2.1; +http://www.google.com/bot.html)"
18.97.9.175 - - [29/Apr/2025:14:26:22 -0400] "GET /bocoran-togel-jitu-hk-rabu-13-desember-2023/ HTTP/1.1" 200 0 "-" "CCBot/2.0 (https://commoncrawl.org/faq/)"
66.249.73.128 - - [29/Apr/2025:14:26:24 -0400] "GET /?o=3497347946505&channel=0104b9&from=pin.php%3Fid%3D479465-16898%26name%3D%E5%82%98+%E3%83%9E%E3%83%BC%E3%83%A1%E3%82%A4%E3%83%89%E3%82%AB%E3%82%B5+M+%E5%AD%90%E4%BE%9B%E7%94%A8+50cm+%EF%BC%88+%E3%81%8B%E3%81%95+%E5%AD%90%E3%81%A9%E3%82%82+%E5%B0%8F%E5%AD%A6%E7%94%9F+%E3%82%AD%E3%83%83%E3%82%BA+%E3%82%B8%E3%83%A5%E3%83%8B%E3%82%A2+%E5%B9%BC%E5%85%90+%E9%9B%A8%E5%82%98+%E9%9B%A8%E5%85%B7+%E5%A5%B3%E3%81%AE%E5%AD%90+%E3%81%8B%E3%82%8F%E3%81%84%E3%81%84+%EF%BC%89 HTTP/1.1" 200 52164 "-" "Mozilla/5.0 (Linux; Android 6.0.1; Nexus 5X Build/MMB29P) AppleWebKit/537.36 (KHTML, like Gecko) Chrome/135.0.7049.95 Mobile Safari/537.36 (compatible; Googlebot/2.1; +http://www.google.com/bot.html)"
157.55.39.55 - - [29/Apr/2025:14:26:51 -0400] "GET /?o=06780111121300&channel=f991db&from=article.php%3Fid%3D1111213-7587%26name%3DRaybestos+Element3+%E4%BA%A4%E6%8F%9B%E7%94%A8%E3%83%95%E3%83%AD%E3%83%B3%E3%83%88%E3%83%87%E3%82%A3%E3%82%B9%E3%82%AF%E3%83%96%E3%83%AC%E3%83%BC%E3%82%AD%E3%83%AD%E3%83%BC%E3%82%BF%E3%83%BC+2002-2006+%E3%83%9F%E3%83%8B%E3%82%AF%E3%83%BC%E3%83%91%E3%83%BC%E3%83%A2%E3%83%87%E3%83%AB+%28980153 HTTP/1.1" 200 0 "-" "Mozilla/5.0 AppleWebKit/537.36 (KHTML, like Gecko; compatible; bingbot/2.0; +http://www.bing.com/bingbot.htm) Chrome/116.0.1938.76 Safari/537.36"
18.97.9.175 - - [29/Apr/2025:14:27:01 -0400] "GET /bocoran-togel-toto-macau-16-00-minggu-31-desember-2023/ HTTP/1.1" 200 0 "-" "CCBot/2.0 (https://commoncrawl.org/faq/)"
77.75.76.160 - - [29/Apr/2025:14:27:05 -0400] "GET /erek-erek-46-di-buku-mimpi-bergambar-lengkap/feed/ HTTP/1.1" 200 0 "-" "Mozilla/5.0 (compatible; SeznamBot/4.0; +https://o-seznam.cz/napoveda/vyhledavani/en/seznambot-crawler/)"
18.97.9.175 - - [29/Apr/2025:14:27:38 -0400] "GET /erek-erek-40-di-buku-mimpi-bergambar-lengkap/ HTTP/1.1" 200 0 "-" "CCBot/2.0 (https://commoncrawl.org/faq/)"
66.249.73.129 - - [29/Apr/2025:14:27:42 -0400] "GET /?o=89009186786104&channel=181581&from=article.php%3Fid%3D1867861-9562%26name%3D%E3%82%AB%E3%83%A9%E3%83%BC%E3%80%80%E3%82%B9%E3%82%BF%E3%82%B8%E3%83%A3%E3%83%B3 HTTP/1.1" 200 54427 "-" "Mozilla/5.0 (Linux; Android 6.0.1; Nexus 5X Build/MMB29P) AppleWebKit/537.36 (KHTML, like Gecko) Chrome/135.0.7049.95 Mobile Safari/537.36 (compatible; Googlebot/2.1; +http://www.google.com/bot.html)"
18.97.9.175 - - [29/Apr/2025:14:28:14 -0400] "GET /tag/angka-main-51/ HTTP/1.1" 200 0 "-" "CCBot/2.0 (https://commoncrawl.org/faq/)"
66.249.73.128 - - [29/Apr/2025:14:28:16 -0400] "GET /?o=8812448584609&channel=0c052e&from=shared.php%3Fid%3D485846-9335%26name%3DSylvanian+families+%E3%82%B7%E3%83%AB%E3%83%90%E3%83%8B%E3%82%A2%E3%83%95%E3%82%A1%E3%83%9F%E3%83%AA%E3%83%BC%E3%80%80%E3%83%8B%E3%83%83%E3%83%88%E3%81%8D%E3%81%9B%E3%81%8B%E3%81%88%E3%82%BB%E3%83%83%E3%83%88%E2%85%A1%E3%80%80%E6%9C%AA%E9%96%8B%E5%B0%81%E5%93%81%E3%80%80%E5%88%9D%E6%9C%9F HTTP/1.1" 200 52569 "-" "Mozilla/5.0 (Linux; Android 6.0.1; Nexus 5X Build/MMB29P) AppleWebKit/537.36 (KHTML, like Gecko) Chrome/135.0.7049.95 Mobile Safari/537.36 (compatible; Googlebot/2.1; +http://www.google.com/bot.html)"
66.249.73.130 - - [29/Apr/2025:14:28:20 -0400] "GET /?o=9409996127606&channel=9668cc&from=form.php%3Fid%3D961276-10268%26name%3D%E8%B2%AF%E6%B0%B4%E3%82%BF%E3%83%B3%E3%82%AF+%E8%A2%8B+%E3%82%AD%E3%83%A3%E3%83%AA%E3%82%A2+%E8%B2%AF%E6%B0%B4%E8%A2%8B%E3%82%BF%E3%83%B3%E3%82%AF%E3%83%90%E3%83%83%E3%82%B0%E3%80%81+%E3%83%9D%E3%83%BC%E3%82%BF%E3%83%96%E3%83%AB%E5%A4%A7%E5%9E%8B%E3%82%A6%E3%82%A9%E3%83%BC%E3%82%BF%E3%83%BC%E3%82%AD%E3%83%A5%E3%83%BC%E3%83%96%E8%B2%AF%E6%B0%B4%E6%A7%BD+%E8%BB%8A%2F%E3%82%AD%E3%83%A3%E3%83%B3%E3%83%94%E3%83%B3%E3%82%B0%E3%82%AB%E3%83%BC%2F%E4%B8%89%E8%BC%AA%E8%BB%8A%2F%E3%82%AB%E3%83%BC%E3%83%88%E7%94%A8%E3%80%81+%E9%A0%91 HTTP/1.1" 200 54637 "-" "Mozilla/5.0 (Linux; Android 6.0.1; Nexus 5X Build/MMB29P) AppleWebKit/537.36 (KHTML, like Gecko) Chrome/135.0.7049.95 Mobile Safari/537.36 (compatible; Googlebot/2.1; +http://www.google.com/bot.html)"
66.249.73.128 - - [29/Apr/2025:14:28:43 -0400] "GET /?o=1070137073900&channel=ae949e&from=jp.php%3Fid%3D370739-14774%26name%3DSPLENDOR+LS-650A2+26%E3%82%A4%E3%83%B3%E3%83%81+Walk-behaind+%E3%83%97%E3%83%83%E3%82%B7%E3%83%A5%E8%8A%9D%E7%94%9F%E3%82%B9%E3%82%A4%E3%83%BC%E3%83%91%E3%83%BC+%E3%83%A4%E3%83%BC%E3%83%89%E3%82%B9%E3%82%A4%E3%83%BC%E3%83%91%E3%83%BC HTTP/1.1" 200 55717 "-" "Mozilla/5.0 (Linux; Android 6.0.1; Nexus 5X Build/MMB29P) AppleWebKit/537.36 (KHTML, like Gecko) Chrome/135.0.7049.95 Mobile Safari/537.36 (compatible; Googlebot/2.1; +http://www.google.com/bot.html)"
18.97.9.175 - - [29/Apr/2025:14:28:48 -0400] "GET /bocoran-togel-jitu-sgp-kamis-7-desember-2023/ HTTP/1.1" 200 0 "-" "CCBot/2.0 (https://commoncrawl.org/faq/)"
66.249.73.129 - - [29/Apr/2025:14:29:04 -0400] "GET /?o=062817133501&channel=330dbd&from=jp.php%3Fid%3D71335-5773%26name%3D%E6%9C%AA%E4%BD%BF%E7%94%A8+%E8%BE%BB%E3%81%8C%E8%8A%B1+%E7%BA%90%E7%BA%88+%E9%8A%80%E9%80%9A%E3%81%97+%E8%A2%8B%E5%B8%AF+%E6%AD%A3%E7%B5%B9+%E9%8A%80%E7%B3%B8+%E9%87%91%E7%B3%B8+%E9%BB%84%E7%B7%91+%E7%B4%AB+%E3%83%91%E3%82%B9%E3%83%86%E3%83%AB+575 HTTP/1.1" 200 54168 "-" "Mozilla/5.0 (Linux; Android 6.0.1; Nexus 5X Build/MMB29P) AppleWebKit/537.36 (KHTML, like Gecko) Chrome/135.0.7049.95 Mobile Safari/537.36 (compatible; Googlebot/2.1; +http://www.google.com/bot.html)"
18.97.9.175 - - [29/Apr/2025:14:29:24 -0400] "GET /erek-erek-43-di-buku-mimpi-bergambar-lengkap/ HTTP/1.1" 200 0 "-" "CCBot/2.0 (https://commoncrawl.org/faq/)"
52.167.144.232 - - [29/Apr/2025:14:29:27 -0400] "GET /wp-includes__c454f3a/sodium_compat/src/Core/Curve25519/ HTTP/1.1" 200 747 "-" "Mozilla/5.0 AppleWebKit/537.36 (KHTML, like Gecko; compatible; bingbot/2.0; +http://www.bing.com/bingbot.htm) Chrome/116.0.1938.76 Safari/537.36"
66.249.73.129 - - [29/Apr/2025:14:29:31 -0400] "GET /?o=10278168014705&channel=bacc4a&from=shared.php%3Fid%3D1680147-4881%26name%3D%E3%83%A2%E3%83%B3%E3%83%99%E3%83%AB+%E3%82%AD%E3%83%83%E3%82%BA+%E3%82%B8%E3%82%AA%E3%83%A9%E3%82%A4%E3%83%B3+EXP.%E3%82%BF%E3%82%A4%E3%83%84+%E9%BB%92+150 HTTP/1.1" 200 52973 "-" "Mozilla/5.0 (Linux; Android 6.0.1; Nexus 5X Build/MMB29P) AppleWebKit/537.36 (KHTML, like Gecko) Chrome/135.0.7049.95 Mobile Safari/537.36 (compatible; Googlebot/2.1; +http://www.google.com/bot.html)"
207.46.13.160 - - [29/Apr/2025:14:29:31 -0400] "GET /?o=07788176355200&channel=8d0b31&from=blog.php%3Fid%3D1763552-12639%26name%3D%E6%96%B0%E5%93%81+NEC+LAVIE+Tab+T10+T1055%2FEAS+PC-T1055EAS+Wi-Fi%E3%83%A2%E3%83%87%E3%83%AB+10.1%E5%9E%8B+Android+11+Unisoc+T610+%E3%82%B9%E3%83%88%E3%83%AC%E3%83%BC%E3%82%B8%E5%AE%B9%E9%87%8F64GB+%E3%83%A1%E3%83%A2%E3%83%AA%E5%AE%B9%E9%87%8F4GB HTTP/1.1" 200 0 "-" "Mozilla/5.0 AppleWebKit/537.36 (KHTML, like Gecko; compatible; bingbot/2.0; +http://www.bing.com/bingbot.htm) Chrome/116.0.1938.76 Safari/537.36"
66.249.73.128 - - [29/Apr/2025:14:29:32 -0400] "GET /?o=2186088734101&channel=c323ab&from=goods.php%3Fid%3D887341-17233%26name%3D%E3%83%93%E3%83%B3%E3%83%86%E3%83%BC%E3%82%B8+%E6%96%B0%E5%93%81+USA%E8%A3%BD+%EF%BD%9E50%27s+48%E6%98%9F+%E3%82%A2%E3%83%A1%E3%83%AA%E3%82%AB%E5%9B%BD%E6%97%97+%E6%98%9F%E6%9D%A1%E6%97%97+%E3%83%95%E3%83%A9%E3%83%83%E3%82%B0+%E6%97%97+%E3%82%B3%E3%83%83%E3%83%88%E3%83%B3+140%C3%97278+%E5%86%99%E7%9C%9F%E9%A4%A8+%E3%83%87%E3%82%A3%E3%82%B9%E3%83%97%E3%83%AC%E3%82%A4+%E3%82%B9%E3%82%BF%E3%82%B8%E3%82%AA+d144-71-0016ZV HTTP/1.1" 200 54201 "-" "Mozilla/5.0 (Linux; Android 6.0.1; Nexus 5X Build/MMB29P) AppleWebKit/537.36 (KHTML, like Gecko) Chrome/135.0.7049.95 Mobile Safari/537.36 (compatible; Googlebot/2.1; +http://www.google.com/bot.html)"
52.167.144.209 - - [29/Apr/2025:14:29:32 -0400] "GET /?o=36470129312807&channel=71b68b&from=article.php%3Fid%3D1293128-57%26name%3DLIMI+feu+%E3%83%AA%E3%83%9F%E3%83%95%E3%82%A5%E3%83%A8%E3%82%A6%E3%82%B8%E3%83%A4%E3%83%9E%E3%83%A2%E3%83%88+%E3%82%A6%E3%83%BC%E3%83%AB%E3%82%AE%E3%83%A3%E3%83%90+%E3%82%B5%E3%83%AB%E3%82%A8%E3%83%AB%E3%83%91%E3%83%B3%E3%83%84+%E3%82%86%E3%81%A3%E3%81%9F%E3%82%8A HTTP/1.1" 200 0 "-" "Mozilla/5.0 AppleWebKit/537.36 (KHTML, like Gecko; compatible; bingbot/2.0; +http://www.bing.com/bingbot.htm) Chrome/116.0.1938.76 Safari/537.36"
66.249.73.128 - - [29/Apr/2025:14:29:52 -0400] "GET /?o=0617832496502&channel=d71bc0&from=shared.php%3Fid%3D324965-9613%26name%3D%E8%97%A4%E7%94%B0%E5%97%A3%E6%B2%BB%E3%80%81%E7%8B%90%E3%80%81%E5%B8%8C%E5%B0%91%E7%94%BB%E9%9B%86%E7%94%BB%E3%80%81%E6%96%B0%E5%93%81%E9%A1%8D%E8%A3%85%E4%BB%98 HTTP/1.1" 200 53748 "-" "Mozilla/5.0 (Linux; Android 6.0.1; Nexus 5X Build/MMB29P) AppleWebKit/537.36 (KHTML, like Gecko) Chrome/135.0.7049.95 Mobile Safari/537.36 (compatible; Googlebot/2.1; +http://www.google.com/bot.html)"
18.97.9.175 - - [29/Apr/2025:14:30:00 -0400] "GET /tag/tafsir-mimpi-95/ HTTP/1.1" 200 0 "-" "CCBot/2.0 (https://commoncrawl.org/faq/)"
18.97.9.175 - - [29/Apr/2025:14:30:38 -0400] "GET /bocoran-togel-toto-macau-00-00-jumat-8-desember-2023/ HTTP/1.1" 200 0 "-" "CCBot/2.0 (https://commoncrawl.org/faq/)"
66.249.73.129 - - [29/Apr/2025:14:30:39 -0400] "GET /?o=02263164845203&channel=71d9cd&from=shop.php%3Fid%3D1648452-25458%26name%3D%E3%80%90%E5%AF%9B%E8%91%89%E5%B7%8C%E7%AB%9C%E3%80%91%E3%82%A2%E3%82%AC%E3%83%99%E3%80%80%E3%83%81%E3%82%BF%E3%83%8E%E3%82%BF%E3%80%80%E3%82%AA%E3%83%86%E3%83%AD%E3%82%A4%E3%80%80%E6%8A%9C%E3%81%8D%E8%8B%97%E7%99%BA%E9%80%81 HTTP/1.1" 200 54447 "-" "Mozilla/5.0 (Linux; Android 6.0.1; Nexus 5X Build/MMB29P) AppleWebKit/537.36 (KHTML, like Gecko) Chrome/135.0.7049.95 Mobile Safari/537.36 (compatible; Googlebot/2.1; +http://www.google.com/bot.html)"
66.249.73.129 - - [29/Apr/2025:14:30:46 -0400] "GET /?o=96540169661801&channel=2a1885&from=info.php%3Fid%3D1696618-2162%26name%3D%E3%83%8A%E3%82%A4%E3%82%AD+WMNS+AIR+FORCE+1+LIGHT+HIGH+QS+23.5 HTTP/1.1" 200 53051 "-" "Mozilla/5.0 (Linux; Android 6.0.1; Nexus 5X Build/MMB29P) AppleWebKit/537.36 (KHTML, like Gecko) Chrome/135.0.7049.95 Mobile Safari/537.36 (compatible; Googlebot/2.1; +http://www.google.com/bot.html)"
66.249.73.128 - - [29/Apr/2025:14:30:58 -0400] "GET /?o=0275239049224&channel=4da31d&from=brands.php%3Fid%3D390492-51%26name%3D%E3%83%B4%E3%82%A3%E3%83%B3%E3%83%86%E3%83%BC%E3%82%B8%E3%83%AC%E3%82%B6%E3%83%BCBIG%E3%83%96%E3%83%AB%E3%82%BE%E3%83%B3 HTTP/1.1" 200 53998 "-" "Mozilla/5.0 (Linux; Android 6.0.1; Nexus 5X Build/MMB29P) AppleWebKit/537.36 (KHTML, like Gecko) Chrome/135.0.7049.95 Mobile Safari/537.36 (compatible; Googlebot/2.1; +http://www.google.com/bot.html)"
18.97.9.175 - - [29/Apr/2025:14:31:14 -0400] "GET /tag/prediksi-sgp/ HTTP/1.1" 200 0 "-" "CCBot/2.0 (https://commoncrawl.org/faq/)"
66.249.73.130 - - [29/Apr/2025:14:31:19 -0400] "GET /?o=38692188615800&channel=3b0c1d&from=goods.php%3Fid%3D1886158-6477%26name%3D%E3%82%B0%E3%83%AD%E3%83%BC%E3%83%96%E3%80%80%E3%83%9C%E3%83%BC%E3%83%80%E3%83%BC%E3%83%AF%E3%83%B3%E3%83%94 HTTP/1.1" 200 52646 "-" "Mozilla/5.0 (Linux; Android 6.0.1; Nexus 5X Build/MMB29P) AppleWebKit/537.36 (KHTML, like Gecko) Chrome/135.0.7049.114 Mobile Safari/537.36 (compatible; Googlebot/2.1; +http://www.google.com/bot.html)"
66.249.73.128 - - [29/Apr/2025:14:31:22 -0400] "GET /?o=131613072810&channel=0585eb&from=shared.php%3Fid%3D30728-2924%26name%3D%E3%80%90%E3%82%AA%E3%83%AA%E3%82%B8%E3%83%8A%E3%83%AB%E3%82%AB%E3%83%90%E3%83%BC%E3%83%97%E3%83%AC%E3%82%BC%E3%83%B3%E3%83%88%E3%80%91+%E3%83%95%E3%83%A9%E3%83%B3%E3%82%B9%E3%83%99%E3%83%83%E3%83%89+%E3%82%BD%E3%83%95%E3%82%A1%E3%83%99%E3%83%83%E3%83%89+%E9%AB%98%E5%AF%86%E5%BA%A6%E9%80%A3%E7%B6%9A%E3%82%B9%E3%83%97%E3%83%AA%E3%83%B3%E3%82%B0+%E3%82%B9%E3%82%A4%E3%83%9F%E3%83%BCBasic+%E3%82%B9%E3%82%A4%E3%83%9F%E3%83%BC%E3%83%99%E3%83%BC%E3%82%B7%E3%83%83%E3%82%AF+%E8%84%9A+%E3%83%AC%E3%83%83%E3%82%B0+%E3%82%BD%E3%83%95%E3%82%A1%E3%83%BC+%E5%BA%83%E3%80%85+%E3%82%B0%E3%83%AA%E3%83%BC%E3%83%B3+%E3%83%99%E3%83%BC%E3%82%B8%E3%83%A5+%E3%82%B0%E3%83%AC%E3%83%BC+%E9%80%81%E6%96%99%E7%84%A1%E6%96%99 HTTP/1.1" 200 53186 "-" "Mozilla/5.0 (Linux; Android 6.0.1; Nexus 5X Build/MMB29P) AppleWebKit/537.36 (KHTML, like Gecko) Chrome/135.0.7049.114 Mobile Safari/537.36 (compatible; Googlebot/2.1; +http://www.google.com/bot.html)"
