66.249.73.128 - - [29/Apr/2025:11:39:57 -0400] "GET /?o=49132157091403&channel=5ad2c0&from=form.php%3Fid%3D1570914-10251%26name%3DJSHUDAA%28%E3%81%B2%E3%81%95%E3%81%88%29+%E3%83%96%E3%83%A9%E3%83%83%E3%82%AF%E3%82%B7%E3%83%A3%E3%83%AF%E3%83%BC%E8%9B%87%E5%8F%A3%E3%82%BB%E3%83%83%E3%83%88%E9%9B%A8%E3%81%A8%E6%BB%9D%E3%82%B7%E3%83%A3%E3%83%AF%E3%83%BC%E3%83%98%E3%83%83%E3%83%89%E3%83%9B%E3%83%83%E3%83%88%E3%82%B3%E3%83%BC%E3%83%AB%E3%83%89%E3%82%B7%E3%83%A3%E3%83%AF%E3%83%BC%E3%83%90%E3%83%AB%E3%83%96%E5%A3%81%E6%8E%9B%E3%81%91%E3%83%90%E3%82%B9%E3%83%AB%E3%83%BC%E3%83%A0%E3%82%B7%E3%83%A3%E3%83%AF%E3%83%BC%E3%83%9F%E3%82%AD%E3%82%B5%E3%83%BC HTTP/1.1" 200 55595 "-" "Mozilla/5.0 (Linux; Android 6.0.1; Nexus 5X Build/MMB29P) AppleWebKit/537.36 (KHTML, like Gecko) Chrome/135.0.7049.114 Mobile Safari/537.36 (compatible; Googlebot/2.1; +http://www.google.com/bot.html)"
40.77.167.55 - - [29/Apr/2025:11:41:55 -0400] "GET /?o=6754954468901&channel=bd1f09&from=shop.php%3Fid%3D544689-17769%26name%3D%E2%96%B2%E8%B6%85%E5%B8%8C%E5%B0%91%EF%BC%81UH+1%2F50+Komatsu+150+D155AX-7+Dozer+8010+%E4%BD%9C%E6%A5%AD%E8%BB%8A HTTP/1.1" 200 0 "-" "Mozilla/5.0 AppleWebKit/537.36 (KHTML, like Gecko; compatible; bingbot/2.0; +http://www.bing.com/bingbot.htm) Chrome/116.0.1938.76 Safari/537.36"
40.77.167.56 - - [29/Apr/2025:11:41:57 -0400] "GET /?o=5179143725103&channel=316189&from=article.php%3Fid%3D437251-3051%26name%3D%E3%83%B4%E3%82%A3%E3%83%B4%E3%82%A3%E3%82%A2%E3%83%B3%E3%82%A6%E3%82%A8%E3%82%B9%E3%83%88%E3%82%A6%E3%83%83%E3%83%89%E3%80%80%E6%96%B0%E5%93%81%E3%80%80%E3%83%9F%E3%83%8B%E3%82%A6%E3%82%A9%E3%83%AC%E3%83%83%E3%83%88%E3%80%80%E4%B8%89%E3%81%A4%E6%8A%98%E3%82%8A%E8%B2%A1%E5%B8%83%E3%80%80%E3%82%A8%E3%83%8A%E3%83%A1%E3%83%AB%E3%83%96%E3%83%A9%E3%83%83%E3%82%AF HTTP/1.1" 200 0 "-" "Mozilla/5.0 AppleWebKit/537.36 (KHTML, like Gecko; compatible; bingbot/2.0; +http://www.bing.com/bingbot.htm) Chrome/116.0.1938.76 Safari/537.36"
66.249.73.130 - - [29/Apr/2025:11:42:21 -0400] "GET /?o=8171869271201&channel=a84c1c&from=category-info.php%3Fid%3D692712-914%26name%3DPanasonic+%E3%83%A9%E3%83%95%E3%82%A3%E3%83%BC%E3%83%8D%E3%82%A2%E3%82%B7%E3%83%AA%E3%83%BC%E3%82%BA%E3%82%B3%E3%83%B3%E3%82%BB%E3%83%B3%E3%83%88%E3%83%97%E3%83%AC%E3%83%BC%E3%83%88+%3Cbr%3EWTX8074W+5%E5%80%8B%3Cbr%3E%3Cbr%3E+%E2%96%A0%E2%96%BC158-9565%3Cbr%3E%3Cbr%3E%E3%80%90%E9%80%81%E6%96%99%E9%83%BD%E5%BA%A6%E8%A6%8B%E7%A9%8D%E3%80%91%3Cbr%3E%3Cbr%3E%3Cbr%3E+%E2%97%8FYA513 HTTP/1.1" 200 56580 "-" "Mozilla/5.0 (Linux; Android 6.0.1; Nexus 5X Build/MMB29P) AppleWebKit/537.36 (KHTML, like Gecko) Chrome/135.0.7049.95 Mobile Safari/537.36 (compatible; Googlebot/2.1; +http://www.google.com/bot.html)"
66.249.73.129 - - [29/Apr/2025:11:42:39 -0400] "GET /?o=5906193843004&channel=5b7724&from=shop.php%3Fid%3D938430-17132%26name%3D%E3%83%89%E3%83%AD%E3%83%83%E3%83%91%E3%83%BC%E3%83%9C%E3%83%88%E3%83%AB+%E3%83%8B%E3%83%BC%E3%83%89%E3%83%AB%E3%82%B9%E3%83%9D%E3%82%A4%E3%83%88+%E6%94%AA%E6%8B%8C%E3%83%9C%E3%83%BC%E3%83%AB%E4%BB%98+%E9%80%8F%E6%98%8E+%E5%A1%97%E6%96%99+50ml+20%E5%80%8B HTTP/1.1" 200 52252 "-" "Mozilla/5.0 (Linux; Android 6.0.1; Nexus 5X Build/MMB29P) AppleWebKit/537.36 (KHTML, like Gecko) Chrome/135.0.7049.95 Mobile Safari/537.36 (compatible; Googlebot/2.1; +http://www.google.com/bot.html)"
66.249.73.130 - - [29/Apr/2025:11:43:25 -0400] "GET /?o=41909118221401&channel=7d15c7&from=category-info.php%3Fid%3D1182214-4208%26name%3D%E3%80%90%E4%BE%A1%E6%A0%BC%E5%A4%89%E6%9B%B4%E3%80%91%22%E3%82%A4%E3%82%B5%E3%83%A0%E3%83%BB%E3%83%8E%E3%82%B0%E3%83%81%22%E3%82%B3%E3%83%BC%E3%83%92%E3%83%BC%E3%83%86%E3%83%BC%E3%83%96%E3%83%AB%28%E3%83%AA%E3%83%97%E3%83%AD%E3%83%80%E3%82%AF%E3%83%88%29 HTTP/1.1" 200 53497 "-" "Mozilla/5.0 (Linux; Android 6.0.1; Nexus 5X Build/MMB29P) AppleWebKit/537.36 (KHTML, like Gecko) Chrome/135.0.7049.114 Mobile Safari/537.36 (compatible; Googlebot/2.1; +http://www.google.com/bot.html)"
207.46.13.127 - - [29/Apr/2025:11:44:27 -0400] "GET /?o=01385104639200&channel=5f8963&from=brands.php%3Fid%3D1046392-5174%26name%3D2023%E5%B9%B4%E3%83%A2%E3%83%87%E3%83%AB+ecco+%E3%82%A8%E3%82%B3%E3%83%BC+%E3%83%AC%E3%83%87%E3%82%A3%E3%83%BC%E3%82%B9+S-THREE+BOA+%E3%82%A8%E3%82%B9%E3%83%BB%E3%82%B9%E3%83%AA%E3%83%BC+%E3%83%9C%E3%82%A2+%E3%82%B9%E3%83%91%E3%82%A4%E3%82%AF%E3%83%AC%E3%82%B9+%E3%82%B4%E3%83%AB%E3%83%95%E3%82%B7%E3%83%A5%E3%83%BC%E3%82%BA+102973+60621+WHITE%2FDELICACY%2FWHITE+%E6%9C%89%E8%B3%80%E5%9C%92+%E3%82%B4%E3%83%AB%E3%83%95 HTTP/1.1" 200 0 "-" "Mozilla/5.0 AppleWebKit/537.36 (KHTML, like Gecko; compatible; bingbot/2.0; +http://www.bing.com/bingbot.htm) Chrome/116.0.1938.76 Safari/537.36"
66.249.73.130 - - [29/Apr/2025:11:44:51 -0400] "GET /?o=7247087023500&channel=af37aa&from=info.php%3Fid%3D870235-1094%26name%3D%E3%80%90%E5%85%AC%E5%BC%8F%E3%80%91HUNTING+WORLD+%E3%83%90%E3%83%81%E3%83%A5%E3%83%BC%E3%83%95%E3%83%AD%E3%83%B3%E3%83%86%E3%82%A3%E3%82%A2%5B%E3%82%B7%E3%83%A7%E3%83%AB%E3%83%80%E3%83%BC%E3%83%90%E3%83%83%E3%82%B0S+2370BFR%5D%E3%83%8D%E3%82%A4%E3%83%93%E3%83%BC6109090678 HTTP/1.1" 200 55221 "-" "Mozilla/5.0 (Linux; Android 6.0.1; Nexus 5X Build/MMB29P) AppleWebKit/537.36 (KHTML, like Gecko) Chrome/135.0.7049.95 Mobile Safari/537.36 (compatible; Googlebot/2.1; +http://www.google.com/bot.html)"
52.205.222.214 - - [29/Apr/2025:11:45:11 -0400] "GET /wp-includes__c454f3a/js/tinymce/plugins/colorpicker/ HTTP/1.1" 200 856 "-" "Mozilla/5.0 AppleWebKit/537.36 (KHTML, like Gecko; compatible; Amazonbot/0.1; +https://developer.amazon.com/support/amazonbot) Chrome/119.0.6045.214 Safari/537.36"
66.249.73.130 - - [29/Apr/2025:11:45:28 -0400] "GET /?o=05087124322903&channel=d21678&from=shop.php%3Fid%3D1243229-8749%26name%3D%E3%82%B3%E3%83%9E%E3%83%84+%E9%9B%BB%E5%8B%95%E3%83%95%E3%82%A9%E3%83%BC%E3%82%AF%E3%83%AA%E3%83%95%E3%83%88+1%E3%83%88%E3%83%B3%E3%80%802016%E5%B9%B4%E5%BC%8F HTTP/1.1" 200 53124 "-" "Mozilla/5.0 (Linux; Android 6.0.1; Nexus 5X Build/MMB29P) AppleWebKit/537.36 (KHTML, like Gecko) Chrome/135.0.7049.95 Mobile Safari/537.36 (compatible; Googlebot/2.1; +http://www.google.com/bot.html)"
18.136.62.21 - - [29/Apr/2025:11:45:46 -0400] "GET /wp-content/uploads/2023/12/e1d765c174111078d0725e6fb909f094-150x150.jpg HTTP/1.1" 200 0 "-" "python-requests/2.30.0"
66.249.73.129 - - [29/Apr/2025:11:45:51 -0400] "GET /?o=48901116756301&channel=b04192&from=category-info.php%3Fid%3D1167563-23748%26name%3D%E3%82%AC%E3%83%BC%E3%83%87%E3%83%8B%E3%83%B3%E3%82%B0%E3%82%B0%E3%83%AD%E3%83%BC%E3%83%96%E3%80%81%E6%BA%B6%E6%8E%A5%E6%89%8B%E8%A2%8B%E3%80%81%E4%BF%9D%E8%AD%B7%E4%BD%9C%E6%A5%AD%E7%94%A8%E6%89%8B%E8%A2%8B%E3%80%81%E9%9D%9E%E3%82%B9%E3%83%AA%E3%83%83%E3%83%97%E3%83%90%E3%83%A9%E5%89%AA%E5%AE%9A%E3%82%AC%E3%83%BC%E3%83%87%E3%83%8B%E3%83%B3%E3%82%B0%E3%82%B0%E3%83%AD%E3%83%BC%E3%83%96%E3%83%84%E3%83%BC%E3%83%AB%E5%A5%B3%E6%80%A7%E7%94%B7%E6%80%A7%E6%9F%94%E3%82%89%E3%81%8B%E3%81%84%E3%83%88%E3%83%AA%E3%83%9F%E3%83%B3%E3%82%B0%E8%80%90%E6%91%A9%E8%80%97%E6%80%A7%E3%81%A8%E3%82%BD%E3%83%BC HTTP/1.1" 200 55174 "-" "Mozilla/5.0 (Linux; Android 6.0.1; Nexus 5X Build/MMB29P) AppleWebKit/537.36 (KHTML, like Gecko) Chrome/135.0.7049.95 Mobile Safari/537.36 (compatible; Googlebot/2.1; +http://www.google.com/bot.html)"
40.77.167.55 - - [29/Apr/2025:11:46:21 -0400] "GET /wp-includes__c454f3a/SimplePie/library/SimplePie/?NA HTTP/1.1" 200 1468 "-" "Mozilla/5.0 AppleWebKit/537.36 (KHTML, like Gecko; compatible; bingbot/2.0; +http://www.bing.com/bingbot.htm) Chrome/116.0.1938.76 Safari/537.36"
66.249.73.129 - - [29/Apr/2025:11:46:47 -0400] "GET /?o=7776175160801&channel=48dc1c&from=goods.php%3Fid%3D751608-912%26name%3D%E4%BD%9C%E6%A5%AD%E3%82%A2%E3%82%B7%E3%82%B9%E3%83%88%E3%82%B9%E3%83%BC%E3%83%84X+ASX30-L+%E3%82%AD%E3%83%B3%E3%82%B0%E3%82%B8%E3%83%A0++%E8%85%B0%E3%82%B5%E3%83%9D%E3%83%BC%E3%83%88%E3%83%99%E3%83%AB%E3%83%88+%E7%89%A9%E6%B5%81+%E4%BB%8B%E8%AD%B7+%E8%BE%B2%E6%A5%AD HTTP/1.1" 200 54525 "-" "Mozilla/5.0 (Linux; Android 6.0.1; Nexus 5X Build/MMB29P) AppleWebKit/537.36 (KHTML, like Gecko) Chrome/135.0.7049.95 Mobile Safari/537.36 (compatible; Googlebot/2.1; +http://www.google.com/bot.html)"
66.249.73.130 - - [29/Apr/2025:11:47:13 -0400] "GET /?o=9697175735410&channel=6cc656&from=form.php%3Fid%3D757354-20525%26name%3DMicrosoft+Surface+Go+%E5%9E%8B%E7%95%AA%3A+1824 HTTP/1.1" 200 52732 "-" "Mozilla/5.0 (Linux; Android 6.0.1; Nexus 5X Build/MMB29P) AppleWebKit/537.36 (KHTML, like Gecko) Chrome/135.0.7049.95 Mobile Safari/537.36 (compatible; Googlebot/2.1; +http://www.google.com/bot.html)"
66.249.73.129 - - [29/Apr/2025:11:47:24 -0400] "GET /?o=7675713078203&channel=d807d2&from=jp.php%3Fid%3D130782-8394%26name%3D%E5%A4%A7%E5%9E%8B%E7%8C%AB%E3%82%B1%E3%83%BC%E3%82%B8+-+%E7%8C%AB%E7%94%A8%E3%83%97%E3%83%AC%E3%82%A4%E3%83%9A%E3%83%B3+%E5%8F%96%E3%82%8A%E5%A4%96%E3%81%97%E5%8F%AF%E8%83%BD%E3%81%AA%E9%87%91%E5%B1%9E%E3%83%AF%E3%82%A4%E3%83%A4%E3%83%BC+%E5%B1%8B%E5%86%85+DIY+%E7%8A%AC%E5%B0%8F%E5%B1%8B+%E3%82%AF%E3%83%AC%E3%83%BC%E3%83%88+%E7%8C%AB%E7%94%A8%E3%82%B1%E3%83%BC%E3%82%B8+%E7%8C%AB%E7%94%A8%E3%83%88%E3%82%A4%E3%83%AC%E4%BB%98%E3%81%8D+%E5%8F%96%E3%82%8A%E5%A4%96%E3%81%97%E5%8F%AF HTTP/1.1" 200 55272 "-" "Mozilla/5.0 (Linux; Android 6.0.1; Nexus 5X Build/MMB29P) AppleWebKit/537.36 (KHTML, like Gecko) Chrome/135.0.7049.95 Mobile Safari/537.36 (compatible; Googlebot/2.1; +http://www.google.com/bot.html)"
66.249.73.128 - - [29/Apr/2025:11:47:52 -0400] "GET /?o=82788188310001&channel=0e64c8&from=article.php%3Fid%3D1883100-29429%26name%3D%E8%80%90%E4%B9%85+%E3%83%AD%E3%83%BC%E3%83%97+%E3%80%90%E5%B9%85%E5%BA%83%E3%81%8F%E4%BD%BF%E3%81%88%E3%82%8B%E5%A4%9A%E7%94%A8%E9%80%94%E3%82%BF%E3%82%A4%E3%83%97%E3%80%91+%E5%A4%9A%E6%A9%9F%E8%83%BD+%E5%A4%9A%E7%9B%AE%E7%9A%84+%E7%9B%B4%E5%BE%84+12mm+%E3%82%A4%E3%82%A8%E3%83%AD%E3%83%BC+%E3%82%AD%E3%83%A3%E3%83%B3%E3%83%97+%E3%82%A2%E3%82%A6%E3%83%88%E3%83%89%E3%82%A2+%E5%BC%95%E8%B6%8A%E3%81%97+%E8%8D%B7%E7%89%A9%E3%81%AE%E5%90%8A%E4%B8%8A%E3%81%92+%E8%BB%8A+%E3%83%9C%E3%83%BC%E3%83%88+%E7%89%BD%E5%BC%95+%E8%A3%9C%E5%8A%A9+%2810M%29+%5B10M%5D HTTP/1.1" 200 52229 "-" "Mozilla/5.0 (Linux; Android 6.0.1; Nexus 5X Build/MMB29P) AppleWebKit/537.36 (KHTML, like Gecko) Chrome/135.0.7049.95 Mobile Safari/537.36 (compatible; Googlebot/2.1; +http://www.google.com/bot.html)"
66.249.73.128 - - [29/Apr/2025:11:47:53 -0400] "GET /?o=0327058603511&channel=57d0f0&from=shared.php%3Fid%3D586035-18373%26name%3D%E5%A4%A7%E9%98%AAJR%E4%B9%85%E5%AE%9D%E5%AF%BA+%E6%89%8B%E6%B8%A1%E3%81%97+%E9%9B%BB%E6%B0%97%E3%82%B9%E3%82%BF%E3%83%B3%E3%83%89+%E4%B8%AD%E5%8F%A4 HTTP/1.1" 200 54102 "-" "Mozilla/5.0 (Linux; Android 6.0.1; Nexus 5X Build/MMB29P) AppleWebKit/537.36 (KHTML, like Gecko) Chrome/135.0.7049.95 Mobile Safari/537.36 (compatible; Googlebot/2.1; +http://www.google.com/bot.html)"
66.249.73.128 - - [29/Apr/2025:11:48:15 -0400] "GET /?o=71804166292800&channel=77e604&from=news.php%3Fid%3D1662928-8214%26name%3D%E3%83%A9%E3%82%A4%E3%82%BA+%E3%82%B0%E3%83%83%E3%82%BA+%E3%83%95%E3%82%A9%E3%83%88%E3%82%AB%E3%83%BC%E3%83%8956%E6%9E%9A%E3%82%BB%E3%83%83%E3%83%88+%E3%83%A1%E3%83%83%E3%82%BB%E3%83%BC%E3%82%B8%E3%82%AB%E3%83%BC%E3%83%89+%E3%83%9D%E3%82%AB+%E3%83%88%E3%83%AC%E3%82%AB+%E5%86%99%E7%9C%9F+KPOP+%28RIIZE+2%29+%5B%E4%B8%A6%E8%A1%8C%E8%BC%B8%E5%85%A5%E5%93%81%5D HTTP/1.1" 200 54083 "-" "Mozilla/5.0 (Linux; Android 6.0.1; Nexus 5X Build/MMB29P) AppleWebKit/537.36 (KHTML, like Gecko) Chrome/135.0.7049.95 Mobile Safari/537.36 (compatible; Googlebot/2.1; +http://www.google.com/bot.html)"
66.249.73.129 - - [29/Apr/2025:11:48:26 -0400] "GET /?o=85053129217603&channel=d6a04b&from=jp.php%3Fid%3D1292176-3%26name%3D%E7%BE%8E%E5%93%81%E3%80%80%E3%82%B3%E3%83%BC%E3%83%81%E3%83%94%E3%83%B3%E3%82%AF%E6%99%82%E8%A8%88 HTTP/1.1" 200 54219 "-" "Mozilla/5.0 (Linux; Android 6.0.1; Nexus 5X Build/MMB29P) AppleWebKit/537.36 (KHTML, like Gecko) Chrome/135.0.7049.95 Mobile Safari/537.36 (compatible; Googlebot/2.1; +http://www.google.com/bot.html)"
66.249.73.128 - - [29/Apr/2025:11:48:45 -0400] "GET /?o=77701130985802&channel=e4626f&from=shared.php%3Fid%3D1309858-1799%26name%3DSP%E6%AD%A6%E5%B7%9D%E3%80%80%E3%83%AA%E3%82%A2%E3%82%B7%E3%83%A7%E3%83%83%E3%82%AF+2%E6%9C%AC%E3%82%BB%E3%83%83%E3%83%88+%E3%82%AF%E3%83%AD%E3%83%A0%E3%83%A1%E3%83%83%E3%82%AD%2F%E3%82%A4%E3%82%A8%E3%83%AD%E3%83%BC++%E3%82%AB%E3%83%96 HTTP/1.1" 200 54066 "-" "Mozilla/5.0 (Linux; Android 6.0.1; Nexus 5X Build/MMB29P) AppleWebKit/537.36 (KHTML, like Gecko) Chrome/135.0.7049.95 Mobile Safari/537.36 (compatible; Googlebot/2.1; +http://www.google.com/bot.html)"
207.46.13.160 - - [29/Apr/2025:11:48:57 -0400] "GET /?o=97999194793700&channel=38e3e5&from=pin.php%3Fid%3D1947937-22871%26name%3D%EF%BC%8Ahima%E2%99%A6%EF%B8%8F%E5%8D%B3%E8%B3%BC%E5%85%A5%E5%8F%AF%E2%99%A6%EF%B8%8F%E6%A7%98%E5%B0%82%E7%94%A8%EF%BC%8F2%E7%A8%AE%E9%A1%9E%E3%80%80%E7%AE%97%E6%95%B0%E3%83%9C%E3%83%83%E3%82%AF%E3%82%B9%E3%80%80%E3%81%8A%E5%90%8D%E5%89%8D%E3%82%B7%E3%83%BC%E3%83%AB%E3%82%BB%E3%83%83%E3%83%88%E2%98%85 HTTP/1.1" 200 0 "-" "Mozilla/5.0 AppleWebKit/537.36 (KHTML, like Gecko; compatible; bingbot/2.0; +http://www.bing.com/bingbot.htm) Chrome/116.0.1938.76 Safari/537.36"
66.249.73.128 - - [29/Apr/2025:11:48:59 -0400] "GET /?o=3286413330601&channel=c38c8f&from=jp.php%3Fid%3D133306-1015%26name%3DHYDROGEN+%E3%83%8F%E3%82%A4%E3%83%89%E3%83%AD%E3%82%B2%E3%83%B3+%E3%83%A1%E3%83%B3%E3%82%BA%E3%83%97%E3%83%AB%E3%82%AA%E3%83%BC%E3%83%90%E3%83%BC%E3%83%91%E3%83%BC%E3%82%AB%E3%83%BC+MH0004+%2F+BIG+SKULL+HOODIE+%E3%83%96%E3%83%A9%E3%83%83%E3%82%AF HTTP/1.1" 200 53613 "-" "Mozilla/5.0 (Linux; Android 6.0.1; Nexus 5X Build/MMB29P) AppleWebKit/537.36 (KHTML, like Gecko) Chrome/135.0.7049.95 Mobile Safari/537.36 (compatible; Googlebot/2.1; +http://www.google.com/bot.html)"
66.249.73.130 - - [29/Apr/2025:11:49:08 -0400] "GET /?o=2332871752211&channel=d6a7d0&from=blog.php%3Fid%3D717522-1451%26name%3D%E3%82%B5%E3%83%B3%E3%83%AF%E3%82%B5%E3%83%97%E3%83%A9%E3%82%A4+USB+Type-C%E3%83%89%E3%83%83%E3%82%AD%E3%83%B3%E3%82%B0%E3%82%B9%E3%83%86%E3%83%BC%E3%82%B7%E3%83%A7%E3%83%B3%28%E3%82%B9%E3%82%BF%E3%83%B3%E3%83%89%E4%BB%98%E3%81%8D%29+HDMI%2FDisplayPort%E5%87%BA%E5%8A%9B%E5%AF%BE%E5%BF%9C+USB-CVD HTTP/1.1" 200 53603 "-" "Mozilla/5.0 (Linux; Android 6.0.1; Nexus 5X Build/MMB29P) AppleWebKit/537.36 (KHTML, like Gecko) Chrome/135.0.7049.95 Mobile Safari/537.36 (compatible; Googlebot/2.1; +http://www.google.com/bot.html)"
66.249.73.128 - - [29/Apr/2025:11:49:17 -0400] "GET /?o=9998966719220&channel=a67eec&from=product.php%3Fid%3D667192-812%26name%3D%E3%83%8E%E3%83%BC%E3%83%88%E3%83%91%E3%82%BD%E3%82%B3%E3%83%B3+%E6%96%B0%E5%93%81+windows11+pc+Microsoft+%E7%AC%AC13%E4%B8%96%E4%BB%A3+CPU+Intel+i3+i5+i7+i9+N5095+office+%E6%90%AD%E8%BC%89+14%2F15.6%E3%82%A4%E3%83%B3%E3%83%81+8GB%2F16GB%2F32GB+SSD+1TB+%E6%97%A5%E6%9C%AC%E8%AA%9E%E3%82%AD%E3%83%BC%E3%83%9C%E3%83%BC%E3%83%89%E9%85%8D%E5%88%97 HTTP/1.1" 200 53575 "-" "Mozilla/5.0 (Linux; Android 6.0.1; Nexus 5X Build/MMB29P) AppleWebKit/537.36 (KHTML, like Gecko) Chrome/135.0.7049.95 Mobile Safari/537.36 (compatible; Googlebot/2.1; +http://www.google.com/bot.html)"
66.249.73.128 - - [29/Apr/2025:11:49:29 -0400] "GET /?o=0890477078507&channel=af37aa&from=brands.php%3Fid%3D770785-1094%26name%3D%E3%80%90SALE%EF%BC%8F49%25OFF%E3%80%91%E3%82%A8%E3%82%AF%E3%82%B9%E3%83%88%E3%83%AA%E3%83%BC%E3%83%A0%E3%83%90%E3%82%B1%E3%83%83%E3%83%88BAG+ADORE+%E3%82%A2%E3%83%89%E3%83%BC%E3%82%A2+%E3%83%90%E3%83%83%E3%82%B0+%E3%81%9D%E3%81%AE%E4%BB%96%E3%81%AE%E3%83%90%E3%83%83%E3%82%B0+%E3%82%B0%E3%83%AC%E3%83%BC%E3%80%90RBA_E%E3%80%91%E3%80%90%E9%80%81%E6%96%99%E7%84%A1%E6%96%99%E3%80%91%5BRakuten+Fashion%5D HTTP/1.1" 200 54847 "-" "Mozilla/5.0 (Linux; Android 6.0.1; Nexus 5X Build/MMB29P) AppleWebKit/537.36 (KHTML, like Gecko) Chrome/135.0.7049.95 Mobile Safari/537.36 (compatible; Googlebot/2.1; +http://www.google.com/bot.html)"
66.249.73.128 - - [29/Apr/2025:11:49:35 -0400] "GET /?o=6382671339400&channel=20fcba&from=shared.php%3Fid%3D713394-19817%26name%3D%E3%82%B7%E3%83%AB%E3%83%90%E3%83%8B%E3%82%A2%E3%83%95%E3%82%A1%E3%83%9F%E3%83%AA%E3%83%BC+%E8%B5%A4%E3%81%A1%E3%82%83%E3%82%93%26%E6%89%8B%E6%8A%BC%E3%81%97%E3%81%90%E3%82%8B%E3%81%BE%E3%82%BB%E3%83%83%E3%83%88%E3%80%80%E3%81%8F%E3%82%8B%E3%81%BF%E3%83%AA%E3%82%B9%E3%81%AE%E8%B5%A4%E3%81%A1%E3%82%83%E3%82%93 HTTP/1.1" 200 54867 "-" "Mozilla/5.0 (Linux; Android 6.0.1; Nexus 5X Build/MMB29P) AppleWebKit/537.36 (KHTML, like Gecko) Chrome/135.0.7049.95 Mobile Safari/537.36 (compatible; Googlebot/2.1; +http://www.google.com/bot.html)"
66.249.73.128 - - [29/Apr/2025:11:49:40 -0400] "GET /?o=13171165307001&channel=5e7f3c&from=pin.php%3Fid%3D1653070-21991%26name%3DFabric+Creations+Plush+3D+Fabric+Paint+2oz-Sugar+Plum HTTP/1.1" 200 54310 "-" "Mozilla/5.0 (Linux; Android 6.0.1; Nexus 5X Build/MMB29P) AppleWebKit/537.36 (KHTML, like Gecko) Chrome/135.0.7049.95 Mobile Safari/537.36 (compatible; Googlebot/2.1; +http://www.google.com/bot.html)"
66.249.73.128 - - [29/Apr/2025:11:49:48 -0400] "GET /?o=71009168829400&channel=f6244b&from=form.php%3Fid%3D1688294-27395%26name%3DDHAEY+100X+M1+M1.2+M1.7+M2+M2.6+M3+M4%E5%B0%8F%E5%9E%8B304+A2%E3%82%B9%E3%83%86%E3%83%B3%E3%83%AC%E3%82%B9%E9%8B%BC%E7%82%AD%E7%B4%A0%E9%8B%BC%E3%83%97%E3%83%A9%E3%82%B9%E5%B9%B3%E7%9A%BF%E9%A0%AD%E6%9C%A8%E8%A3%BD%E3%82%BB%E3%83%AB%E3%83%95%E3%82%BF HTTP/1.1" 200 52965 "-" "Mozilla/5.0 (Linux; Android 6.0.1; Nexus 5X Build/MMB29P) AppleWebKit/537.36 (KHTML, like Gecko) Chrome/135.0.7049.95 Mobile Safari/537.36 (compatible; Googlebot/2.1; +http://www.google.com/bot.html)"
66.249.73.128 - - [29/Apr/2025:11:49:57 -0400] "GET /?o=20759132376802&channel=0d5704&from=shared.php%3Fid%3D1323768-2893%26name%3DVisconti+MIRAGE+%E3%83%93%E3%82%B9%E3%82%B3%E3%83%B3%E3%83%86%E3%82%A3+%E3%83%9F%E3%83%AC%E3%83%BC%E3%82%B8%E3%83%A5+%E4%B8%87%E5%B9%B4%E7%AD%86+%E3%82%A8%E3%83%A1%E3%83%A9%E3%83%AB%E3%83%89+%E3%82%A2%E3%82%AF%E3%82%A2+%E3%82%B3%E3%83%BC%E3%83%A9%E3%83%AB+%E3%83%9B%E3%83%AB%E3%83%B3+%E3%82%A2%E3%83%B3%E3%83%90%E3%83%BC+%E3%83%8A%E3%82%A4%E3%83%88%E3%83%96%E3%83%AB%E3%83%BC+KP09 HTTP/1.1" 200 53866 "-" "Mozilla/5.0 (Linux; Android 6.0.1; Nexus 5X Build/MMB29P) AppleWebKit/537.36 (KHTML, like Gecko) Chrome/135.0.7049.95 Mobile Safari/537.36 (compatible; Googlebot/2.1; +http://www.google.com/bot.html)"
66.249.73.129 - - [29/Apr/2025:11:50:19 -0400] "GET /?o=01147107113502&channel=2914bb&from=info.php%3Fid%3D1071135-1309%26name%3Drb-works%E8%A3%BD%E2%98%86%E3%82%A2%E3%83%89%E3%83%AC%E3%82%B9110%E2%98%86%E3%83%A6%E3%83%BC%E3%83%AD%E3%83%81%E3%83%A3%E3%83%B3%E3%83%90%E3%83%BC%E2%98%86%E3%83%96%E3%83%AB%E3%83%BC%E3%82%B5%E3%82%A4%E3%83%AC%E3%83%B3%E3%82%B5%E3%83%BC%E9%9D%92+%EF%BC%88%E3%83%9E%E3%83%95%E3%83%A9%E3%83%BC%EF%BC%89 HTTP/1.1" 200 53438 "-" "Mozilla/5.0 (Linux; Android 6.0.1; Nexus 5X Build/MMB29P) AppleWebKit/537.36 (KHTML, like Gecko) Chrome/135.0.7049.95 Mobile Safari/537.36 (compatible; Googlebot/2.1; +http://www.google.com/bot.html)"
66.249.73.129 - - [29/Apr/2025:11:50:26 -0400] "GET /?o=2546179609701&channel=7f529a&from=pin.php%3Fid%3D796097-1794%26name%3DCAMP%28%E3%82%AB%E3%83%B3%E3%83%97%29+%E3%83%AD%E3%83%BC%E3%83%97%E3%82%A2%E3%82%AF%E3%82%BB%E3%82%B9%E7%94%A8%E3%83%95%E3%83%AB%E3%83%9C%E3%83%87%E3%82%A3%E3%83%8F%E3%83%BC%E3%83%8D%E3%82%B9+FRX+%E3%80%905320000%E3%80%91+%7C+%E5%A2%9C%E8%90%BD%E9%9D%99%E6%AD%A2%E5%99%A8%E5%85%B7+%E3%83%AF%E3%83%BC%E3%82%AF%E3%83%9D%E3%82%B8%E3%82%B7%E3%83%A7%E3%83%8B%E3%83%B3%E3%82%B0+%E3%83%AC%E3%82%B9%E3%82%AD%E3%83%A5%E3%83%BC HTTP/1.1" 200 55514 "-" "Mozilla/5.0 (Linux; Android 6.0.1; Nexus 5X Build/MMB29P) AppleWebKit/537.36 (KHTML, like Gecko) Chrome/135.0.7049.95 Mobile Safari/537.36 (compatible; Googlebot/2.1; +http://www.google.com/bot.html)"
66.249.73.128 - - [29/Apr/2025:11:50:27 -0400] "GET /?o=5802222692203&channel=bc18c6&from=form.php%3Fid%3D226922-7171%26name%3D%E3%80%90%E5%80%A4%E4%B8%8B%E3%81%92%E3%81%97%E3%81%BE%E3%81%97%E3%81%9F%E3%80%91%E3%83%AD%E3%83%BC%E3%83%89%E3%83%90%E3%82%A4%E3%82%AF+MERIDA++%E3%83%A1%E3%83%AA%E3%83%80+RIDE80+%E3%83%A9%E3%82%A4%E3%83%8980+%E3%82%A2%E3%83%AB%E3%83%9F%E3%83%95%E3%83%AC%E3%83%BC%E3%83%A0%E3%80%90%E5%BC%95%E5%8F%96%E9%99%90%E5%AE%9A%E3%83%BB%E7%8F%BE%E7%8A%B6%E6%B8%A1%E3%81%97%E3%80%91%E4%B8%89%E9%87%8D%E7%9C%8C HTTP/1.1" 200 54937 "-" "Mozilla/5.0 (Linux; Android 6.0.1; Nexus 5X Build/MMB29P) AppleWebKit/537.36 (KHTML, like Gecko) Chrome/135.0.7049.95 Mobile Safari/537.36 (compatible; Googlebot/2.1; +http://www.google.com/bot.html)"
66.249.73.129 - - [29/Apr/2025:11:51:07 -0400] "GET /?o=8294050545201&channel=c21f93&from=product.php%3Fid%3D505452-11851%26name%3DStig+Lindberg+%E3%82%B9%E3%83%86%E3%82%A3%E3%82%B0%E3%83%BB%E3%83%AA%E3%83%B3%E3%83%89%E3%83%99%E3%83%AA+%E4%BD%9C%E5%93%81%E9%9B%86+Gustavsberg+BERSA+%E5%8C%97%E6%AC%A7%E3%83%87%E3%82%B6%E3%82%A4%E3%83%B3+ARABIA+%E3%82%A2%E3%83%A9%E3%83%93%E3%82%A2+%E9%99%B6%E5%99%A8 HTTP/1.1" 200 55124 "-" "Mozilla/5.0 (Linux; Android 6.0.1; Nexus 5X Build/MMB29P) AppleWebKit/537.36 (KHTML, like Gecko) Chrome/135.0.7049.95 Mobile Safari/537.36 (compatible; Googlebot/2.1; +http://www.google.com/bot.html)"
66.249.73.128 - - [29/Apr/2025:11:51:23 -0400] "GET /?o=97408134073202&channel=eb0cc3&from=jp.php%3Fid%3D1340732-7710%26name%3D%E5%8F%A4%E7%8F%8D%E6%9C%A8+%E7%AD%86%E7%AB%8B+%E4%B8%AD%E5%9B%BD%E3%83%BB%E6%B8%85%E6%99%82%E4%BB%A3+%E7%B4%AB%E6%AA%80%E5%88%BB%E5%BF%83%E7%B5%8C%E7%AD%86%E7%AD%92+%E6%96%87%E6%88%BF%E7%BD%AE%E7%89%A9+%E6%9C%A8%E5%99%A8+%E5%8F%A4%E7%BE%8E%E8%A1%93+%E5%8F%A4%E8%B3%9E%E7%89%A9+%E5%94%90%E7%89%A9+%E6%99%82%E4%BB%A3%E7%89%A9+LT-0646 HTTP/1.1" 200 55651 "-" "Mozilla/5.0 (Linux; Android 6.0.1; Nexus 5X Build/MMB29P) AppleWebKit/537.36 (KHTML, like Gecko) Chrome/135.0.7049.95 Mobile Safari/537.36 (compatible; Googlebot/2.1; +http://www.google.com/bot.html)"
66.249.73.128 - - [29/Apr/2025:11:51:48 -0400] "GET /?o=1175136868008&channel=ad7e99&from=category-info.php%3Fid%3D368680-533%26name%3D%E3%82%B7%E3%83%A3%E3%83%84+WIDE+SPACED+COTTON+STRIPE+%E3%83%A1%E3%83%B3%E3%82%BA HTTP/1.1" 200 54705 "-" "Mozilla/5.0 (Linux; Android 6.0.1; Nexus 5X Build/MMB29P) AppleWebKit/537.36 (KHTML, like Gecko) Chrome/135.0.7049.95 Mobile Safari/537.36 (compatible; Googlebot/2.1; +http://www.google.com/bot.html)"
66.249.73.130 - - [29/Apr/2025:11:52:03 -0400] "GET /?o=87590174335504&channel=d01b2d&from=news.php%3Fid%3D1743355-12907%26name%3DLUMIACTY+%E3%82%B7%E3%82%B6%E3%83%BC%E3%82%B1%E3%83%BC%E3%82%B9+%E7%BE%8E%E5%AE%B9%E5%B8%AB+%E3%82%AF%E3%83%AD%E3%82%B3%E3%83%80%E3%82%A4%E3%83%AB+%E5%9E%8B%E6%8A%BC%E3%81%97+5%E4%B8%81+%E3%82%AA%E3%83%AA%E3%82%B8%E3%83%8A%E3%83%AB%E3%82%B3%E3%83%BC%E3%83%A0%26amp%3B%E3%83%98%E3%82%A2%E3%83%94%E3%83%B35%E8%89%B2%E4%BB%98%E3%83%88%E3%83%AA%E3%83%9E%E3%83%BC+%28%E3%83%91%E3%83%BC%E3%83%97%E3%83%AB%29 HTTP/1.1" 200 52885 "-" "Mozilla/5.0 (Linux; Android 6.0.1; Nexus 5X Build/MMB29P) AppleWebKit/537.36 (KHTML, like Gecko) Chrome/135.0.7049.95 Mobile Safari/537.36 (compatible; Googlebot/2.1; +http://www.google.com/bot.html)"
66.249.73.129 - - [29/Apr/2025:11:52:37 -0400] "GET /?o=12817113164201&channel=7d0d3c&from=shared.php%3Fid%3D1131642-23504%26name%3D%E3%83%9E%E3%82%A4%E3%83%96%E3%83%BC%E3%82%B9%E3%82%BF%E3%83%BC%E3%82%BA+%E3%82%B3%E3%83%A9%E3%83%BC%E3%82%B2%E3%83%B3+%E3%82%B7%E3%83%A3%E3%83%B3%E3%83%97%E3%83%BC+%E3%83%88%E3%83%AA%E3%83%BC%E3%83%88%E3%83%A1%E3%83%B3%E3%83%88+%E3%83%A2%E3%82%A4%E3%82%B9%E3%83%81%E3%83%A3%E3%83%BC%EF%BC%86%E3%82%B9%E3%82%AB%E3%83%AB%E3%83%97 HTTP/1.1" 200 54402 "-" "Mozilla/5.0 (Linux; Android 6.0.1; Nexus 5X Build/MMB29P) AppleWebKit/537.36 (KHTML, like Gecko) Chrome/135.0.7049.95 Mobile Safari/537.36 (compatible; Googlebot/2.1; +http://www.google.com/bot.html)"
66.249.73.128 - - [29/Apr/2025:11:52:51 -0400] "GET /?o=6191619100701&channel=28f304&from=article.php%3Fid%3D191007-10296%26name%3D%E3%83%AD%E3%83%BC%E3%82%BD%E3%83%B3%E3%81%8F%E3%81%98+%E3%83%AF%E3%83%B3%E8%B3%9E%E3%81%8B%E3%82%89%E3%81%82%E3%81%92%E3%81%8F%E3%82%93%E3%82%AF%E3%83%83%E3%82%B7%E3%83%A7%E3%83%B3+%E3%83%9C%E3%83%BC%E3%83%AB%E3%83%9A%E3%83%B3+%E3%82%AD%E3%83%BC%E3%83%9B%E3%83%AB%E3%83%80%E3%83%BC+%EF%BC%93%E7%82%B9%E3%82%BB%E3%83%83%E3%83%88 HTTP/1.1" 200 53902 "-" "Mozilla/5.0 (Linux; Android 6.0.1; Nexus 5X Build/MMB29P) AppleWebKit/537.36 (KHTML, like Gecko) Chrome/135.0.7049.95 Mobile Safari/537.36 (compatible; Googlebot/2.1; +http://www.google.com/bot.html)"
66.249.73.128 - - [29/Apr/2025:11:53:21 -0400] "GET /?o=6080025971810&channel=af37aa&from=goods.php%3Fid%3D259718-1094%26name%3D%E3%83%9A%E3%83%AB%E3%82%B1+perche+%2F+%E3%82%AC%E3%83%BC%E3%83%A1%E3%83%B3%E3%83%88%E3%83%AC%E3%82%B6%E3%83%BC%E3%83%BB%E3%83%A9%E3%83%B3%E3%83%89%E3%82%B9%E3%82%B1%E3%83%BC%E3%83%972way%E3%83%9F%E3%83%8B%E3%83%9C%E3%82%B9%E3%83%88%E3%83%B3 HTTP/1.1" 200 53789 "-" "Mozilla/5.0 (Linux; Android 6.0.1; Nexus 5X Build/MMB29P) AppleWebKit/537.36 (KHTML, like Gecko) Chrome/135.0.7049.95 Mobile Safari/537.36 (compatible; Googlebot/2.1; +http://www.google.com/bot.html)"
66.249.73.130 - - [29/Apr/2025:11:53:24 -0400] "GET /?o=68872180472407&channel=a0f1fe&from=shared.php%3Fid%3D1804724-17259%26name%3DPaul+Smith+%E3%83%96%E3%83%A9%E3%83%83%E3%82%AF+%E4%BA%8C%E3%81%A4%E6%8A%98%E3%82%8A%E8%B2%A1%E5%B8%83+%E3%83%9D%E3%83%BC%E3%83%AB%E3%82%B9%E3%83%9F%E3%82%B9 HTTP/1.1" 200 52349 "-" "Mozilla/5.0 (Linux; Android 6.0.1; Nexus 5X Build/MMB29P) AppleWebKit/537.36 (KHTML, like Gecko) Chrome/135.0.7049.95 Mobile Safari/537.36 (compatible; Googlebot/2.1; +http://www.google.com/bot.html)"
66.249.73.129 - - [29/Apr/2025:11:53:33 -0400] "GET /?o=9077585718204&channel=df31e7&from=jp.php%3Fid%3D857182-2919%26name%3D%E3%81%99%E3%81%8D%E3%81%BE%E3%81%8F%E3%82%93+%E6%96%B0+%E3%83%AF%E3%83%BC%E3%83%89%E3%83%AD%E3%83%BC%E3%83%96+3%E6%AE%B5%E3%83%81%E3%82%A7%E3%82%B9%E3%83%88+%E5%B9%8541-55%C3%97%E5%A5%A5%E8%A1%8C57cm%C3%97%E9%AB%98%E3%81%9584.2cm+3H_+%E6%B4%8B%E6%9C%8D%E5%8F%8E%E7%B4%8D+%E3%82%BB%E3%83%9F%E3%82%AA%E3%83%BC%E3%83%80%E3%83%BC+%E3%83%95%E3%82%B8%E3%82%A4+WSD+%E5%AE%8C%E6%88%90%E5%93%81+%E6%97%A5%E6%9C%AC%E8%A3%BD+%E5%9B%BD%E7%94%A3+%E6%96%B0%E7%94%9F%E6%B4%BB_ HTTP/1.1" 200 55385 "-" "Mozilla/5.0 (Linux; Android 6.0.1; Nexus 5X Build/MMB29P) AppleWebKit/537.36 (KHTML, like Gecko) Chrome/135.0.7049.95 Mobile Safari/537.36 (compatible; Googlebot/2.1; +http://www.google.com/bot.html)"
207.46.13.127 - - [29/Apr/2025:11:54:06 -0400] "GET /?o=7843077157803&channel=4b89da&from=jp.php%3Fid%3D771578-20654%26name%3D%E6%A4%8D%E7%89%A9%E3%81%AE%E6%AF%9B%E7%B4%B0%E8%A1%80%E7%AE%A1%E3%83%9E%E3%83%83%E3%83%88+-+%E4%BA%A4%E6%8F%9B%E7%94%A8%E6%AF%9B%E7%B4%B0%E8%A1%80%E7%AE%A1%E3%83%9E%E3%83%83%E3%83%88%7C+8%E3%83%94%E3%83%BC%E3%82%B9%E3%82%AC%E3%83%BC%E3%83%87%E3%83%B3%E3%82%AD%E3%83%A3%E3%83%94%E3%83%A9%E3%83%AA%E3%83%BC%E3%83%9E%E3%83%83%E3%83%86%E3%82%A3%E3%83%B3%E3%82%B0%E6%B8%A9%E5%AE%A4%E6%95%A3%E6%B0%B4%E3%83%9E%E3%83%83%E3%83%88%7C%E5%BA%AD%E5%B8%AB%E3%81%AE%E4%BE%9B%E7%B5%A6%E3%80%81%E3%82%AC%E3%83%BC%E3%83%87%E3%83%8B%E3%83%B3%E3%82%B0%E8%8A%9D HTTP/1.1" 200 0 "-" "Mozilla/5.0 AppleWebKit/537.36 (KHTML, like Gecko; compatible; bingbot/2.0; +http://www.bing.com/bingbot.htm) Chrome/116.0.1938.76 Safari/537.36"
66.249.73.128 - - [29/Apr/2025:11:54:10 -0400] "GET /?o=0240215318404&channel=6c6537&from=brands.php%3Fid%3D153184-9115%26name%3D%E3%83%92%E3%83%83%E3%83%81%E3%83%A1%E3%83%B3%E3%83%90%E3%83%BC%E7%94%A8+%E3%83%92%E3%83%83%E3%83%81%E3%82%B9%E3%83%86%E3%83%83%E3%83%97+%E6%B1%8E%E7%94%A8+%E3%83%AA%E3%82%A2+%E3%82%B9%E3%83%86%E3%83%83%E3%83%97+2%E3%82%A4%E3%83%B3%E3%83%81%E8%A7%92+%E5%9C%A8%E5%BA%AB%E6%9C%89+%E5%8D%B3%E7%B4%8D+%E6%96%B0%E5%93%81 HTTP/1.1" 200 54739 "-" "Mozilla/5.0 (Linux; Android 6.0.1; Nexus 5X Build/MMB29P) AppleWebKit/537.36 (KHTML, like Gecko) Chrome/135.0.7049.95 Mobile Safari/537.36 (compatible; Googlebot/2.1; +http://www.google.com/bot.html)"
66.249.73.129 - - [29/Apr/2025:11:54:19 -0400] "GET /?o=7307772137203&channel=c78a62&from=jp.php%3Fid%3D721372-2391%26name%3D%E8%B6%85%E9%AB%98%E5%B9%B4%E5%BC%8F%E2%9C%A8%E9%80%81%E6%96%99%E8%A8%AD%E7%BD%AE%E7%84%A1%E6%96%99%E2%9D%97%EF%B8%8F%E5%AE%B6%E9%9B%BB2%E7%82%B9%E3%82%BB%E3%83%83%E3%83%88+%E6%B4%97%E6%BF%AF%E6%A9%9F%E3%83%BB%E5%86%B7%E8%94%B5%E5%BA%AB+114 HTTP/1.1" 200 53666 "-" "Mozilla/5.0 (Linux; Android 6.0.1; Nexus 5X Build/MMB29P) AppleWebKit/537.36 (KHTML, like Gecko) Chrome/135.0.7049.95 Mobile Safari/537.36 (compatible; Googlebot/2.1; +http://www.google.com/bot.html)"
185.191.171.10 - - [29/Apr/2025:11:54:50 -0400] "GET /bocoran-togel-toto-macau-23-00-selasa-14-november-2023/ HTTP/1.1" 200 0 "-" "Mozilla/5.0 (compatible; SemrushBot/7~bl; +http://www.semrush.com/bot.html)"
66.249.73.128 - - [29/Apr/2025:11:54:53 -0400] "GET /?o=937609610208&channel=6189f5&from=goods.php%3Fid%3D96102-6835%26name%3DDELL+144hz+24%E3%82%A4%E3%83%B3%E3%83%81+%E3%83%87%E3%82%A3%E3%82%B9%E3%83%97%E3%83%AC%E3%82%A4%E3%83%A2%E3%83%8B%E3%82%BF%E3%83%BC+S2419HGF HTTP/1.1" 200 53022 "-" "Mozilla/5.0 (Linux; Android 6.0.1; Nexus 5X Build/MMB29P) AppleWebKit/537.36 (KHTML, like Gecko) Chrome/135.0.7049.95 Mobile Safari/537.36 (compatible; Googlebot/2.1; +http://www.google.com/bot.html)"
66.249.73.130 - - [29/Apr/2025:11:55:27 -0400] "GET /?o=8827998353605&channel=52a89b&from=product.php%3Fid%3D983536-9407%26name%3D%E7%B5%B1%E5%90%88%E3%81%95%E3%82%8C%E3%81%9F%E3%83%80%E3%83%BC%E3%83%84%E3%83%95%E3%83%A9%E3%82%A4%E3%83%88%E3%80%81%E3%83%80%E3%83%BC%E3%83%84%E3%82%B7%E3%83%A3%E3%83%95%E3%83%88%E3%80%81%E3%83%95%E3%83%A9%E3%82%A4%E3%83%88%E3%82%B3%E3%83%B3%E3%83%9C%2C2BA%E3%82%A4%E3%83%B3%E2%80%8B%E2%80%8B%E3%82%BF%E3%83%BC%E3%83%95%E3%82%A7%E3%82%A4%E3%82%B9%E3%83%80%E3%83%BC%E3%83%84%E3%83%95%E3%83%A9%E3%82%A4%E3%83%88%E3%81%A8%E3%82%B9%E3%83%86%E3%83%A0%E3%82%B3%E3%83%B3%E3%83%9C+-+%E3%82%BF%E3%83%BC%E3%82%B2%E3%83%83%E3%83%88%E3%82%A2%E3%82%AF HTTP/1.1" 200 53966 "-" "Mozilla/5.0 (Linux; Android 6.0.1; Nexus 5X Build/MMB29P) AppleWebKit/537.36 (KHTML, like Gecko) Chrome/135.0.7049.95 Mobile Safari/537.36 (compatible; Googlebot/2.1; +http://www.google.com/bot.html)"
66.249.73.129 - - [29/Apr/2025:11:55:44 -0400] "GET /?o=7787845008202&channel=9dfa3b&from=blog.php%3Fid%3D450082-9007%26name%3D%E3%82%B9%E3%82%B9%E3%82%AD%E3%80%80%E3%83%AC%E3%83%83%E3%83%84%E3%80%80%E5%8E%9F%E4%BB%98%E3%80%80%E3%82%A8%E3%83%B3%E3%82%B8%E3%83%B31%E7%99%BA%E3%80%80%E3%83%90%E3%83%83%E3%83%86%E3%83%AA%E3%83%BC%E6%96%B0%E5%93%81%E4%BA%A4%E6%8F%9B%E6%B8%88%E3%81%BF%E3%80%80%E5%89%8D%E6%A9%8B%E5%B8%82%E4%B8%8A%E5%B0%8F%E5%87%BA%E7%94%BA%E3%80%804%E4%B8%87%E5%86%86%E3%82%88%E3%82%8A HTTP/1.1" 200 53182 "-" "Mozilla/5.0 (Linux; Android 6.0.1; Nexus 5X Build/MMB29P) AppleWebKit/537.36 (KHTML, like Gecko) Chrome/135.0.7049.95 Mobile Safari/537.36 (compatible; Googlebot/2.1; +http://www.google.com/bot.html)"
66.249.73.128 - - [29/Apr/2025:11:55:53 -0400] "GET /?o=16800140266101&channel=ec80d7&from=goods.php%3Fid%3D1402661-3736%26name%3DSIMPSON+NORIX+%E3%82%B7%E3%83%B3%E3%83%97%E3%82%BD%E3%83%B3%E3%83%8E%E3%83%AA%E3%83%83%E3%82%AF%E3%82%B9+%E3%83%9F%E3%83%A9%E3%83%BC%E3%82%B7%E3%83%BC%E3%83%AB%E3%83%89+%E5%85%B1%E9%80%9A+DIAMONDBACK+SUPER+BANDIT+13%28SB13%29+OUTLAW+RX10+RX12+BANDIT+BANDIT+Pro+%E3%83%98%E3%83%AB%E3%83%A1%E3%83%83%E3%83%88%E3%82%B7%E3%83%BC%E3%83%AB%E3%83%89++%E3%82%AB%E3%83%A9%E3%83%BC%EF%BC%9A%E3%82%AF%E3%83%AD%E3%83%BC%E3%83%A0%EF%BC%8F%E3%83%A9%E3%82%A4%E3%83%88%E3%82%B9%E3%83%A2%E3%83%BC%E3%82%AF%E3%83%99%E3%83%BC%E3%82%B9 HTTP/1.1" 200 54053 "-" "Mozilla/5.0 (Linux; Android 6.0.1; Nexus 5X Build/MMB29P) AppleWebKit/537.36 (KHTML, like Gecko) Chrome/135.0.7049.95 Mobile Safari/537.36 (compatible; Googlebot/2.1; +http://www.google.com/bot.html)"
52.167.144.182 - - [29/Apr/2025:11:55:56 -0400] "GET /?o=5079021757801&channel=8c86b0&from=blog.php%3Fid%3D217578-1020%26name%3D%E7%BE%8E%E5%93%81+%E3%83%91%E3%83%BC%E3%83%AB%E3%82%A4%E3%82%BA%E3%83%9F+%E3%82%B5%E3%82%A4%E3%82%AF%E3%83%AB+%E3%82%B8%E3%83%A3%E3%83%BC%E3%82%B8+%E3%82%B7%E3%83%A3%E3%83%84+%E5%BC%B1%E8%99%AB%E3%83%9A%E3%83%80%E3%83%AB+%E6%A0%83%E6%9C%A8+%E3%82%B9%E3%83%9D%E3%83%B3%E3%82%B5%E3%83%BC HTTP/1.1" 200 0 "-" "Mozilla/5.0 AppleWebKit/537.36 (KHTML, like Gecko; compatible; bingbot/2.0; +http://www.bing.com/bingbot.htm) Chrome/116.0.1938.76 Safari/537.36"
66.249.73.128 - - [29/Apr/2025:11:55:58 -0400] "GET /?o=2789258392103&channel=87da60&from=shop.php%3Fid%3D583921-18344%26name%3DEH-SA44 HTTP/1.1" 200 53124 "-" "Mozilla/5.0 (Linux; Android 6.0.1; Nexus 5X Build/MMB29P) AppleWebKit/537.36 (KHTML, like Gecko) Chrome/135.0.7049.95 Mobile Safari/537.36 (compatible; Googlebot/2.1; +http://www.google.com/bot.html)"
66.249.73.130 - - [29/Apr/2025:11:56:11 -0400] "GET /?o=77178181964202&channel=8562b8&from=category-info.php%3Fid%3D1819642-18420%26name%3DiPhone16+%E7%94%A8+%E3%82%B1%E3%83%BC%E3%82%B9+%E3%83%9F%E3%83%83%E3%83%95%E3%82%A3%E3%83%BC+%E8%8A%B1%E6%9F%84+%E3%82%B9%E3%83%9E%E3%83%9B%E3%82%B1%E3%83%BC%E3%82%B9+%E3%82%A2%E3%82%A4%E3%83%95%E3%82%A9%E3%83%B316+%E3%82%B1%E3%83%BC%E3%82%B9+%E3%81%82%E3%81%84%E3%81%B5%E3%81%89%E3%82%9316+%E4%BF%9D%E8%AD%B7%E3%82%AB%E3%83%90%E3%83%BC+TPU+%E6%90%BA%E5%B8%AF%E3%82%B1%E3%83%BC%E3%82%B9 HTTP/1.1" 200 54503 "-" "Mozilla/5.0 (Linux; Android 6.0.1; Nexus 5X Build/MMB29P) AppleWebKit/537.36 (KHTML, like Gecko) Chrome/135.0.7049.95 Mobile Safari/537.36 (compatible; Googlebot/2.1; +http://www.google.com/bot.html)"
52.167.144.182 - - [29/Apr/2025:11:56:16 -0400] "GET /?o=3458866874803&channel=126a35&from=jp.php%3Fid%3D668748-9007%26name%3D%E3%82%B9%E3%82%BA%E3%82%AD%E3%80%80%E3%82%A2%E3%83%89%E3%83%AC%E3%82%B9V125G%E3%80%80%E4%B8%AD%E5%8F%A4%E5%AE%9F%E5%8B%95%E7%BE%8E%E8%BB%8A%E3%80%80LED%E3%83%98%E3%83%83%E3%83%89%E3%83%A9%E3%82%A4%E3%83%88%E3%80%80%E3%82%BF%E3%82%A4%E3%83%A4%E5%BE%8C%E8%BC%AA%E6%96%B0%E5%93%81%E3%80%80%E9%A7%86%E5%8B%95%E7%B3%BB%E6%96%B0%E5%93%81%E4%BA%A4%E6%8F%9B%E6%B8%88%E3%81%BF%E3%80%80%E3%83%8A%E3%83%B3%E3%83%90%E3%83%BC%E7%99%BB%E9%8C%B2%E6%9B%B8%E9%A1%9E%E6%9C%89%E3%80%80%E3%82%AA%E3%82%A4%E3%83%AB%E4%BA%A4%E6%8F%9B%E6%B8%88%E3%81%BF HTTP/1.1" 200 0 "-" "Mozilla/5.0 AppleWebKit/537.36 (KHTML, like Gecko; compatible; bingbot/2.0; +http://www.bing.com/bingbot.htm) Chrome/116.0.1938.76 Safari/537.36"
66.249.73.128 - - [29/Apr/2025:11:56:29 -0400] "GET /?o=94059143725502&channel=316189&from=shop.php%3Fid%3D1437255-3051%26name%3D%E3%83%AB%E3%82%A4%E3%83%B4%E3%82%A3%E3%83%88%E3%83%B3+%E3%83%A2%E3%83%8E%E3%82%B0%E3%83%A9%E3%83%A0+%E3%83%9D%E3%83%AB%E3%83%88%E3%83%95%E3%82%A9%E3%82%A4%E3%83%A6+%E3%82%BE%E3%82%A8+M62933+%E8%B2%A1%E5%B8%83 HTTP/1.1" 200 54269 "-" "Mozilla/5.0 (Linux; Android 6.0.1; Nexus 5X Build/MMB29P) AppleWebKit/537.36 (KHTML, like Gecko) Chrome/135.0.7049.114 Mobile Safari/537.36 (compatible; Googlebot/2.1; +http://www.google.com/bot.html)"
66.249.73.128 - - [29/Apr/2025:11:56:43 -0400] "GET /?o=2079510311803&channel=5eccc3&from=jp.php%3Fid%3D103118-7169%26name%3D%E3%83%80%E3%82%A4%E3%82%A2%E3%83%8A%E3%80%80%E3%82%AD%E3%83%A9%E3%82%AD%E3%83%A9%E3%80%80%E3%82%B9%E3%83%AA%E3%83%83%E3%83%9D%E3%83%B3 HTTP/1.1" 200 53016 "-" "Mozilla/5.0 (Linux; Android 6.0.1; Nexus 5X Build/MMB29P) AppleWebKit/537.36 (KHTML, like Gecko) Chrome/135.0.7049.95 Mobile Safari/537.36 (compatible; Googlebot/2.1; +http://www.google.com/bot.html)"
66.249.73.128 - - [29/Apr/2025:11:56:56 -0400] "GET /?o=94181154282000&channel=844838&from=shared.php%3Fid%3D1542820-2083%26name%3D%E3%83%A0%E3%83%AB%E3%82%BD%E3%83%BC+%E3%82%AF%E3%83%AD+%E3%83%87%E3%83%A5+%E3%82%AF%E3%83%AD%E3%83%9E%E3%83%B3+%5B+2021+%5D%E3%82%B8%E3%82%A7%E3%83%8E+%E3%83%96%E3%83%BC%E3%83%A9%E3%83%B3%E3%82%B8%E3%82%A7%E3%83%BC%E3%83%AB+%28+%E7%99%BD%E3%83%AF%E3%82%A4%E3%83%B3+%29 HTTP/1.1" 200 54953 "-" "Mozilla/5.0 (Linux; Android 6.0.1; Nexus 5X Build/MMB29P) AppleWebKit/537.36 (KHTML, like Gecko) Chrome/135.0.7049.95 Mobile Safari/537.36 (compatible; Googlebot/2.1; +http://www.google.com/bot.html)"
66.249.73.128 - - [29/Apr/2025:11:57:34 -0400] "GET /?o=6414637677202&channel=26f18c&from=category-info.php%3Fid%3D376772-9427%26name%3D%E6%96%B0%E5%93%81%E6%9C%AA%E9%96%8B%E5%B0%81%E3%80%80%E3%82%B3%E3%83%BC%E3%83%AB%E3%83%9E%E3%83%B3+120th+%E3%82%A2%E3%83%8B%E3%83%90%E3%83%BC%E3%82%B5%E3%83%AA%E3%83%BC+%E3%83%A9%E3%83%B3%E3%82%BF%E3%83%B3 HTTP/1.1" 200 54489 "-" "Mozilla/5.0 (Linux; Android 6.0.1; Nexus 5X Build/MMB29P) AppleWebKit/537.36 (KHTML, like Gecko) Chrome/135.0.7049.95 Mobile Safari/537.36 (compatible; Googlebot/2.1; +http://www.google.com/bot.html)"
40.77.167.48 - - [29/Apr/2025:11:57:55 -0400] "GET /?o=4211032126712&channel=0dd650&from=form.php%3Fid%3D321267-11159%26name%3D%E2%AD%90%EF%B8%8E%E7%9B%B4%E6%8E%A5%E5%BC%95%E3%81%8D%E6%B8%A1%E3%81%97%E5%8F%AF%E8%83%BD%EF%BC%81%E2%98%85%E7%BE%8E%E5%93%81%E9%AB%98%E7%B4%9A%E5%A4%A7%E5%9E%8B%E9%A3%9F%E5%99%A8%E6%A3%9A%E3%82%AD%E3%83%83%E3%83%81%E3%83%B3%E3%83%9C%E3%83%BC%E3%83%89%E3%83%95%E3%83%AB%E3%82%B9%E3%83%A9%E3%82%A4%E3%83%89%E3%83%AC%E3%83%BC%E3%83%AB%E2%98%85%E3%83%8B%E3%83%88%E3%83%AA HTTP/1.1" 200 0 "-" "Mozilla/5.0 AppleWebKit/537.36 (KHTML, like Gecko; compatible; bingbot/2.0; +http://www.bing.com/bingbot.htm) Chrome/116.0.1938.76 Safari/537.36"
66.249.73.129 - - [29/Apr/2025:11:58:06 -0400] "GET /?o=79319148819700&channel=bc53a2&from=brands.php%3Fid%3D1488197-5251%26name%3Dsupreme+jacquard+logos+denim+overalls HTTP/1.1" 200 53387 "-" "Mozilla/5.0 (Linux; Android 6.0.1; Nexus 5X Build/MMB29P) AppleWebKit/537.36 (KHTML, like Gecko) Chrome/135.0.7049.95 Mobile Safari/537.36 (compatible; Googlebot/2.1; +http://www.google.com/bot.html)"
66.249.73.128 - - [29/Apr/2025:11:58:29 -0400] "GET /?o=9113917535202&channel=316189&from=form.php%3Fid%3D175352-3051%26name%3D%E3%80%90%E8%B6%85%E7%B6%BA%E9%BA%97%E3%80%91LOUIS+VUITTON+%E3%83%AB%E3%82%A4%E3%83%B4%E3%82%A3%E3%83%88%E3%83%B3+%E9%95%B7%E8%B2%A1%E5%B8%83+%E3%83%9E%E3%83%AB%E3%83%81%E3%82%AB%E3%83%A9%E3%83%BC HTTP/1.1" 200 54919 "-" "Mozilla/5.0 (Linux; Android 6.0.1; Nexus 5X Build/MMB29P) AppleWebKit/537.36 (KHTML, like Gecko) Chrome/135.0.7049.95 Mobile Safari/537.36 (compatible; Googlebot/2.1; +http://www.google.com/bot.html)"
40.77.167.48 - - [29/Apr/2025:11:58:53 -0400] "GET /?o=38515121068904&channel=6d2ac2&from=shop.php%3Fid%3D1210689-920%26name%3D%E3%80%90%E6%9C%80%E5%A4%A71000%E5%86%86OFF%E3%82%AF%E3%83%BC%E3%83%9D%E3%83%B3%E9%85%8D%E5%B8%83%E4%B8%AD%E3%80%91+Lugard+%E3%83%A9%E3%82%AC%E3%83%BC%E3%83%89+%E9%9D%92%E6%9C%A8%E9%9E%84+%E3%82%B8%E3%83%BC%E3%82%B9%E3%83%AA%E3%83%BC+%E8%B2%A1%E5%B8%83+%E3%83%9F%E3%83%8B%E8%B2%A1%E5%B8%83+%E4%BA%8C%E3%81%A4%E6%8A%98%E3%82%8A+%E3%83%A1%E3%83%B3%E3%82%BA+G3+WALLET+%E3%83%96%E3%83%A9%E3%83%83%E3%82%AF+%E3%83%8D%E3%82%A4%E3%83%93%E3%83%BC+%E3%83%96%E3%83%A9%E3%82%A6%E3%83%B3+%E9%BB%92+5208 HTTP/1.1" 200 0 "-" "Mozilla/5.0 AppleWebKit/537.36 (KHTML, like Gecko; compatible; bingbot/2.0; +http://www.bing.com/bingbot.htm) Chrome/116.0.1938.76 Safari/537.36"
66.249.73.129 - - [29/Apr/2025:11:59:29 -0400] "GET /?o=2373435258703&channel=48dd87&from=pin.php%3Fid%3D352587-13033%26name%3D%E3%83%8F%E3%83%B3%E3%82%BF%E3%83%BC%E3%80%80HUNTER%E3%80%80%E3%82%B7%E3%83%A7%E3%83%BC%E3%83%88%E3%80%80%E3%83%AC%E3%82%A4%E3%83%B3%E3%83%96%E3%83%BC%E3%83%84%E3%80%80%E9%BB%92%E3%80%80UK4+23.0%E3%80%80%E7%AE%B1%E4%BB%98%E3%81%8D HTTP/1.1" 200 54197 "-" "Mozilla/5.0 (Linux; Android 6.0.1; Nexus 5X Build/MMB29P) AppleWebKit/537.36 (KHTML, like Gecko) Chrome/135.0.7049.95 Mobile Safari/537.36 (compatible; Googlebot/2.1; +http://www.google.com/bot.html)"
206.189.38.147 - - [29/Apr/2025:11:59:38 -0400] "GET /wp-content/uploads/2023/10/Erek-Erek-33-150x150.jpg HTTP/1.1" 200 0 "-" "Mozilla/5.0 (Linux; Android 11; moto e20 Build/RONS31.267-94-14) AppleWebKit/537.36 (KHTML, like Gecko) Chrome/122.0.6261.64 Mobile Safari/537.36"
66.249.73.130 - - [29/Apr/2025:12:00:01 -0400] "GET /?o=4142973889101&channel=d555a2&from=blog.php%3Fid%3D738891-5263%26name%3D%E8%A3%81%E3%81%A1%E5%8F%B0+%E8%A3%81%E5%8F%B0+%E3%83%AD%E3%83%BC%E3%83%86%E3%83%BC%E3%83%96%E3%83%AB+%E5%B1%95%E7%A4%BA%E5%8F%B0+%E9%99%B3%E5%88%97%E5%8F%B0+%E8%A3%81%E3%81%A1%E6%9D%BF+%E3%83%AC%E3%83%88%E3%83%AD+%E3%82%A2%E3%83%B3%E3%83%86%E3%82%A3%E3%83%BC%E3%82%AF+%E6%95%B7%E6%9D%BF HTTP/1.1" 200 52712 "-" "Mozilla/5.0 (Linux; Android 6.0.1; Nexus 5X Build/MMB29P) AppleWebKit/537.36 (KHTML, like Gecko) Chrome/135.0.7049.95 Mobile Safari/537.36 (compatible; Googlebot/2.1; +http://www.google.com/bot.html)"
66.249.73.128 - - [29/Apr/2025:12:00:34 -0400] "GET /?o=28528187105201&channel=d715d7&from=info.php%3Fid%3D1871052-29480%26name%3D%E3%83%88%E3%83%A9%E3%83%99%E3%83%AA%E3%83%B3%E3%83%A2%E3%82%B9+%E3%81%8A%E3%81%97%E3%81%9F%E3%81%8F%E3%83%9E%E3%82%B0%E3%83%8D%E3%83%83%E3%83%88 HTTP/1.1" 200 52666 "-" "Mozilla/5.0 (Linux; Android 6.0.1; Nexus 5X Build/MMB29P) AppleWebKit/537.36 (KHTML, like Gecko) Chrome/135.0.7049.95 Mobile Safari/537.36 (compatible; Googlebot/2.1; +http://www.google.com/bot.html)"
66.249.73.128 - - [29/Apr/2025:12:01:07 -0400] "GET /?o=49462174478100&channel=a64d67&from=article.php%3Fid%3D1744781-28050%26name%3D%E3%83%98%E3%83%83%E3%83%89%E3%83%AC%E3%82%B9%E3%83%88%E7%94%A8%E3%81%AE%E3%82%AB%E3%83%BC%E3%82%B7%E3%83%BC%E3%83%88%E3%83%95%E3%83%83%E3%82%AF%E3%80%81%E3%82%AB%E3%83%BC%E3%82%B7%E3%83%BC%E3%83%88%E3%83%98%E3%83%83%E3%83%89%E3%83%AC%E3%82%B9%E3%83%88%E3%81%AE%E3%83%95%E3%83%83%E3%82%AF%2C4%E5%80%8D%E3%81%AE%E9%AB%98%E8%B2%A0%E8%8D%B7%E3%82%92%E8%B2%A0%E6%8B%85%E3%81%99%E3%82%8B%E5%A4%9A%E7%9B%AE%E7%9A%84%E8%BB%8A%E3%83%95%E3%83%83%E3%82%AF+-+%E5%AE%89%E5%AE%9A%E3%81%97%E3%81%9F%E3%82%B9%E3%83%88%E3%83%AC%E3%83%BC%E3%82%B8%E3%83%8F%E3%83%B3%E3%83%89 HTTP/1.1" 200 54292 "-" "Mozilla/5.0 (Linux; Android 6.0.1; Nexus 5X Build/MMB29P) AppleWebKit/537.36 (KHTML, like Gecko) Chrome/135.0.7049.95 Mobile Safari/537.36 (compatible; Googlebot/2.1; +http://www.google.com/bot.html)"
66.249.73.129 - - [29/Apr/2025:12:01:15 -0400] "GET /?o=18868113057505&channel=b12f91&from=brands.php%3Fid%3D1130575-1806%26name%3D%E3%83%89%E3%83%A9%E3%82%A4%E3%83%96%E3%83%AC%E3%82%B3%E3%83%BC%E3%83%80%E3%83%BC+%E9%A7%90%E8%BB%8A%E7%9B%A3%E8%A6%96%E5%AF%BE%E5%BF%9C+48 HTTP/1.1" 200 53323 "-" "Mozilla/5.0 (Linux; Android 6.0.1; Nexus 5X Build/MMB29P) AppleWebKit/537.36 (KHTML, like Gecko) Chrome/135.0.7049.95 Mobile Safari/537.36 (compatible; Googlebot/2.1; +http://www.google.com/bot.html)"
66.249.73.128 - - [29/Apr/2025:12:01:21 -0400] "GET /?o=0013157497814&channel=faadce&from=info.php%3Fid%3D574978-2098%26name%3D%E3%83%9D%E3%83%BC%E3%83%AB%E3%83%BB%E3%82%B9%E3%83%9F%E3%82%B9++%E3%82%B7%E3%83%A7%E3%83%AB%E3%83%80%E3%83%BC%E3%83%90%E3%83%83%E3%82%B0++%E3%83%9E%E3%83%AB%E3%83%81%E3%82%AB%E3%83%A9%E3%83%BC HTTP/1.1" 200 53161 "-" "Mozilla/5.0 (Linux; Android 6.0.1; Nexus 5X Build/MMB29P) AppleWebKit/537.36 (KHTML, like Gecko) Chrome/135.0.7049.95 Mobile Safari/537.36 (compatible; Googlebot/2.1; +http://www.google.com/bot.html)"
66.249.73.128 - - [29/Apr/2025:12:01:40 -0400] "GET /?o=41675195219803&channel=cbe2ce&from=pin.php%3Fid%3D1952198-30082%26name%3D%E7%8A%AC%E7%94%A8%E3%83%99%E3%83%83%E3%83%89%E3%82%AF%E3%83%AC%E3%83%BC%E3%83%88%E3%83%91%E3%83%83%E3%83%89+%E7%8A%AC%E7%94%A8%E3%83%99%E3%83%83%E3%83%89%E3%83%91%E3%83%83%E3%83%89+%E3%81%AC%E3%81%84%E3%81%90%E3%82%8B%E3%81%BF+%E9%98%B2%E6%B0%B4+%E5%BF%AB%E9%81%A9+%E6%B4%97%E3%81%88%E3%82%8B+%E6%BB%91%E3%82%8A%E6%AD%A2%E3%82%81%E5%BA%95+%28M%29 HTTP/1.1" 200 54454 "-" "Mozilla/5.0 (Linux; Android 6.0.1; Nexus 5X Build/MMB29P) AppleWebKit/537.36 (KHTML, like Gecko) Chrome/135.0.7049.95 Mobile Safari/537.36 (compatible; Googlebot/2.1; +http://www.google.com/bot.html)"
52.167.144.182 - - [29/Apr/2025:12:01:56 -0400] "GET /?o=65772157375001&channel=9c202a&from=form.php%3Fid%3D1573750-1015%26name%3DUES+%E3%82%A6%E3%82%A8%E3%82%B9+%E3%83%9D%E3%82%B1%E3%83%83%E3%83%88+%E3%82%AF%E3%83%AB%E3%83%BC%E3%83%8D%E3%83%83%E3%82%AF+%E3%82%B9%E3%82%A6%E3%82%A7%E3%83%83%E3%83%88+%E7%84%A1%E5%9C%B0+742451+%E3%80%902024-25%E5%B9%B4%E7%A7%8B%E5%86%AC%E6%96%B0%E4%BD%9C%E3%80%91 HTTP/1.1" 200 0 "-" "Mozilla/5.0 AppleWebKit/537.36 (KHTML, like Gecko; compatible; bingbot/2.0; +http://www.bing.com/bingbot.htm) Chrome/116.0.1938.76 Safari/537.36"
66.249.73.129 - - [29/Apr/2025:12:02:32 -0400] "GET /?o=9890129124202&channel=e97add&from=jp.php%3Fid%3D291242-5003%26name%3D%E6%96%B0%E5%93%81%E4%BB%95%E4%B8%8A%E3%81%92%E3%83%86%E3%82%A3%E3%83%95%E3%82%A1%E3%83%8B%E3%83%BC%E3%83%8F%E3%83%BC%E3%83%89%E3%82%A6%E3%82%A7%E3%82%A2%E3%82%B9%E3%83%A2%E3%83%BC%E3%83%AB+%E3%83%AA%E3%83%B3%E3%82%AF+%E3%83%96%E3%83%AC%E3%82%B9%E3%83%AC%E3%83%83%E3%83%88%E3%82%B9%E3%83%A2%E3%83%BC%E3%83%AB HTTP/1.1" 200 55459 "-" "Mozilla/5.0 (Linux; Android 6.0.1; Nexus 5X Build/MMB29P) AppleWebKit/537.36 (KHTML, like Gecko) Chrome/135.0.7049.95 Mobile Safari/537.36 (compatible; Googlebot/2.1; +http://www.google.com/bot.html)"
66.249.73.130 - - [29/Apr/2025:12:03:04 -0400] "GET /?o=21837135883400&channel=912525&from=brands.php%3Fid%3D1358834-2666%26name%3D%E3%82%AC%E3%83%A9%E3%82%B1%E3%83%BC9%E5%80%8B%E2%99%AA HTTP/1.1" 200 53748 "-" "Mozilla/5.0 (Linux; Android 6.0.1; Nexus 5X Build/MMB29P) AppleWebKit/537.36 (KHTML, like Gecko) Chrome/135.0.7049.95 Mobile Safari/537.36 (compatible; Googlebot/2.1; +http://www.google.com/bot.html)"
66.249.73.128 - - [29/Apr/2025:12:03:10 -0400] "GET /?o=6339344646505&channel=ec80d7&from=blog.php%3Fid%3D446465-3736%26name%3D%E3%80%90%E6%9C%80%E6%96%B0%E3%83%A2%E3%83%87%E3%83%AB%E5%AF%BE%E5%BF%9C%E3%80%91+%E3%83%8F%E3%83%B3%E3%82%BF%E3%83%BC%E3%82%AB%E3%83%96+%E3%83%90%E3%82%A4%E3%82%AF+%E3%83%9E%E3%83%95%E3%83%A9%E3%83%BC+CT125+8BJ-JA65+2BJ-JA55+2020%E5%B9%B4%E3%80%9C+%E3%82%A8%E3%83%B3%E3%83%97%E3%83%AC%E3%82%B9+Ti+%E3%83%81%E3%82%BF%E3%83%B3+%E3%82%A2%E3%83%83%E3%83%97%E3%82%BF%E3%82%A4%E3%83%97%E3%83%9E%E3%83%95%E3%83%A9%E3%83%BC+Realize+%E3%83%AA%E3%82%A2%E3%83%A9%E3%82%A4%E3%82%BA+%E3%83%9B%E3%83%B3%E3%83%80++%E3%82%AB%E3%82%B9%E3%82%BF%E3%83%A0+%E3%83%89%E3%83%A9%E3%82%A4%E3%82%AB%E3%83%BC%E3%83%9C%E3%83%B3%E8%A3%BD+%E3%83%92%E3%83%BC%E3%83%88%E3%82%AC%E3%83%BC%E3%83%89%E4%BB%98%E3%81%8D+CT125+HUNTER+Cub HTTP/1.1" 200 54890 "-" "Mozilla/5.0 (Linux; Android 6.0.1; Nexus 5X Build/MMB29P) AppleWebKit/537.36 (KHTML, like Gecko) Chrome/135.0.7049.95 Mobile Safari/537.36 (compatible; Googlebot/2.1; +http://www.google.com/bot.html)"
23.23.137.202 - - [29/Apr/2025:12:03:39 -0400] "GET /wp-includes__c454f3a/css/dist/customize-widgets/?ND HTTP/1.1" 200 884 "-" "Mozilla/5.0 AppleWebKit/537.36 (KHTML, like Gecko; compatible; Amazonbot/0.1; +https://developer.amazon.com/support/amazonbot) Chrome/119.0.6045.214 Safari/537.36"
157.55.39.204 - - [29/Apr/2025:12:03:40 -0400] "GET /?o=78706156723401&channel=da9416&from=news.php%3Fid%3D1567234-9524%26name%3D%E3%83%A1%E3%83%BC%E3%83%AB%E4%BE%BF%E7%99%BA%E9%80%81%E5%8F%AF%E3%80%80%E3%82%AB%E3%83%B3%E3%82%BF%E3%83%99%E3%83%AA%E3%83%BC%E3%80%80JAPAN%E3%80%80%E3%82%B8%E3%83%A3%E3%83%91%E3%83%B3%E3%83%AC%E3%83%97%E3%83%AA%E3%82%AB%E3%82%AA%E3%83%AB%E3%82%BF%E3%83%8D%E3%82%A4%E3%83%88%E3%82%B7%E3%83%A3%E3%83%84%E3%80%80RG33981-29%E3%80%80%E3%83%A9%E3%82%B0%E3%83%93%E3%83%BC%E3%82%A6%E3%82%A7%E3%82%A2%E3%80%80%E3%83%A9%E3%82%B0%E3%83%93%E3%83%BC%E6%97%A5%E6%9C%AC%E4%BB%A3%E8%A1%A8%E3%83%A6%E3%83%8B%E3%83%95%E3%82%A9%E3%83%BC%E3%83%A0 HTTP/1.1" 200 0 "-" "Mozilla/5.0 AppleWebKit/537.36 (KHTML, like Gecko; compatible; bingbot/2.0; +http://www.bing.com/bingbot.htm) Chrome/116.0.1938.76 Safari/537.36"
50.16.216.166 - - [29/Apr/2025:12:03:42 -0400] "GET /wp-includes__c454f3a/css/dist/block-library/?SA HTTP/1.1" 200 1946 "-" "Mozilla/5.0 AppleWebKit/537.36 (KHTML, like Gecko; compatible; Amazonbot/0.1; +https://developer.amazon.com/support/amazonbot) Chrome/119.0.6045.214 Safari/537.36"
66.249.73.128 - - [29/Apr/2025:12:03:44 -0400] "GET /?o=09128113278405&channel=82cfb2&from=category-info.php%3Fid%3D1132784-1457%26name%3D%E3%81%B5%E3%82%8B%E3%81%95%E3%81%A8%E7%B4%8D%E7%A8%8E+%E3%81%86%E3%81%A9%E3%82%93+%E5%AF%8C%E5%B1%B1%E7%9C%8C+%E5%AF%8C%E5%B1%B1%E5%B8%82+%E5%AF%8C%E5%B1%B1%E5%90%8D%E7%89%A9%E7%B3%B8%E5%BA%84%E5%86%B7%E5%87%8D%E3%82%82%E3%81%A4%E7%85%AE%E8%BE%BC%E3%81%BF%E3%81%86%E3%81%A9%E3%82%93+3%E9%A3%9F%E3%82%BB%E3%83%83%E3%83%88 HTTP/1.1" 200 55774 "-" "Mozilla/5.0 (Linux; Android 6.0.1; Nexus 5X Build/MMB29P) AppleWebKit/537.36 (KHTML, like Gecko) Chrome/135.0.7049.95 Mobile Safari/537.36 (compatible; Googlebot/2.1; +http://www.google.com/bot.html)"
44.212.106.171 - - [29/Apr/2025:12:03:46 -0400] "GET /wp-includes__c454f3a/SimplePie/library/SimplePie/Caption.php HTTP/1.1" 403 1242 "-" "Mozilla/5.0 AppleWebKit/537.36 (KHTML, like Gecko; compatible; Amazonbot/0.1; +https://developer.amazon.com/support/amazonbot) Chrome/119.0.6045.214 Safari/537.36"
52.54.249.218 - - [29/Apr/2025:12:03:51 -0400] "GET /wp-includes__c454f3a/sodium_compat/src/PHP52/?ND HTTP/1.1" 200 820 "-" "Mozilla/5.0 AppleWebKit/537.36 (KHTML, like Gecko; compatible; Amazonbot/0.1; +https://developer.amazon.com/support/amazonbot) Chrome/119.0.6045.214 Safari/537.36"
18.214.251.19 - - [29/Apr/2025:12:03:54 -0400] "GET /wp-includes__c454f3a/js/imgareaselect/?NA HTTP/1.1" 200 978 "-" "Mozilla/5.0 AppleWebKit/537.36 (KHTML, like Gecko; compatible; Amazonbot/0.1; +https://developer.amazon.com/support/amazonbot) Chrome/119.0.6045.214 Safari/537.36"
54.152.163.42 - - [29/Apr/2025:12:03:59 -0400] "GET /wp-includes__c454f3a/js/tinymce/langs/?MA HTTP/1.1" 200 806 "-" "Mozilla/5.0 AppleWebKit/537.36 (KHTML, like Gecko; compatible; Amazonbot/0.1; +https://developer.amazon.com/support/amazonbot) Chrome/119.0.6045.214 Safari/537.36"
35.173.38.202 - - [29/Apr/2025:12:04:03 -0400] "GET /wp-includes__c454f3a/SimplePie/src/Cache/?MA HTTP/1.1" 200 1422 "-" "Mozilla/5.0 AppleWebKit/537.36 (KHTML, like Gecko; compatible; Amazonbot/0.1; +https://developer.amazon.com/support/amazonbot) Chrome/119.0.6045.214 Safari/537.36"
