66.249.73.128 - - [29/Apr/2025:14:49:33 -0400] "GET /?o=80900151058800&channel=27c274&from=goods.php%3Fid%3D1510588-25989%26name%3D%E3%82%AA%E3%83%BC%E3%83%88%E3%83%90%E3%82%A4%E3%82%AF%E3%83%A9%E3%83%B3%E3%82%AF%E3%82%B1%E3%83%BC%E3%82%B9%E3%82%AB%E3%83%90%E3%83%BC%E3%83%97%E3%83%AD%E3%83%86%E3%82%AF%E3%82%BF%E3%83%BC+%E3%82%AA%E3%83%BC%E3%83%88%E3%83%90%E3%82%A4%E3%82%AF%E3%83%A9%E3%83%83%E3%83%81%E8%A3%9C%E5%8A%A9%E3%82%A8%E3%83%B3%E3%82%B8%E3%83%B3%E3%82%AB%E3%83%90%E3%83%BC%E3%82%AC%E3%83%BC%E3%83%89%E3%82%B9%E3%83%86%E3%83%BC%E3%82%BF%E3%82%AB%E3%83%90%E3%83%BC%E3%81%AB%E9%81%A9%E5%90%88%E3%83%88%E3%83%A9%E3%82%A4%E3%82%A2%E3%83%B3%E3%83%95%E3%83%88%E3%83%A9%E3%82%A4%E3%83%87%E3%83%B3%E3%83%88+%E5%88%A4%E3%82%8A HTTP/1.1" 200 54634 "-" "Mozilla/5.0 (Linux; Android 6.0.1; Nexus 5X Build/MMB29P) AppleWebKit/537.36 (KHTML, like Gecko) Chrome/135.0.7049.95 Mobile Safari/537.36 (compatible; Googlebot/2.1; +http://www.google.com/bot.html)"
66.249.73.128 - - [29/Apr/2025:14:49:34 -0400] "GET /?o=7777933411400&channel=360d73&from=goods.php%3Fid%3D334114-6587%26name%3DHDLA-OP2.0R+++%E3%82%A2%E3%82%A4%E3%83%BB%E3%82%AA%E3%83%BC%E3%83%BB%E3%83%87%E3%83%BC%E3%82%BF HTTP/1.1" 200 54143 "-" "Mozilla/5.0 (Linux; Android 6.0.1; Nexus 5X Build/MMB29P) AppleWebKit/537.36 (KHTML, like Gecko) Chrome/135.0.7049.95 Mobile Safari/537.36 (compatible; Googlebot/2.1; +http://www.google.com/bot.html)"
66.249.73.128 - - [29/Apr/2025:14:49:54 -0400] "GET /?o=3788734804000&channel=a66c83&from=pin.php%3Fid%3D348040-10085%26name%3D%E5%AE%A4%E5%86%85%E7%89%A9%E5%B9%B2%E3%81%97 HTTP/1.1" 200 53971 "-" "Mozilla/5.0 (Linux; Android 6.0.1; Nexus 5X Build/MMB29P) AppleWebKit/537.36 (KHTML, like Gecko) Chrome/135.0.7049.95 Mobile Safari/537.36 (compatible; Googlebot/2.1; +http://www.google.com/bot.html)"
18.97.9.175 - - [29/Apr/2025:14:50:01 -0400] "GET /tag/prediksi-togel-online/page/2/ HTTP/1.1" 200 0 "-" "CCBot/2.0 (https://commoncrawl.org/faq/)"
66.249.73.129 - - [29/Apr/2025:14:50:05 -0400] "GET /?o=29498163044801&channel=3fadb3&from=info.php%3Fid%3D1630448-1519%26name%3D%E7%B7%8A%E6%80%A5%EF%BC%81%E6%9C%AC%E6%97%A518%E6%99%82%E3%81%BE%E3%81%A7%EF%BC%81%EF%BC%88%E8%B2%B7%E5%8F%96%E5%BA%97%E6%8C%81%E3%81%A3%E3%81%A6%E3%81%84%E3%81%8F%E7%82%BA%EF%BC%89%E2%98%86%E7%BE%8E%E5%93%81%E2%98%86%E3%80%80%E3%82%A8%E3%82%A2%E3%83%90%E3%82%AE%E3%83%BC%E3%82%B3%E3%82%B3%E3%80%80%E3%83%96%E3%83%AC%E3%83%BC%E3%82%AD%E3%83%A2%E3%83%87%E3%83%AB%E3%80%80%E7%B4%94%E6%AD%A3%E3%83%AC%E3%82%A4%E3%83%B3%E3%82%AB%E3%83%90%E3%83%BC%E3%80%80%E3%83%9E%E3%83%83%E3%83%88%E4%BB%98 HTTP/1.1" 200 53733 "-" "Mozilla/5.0 (Linux; Android 6.0.1; Nexus 5X Build/MMB29P) AppleWebKit/537.36 (KHTML, like Gecko) Chrome/135.0.7049.95 Mobile Safari/537.36 (compatible; Googlebot/2.1; +http://www.google.com/bot.html)"
66.249.73.128 - - [29/Apr/2025:14:50:15 -0400] "GET /?o=82971164696013&channel=a5d36c&from=shop.php%3Fid%3D1646960-7248%26name%3D%E6%9C%A8%E8%A3%BD+%E5%AD%90%E4%BE%9B%E7%94%A8%E5%AD%A6%E7%BF%92%E6%A4%85%E5%AD%90+%E9%AB%98%E3%81%95%E8%AA%BF%E6%95%B4%E5%8F%AF%E8%83%BD%E3%80%80OKAMURA+%E3%83%87%E3%82%B9%E3%82%AF%E3%83%81%E3%82%A7%E3%82%A2%E3%80%80865scg HTTP/1.1" 200 54063 "-" "Mozilla/5.0 (Linux; Android 6.0.1; Nexus 5X Build/MMB29P) AppleWebKit/537.36 (KHTML, like Gecko) Chrome/135.0.7049.95 Mobile Safari/537.36 (compatible; Googlebot/2.1; +http://www.google.com/bot.html)"
66.249.73.128 - - [29/Apr/2025:14:50:23 -0400] "GET /?o=93495165423604&channel=74350b&from=shop.php%3Fid%3D1654236-26951%26name%3D%E3%82%B9%E3%83%AF%E3%83%B3%E3%82%BD%E3%83%B3+EPA+%26+%E5%9F%8B%E3%82%81%E8%BE%BC%E3%81%BE+DHA+%E3%83%AC%E3%83%A2%E3%83%B3%E9%A2%A8%E5%91%B3+%E3%82%BD%E3%83%95%E3%83%88%E3%82%B8%E3%82%A7%E3%83%AB+120%E7%B2%92%E3%80%80%E7%B4%844%E3%81%8B%E6%9C%88%E5%88%86 HTTP/1.1" 200 52353 "-" "Mozilla/5.0 (Linux; Android 6.0.1; Nexus 5X Build/MMB29P) AppleWebKit/537.36 (KHTML, like Gecko) Chrome/135.0.7049.95 Mobile Safari/537.36 (compatible; Googlebot/2.1; +http://www.google.com/bot.html)"
66.249.73.128 - - [29/Apr/2025:14:50:23 -0400] "GET /?o=9697965181407&channel=a0571d&from=goods.php%3Fid%3D651814-19113%26name%3DHOMSFOU+%E5%B0%8F%E4%BE%BF%E5%99%A8%E3%82%AB%E3%83%90%E3%83%BC+%E3%83%88%E3%82%A4%E3%83%AC%E3%82%B9%E3%82%AF%E3%83%AA%E3%83%BC%E3%83%B3+%E5%B0%8F%E4%BE%BF%E5%99%A8%E3%82%B9%E3%83%88%E3%83%AC%E3%83%BC%E3%83%8A%E3%83%BC+%E4%BE%BF%E5%99%A8%E3%82%B9%E3%82%AF%E3%83%AA%E3%83%BC%E3%83%B3%E6%B6%88%E8%87%AD%E5%89%A4+%E4%BE%BF%E5%99%A8%E3%83%91%E3%83%83%E3%83%89+%E7%94%B7%E6%80%A7%E7%94%A8%E3%83%88%E3%82%A4%E3%83%AC%E7%94%A8%E5%B0%8F%E4%BE%BF%E5%99%A8%E3%82%B9%E3%82%AF%E3%83%AA%E3%83%BC%E3%83%B3 HTTP/1.1" 200 54249 "-" "Mozilla/5.0 (Linux; Android 6.0.1; Nexus 5X Build/MMB29P) AppleWebKit/537.36 (KHTML, like Gecko) Chrome/135.0.7049.95 Mobile Safari/537.36 (compatible; Googlebot/2.1; +http://www.google.com/bot.html)"
18.97.9.175 - - [29/Apr/2025:14:50:35 -0400] "GET /bocoran-togel-toto-macau-16-00-jumat-5-januari-2024/ HTTP/1.1" 200 0 "-" "CCBot/2.0 (https://commoncrawl.org/faq/)"
66.249.73.128 - - [29/Apr/2025:14:50:41 -0400] "GET /?o=2021065682709&channel=b941d6&from=blog.php%3Fid%3D656827-3163%26name%3D%E3%83%B4%E3%82%A3%E3%83%B3%E3%83%86%E3%83%BC%E3%82%B8%E3%83%86%E3%82%A4%E3%82%B9%E3%83%88%E3%81%AE%E3%82%B3%E3%83%B3%E3%83%91%E3%82%AF%E3%83%88%E3%83%80%E3%82%A4%E3%83%8B%E3%83%B3%E3%82%B03%E7%82%B9%E3%82%BB%E3%83%83%E3%83%88+%EF%BC%88NA%EF%BC%89+%E3%83%8B%E3%83%88%E3%83%AA%E3%80%80%E3%83%A1%E3%83%BC%E3%82%AB%E3%83%BC%E7%9B%B4%E9%80%81%E3%83%BB%E9%80%81%E6%96%99%E7%84%A1%E6%96%99 HTTP/1.1" 200 54711 "-" "Mozilla/5.0 (Linux; Android 6.0.1; Nexus 5X Build/MMB29P) AppleWebKit/537.36 (KHTML, like Gecko) Chrome/135.0.7049.95 Mobile Safari/537.36 (compatible; Googlebot/2.1; +http://www.google.com/bot.html)"
66.249.73.128 - - [29/Apr/2025:14:50:44 -0400] "GET /?o=7801958593603&channel=ffb113&from=shop.php%3Fid%3D585936-1786%26name%3D%E3%83%A1%E3%82%B8%E3%83%A3%E3%83%BC%E3%82%AF%E3%83%A9%E3%83%95%E3%83%88+%E3%83%87%E3%82%A4%E3%82%BA+%E3%83%99%E3%82%A4%E3%83%88%E3%83%A2%E3%83%87%E3%83%AB+DYC-70X+%E9%87%A3%E7%AB%BF+%E9%80%81%E6%96%99%E7%84%A1%E6%96%99 HTTP/1.1" 200 54356 "-" "Mozilla/5.0 (Linux; Android 6.0.1; Nexus 5X Build/MMB29P) AppleWebKit/537.36 (KHTML, like Gecko) Chrome/135.0.7049.95 Mobile Safari/537.36 (compatible; Googlebot/2.1; +http://www.google.com/bot.html)"
66.249.73.128 - - [29/Apr/2025:14:50:51 -0400] "GET /?o=4205424335000&channel=4a5703&from=shop.php%3Fid%3D243350-432%26name%3D%E3%83%AA%E3%83%A5%E3%83%83%E3%82%AF+%E3%83%AC%E3%83%87%E3%82%A3%E3%83%BC%E3%82%B9++%E3%82%B9%E3%82%AF%E3%82%A8%E3%82%A2+%E3%82%A8%E3%83%B3%E3%83%9C%E3%82%B9+%E3%83%9D%E3%83%AA%E3%82%A8%E3%82%B9%E3%83%86%E3%83%AB%E7%B4%A0%E6%9D%90++%E3%83%90%E3%83%83%E3%82%AF%E3%83%91%E3%83%83%E3%82%AF+%E5%89%8D%E9%9D%A2%E3%83%9D%E3%82%B1%E3%83%83%E3%83%88+%E9%80%9A%E5%8B%A4+%E9%80%9A%E5%AD%A6+ubb-sp-0421+aroco%2F%E3%82%A2%E3%83%AD%E3%82%B3 HTTP/1.1" 200 54005 "-" "Mozilla/5.0 (Linux; Android 6.0.1; Nexus 5X Build/MMB29P) AppleWebKit/537.36 (KHTML, like Gecko) Chrome/135.0.7049.95 Mobile Safari/537.36 (compatible; Googlebot/2.1; +http://www.google.com/bot.html)"
66.249.73.129 - - [29/Apr/2025:14:51:06 -0400] "GET /?o=91484198257706&channel=d84781&from=jp.php%3Fid%3D1982577-26949%26name%3D%E9%80%81%E6%96%99%E7%84%A1%E6%96%99+%E8%96%AC%E3%82%B1%E3%83%BC%E3%82%B9+%E6%90%BA%E5%B8%AF+%E3%81%8B%E3%82%8F%E3%81%84%E3%81%84+%E6%8C%81%E3%81%A1%E9%81%8B%E3%81%B3+%E3%83%94%E3%83%AB%E3%82%B1%E3%83%BC%E3%82%B9+%E6%97%85%E8%A1%8C+%E9%A3%B2%E3%81%BF%E5%BF%98%E3%82%8C%E9%98%B2%E6%AD%A2+%E8%96%AC%E5%85%A5%E3%82%8C+%E9%98%B2%E6%B9%BF+%E9%98%B2%E6%B0%B4+%E6%8A%97%E8%8F%8C+%E3%83%9D%E3%83%BC%E3%82%BF%E3%83%96%E3%83%AB+%E3%81%8A%E8%96%AC+%E5%8F%8E%E7%B4%8D+%E5%B8%B8%E5%82%99%E8%96%AC+%E3%82%B5%E3%83%97%E3%83%AA%E3%83%A1%E3%83%B3%E3%83%88+%E9%8C%A0%E5%89%A4+%E4%BF%9D%E5%AD%98+%E7%AE%A1%E7%90%86+%E4%BF%9D%E7%AE%A1+%E4%BB%95%E5%88%87%E3%82%8A+%E5%B0%8F%E5%9E%8B+%E3%82%B3%E3%83%B3%E3%83%91%E3%82%AF+ENRp910 HTTP/1.1" 200 55236 "-" "Mozilla/5.0 (Linux; Android 6.0.1; Nexus 5X Build/MMB29P) AppleWebKit/537.36 (KHTML, like Gecko) Chrome/135.0.7049.95 Mobile Safari/537.36 (compatible; Googlebot/2.1; +http://www.google.com/bot.html)"
66.249.73.129 - - [29/Apr/2025:14:51:06 -0400] "GET /?o=5842975065705&channel=3e03c5&from=shop.php%3Fid%3D750657-3547%26name%3D%E5%88%A5%E3%80%85%E3%81%AE%E3%83%97%E3%83%AC%E3%83%BC%E3%83%88%E3%81%A8%E3%83%9C%E3%82%A6%E3%83%AB%E6%99%AF%E5%BE%B3%E9%8E%AE%E9%99%B6%E5%99%A8%E4%B8%AD%E8%8F%AF%E6%96%99%E7%90%86+%D0%BF%D0%BE%D1%81%D1%83%D0%B4%D0%B0+%E3%82%B9%E3%83%BC%E3%83%97%E3%83%9C%E3%82%A6%E3%83%AB%E3%82%B5%E3%83%A9%E3%83%80%E3%83%8C%E3%83%BC%E3%83%89%E3%83%AB%E3%83%9C%E3%82%A6%E3%83%AB%E3%83%97%E3%83%AC%E3%83%BC%E3%83%88%E9%A3%9F%E5%99%A8%E3%82%BB%E3%83%83%E3%83%88%E9%A3%9F%E5%99%A8-%E3%82%B9%E3%83%BC%E3%83%97%E3%83%9D%E3%83%83%E3%83%88+B+1 HTTP/1.1" 200 54839 "-" "Mozilla/5.0 (Linux; Android 6.0.1; Nexus 5X Build/MMB29P) AppleWebKit/537.36 (KHTML, like Gecko) Chrome/135.0.7049.95 Mobile Safari/537.36 (compatible; Googlebot/2.1; +http://www.google.com/bot.html)"
18.97.9.175 - - [29/Apr/2025:14:51:13 -0400] "GET /bocoran-togel-toto-macau-13-00-sabtu-16-desember-2023/ HTTP/1.1" 200 0 "-" "CCBot/2.0 (https://commoncrawl.org/faq/)"
66.249.73.129 - - [29/Apr/2025:14:51:23 -0400] "GET /?o=12689198058405&channel=5c53ba&from=product.php%3Fid%3D1980584-22978%26name%3DCarpNettore+2025+%E6%96%B0%E5%B9%B4%E3%81%AE%E5%90%8A%E3%82%8A%E9%A3%BE%E3%82%8A%E6%98%A5%E7%A5%AD%E3%82%8A%E7%94%A8%E3%83%9A%E3%83%B3%E3%83%80%E3%83%B3%E3%83%88%E3%82%AE%E3%83%95%E3%83%88%E3%82%B7%E3%83%BC%E3%83%B3%E8%A3%85%E9%A3%BE%2C+Style+A HTTP/1.1" 200 54007 "-" "Mozilla/5.0 (Linux; Android 6.0.1; Nexus 5X Build/MMB29P) AppleWebKit/537.36 (KHTML, like Gecko) Chrome/135.0.7049.95 Mobile Safari/537.36 (compatible; Googlebot/2.1; +http://www.google.com/bot.html)"
52.167.144.235 - - [29/Apr/2025:14:51:34 -0400] "GET /?o=52803155278001&channel=d7e2ea&from=brands.php%3Fid%3D1552780-9023%26name%3DID+098855%E3%80%80%E3%82%A8%E3%82%A2%E3%82%B3%E3%83%B3%E3%82%B3%E3%83%AD%E3%83%8A%E3%80%802.2K%E3%80%80%EF%BC%96%EF%BD%9E%EF%BC%98%E7%95%B3%E7%94%A8%E3%80%802016%E5%B9%B4%E8%A3%BD%E3%80%80%E5%86%B7%E6%88%BF%E5%B0%82%E7%94%A8%E3%80%80RC-2216R HTTP/1.1" 200 0 "-" "Mozilla/5.0 AppleWebKit/537.36 (KHTML, like Gecko; compatible; bingbot/2.0; +http://www.bing.com/bingbot.htm) Chrome/116.0.1938.76 Safari/537.36"
66.249.73.128 - - [29/Apr/2025:14:51:42 -0400] "GET /?o=4379043775505&channel=aae310&from=blog.php%3Fid%3D437755-16141%26name%3D%E6%95%A3%E5%BC%BE+%E3%83%AA%E3%83%AD%E3%83%BC%E3%83%89+12%E7%95%AA+%E3%82%BB%E3%83%83%E3%83%88 HTTP/1.1" 200 54234 "-" "Mozilla/5.0 (Linux; Android 6.0.1; Nexus 5X Build/MMB29P) AppleWebKit/537.36 (KHTML, like Gecko) Chrome/135.0.7049.95 Mobile Safari/537.36 (compatible; Googlebot/2.1; +http://www.google.com/bot.html)"
66.249.73.128 - - [29/Apr/2025:14:51:45 -0400] "GET /?o=99759144962800&channel=09edf1&from=blog.php%3Fid%3D1449628-10902%26name%3D%E7%A2%BA%E8%AA%8D%E3%80%80%E3%81%9F%E3%82%89%E3%82%8A%E3%82%93%E3%83%98%E3%82%A2%E3%83%AA%E3%83%9C%E3%83%B3+%E3%83%98%E3%82%A2%E3%82%B4%E3%83%A0%E3%80%80128%E3%80%80%E3%81%B5%E3%82%93%E3%82%8F%E3%82%8A%E3%80%80%E3%82%AD%E3%83%A9%E3%82%AD%E3%83%A9%E3%82%B9%E3%83%8E%E3%83%BC HTTP/1.1" 200 54379 "-" "Mozilla/5.0 (Linux; Android 6.0.1; Nexus 5X Build/MMB29P) AppleWebKit/537.36 (KHTML, like Gecko) Chrome/135.0.7049.95 Mobile Safari/537.36 (compatible; Googlebot/2.1; +http://www.google.com/bot.html)"
18.97.9.175 - - [29/Apr/2025:14:51:48 -0400] "GET /?o=12377190378400&channel=4a1515&from=article.php%3Fid%3D1903784-29735%26name%3D%E6%8A%98%E3%82%8A%E7%B4%99%E3%80%80%E3%81%93%E3%81%BE%E3%80%80%E3%82%B3%E3%83%9E%E3%80%8020%E5%80%8B%E3%82%BB%E3%83%83%E3%83%88%E3%80%80%E5%8D%92%E5%9C%92%E5%BC%8F%E3%80%80%E4%BC%9D%E6%89%BF%E9%81%8A%E3%81%B3%E3%80%80%E6%B4%BB%E5%8B%95%E3%80%80%E4%BF%9D%E8%82%B2%E5%9C%92%E3%80%80%E5%B9%BC%E7%A8%9A%E5%9C%92%E3%80%80%E5%92%8C%E6%9F%84%E2%91%A0 HTTP/1.1" 200 0 "-" "CCBot/2.0 (https://commoncrawl.org/faq/)"
52.167.144.145 - - [29/Apr/2025:14:52:02 -0400] "GET /?o=2381148116903&channel=baf69d&from=shop.php%3Fid%3D481169-1552%26name%3DBKd097I%40+80+%E5%86%85%E9%83%A8%E6%9C%AA%E9%96%8B%E5%B0%81%E5%90%AB+%E3%83%89%E3%83%A9%E3%82%B4%E3%83%B3%E3%83%9C%E3%83%BC%E3%83%ABZ+%E3%83%9D%E3%83%BC%E3%82%B8%E3%83%B3%E3%82%B0+%E3%83%95%E3%82%A3%E3%82%AE%E3%83%A5%E3%82%A2+3BOX%2830%E7%AE%B1%29+%E3%81%BE%E3%81%A8%E3%82%81+%E3%83%95%E3%83%AA%E3%83%BC%E3%82%B6%E7%B7%A81%2F2%2F%E3%82%B9%E3%83%9A%E3%82%B7%E3%83%A3%E3%83%AB+%E8%B6%85%E9%80%A0%E5%BD%A2+%E8%B6%85%E5%8F%AF%E5%8B%95+%E3%83%AC%E3%82%A2%E3%82%AB%E3%83%A9%E3%83%BC HTTP/1.1" 200 0 "-" "Mozilla/5.0 AppleWebKit/537.36 (KHTML, like Gecko; compatible; bingbot/2.0; +http://www.bing.com/bingbot.htm) Chrome/116.0.1938.76 Safari/537.36"
18.97.9.175 - - [29/Apr/2025:14:52:24 -0400] "GET /bocoran-togel-toto-macau-13-00-kamis-14-desember-2023/ HTTP/1.1" 200 0 "-" "CCBot/2.0 (https://commoncrawl.org/faq/)"
66.249.73.129 - - [29/Apr/2025:14:52:31 -0400] "GET /?o=44336163574404&channel=0e0b18&from=form.php%3Fid%3D1635744-14893%26name%3DAVN111M+%E5%AF%BE%E5%BF%9C+%E8%BB%8A%E4%B8%A1%E5%81%B420P%E3%82%AB%E3%83%97%E3%83%A9%E3%83%BC+%E2%86%92+%E3%82%B9%E3%83%86%E3%82%A2%E3%83%AA%E3%83%B3%E3%82%B0%E3%83%AA%E3%83%A2%E3%82%B3%E3%83%B3%E9%85%8D%E7%B7%9A+3%E6%9C%AC+%2B+%E3%83%90%E3%83%83%E3%82%AF%E3%82%AB%E3%83%A1%E3%83%A9%E7%94%A8%E7%AB%AF%E5%AD%90+%E5%8F%96%E3%82%8A%E5%87%BA%E3%81%97+%E3%83%8F%E3%83%BC%E3%83%8D%E3%82%B9+%E7%B4%94%E6%AD%A3%E3%83%90%E3%83%83 HTTP/1.1" 200 54998 "-" "Mozilla/5.0 (Linux; Android 6.0.1; Nexus 5X Build/MMB29P) AppleWebKit/537.36 (KHTML, like Gecko) Chrome/135.0.7049.95 Mobile Safari/537.36 (compatible; Googlebot/2.1; +http://www.google.com/bot.html)"
66.249.73.128 - - [29/Apr/2025:14:52:39 -0400] "GET /?o=5077244707205&channel=49ad48&from=news.php%3Fid%3D447072-4904%26name%3D%E6%B1%A0%E5%9D%8A+%E3%82%AC%E3%83%A9%E3%82%B9+%E9%BB%92%E5%9C%B0%E8%B5%A4%E7%AD%8B%E5%B7%BB%E3%81%8D%E8%8A%B1%E5%99%A8+%E5%93%81%EF%BC%93%E6%9C%88%E9%99%90%E5%AE%9A%E5%93%81%EF%BC%83%EF%BC%93 HTTP/1.1" 200 53858 "-" "Mozilla/5.0 (Linux; Android 6.0.1; Nexus 5X Build/MMB29P) AppleWebKit/537.36 (KHTML, like Gecko) Chrome/135.0.7049.95 Mobile Safari/537.36 (compatible; Googlebot/2.1; +http://www.google.com/bot.html)"
66.249.73.128 - - [29/Apr/2025:14:52:52 -0400] "GET /?o=88971185438900&channel=34c0c1&from=pin.php%3Fid%3D1854389-29375%26name%3DDA17W+%E3%82%A8%E3%83%96%E3%83%AA%E3%82%A4%E3%83%AF%E3%82%B4%E3%83%B3+%E9%81%8B%E8%BB%A2%E5%B8%AD%E3%83%BB%E5%8A%A9%E6%89%8B%E5%B8%AD+%E3%83%9F%E3%83%A9%E3%83%BC%E6%9C%89%E3%82%8A%E8%BB%8A+%E3%82%B5%E3%83%B3%E3%83%90%E3%82%A4%E3%82%B6%E3%83%BC%E3%82%AB%E3%83%90%E3%83%BC+%28%E3%82%AD%E3%83%AB%E3%83%86%E3%82%A3%E3%83%B3%E3%82%B0%E3%83%96%E3%83%A9%E3%83%83%E3%82%AF%29 HTTP/1.1" 200 55184 "-" "Mozilla/5.0 (Linux; Android 6.0.1; Nexus 5X Build/MMB29P) AppleWebKit/537.36 (KHTML, like Gecko) Chrome/135.0.7049.95 Mobile Safari/537.36 (compatible; Googlebot/2.1; +http://www.google.com/bot.html)"
18.97.9.175 - - [29/Apr/2025:14:52:56 -0400] "GET /tag/buku-mimpi-23/ HTTP/1.1" 200 0 "-" "CCBot/2.0 (https://commoncrawl.org/faq/)"
66.249.73.129 - - [29/Apr/2025:14:53:10 -0400] "GET /?o=8083351345205&channel=71b68b&from=brands.php%3Fid%3D513452-57%26name%3Dvlas+blomme+%E3%83%B4%E3%83%A9%E3%82%B9%E3%83%96%E3%83%A9%E3%83%A0+%E3%82%B5%E3%83%AB%E3%82%A8%E3%83%AB%E3%83%91%E3%83%B3%E3%83%84+%E3%82%B9%E3%82%AB%E3%83%BC%E3%83%88 HTTP/1.1" 200 54008 "-" "Mozilla/5.0 (Linux; Android 6.0.1; Nexus 5X Build/MMB29P) AppleWebKit/537.36 (KHTML, like Gecko) Chrome/135.0.7049.114 Mobile Safari/537.36 (compatible; Googlebot/2.1; +http://www.google.com/bot.html)"
66.249.73.128 - - [29/Apr/2025:14:53:11 -0400] "GET /?o=7409342775808&channel=9aa7c2&from=goods.php%3Fid%3D427758-8042%26name%3D6%E6%9C%AC%E7%B5%84+%E3%82%B9%E3%83%AA%E3%82%AF%E3%82%BD%E3%83%B3+SRIXON+ZXi5+%E3%82%A2%E3%82%A4%E3%82%A2%E3%83%B3+Diamana+ZXi+for+IRON+%E3%82%AB%E3%83%BC%E3%83%9C%E3%83%B3+%E3%83%80%E3%83%B3%E3%83%AD%E3%83%83%E3%83%97+%E3%83%9F%E3%83%A4%E3%82%B6%E3%82%AD+SRIXON+%E6%AD%A3%E8%A6%8F%E5%93%81 HTTP/1.1" 200 54120 "-" "Mozilla/5.0 (Linux; Android 6.0.1; Nexus 5X Build/MMB29P) AppleWebKit/537.36 (KHTML, like Gecko) Chrome/135.0.7049.95 Mobile Safari/537.36 (compatible; Googlebot/2.1; +http://www.google.com/bot.html)"
66.249.73.128 - - [29/Apr/2025:14:53:21 -0400] "GET /?o=0031586774003&channel=351b88&from=shared.php%3Fid%3D867740-6662%26name%3DLED%E6%89%93%E3%81%A1%E6%9B%BF%E3%81%88%E3%83%A1-%E3%82%BF-%E3%83%91%E3%83%8D%E3%83%AB HTTP/1.1" 200 54911 "-" "Mozilla/5.0 (Linux; Android 6.0.1; Nexus 5X Build/MMB29P) AppleWebKit/537.36 (KHTML, like Gecko) Chrome/135.0.7049.95 Mobile Safari/537.36 (compatible; Googlebot/2.1; +http://www.google.com/bot.html)"
18.97.9.175 - - [29/Apr/2025:14:53:27 -0400] "GET /tag/bocoran-togel-beijing/ HTTP/1.1" 200 0 "-" "CCBot/2.0 (https://commoncrawl.org/faq/)"
66.249.73.128 - - [29/Apr/2025:14:53:40 -0400] "GET /?o=0821031636407&channel=c0fca8&from=shop.php%3Fid%3D316364-13658%26name%3DKATO+10-1391+683%E7%B3%BB+%E4%B9%97%E6%8F%9B%E3%81%88+%E3%82%B5%E3%83%B3%E3%83%80%E3%83%BC%E3%83%90%E3%83%BC%E3%83%89%EF%BC%88%E3%83%AA%E3%83%8B%E3%83%A5%E3%83%BC%E3%82%A2%E3%83%AB%E8%BB%8A%EF%BC%896%E4%B8%A1%E5%9F%BA%E6%9C%AC%E3%82%BB%E3%83%83%E3%83%88 HTTP/1.1" 200 54421 "-" "Mozilla/5.0 (Linux; Android 6.0.1; Nexus 5X Build/MMB29P) AppleWebKit/537.36 (KHTML, like Gecko) Chrome/135.0.7049.95 Mobile Safari/537.36 (compatible; Googlebot/2.1; +http://www.google.com/bot.html)"
18.97.9.175 - - [29/Apr/2025:14:53:59 -0400] "GET /tag/data-keluaran-toto-macau-16-00-wib/page/2/ HTTP/1.1" 200 0 "-" "CCBot/2.0 (https://commoncrawl.org/faq/)"
18.97.9.175 - - [29/Apr/2025:14:54:31 -0400] "GET /tag/live-draw-toto-macau-22-00-wib/ HTTP/1.1" 200 0 "-" "CCBot/2.0 (https://commoncrawl.org/faq/)"
66.249.73.128 - - [29/Apr/2025:14:54:32 -0400] "GET /?o=20767450401&channel=2b11b1&from=news.php%3Fid%3D4504-988%26name%3DKUPAL+KA+BA+BOSS%E5%B0%82%E7%94%A8+%E3%83%9F%E3%83%8B%E5%9B%9B%E9%A7%86%E3%83%AD%E3%83%BC%E3%83%A9%E3%83%BC%E3%83%AC%E3%83%83%E3%83%898%E8%A2%8B%E3%80%81%E3%83%94%E3%83%B3%E3%82%AF1%E8%A2%8B HTTP/1.1" 200 53893 "-" "Mozilla/5.0 (Linux; Android 6.0.1; Nexus 5X Build/MMB29P) AppleWebKit/537.36 (KHTML, like Gecko) Chrome/135.0.7049.95 Mobile Safari/537.36 (compatible; Googlebot/2.1; +http://www.google.com/bot.html)"
44.212.131.50 - - [29/Apr/2025:14:54:44 -0400] "GET /wp-includes__c454f3a/sodium_compat/namespaced/Core/ChaCha20/ HTTP/1.1" 200 839 "-" "Mozilla/5.0 AppleWebKit/537.36 (KHTML, like Gecko; compatible; Amazonbot/0.1; +https://developer.amazon.com/support/amazonbot) Chrome/119.0.6045.214 Safari/537.36"
66.249.73.128 - - [29/Apr/2025:14:54:44 -0400] "GET /?o=6180053738901&channel=7e708a&from=brands.php%3Fid%3D537389-11812%26name%3DMibro+Watch+A2+%E3%82%B9%E3%83%9E%E3%83%BC%E3%83%88%E3%82%A6%E3%82%A9%E3%83%83%E3%83%81 HTTP/1.1" 200 53745 "-" "Mozilla/5.0 (Linux; Android 6.0.1; Nexus 5X Build/MMB29P) AppleWebKit/537.36 (KHTML, like Gecko) Chrome/135.0.7049.95 Mobile Safari/537.36 (compatible; Googlebot/2.1; +http://www.google.com/bot.html)"
3.218.103.254 - - [29/Apr/2025:14:54:48 -0400] "GET /wp-includes__c454f3a/SimplePie/src/HTTP/?SA HTTP/1.1" 200 809 "-" "Mozilla/5.0 AppleWebKit/537.36 (KHTML, like Gecko; compatible; Amazonbot/0.1; +https://developer.amazon.com/support/amazonbot) Chrome/119.0.6045.214 Safari/537.36"
100.28.133.214 - - [29/Apr/2025:14:54:51 -0400] "GET /wp-includes__c454f3a/Requests/src/Proxy.php HTTP/1.1" 403 1242 "-" "Mozilla/5.0 AppleWebKit/537.36 (KHTML, like Gecko; compatible; Amazonbot/0.1; +https://developer.amazon.com/support/amazonbot) Chrome/119.0.6045.214 Safari/537.36"
52.71.46.142 - - [29/Apr/2025:14:54:56 -0400] "GET /wp-includes__c454f3a/Requests/src/Hooks.php HTTP/1.1" 403 1242 "-" "Mozilla/5.0 AppleWebKit/537.36 (KHTML, like Gecko; compatible; Amazonbot/0.1; +https://developer.amazon.com/support/amazonbot) Chrome/119.0.6045.214 Safari/537.36"
66.249.73.128 - - [29/Apr/2025:14:54:57 -0400] "GET /?o=59692192434603&channel=9601b1&from=blog.php%3Fid%3D1924346-29852%26name%3D%E5%80%A4%E4%B8%8B%E3%81%92%E3%80%80NEC%E7%B4%94%E6%AD%A3%E5%93%81+%E3%83%91%E3%82%BD%E3%82%B3%E3%83%B3%E7%94%A8+AD+%E3%82%A2%E3%83%80%E3%83%97%E3%82%BF%E3%83%BC HTTP/1.1" 200 53304 "-" "Mozilla/5.0 (Linux; Android 6.0.1; Nexus 5X Build/MMB29P) AppleWebKit/537.36 (KHTML, like Gecko) Chrome/135.0.7049.95 Mobile Safari/537.36 (compatible; Googlebot/2.1; +http://www.google.com/bot.html)"
18.215.49.176 - - [29/Apr/2025:14:54:59 -0400] "GET /wp-includes__c454f3a/Requests/src/Cookie.php HTTP/1.1" 403 1242 "-" "Mozilla/5.0 AppleWebKit/537.36 (KHTML, like Gecko; compatible; Amazonbot/0.1; +https://developer.amazon.com/support/amazonbot) Chrome/119.0.6045.214 Safari/537.36"
66.249.73.129 - - [29/Apr/2025:14:55:02 -0400] "GET /?o=8829887571502&channel=c163c1&from=blog.php%3Fid%3D875715-5648%26name%3D%5B%E6%B3%95%E4%BA%BA%E9%99%90%E5%AE%9A%5D%5B%E5%8D%B3%E7%B4%8D%E5%9C%A8%E5%BA%AB%E6%9C%89%E3%82%8A%5D+XLG451KGNJ+LE9+%E3%83%91%E3%83%8A%E3%82%BD%E3%83%8B%E3%83%83%E3%82%AF%E7%9B%B4%E4%BB%98%E5%9E%8B+40%E5%BD%A2+%E9%9D%9E%E5%B8%B8%E7%94%A8+30%E5%88%86%E9%96%93++%E6%98%BC%E7%99%BD%E8%89%B2+%E9%9D%9E%E8%AA%BF%E5%85%89+%5B+XLG451KGNJLE9+%5D HTTP/1.1" 200 54155 "-" "Mozilla/5.0 (Linux; Android 6.0.1; Nexus 5X Build/MMB29P) AppleWebKit/537.36 (KHTML, like Gecko) Chrome/135.0.7049.95 Mobile Safari/537.36 (compatible; Googlebot/2.1; +http://www.google.com/bot.html)"
18.97.9.175 - - [29/Apr/2025:14:55:03 -0400] "GET /bocoran-togel-toto-macau-23-00-senin-15-januari-2024/ HTTP/1.1" 200 0 "-" "CCBot/2.0 (https://commoncrawl.org/faq/)"
52.204.71.8 - - [29/Apr/2025:14:55:05 -0400] "GET /wp-includes__c454f3a/js/thickbox/?MD HTTP/1.1" 200 985 "-" "Mozilla/5.0 AppleWebKit/537.36 (KHTML, like Gecko; compatible; Amazonbot/0.1; +https://developer.amazon.com/support/amazonbot) Chrome/119.0.6045.214 Safari/537.36"
66.249.73.128 - - [29/Apr/2025:14:55:07 -0400] "GET /?o=6986747397605&channel=723201&from=goods.php%3Fid%3D473976-9872%26name%3D%E9%A1%8D%E7%B8%81%E3%80%80%E6%B2%B9%E7%B5%B5%2F%E6%B2%B9%E5%BD%A9%E9%A1%8D%E7%B8%81+%E5%87%BA%E5%B1%95%E7%94%A8%E6%9C%A8%E8%A3%BD%E4%BB%AE%E7%B8%81+3485+F120%E5%8F%B7+P120%E5%8F%B7+M120%E5%8F%B7+%E3%83%80%E3%83%BC%E3%82%AF%E3%83%96%E3%83%A9%E3%82%A6%E3%83%B3 HTTP/1.1" 200 54635 "-" "Mozilla/5.0 (Linux; Android 6.0.1; Nexus 5X Build/MMB29P) AppleWebKit/537.36 (KHTML, like Gecko) Chrome/135.0.7049.95 Mobile Safari/537.36 (compatible; Googlebot/2.1; +http://www.google.com/bot.html)"
66.249.73.128 - - [29/Apr/2025:14:55:11 -0400] "GET /?o=1163897788603&channel=85e398&from=shop.php%3Fid%3D977886-21323%26name%3D%E7%84%A1%E5%9C%B0%E3%82%B0%E3%83%AC%E3%83%BCT%E3%82%B7%E3%83%A3%E3%83%84+4L+%E3%83%A1%E3%83%B3%E3%82%BA+T%E3%82%B7%E3%83%A3%E3%83%84+%E3%83%80%E3%82%B9+%E3%83%8F%E3%83%BC%E3%83%95%E3%83%91%E3%83%B3%E3%83%84+%E5%8D%8A%E8%A2%96+%E8%A2%96%E9%95%B7%E3%82%81+%E3%83%90%E3%82%B9%E3%83%AD%E3%83%BC%E3%83%96+%E7%B6%BF100+%E3%83%99%E3%83%B3%E3%83%81%E3%82%B3%E3%83%BC%E3%83%88+%E3%83%A1%E3%83%B3%E3%82%BA+%E5%A4%A7%E3%81%8D%E3%81%84%E3%82%B5%E3%82%A4 HTTP/1.1" 200 53697 "-" "Mozilla/5.0 (Linux; Android 6.0.1; Nexus 5X Build/MMB29P) AppleWebKit/537.36 (KHTML, like Gecko) Chrome/135.0.7049.114 Mobile Safari/537.36 (compatible; Googlebot/2.1; +http://www.google.com/bot.html)"
66.249.73.128 - - [29/Apr/2025:14:55:30 -0400] "GET /?o=67775176472700&channel=fbda6d&from=shop.php%3Fid%3D1764727-22064%26name%3D%E3%81%B4%E3%81%A1%E3%82%87%E3%82%93%E3%81%8F%E3%82%93%E3%80%80%E3%83%8F%E3%83%B3%E3%83%89%E3%82%BF%E3%82%AA%E3%83%AB%E3%80%80%E3%83%8F%E3%83%B3%E3%82%AB%E3%83%81 HTTP/1.1" 200 53812 "-" "Mozilla/5.0 (Linux; Android 6.0.1; Nexus 5X Build/MMB29P) AppleWebKit/537.36 (KHTML, like Gecko) Chrome/135.0.7049.95 Mobile Safari/537.36 (compatible; Googlebot/2.1; +http://www.google.com/bot.html)"
18.97.9.175 - - [29/Apr/2025:14:55:36 -0400] "GET /bocoran-togel-jitu-hk-minggu-22-oktober-2023/ HTTP/1.1" 200 0 "-" "CCBot/2.0 (https://commoncrawl.org/faq/)"
66.249.73.128 - - [29/Apr/2025:14:55:48 -0400] "GET /?o=82099168810000&channel=a72ed1&from=blog.php%3Fid%3D1688100-14113%26name%3D%E7%B2%97%E3%81%84%E6%AD%AF%E3%83%80%E3%83%96%E3%83%AB%E3%82%AA%E3%83%BC%E3%83%97%E3%83%B3%E3%83%80%E3%83%96%E3%83%AB%E3%82%B8%E3%83%83%E3%83%91%E3%83%BC%E3%82%B9%E3%83%AA%E3%83%BC%E3%83%94%E3%83%B3%E3%82%B0%E3%83%90%E3%83%83%E3%82%B0%E3%83%86%E3%83%B3%E3%83%88%E3%83%80%E3%82%A6%E3%83%B3%E3%82%B8%E3%83%A3%E3%82%B1%E3%83%83%E3%83%88%E3%82%B8%E3%83%83%E3%83%91%E3%83%BC%E3%83%96%E3%83%A9%E3%83%83%E3%82%AF%E3%83%9B%E3%83%AF%E3%82%A4%E3%83%881pcs+%2F+5pcs+AQ017 HTTP/1.1" 200 55133 "-" "Mozilla/5.0 (Linux; Android 6.0.1; Nexus 5X Build/MMB29P) AppleWebKit/537.36 (KHTML, like Gecko) Chrome/135.0.7049.95 Mobile Safari/537.36 (compatible; Googlebot/2.1; +http://www.google.com/bot.html)"
18.97.9.175 - - [29/Apr/2025:14:56:06 -0400] "GET /bocoran-togel-toto-macau-16-00-selasa-28-november-2023/ HTTP/1.1" 200 0 "-" "CCBot/2.0 (https://commoncrawl.org/faq/)"
66.249.73.129 - - [29/Apr/2025:14:56:11 -0400] "GET /?o=0270153891302&channel=beaed3&from=product.php%3Fid%3D538913-17566%26name%3D%E3%82%A2%E3%83%AD%E3%83%9E%E3%83%9D%E3%83%83%E3%83%88+%E3%82%A2%E3%83%AD%E3%83%9E%E3%83%90%E3%83%BC%E3%83%8A%E3%83%BC+%E8%8C%B6%E9%A6%99%E7%82%89+%E3%83%96%E3%83%A9%E3%83%83%E3%82%AF+%E9%99%B6%E5%99%A8+%E3%82%AD%E3%83%A3%E3%83%B3%E3%83%89%E3%83%AB+%E3%82%A2%E3%83%AD%E3%83%9E%E3%83%A9%E3%83%B3%E3%83%97 HTTP/1.1" 200 54808 "-" "Mozilla/5.0 (Linux; Android 6.0.1; Nexus 5X Build/MMB29P) AppleWebKit/537.36 (KHTML, like Gecko) Chrome/135.0.7049.95 Mobile Safari/537.36 (compatible; Googlebot/2.1; +http://www.google.com/bot.html)"
66.249.73.128 - - [29/Apr/2025:14:56:19 -0400] "GET /?o=84069169660304&channel=807c4c&from=shop.php%3Fid%3D1696603-23379%26name%3DFarigrut+%E6%8A%98%E3%82%8A%E7%95%B3%E3%81%BF%E7%AE%B8+%E6%9C%A8%E8%A3%BD+%E6%90%BA%E5%B8%AF%E7%AE%B8+%E3%82%AD%E3%83%A3%E3%83%AA%E3%83%BC%E3%83%90%E3%83%83%E3%82%B0%E4%BB%98%E3%81%8D+%E6%97%85%E8%A1%8C%E3%82%AB%E3%83%88%E3%83%A9%E3%83%AA%E3%83%BC+%E3%82%A2%E3%82%A6%E3%83%88%E3%83%89%E3%82%A2+%E3%82%AD%E3%83%A3%E3%83%B3%E3%83%97+%E3%83%8F%E3%82%A4%E3%82%AD%E3%83%B3%E3%82%B0%E7%94%A8%EF%BC%882%E5%80%8B%EF%BC%89+%28%E3%82%AB%E3%83%BC%E3%82%AD HTTP/1.1" 200 54451 "-" "Mozilla/5.0 (Linux; Android 6.0.1; Nexus 5X Build/MMB29P) AppleWebKit/537.36 (KHTML, like Gecko) Chrome/135.0.7049.95 Mobile Safari/537.36 (compatible; Googlebot/2.1; +http://www.google.com/bot.html)"
66.249.73.128 - - [29/Apr/2025:14:56:20 -0400] "GET /?o=57210182839704&channel=96ec94&from=shop.php%3Fid%3D1828397-20591%26name%3D%5BFateMaster%5D+%E3%83%A1%E3%83%B3%E3%82%BA+%E9%81%8E%E6%BF%80%E4%B8%8B%E7%9D%80+%E3%82%BB%E3%82%AF%E3%82%B7%E3%83%BC%E4%B8%8B%E7%9D%80+%E7%AB%BF%E5%87%BA%E3%81%97+%E8%B1%A1%E3%81%95%E3%82%93+%E3%82%B7%E3%83%BC%E3%83%A0%E3%83%AC%E3%82%B9+%E7%AB%8B%E4%BD%93%E6%88%90%E5%9E%8B+%E5%89%8D%E9%96%89%E3%81%98+%E3%83%9C%E3%82%AF%E3%82%B5%E3%83%BC%E3%83%91%E3%83%B3%E3%83%84+%E7%B6%BF%E8%A3%BD+%E5%BF%AB%E9%81%A9 HTTP/1.1" 200 55152 "-" "Mozilla/5.0 (Linux; Android 6.0.1; Nexus 5X Build/MMB29P) AppleWebKit/537.36 (KHTML, like Gecko) Chrome/135.0.7049.95 Mobile Safari/537.36 (compatible; Googlebot/2.1; +http://www.google.com/bot.html)"
66.249.73.129 - - [29/Apr/2025:14:56:21 -0400] "GET /?o=9445278668210&channel=8212d3&from=form.php%3Fid%3D786682-6382%26name%3D%E3%83%99%E3%83%AA%E3%83%BC%E3%83%A9%E3%82%A4%E3%83%88%E5%8F%AF%E5%8B%95%E5%BC%8F%E7%85%A7%E6%98%8E%E3%80%80%E3%82%B9%E3%82%A4%E3%83%B3%E3%82%B0%E7%85%A7%E6%98%8E%E3%80%80%E3%82%A2%E3%83%B3%E3%83%86%E3%82%A3%E3%83%BC%E3%82%AF%E5%8F%AF%E5%8B%95%E5%BC%8F%E3%83%A9%E3%82%A4%E3%83%88%E3%80%80%E3%82%A4%E3%83%B3%E3%83%80%E3%82%B9%E3%83%88%E3%83%AA%E3%82%A2%E3%83%AB HTTP/1.1" 200 52850 "-" "Mozilla/5.0 (Linux; Android 6.0.1; Nexus 5X Build/MMB29P) AppleWebKit/537.36 (KHTML, like Gecko) Chrome/135.0.7049.95 Mobile Safari/537.36 (compatible; Googlebot/2.1; +http://www.google.com/bot.html)"
66.249.73.128 - - [29/Apr/2025:14:56:33 -0400] "GET /?o=02830116307201&channel=d84ad3&from=info.php%3Fid%3D1163072-1787%26name%3D%E3%82%AD%E3%83%A3%E3%83%83%E3%83%88%E3%82%A2%E3%82%A4+CAT+EYE+PADRONE+SMART+%28CC-PA500B%29+%E3%83%91%E3%83%89%E3%83%AD%E3%83%BC%E3%83%8D%E3%82%B9%E3%83%9E%E3%83%BC%E3%83%88 HTTP/1.1" 200 54031 "-" "Mozilla/5.0 (Linux; Android 6.0.1; Nexus 5X Build/MMB29P) AppleWebKit/537.36 (KHTML, like Gecko) Chrome/135.0.7049.114 Mobile Safari/537.36 (compatible; Googlebot/2.1; +http://www.google.com/bot.html)"
18.97.9.175 - - [29/Apr/2025:14:56:40 -0400] "GET /tag/jackpot-togel-toto-macau-16-00/ HTTP/1.1" 200 0 "-" "CCBot/2.0 (https://commoncrawl.org/faq/)"
52.167.144.145 - - [29/Apr/2025:14:56:43 -0400] "GET /wp-includes__c454f3a/Text/Diff/Engine/?NA HTTP/1.1" 200 725 "-" "Mozilla/5.0 AppleWebKit/537.36 (KHTML, like Gecko; compatible; bingbot/2.0; +http://www.bing.com/bingbot.htm) Chrome/116.0.1938.76 Safari/537.36"
66.249.73.128 - - [29/Apr/2025:14:56:48 -0400] "GET /?o=25005121900706&channel=d71bc0&from=shop.php%3Fid%3D1219007-9613%26name%3D%E5%86%86%E6%B1%A0%E8%8C%82%E3%80%81%E3%80%90%E6%9C%9D%E3%81%AE%E3%83%8E%E3%83%AB%E3%83%B4%E3%82%A1%E3%83%B3%E8%A1%97%E3%83%BBHommage+a+UTRILLO%E3%80%91%E3%80%81%E5%B8%8C%E5%B0%91%E3%81%AA%E9%A1%8D%E8%A3%85%E7%94%A8%E7%94%BB%E9%9B%86%E3%82%88%E3%82%8A%E3%80%81%E6%96%B0%E5%93%81%E9%A1%8D%E8%A3%85%E4%BB%98%E3%80%81%E7%8A%B6%E6%85%8B%E8%89%AF%E5%A5%BD%E3%80%81%E9%80%81%E6%96%99%E8%BE%BC%E3%81%BF HTTP/1.1" 200 54089 "-" "Mozilla/5.0 (Linux; Android 6.0.1; Nexus 5X Build/MMB29P) AppleWebKit/537.36 (KHTML, like Gecko) Chrome/135.0.7049.95 Mobile Safari/537.36 (compatible; Googlebot/2.1; +http://www.google.com/bot.html)"
18.97.9.175 - - [29/Apr/2025:14:57:12 -0400] "GET /erek-erek-65-di-buku-mimpi-bergambar-lengkap/ HTTP/1.1" 200 0 "-" "CCBot/2.0 (https://commoncrawl.org/faq/)"
66.249.73.130 - - [29/Apr/2025:14:57:24 -0400] "GET /?o=2100848949600&channel=160e3f&from=news.php%3Fid%3D489496-17033%26name%3DROMANCE+%E6%95%B7%E3%81%8D%E3%83%91%E3%83%83%E3%83%89S+%26%E8%A5%BF%E5%B7%9D%E3%81%AE%E6%AF%9B%E5%B8%83 HTTP/1.1" 200 52492 "-" "Mozilla/5.0 (Linux; Android 6.0.1; Nexus 5X Build/MMB29P) AppleWebKit/537.36 (KHTML, like Gecko) Chrome/135.0.7049.95 Mobile Safari/537.36 (compatible; Googlebot/2.1; +http://www.google.com/bot.html)"
18.97.9.175 - - [29/Apr/2025:14:57:47 -0400] "GET /tag/angka-main-46/ HTTP/1.1" 200 0 "-" "CCBot/2.0 (https://commoncrawl.org/faq/)"
66.249.73.128 - - [29/Apr/2025:14:57:59 -0400] "GET /?o=8712533057006&channel=86ab4d&from=article.php%3Fid%3D330570-908%26name%3D%E3%80%9040%25OFF%E3%82%AF%E3%83%BC%E3%83%9D%E3%83%B3%21%E3%80%91%E3%83%9C%E3%82%A2+%E3%82%B8%E3%83%A3%E3%82%B1%E3%83%83%E3%83%88+%E3%83%A0%E3%83%BC%E3%83%88%E3%83%B3%E9%A2%A8+%E3%82%A6%E3%83%BC%E3%83%AB+%E3%82%A8%E3%82%B3+%E3%83%AC%E3%83%87%E3%82%A3%E3%83%BC%E3%82%B9+%E3%83%95%E3%82%A7%E3%82%A4%E3%82%AF%E3%83%A0%E3%83%BC%E3%83%88%E3%83%B3+%E7%BE%8A%E6%AF%9B+%E3%82%A6%E3%83%BC%E3%83%AB%E3%82%B8%E3%83%A3%E3%82%B1%E3%83%83%E3%83%88+%E3%83%96%E3%83%AB%E3%82%BE%E3%83%B3+%E3%82%B9%E3%82%BF%E3%83%B3%E3%83%89%E3%82%AB%E3%83%A9%E3%83%BC+%E3%82%86%E3%81%A3%E3%81%9F%E3%82%8A+%E5%A4%A7%E3%81%8D%E3%82%81+%E5%A4%A7%E3%81%8D%E3%81%84%E3%82%B5%E3%82%A4%E3%82%BA+%E3%82%A2%E3%82%A6%E3%82%BF%E3%83%BC+%E3%82%A6%E3%83%BC%E3%83%AB%E3%83%A0%E3%83%BC%E3%83%88%E3%83%B3++%E3%82%AF%E3%83%AA%E3%82%B9%E3%83%9E%E3%82%B9+%E3%82%AE%E3%83%95%E3%83%88+%E3%83%97%E3%83%AC%E3%82%BC%E3%83%B3%E3%83%88+7F+%2801000893r%29 HTTP/1.1" 200 54312 "-" "Mozilla/5.0 (Linux; Android 6.0.1; Nexus 5X Build/MMB29P) AppleWebKit/537.36 (KHTML, like Gecko) Chrome/135.0.7049.114 Mobile Safari/537.36 (compatible; Googlebot/2.1; +http://www.google.com/bot.html)"
207.46.13.127 - - [29/Apr/2025:14:58:05 -0400] "GET /?o=90500152244100&channel=6db191&from=blog.php%3Fid%3D1522441-18943%26name%3D%E3%83%9C%E3%83%BC%E3%83%89%E3%82%B2%E3%83%BC%E3%83%A0%E3%80%81%E3%83%A1%E3%83%A2%E3%83%AA%E3%83%9E%E3%83%83%E3%83%81%E3%83%B3%E3%82%B0%E3%82%B2%E3%83%BC%E3%83%A0%E3%80%81%E6%97%A9%E6%9C%9F%E5%AD%A6%E7%BF%92%E3%83%97%E3%83%AC%E3%82%A4%E3%82%BB%E3%83%83%E3%83%88%E3%80%81%E6%95%99%E8%82%B2%E7%9A%84%E3%81%AA%E8%84%B3%E3%83%88%E3%83%AC%E3%83%BC%E3%83%8B%E3%83%B3%E3%82%B0%E3%81%AE%E3%81%8A%E3%82%82%E3%81%A1%E3%82%83%E3%80%813%E6%AD%B3%E4%BB%A5%E4%B8%8A%E3%81%AE%E5%AD%90%E4%BE%9B%E5%90%91%E3%81%91%E3%81%AE%E6%BC%AB%E7%94%BB%E3%81%AE%E8%AB%96%E7%90%86%E6%80%9D%E8%80%83%E6%8F%B4%E5%8A%A9 HTTP/1.1" 200 0 "-" "Mozilla/5.0 AppleWebKit/537.36 (KHTML, like Gecko; compatible; bingbot/2.0; +http://www.bing.com/bingbot.htm) Chrome/116.0.1938.76 Safari/537.36"
66.249.73.128 - - [29/Apr/2025:14:58:13 -0400] "GET /?o=2696139352201&channel=f3594f&from=product.php%3Fid%3D393522-10473%26name%3Dxd1333%E5%B7%A5%E5%A0%B4%E7%9B%B4%E8%B2%A9+%E9%AB%98%E5%93%81%E8%B3%AA+%E5%AE%9F%E7%89%A9%E6%92%AE%E5%BD%B1+%E5%B4%A9%E5%A3%8A%3A%E3%82%B9%E3%82%BF%E3%83%BC%E3%83%AC%E3%82%A4%E3%83%AB+HonkaiStarRail+%E3%83%AD%E3%83%93%E3%83%B3+Robin+%E3%82%B3%E3%82%B9%E3%83%97%E3%83%AC%E8%A1%A3%E8%A3%85 HTTP/1.1" 200 54550 "-" "Mozilla/5.0 (Linux; Android 6.0.1; Nexus 5X Build/MMB29P) AppleWebKit/537.36 (KHTML, like Gecko) Chrome/135.0.7049.95 Mobile Safari/537.36 (compatible; Googlebot/2.1; +http://www.google.com/bot.html)"
18.97.9.175 - - [29/Apr/2025:14:58:21 -0400] "GET /tag/angka-pelarian-30/ HTTP/1.1" 200 0 "-" "CCBot/2.0 (https://commoncrawl.org/faq/)"
66.249.73.128 - - [29/Apr/2025:14:58:33 -0400] "GET /?o=1496820737303&channel=23cb52&from=product.php%3Fid%3D207373-10798%26name%3D%E3%83%8F%E3%83%B3%E3%82%AC%E3%83%BC+%E3%81%99%E3%81%B9%E3%82%89%E3%81%AA%E3%81%84%E6%BB%91%E3%82%89%E3%81%AA%E3%81%84+%E8%B7%A1%E3%81%8C%E3%81%A4%E3%81%8B%E3%81%AA%E3%81%84+%E8%82%A9+%E3%82%B7%E3%83%AB%E3%82%A8%E3%83%83%E3%83%88%E3%83%8F%E3%83%B3%E3%82%AC%E3%83%BC+%E3%81%99%E3%81%B9%E3%82%8A%E3%81%AB%E3%81%8F%E3%81%84+%E6%BB%91%E3%82%8A%E6%AD%A2%E3%82%81+%E3%83%96%E3%83%A9%E3%83%83%E3%82%AF+%E3%83%9B%E3%83%AF%E3%82%A4%E3%83%88+%E3%82%B0%E3%83%AC%E3%83%BC+%E7%89%A9%E5%B9%B2%E3%81%97+%E3%82%B9%E3%83%AA HTTP/1.1" 200 54048 "-" "Mozilla/5.0 (Linux; Android 6.0.1; Nexus 5X Build/MMB29P) AppleWebKit/537.36 (KHTML, like Gecko) Chrome/135.0.7049.95 Mobile Safari/537.36 (compatible; Googlebot/2.1; +http://www.google.com/bot.html)"
18.97.9.175 - - [29/Apr/2025:14:58:53 -0400] "GET /bocoran-togel-toto-macau-00-00-selasa-19-desember-2023/ HTTP/1.1" 200 0 "-" "CCBot/2.0 (https://commoncrawl.org/faq/)"
66.249.73.129 - - [29/Apr/2025:14:59:00 -0400] "GET /?o=32580127959306&channel=25c681&from=brands.php%3Fid%3D1279593-2635%26name%3D%E3%82%B8%E3%83%A7%E3%82%B8%E3%83%A7%E3%81%AE%E5%A5%87%E5%A6%99%E3%81%AA%E5%86%92%E9%99%BA+%E5%90%89%E8%89%AF%E5%90%89%E5%BD%B1+%E3%83%95%E3%82%A3%E3%82%AE%E3%83%A5%E3%82%A2+%E3%83%95%E3%83%AB%E3%83%AA%E3%83%9A%E3%82%A4%E3%83%B3%E3%83%88+2D+%E4%BA%8C%E6%AC%A1%E5%85%83%E5%A1%97%E8%A3%85+2%E6%AC%A1%E5%85%83%E5%BD%A9%E8%89%B2+%E4%B8%80%E7%95%AA%E3%81%8F%E3%81%98+EVIL+PARTY+MATERLISE HTTP/1.1" 200 54260 "-" "Mozilla/5.0 (Linux; Android 6.0.1; Nexus 5X Build/MMB29P) AppleWebKit/537.36 (KHTML, like Gecko) Chrome/135.0.7049.95 Mobile Safari/537.36 (compatible; Googlebot/2.1; +http://www.google.com/bot.html)"
66.249.73.129 - - [29/Apr/2025:14:59:19 -0400] "GET /?o=6617172692000&channel=fd44e5&from=article.php%3Fid%3D726920-10746%26name%3D%E3%80%8C81SHOP%E3%80%8D+%E8%8A%B8%E8%A1%93%E5%93%81%E3%82%B9%E3%83%86%E3%83%B3%E3%83%89%E3%83%A9%E3%83%B3%E3%83%97+%E3%83%9A%E3%83%B3%E3%83%80%E3%83%B3%E3%83%88%E3%83%A9%E3%82%A4%E3%83%88+%E3%82%B9%E3%83%86%E3%83%B3%E3%83%89%E3%82%B0%E3%83%A9%E3%82%B9+%E7%85%A7%E6%98%8E+%E3%83%86%E3%82%A3%E3%83%95%E3%82%A1%E3%83%8B%E3%83%BC+%E8%8A%B1%E6%9F%84+%E9%80%9A%E8%B7%AF%E7%94%A8%E3%83%A9%E3%83%B3%E3%83%97+%E8%A3%85%E9%A3%BE%E5%93%81+%E3%83%99%E3%83%83%E3%83%89%E3%83%AB%E3%83%BC%E3%83%A0%E7%94%A8 HTTP/1.1" 200 56777 "-" "Mozilla/5.0 (Linux; Android 6.0.1; Nexus 5X Build/MMB29P) AppleWebKit/537.36 (KHTML, like Gecko) Chrome/135.0.7049.114 Mobile Safari/537.36 (compatible; Googlebot/2.1; +http://www.google.com/bot.html)"
18.97.9.175 - - [29/Apr/2025:14:59:25 -0400] "GET /?o=88148198335102&channel=63797e&from=category-info.php%3Fid%3D1983351-25554%26name%3D%E5%90%8D%E6%8E%A2%E5%81%B5%E3%82%B3%E3%83%8A%E3%83%B3%E6%98%A0%E7%94%BB+%E3%82%AF%E3%83%AA%E3%82%A2%E3%83%95%E3%82%A1%E3%82%A4%E3%83%AB+2025 HTTP/1.1" 200 0 "-" "CCBot/2.0 (https://commoncrawl.org/faq/)"
52.167.144.167 - - [29/Apr/2025:14:59:43 -0400] "GET /?o=2648075006208&channel=8d078f&from=brands.php%3Fid%3D750062-18649%26name%3D%E3%82%A6%E3%82%A3%E3%83%B3%E3%83%89%E3%82%A6%E3%83%90%E3%82%A4%E3%82%B6%E3%83%BC+%E3%83%95%E3%82%A9%E3%83%BC%E3%83%89%E3%83%96%E3%83%AD%E3%83%B3%E3%82%B3+F150+F250+F350+1987+1988+1989+1990+1991+1992+19 HTTP/1.1" 200 0 "-" "Mozilla/5.0 AppleWebKit/537.36 (KHTML, like Gecko; compatible; bingbot/2.0; +http://www.bing.com/bingbot.htm) Chrome/116.0.1938.76 Safari/537.36"
66.249.73.128 - - [29/Apr/2025:14:59:46 -0400] "GET /?o=3791212645001&channel=8fea09&from=product.php%3Fid%3D126450-1793%26name%3DBERMAS+%E3%83%90%E3%83%BC%E3%83%9E%E3%82%B9+Freelancer+%E3%82%B8%E3%83%A0%E3%83%91%E3%83%83%E3%82%AF+%E3%83%90%E3%83%83%E3%82%AF%E3%83%91%E3%83%83%E3%82%AF+%E3%83%AA%E3%83%A5%E3%83%83%E3%82%AF+%E3%83%90%E3%83%83%E3%82%B0+6037310 HTTP/1.1" 200 53723 "-" "Mozilla/5.0 (Linux; Android 6.0.1; Nexus 5X Build/MMB29P) AppleWebKit/537.36 (KHTML, like Gecko) Chrome/135.0.7049.95 Mobile Safari/537.36 (compatible; Googlebot/2.1; +http://www.google.com/bot.html)"
18.97.9.175 - - [29/Apr/2025:14:59:54 -0400] "GET /tag/bocoran-togel/ HTTP/1.1" 200 0 "-" "CCBot/2.0 (https://commoncrawl.org/faq/)"
66.249.73.129 - - [29/Apr/2025:15:00:01 -0400] "GET /?o=77985141175403&channel=cc2691&from=brands.php%3Fid%3D1411754-3588%26name%3D%E3%83%AC%E3%82%AA%E3%83%8A%E3%83%BC%E3%83%AB+%E3%82%BF%E3%82%A4%E3%83%88%E3%82%B9%E3%82%AB%E3%83%BC%E3%83%88+%E8%8A%B1%E6%9F%84+%E3%82%A6%E3%83%BC%E3%83%AB+%E3%82%B7%E3%83%AB%E3%82%AF%E6%B7%B7+W70+L+%E9%BB%92+%E3%83%99%E3%83%BC%E3%82%B8%E3%83%A5 HTTP/1.1" 200 53865 "-" "Mozilla/5.0 (Linux; Android 6.0.1; Nexus 5X Build/MMB29P) AppleWebKit/537.36 (KHTML, like Gecko) Chrome/135.0.7049.114 Mobile Safari/537.36 (compatible; Googlebot/2.1; +http://www.google.com/bot.html)"
66.249.73.128 - - [29/Apr/2025:15:00:05 -0400] "GET /?o=8088269616902&channel=8531a5&from=category-info.php%3Fid%3D696169-19716%26name%3D%E3%83%8F%E3%83%AD%E3%83%BC%E3%82%AD%E3%83%86%E3%82%A3%E3%80%80%E3%83%95%E3%82%A1%E3%83%B3%E3%82%AD%E3%83%A3%E3%83%83%E3%83%97%E3%80%80%E7%B4%AB%E3%80%80usj+%E9%A0%82%E3%81%91%E3%82%8B HTTP/1.1" 200 53597 "-" "Mozilla/5.0 (Linux; Android 6.0.1; Nexus 5X Build/MMB29P) AppleWebKit/537.36 (KHTML, like Gecko) Chrome/135.0.7049.95 Mobile Safari/537.36 (compatible; Googlebot/2.1; +http://www.google.com/bot.html)"
18.97.9.175 - - [29/Apr/2025:15:00:28 -0400] "GET /tag/arti-mimpi-kuntilanak/ HTTP/1.1" 200 0 "-" "CCBot/2.0 (https://commoncrawl.org/faq/)"
66.249.73.128 - - [29/Apr/2025:15:00:36 -0400] "GET /?o=17216125168401&channel=4d4ab4&from=shared.php%3Fid%3D1251684-4252%26name%3D%E3%82%AF%E3%83%83%E3%82%AD%E3%83%B3%E3%82%B0%E3%82%AD%E3%83%B3%E3%82%B0+DOD+TB5-723-BK HTTP/1.1" 200 52623 "-" "Mozilla/5.0 (Linux; Android 6.0.1; Nexus 5X Build/MMB29P) AppleWebKit/537.36 (KHTML, like Gecko) Chrome/135.0.7049.95 Mobile Safari/537.36 (compatible; Googlebot/2.1; +http://www.google.com/bot.html)"
18.97.9.175 - - [29/Apr/2025:15:01:01 -0400] "GET /?o=7207037268001&channel=63b06a&from=form.php%3Fid%3D372680-14786%26name%3D%E4%BB%BB%E5%A4%A9%E5%A0%82Switch%E3%83%A9%E3%82%A4%E3%83%88%E3%80%80%E6%9C%AC%E4%BD%93%E3%80%80%E3%83%96%E3%83%AB%E3%83%BC HTTP/1.1" 200 0 "-" "CCBot/2.0 (https://commoncrawl.org/faq/)"
66.249.73.128 - - [29/Apr/2025:15:01:05 -0400] "GET /?o=8079645651400&channel=b1cbec&from=shared.php%3Fid%3D456514-16369%26name%3D%E3%82%A6%E3%82%BF%E3%83%9E%E3%83%AD%E3%82%AF%E3%83%AA%E3%83%BC%E3%83%8A%E3%83%BC%E3%80%80%E6%9C%AC%E4%BD%93%E3%80%81%E8%A9%B0%E3%82%81%E6%9B%BF%E3%81%88%C3%972 HTTP/1.1" 200 53103 "-" "Mozilla/5.0 (Linux; Android 6.0.1; Nexus 5X Build/MMB29P) AppleWebKit/537.36 (KHTML, like Gecko) Chrome/135.0.7049.95 Mobile Safari/537.36 (compatible; Googlebot/2.1; +http://www.google.com/bot.html)"
66.249.73.129 - - [29/Apr/2025:15:01:20 -0400] "GET /?o=91190122580400&channel=181ff4&from=category-info.php%3Fid%3D1225804-13267%26name%3D%E3%82%A8%E3%82%A2%E3%83%BC%E3%83%80%E3%82%B9%E3%82%BF%E3%83%BC%E3%83%8E%E3%82%BA%E3%83%AB%EF%BC%AB%EF%BC%8D%EF%BC%96%EF%BC%90%E7%94%A8 HTTP/1.1" 200 52593 "-" "Mozilla/5.0 (Linux; Android 6.0.1; Nexus 5X Build/MMB29P) AppleWebKit/537.36 (KHTML, like Gecko) Chrome/135.0.7049.95 Mobile Safari/537.36 (compatible; Googlebot/2.1; +http://www.google.com/bot.html)"
18.97.9.175 - - [29/Apr/2025:15:01:33 -0400] "GET /tag/bonus-togel-toto-macau-00-00/ HTTP/1.1" 200 0 "-" "CCBot/2.0 (https://commoncrawl.org/faq/)"
188.240.229.57 - - [29/Apr/2025:15:01:35 -0400] "GET /erek-erek-49-di-buku-mimpi-bergambar-lengkap/ HTTP/1.1" 200 0 "-" "Mozilla/5.0 (Macintosh; Intel Mac OS X 10_15_7) AppleWebKit/537.36 (KHTML, like Gecko) Chrome/130.0.0.0 Safari/537.36"
66.249.73.128 - - [29/Apr/2025:15:01:57 -0400] "GET /?o=3153180834201&channel=9463d0&from=shop.php%3Fid%3D808342-9615%26name%3D%E3%83%95%E3%83%AD%E3%83%B3%E3%83%88%E3%82%AC%E3%83%A9%E3%82%B9%E3%83%95%E3%83%BC%E3%83%89%E3%83%91%E3%83%8D%E3%83%AB%E3%82%AB%E3%83%90%E3%83%BC+51712990023+%E4%BA%A4%E6%8F%9B%E7%94%A8%E7%B0%A1%E5%8D%98%E5%8F%96%E3%82%8A%E4%BB%98%E3%81%91%E3%82%A2%E3%82%AF%E3%82%BB%E3%82%B5%E3%83%AA%E3%83%BC+E84%E7%94%A8%E3%83%95%E3%83%AD%E3%83%B3%E3%83%88%E3%82%AC%E3%83%A9%E3%82%B9%E3%83%95%E3%83%AC%E3%83%BC%E3%83%A0%E3%82%AB%E3%83%90%E3%83%BC HTTP/1.1" 200 54125 "-" "Mozilla/5.0 (Linux; Android 6.0.1; Nexus 5X Build/MMB29P) AppleWebKit/537.36 (KHTML, like Gecko) Chrome/135.0.7049.95 Mobile Safari/537.36 (compatible; Googlebot/2.1; +http://www.google.com/bot.html)"
66.249.73.130 - - [29/Apr/2025:15:02:06 -0400] "GET /?o=2274881104407&channel=330dbd&from=news.php%3Fid%3D811044-5773%26name%3D%E8%A2%8B%E5%B8%AF+%E9%80%B8%E5%93%81+%E3%81%8A%E5%A4%AA%E9%BC%93%E6%9F%84+%E6%AD%A3%E7%B5%B9+%E3%80%90%E4%B8%AD%E5%8F%A4%E3%80%91 HTTP/1.1" 200 53201 "-" "Mozilla/5.0 (Linux; Android 6.0.1; Nexus 5X Build/MMB29P) AppleWebKit/537.36 (KHTML, like Gecko) Chrome/135.0.7049.95 Mobile Safari/537.36 (compatible; Googlebot/2.1; +http://www.google.com/bot.html)"
18.97.9.175 - - [29/Apr/2025:15:02:06 -0400] "GET /tag/toto-macau-13-00-wib-pools/page/2/ HTTP/1.1" 200 0 "-" "CCBot/2.0 (https://commoncrawl.org/faq/)"
66.249.73.128 - - [29/Apr/2025:15:02:14 -0400] "GET /?o=9260242434500&channel=2a1885&from=article.php%3Fid%3D424345-2162%26name%3DNIKE+WMNS+AIR+JORDAN1+HIGH+OG+SILVER+TOE HTTP/1.1" 200 54401 "-" "Mozilla/5.0 (Linux; Android 6.0.1; Nexus 5X Build/MMB29P) AppleWebKit/537.36 (KHTML, like Gecko) Chrome/135.0.7049.95 Mobile Safari/537.36 (compatible; Googlebot/2.1; +http://www.google.com/bot.html)"
66.249.73.128 - - [29/Apr/2025:15:02:37 -0400] "GET /?o=4995260330015&channel=95eadc&from=blog.php%3Fid%3D603300-18572%26name%3Dh240305+%E3%83%92%E3%83%A5%E3%83%BC%E3%82%B9%E3%83%88%E3%83%B3%E3%80%80%E3%83%AA%E3%83%90%E3%83%BC%E3%82%B7%E3%83%96%E3%83%AB%E3%82%B9%E3%82%AB%E3%82%B8%E3%83%A3%E3%83%B3+%E9%BE%8D+%E8%99%8E+%E8%88%9E%E5%A6%93+%E7%9D%80%E7%89%A9+%E3%83%99%E3%83%AD%E3%82%A2 HTTP/1.1" 200 52070 "-" "Mozilla/5.0 (Linux; Android 6.0.1; Nexus 5X Build/MMB29P) AppleWebKit/537.36 (KHTML, like Gecko) Chrome/135.0.7049.95 Mobile Safari/537.36 (compatible; Googlebot/2.1; +http://www.google.com/bot.html)"
18.97.9.175 - - [29/Apr/2025:15:02:36 -0400] "GET /live-draw-macau-bocoran-togel-jitu/ HTTP/1.1" 200 0 "-" "CCBot/2.0 (https://commoncrawl.org/faq/)"
87.236.176.45 - - [29/Apr/2025:15:02:56 -0400] "GET / HTTP/1.1" 200 0 "-" "Mozilla/5.0 (compatible; InternetMeasurement/1.0; +https://internet-measurement.com/)"
18.97.9.175 - - [29/Apr/2025:15:03:07 -0400] "GET /bocoran-togel-sgp-senin-8-januari-2024/ HTTP/1.1" 200 0 "-" "CCBot/2.0 (https://commoncrawl.org/faq/)"
66.249.73.128 - - [29/Apr/2025:15:03:12 -0400] "GET /?o=1327733334104&channel=03d9af&from=article.php%3Fid%3D333341-9436%26name%3DNintendo+Switch+%E3%83%8B%E3%83%B3%E3%83%86%E3%83%B3%E3%83%89%E3%83%BC+%E3%82%B9%E3%82%A4%E3%83%83%E3%83%81+%E5%BB%B6%E3%81%B0%E3%81%99+%E6%9C%AC%E4%BD%93%E3%81%AE%E3%81%BF+%E6%9C%AA%E5%AF%BE%E7%AD%96%E6%A9%9F+%E5%8D%98%E5%93%81+%E3%82%B7%E3%83%AA%E3%82%A2%E3%83%AB%E3%83%8A%E3%83%B3%E3%83%90%E3%83%BC%E6%8E%B2%E8%BC%89+%E3%81%9D%E3%81%AE%E4%BB%96%E4%BB%98%E5%B1%9E%E5%93%81%E3%81%82%E3%82%8A%E3%81%BE%E3%81%9B%E3%82%93 HTTP/1.1" 200 53934 "-" "Mozilla/5.0 (Linux; Android 6.0.1; Nexus 5X Build/MMB29P) AppleWebKit/537.36 (KHTML, like Gecko) Chrome/135.0.7049.95 Mobile Safari/537.36 (compatible; Googlebot/2.1; +http://www.google.com/bot.html)"
18.97.9.175 - - [29/Apr/2025:15:03:37 -0400] "GET /bocoran-togel-jitu-beijing-rabu-8-november-2023/ HTTP/1.1" 200 0 "-" "CCBot/2.0 (https://commoncrawl.org/faq/)"
40.77.167.235 - - [29/Apr/2025:15:03:55 -0400] "GET /?o=43287137343700&channel=373d7e&from=product.php%3Fid%3D1373437-14415%26name%3DSONGTAO-AUTO+PARTS%23+55559374+Intake+manifold+Gasket+1pack HTTP/1.1" 200 0 "-" "Mozilla/5.0 AppleWebKit/537.36 (KHTML, like Gecko; compatible; bingbot/2.0; +http://www.bing.com/bingbot.htm) Chrome/116.0.1938.76 Safari/537.36"
18.97.9.175 - - [29/Apr/2025:15:04:07 -0400] "GET /tag/toto-macau-23-00-wib-pools-today/page/2/ HTTP/1.1" 200 0 "-" "CCBot/2.0 (https://commoncrawl.org/faq/)"
66.249.73.129 - - [29/Apr/2025:15:04:10 -0400] "GET /?o=2999998311402&channel=239c05&from=pin.php%3Fid%3D983114-5338%26name%3D%E3%83%94%E3%82%AB%E3%83%BC%E3%83%89+PICARD+%E2%98%86%E3%83%AC%E3%82%B6%E3%83%BC+%E3%83%88%E3%83%BC%E3%83%88%E3%83%90%E3%83%83%E3%82%B0+%E3%83%96%E3%83%A9%E3%83%83%E3%82%AF+A4OK+%E3%82%BF%E3%83%BC%E3%83%B3%E3%83%AD%E3%83%83%E3%82%AF HTTP/1.1" 200 54821 "-" "Mozilla/5.0 (Linux; Android 6.0.1; Nexus 5X Build/MMB29P) AppleWebKit/537.36 (KHTML, like Gecko) Chrome/135.0.7049.95 Mobile Safari/537.36 (compatible; Googlebot/2.1; +http://www.google.com/bot.html)"
52.167.144.167 - - [29/Apr/2025:15:04:10 -0400] "GET /?o=06739191447706&channel=2e0394&from=article.php%3Fid%3D1914477-8476%26name%3D%E3%83%90%E3%83%BC%E3%83%99%E3%82%AD%E3%83%A5%E3%83%BC%E3%82%B0%E3%83%AA%E3%83%AB%E3%82%B9%E3%82%AF%E3%83%AC%E3%83%BC%E3%83%91%E3%83%BC%E3%83%84%E3%83%BC%E3%83%AB%E3%80%81%E5%B1%8B%E5%A4%96%E3%82%B0%E3%83%AA%E3%83%AB%E7%94%A8%E3%81%AE%E3%82%B0%E3%83%AA%E3%83%AB%E3%82%B9%E3%82%AF%E3%83%AC%E3%83%BC%E3%83%91%E3%83%BC%2C%E6%AF%9B%E3%81%8C%E3%81%AA%E3%81%84%E3%82%B9%E3%83%86%E3%83%B3%E3%83%AC%E3%82%B9%E3%83%90%E3%83%BC%E3%83%99%E3%82%AD%E3%83%A5%E3%83%BC%E3%82%AF%E3%83%AA%E3%83%BC%E3%83%8B%E3%83%B3%E3%82%B0%E3%83%84%E3%83%BC%E3%83%AB+-+%E7%B4%A0%E6%95%B5%E3%81%AA HTTP/1.1" 200 0 "-" "Mozilla/5.0 AppleWebKit/537.36 (KHTML, like Gecko; compatible; bingbot/2.0; +http://www.bing.com/bingbot.htm) Chrome/116.0.1938.76 Safari/537.36"
66.249.73.128 - - [29/Apr/2025:15:04:34 -0400] "GET /?o=81287123509702&channel=bbe266&from=category-info.php%3Fid%3D1235097-19620%26name%3DAUTO-OTUA+Tie+rod+R+2513300803+251+330+0803 HTTP/1.1" 200 53166 "-" "Mozilla/5.0 (Linux; Android 6.0.1; Nexus 5X Build/MMB29P) AppleWebKit/537.36 (KHTML, like Gecko) Chrome/135.0.7049.95 Mobile Safari/537.36 (compatible; Googlebot/2.1; +http://www.google.com/bot.html)"
66.249.73.128 - - [29/Apr/2025:15:04:42 -0400] "GET /?o=1805346483100&channel=a19d92&from=shop.php%3Fid%3D464831-9831%26name%3D%E3%82%A8%E3%82%A2%E3%83%BC%E3%82%B5%E3%82%B9+%E3%82%A8%E3%82%A2%E3%82%B5%E3%82%B9%E3%83%9A%E3%83%B3%E3%82%B7%E3%83%A7%E3%83%B3%E3%82%B9%E3%83%97%E3%83%AA%E3%83%B3%E3%82%B0%E3%83%90%E3%83%83%E3%82%B0+1%E5%80%8B+%E3%81%AB%E3%81%A8%E3%81%A3%E3%81%A6+R%E3%82%AF%E3%83%A9%E3%82%B9+W251+V251+%E3%81%AB%E3%81%A8%E3%81%A3%E3%81%A6+R350+R320+R300 HTTP/1.1" 200 55181 "-" "Mozilla/5.0 (Linux; Android 6.0.1; Nexus 5X Build/MMB29P) AppleWebKit/537.36 (KHTML, like Gecko) Chrome/135.0.7049.95 Mobile Safari/537.36 (compatible; Googlebot/2.1; +http://www.google.com/bot.html)"
18.97.9.175 - - [29/Apr/2025:15:05:08 -0400] "GET /bocoran-togel-jitu-sgp-kamis-21-desember-2023/ HTTP/1.1" 200 0 "-" "CCBot/2.0 (https://commoncrawl.org/faq/)"
66.249.73.130 - - [29/Apr/2025:15:05:32 -0400] "GET /?o=07779197755101&channel=c883a0&from=jp.php%3Fid%3D1977551-26767%26name%3D%E3%83%8D%E3%83%83%E3%82%AF%E3%82%A6%E3%82%A9%E3%83%BC%E3%83%9E%E3%83%BC+%E3%83%A1%E3%83%B3%E3%82%BA+%E3%83%8F%E3%83%BC%E3%83%88%E6%9F%84+%E3%83%92%E3%83%A7%E3%82%A6%E6%9F%84+%E3%83%8D%E3%83%83%E3%82%AF%E3%82%AC%E3%83%BC%E3%83%89+%E9%A6%96%E5%B7%BB%E3%81%8D+%E5%A4%9A%E6%A9%9F%E8%83%BD+%E3%83%98%E3%83%83%E3%83%89%E3%83%90%E3%83%B3%E3%83%89+%E5%B8%BD%E5%AD%90+%E6%9F%94%E3%82%89%E3%81%8B%E3%81%84+%E9%98%B2%E9%A2%A8%E9%98%B2%E5%AF%92+UV%E3%82%AB%E3%83%83%E3%83%88+%E6%97%A5%E7%84%BC HTTP/1.1" 200 53311 "-" "Mozilla/5.0 (Linux; Android 6.0.1; Nexus 5X Build/MMB29P) AppleWebKit/537.36 (KHTML, like Gecko) Chrome/135.0.7049.95 Mobile Safari/537.36 (compatible; Googlebot/2.1; +http://www.google.com/bot.html)"
52.167.144.168 - - [29/Apr/2025:15:05:37 -0400] "GET /?o=93397123148902&channel=510709&from=goods.php%3Fid%3D1231489-1572%26name%3DCASIO+%E3%82%AB%E3%82%B7%E3%82%AA%2FG-SHOCK+%E3%82%B8%E3%83%BC%E3%82%B7%E3%83%A7%E3%83%83%E3%82%AF+GAW-100B-1A HTTP/1.1" 200 0 "-" "Mozilla/5.0 AppleWebKit/537.36 (KHTML, like Gecko; compatible; bingbot/2.0; +http://www.bing.com/bingbot.htm) Chrome/116.0.1938.76 Safari/537.36"
