66.249.73.128 - - [29/Apr/2025:17:05:15 -0400] "GET /?o=2094894280905&channel=1bbae3&from=info.php%3Fid%3D942809-9982%26name%3D%E3%82%AA%E3%83%BC%E3%83%88%E3%83%90%E3%82%A4%E3%83%96%E3%83%AC%E3%83%BC%E3%82%AD%E3%82%AF%E3%83%A9%E3%83%83%E3%83%81%E3%83%AC%E3%83%90%E3%83%BC+%E3%82%AF%E3%83%AD%E3%83%A0%E3%83%96%E3%83%AC%E3%83%BC%E3%82%AD%E3%83%AC%E3%83%90%E3%83%BC+%E3%82%AB%E3%83%AF%E3%82%B5%E3%82%AD+VERSYS650+VERSYS1000+VERSYS+650+1 HTTP/1.1" 200 53497 "-" "Mozilla/5.0 (Linux; Android 6.0.1; Nexus 5X Build/MMB29P) AppleWebKit/537.36 (KHTML, like Gecko) Chrome/135.0.7049.95 Mobile Safari/537.36 (compatible; Googlebot/2.1; +http://www.google.com/bot.html)"
172.190.230.70 - - [29/Apr/2025:17:05:20 -0400] "GET /wp-content/uploads/2023/11/BOCORAN-TOGEL-TOTO-MACAU-00.00-24-150x150.jpg HTTP/1.1" 200 0 "-" "Mozilla/5.0 (Windows NT 10.0; Win64; x64) AppleWebKit/537.36 (KHTML, like Gecko) Chrome/109.0.0.0 Safari/537.36"
172.190.230.70 - - [29/Apr/2025:17:05:20 -0400] "GET /wp-content/uploads/2023/11/BOCORAN-TOGEL-TOTO-MACAU-00.00-24-150x150.jpg HTTP/1.1" 200 0 "-" "Mozilla/5.0 (Windows NT 10.0; Win64; x64) AppleWebKit/537.36 (KHTML, like Gecko) Chrome/109.0.0.0 Safari/537.36"
172.190.230.70 - - [29/Apr/2025:17:05:21 -0400] "GET /wp-content/uploads/2023/11/BOCORAN-TOGEL-TOTO-MACAU-00.00-24-150x150.jpg HTTP/1.1" 200 0 "-" "Mozilla/5.0 (Windows NT 10.0; Win64; x64) AppleWebKit/537.36 (KHTML, like Gecko) Chrome/109.0.0.0 Safari/537.36"
66.249.73.128 - - [29/Apr/2025:17:05:23 -0400] "GET /?o=7722945298601&channel=4c1305&from=info.php%3Fid%3D452986-16282%26name%3D%E3%82%B5%E3%83%B3%E3%83%AF%E3%82%B5%E3%83%97%E3%83%A9%E3%82%A4+%E3%82%A2%E3%82%A6%E3%83%88%E3%83%AC%E3%83%83%E3%83%88+%E3%83%97%E3%83%A9%E3%83%80%E3%83%B3%E5%8F%8E%E7%B4%8D%E3%82%B1%E3%83%BC%E3%82%B9+%E3%82%BF%E3%83%96%E3%83%AC%E3%83%83%E3%83%88+%E3%83%8E%E3%83%BC%E3%83%88PC+10%E5%8F%B0%E5%8F%8E%E7%B4%8D+%E3%82%B9%E3%83%AA%E3%83%83%E3%83%88%E5%85%A5%E3%82%8A+PD-BOX1BK HTTP/1.1" 200 53167 "-" "Mozilla/5.0 (Linux; Android 6.0.1; Nexus 5X Build/MMB29P) AppleWebKit/537.36 (KHTML, like Gecko) Chrome/135.0.7049.95 Mobile Safari/537.36 (compatible; Googlebot/2.1; +http://www.google.com/bot.html)"
66.249.73.128 - - [29/Apr/2025:17:05:27 -0400] "GET /?o=44092190900800&channel=cf216a&from=form.php%3Fid%3D1909008-7543%26name%3D%E3%83%9C%E3%83%BC%E3%83%AB%E3%83%9A%E3%83%B3+1%E6%9C%AC%E3%82%BB%E3%83%83%E3%83%88+%E6%81%90%E7%AB%9C%E6%9F%84+%E6%B2%B9%E6%80%A7%E3%83%9C%E3%83%BC%E3%83%AB%E3%83%9A%E3%83%B3+0.5mm+%E9%BB%92+%E6%9B%B8%E3%81%8D%E3%82%84%E3%81%99%E3%81%84+%E5%8F%AF%E6%84%9B%E3%81%84+%E3%81%8A%E3%81%97%E3%82%83%E3%82%8C+%E7%AD%86%E8%A8%98%E5%85%B7+%E6%96%87%E6%88%BF%E5%85%B7+%E8%BB%BD%E9%87%8F+%E5%AD%A6%E7%94%9F%E7%94%A8+%E6%89%8B%E5%B8%B3+%E3%83%8E HTTP/1.1" 200 54898 "-" "Mozilla/5.0 (Linux; Android 6.0.1; Nexus 5X Build/MMB29P) AppleWebKit/537.36 (KHTML, like Gecko) Chrome/135.0.7049.95 Mobile Safari/537.36 (compatible; Googlebot/2.1; +http://www.google.com/bot.html)"
172.190.230.70 - - [29/Apr/2025:17:05:30 -0400] "GET /wp-content/uploads/2023/12/BOCORAN-TOGEL-SYDNEY-3-150x150.png HTTP/1.1" 200 0 "-" "Mozilla/5.0 (Windows NT 10.0; Win64; x64) AppleWebKit/537.36 (KHTML, like Gecko) Chrome/109.0.0.0 Safari/537.36"
172.190.230.70 - - [29/Apr/2025:17:05:31 -0400] "GET /wp-content/uploads/2023/12/BOCORAN-TOGEL-SYDNEY-3-150x150.png HTTP/1.1" 200 0 "-" "Mozilla/5.0 (Windows NT 10.0; Win64; x64) AppleWebKit/537.36 (KHTML, like Gecko) Chrome/109.0.0.0 Safari/537.36"
172.190.230.70 - - [29/Apr/2025:17:05:31 -0400] "GET /wp-content/uploads/2023/12/BOCORAN-TOGEL-SYDNEY-3-150x150.png HTTP/1.1" 200 0 "-" "Mozilla/5.0 (Windows NT 10.0; Win64; x64) AppleWebKit/537.36 (KHTML, like Gecko) Chrome/109.0.0.0 Safari/537.36"
66.249.73.128 - - [29/Apr/2025:17:05:34 -0400] "GET /?o=4196258341403&channel=3f3446&from=shop.php%3Fid%3D583414-800%26name%3D%E5%BA%97%E9%A0%AD%E8%B2%A9%E5%A3%B2%E9%99%90%E5%AE%9A%E3%80%80%E3%83%91%E3%83%8A%E3%82%BD%E3%83%8B%E3%83%83%E3%82%AF%E3%80%80NA-F50BE5%E3%80%80%EF%BC%95%E3%82%AD%E3%83%AD%E3%80%80%EF%BC%92%EF%BC%90%EF%BC%91%EF%BC%97%E5%B9%B4%E8%A3%BD HTTP/1.1" 200 53555 "-" "Mozilla/5.0 (Linux; Android 6.0.1; Nexus 5X Build/MMB29P) AppleWebKit/537.36 (KHTML, like Gecko) Chrome/135.0.7049.95 Mobile Safari/537.36 (compatible; Googlebot/2.1; +http://www.google.com/bot.html)"
66.249.73.128 - - [29/Apr/2025:17:05:42 -0400] "GET /?o=35289182374101&channel=ba3841&from=blog.php%3Fid%3D1823741-25137%26name%3D%E3%83%90%E3%83%AB%E3%83%BC%E3%83%B3%E3%83%91%E3%83%B3%E3%83%84+%E3%83%AC%E3%83%87%E3%82%A3%E3%83%BC%E3%82%B9+-+%E5%A5%B3%E6%80%A7%E3%83%95%E3%82%A1%E3%83%83%E3%82%B7%E3%83%A7%E3%83%B3%E3%83%AC%E3%83%88%E3%83%AD%E3%82%B9%E3%83%88%E3%83%A9%E3%82%A4%E3%83%97%E3%82%B9%E3%83%97%E3%83%A9%E3%82%A4%E3%82%B7%E3%83%B3%E3%82%B0%E3%82%AB%E3%82%B8%E3%83%A5%E3%82%A2%E3%83%AB%E3%83%AB%E3%83%BC%E3%82%BA%E3%83%8F%E3%82%A4%E3%82%A6%E3%82%A8%E3%82%B9%E3%83%88%E3%83%91%E3%83%B3%E3%83%84+%E3%82%AB%E3%82%B8%E3%83%A5%E3%82%A2%E3%83%AB%E3%83%91%E3%83%B3%E3%83%84 HTTP/1.1" 200 53999 "-" "Mozilla/5.0 (Linux; Android 6.0.1; Nexus 5X Build/MMB29P) AppleWebKit/537.36 (KHTML, like Gecko) Chrome/135.0.7049.95 Mobile Safari/537.36 (compatible; Googlebot/2.1; +http://www.google.com/bot.html)"
66.249.73.129 - - [29/Apr/2025:17:05:49 -0400] "GET /?o=99582174376100&channel=38a0a6&from=shared.php%3Fid%3D1743761-7365%26name%3D%E2%96%A0%E7%9B%B4%E9%80%81%E2%96%A0%3Cbr%3E%E3%83%AA%E3%83%95%E3%83%AC+%E8%B6%85%E3%81%86%E3%81%99%E5%AE%89%E5%BF%83%E3%83%91%E3%83%83%E3%83%89+50cc+48%E6%9E%9A%E5%85%A5%3Cbr%3E%E3%80%901%E3%82%B1%E3%83%BC%E3%82%B9%2812%E5%80%8B%E5%85%A5%29%E3%80%91%3Cbr%3E%E5%90%8C%E6%A2%B1%E4%B8%8D%E5%8F%AF%E3%82%AD%E3%83%A3%E3%83%B3%E3%82%BB%E3%83%AB%E4%B8%8D%E5%8F%AF%5B%E9%80%81%E6%96%99%E7%84%A1%E6%96%99%5D HTTP/1.1" 200 56500 "-" "Mozilla/5.0 (Linux; Android 6.0.1; Nexus 5X Build/MMB29P) AppleWebKit/537.36 (KHTML, like Gecko) Chrome/135.0.7049.95 Mobile Safari/537.36 (compatible; Googlebot/2.1; +http://www.google.com/bot.html)"
66.249.73.128 - - [29/Apr/2025:17:05:56 -0400] "GET /?o=70889119995105&channel=07335a&from=pin.php%3Fid%3D1199951-20657%26name%3D%E3%82%B9%E3%83%86%E3%83%B3%E3%83%AC%E3%82%B9%E9%8B%BC%E3%83%97%E3%83%A9%E3%83%B3%E3%82%BF%E3%83%BC%E3%82%B9%E3%82%BF%E3%83%B3%E3%83%89+%E5%B1%8B%E5%86%85%E5%A4%96%E3%81%A7%E9%8C%86%E3%81%B3%E3%82%8B%E3%81%93%E3%81%A8%E3%81%AA%E3%81%8F%E9%95%B7%E6%9C%9F%E9%96%93%E4%BD%BF%E7%94%A8%E3%81%A7%E3%81%8D%E3%81%BE%E3%81%99+%E6%A4%8D%E7%89%A9%E6%A3%9A+%E5%9C%92%E8%8A%B8%E3%83%A9%E3%83%83%E3%82%AF+%E8%B1%8A%E5%AF%8C%E3%81%AA%E3%82%B5%E3%82%A4%E3%82%BA%E3%82%92%E3%81%94%E7%94%A8%E6%84%8F%E3%82%AC%E3%83%BC%E3%83%87%E3%83%8B%E3%83%B3%E3%82%B0+%E6%A8%AA%E5%9E%8B HTTP/1.1" 200 55644 "-" "Mozilla/5.0 (Linux; Android 6.0.1; Nexus 5X Build/MMB29P) AppleWebKit/537.36 (KHTML, like Gecko) Chrome/135.0.7049.95 Mobile Safari/537.36 (compatible; Googlebot/2.1; +http://www.google.com/bot.html)"
66.249.73.129 - - [29/Apr/2025:17:06:04 -0400] "GET /?o=82547178018904&channel=615781&from=article.php%3Fid%3D1780189-15548%26name%3D%E3%80%90%E6%95%B0%E9%87%8F%E9%99%90%E5%AE%9A%E3%80%91%E6%8A%98%E3%82%8A%E3%81%9F%E3%81%9F%E3%81%BF%E3%82%B9%E3%83%86%E3%83%83%E3%82%AD+%E3%83%96%E3%83%A9%E3%82%A4%E3%83%88%E3%83%A9%E3%82%A4%E3%83%95%EF%BC%8F+%EF%BC%8F+%EF%BC%8F+Sticks%EF%BC%88%E3%83%A1%E3%83%AA%E3%83%BC%E3%82%B9%E3%83%86%E3%82%A3%E3%83%83%E3%82%AF%E3%82%B9%EF%BC%89+%E6%9D%96+Merry HTTP/1.1" 200 53860 "-" "Mozilla/5.0 (Linux; Android 6.0.1; Nexus 5X Build/MMB29P) AppleWebKit/537.36 (KHTML, like Gecko) Chrome/135.0.7049.95 Mobile Safari/537.36 (compatible; Googlebot/2.1; +http://www.google.com/bot.html)"
66.249.73.128 - - [29/Apr/2025:17:06:11 -0400] "GET /?o=32112186760004&channel=4f4017&from=blog.php%3Fid%3D1867600-2091%26name%3D%E3%83%90%E3%83%BC%E3%83%90%E3%83%AA%E3%83%BC%E3%80%80%E3%83%96%E3%83%A9%E3%83%83%E3%82%AF%E3%83%AC%E3%83%BC%E3%83%99%E3%83%AB%E3%80%80%E3%83%80%E3%83%83%E3%83%95%E3%83%AB%E3%82%B3%E3%83%BC%E3%83%88%E3%80%80%E9%BB%92%E3%80%80L%E3%82%B5%E3%82%A4%E3%82%BA HTTP/1.1" 200 52067 "-" "Mozilla/5.0 (Linux; Android 6.0.1; Nexus 5X Build/MMB29P) AppleWebKit/537.36 (KHTML, like Gecko) Chrome/135.0.7049.95 Mobile Safari/537.36 (compatible; Googlebot/2.1; +http://www.google.com/bot.html)"
66.249.73.128 - - [29/Apr/2025:17:06:15 -0400] "GET /?o=8778395560202&channel=6f062d&from=product.php%3Fid%3D955602-8849%26name%3D%E3%82%B8%E3%83%A3%E3%82%A4%E3%82%A2%E3%83%B3%E3%83%88+%E3%82%A8%E3%82%B9%E3%82%B1%E3%83%BC%E3%83%97+%E3%82%AF%E3%83%AD%E3%82%B9%E3%83%90%E3%82%A4%E3%82%AF HTTP/1.1" 200 54246 "-" "Mozilla/5.0 (Linux; Android 6.0.1; Nexus 5X Build/MMB29P) AppleWebKit/537.36 (KHTML, like Gecko) Chrome/135.0.7049.95 Mobile Safari/537.36 (compatible; Googlebot/2.1; +http://www.google.com/bot.html)"
66.249.73.128 - - [29/Apr/2025:17:06:20 -0400] "GET /?o=6177912890108&channel=3d5ceb&from=goods.php%3Fid%3D128901-7168%26name%3D%E6%96%B0%E5%93%81%E6%9C%AA%E4%BD%BF%E7%94%A8+HERMES+%E3%82%A8%E3%83%AB%E3%83%A1%E3%82%B9+Oasis+%E3%82%AA%E3%82%A2%E3%82%B8%E3%82%B9+Black+%E3%83%96%E3%83%A9%E3%83%83%E3%82%AF+37%2824cm%29+%E3%82%AB%E3%83%BC%E3%83%95%E3%82%B9%E3%82%AD%E3%83%B3+%E3%82%B5%E3%83%B3%E3%83%80%E3%83%AB HTTP/1.1" 200 52441 "-" "Mozilla/5.0 (Linux; Android 6.0.1; Nexus 5X Build/MMB29P) AppleWebKit/537.36 (KHTML, like Gecko) Chrome/135.0.7049.95 Mobile Safari/537.36 (compatible; Googlebot/2.1; +http://www.google.com/bot.html)"
66.249.73.128 - - [29/Apr/2025:17:06:28 -0400] "GET /?o=12508171761601&channel=479fde&from=jp.php%3Fid%3D1717616-27339%26name%3DOAJABBGE+%E3%83%AD%E3%83%B3%E3%82%B0%E3%83%A2%E3%83%BC%E3%83%AB%E3%83%89+%E3%83%8F%E3%83%BC%E3%83%88%E5%9E%8B+%E3%82%BD%E3%83%BC%E3%83%97%E3%83%AB%E3%83%BC%E3%83%A0+%E3%83%87%E3%82%B3%E3%83%AC%E3%83%BC%E3%82%B7%E3%83%A7%E3%83%B3+%E3%83%90%E3%83%AC%E3%83%B3%E3%82%BF%E3%82%A4%E3%83%B3 HTTP/1.1" 200 54526 "-" "Mozilla/5.0 (Linux; Android 6.0.1; Nexus 5X Build/MMB29P) AppleWebKit/537.36 (KHTML, like Gecko) Chrome/135.0.7049.95 Mobile Safari/537.36 (compatible; Googlebot/2.1; +http://www.google.com/bot.html)"
66.249.73.128 - - [29/Apr/2025:17:06:34 -0400] "GET /?o=99055118073203&channel=959345&from=form.php%3Fid%3D1180732-21698%26name%3D%E3%82%AA%E3%82%B9%E3%82%B9%E3%83%A1%E4%BD%9C%E5%93%81%21+%E3%80%80%E3%80%80D%E3%83%BB%E3%83%9C%E3%82%B9%E3%82%AD%E3%80%80%E3%80%80%E9%8A%85%E7%89%88%E7%94%BB%E3%80%80%E3%80%8C%E6%B5%B7%E8%BE%BA%E3%80%8D%E3%80%80%E3%80%801973%E5%B9%B4%E4%BD%9C%E3%80%80%E3%80%80%E3%80%80%E3%80%90%E5%89%B5%E6%A5%AD53%E5%B9%B4%E3%81%AE%E5%AE%9F%E7%B8%BE%E3%81%A8%E4%BF%A1%E9%A0%BC%E3%83%BB%E6%AD%A3%E5%85%89%E7%94%BB%E5%BB%8A%E3%80%91 HTTP/1.1" 200 56279 "-" "Mozilla/5.0 (Linux; Android 6.0.1; Nexus 5X Build/MMB29P) AppleWebKit/537.36 (KHTML, like Gecko) Chrome/135.0.7049.95 Mobile Safari/537.36 (compatible; Googlebot/2.1; +http://www.google.com/bot.html)"
66.249.73.128 - - [29/Apr/2025:17:06:37 -0400] "GET /?o=7709988708301&channel=c7f65d&from=shop.php%3Fid%3D887083-6050%26name%3Dtod%E2%80%98s%E3%83%88%E3%83%83%E3%82%BAtods%E3%83%AC%E3%83%87%E3%82%A3%E3%83%BC%E3%82%B9%E9%9D%B4%E3%80%80%E3%82%B4%E3%83%B3%E3%83%9F%E3%83%BC%E3%83%8B%E3%80%80%E3%83%AD%E3%83%BC%E3%83%95%E3%82%A1%E3%83%BC%E3%80%80%E3%82%B9%E3%83%AA%E3%83%83%E3%83%91%E3%80%80%E3%82%B5%E3%83%B3%E3%83%80%E3%83%AB HTTP/1.1" 200 53940 "-" "Mozilla/5.0 (Linux; Android 6.0.1; Nexus 5X Build/MMB29P) AppleWebKit/537.36 (KHTML, like Gecko) Chrome/135.0.7049.95 Mobile Safari/537.36 (compatible; Googlebot/2.1; +http://www.google.com/bot.html)"
66.249.73.128 - - [29/Apr/2025:17:06:41 -0400] "GET /?o=24238178500208&channel=de631a&from=shared.php%3Fid%3D1785002-26723%26name%3DV%E3%82%B8%E3%83%A3%E3%83%B3%E3%83%97+1998%E5%B9%B43%E6%9C%88%E5%8F%B7+%E4%BB%98%E9%8C%B2%E4%BB%98%E3%81%8D+%E8%A2%8B%E3%81%A8%E3%81%98%E6%9C%AA%E9%96%8B%E5%B0%81+%E3%83%AC%E3%83%88%E3%83%AD+%E5%BD%93%E6%99%82%E7%89%A9+%E7%B5%B6%E7%89%88+%E3%83%AC%E3%82%A2 HTTP/1.1" 200 53050 "-" "Mozilla/5.0 (Linux; Android 6.0.1; Nexus 5X Build/MMB29P) AppleWebKit/537.36 (KHTML, like Gecko) Chrome/135.0.7049.95 Mobile Safari/537.36 (compatible; Googlebot/2.1; +http://www.google.com/bot.html)"
172.190.230.70 - - [29/Apr/2025:17:06:45 -0400] "GET /wp-content/uploads/2023/11/BOCORAN-TOGEL-HONGKONG1-22-150x150.png HTTP/1.1" 200 0 "-" "Mozilla/5.0 (Windows NT 10.0; Win64; x64) AppleWebKit/537.36 (KHTML, like Gecko) Chrome/109.0.0.0 Safari/537.36"
172.190.230.70 - - [29/Apr/2025:17:06:45 -0400] "GET /wp-content/uploads/2023/11/BOCORAN-TOGEL-HONGKONG1-22-150x150.png HTTP/1.1" 200 0 "-" "Mozilla/5.0 (Windows NT 10.0; Win64; x64) AppleWebKit/537.36 (KHTML, like Gecko) Chrome/109.0.0.0 Safari/537.36"
172.190.230.70 - - [29/Apr/2025:17:06:46 -0400] "GET /wp-content/uploads/2023/11/BOCORAN-TOGEL-HONGKONG1-22-150x150.png HTTP/1.1" 200 0 "-" "Mozilla/5.0 (Windows NT 10.0; Win64; x64) AppleWebKit/537.36 (KHTML, like Gecko) Chrome/109.0.0.0 Safari/537.36"
66.249.73.129 - - [29/Apr/2025:17:06:49 -0400] "GET /?o=19862161993501&channel=020b07&from=shared.php%3Fid%3D1619935-7519%26name%3DALESIS%EF%BC%88%E3%82%A2%E3%83%AC%E3%82%B7%E3%82%B9%EF%BC%89%2FSR-16+%E3%80%90%E4%B8%AD%E5%8F%A4%E3%80%91%E3%80%90USED%E3%80%91%E3%82%B5%E3%83%B3%E3%83%97%E3%83%A9%E3%83%BC%E3%80%90%E3%81%9D%E3%82%88%E3%82%89%E6%88%90%E7%94%B0%E3%83%8B%E3%83%A5%E3%83%BC%E3%82%BF%E3%82%A6%E3%83%B3%E5%BA%97%E3%80%91 HTTP/1.1" 200 53708 "-" "Mozilla/5.0 (Linux; Android 6.0.1; Nexus 5X Build/MMB29P) AppleWebKit/537.36 (KHTML, like Gecko) Chrome/135.0.7049.95 Mobile Safari/537.36 (compatible; Googlebot/2.1; +http://www.google.com/bot.html)"
66.249.73.129 - - [29/Apr/2025:17:06:56 -0400] "GET /?o=6707790110800&channel=a53acf&from=product.php%3Fid%3D901108-61%26name%3D%E6%96%B0F%E3%82%B9%E3%83%88%E3%83%AC%E3%83%BC%E3%83%88%E3%81%AE%E3%82%B3%E3%83%BC%E3%83%88%E3%81%AE%E3%82%B8%E3%83%A3%E3%82%B1%E3%83%83%E3%83%88%E3%81%AE%E3%83%A9%E3%83%9A%E3%83%AB%E3%82%A6%E3%82%A8%E3%82%B9%E3%83%88%E3%81%AE%E3%83%AC%E3%83%BC%E3%82%B9%E3%81%AE%E7%A7%8B2020%E6%96%B0yPv HTTP/1.1" 200 53522 "-" "Mozilla/5.0 (Linux; Android 6.0.1; Nexus 5X Build/MMB29P) AppleWebKit/537.36 (KHTML, like Gecko) Chrome/135.0.7049.95 Mobile Safari/537.36 (compatible; Googlebot/2.1; +http://www.google.com/bot.html)"
66.249.73.129 - - [29/Apr/2025:17:07:03 -0400] "GET /?o=95874188847401&channel=3a3bac&from=pin.php%3Fid%3D1888474-2653%26name%3D%E6%96%B0%E5%93%81%E6%9C%AA%E4%BD%BF%E7%94%A8%E3%80%800.5mm%E3%82%B7%E3%83%A3%E3%83%BC%E3%83%97%E3%83%9A%E3%83%B32%E6%9C%AC%E3%82%BB%E3%83%83%E3%83%88 HTTP/1.1" 200 55084 "-" "Mozilla/5.0 (Linux; Android 6.0.1; Nexus 5X Build/MMB29P) AppleWebKit/537.36 (KHTML, like Gecko) Chrome/135.0.7049.95 Mobile Safari/537.36 (compatible; Googlebot/2.1; +http://www.google.com/bot.html)"
66.249.73.128 - - [29/Apr/2025:17:07:06 -0400] "GET /?o=09878132713104&channel=3f582b&from=pin.php%3Fid%3D1327131-3251%26name%3D%E3%81%B5%E3%82%8B%E3%81%95%E3%81%A8%E7%B4%8D%E7%A8%8E+%E3%80%903%E6%9C%88%E7%99%BA%E9%80%81%E3%80%91%E7%86%9F%E6%88%90%E3%81%BB%E3%81%97%E3%81%84%E3%82%82%E3%80%8C%E5%B3%B0%E3%81%AE%E6%9C%88%E3%80%8D%E5%B9%B3%E5%B9%B2%E3%81%97%E3%83%90%E3%83%A9%E8%A9%B0%E3%82%81%E3%80%802kg%EF%BC%8B100g%C3%972+%E5%B9%B2%E3%81%97%E8%8A%8B%E5%B9%B2%E3%81%97%E8%8A%8B%E5%B9%B2%E3%81%97%E8%8A%8B%E5%B9%B2%E3%81%97%E8%8A%8B%E5%B9%B2%E3%81%97%E8%8A%8B%E5%B9%B2%E3%81%97%E8%8A%8B%E5%B9%B2%E3%81%97%E8%8A%8B%E5%B9%B2%E3%81%97%E8%8A%8B%E5%B9%B2%E3%81%97%E8%8A%8B%E5%B9%B2..+%E8%8C%A8%E5%9F%8E%E7%9C%8C%E9%89%BE%E7%94%B0%E5%B8%82 HTTP/1.1" 200 54443 "-" "Mozilla/5.0 (Linux; Android 6.0.1; Nexus 5X Build/MMB29P) AppleWebKit/537.36 (KHTML, like Gecko) Chrome/135.0.7049.95 Mobile Safari/537.36 (compatible; Googlebot/2.1; +http://www.google.com/bot.html)"
3.229.95.193 - - [29/Apr/2025:17:07:07 -0400] "GET /wp-includes__c454f3a/Requests/library/?NA HTTP/1.1" 200 802 "-" "Mozilla/5.0 AppleWebKit/537.36 (KHTML, like Gecko; compatible; Amazonbot/0.1; +https://developer.amazon.com/support/amazonbot) Chrome/119.0.6045.214 Safari/537.36"
66.249.73.128 - - [29/Apr/2025:17:07:10 -0400] "GET /?o=9204124798901&channel=b55102&from=info.php%3Fid%3D247989-10095%26name%3D%E3%83%89%E3%83%B3%E3%83%9A%E3%83%AA%E3%83%8B%E3%83%A8%E3%83%B3+%E3%83%AB%E3%83%9F%E3%83%8A%E3%82%B9+%E7%99%BD+2004+750ml+12.5%25+Dom+Perignon++%E3%82%B7%E3%83%A3%E3%83%B3%E3%83%91%E3%83%B3%E3%80%90O4%E3%80%91 HTTP/1.1" 200 52802 "-" "Mozilla/5.0 (Linux; Android 6.0.1; Nexus 5X Build/MMB29P) AppleWebKit/537.36 (KHTML, like Gecko) Chrome/135.0.7049.95 Mobile Safari/537.36 (compatible; Googlebot/2.1; +http://www.google.com/bot.html)"
44.207.252.58 - - [29/Apr/2025:17:07:11 -0400] "GET /wp-includes__c454f3a/Text/Diff/Engine/string.php HTTP/1.1" 403 1242 "-" "Mozilla/5.0 AppleWebKit/537.36 (KHTML, like Gecko; compatible; Amazonbot/0.1; +https://developer.amazon.com/support/amazonbot) Chrome/119.0.6045.214 Safari/537.36"
44.207.207.36 - - [29/Apr/2025:17:07:17 -0400] "GET /wp-includes__c454f3a/css/dist/format-library/?ND HTTP/1.1" 200 871 "-" "Mozilla/5.0 AppleWebKit/537.36 (KHTML, like Gecko; compatible; Amazonbot/0.1; +https://developer.amazon.com/support/amazonbot) Chrome/119.0.6045.214 Safari/537.36"
66.249.73.128 - - [29/Apr/2025:17:07:18 -0400] "GET /?o=0979120099602&channel=e41184&from=jp.php%3Fid%3D200996-1024%26name%3D%E3%83%B4%E3%82%A3%E3%82%AF%E3%82%BF%E3%82%B9%E3%82%B9%E3%83%9D%E3%83%BC%E3%83%84%EF%BC%88Victus+Sports%EF%BC%89%EF%BC%88%E3%83%A1%E3%83%B3%E3%82%BA%EF%BC%89%E7%A1%AC%E5%BC%8F%E7%94%A8%E3%83%90%E3%83%83%E3%83%88+%E9%87%8E%E7%90%83+%E4%B8%80%E8%88%AC+%E3%83%95%E3%83%AA%E3%83%83%E3%83%97%E3%83%90%E3%83%83%E3%83%88+VRWMJFLIP-ND%2FCH-33 HTTP/1.1" 200 53877 "-" "Mozilla/5.0 (Linux; Android 6.0.1; Nexus 5X Build/MMB29P) AppleWebKit/537.36 (KHTML, like Gecko) Chrome/135.0.7049.95 Mobile Safari/537.36 (compatible; Googlebot/2.1; +http://www.google.com/bot.html)"
34.206.249.188 - - [29/Apr/2025:17:07:20 -0400] "GET /wp-includes__c454f3a/sodium_compat/src/PHP52/SplFixedArray.php HTTP/1.1" 403 1242 "-" "Mozilla/5.0 AppleWebKit/537.36 (KHTML, like Gecko; compatible; Amazonbot/0.1; +https://developer.amazon.com/support/amazonbot) Chrome/119.0.6045.214 Safari/537.36"
172.190.230.70 - - [29/Apr/2025:17:07:23 -0400] "GET /wp-content/uploads/2023/11/BOCORAN-TOGEL-TOTO-MACAU-22.00-20-150x150.jpg HTTP/1.1" 200 0 "-" "Mozilla/5.0 (Windows NT 10.0; Win64; x64) AppleWebKit/537.36 (KHTML, like Gecko) Chrome/109.0.0.0 Safari/537.36"
172.190.230.70 - - [29/Apr/2025:17:07:23 -0400] "GET /wp-content/uploads/2023/11/BOCORAN-TOGEL-TOTO-MACAU-22.00-20-150x150.jpg HTTP/1.1" 200 0 "-" "Mozilla/5.0 (Windows NT 10.0; Win64; x64) AppleWebKit/537.36 (KHTML, like Gecko) Chrome/109.0.0.0 Safari/537.36"
52.70.209.13 - - [29/Apr/2025:17:07:24 -0400] "GET /wp-includes__c454f3a/SimplePie/library/SimplePie/Exception.php HTTP/1.1" 403 1242 "-" "Mozilla/5.0 AppleWebKit/537.36 (KHTML, like Gecko; compatible; Amazonbot/0.1; +https://developer.amazon.com/support/amazonbot) Chrome/119.0.6045.214 Safari/537.36"
172.190.230.70 - - [29/Apr/2025:17:07:24 -0400] "GET /wp-content/uploads/2023/11/BOCORAN-TOGEL-TOTO-MACAU-22.00-20-150x150.jpg HTTP/1.1" 200 0 "-" "Mozilla/5.0 (Windows NT 10.0; Win64; x64) AppleWebKit/537.36 (KHTML, like Gecko) Chrome/109.0.0.0 Safari/537.36"
66.249.73.128 - - [29/Apr/2025:17:07:28 -0400] "GET /?o=1908240103201&channel=e1083c&from=brands.php%3Fid%3D401032-2058%26name%3DFigure+of+Speech+S%E3%80%81M%E3%80%80hiro%E6%A7%98%E5%B0%82%E7%94%A8 HTTP/1.1" 200 53942 "-" "Mozilla/5.0 (Linux; Android 6.0.1; Nexus 5X Build/MMB29P) AppleWebKit/537.36 (KHTML, like Gecko) Chrome/135.0.7049.95 Mobile Safari/537.36 (compatible; Googlebot/2.1; +http://www.google.com/bot.html)"
18.211.148.239 - - [29/Apr/2025:17:07:28 -0400] "GET /wp-includes__c454f3a/sodium_compat/src/Core/XChaCha20.php HTTP/1.1" 403 1242 "-" "Mozilla/5.0 AppleWebKit/537.36 (KHTML, like Gecko; compatible; Amazonbot/0.1; +https://developer.amazon.com/support/amazonbot) Chrome/119.0.6045.214 Safari/537.36"
172.190.230.70 - - [29/Apr/2025:17:07:29 -0400] "GET /wp-content/uploads/2023/11/BOCORAN-TOGEL-BEIJING-28-150x150.jpg HTTP/1.1" 200 0 "-" "Mozilla/5.0 (Windows NT 10.0; Win64; x64) AppleWebKit/537.36 (KHTML, like Gecko) Chrome/109.0.0.0 Safari/537.36"
172.190.230.70 - - [29/Apr/2025:17:07:29 -0400] "GET /wp-content/uploads/2023/11/BOCORAN-TOGEL-BEIJING-28-150x150.jpg HTTP/1.1" 200 0 "-" "Mozilla/5.0 (Windows NT 10.0; Win64; x64) AppleWebKit/537.36 (KHTML, like Gecko) Chrome/109.0.0.0 Safari/537.36"
172.190.230.70 - - [29/Apr/2025:17:07:30 -0400] "GET /wp-content/uploads/2023/11/BOCORAN-TOGEL-BEIJING-28-150x150.jpg HTTP/1.1" 200 0 "-" "Mozilla/5.0 (Windows NT 10.0; Win64; x64) AppleWebKit/537.36 (KHTML, like Gecko) Chrome/109.0.0.0 Safari/537.36"
3.223.181.32 - - [29/Apr/2025:17:07:32 -0400] "GET /wp-includes__c454f3a/SimplePie/library/SimplePie/Misc.php HTTP/1.1" 403 1242 "-" "Mozilla/5.0 AppleWebKit/537.36 (KHTML, like Gecko; compatible; Amazonbot/0.1; +https://developer.amazon.com/support/amazonbot) Chrome/119.0.6045.214 Safari/537.36"
66.249.73.128 - - [29/Apr/2025:17:07:35 -0400] "GET /?o=17230120436303&channel=9f2ca1&from=news.php%3Fid%3D1204363-11392%26name%3D%E3%81%8B%E3%81%8E%E9%87%9D%E7%B7%A8%E3%81%BF+%E3%82%AF%E3%83%83%E3%82%B7%E3%83%A7%E3%83%B3%E3%82%AB%E3%83%90%E3%83%BC+%E3%82%B3%E3%83%83%E3%83%88%E3%83%B3+%E3%82%B0%E3%83%AC%E3%83%BC HTTP/1.1" 200 54704 "-" "Mozilla/5.0 (Linux; Android 6.0.1; Nexus 5X Build/MMB29P) AppleWebKit/537.36 (KHTML, like Gecko) Chrome/135.0.7049.95 Mobile Safari/537.36 (compatible; Googlebot/2.1; +http://www.google.com/bot.html)"
66.249.73.128 - - [29/Apr/2025:17:07:41 -0400] "GET /?o=79107126090801&channel=817d9e&from=product.php%3Fid%3D1260908-13697%26name%3D%E3%82%A2%E3%82%A4%E3%83%AA%E3%82%B9%E3%82%AA%E3%83%BC%E3%83%A4%E3%83%9E+IJD-I50+%E7%A8%BC%E5%83%8D%E5%93%81%E3%80%80%E3%80%80%E3%80%80%E3%80%80%E3%80%80%E3%80%80054 HTTP/1.1" 200 52577 "-" "Mozilla/5.0 (Linux; Android 6.0.1; Nexus 5X Build/MMB29P) AppleWebKit/537.36 (KHTML, like Gecko) Chrome/135.0.7049.95 Mobile Safari/537.36 (compatible; Googlebot/2.1; +http://www.google.com/bot.html)"
66.249.73.128 - - [29/Apr/2025:17:07:43 -0400] "GET /?o=5179836379023&channel=fb972b&from=category-info.php%3Fid%3D363790-4467%26name%3D%E3%82%B5%E3%83%B3%E3%83%80%E3%83%AB+%E3%83%9D%E3%82%A4%E3%83%B3%E3%83%86%E3%83%83%E3%83%89%E3%83%88%E3%82%A5+%E3%83%93%E3%82%B8%E3%83%A5%E3%83%BC%E3%83%99%E3%83%AB%E3%83%88+%E3%83%9F%E3%83%A5%E3%83%BC%E3%83%AB+%E3%83%AC%E3%83%87%E3%82%A3%E3%83%BC%E3%82%B9 HTTP/1.1" 200 52222 "-" "Mozilla/5.0 (Linux; Android 6.0.1; Nexus 5X Build/MMB29P) AppleWebKit/537.36 (KHTML, like Gecko) Chrome/135.0.7049.95 Mobile Safari/537.36 (compatible; Googlebot/2.1; +http://www.google.com/bot.html)"
66.249.73.129 - - [29/Apr/2025:17:07:49 -0400] "GET /?o=10337138800408&channel=4f4017&from=info.php%3Fid%3D1388004-2091%26name%3D%E7%BE%8E%E5%93%81%E2%97%87BARK+x+United+Arrows+%E3%83%80%E3%83%83%E3%83%95%E3%83%AB%E3%83%8B%E3%83%83%E3%83%88%E3%82%B5%E3%82%A4%E3%82%BA+XS HTTP/1.1" 200 54113 "-" "Mozilla/5.0 (Linux; Android 6.0.1; Nexus 5X Build/MMB29P) AppleWebKit/537.36 (KHTML, like Gecko) Chrome/135.0.7049.95 Mobile Safari/537.36 (compatible; Googlebot/2.1; +http://www.google.com/bot.html)"
172.190.230.70 - - [29/Apr/2025:17:07:54 -0400] "GET /wp-content/uploads/2023/11/BOCORAN-TOGEL-TOTO-MACAU-22.00-22-150x150.jpg HTTP/1.1" 200 0 "-" "Mozilla/5.0 (Windows NT 10.0; Win64; x64) AppleWebKit/537.36 (KHTML, like Gecko) Chrome/109.0.0.0 Safari/537.36"
172.190.230.70 - - [29/Apr/2025:17:07:55 -0400] "GET /wp-content/uploads/2023/11/BOCORAN-TOGEL-TOTO-MACAU-22.00-22-150x150.jpg HTTP/1.1" 200 0 "-" "Mozilla/5.0 (Windows NT 10.0; Win64; x64) AppleWebKit/537.36 (KHTML, like Gecko) Chrome/109.0.0.0 Safari/537.36"
66.249.73.128 - - [29/Apr/2025:17:07:55 -0400] "GET /?o=0580314088805&channel=d126ee&from=article.php%3Fid%3D140888-8702%26name%3D%E7%84%A1%E5%8D%B0%E8%89%AF%E5%93%81++%E3%82%A8%E3%83%83%E3%82%BB%E3%83%B3%E3%82%B7%E3%83%A3%E3%83%AB%E3%82%AA%E3%82%A4%E3%83%AB++5%E6%9C%AC%E3%82%BB%E3%83%83%E3%83%88 HTTP/1.1" 200 54975 "-" "Mozilla/5.0 (Linux; Android 6.0.1; Nexus 5X Build/MMB29P) AppleWebKit/537.36 (KHTML, like Gecko) Chrome/135.0.7049.95 Mobile Safari/537.36 (compatible; Googlebot/2.1; +http://www.google.com/bot.html)"
172.190.230.70 - - [29/Apr/2025:17:07:55 -0400] "GET /wp-content/uploads/2023/11/BOCORAN-TOGEL-TOTO-MACAU-22.00-22-150x150.jpg HTTP/1.1" 200 0 "-" "Mozilla/5.0 (Windows NT 10.0; Win64; x64) AppleWebKit/537.36 (KHTML, like Gecko) Chrome/109.0.0.0 Safari/537.36"
66.249.73.129 - - [29/Apr/2025:17:08:04 -0400] "GET /?o=7048996979203&channel=cb9ed6&from=category-info.php%3Fid%3D969792-10119%26name%3D%5BUIN%5D%E8%B6%85%E8%BB%BD%E9%87%8F+%E3%82%A2%E3%83%BC%E3%83%88%E3%82%B7%E3%83%A5%E3%83%BC%E3%82%BA+%E3%82%B9%E3%83%AA%E3%83%83%E3%83%91+%E3%83%AC%E3%83%87%E3%82%A3%E3%83%BC%E3%82%B9+%E3%83%A1%E3%83%B3%E3%82%BA+%E3%83%AB%E3%83%BC%E3%83%A0%E3%82%B7%E3%83%A5%E3%83%BC%E3%82%BA+%E6%98%A5%E5%A4%8F+%E5%AE%A4%E5%86%85+%E5%AE%A4%E5%A4%96+%E3%82%B5%E3%83%B3%E3%83%80%E3%83%AB+%E6%AD%A9%E3%81%8D%E3%82%84%E3%81%99%E3%81%84 HTTP/1.1" 200 52395 "-" "Mozilla/5.0 (Linux; Android 6.0.1; Nexus 5X Build/MMB29P) AppleWebKit/537.36 (KHTML, like Gecko) Chrome/135.0.7049.95 Mobile Safari/537.36 (compatible; Googlebot/2.1; +http://www.google.com/bot.html)"
66.249.73.128 - - [29/Apr/2025:17:08:09 -0400] "GET /?o=04203171352500&channel=1b445e&from=category-info.php%3Fid%3D1713525-27660%26name%3DSK+hynix+SO-DIMM+16Gx2%E6%9E%9A%E3%82%BB%E3%83%83%E3%83%88DDR4+PC4-2400T HTTP/1.1" 200 52455 "-" "Mozilla/5.0 (Linux; Android 6.0.1; Nexus 5X Build/MMB29P) AppleWebKit/537.36 (KHTML, like Gecko) Chrome/135.0.7049.95 Mobile Safari/537.36 (compatible; Googlebot/2.1; +http://www.google.com/bot.html)"
66.249.73.128 - - [29/Apr/2025:17:08:12 -0400] "GET /?o=79059121542600&channel=dd5134&from=pin.php%3Fid%3D1215426-18738%26name%3D%E3%80%90%E4%B8%AD%E5%8F%A4%E3%80%91+%E3%83%91%E3%83%8A%E3%82%BD%E3%83%8B%E3%83%83%E3%82%AF+%E3%83%9F%E3%83%A9%E3%83%BC%E3%83%AC%E3%82%B9%E4%B8%80%E7%9C%BC%E3%82%AB%E3%83%A1%E3%83%A9+%E3%83%AB%E3%83%9F%E3%83%83%E3%82%AF%E3%82%B9+GX7+%E3%83%AC%E3%83%B3%E3%82%BA%E3%82%AD%E3%83%83%E3%83%88+%E5%8D%98%E7%84%A6%E7%82%B9%E3%83%AC%E3%83%B3%E3%82%BA%E4%BB%98%E5%B1%9E+%E3%83%96%E3%83%A9%E3%83%83%E3%82%AF+DMC-GX HTTP/1.1" 200 56768 "-" "Mozilla/5.0 (Linux; Android 6.0.1; Nexus 5X Build/MMB29P) AppleWebKit/537.36 (KHTML, like Gecko) Chrome/135.0.7049.114 Mobile Safari/537.36 (compatible; Googlebot/2.1; +http://www.google.com/bot.html)"
66.249.73.128 - - [29/Apr/2025:17:08:13 -0400] "GET /?o=2311929293702&channel=383965&from=form.php%3Fid%3D292937-5177%26name%3D%E3%83%8F%E3%82%AF%E3%83%90%E3%80%80%E3%83%9E%E3%83%AB%E3%83%81%E3%83%A2%E3%83%BC%E3%83%89+%E3%83%90%E3%83%83%E3%82%AF%E3%83%91%E3%83%83%E3%82%AF+20+%28+%E3%83%AA%E3%83%A5%E3%83%83%E3%82%AF+20L+%29+GW-PRO%E3%80%80SGWP23-MMBP20 HTTP/1.1" 200 53466 "-" "Mozilla/5.0 (Linux; Android 6.0.1; Nexus 5X Build/MMB29P) AppleWebKit/537.36 (KHTML, like Gecko) Chrome/135.0.7049.95 Mobile Safari/537.36 (compatible; Googlebot/2.1; +http://www.google.com/bot.html)"
172.190.230.70 - - [29/Apr/2025:17:08:12 -0400] "GET /wp-content/uploads/2023/11/BOCORAN-TOGEL-TOTO-MACAU-22.00-21-150x150.jpg HTTP/1.1" 200 0 "-" "Mozilla/5.0 (Windows NT 10.0; Win64; x64) AppleWebKit/537.36 (KHTML, like Gecko) Chrome/109.0.0.0 Safari/537.36"
172.190.230.70 - - [29/Apr/2025:17:08:13 -0400] "GET /wp-content/uploads/2023/11/BOCORAN-TOGEL-TOTO-MACAU-22.00-21-150x150.jpg HTTP/1.1" 200 0 "-" "Mozilla/5.0 (Windows NT 10.0; Win64; x64) AppleWebKit/537.36 (KHTML, like Gecko) Chrome/109.0.0.0 Safari/537.36"
172.190.230.70 - - [29/Apr/2025:17:08:14 -0400] "GET /wp-content/uploads/2023/11/BOCORAN-TOGEL-TOTO-MACAU-22.00-21-150x150.jpg HTTP/1.1" 200 0 "-" "Mozilla/5.0 (Windows NT 10.0; Win64; x64) AppleWebKit/537.36 (KHTML, like Gecko) Chrome/109.0.0.0 Safari/537.36"
66.249.73.128 - - [29/Apr/2025:17:08:18 -0400] "GET /?o=91572158405800&channel=2a1885&from=category-info.php%3Fid%3D1584058-2162%26name%3D%E3%80%90%E6%96%B0%E5%93%81%E3%80%9124.5cm+%E3%82%B3%E3%83%B3%E3%83%90%E3%83%BC%E3%82%B9+%E3%83%81%E3%83%A3%E3%83%83%E3%82%AF%E3%83%86%E3%82%A4%E3%83%A9%E3%83%BC+ct70+%E4%B8%89%E3%81%A4%E6%98%9F HTTP/1.1" 200 54432 "-" "Mozilla/5.0 (Linux; Android 6.0.1; Nexus 5X Build/MMB29P) AppleWebKit/537.36 (KHTML, like Gecko) Chrome/135.0.7049.114 Mobile Safari/537.36 (compatible; Googlebot/2.1; +http://www.google.com/bot.html)"
66.249.73.128 - - [29/Apr/2025:17:08:21 -0400] "GET /?o=11299139053203&channel=0480a5&from=shop.php%3Fid%3D1390532-9025%26name%3D%E5%A3%81%E5%AF%84TV%E3%82%B9%E3%82%BF%E3%83%B3%E3%83%89%E3%80%80%E3%83%8F%E3%83%A4%E3%83%9F%E3%80%80KF-260W%E3%80%80%E3%83%AA%E3%83%A6%E3%83%BC%E3%82%B9%E5%93%81 HTTP/1.1" 200 54959 "-" "Mozilla/5.0 (Linux; Android 6.0.1; Nexus 5X Build/MMB29P) AppleWebKit/537.36 (KHTML, like Gecko) Chrome/135.0.7049.95 Mobile Safari/537.36 (compatible; Googlebot/2.1; +http://www.google.com/bot.html)"
66.249.73.128 - - [29/Apr/2025:17:08:27 -0400] "GET /?o=02697169384104&channel=88a573&from=form.php%3Fid%3D1693841-32%26name%3DUSB%E3%82%AB%E3%83%BC%E3%83%89%E3%83%AA%E3%83%BC%E3%83%80%E3%83%BC%E3%82%AD%E3%83%83%E3%83%88+-+%E9%9B%BB%E5%AD%90USB+TF%E3%82%AB%E3%83%BC%E3%83%89%E3%83%AA%E3%83%BC%E3%83%80%E3%83%BC%E3%80%81%E3%82%B1%E3%83%BC%E3%82%B9%E4%BB%98%E3%81%8D%E3%81%AE%E9%9B%BB%E8%A9%B1%E3%81%AE%E3%82%AB%E3%83%BC%E3%83%89%E3%83%AA%E3%83%BC%E3%83%80%E3%83%BC%7C%E3%82%AB%E3%83%A1%E3%83%A9%E3%80%81%E3%82%BF%E3%83%96%E3%83%AC%E3%83%83%E3%83%88%E3%80%81%E6%90%BA%E5%B8%AF%E9%9B%BB%E8%A9%B1%E7%94%A8%E3%81%AE%E5%B1%8B HTTP/1.1" 200 53169 "-" "Mozilla/5.0 (Linux; Android 6.0.1; Nexus 5X Build/MMB29P) AppleWebKit/537.36 (KHTML, like Gecko) Chrome/135.0.7049.95 Mobile Safari/537.36 (compatible; Googlebot/2.1; +http://www.google.com/bot.html)"
66.249.73.128 - - [29/Apr/2025:17:08:33 -0400] "GET /?o=13391186724804&channel=69aae0&from=form.php%3Fid%3D1867248-18178%26name%3DD+%E3%83%87%E3%82%A4+80+%E5%91%A8%E5%B9%B4%E8%A8%98%E5%BF%B5%E3%82%B3%E3%82%A4%E3%83%B3%E3%80%81%E3%83%8F%E3%83%83%E3%83%94%E3%83%BC%E3%82%A2%E3%83%8B%E3%83%90%E3%83%BC%E3%82%B5%E3%83%AA%E3%83%BC%E3%82%B3%E3%82%A4%E3%83%B3%2CD+%E3%83%87%E3%82%A4+80+%E5%91%A8%E5%B9%B4%E8%A8%98%E5%BF%B5%E3%83%8E%E3%83%AB%E3%83%9E%E3%83%B3%E3%83%87%E3%82%A3%E3%83%BC+-+D+%E3%83%87%E3%83%BC+80+%E5%91%A8%E5%B9%B4%E3%83%8E%E3%83%AB%E3%83%9E HTTP/1.1" 200 54454 "-" "Mozilla/5.0 (Linux; Android 6.0.1; Nexus 5X Build/MMB29P) AppleWebKit/537.36 (KHTML, like Gecko) Chrome/135.0.7049.95 Mobile Safari/537.36 (compatible; Googlebot/2.1; +http://www.google.com/bot.html)"
66.249.73.129 - - [29/Apr/2025:17:08:41 -0400] "GET /?o=2864717376803&channel=239c05&from=product.php%3Fid%3D173768-5338%26name%3D%E3%80%90%E6%96%B0%E5%93%81%E3%80%91%E3%82%B8%E3%83%AB%E3%83%90%E3%82%A4%E3%82%B8%E3%83%AB%E3%82%B9%E3%83%81%E3%83%A5%E3%82%A2%E3%83%BC%E3%83%88+%E3%83%95%E3%83%AA%E3%83%AB%E3%83%88%E3%83%BC%E3%83%88%E3%83%90%E3%83%83%E3%82%B0%28%E5%B0%8F%29%C2%A0+%E3%83%96%E3%83%A9%E3%83%83%E3%82%AF HTTP/1.1" 200 52222 "-" "Mozilla/5.0 (Linux; Android 6.0.1; Nexus 5X Build/MMB29P) AppleWebKit/537.36 (KHTML, like Gecko) Chrome/135.0.7049.95 Mobile Safari/537.36 (compatible; Googlebot/2.1; +http://www.google.com/bot.html)"
52.167.144.185 - - [29/Apr/2025:17:08:48 -0400] "GET /?o=92866166016402&channel=c3b076&from=goods.php%3Fid%3D1660164-11078%26name%3D%E6%BB%91%E3%82%8A%E6%AD%A2%E3%82%81%E3%83%81%E3%82%A7%E3%83%BC%E3%83%B3%E3%83%90%E3%83%83%E3%82%B0%E3%82%B7%E3%83%A7%E3%83%AB%E3%83%80%E3%83%BC%E3%83%91%E3%83%83%E3%83%89+-+22.4+x+2.5+cm+PU+%E3%83%AF%E3%82%A4%E3%83%89%E3%82%B9%E3%83%88%E3%83%A9%E3%83%83%E3%83%97+%E3%82%AF%E3%83%83%E3%82%B7%E3%83%A7%E3%83%B3%E3%83%91%E3%83%83%E3%83%89+%E3%83%81%E3%82%A7%E3%83%BC%E3%83%B3+%E3%82%B7%E3%83%A7%E3%83%83%E3%83%94 HTTP/1.1" 200 0 "-" "Mozilla/5.0 AppleWebKit/537.36 (KHTML, like Gecko; compatible; bingbot/2.0; +http://www.bing.com/bingbot.htm) Chrome/116.0.1938.76 Safari/537.36"
66.249.73.129 - - [29/Apr/2025:17:08:48 -0400] "GET /?o=3229215540213&channel=32baac&from=product.php%3Fid%3D155402-1509%26name%3D%E3%82%BF%E3%83%95%E3%82%BF%E3%82%AE%E3%83%A3%E3%82%B6%E3%83%BC%E3%82%B7%E3%83%A3%E3%83%84 HTTP/1.1" 200 52746 "-" "Mozilla/5.0 (Linux; Android 6.0.1; Nexus 5X Build/MMB29P) AppleWebKit/537.36 (KHTML, like Gecko) Chrome/135.0.7049.95 Mobile Safari/537.36 (compatible; Googlebot/2.1; +http://www.google.com/bot.html)"
66.249.73.128 - - [29/Apr/2025:17:08:56 -0400] "GET /?o=40295148745008&channel=ea9722&from=blog.php%3Fid%3D1487450-60%26name%3Dmontbell+%E3%83%A2%E3%83%B3%E3%83%99%E3%83%AB+%E3%82%B9%E3%82%AD%E3%83%BC+%E3%82%B9%E3%83%8E%E3%83%BC+%E3%82%A6%E3%82%A7%E3%82%A2+%E5%86%AC+100+%E3%83%94%E3%83%B3%E3%82%AF+%E3%82%A2%E3%82%A6%E3%82%BF%E3%83%BC HTTP/1.1" 200 52696 "-" "Mozilla/5.0 (Linux; Android 6.0.1; Nexus 5X Build/MMB29P) AppleWebKit/537.36 (KHTML, like Gecko) Chrome/135.0.7049.95 Mobile Safari/537.36 (compatible; Googlebot/2.1; +http://www.google.com/bot.html)"
66.249.73.129 - - [29/Apr/2025:17:09:06 -0400] "GET /?o=7538863014002&channel=e563d5&from=shared.php%3Fid%3D630140-17443%26name%3D%E3%82%B5%E3%82%A4%E3%83%89%E3%82%A6%E3%82%A9%E3%83%BC%E3%83%AB%E3%83%95%E3%82%A9%E3%83%BC%E3%83%91%E3%83%BC%E3%83%86%E3%82%A3%E3%83%BC%E3%82%B7%E3%82%A7%E3%83%BC%E3%83%89360%E3%80%80%E3%82%B5%E3%82%A4%E3%83%89%E3%82%A6%E3%82%A9%E3%83%BC%E3%83%AB%E3%80%80%E3%82%BF%E3%83%BC%E3%83%97%E3%83%86%E3%83%B3%E3%83%88 HTTP/1.1" 200 52867 "-" "Mozilla/5.0 (Linux; Android 6.0.1; Nexus 5X Build/MMB29P) AppleWebKit/537.36 (KHTML, like Gecko) Chrome/135.0.7049.95 Mobile Safari/537.36 (compatible; Googlebot/2.1; +http://www.google.com/bot.html)"
52.167.144.185 - - [29/Apr/2025:17:09:08 -0400] "GET /?o=29365157807706&channel=435e0a&from=product.php%3Fid%3D1578077-6359%26name%3D%E3%82%BF%E3%82%A4%E3%83%A4%E3%82%AB%E3%83%90%E3%83%BC+%E5%BA%83%E5%B3%B6+%E6%9D%B1%E6%B4%8B%E3%82%AB%E3%83%BC%E3%83%97+%E3%82%BF%E3%82%A4%E3%83%A4%E3%83%88%E3%83%BC%E3%83%88+%E3%82%BF%E3%82%A4%E3%83%A4%E3%83%90%E3%83%83%E3%82%B0+%E3%82%BF%E3%82%A4%E3%83%A4%E5%8F%8E%E7%B4%8D+%E3%82%B9%E3%83%9A%E3%82%A2%E3%82%BF%E3%82%A4%E3%83%A4%E3%82%AB%E3%83%90%E3%83%BC+%E3%82%BF%E3%82%A4%E3%83%A4%E4%BF%9D%E7%AE%A1%E3%82%AB%E3%83%90%E3%83%BC+%E4%BF%9D%E8%AD%B7%E3%82%AB%E3%83%90%E3%83%BC+%E9%98%B2%E6%B0%B4+%E9%98%B2%E5%A1%B5 HTTP/1.1" 200 0 "-" "Mozilla/5.0 AppleWebKit/537.36 (KHTML, like Gecko; compatible; bingbot/2.0; +http://www.bing.com/bingbot.htm) Chrome/116.0.1938.76 Safari/537.36"
66.249.73.128 - - [29/Apr/2025:17:09:09 -0400] "GET /?o=27194108805807&channel=b048fc&from=pin.php%3Fid%3D1088058-21479%26name%3D%E5%85%A8%E8%87%AA%E5%8B%95%E9%BA%BB%E9%9B%80%E5%8D%93+%E6%8A%98%E3%82%8A%E3%81%9F%E3%81%9F%E3%81%BF+%E3%83%87%E3%82%B8%E3%82%BF%E3%83%AB%E7%82%B9%E6%A3%92%E8%A8%88%E7%AE%97+%E3%82%AC%E3%83%A9%E3%82%B9%E8%A3%BD%E8%84%9A+%E3%82%B4%E3%83%BC%E3%83%AB%E3%83%89+2138 HTTP/1.1" 200 52449 "-" "Mozilla/5.0 (Linux; Android 6.0.1; Nexus 5X Build/MMB29P) AppleWebKit/537.36 (KHTML, like Gecko) Chrome/135.0.7049.95 Mobile Safari/537.36 (compatible; Googlebot/2.1; +http://www.google.com/bot.html)"
66.249.73.128 - - [29/Apr/2025:17:09:17 -0400] "GET /?o=6270845299205&channel=4c1305&from=article.php%3Fid%3D452992-16282%26name%3DHULSH+%E3%83%AC%E3%82%B6%E3%83%BC%E3%83%A1%E3%83%83%E3%82%BB%E3%83%B3%E3%82%B8%E3%83%A3%E3%83%BC%E3%83%90%E3%83%83%E3%82%B0+%E3%83%A1%E3%83%B3%E3%82%BA+18%E3%82%A4%E3%83%B3%E3%83%81+%E3%83%B4%E3%82%A3%E3%83%B3%E3%83%86%E3%83%BC%E3%82%B8+%E3%83%8F%E3%83%B3%E3%83%89%E3%83%A1%E3%82%A4%E3%83%89+%E6%9C%AC%E9%9D%A9+%E3%83%8E%E3%83%BC%E3%83%88%E3%83%91%E3%82%BD%E3%82%B3%E3%83%B3%E3%83%90%E3%83%83%E3%82%B0+-+18%E3%82%A4%E3%83%B3%E3%83%81%E3%81%BE HTTP/1.1" 200 53303 "-" "Mozilla/5.0 (Linux; Android 6.0.1; Nexus 5X Build/MMB29P) AppleWebKit/537.36 (KHTML, like Gecko) Chrome/135.0.7049.95 Mobile Safari/537.36 (compatible; Googlebot/2.1; +http://www.google.com/bot.html)"
40.77.167.255 - - [29/Apr/2025:17:09:20 -0400] "GET /?o=1998739988300&channel=11d99f&from=shop.php%3Fid%3D399883-15411%26name%3D%E5%BC%81%E5%BD%93%E7%AE%B1+%E3%83%AC%E3%83%B3%E3%82%B8%E5%AF%BE%E5%BF%9C+%E9%A3%9F%E6%B4%97%E6%A9%9F%E5%AF%BE%E5%BF%9C+2%E6%AE%B5+%E3%82%B9%E3%83%AA%E3%83%A0+%E5%A5%B3%E5%AD%90+%E5%A4%A7%E4%BA%BA+%E5%AD%90%E4%BE%9B+640ml+%E6%97%A5%E6%9C%AC%E8%A3%BD+%E6%8A%97%E8%8F%8C+OSK+%E3%81%8A%E3%81%97%E3%82%83%E3%82%8C+%E4%B8%AD%E5%AD%A6%E7%94%9F+%E5%A5%B3%E6%80%A7+%E5%A4%A7%E5%AE%B9%E9%87%8F+%E9%80%9A%E5%8B%A4+%E5%B0%8F%E5%AD%A6%E6%A0%A1 HTTP/1.1" 200 0 "-" "Mozilla/5.0 AppleWebKit/537.36 (KHTML, like Gecko; compatible; bingbot/2.0; +http://www.bing.com/bingbot.htm) Chrome/116.0.1938.76 Safari/537.36"
66.249.73.128 - - [29/Apr/2025:17:09:23 -0400] "GET /?o=27900193492307&channel=6a7a3a&from=form.php%3Fid%3D1934923-27012%26name%3D%E3%82%B5%E3%83%B3%E3%83%89%E3%83%96%E3%83%AA%E3%83%83%E3%82%AF%E3%83%84%E3%83%BC%E3%83%AB%E3%82%AD%E3%83%83%E3%82%BA%E3%83%90%E3%83%BC%E3%82%B9%E3%83%87%E3%83%BC%E3%82%AE%E3%83%95%E3%83%88 HTTP/1.1" 200 53065 "-" "Mozilla/5.0 (Linux; Android 6.0.1; Nexus 5X Build/MMB29P) AppleWebKit/537.36 (KHTML, like Gecko) Chrome/135.0.7049.95 Mobile Safari/537.36 (compatible; Googlebot/2.1; +http://www.google.com/bot.html)"
66.249.73.128 - - [29/Apr/2025:17:09:30 -0400] "GET /?o=7322291091000&channel=eff1cb&from=product.php%3Fid%3D910910-6041%26name%3D%E3%83%87%E3%82%A3%E3%82%AA%E3%83%BC%E3%83%AB+Dior+%E3%83%A9%E3%82%A4%E3%83%B3%E3%82%B9%E3%83%88%E3%83%BC%E3%83%B3+%E3%83%8D%E3%83%83%E3%82%AF%E3%83%AC%E3%82%B9 HTTP/1.1" 200 53587 "-" "Mozilla/5.0 (Linux; Android 6.0.1; Nexus 5X Build/MMB29P) AppleWebKit/537.36 (KHTML, like Gecko) Chrome/135.0.7049.95 Mobile Safari/537.36 (compatible; Googlebot/2.1; +http://www.google.com/bot.html)"
66.249.73.128 - - [29/Apr/2025:17:09:37 -0400] "GET /?o=912242136802&channel=af37aa&from=blog.php%3Fid%3D21368-1094%26name%3D%E3%82%A8%E3%83%AB%E3%83%A1%E3%82%B9+HERMES+%E3%82%AC%E3%83%BC%E3%83%87%E3%83%B3%E3%83%95%E3%82%A1%E3%82%A4%E3%83%ABMM+Z%E5%88%BB+%E3%83%8D%E3%82%A4%E3%83%93%E3%83%BC%2F%E3%83%96%E3%83%A9%E3%83%83%E3%82%AF+%E3%82%B7%E3%83%AB%E3%83%90%E3%83%BC%E9%87%91%E5%85%B7+%E3%83%88%E3%83%AF%E3%83%AB%E3%83%9F%E3%83%AA%E3%82%BF%E3%83%AA%E3%83%BC%2F%E3%83%8D%E3%82%B4%E3%83%B3%E3%83%80+%E3%83%A1%E3%83%B3%E3%82%BA+%E3%83%88%E3%83%BC%E3%83%88%E3%83%90%E3%83%83%E3%82%B0%E3%80%90%E4%B8%AD%E5%8F%A4%E3%80%91 HTTP/1.1" 200 54248 "-" "Mozilla/5.0 (Linux; Android 6.0.1; Nexus 5X Build/MMB29P) AppleWebKit/537.36 (KHTML, like Gecko) Chrome/135.0.7049.95 Mobile Safari/537.36 (compatible; Googlebot/2.1; +http://www.google.com/bot.html)"
66.249.73.128 - - [29/Apr/2025:17:09:44 -0400] "GET /?o=01172148540206&channel=f18011&from=info.php%3Fid%3D1485402-22448%26name%3DVILLCASE+1+%E3%82%BB%E3%83%83%E3%83%88%E3%81%AE%E3%83%90%E3%83%83%E3%82%B8%E5%9B%BA%E5%AE%9A%E3%83%90%E3%83%83%E3%82%AF%E3%83%AB%E3%82%BB%E3%83%83%E3%83%88%E5%88%B6%E6%9C%8D%E3%83%90%E3%83%83%E3%82%B8%E5%9B%BA%E5%AE%9A%E5%85%B7%E8%A1%A3%E8%A3%85%E3%83%90%E3%83%83%E3%82%B8%E3%83%90%E3%83%83%E3%82%AF%E3%83%AB%E3%81%A8%E3%82%AF%E3%83%AA%E3%83%83%E3%83%97%E5%88%B6%E6%9C%8D%E3%82%A2%E3%82%AF%E3%82%BB%E3%82%B5%E3%83%AA%E3%83%BC HTTP/1.1" 200 54474 "-" "Mozilla/5.0 (Linux; Android 6.0.1; Nexus 5X Build/MMB29P) AppleWebKit/537.36 (KHTML, like Gecko) Chrome/135.0.7049.95 Mobile Safari/537.36 (compatible; Googlebot/2.1; +http://www.google.com/bot.html)"
172.190.230.70 - - [29/Apr/2025:17:09:48 -0400] "GET /wp-content/uploads/2023/11/BOCORAN-TOGEL-TOTO-MACAU-00.00-18-150x150.jpg HTTP/1.1" 200 0 "-" "Mozilla/5.0 (Windows NT 10.0; Win64; x64) AppleWebKit/537.36 (KHTML, like Gecko) Chrome/109.0.0.0 Safari/537.36"
172.190.230.70 - - [29/Apr/2025:17:09:48 -0400] "GET /wp-content/uploads/2023/11/BOCORAN-TOGEL-TOTO-MACAU-00.00-18-150x150.jpg HTTP/1.1" 200 0 "-" "Mozilla/5.0 (Windows NT 10.0; Win64; x64) AppleWebKit/537.36 (KHTML, like Gecko) Chrome/109.0.0.0 Safari/537.36"
172.190.230.70 - - [29/Apr/2025:17:09:49 -0400] "GET /wp-content/uploads/2023/11/BOCORAN-TOGEL-TOTO-MACAU-00.00-18-150x150.jpg HTTP/1.1" 200 0 "-" "Mozilla/5.0 (Windows NT 10.0; Win64; x64) AppleWebKit/537.36 (KHTML, like Gecko) Chrome/109.0.0.0 Safari/537.36"
66.249.73.128 - - [29/Apr/2025:17:09:51 -0400] "GET /?o=68184131987201&channel=41bccf&from=brands.php%3Fid%3D1319872-24700%26name%3Dshiro+%E3%83%9C%E3%83%87%E3%82%A3%E3%82%B3%E3%83%AD%E3%83%B3+%E4%B8%89%E6%9C%AC%E3%82%BB%E3%83%83%E3%83%88 HTTP/1.1" 200 53304 "-" "Mozilla/5.0 (Linux; Android 6.0.1; Nexus 5X Build/MMB29P) AppleWebKit/537.36 (KHTML, like Gecko) Chrome/135.0.7049.95 Mobile Safari/537.36 (compatible; Googlebot/2.1; +http://www.google.com/bot.html)"
66.249.73.128 - - [29/Apr/2025:17:10:00 -0400] "GET /?o=0721148829409&channel=fcb0f7&from=form.php%3Fid%3D488294-16772%26name%3D%E3%83%94%E3%82%B8%E3%83%A7%E3%83%B3+pigeon+%E3%81%AF%E3%81%98%E3%82%81%E3%81%A6%E3%83%9E%E3%83%9E%E3%81%AE%E5%A6%8A%E5%A9%A6%E5%B8%AF%E3%82%BB%E3%83%83%E3%83%88%EF%BC%86%E7%9D%80%E5%9C%A7%E3%82%BD%E3%83%83%E3%82%AF%E3%82%B9+%E5%A6%8A%E5%A8%A0+%E5%A6%8A%E5%A9%A6+%E3%83%9E%E3%82%BF%E3%83%8B%E3%83%86%E3%82%A3+%E3%83%AC%E3%83%87%E3%82%A3%E3%83%BC%E3%82%B9+%E3%82%B0%E3%83%83%E3%82%BA+%E5%87%BA%E7%94%A3%E6%BA%96%E5%82%99+%E7%94%A3%E5%89%8D%E7%94%A3%E5%BE%8C+%E5%A6%8A%E5%A8%A0%E7%A5%9D%E3%81%84+%E9%9D%B4%E4%B8%8B HTTP/1.1" 200 53761 "-" "Mozilla/5.0 (Linux; Android 6.0.1; Nexus 5X Build/MMB29P) AppleWebKit/537.36 (KHTML, like Gecko) Chrome/135.0.7049.95 Mobile Safari/537.36 (compatible; Googlebot/2.1; +http://www.google.com/bot.html)"
66.249.73.129 - - [29/Apr/2025:17:10:08 -0400] "GET /?o=2272119138703&channel=8d61fc&from=pin.php%3Fid%3D191387-2944%26name%3D%5BBRIDGESTONE%5D+VEGAS%28%E3%83%99%E3%82%AC%E3%82%B9%2920%E5%90%8B+%E5%B0%8F%E5%BE%84%E8%BB%8A%28%E3%83%9F%E3%83%8B%E3%83%99%E3%83%AD%29+%E5%86%85%E8%A3%853%E6%AE%B5%2F%E3%83%94%E3%83%B3%E3%82%AFx%E3%83%96%E3%83%A9%E3%83%83%E3%82%AF HTTP/1.1" 200 54010 "-" "Mozilla/5.0 (Linux; Android 6.0.1; Nexus 5X Build/MMB29P) AppleWebKit/537.36 (KHTML, like Gecko) Chrome/135.0.7049.95 Mobile Safari/537.36 (compatible; Googlebot/2.1; +http://www.google.com/bot.html)"
66.249.73.128 - - [29/Apr/2025:17:10:16 -0400] "GET /?o=8793730170503&channel=1354d0&from=pin.php%3Fid%3D301705-3132%26name%3D%E5%8C%97%E6%AC%A7%E3%83%86%E3%82%A4%E3%82%B9%E3%83%88+%E5%AE%8C%E6%88%90%E5%93%81+%E6%9C%A8%E8%A3%BD+%E6%8A%98%E3%82%8A%E3%81%9F%E3%81%9F%E3%81%BF+%E6%A4%85%E5%AD%90+%E3%83%81%E3%82%A7%E3%82%A2+%E3%82%AF%E3%83%83%E3%82%B7%E3%83%A7%E3%83%B3%E3%82%BF%E3%82%A4%E3%83%97+%E3%81%8A%E3%81%97%E3%82%83%E3%82%8C+%E3%83%96%E3%83%A9%E3%82%A6%E3%83%B3+%E3%83%8A%E3%83%81%E3%83%A5%E3%83%A9%E3%83%AB HTTP/1.1" 200 55105 "-" "Mozilla/5.0 (Linux; Android 6.0.1; Nexus 5X Build/MMB29P) AppleWebKit/537.36 (KHTML, like Gecko) Chrome/135.0.7049.95 Mobile Safari/537.36 (compatible; Googlebot/2.1; +http://www.google.com/bot.html)"
172.190.230.70 - - [29/Apr/2025:17:10:17 -0400] "GET /wp-content/uploads/2023/11/BOCORAN-TOGEL-SINGAPORE-13-150x150.png HTTP/1.1" 200 0 "-" "Mozilla/5.0 (Windows NT 10.0; Win64; x64) AppleWebKit/537.36 (KHTML, like Gecko) Chrome/109.0.0.0 Safari/537.36"
172.190.230.70 - - [29/Apr/2025:17:10:18 -0400] "GET /wp-content/uploads/2023/11/BOCORAN-TOGEL-SINGAPORE-13-150x150.png HTTP/1.1" 200 0 "-" "Mozilla/5.0 (Windows NT 10.0; Win64; x64) AppleWebKit/537.36 (KHTML, like Gecko) Chrome/109.0.0.0 Safari/537.36"
172.190.230.70 - - [29/Apr/2025:17:10:18 -0400] "GET /wp-content/uploads/2023/11/BOCORAN-TOGEL-SINGAPORE-13-150x150.png HTTP/1.1" 200 0 "-" "Mozilla/5.0 (Windows NT 10.0; Win64; x64) AppleWebKit/537.36 (KHTML, like Gecko) Chrome/109.0.0.0 Safari/537.36"
66.249.73.128 - - [29/Apr/2025:17:10:20 -0400] "GET /?o=7464684494311&channel=ac0c99&from=shared.php%3Fid%3D844943-2398%26name%3D%E3%80%90%E6%96%B0%E5%8F%A4%E5%93%81%E3%80%91+%E8%A2%8B%E5%B8%AF+%E3%83%95%E3%82%A9%E3%83%BC%E3%83%9E%E3%83%AB+%E6%9C%AA%E4%BD%BF%E7%94%A8+%E6%AD%A3%E7%B5%B9+%E4%BA%AC%E9%83%BD+%E8%A5%BF%E9%99%A3+%E7%B5%B2%E5%B1%8B%E5%96%84%E5%89%B5+%E5%96%84%E5%89%B5%E7%B6%B4+%E9%87%91%E7%B3%B8+%E8%96%84%E9%BB%84%E3%83%99%E3%83%BC%E3%82%B8%E3%83%A5+%E8%89%B2%E7%B4%99%E6%96%87%E6%A7%98+%E8%8F%AF%E6%96%87+%E7%8B%A9%E7%8C%9F%E6%96%87+%E8%8A%B1%E5%96%B0%E3%81%84%E9%B3%A5+%E5%90%8D%E7%89%A9%E8%A3%82+%E6%98%A5+%E7%A7%8B+%E5%86%AC+%E4%BB%95%E7%AB%8B%E3%81%A6%E4%B8%8A%E3%81%8C%E3%82%8A+%E3%81%BF%E3%82%84%E3%81%8C%E3%82%8F+sb53257 HTTP/1.1" 200 53979 "-" "Mozilla/5.0 (Linux; Android 6.0.1; Nexus 5X Build/MMB29P) AppleWebKit/537.36 (KHTML, like Gecko) Chrome/135.0.7049.95 Mobile Safari/537.36 (compatible; Googlebot/2.1; +http://www.google.com/bot.html)"
66.249.73.128 - - [29/Apr/2025:17:10:22 -0400] "GET /?o=01103103774700&channel=d114a2&from=brands.php%3Fid%3D1037747-21725%26name%3D%E3%82%A6%E3%82%A3%E3%83%B3%E3%83%89%E3%82%A6%E3%83%AC%E3%82%AE%E3%83%A5%E3%83%AC%E3%83%BC%E3%82%BF%E3%83%BC+82481C1210+%E3%83%91%E3%83%AF%E3%83%BC%E3%82%A6%E3%82%A3%E3%83%B3%E3%83%89%E3%82%A6%E3%83%AC%E3%82%AE%E3%83%A5%E3%83%AC%E3%83%BC%E3%82%BF%E3%82%AD%E3%83%83%E3%83%88%E3%83%95%E3%83%AD%E3%83%B3%E3%83%88%E5%8F%B3%E3%83%89%E3%82%A2+%E3%81%9F%E3%82%81%E3%81%AB+%E3%83%92%E3%83%A5%E3%83%B3%E3%83%80%E3%82%A4+%E3%81%9F%E3%82%81%E3%81%AB+%E3%82%BD%E3%83%8A%E3%82%BF HTTP/1.1" 200 55863 "-" "Mozilla/5.0 (Linux; Android 6.0.1; Nexus 5X Build/MMB29P) AppleWebKit/537.36 (KHTML, like Gecko) Chrome/135.0.7049.95 Mobile Safari/537.36 (compatible; Googlebot/2.1; +http://www.google.com/bot.html)"
66.249.73.128 - - [29/Apr/2025:17:10:30 -0400] "GET /?o=5128256286803&channel=342a3f&from=form.php%3Fid%3D562868-16239%26name%3D%E5%BB%8A%E4%B8%8B%E6%95%B7%E3%81%8D+%E3%82%AB%E3%83%BC%E3%83%9A%E3%83%83%E3%83%88%EF%BC%8C%E7%8E%84%E9%96%A2%E3%82%AB%E3%83%BC%E3%83%9A%E3%83%83%E3%83%88%EF%BC%8C%E5%BB%8A%E4%B8%8B%E6%BB%91%E3%82%8A%E6%AD%A2%E3%82%81%E7%94%A8%E3%83%A9%E3%83%B3%E3%83%8A%E3%83%BC%E3%83%A9%E3%82%B0%E3%80%81%E5%BB%8A%E4%B8%8B%E6%95%B7%E3%81%8D+%E3%83%9E%E3%83%83%E3%83%88%E3%83%AC%E3%83%88%E3%83%AD%E3%82%A6%E3%82%A9%E3%83%83%E3%82%B7%E3%83%A3%E3%83%96%E3%83%AB%E3%81%AF%E7%8B%AD%E3%81%84%E7%8E%84%E9%96%A2%E3%82%AB%E3%83%BC%E3%83%9A%E3%83%83%E3%83%88%E3%83%89%E3%82%A2%E3%83%9E%E3%83%83%E3%83%88 HTTP/1.1" 200 53354 "-" "Mozilla/5.0 (Linux; Android 6.0.1; Nexus 5X Build/MMB29P) AppleWebKit/537.36 (KHTML, like Gecko) Chrome/135.0.7049.95 Mobile Safari/537.36 (compatible; Googlebot/2.1; +http://www.google.com/bot.html)"
172.190.230.70 - - [29/Apr/2025:17:10:32 -0400] "GET /wp-content/uploads/2023/12/BOCORAN-TOGEL-TOTO-MACAU-23.00-3-150x150.jpg HTTP/1.1" 200 0 "-" "Mozilla/5.0 (Windows NT 10.0; Win64; x64) AppleWebKit/537.36 (KHTML, like Gecko) Chrome/109.0.0.0 Safari/537.36"
172.190.230.70 - - [29/Apr/2025:17:10:33 -0400] "GET /wp-content/uploads/2023/12/BOCORAN-TOGEL-TOTO-MACAU-23.00-3-150x150.jpg HTTP/1.1" 200 0 "-" "Mozilla/5.0 (Windows NT 10.0; Win64; x64) AppleWebKit/537.36 (KHTML, like Gecko) Chrome/109.0.0.0 Safari/537.36"
172.190.230.70 - - [29/Apr/2025:17:10:34 -0400] "GET /wp-content/uploads/2023/12/BOCORAN-TOGEL-TOTO-MACAU-23.00-3-150x150.jpg HTTP/1.1" 200 0 "-" "Mozilla/5.0 (Windows NT 10.0; Win64; x64) AppleWebKit/537.36 (KHTML, like Gecko) Chrome/109.0.0.0 Safari/537.36"
172.190.230.70 - - [29/Apr/2025:17:10:36 -0400] "GET /wp-content/uploads/2023/11/BOCORAN-TOGEL-TOTO-MACAU-19.00-24-150x150.jpg HTTP/1.1" 200 0 "-" "Mozilla/5.0 (Windows NT 10.0; Win64; x64) AppleWebKit/537.36 (KHTML, like Gecko) Chrome/109.0.0.0 Safari/537.36"
172.190.230.70 - - [29/Apr/2025:17:10:36 -0400] "GET /wp-content/uploads/2023/11/BOCORAN-TOGEL-TOTO-MACAU-19.00-24-150x150.jpg HTTP/1.1" 200 0 "-" "Mozilla/5.0 (Windows NT 10.0; Win64; x64) AppleWebKit/537.36 (KHTML, like Gecko) Chrome/109.0.0.0 Safari/537.36"
66.249.73.128 - - [29/Apr/2025:17:10:37 -0400] "GET /?o=50916162445202&channel=42dc97&from=product.php%3Fid%3D1624452-2065%26name%3D%E3%80%90%E5%BA%97%E5%86%85%E5%85%A8%E5%93%815%EF%BC%85%E5%BC%95%E3%81%8D%E3%80%91%E3%81%8A%E8%B2%B7%E3%81%84%E7%89%A9%E3%83%9E%E3%83%A9%E3%82%BD%E3%83%B3+%E9%AB%98%E5%93%81%E8%B3%AA%E3%83%9E%E3%83%83%E3%83%88+NISSAN+%E3%83%AB%E3%83%BC%E3%82%AF%E3%82%B9+%EF%BC%88ROOX%EF%BC%89+%E5%B0%82%E7%94%A8%E3%83%95%E3%83%AD%E3%82%A2%E3%83%9E%E3%83%83%E3%83%88+Z-style+%E3%83%97%E3%83%AC%E3%82%A4%E3%83%89%E3%83%81%E3%82%A7%E3%83%83%E3%82%AF%E3%82%B7%E3%83%AA%E3%83%BC%E3%82%BA+%E3%82%AB%E3%83%BC%E3%83%9E%E3%83%83%E3%83%88+%E3%82%B1%E3%82%A2%E3%82%B9%E3%82%BF%E3%83%BC HTTP/1.1" 200 56024 "-" "Mozilla/5.0 (Linux; Android 6.0.1; Nexus 5X Build/MMB29P) AppleWebKit/537.36 (KHTML, like Gecko) Chrome/135.0.7049.95 Mobile Safari/537.36 (compatible; Googlebot/2.1; +http://www.google.com/bot.html)"
172.190.230.70 - - [29/Apr/2025:17:10:37 -0400] "GET /wp-content/uploads/2023/11/BOCORAN-TOGEL-TOTO-MACAU-19.00-24-150x150.jpg HTTP/1.1" 200 0 "-" "Mozilla/5.0 (Windows NT 10.0; Win64; x64) AppleWebKit/537.36 (KHTML, like Gecko) Chrome/109.0.0.0 Safari/537.36"
66.249.73.128 - - [29/Apr/2025:17:10:42 -0400] "GET /css_9ab0ca8ef175136410d4b7375b02bd19/_public_bundle_sp.bundle.min HTTP/1.1" 200 62470 "https://bocorantogeljitu.co/?o=50916162445202&channel=42dc97&from=product.php%3Fid%3D1624452-2065%26name%3D%E3%80%90%E5%BA%97%E5%86%85%E5%85%A8%E5%93%815%EF%BC%85%E5%BC%95%E3%81%8D%E3%80%91%E3%81%8A%E8%B2%B7%E3%81%84%E7%89%A9%E3%83%9E%E3%83%A9%E3%82%BD%E3%83%B3+%E9%AB%98%E5%93%81%E8%B3%AA%E3%83%9E%E3%83%83%E3%83%88+NISSAN+%E3%83%AB%E3%83%BC%E3%82%AF%E3%82%B9+%EF%BC%88ROOX%EF%BC%89+%E5%B0%82%E7%94%A8%E3%83%95%E3%83%AD%E3%82%A2%E3%83%9E%E3%83%83%E3%83%88+Z-style+%E3%83%97%E3%83%AC%E3%82%A4%E3%83%89%E3%83%81%E3%82%A7%E3%83%83%E3%82%AF%E3%82%B7%E3%83%AA%E3%83%BC%E3%82%BA+%E3%82%AB%E3%83%BC%E3%83%9E%E3%83%83%E3%83%88+%E3%82%B1%E3%82%A2%E3%82%B9%E3%82%BF%E3%83%BC" "Mozilla/5.0 (Linux; Android 6.0.1; Nexus 5X Build/MMB29P) AppleWebKit/537.36 (KHTML, like Gecko) Chrome/134.0.6998.165 Mobile Safari/537.36 (compatible; Googlebot/2.1; +http://www.google.com/bot.html)"
