66.249.73.129 - - [29/Apr/2025:10:04:00 -0400] "GET /?o=8582368372402&channel=c47edc&from=pin.php%3Fid%3D683724-3822%26name%3DBRIEFCEC+DB37+%E3%82%A2%E3%83%80%E3%83%97%E3%82%BF%E3%83%BC+D-SUB+RS-232+RS485+%E3%82%B7%E3%83%AA%E3%82%A2%E3%83%AB+-+37%E3%83%94%E3%83%B3+%E3%81%AF%E3%82%93%E3%81%A0%E3%81%AA%E3%81%97%E3%82%BF%E3%83%BC%E3%83%9F%E3%83%8A%E3%83%AB+%E3%83%96%E3%83%AD%E3%83%83%E3%82%AF HTTP/1.1" 200 52991 "-" "Mozilla/5.0 (Linux; Android 6.0.1; Nexus 5X Build/MMB29P) AppleWebKit/537.36 (KHTML, like Gecko) Chrome/135.0.7049.95 Mobile Safari/537.36 (compatible; Googlebot/2.1; +http://www.google.com/bot.html)"
40.77.167.77 - - [29/Apr/2025:10:04:43 -0400] "GET /?o=22150139686600&channel=461614&from=shop.php%3Fid%3D1396866-4059%26name%3DMYTREX+%E3%83%9E%E3%82%A4%E3%83%88%E3%83%AC%E3%83%83%E3%82%AF%E3%82%B9+MT-RBEX23B+%E3%83%96%E3%83%A9%E3%83%83%E3%82%AF+%E3%83%8F%E3%83%B3%E3%83%87%E3%82%A3%E3%82%AC%E3%83%B3+%E3%83%9E%E3%83%83%E3%82%B5%E3%83%BC%E3%82%B8%E3%82%AC%E3%83%B3+%E7%AD%8B%E8%86%9C%E3%83%AA%E3%83%AA%E3%83%BC%E3%82%B9+MYTREX+REBIVE+EX+PRO HTTP/1.1" 200 0 "-" "Mozilla/5.0 AppleWebKit/537.36 (KHTML, like Gecko; compatible; bingbot/2.0; +http://www.bing.com/bingbot.htm) Chrome/116.0.1938.76 Safari/537.36"
66.249.73.128 - - [29/Apr/2025:10:04:57 -0400] "GET /?o=17979188641905&channel=d15049&from=news.php%3Fid%3D1886419-29090%26name%3D%E3%82%A4%E3%83%BC%E3%82%B0%E3%83%AB%E6%A8%A1%E5%9E%8B%E3%80%801%2F10%E3%82%A2%E3%83%A9%E3%82%A4%E3%83%A1%E3%83%B3%E3%83%88%E3%80%80%E3%82%BB%E3%83%83%E3%83%88%E3%82%A2%E3%83%83%E3%83%97%E3%80%80%E3%82%B9%E3%83%86%E3%83%BC%E3%82%B7%E3%83%A7%E3%83%B3 HTTP/1.1" 200 52601 "-" "Mozilla/5.0 (Linux; Android 6.0.1; Nexus 5X Build/MMB29P) AppleWebKit/537.36 (KHTML, like Gecko) Chrome/135.0.7049.95 Mobile Safari/537.36 (compatible; Googlebot/2.1; +http://www.google.com/bot.html)"
66.249.73.128 - - [29/Apr/2025:10:05:21 -0400] "GET /?o=8412132042800&channel=8fea09&from=pin.php%3Fid%3D320428-1793%26name%3D%E3%83%BBFJALLRAVEN%EF%BD%9CAbisko+Two+Seasons+Long%2F+%E3%83%95%E3%82%A7%E3%83%BC%E3%83%AB%E3%83%A9%E3%83%BC%E3%83%99%E3%83%B3%2F%E3%82%A2%E3%83%93%E3%82%B9%E3%82%B3+%E3%83%84%E3%83%BC+%E3%82%B7%E3%83%BC%E3%82%BA%E3%83%B3%E3%82%BA+%E3%83%AD%E3%83%B3%E3%82%B0%2F%E3%82%A2%E3%83%88%E3%83%A9%E3%83%B3%E3%83%86%E3%82%A3%E3%83%83%E3%82%AF%E3%83%96%E3%83%AB%E3%83%BC+%23 HTTP/1.1" 200 57082 "-" "Mozilla/5.0 (Linux; Android 6.0.1; Nexus 5X Build/MMB29P) AppleWebKit/537.36 (KHTML, like Gecko) Chrome/135.0.7049.95 Mobile Safari/537.36 (compatible; Googlebot/2.1; +http://www.google.com/bot.html)"
66.249.73.128 - - [29/Apr/2025:10:05:43 -0400] "GET /?o=9326947858400&channel=d7727c&from=info.php%3Fid%3D478584-11162%26name%3D%E3%80%90%E7%84%A1%E5%8D%B0%E8%89%AF%E5%93%81%E3%80%91+3%E7%82%B9%E3%82%BB%E3%83%83%E3%83%88%28%E5%BC%95%E3%81%8D%E5%87%BA%E3%81%97%E4%BB%98%E3%82%B9%E3%83%88%E3%83%83%E3%82%AB%E3%83%BC%E3%80%81%E3%83%8F%E3%82%AC%E3%82%AD%E5%85%A5%E3%82%8C%E3%80%81%E5%B0%8F%E7%89%A9%E5%85%A5%E3%82%8C%29 HTTP/1.1" 200 53950 "-" "Mozilla/5.0 (Linux; Android 6.0.1; Nexus 5X Build/MMB29P) AppleWebKit/537.36 (KHTML, like Gecko) Chrome/135.0.7049.95 Mobile Safari/537.36 (compatible; Googlebot/2.1; +http://www.google.com/bot.html)"
66.249.73.130 - - [29/Apr/2025:10:06:21 -0400] "GET /?o=88828194697408&channel=09d03e&from=blog.php%3Fid%3D1946974-24717%26name%3D%E3%82%B5%E3%82%A4%E3%82%B6%E3%83%AB%E3%82%AD%E3%83%A3%E3%83%83%E3%83%88%E3%82%B9%E3%82%AF%E3%83%A9%E3%83%83%E3%83%81%E3%80%81%E5%AD%90%E7%8C%AB%E3%81%AE%E3%82%B9%E3%82%AF%E3%83%A9%E3%83%83%E3%83%81%E3%83%9D%E3%82%B9%E3%83%88%2C%E3%82%A4%E3%83%B3%E3%82%BF%E3%83%A9%E3%82%AF%E3%83%86%E3%82%A3%E3%83%96%E3%81%AA%E3%82%B5%E3%82%A4%E3%82%B6%E3%83%AB%E3%82%AD%E3%83%A3%E3%83%83%E3%83%88%E3%83%98%E3%83%83%E3%83%89%E3%82%B7%E3%82%A7%E3%82%A4%E3%83%97%E3%82%B9%E3%83%86%E3%82%A3%E3%83%83%E3%82%AF+%7C+%E3%81%95%E3%81%9D%E3%81%86+%E3%83%9B%E3%83%BC%E3%83%A0%E5%AE%B6%E5%85%B7%E3%83%97%E3%83%AD%E3%83%86 HTTP/1.1" 200 55567 "-" "Mozilla/5.0 (Linux; Android 6.0.1; Nexus 5X Build/MMB29P) AppleWebKit/537.36 (KHTML, like Gecko) Chrome/135.0.7049.95 Mobile Safari/537.36 (compatible; Googlebot/2.1; +http://www.google.com/bot.html)"
66.249.73.128 - - [29/Apr/2025:10:06:37 -0400] "GET /?o=001724042601&channel=6fd5af&from=form.php%3Fid%3D40426-3391%26name%3D%E3%82%A6%E3%82%A8%E3%83%87%E3%82%A3%E3%83%B3%E3%82%B0%E3%83%89%E3%83%AC%E3%82%B9+%E3%83%AF%E3%82%A4%E3%83%B3%E3%83%AC%E3%83%83%E3%83%89+%E3%82%AA%E3%83%95%E3%82%B7%E3%83%A7%E3%83%AB%E3%83%80%E3%83%BC+%E3%83%97%E3%83%AA%E3%83%B3%E3%82%BB%E3%82%B9%E3%83%A9%E3%82%A4%E3%83%B3+%E3%83%88%E3%83%AC%E3%83%BC%E3%83%B3 HTTP/1.1" 200 54408 "-" "Mozilla/5.0 (Linux; Android 6.0.1; Nexus 5X Build/MMB29P) AppleWebKit/537.36 (KHTML, like Gecko) Chrome/135.0.7049.95 Mobile Safari/537.36 (compatible; Googlebot/2.1; +http://www.google.com/bot.html)"
66.249.73.128 - - [29/Apr/2025:10:06:43 -0400] "GET /?o=1835290694302&channel=c78a62&from=product.php%3Fid%3D906943-2391%26name%3D%E7%BE%8E%E5%93%81%EF%BC%81%E6%97%A5%E7%AB%8B%E3%83%8E%E3%83%B3%E3%83%95%E3%83%AD%E3%83%B3%E5%86%B7%E5%87%8D%E5%86%B7%E8%94%B5%E5%BA%ABR-F520E HTTP/1.1" 200 52609 "-" "Mozilla/5.0 (Linux; Android 6.0.1; Nexus 5X Build/MMB29P) AppleWebKit/537.36 (KHTML, like Gecko) Chrome/135.0.7049.95 Mobile Safari/537.36 (compatible; Googlebot/2.1; +http://www.google.com/bot.html)"
40.77.167.77 - - [29/Apr/2025:10:06:53 -0400] "GET /wp-includes__c454f3a/sodium_compat/namespaced/Core/Curve25519/Ge/P1p1.php HTTP/1.1" 403 1242 "-" "Mozilla/5.0 AppleWebKit/537.36 (KHTML, like Gecko; compatible; bingbot/2.0; +http://www.bing.com/bingbot.htm) Chrome/116.0.1938.76 Safari/537.36"
66.249.73.130 - - [29/Apr/2025:10:07:24 -0400] "GET /?o=60250120771306&channel=1640c6&from=shared.php%3Fid%3D1207713-1641%26name%3D%E6%9C%A8%E5%BD%AB%E3%82%8A+%E4%BB%8F%E5%83%8F+%E5%8D%81%E4%BA%8C%E7%A5%9E%E5%B0%86%E7%AB%8B%E5%83%8F+%E3%82%BB%E3%83%83%E3%83%88+%E8%96%AC%E5%B8%AB%E5%A6%82%E6%9D%A5+%E4%BB%8F%E5%83%8F%E3%82%B3%E3%83%AC%E3%82%AF%E3%82%B7%E3%83%A7%E3%83%B3+%E6%A5%B5%E5%BD%A9%E8%89%B2%E7%B5%B5%E7%B3%BB+%E5%AE%88%E8%AD%B7%E4%BB%8F+%E7%B7%8F%E9%AB%9813cm HTTP/1.1" 200 54416 "-" "Mozilla/5.0 (Linux; Android 6.0.1; Nexus 5X Build/MMB29P) AppleWebKit/537.36 (KHTML, like Gecko) Chrome/135.0.7049.95 Mobile Safari/537.36 (compatible; Googlebot/2.1; +http://www.google.com/bot.html)"
66.249.73.129 - - [29/Apr/2025:10:08:24 -0400] "GET /?o=7917848970103&channel=9d72e1&from=news.php%3Fid%3D489701-3961%26name%3D%28%E4%BA%A4%E6%B8%89%E6%88%90%E7%AB%8B%29%E5%A4%A7%E5%9E%8B%E5%86%B7%E8%94%B5%E5%BA%AB%E3%80%81%282008%E5%B9%B4%E8%A3%BD%29%E3%83%BD%28%C2%B4%E2%96%BD%EF%BD%80%29%2F HTTP/1.1" 200 55898 "-" "Mozilla/5.0 (Linux; Android 6.0.1; Nexus 5X Build/MMB29P) AppleWebKit/537.36 (KHTML, like Gecko) Chrome/135.0.7049.95 Mobile Safari/537.36 (compatible; Googlebot/2.1; +http://www.google.com/bot.html)"
40.77.167.12 - - [29/Apr/2025:10:09:06 -0400] "GET /wp-includes__c454f3a/js/tinymce/skins/lightgray/fonts/tinymce.eot HTTP/1.1" 200 18912 "-" "Mozilla/5.0 AppleWebKit/537.36 (KHTML, like Gecko; compatible; bingbot/2.0; +http://www.bing.com/bingbot.htm) Chrome/116.0.1938.76 Safari/537.36"
40.77.167.12 - - [29/Apr/2025:10:09:07 -0400] "GET /?o=90187128832410&channel=2098b5&from=category-info.php%3Fid%3D1288324-24505%26name%3D%E3%83%AA%E3%83%BC%E3%83%89%E5%B7%A5%E6%A5%AD%28LEAD%29+%E3%83%90%E3%82%A4%E3%82%AF%E7%94%A8%E3%83%AC%E3%82%A4%E3%83%B3%E3%82%A6%E3%82%A7%E3%82%A2+RW-054%E3%82%B9%E3%83%AA%E3%83%A0%E3%83%AC%E3%82%A4%E3%83%B3%E3%82%B9%E3%83%BC%E3%83%84+%E3%83%A9%E3%82%A4%E3%83%88%E3%82%AB%E3%83%BC%E3%82%AD+L%E3%82%B5%E3%82%A4%E3%82%BA+RW-054C HTTP/1.1" 200 0 "-" "Mozilla/5.0 AppleWebKit/537.36 (KHTML, like Gecko; compatible; bingbot/2.0; +http://www.bing.com/bingbot.htm) Chrome/116.0.1938.76 Safari/537.36"
110.238.107.86 - - [29/Apr/2025:10:09:15 -0400] "GET /tag/gaya-baru-93/ HTTP/1.1" 200 0 "-" "Mozilla/5.0 (Macintosh; Intel Mac OS X 10_15_7) AppleWebKit/537.36 (KHTML, like Gecko) Chrome/134.0.0.0 Safari/537.36"
110.238.107.86 - - [29/Apr/2025:10:09:21 -0400] "GET /tag/gaya-baru-93/b'https://bocorantogeljitu.co/tag/gaya-baru-93/' HTTP/1.1" 200 0 "https://bocorantogeljitu.co/tag/gaya-baru-93/" "Mozilla/5.0 (Macintosh; Intel Mac OS X 10_15_7) AppleWebKit/537.36 (KHTML, like Gecko) Chrome/134.0.0.0 Safari/537.36"
66.249.73.128 - - [29/Apr/2025:10:09:21 -0400] "GET /?o=51059102308202&channel=f24168&from=form.php%3Fid%3D1023082-10291%26name%3Dibasenice+2%E5%80%8B+%E3%83%9E%E3%82%A4%E3%82%AF+%E3%82%B9%E3%82%BF%E3%83%B3%E3%83%89+%E3%83%8F%E3%83%B3%E3%82%AC%E3%83%BC+%E4%B8%89%E8%84%9A+%E3%83%9D%E3%83%BC%E3%82%BF%E3%83%96%E3%83%AB+%E3%82%B9%E3%82%BF%E3%83%B3%E3%83%89+%E3%82%B9%E3%83%94%E3%83%BC%E3%82%AB%E3%83%BC+%E3%82%B3%E3%83%BC%E3%83%AB%E3%83%89+%E3%82%B7%E3%83%A5%E3%83%BC+%E3%83%9E%E3%82%A4%E3%82%AF+%E3%83%9B%E3%83%AB%E3%83%80%E3%83%BC+%E6%8A%98 HTTP/1.1" 200 55348 "-" "Mozilla/5.0 (Linux; Android 6.0.1; Nexus 5X Build/MMB29P) AppleWebKit/537.36 (KHTML, like Gecko) Chrome/135.0.7049.95 Mobile Safari/537.36 (compatible; Googlebot/2.1; +http://www.google.com/bot.html)"
66.249.73.129 - - [29/Apr/2025:10:09:27 -0400] "GET /?o=0975351685200&channel=9133be&from=blog.php%3Fid%3D516852-4207%26name%3Dnoce+%E3%83%8E%E3%83%BC%E3%83%81%E3%82%A7%E3%82%A2%E3%82%A4%E3%82%A2%E3%83%B3%E3%83%AD%E3%83%BC%E3%83%86%E3%83%96%E3%83%AB HTTP/1.1" 200 53673 "-" "Mozilla/5.0 (Linux; Android 6.0.1; Nexus 5X Build/MMB29P) AppleWebKit/537.36 (KHTML, like Gecko) Chrome/135.0.7049.95 Mobile Safari/537.36 (compatible; Googlebot/2.1; +http://www.google.com/bot.html)"
66.249.73.128 - - [29/Apr/2025:10:09:48 -0400] "GET /?o=9890196709202&channel=e4626f&from=blog.php%3Fid%3D967092-1799%26name%3DREDSTAGE+XJR400%E7%94%A8+%E3%82%A4%E3%83%8E%E3%83%96%E3%83%AC2+%E9%89%84%E7%B4%A0%E5%9C%B0%EF%BC%88%E3%83%A1%E3%83%83%E3%82%AD%EF%BC%89%E3%82%B5%E3%82%A4%E3%83%AC%E3%83%B3%E3%82%B5%E3%83%BC%E4%BB%98 HTTP/1.1" 200 53533 "-" "Mozilla/5.0 (Linux; Android 6.0.1; Nexus 5X Build/MMB29P) AppleWebKit/537.36 (KHTML, like Gecko) Chrome/135.0.7049.114 Mobile Safari/537.36 (compatible; Googlebot/2.1; +http://www.google.com/bot.html)"
98.82.214.73 - - [29/Apr/2025:10:09:59 -0400] "GET /wp-includes__c454f3a/css/dist/patterns/?SA HTTP/1.1" 200 874 "-" "Mozilla/5.0 AppleWebKit/537.36 (KHTML, like Gecko; compatible; Amazonbot/0.1; +https://developer.amazon.com/support/amazonbot) Chrome/119.0.6045.214 Safari/537.36"
54.166.126.132 - - [29/Apr/2025:10:10:02 -0400] "GET /wp-includes__c454f3a/css/dist/editor/?ND HTTP/1.1" 200 878 "-" "Mozilla/5.0 AppleWebKit/537.36 (KHTML, like Gecko; compatible; Amazonbot/0.1; +https://developer.amazon.com/support/amazonbot) Chrome/119.0.6045.214 Safari/537.36"
54.164.106.236 - - [29/Apr/2025:10:10:06 -0400] "GET /wp-includes__c454f3a/Text/Diff/Engine/?ND HTTP/1.1" 200 900 "-" "Mozilla/5.0 AppleWebKit/537.36 (KHTML, like Gecko; compatible; Amazonbot/0.1; +https://developer.amazon.com/support/amazonbot) Chrome/119.0.6045.214 Safari/537.36"
44.210.204.255 - - [29/Apr/2025:10:10:11 -0400] "GET /wp-includes__c454f3a/sodium_compat/src/Core/ChaCha20/ HTTP/1.1" 200 865 "-" "Mozilla/5.0 AppleWebKit/537.36 (KHTML, like Gecko; compatible; Amazonbot/0.1; +https://developer.amazon.com/support/amazonbot) Chrome/119.0.6045.214 Safari/537.36"
178.20.46.206 - - [29/Apr/2025:10:10:10 -0400] "GET /bocoran-togel-toto-macau-23-00-senin-15-januari-2024/ HTTP/1.0" 200 0 "https://bocorantogeljitu.co/bocoran-togel-toto-macau-23-00-senin-15-januari-2024/" "Mozilla/5.0 (Windows NT 10.0; Win64; x64) AppleWebKit/537.36 (KHTML, like Gecko) Chrome/131.0.0.0 Safari/537.36 Avast/131.0.0.0"
178.20.46.206 - - [29/Apr/2025:10:10:11 -0400] "GET / HTTP/1.0" 200 0 "https://bocorantogeljitu.co/" "Mozilla/5.0 (Windows NT 10.0; Win64; x64) AppleWebKit/537.36 (KHTML, like Gecko) Chrome/131.0.0.0 Safari/537.36 Avast/131.0.0.0"
54.87.62.248 - - [29/Apr/2025:10:10:15 -0400] "GET /wp-includes__c454f3a/js/swfupload/?MD HTTP/1.1" 200 910 "-" "Mozilla/5.0 AppleWebKit/537.36 (KHTML, like Gecko; compatible; Amazonbot/0.1; +https://developer.amazon.com/support/amazonbot) Chrome/119.0.6045.214 Safari/537.36"
66.249.73.129 - - [29/Apr/2025:10:10:17 -0400] "GET /?o=29064146974803&channel=e9fc95&from=form.php%3Fid%3D1469748-1646%26name%3D%E3%83%AF%E3%83%B3%E3%83%94%E3%83%BC%E3%82%B9+%E3%83%AF%E3%83%BC%E3%83%AB%E3%83%89%E3%82%B3%E3%83%AC%E3%82%AF%E3%82%BF%E3%83%96%E3%83%AB%E3%83%95%E3%82%A3%E3%82%AE%E3%83%A5%E3%82%A2%E3%80%80Battle+of+Luffy%E3%80%80%E3%83%AB%E3%83%95%E3%82%A3+%E3%82%B5%E3%83%B3%E3%82%B8%E3%80%80%E3%83%B4%E3%82%A3%E3%83%B3%E3%82%B9%E3%83%A2%E3%83%BC%E3%82%AF+%E3%83%95%E3%82%A1%E3%83%9F%E3%83%AA%E3%83%BC%E3%80%80%E3%83%AC%E3%82%A4%E3%82%B8%E3%83%A5+%E3%82%A4%E3%83%81%E3%82%B8%E3%80%804%E7%A8%AE+%E6%9C%AA%E9%96%8B%E5%B0%81 HTTP/1.1" 200 53695 "-" "Mozilla/5.0 (Linux; Android 6.0.1; Nexus 5X Build/MMB29P) AppleWebKit/537.36 (KHTML, like Gecko) Chrome/135.0.7049.95 Mobile Safari/537.36 (compatible; Googlebot/2.1; +http://www.google.com/bot.html)"
34.199.252.22 - - [29/Apr/2025:10:10:19 -0400] "GET /wp-includes__c454f3a/js/tinymce/plugins/hr/ HTTP/1.1" 200 844 "-" "Mozilla/5.0 AppleWebKit/537.36 (KHTML, like Gecko; compatible; Amazonbot/0.1; +https://developer.amazon.com/support/amazonbot) Chrome/119.0.6045.214 Safari/537.36"
40.77.167.12 - - [29/Apr/2025:10:10:57 -0400] "GET /?o=5626791095900&channel=6774fd&from=form.php%3Fid%3D910959-12662%26name%3D%E3%80%90%E6%96%B0%E5%93%81%E5%90%8C%E6%A7%98%E5%93%81%EF%BC%81%E3%80%91Seagate+%E3%82%B7%E3%83%BC%E3%82%B2%E3%83%BC%E3%83%88+EXOS+ST3000NM0005+3.5%E3%82%A4%E3%83%B3%E3%83%81+HDD+3TB%EF%BC%88%E3%82%A8%E3%83%B3%E3%82%BF%E3%83%BC%E3%83%97%E3%83%A9%E3%82%A4%E3%82%BA%E5%90%91%E3%81%91HDD%2F%E4%BD%BF%E7%94%A8%E6%99%82%E9%96%93%3A30%E6%99%82%E9%96%93%E6%9C%AA%E6%BA%80%EF%BC%81%EF%BC%89 HTTP/1.1" 200 0 "-" "Mozilla/5.0 AppleWebKit/537.36 (KHTML, like Gecko; compatible; bingbot/2.0; +http://www.bing.com/bingbot.htm) Chrome/116.0.1938.76 Safari/537.36"
66.249.73.130 - - [29/Apr/2025:10:11:01 -0400] "GET /?o=3697277610603&channel=4f4017&from=brands.php%3Fid%3D776106-2091%26name%3DHERMES+%E3%82%A8%E3%83%AB%E3%83%A1%E3%82%B9%E3%80%80%E3%83%80%E3%83%83%E3%83%95%E3%83%AB%E3%82%B3%E3%83%BC%E3%83%88%E3%80%80%E3%82%B5%E3%82%A4%E3%82%BA52+XL HTTP/1.1" 200 53563 "-" "Mozilla/5.0 (Linux; Android 6.0.1; Nexus 5X Build/MMB29P) AppleWebKit/537.36 (KHTML, like Gecko) Chrome/135.0.7049.95 Mobile Safari/537.36 (compatible; Googlebot/2.1; +http://www.google.com/bot.html)"
66.249.73.128 - - [29/Apr/2025:10:11:56 -0400] "GET /?o=08778133182301&channel=eff1cb&from=product.php%3Fid%3D1331823-6041%26name%3DTIFFANY%26Co.+%E3%83%8D%E3%83%83%E3%82%AF%E3%83%AC%E3%82%B9%E3%80%80%E3%82%B9%E3%83%AA%E3%83%BC%E3%83%89%E3%83%AD%E3%83%83%E3%83%97%E3%82%B5%E3%83%BC%E3%82%AF%E3%83%AB HTTP/1.1" 200 54249 "-" "Mozilla/5.0 (Linux; Android 6.0.1; Nexus 5X Build/MMB29P) AppleWebKit/537.36 (KHTML, like Gecko) Chrome/135.0.7049.95 Mobile Safari/537.36 (compatible; Googlebot/2.1; +http://www.google.com/bot.html)"
66.249.73.129 - - [29/Apr/2025:10:12:29 -0400] "GET /?o=7961018221403&channel=f97d5a&from=brands.php%3Fid%3D182214-10104%26name%3DWzmazingly+304%E3%82%B9%E3%83%86%E3%83%B3%E3%83%AC%E3%82%B9%E9%8B%BC%E3%83%AD%E3%83%BC%E3%83%97%E9%87%91%E7%B6%B2+%E3%83%95%E3%83%AC%E3%82%AD%E3%82%B7%E3%83%96%E3%83%AB+%E5%A4%9A%E6%A9%9F%E8%83%BD+%E3%83%A1%E3%82%BF%E3%83%AB%E3%83%8D%E3%83%83%E3%83%88+%E7%9B%97%E9%9B%A3%E9%98%B2%E6%AD%A2%2F%E8%90%BD%E4%B8%8B%E9%98%B2%E6%AD%A2+%E3%83%A1%E3%83%83%E3%82%B7%E3%83%A5%E5%AE%89%E5%85%A8%E3%83%8D%E3%83%83%E3%83%88%E3%80%81%E3%83%AD%E3%83%BC HTTP/1.1" 200 55232 "-" "Mozilla/5.0 (Linux; Android 6.0.1; Nexus 5X Build/MMB29P) AppleWebKit/537.36 (KHTML, like Gecko) Chrome/135.0.7049.95 Mobile Safari/537.36 (compatible; Googlebot/2.1; +http://www.google.com/bot.html)"
66.249.73.128 - - [29/Apr/2025:10:12:51 -0400] "GET /?o=5682547976202&channel=eff1cb&from=article.php%3Fid%3D479762-6041%26name%3D%E3%83%86%E3%82%A3%E3%83%95%E3%82%A1%E3%83%8B%E3%83%BC+Tiffany+%26+Co.+%E3%83%8D%E3%83%83%E3%82%AF%E3%83%AC%E3%82%B9+%E3%82%BB%E3%83%B3%E3%83%81%E3%83%A1%E3%83%B3%E3%82%BF%E3%83%AB+%E3%82%B9%E3%83%A2%E3%83%BC%E3%83%AB+%E3%83%8F%E3%83%BC%E3%83%88+%E3%82%AA%E3%83%BC%E3%83%90%E3%83%AB%E3%83%9F%E3%83%83%E3%82%AF%E3%82%B9%E3%83%81%E3%82%A7%E3%83%BC%E3%83%B3+K18PG+%E3%80%90%E4%B8%AD%E5%8F%A4%E3%80%91 HTTP/1.1" 200 54345 "-" "Mozilla/5.0 (Linux; Android 6.0.1; Nexus 5X Build/MMB29P) AppleWebKit/537.36 (KHTML, like Gecko) Chrome/135.0.7049.95 Mobile Safari/537.36 (compatible; Googlebot/2.1; +http://www.google.com/bot.html)"
52.167.144.187 - - [29/Apr/2025:10:12:53 -0400] "GET /?o=19698173354902&channel=81fc87&from=goods.php%3Fid%3D1733549-28073%26name%3D%E9%AB%98%E7%B4%9A%E6%89%8B%E3%81%8F%E3%81%BF%E3%81%B2%E3%82%82%E5%B8%AF%E7%B7%A0%E3%82%81 HTTP/1.1" 200 0 "-" "Mozilla/5.0 AppleWebKit/537.36 (KHTML, like Gecko; compatible; bingbot/2.0; +http://www.bing.com/bingbot.htm) Chrome/116.0.1938.76 Safari/537.36"
66.249.73.128 - - [29/Apr/2025:10:13:46 -0400] "GET /?o=12349164589100&channel=4a002d&from=product.php%3Fid%3D1645891-26797%26name%3D%E3%83%AA%E3%83%BC%E3%83%9C%E3%83%83%E3%82%AF%E3%80%80%E3%83%88%E3%83%AC%E3%83%BC%E3%83%8B%E3%83%B3%E3%82%B0%E3%80%80%E3%82%B9%E3%83%91%E3%83%83%E3%83%84%E3%80%80%E3%82%BF%E3%82%A4%E3%83%84 HTTP/1.1" 200 53365 "-" "Mozilla/5.0 (Linux; Android 6.0.1; Nexus 5X Build/MMB29P) AppleWebKit/537.36 (KHTML, like Gecko) Chrome/135.0.7049.95 Mobile Safari/537.36 (compatible; Googlebot/2.1; +http://www.google.com/bot.html)"
66.249.73.128 - - [29/Apr/2025:10:14:32 -0400] "GET /?o=9992131404512&channel=81e89c&from=shop.php%3Fid%3D314045-3154%26name%3D%E4%BD%9C%E5%AE%B6%E2%97%8B%E8%90%A9%E7%84%BC%E3%81%90%E3%81%84%E5%91%91%E3%81%BF5%E5%80%8B%E3%82%BB%E3%83%83%E3%83%88%E2%97%8B%E5%9D%82%E7%94%B0%E6%B3%A5%E8%8F%AF%E7%AA%AF+%2F+%E5%85%B1%E7%AE%B1+%7C+%E6%98%AD%E5%92%8C-20%E4%B8%96%E7%B4%80%E9%A0%83+%7C+%E9%99%B6%E5%99%A8+%7C+%E9%85%92%E5%99%A8%E3%80%90%E5%8F%A4%E7%BE%8E%E8%A1%93%E3%80%91%E3%80%90%E9%AA%A8%E8%91%A3%E3%80%91%E3%80%90%E4%B8%AD%E5%8F%A4%E3%80%91%E3%80%903%2C980%E5%86%86%E4%BB%A5%E4%B8%8A%E3%81%A7%E9%80%81%E6%96%99%E7%84%A1%E6%96%99%E3%80%91%E3%80%90%E4%B8%89%E6%B5%A6%E5%8F%A4%E7%BE%8E%E8%A1%93WEB%E3%80%912404 HTTP/1.1" 200 54508 "-" "Mozilla/5.0 (Linux; Android 6.0.1; Nexus 5X Build/MMB29P) AppleWebKit/537.36 (KHTML, like Gecko) Chrome/135.0.7049.95 Mobile Safari/537.36 (compatible; Googlebot/2.1; +http://www.google.com/bot.html)"
188.239.13.50 - - [29/Apr/2025:10:15:18 -0400] "GET /page/2/?referrer=mat_click_id%3D050c5ff0464e4ab2bb58a51669e082c0-20230622-9850&link_click_id=1200505415894679983&mat_click_id=050c5ff0464e4ab2bb58a51669e082c0-20230622-9850 HTTP/1.1" 200 0 "-" "Mozilla/5.0 (Macintosh; Intel Mac OS X 10_15_7) AppleWebKit/537.36 (KHTML, like Gecko) Chrome/134.0.0.0 Safari/537.36"
188.239.13.50 - - [29/Apr/2025:10:15:24 -0400] "GET /page/2/b'https://bocorantogeljitu.co/page/2/?referrer=mat_click_id%3D050c5ff0464e4ab2bb58a51669e082c0-20230622-9850&link_click_id=1200505415894679983&mat_click_id=050c5ff0464e4ab2bb58a51669e082c0-20230622-9850%27 HTTP/1.1" 200 0 "https://bocorantogeljitu.co/page/2/?referrer=mat_click_id%3D050c5ff0464e4ab2bb58a51669e082c0-20230622-9850&link_click_id=1200505415894679983&mat_click_id=050c5ff0464e4ab2bb58a51669e082c0-20230622-9850" "Mozilla/5.0 (Macintosh; Intel Mac OS X 10_15_7) AppleWebKit/537.36 (KHTML, like Gecko) Chrome/134.0.0.0 Safari/537.36"
66.249.73.128 - - [29/Apr/2025:10:15:28 -0400] "GET /?o=24811150236209&channel=20f22e&from=product.php%3Fid%3D1502362-1572%26name%3D%E2%98%86%E9%80%B1%E6%9C%AB%E9%99%90%E5%AE%9A%E5%80%A4%E4%B8%8B%E3%81%92%E4%B8%AD%E2%98%86+CTB%E6%A7%98%E5%B0%82%E7%94%A8%E3%80%80%E3%83%87%E3%82%A4%E3%83%88%E3%82%B8%E3%83%A3%E3%82%B9%E3%83%88%E3%80%80%E3%83%AC%E3%83%87%E3%82%A3%E3%83%BC%E3%82%B9%E3%80%80%E4%B8%AD%E5%8F%A469173 HTTP/1.1" 200 52481 "-" "Mozilla/5.0 (Linux; Android 6.0.1; Nexus 5X Build/MMB29P) AppleWebKit/537.36 (KHTML, like Gecko) Chrome/135.0.7049.95 Mobile Safari/537.36 (compatible; Googlebot/2.1; +http://www.google.com/bot.html)"
66.249.73.129 - - [29/Apr/2025:10:15:33 -0400] "GET /?o=990276747501&channel=1a1255&from=shared.php%3Fid%3D67475-3626%26name%3DMifami+%E8%BB%8A+%E3%82%B7%E3%83%BC%E3%83%88%E3%82%AB%E3%83%90%E3%83%BC+%E3%82%B7%E3%83%BC%E3%83%88%E3%82%AB%E3%83%90%E3%83%BC%E3%81%AB%E9%81%A9%E3%81%97+%E3%83%88%E3%83%A8%E3%82%BF+%E3%82%AB%E3%83%AD%E3%83%BC%E3%83%A9%E3%82%BB%E3%83%AC%E3%82%B9%2F%E3%82%AB%E3%83%AD%E3%83%BC%E3%83%A9%E3%83%84%E3%83%BC%E3%83%AA%E3%83%B3%E3%82%B0%2F%E3%82%AB%E3%83%AD%E3%83%BC%E3%83%A9%E3%83%95%E3%82%A3%E3%83%BC%E3%83%AB%E3%83%80%E3%83%BC%2F%E3%82%AB%E3%83%AD%E3%83%BC%E3%83%A9%E3%83%A9%E3%83%B3%E3%82%AF HTTP/1.1" 200 53913 "-" "Mozilla/5.0 (Linux; Android 6.0.1; Nexus 5X Build/MMB29P) AppleWebKit/537.36 (KHTML, like Gecko) Chrome/135.0.7049.95 Mobile Safari/537.36 (compatible; Googlebot/2.1; +http://www.google.com/bot.html)"
66.249.73.130 - - [29/Apr/2025:10:16:23 -0400] "GET /?o=8197884952504&channel=52ad8f&from=jp.php%3Fid%3D849525-17357%26name%3DMsake+%E3%83%9F%E3%83%8B%E5%86%B7%E8%94%B5%E5%BA%AB+10L+%E5%B0%8F%E5%9E%8B+%E3%83%9D%E3%83%BC%E3%82%BF%E3%83%96%E3%83%AB+0%E2%84%83%EF%BD%9E60%E2%84%83+%E6%B8%A9%E5%BA%A6%E8%AA%BF%E7%AF%80%E5%8F%AF HTTP/1.1" 200 54086 "-" "Mozilla/5.0 (Linux; Android 6.0.1; Nexus 5X Build/MMB29P) AppleWebKit/537.36 (KHTML, like Gecko) Chrome/135.0.7049.95 Mobile Safari/537.36 (compatible; Googlebot/2.1; +http://www.google.com/bot.html)"
66.249.73.130 - - [29/Apr/2025:10:17:06 -0400] "GET /?o=88494166245802&channel=7c0802&from=news.php%3Fid%3D1662458-5374%26name%3D%E3%83%8D%E3%82%A4%E3%83%81%E3%83%A3%E3%83%BC%E3%83%86%E3%82%AF%E3%83%8B%E3%82%AB%E3%83%A9%E3%83%BC+%E6%B5%B7%E6%B4%8B%E2%85%A0%E7%89%B9%E8%A3%85%E7%89%88+%E3%82%B6%E3%83%88%E3%82%A6%E3%82%AF%E3%82%B8%E3%83%A9 HTTP/1.1" 200 53581 "-" "Mozilla/5.0 (Linux; Android 6.0.1; Nexus 5X Build/MMB29P) AppleWebKit/537.36 (KHTML, like Gecko) Chrome/135.0.7049.95 Mobile Safari/537.36 (compatible; Googlebot/2.1; +http://www.google.com/bot.html)"
157.55.39.13 - - [29/Apr/2025:10:17:06 -0400] "GET /?o=4471784310300&channel=d1c343&from=goods.php%3Fid%3D843103-4667%26name%3DTRUE+AMES+%E3%83%88%E3%82%A5%E3%83%AB%E3%83%BC%E3%82%A2%E3%83%A0%E3%82%B9+%E3%83%95%E3%82%A3%E3%83%B3+Lovelace+V+Bowls+8.5%22+Ryan+Lovelace+%E3%83%A9%E3%82%A4%E3%82%A2%E3%83%B3%E3%83%BB%E3%83%A9%E3%83%96%E3%83%AC%E3%82%B9+%E3%83%AD%E3%83%B3%E3%82%B0%E3%83%9C%E3%83%BC%E3%83%89+%E3%82%BB%E3%83%B3%E3%82%BF%E3%83%BC%E3%83%95%E3%82%A3%E3%83%B3+%E3%82%B7%E3%83%B3%E3%82%B0%E3%83%AB%E3%83%95%E3%82%A3%E3%83%B3+%E6%97%A5%E6%9C%AC%E6%AD%A3%E8%A6%8F%E5%93%81 HTTP/1.1" 200 0 "-" "Mozilla/5.0 AppleWebKit/537.36 (KHTML, like Gecko; compatible; bingbot/2.0; +http://www.bing.com/bingbot.htm) Chrome/116.0.1938.76 Safari/537.36"
66.249.73.129 - - [29/Apr/2025:10:17:32 -0400] "GET /?o=9939878009200&channel=942bcb&from=goods.php%3Fid%3D780092-1568%26name%3D%E3%80%90%E3%82%A8%E3%83%AB%E3%83%A1%E3%82%B9%E3%80%91%E3%82%AB%E3%83%BC%E3%83%89%E3%82%B1%E3%83%BC%E3%82%B9+%E5%AE%9A%E6%9C%9F%E5%85%A5%E3%82%8C+%E3%83%91%E3%82%B9%E3%82%B1%E3%83%BC%E3%82%B9+%E3%82%B7%E3%83%AB%E3%82%AF+%E3%83%AC%E3%82%B6%E3%83%BC HTTP/1.1" 200 53291 "-" "Mozilla/5.0 (Linux; Android 6.0.1; Nexus 5X Build/MMB29P) AppleWebKit/537.36 (KHTML, like Gecko) Chrome/135.0.7049.95 Mobile Safari/537.36 (compatible; Googlebot/2.1; +http://www.google.com/bot.html)"
66.249.73.128 - - [29/Apr/2025:10:17:34 -0400] "GET /?o=0892745573401&channel=93d6c2&from=news.php%3Fid%3D455734-11927%26name%3D%E3%80%90OUTLET%E3%80%91+%E9%9B%B2%E5%8F%B0+befree+live+%E3%82%AB%E3%83%BC%E3%83%9C%E3%83%B3T%E4%B8%89%E8%84%9A%E3%83%93%E3%83%87%E3%82%AA%E9%9B%B2%E5%8F%B0%E3%82%AD%E3%83%83%E3%83%88+MVKBFRTC-LIVE+%5BManfrotto+%E3%83%9E%E3%83%B3%E3%83%95%E3%83%AD%E3%83%83%E3%83%88+%E5%85%AC%E5%BC%8F%5D%E3%80%90%E3%82%A2%E3%82%A6%E3%83%88%E3%83%AC%E3%83%83%E3%83%88%E3%80%91 HTTP/1.1" 200 53181 "-" "Mozilla/5.0 (Linux; Android 6.0.1; Nexus 5X Build/MMB29P) AppleWebKit/537.36 (KHTML, like Gecko) Chrome/135.0.7049.95 Mobile Safari/537.36 (compatible; Googlebot/2.1; +http://www.google.com/bot.html)"
66.249.73.128 - - [29/Apr/2025:10:17:44 -0400] "GET /?o=23880126761902&channel=a2da23&from=pin.php%3Fid%3D1267619-4145%26name%3D%EF%BC%88%E5%80%A4%E4%B8%8B%E3%81%92%EF%BC%89Kabuto%E3%80%80KAMLII-%E2%85%A2%E3%80%80L%E3%82%B5%E3%82%A4%E3%82%BA HTTP/1.1" 200 54602 "-" "Mozilla/5.0 (Linux; Android 6.0.1; Nexus 5X Build/MMB29P) AppleWebKit/537.36 (KHTML, like Gecko) Chrome/135.0.7049.95 Mobile Safari/537.36 (compatible; Googlebot/2.1; +http://www.google.com/bot.html)"
66.249.73.129 - - [29/Apr/2025:10:18:01 -0400] "GET /?o=987113241501&channel=413793&from=news.php%3Fid%3D32415-3063%26name%3D%E3%82%A8%E3%83%B3%E3%82%B8%E8%A2%B4M%EF%BC%8B%E3%83%96%E3%83%BC%E3%83%84%E9%BB%9238 HTTP/1.1" 200 52992 "-" "Mozilla/5.0 (Linux; Android 6.0.1; Nexus 5X Build/MMB29P) AppleWebKit/537.36 (KHTML, like Gecko) Chrome/135.0.7049.95 Mobile Safari/537.36 (compatible; Googlebot/2.1; +http://www.google.com/bot.html)"
66.249.73.128 - - [29/Apr/2025:10:18:08 -0400] "GET /?o=91389170107106&channel=a0fa47&from=goods.php%3Fid%3D1701071-26690%26name%3DPHasz+M16+%E3%81%8A%E3%81%AD%E3%81%98%E6%A9%9F%E6%A2%B0%E3%83%AA%E3%83%95%E3%83%86%E3%82%A3%E3%83%B3%E3%82%B0%E3%82%A2%E3%82%A4%E3%83%9C%E3%83%AB%E3%83%88%E3%80%81%E3%82%B9%E3%83%86%E3%83%B3%E3%83%AC%E3%82%B9%E9%8B%BC%E3%82%B7%E3%83%A7%E3%83%AB%E3%83%80%E3%83%BC%E3%83%AA%E3%83%95%E3%83%86%E3%82%A3%E3%83%B3%E3%82%B0%E3%82%A2%E3%82%A4%E3%83%9C%E3%83%AB%E3%83%88%E3%81%AD%E3%81%98%E9%95%B7%E3%81%95+70-200+%E3%83%9F%E3%83%AA%E3%83%A1%E3%83%BC%E3%83%88 HTTP/1.1" 200 53696 "-" "Mozilla/5.0 (Linux; Android 6.0.1; Nexus 5X Build/MMB29P) AppleWebKit/537.36 (KHTML, like Gecko) Chrome/135.0.7049.95 Mobile Safari/537.36 (compatible; Googlebot/2.1; +http://www.google.com/bot.html)"
66.249.73.128 - - [29/Apr/2025:10:18:09 -0400] "GET /?o=29791177669205&channel=8b3c85&from=product.php%3Fid%3D1776692-22583%26name%3D%E3%80%90%E6%9C%AA%E4%BD%BF%E7%94%A8%E3%80%91%E7%BE%8E%E5%93%81%E3%80%80%E6%B0%B4%E7%AD%92%E3%80%80%E7%9C%9F%E7%A9%BA%E3%82%B9%E3%83%86%E3%83%B3%E3%83%AC%E3%82%B9%E3%80%80%E7%9B%B4%E9%A3%B2%E3%81%BF%E3%80%80500ml%E3%80%80%E3%83%94%E3%83%B3%E3%82%AF%E3%83%99%E3%83%BC%E3%82%B8%E3%83%A5 HTTP/1.1" 200 54617 "-" "Mozilla/5.0 (Linux; Android 6.0.1; Nexus 5X Build/MMB29P) AppleWebKit/537.36 (KHTML, like Gecko) Chrome/135.0.7049.95 Mobile Safari/537.36 (compatible; Googlebot/2.1; +http://www.google.com/bot.html)"
66.249.73.128 - - [29/Apr/2025:10:18:20 -0400] "GET /?o=296572671807&channel=fd459c&from=form.php%3Fid%3D26718-1585%26name%3DBALENCIAGA%28%E3%83%90%E3%83%AC%E3%83%B3%E3%82%B7%E3%82%A2%E3%82%AC%29+%E3%82%B7%E3%83%A7%E3%83%AB%E3%83%80%E3%83%BC%E3%83%90%E3%83%83%E3%82%B0+%E3%83%AB%E3%83%BB%E3%82%AB%E3%82%B4%E3%83%BC%E3%83%AB+%E3%82%B9%E3%83%A2%E3%83%BC%E3%83%AB%E3%82%B7%E3%83%A7%E3%83%AB%E3%83%80%E3%83%BC%E3%83%90%E3%83%83%E3%82%B0+671307+%E3%82%B7%E3%83%AB%E3%83%90%E3%83%BC+%E3%83%AC%E3%82%B6%E3%83%BC HTTP/1.1" 200 53828 "-" "Mozilla/5.0 (Linux; Android 6.0.1; Nexus 5X Build/MMB29P) AppleWebKit/537.36 (KHTML, like Gecko) Chrome/135.0.7049.95 Mobile Safari/537.36 (compatible; Googlebot/2.1; +http://www.google.com/bot.html)"
66.249.73.128 - - [29/Apr/2025:10:18:33 -0400] "GET /?o=02140119664202&channel=9dfa3b&from=news.php%3Fid%3D1196642-9007%26name%3D%E6%9D%B1%E4%BA%AC%E5%A4%A7%E5%A1%9A%E7%99%BA%E3%82%B9%E3%82%BA%E3%82%AD%E3%83%BB%E3%82%A2%E3%83%89%E3%83%AC%E3%82%B9%EF%BD%9650%E7%8F%BE%E5%BD%B9%E3%83%90%E3%82%A4%E3%82%AF%E8%87%AA%E8%B3%A0%E8%B2%AC%E4%BB%98%E3%81%8D%E8%A9%A6%E4%B9%97%E3%82%82%E5%8F%AF%E8%83%BD%E3%80%80%E4%B9%97%E3%81%A3%E3%81%A6%E5%B8%B0%E3%82%8C%E3%81%BE%E3%81%99%EF%BC%81 HTTP/1.1" 200 54430 "-" "Mozilla/5.0 (Linux; Android 6.0.1; Nexus 5X Build/MMB29P) AppleWebKit/537.36 (KHTML, like Gecko) Chrome/135.0.7049.95 Mobile Safari/537.36 (compatible; Googlebot/2.1; +http://www.google.com/bot.html)"
66.249.73.128 - - [29/Apr/2025:10:18:33 -0400] "GET /?o=97989118417204&channel=05ccc0&from=shared.php%3Fid%3D1184172-780%26name%3D%E3%80%90%E3%80%91%E2%97%8E%E3%83%80%E3%82%A4%E3%82%AD%E3%83%B3%E3%80%8AS563ATSP%28T%29%E3%83%BBS563ATSP-T%E3%80%8B+%28F563ATSPK+%2B+BCF404A-T+%2B+R563ASP%29%E5%8D%98200V+18%E7%95%B3%E3%83%BB%3A+%E3%83%AB%E3%83%BC%E3%83%A0%E3%82%A8%E3%82%A2%E3%82%B3%E3%83%B3%E3%83%BB%E5%86%B7%E6%9A%96%E3%83%BB%E9%99%A4%E6%B9%BF%E3%83%BBSX%E3%82%B7%E3%83%AA%E3%83%BC%E3%82%BA%E3%83%BB%E6%9C%AC%E4%BD%93%E3%83%80%E3%83%BC%E3%82%AF%E3%82%B0%E3%83%AC%E3%83%BCra HTTP/1.1" 200 54484 "-" "Mozilla/5.0 (Linux; Android 6.0.1; Nexus 5X Build/MMB29P) AppleWebKit/537.36 (KHTML, like Gecko) Chrome/135.0.7049.95 Mobile Safari/537.36 (compatible; Googlebot/2.1; +http://www.google.com/bot.html)"
66.249.73.128 - - [29/Apr/2025:10:18:34 -0400] "GET /?o=27379129968103&channel=869dc1&from=brands.php%3Fid%3D1299681-14389%26name%3D8s-30+%E3%82%A2%E3%83%B3%E3%83%86%E3%82%A3%E3%83%BC%E3%82%AF%E3%82%B9%E3%83%86%E3%83%B3%E3%83%89%E3%82%B0%E3%83%A9%E3%82%B9%E3%80%80%E8%8A%B1%E8%8D%89%E6%9F%84%E3%80%801920%E5%B9%B4%E4%BB%A3%E8%8B%B1%E5%9B%BD%E8%A3%BD%2F%E3%82%A4%E3%82%AE%E3%83%AA%E3%82%B9%E8%A3%BD HTTP/1.1" 200 54728 "-" "Mozilla/5.0 (Linux; Android 6.0.1; Nexus 5X Build/MMB29P) AppleWebKit/537.36 (KHTML, like Gecko) Chrome/135.0.7049.95 Mobile Safari/537.36 (compatible; Googlebot/2.1; +http://www.google.com/bot.html)"
66.249.73.128 - - [29/Apr/2025:10:18:40 -0400] "GET /?o=452216168200&channel=02dbc0&from=form.php%3Fid%3D61682-4405%26name%3D%E2%98%86%E4%B8%AD%E5%8F%A4%E5%93%81%E2%98%86HiKOKI+%E3%83%8F%E3%82%A4%E3%82%B3%E3%83%BC%E3%82%AD+%E3%82%B3%E3%83%BC%E3%83%89%E3%83%AC%E3%82%B9%E3%83%9C%E3%83%BC%E3%83%89%E7%94%A8%E3%83%89%E3%83%A9%E3%82%A4%E3%83%90+W36DYA+%E6%9C%AC%E4%BD%93%E3%81%AE%E3%81%BF+%E3%82%B9%E3%82%AF%E3%83%AA%E3%83%A5%E3%83%BC%E3%83%89%E3%83%A9%E3%82%A4%E3%83%90%E3%83%BC+%E5%85%85%E9%9B%BB%E5%BC%8F HTTP/1.1" 200 54123 "-" "Mozilla/5.0 (Linux; Android 6.0.1; Nexus 5X Build/MMB29P) AppleWebKit/537.36 (KHTML, like Gecko) Chrome/135.0.7049.95 Mobile Safari/537.36 (compatible; Googlebot/2.1; +http://www.google.com/bot.html)"
66.249.73.129 - - [29/Apr/2025:10:18:45 -0400] "GET /?o=951246405300&channel=9d71c1&from=info.php%3Fid%3D64053-4337%26name%3D%E3%83%87%E3%82%B8%E3%82%BF%E3%83%AB%E4%B8%80%E7%9C%BC%E3%83%AC%E3%83%95%E3%80%80Canon+Kissx2 HTTP/1.1" 200 55624 "-" "Mozilla/5.0 (Linux; Android 6.0.1; Nexus 5X Build/MMB29P) AppleWebKit/537.36 (KHTML, like Gecko) Chrome/135.0.7049.95 Mobile Safari/537.36 (compatible; Googlebot/2.1; +http://www.google.com/bot.html)"
66.249.73.128 - - [29/Apr/2025:10:18:51 -0400] "GET /?o=70487170708803&channel=72c08f&from=brands.php%3Fid%3D1707088-25860%26name%3DMAP+%E3%83%9E%E3%83%8B%E3%83%9B%E3%83%BC%E3%83%AB%E3%83%89%E7%B5%B6%E5%AF%BE%E5%9C%A7%E5%8A%9B%E3%82%BB%E3%83%B3%E3%82%B5%E3%83%BC%E3%80%812004%EF%BD%9E2008+%E5%B9%B4%E5%BC%8F%E3%82%B7%E3%83%9C%E3%83%AC%E3%83%BC+%E3%82%A2%E3%83%99%E3%82%AA+%E3%82%AA%E3%83%97%E3%83%88%E3%83%A9+1.6L+%E7%94%A8 HTTP/1.1" 200 54805 "-" "Mozilla/5.0 (Linux; Android 6.0.1; Nexus 5X Build/MMB29P) AppleWebKit/537.36 (KHTML, like Gecko) Chrome/135.0.7049.95 Mobile Safari/537.36 (compatible; Googlebot/2.1; +http://www.google.com/bot.html)"
66.249.73.128 - - [29/Apr/2025:10:19:09 -0400] "GET /?o=57502127705800&channel=641ff0&from=shop.php%3Fid%3D1277058-16657%26name%3D%E6%B2%B9%E5%BD%A9%E7%94%BB+%E6%B4%8B%E7%94%BB+%28%E6%B2%B9%E7%B5%B5%E9%A1%8D%E7%B8%81%E4%BB%98%E3%81%8D%E3%81%A7%E7%B4%8D%E5%93%81%E5%AF%BE%E5%BF%9C%E5%8F%AF%29+M20%E5%8F%B7+%E3%80%8C%E3%83%91%E3%83%B3%E3%82%B8%E3%83%BC%E3%80%8D+%E6%90%BE%E3%81%A3+%E5%AE%89%E7%94%B0+%E8%8B%B1%E6%98%8E HTTP/1.1" 200 56950 "-" "Mozilla/5.0 (Linux; Android 6.0.1; Nexus 5X Build/MMB29P) AppleWebKit/537.36 (KHTML, like Gecko) Chrome/135.0.7049.95 Mobile Safari/537.36 (compatible; Googlebot/2.1; +http://www.google.com/bot.html)"
66.249.73.128 - - [29/Apr/2025:10:19:11 -0400] "GET /?o=7024556457800&channel=ea95ea&from=goods.php%3Fid%3D564578-18069%26name%3D%E6%9D%B1%E4%BA%AC%E3%83%9E%E3%83%AB%E3%82%A4+%EF%BC%B2%EF%BC%91%EF%BC%98%E3%82%AC%E3%82%B9%E3%82%AC%E3%83%B3+%E5%90%AB%E3%81%BF+%E3%83%8F%E3%83%B3%E3%83%89%E3%82%AC%E3%83%B3+%EF%BC%B3%EF%BC%A9%EF%BC%A7+%EF%BC%B3%EF%BC%A1%EF%BC%B5%EF%BC%A5%EF%BC%B2+%EF%BC%B0%EF%BC%92%EF%BC%92%EF%BC%96%EF%BC%A5%EF%BC%92+%E3%82%A2%E3%83%A1%E3%83%AA%E3%82%AB+%E6%8B%B3%E9%8A%83+%E3%83%9F%E3%83%AA%E3%82%BF%E3%83%AA%E3%83%BC%2F266 HTTP/1.1" 200 56527 "-" "Mozilla/5.0 (Linux; Android 6.0.1; Nexus 5X Build/MMB29P) AppleWebKit/537.36 (KHTML, like Gecko) Chrome/135.0.7049.95 Mobile Safari/537.36 (compatible; Googlebot/2.1; +http://www.google.com/bot.html)"
66.249.73.129 - - [29/Apr/2025:10:19:43 -0400] "GET /?o=33147148763709&channel=ea9722&from=pin.php%3Fid%3D1487637-60%26name%3D%E3%83%8E%E3%83%BC%E3%82%B9%E3%83%95%E3%82%A7%E3%82%A4%E3%82%B9+%E3%82%B9%E3%82%AD%E3%83%BC%E3%82%A6%E3%82%A7%E3%82%A2+%E3%82%AD%E3%83%83%E3%82%BA+%E3%81%A4%E3%81%AA%E3%81%8E110+%E5%A5%B3%E3%81%AE%E5%AD%90+%E3%82%B8%E3%83%A3%E3%83%B3%E3%83%97%E3%82%B9%E3%83%BC%E3%83%84 HTTP/1.1" 200 51531 "-" "Mozilla/5.0 (Linux; Android 6.0.1; Nexus 5X Build/MMB29P) AppleWebKit/537.36 (KHTML, like Gecko) Chrome/135.0.7049.95 Mobile Safari/537.36 (compatible; Googlebot/2.1; +http://www.google.com/bot.html)"
66.249.73.129 - - [29/Apr/2025:10:20:01 -0400] "GET /?o=0029236692006&channel=54b7f1&from=goods.php%3Fid%3D366920-14689%26name%3D%E3%82%BF%E8%8D%B7S0778%E2%97%86H170%2C5cm%E2%97%86%E3%83%B4%E3%82%A3%E3%83%B3%E3%83%86%E3%83%BC%E3%82%B8%E2%97%86%E9%87%8D%E5%8E%9A%E3%81%AA%E5%8F%A4%E3%81%84%E9%89%84%E8%A3%BD%E3%82%B1%E3%83%93%E3%83%B3%E3%83%88%E2%97%86%E5%B7%A5%E6%A5%AD%E7%B3%BB+%E9%A3%BE%E3%82%8A%E6%A3%9A+%E5%8C%BB%E7%99%82%E6%A3%9A+%E3%82%AC%E3%83%A9%E3%82%B9%E3%82%B1%E3%83%BC%E3%82%B9+%E3%82%A2%E3%82%A4%E3%82%A2%E3%83%B3%E3%83%A9%E3%83%83%E3%82%AF+%E3%83%AC%E3%83%88%E3%83%ADR%28%E3%83%A4D%29%E6%9D%BE HTTP/1.1" 200 53714 "-" "Mozilla/5.0 (Linux; Android 6.0.1; Nexus 5X Build/MMB29P) AppleWebKit/537.36 (KHTML, like Gecko) Chrome/135.0.7049.95 Mobile Safari/537.36 (compatible; Googlebot/2.1; +http://www.google.com/bot.html)"
66.249.73.130 - - [29/Apr/2025:10:20:01 -0400] "GET /?o=3109712707304&channel=2d2dee&from=info.php%3Fid%3D127073-8192%26name%3DACTIVE+%E3%82%A2%E3%82%AF%E3%83%86%E3%82%A3%E3%83%96+12030608+STF%E3%83%96%E3%83%AC%E3%83%BC%E3%82%AD%E3%83%AC%E3%83%90%E3%83%BC+%E3%82%B0%E3%83%AA%E3%83%BC%E3%83%B3+YZF-R7%2FMT-09%2FXSR900%2FXSR900GP HTTP/1.1" 200 52386 "-" "Mozilla/5.0 (Linux; Android 6.0.1; Nexus 5X Build/MMB29P) AppleWebKit/537.36 (KHTML, like Gecko) Chrome/135.0.7049.95 Mobile Safari/537.36 (compatible; Googlebot/2.1; +http://www.google.com/bot.html)"
52.167.144.187 - - [29/Apr/2025:10:20:04 -0400] "GET /?o=8257516550504&channel=41d04d&from=shared.php%3Fid%3D165505-9038%26name%3D%E3%82%B9%E3%83%81%E3%83%BC%E3%83%AB%E3%83%A9%E3%83%83%E3%82%AF+%E5%B9%85120+%E5%A5%A5%E8%A1%8C45+%E9%AB%98%E3%81%95180cm+5%E6%AE%B5+%E3%82%B9%E3%83%81%E3%83%BC%E3%83%AB%E6%A3%9A+%E6%A5%AD%E5%8B%99%E7%94%A8+%E5%8F%8E%E7%B4%8D+BC-NC-1200-18+%E3%83%9B%E3%83%AF%E3%82%A4%E3%83%88+%E3%83%96%E3%83%A9%E3%83%83%E3%82%AF+70kg%2F%E6%AE%B5 HTTP/1.1" 200 0 "-" "Mozilla/5.0 AppleWebKit/537.36 (KHTML, like Gecko; compatible; bingbot/2.0; +http://www.bing.com/bingbot.htm) Chrome/116.0.1938.76 Safari/537.36"
66.249.73.128 - - [29/Apr/2025:10:20:12 -0400] "GET /?o=3885486742221&channel=e55181&from=jp.php%3Fid%3D867422-3031%26name%3D%E3%83%91%E3%83%B3%E3%83%84+%E3%80%8CMARW+UNITED+ARROWS%E3%80%8D%E3%83%AC%E3%82%A4%E3%83%A4%E3%83%BC%E3%83%89+%E3%83%91%E3%83%B3%E3%83%84+%E3%83%AC%E3%83%87%E3%82%A3%E3%83%BC%E3%82%B9 HTTP/1.1" 200 54062 "-" "Mozilla/5.0 (Linux; Android 6.0.1; Nexus 5X Build/MMB29P) AppleWebKit/537.36 (KHTML, like Gecko) Chrome/135.0.7049.95 Mobile Safari/537.36 (compatible; Googlebot/2.1; +http://www.google.com/bot.html)"
157.55.39.13 - - [29/Apr/2025:10:20:37 -0400] "GET /?o=0287238928004&channel=a9436f&from=article.php%3Fid%3D389280-6884%26name%3D%E6%B1%8E%E7%94%A8%E4%BA%A4%E6%8F%9B%E7%94%A8%E3%82%B9%E3%82%AF%E3%83%AA%E3%83%BC%E3%83%B3+%E3%83%8E%E3%83%BC%E3%83%88%E3%83%91%E3%82%BD%E3%82%B3%E3%83%B3+LCD+%E3%82%B9%E3%82%AF%E3%83%AA%E3%83%BC%E3%83%B3+%E3%83%87%E3%82%A3%E3%82%B9%E3%83%97%E3%83%AC%E3%82%A4%E9%81%A9%E7%94%A8%E3%81%99%E3%82%8B+For+ASUS+Z61+Z61A+Z61Ae+15 HTTP/1.1" 200 0 "-" "Mozilla/5.0 AppleWebKit/537.36 (KHTML, like Gecko; compatible; bingbot/2.0; +http://www.bing.com/bingbot.htm) Chrome/116.0.1938.76 Safari/537.36"
66.249.73.128 - - [29/Apr/2025:10:20:50 -0400] "GET /?o=25702114461405&channel=8e7f1c&from=category-info.php%3Fid%3D1144614-10652%26name%3D%E3%82%B8%E3%83%BC%E3%83%97+Jeep+%E3%82%AD%E3%83%83%E3%83%81%E3%83%B3%E3%83%86%E3%83%BC%E3%83%96%E3%83%AB+%E3%82%B9%E3%82%BF%E3%83%B3%E3%83%89+%E3%83%96%E3%83%A9%E3%83%83%E3%82%AF HTTP/1.1" 200 53246 "-" "Mozilla/5.0 (Linux; Android 6.0.1; Nexus 5X Build/MMB29P) AppleWebKit/537.36 (KHTML, like Gecko) Chrome/135.0.7049.95 Mobile Safari/537.36 (compatible; Googlebot/2.1; +http://www.google.com/bot.html)"
66.249.73.128 - - [29/Apr/2025:10:20:55 -0400] "GET /?o=2183320518607&channel=234023&from=goods.php%3Fid%3D205186-10500%26name%3D%E3%80%90%E3%82%B9%E3%82%BF%E3%82%B8%E3%82%AA%E3%82%AA%E3%83%BC%E3%82%B7%E3%83%A3%E3%83%B3%E3%83%9E%E3%83%BC%E3%82%AF%E3%80%91%E3%83%96%E3%83%AB%E3%83%BC%E3%83%98%E3%83%96%E3%83%B3%E3%80%80BH-L30Hi%2FR HTTP/1.1" 200 53459 "-" "Mozilla/5.0 (Linux; Android 6.0.1; Nexus 5X Build/MMB29P) AppleWebKit/537.36 (KHTML, like Gecko) Chrome/135.0.7049.95 Mobile Safari/537.36 (compatible; Googlebot/2.1; +http://www.google.com/bot.html)"
66.249.73.128 - - [29/Apr/2025:10:21:06 -0400] "GET /?o=0885725172426&channel=32baac&from=jp.php%3Fid%3D251724-1509%26name%3D%E3%80%90%E6%B4%97%E3%81%88%E3%82%8B%21%E3%80%91WAVE+CARRENT+PULLOVER+%E3%83%8B%E3%83%83%E3%83%88%E3%83%97%E3%83%AB%E3%82%AA%E3%83%BC%E3%83%90%E3%83%BC HTTP/1.1" 200 53833 "-" "Mozilla/5.0 (Linux; Android 6.0.1; Nexus 5X Build/MMB29P) AppleWebKit/537.36 (KHTML, like Gecko) Chrome/135.0.7049.95 Mobile Safari/537.36 (compatible; Googlebot/2.1; +http://www.google.com/bot.html)"
66.249.73.129 - - [29/Apr/2025:10:21:22 -0400] "GET /?o=4705832746807&channel=d71bc0&from=jp.php%3Fid%3D327468-9613%26name%3D%E5%90%89%E7%94%B0+%E5%8D%9A%E3%80%81%E3%80%8C%E5%B8%86%E8%88%B9%E3%80%80%E6%9C%9D%E3%80%80%E7%80%AC%E6%88%B8%E5%86%85%E6%B5%B7%E9%9B%86%E3%80%8D%E3%80%81%E5%8E%B3%E9%81%B8%E3%80%81%E5%B8%8C%E5%B0%91%E7%94%BB%E9%9B%86%E3%83%BB%E9%A1%8D%E8%A3%85%E7%94%BB%E3%80%81%E4%BA%BA%E6%B0%97%E4%BD%9C%E5%93%81%E3%80%81%E6%96%B0%E5%93%81%E3%83%BB%E5%9B%BD%E7%94%A3%E9%A1%8D+%E9%A1%8D%E8%A3%85%E4%BB%98%E3%80%81%E7%8A%B6%E6%85%8B%E8%89%AF%E5%A5%BD%E3%80%81%E6%97%85%E6%83%85%E3%80%81%E9%A2%A8%E6%99%AF HTTP/1.1" 200 55519 "-" "Mozilla/5.0 (Linux; Android 6.0.1; Nexus 5X Build/MMB29P) AppleWebKit/537.36 (KHTML, like Gecko) Chrome/135.0.7049.95 Mobile Safari/537.36 (compatible; Googlebot/2.1; +http://www.google.com/bot.html)"
66.249.73.128 - - [29/Apr/2025:10:21:23 -0400] "GET /?o=9676362269800&channel=ea9722&from=blog.php%3Fid%3D622698-60%26name%3D%E3%81%BE%E3%83%BC%E3%81%95%E3%82%93%E5%B0%82%E7%94%A8%E3%80%80%E3%81%88%E3%81%BC%E3%81%97%E3%82%B9%E3%82%AD%E3%83%BC%E5%A0%B4%E3%80%80%E3%83%AA%E3%83%95%E3%83%88%E5%88%B8%E3%80%80%EF%BC%95%E6%9E%9A%E3%80%80%E5%A4%A7%E4%BA%BA%E3%80%80%E5%AE%AE%E5%9F%8E%E7%9C%8C%E3%80%80%E5%AE%AE%E5%9F%8E%E8%94%B5%E7%8E%8B HTTP/1.1" 200 52300 "-" "Mozilla/5.0 (Linux; Android 6.0.1; Nexus 5X Build/MMB29P) AppleWebKit/537.36 (KHTML, like Gecko) Chrome/135.0.7049.95 Mobile Safari/537.36 (compatible; Googlebot/2.1; +http://www.google.com/bot.html)"
66.249.73.128 - - [29/Apr/2025:10:21:30 -0400] "GET /?o=92221152457602&channel=e1083c&from=shop.php%3Fid%3D1524576-2058%26name%3DBAS%E6%A7%98%E5%B0%82%E7%94%A8 HTTP/1.1" 200 54003 "-" "Mozilla/5.0 (Linux; Android 6.0.1; Nexus 5X Build/MMB29P) AppleWebKit/537.36 (KHTML, like Gecko) Chrome/135.0.7049.95 Mobile Safari/537.36 (compatible; Googlebot/2.1; +http://www.google.com/bot.html)"
157.55.39.202 - - [29/Apr/2025:10:21:38 -0400] "GET /?o=2112895211100&channel=849978&from=pin.php%3Fid%3D952111-9156%26name%3D%E5%AF%BA%E7%94%B0%E3%80%80%E8%87%AA%E5%8B%95%E6%B1%9A%E6%B0%B4%E7%94%A8%E6%B0%B4%E4%B8%AD%E3%83%9D%E3%83%B3%E3%83%97%E3%80%80%EF%BC%96%EF%BC%90%EF%BC%A8%EF%BD%9A%E3%80%80%EF%BC%B3%EF%BC%A1%E2%88%92%EF%BC%91%EF%BC%95%EF%BC%90%EF%BC%A3 HTTP/1.1" 200 0 "-" "Mozilla/5.0 AppleWebKit/537.36 (KHTML, like Gecko; compatible; bingbot/2.0; +http://www.bing.com/bingbot.htm) Chrome/116.0.1938.76 Safari/537.36"
185.191.171.17 - - [29/Apr/2025:10:21:43 -0400] "GET /bocoran-togel-toto-macau-16-00-rabu-22-november-2023/ HTTP/1.1" 200 0 "-" "Mozilla/5.0 (compatible; SemrushBot/7~bl; +http://www.semrush.com/bot.html)"
66.249.73.128 - - [29/Apr/2025:10:21:51 -0400] "GET /?o=7083769801608&channel=32f216&from=info.php%3Fid%3D698016-18179%26name%3D%E5%AE%9F%E7%89%A9%E3%80%80%E3%83%99%E3%83%88%E3%83%8A%E3%83%A0%E6%88%A6%E4%BA%89%E3%80%80OG-107+%E3%82%B7%E3%83%A3%E3%83%84%E3%80%80%E3%83%A6%E3%83%BC%E3%83%86%E3%82%A3%E3%83%AA%E3%83%86%E3%82%A3%E3%82%B7%E3%83%A3%E3%83%84%E3%80%80%E8%A4%87%E6%95%B0%E7%A8%AE%E9%A1%9E%E3%80%80%E8%A4%87%E6%95%B0%E5%87%BA%E5%93%81%E3%80%80%E3%83%91%E3%83%83%E3%83%81%E5%BE%8C%E4%BB%98%E3%81%91%E3%80%80%E4%B8%AD%E5%8F%A4%E5%93%81%E3%80%80%E6%94%BE%E5%87%BA%E5%93%81%E3%80%80%E8%A4%87%E6%95%B0%E5%B9%B4%E4%BB%A3%E3%80%80Z%27%27 HTTP/1.1" 200 55073 "-" "Mozilla/5.0 (Linux; Android 6.0.1; Nexus 5X Build/MMB29P) AppleWebKit/537.36 (KHTML, like Gecko) Chrome/135.0.7049.95 Mobile Safari/537.36 (compatible; Googlebot/2.1; +http://www.google.com/bot.html)"
207.46.13.107 - - [29/Apr/2025:10:22:30 -0400] "GET /?o=15943155595401&channel=ea2fe0&from=blog.php%3Fid%3D1555954-920%26name%3D%E3%80%90FUNNY%E6%AD%A3%E8%A6%8F%E5%8F%96%E6%89%B1%E5%BA%97%E3%80%91FUNNY+%E3%83%99%E3%83%AB%E3%83%88%E3%83%AB%E3%83%BC%E3%83%97+%E3%83%95%E3%82%A1%E3%83%8B%E3%83%BC+%E3%83%AB%E3%83%BC%E3%83%97%E3%82%AD%E3%83%BC%E3%83%9B%E3%83%AB%E3%83%80%E3%83%BC+1%E3%83%89%E3%83%AB+%E3%83%A2%E3%83%BC%E3%82%AC%E3%83%B3%E3%82%B3%E3%83%B3%E3%83%81%E3%83%A7+%E3%83%A2%E3%83%AB%E3%82%AC%E3%83%B3%E3%82%B3%E3%82%A4%E3%83%B3+%E3%83%80%E3%82%A4%E3%83%A4%E3%83%A2%E3%83%B3%E3%83%89%E3%83%91%E3%82%A4%E3%82%BD%E3%83%B3+%E6%9C%AC%E9%9D%A9+%E3%83%95%E3%83%A9%E3%83%83%E3%83%97%E3%83%AB%E3%83%BC%E3%83%97+%E3%82%AD%E3%83%BC%E3%83%9B%E3%83%AB%E3%83%80%E3%83%BC+%E3%82%AD%E3%83%BC%E3%83%AA%E3%83%B3%E3%82%B0+%E3%83%90%E3%83%83%E3%82%B0%E3%83%81%E3%83%A3%E3%83%BC%E3%83%A0+%E3%82%B9%E3%83%88%E3%83%A9%E3%83%83%E3%83%97 HTTP/1.1" 200 0 "-" "Mozilla/5.0 AppleWebKit/537.36 (KHTML, like Gecko; compatible; bingbot/2.0; +http://www.bing.com/bingbot.htm) Chrome/116.0.1938.76 Safari/537.36"
66.249.73.130 - - [29/Apr/2025:10:22:45 -0400] "GET /?o=5942252134900&channel=42dc97&from=form.php%3Fid%3D521349-2065%26name%3D245%2F40R18+93W+%E3%83%97%E3%83%AD%E3%82%AF%E3%82%BB%E3%82%B9+R1R+PROXES+245%2F40ZR18+%E3%83%88%E3%83%BC%E3%83%A8%E3%83%BC+%E3%82%BF%E3%82%A4%E3%83%A4+TOYO+TIRES+245%2F40-18+245%2F40+18%E3%82%A4%E3%83%B3%E3%83%81+%E5%9B%BD%E7%94%A3+%E3%82%B9%E3%83%9D%E3%83%BC%E3%83%84+%E3%83%89%E3%83%AA%E3%83%95%E3%83%88+D1+%E3%82%B0%E3%83%A9%E3%83%B3%E3%83%97%E3%83%AA+%E3%82%B5%E3%83%9E%E3%83%BC HTTP/1.1" 200 58120 "-" "Mozilla/5.0 (Linux; Android 6.0.1; Nexus 5X Build/MMB29P) AppleWebKit/537.36 (KHTML, like Gecko) Chrome/135.0.7049.95 Mobile Safari/537.36 (compatible; Googlebot/2.1; +http://www.google.com/bot.html)"
66.249.73.128 - - [29/Apr/2025:10:22:51 -0400] "GET /?o=3838564491302&channel=1354d0&from=blog.php%3Fid%3D644913-3132%26name%3D%E3%83%80%E3%82%A4%E3%83%8B%E3%83%B3%E3%82%B0%E3%83%81%E3%82%A7%E3%82%A2+2%E8%84%9A%E3%82%BB%E3%83%83%E3%83%88+%E9%A3%9F%E5%8D%93%E6%A4%85%E5%AD%90%E5%90%8C%E8%89%B22%E5%80%8B%E3%82%BB%E3%83%83%E3%83%88+%E6%9C%A8%EF%BC%86%E3%82%B9%E3%83%81%E3%83%BC%E3%83%AB+%E5%A4%A9%E7%84%B6%E6%9C%A8%E7%AA%81%E6%9D%BF+%E3%81%93%E3%81%A0%E3%82%8F%E3%82%8A+%E3%81%8A%E6%B4%92%E8%90%BD+%E6%9B%B2%E7%B7%9A%E7%BE%8E+%E3%83%A2%E3%83%80%E3%83%B3 HTTP/1.1" 200 55102 "-" "Mozilla/5.0 (Linux; Android 6.0.1; Nexus 5X Build/MMB29P) AppleWebKit/537.36 (KHTML, like Gecko) Chrome/135.0.7049.95 Mobile Safari/537.36 (compatible; Googlebot/2.1; +http://www.google.com/bot.html)"
66.249.73.128 - - [29/Apr/2025:10:23:30 -0400] "GET /?o=7613361762501&channel=56b742&from=brands.php%3Fid%3D617625-14681%26name%3D%E3%83%AA%E3%83%AA%E3%83%BC%E3%83%96%E3%83%A9%E3%82%A6%E3%83%B3+%E3%83%A1%E3%83%83%E3%82%B7%E3%83%A5%E3%83%90%E3%82%B1%E3%83%83%E3%83%88 HTTP/1.1" 200 54285 "-" "Mozilla/5.0 (Linux; Android 6.0.1; Nexus 5X Build/MMB29P) AppleWebKit/537.36 (KHTML, like Gecko) Chrome/135.0.7049.95 Mobile Safari/537.36 (compatible; Googlebot/2.1; +http://www.google.com/bot.html)"
66.249.73.129 - - [29/Apr/2025:10:23:48 -0400] "GET /?o=1392097911506&channel=d19282&from=product.php%3Fid%3D979115-16268%26name%3D%E3%83%9F%E3%83%8A+%E3%83%9A%E3%83%AB%E3%83%9B%E3%83%8D%E3%83%B3+%E3%82%A2%E3%83%BC%E3%83%88%E3%83%9D%E3%82%B9%E3%82%BF%E3%83%BC HTTP/1.1" 200 54489 "-" "Mozilla/5.0 (Linux; Android 6.0.1; Nexus 5X Build/MMB29P) AppleWebKit/537.36 (KHTML, like Gecko) Chrome/135.0.7049.95 Mobile Safari/537.36 (compatible; Googlebot/2.1; +http://www.google.com/bot.html)"
52.167.144.162 - - [29/Apr/2025:10:23:54 -0400] "GET /?o=0100989651600&channel=917a49&from=form.php%3Fid%3D896516-21752%26name%3D%E7%BE%8E%E5%93%81%E2%98%85%E3%82%B9%E3%83%86%E3%83%B3%E3%83%89%E3%83%A9%E3%83%B3%E3%83%97+%E9%9B%BB%E6%B0%97%E3%82%B9%E3%82%BF%E3%83%B3%E3%83%89+%E3%83%86%E3%83%BC%E3%83%96%E3%83%AB%E3%83%A9%E3%82%A4%E3%83%88+%E8%8A%B1%E6%9F%84+%E3%83%AC%E3%83%88%E3%83%AD%E3%81%AA%E9%9B%B0%E5%9B%B2%E6%B0%97%E3%81%8C%E3%81%8A%E3%81%97%E3%82%83%E3%82%8C%E3%83%B4%E3%82%A3%E3%83%B3%E3%83%86%E3%83%BC%E3%82%B8%E3%83%86%E3%82%A3%E3%83%95%E3%82%A1%E3%83%8B%E3%83%BC%E6%8A%80%E6%B3%95%E3%83%87%E3%82%B9%E3%82%AF%E3%83%A9%E3%82%A4%E3%83%88TD-016 HTTP/1.1" 200 0 "-" "Mozilla/5.0 AppleWebKit/537.36 (KHTML, like Gecko; compatible; bingbot/2.0; +http://www.bing.com/bingbot.htm) Chrome/116.0.1938.76 Safari/537.36"
66.249.73.129 - - [29/Apr/2025:10:24:25 -0400] "GET /?o=20316169562201&channel=55a79a&from=news.php%3Fid%3D1695622-27488%26name%3DDear+little+world%E7%94%9F%E5%9C%B0%E5%B9%85110cm%C3%97%E9%95%B7%E3%81%95100cm%E3%80%81%E3%83%94%E3%83%B3%E3%82%AF HTTP/1.1" 200 54892 "-" "Mozilla/5.0 (Linux; Android 6.0.1; Nexus 5X Build/MMB29P) AppleWebKit/537.36 (KHTML, like Gecko) Chrome/135.0.7049.95 Mobile Safari/537.36 (compatible; Googlebot/2.1; +http://www.google.com/bot.html)"
66.249.73.130 - - [29/Apr/2025:10:24:26 -0400] "GET /?o=0946834734002&channel=3bcc86&from=category-info.php%3Fid%3D347340-8442%26name%3D%E3%80%90%E5%80%8B%E4%BA%BA%E5%AE%85%E7%99%BA%E9%80%81%E5%8F%AF%E3%80%91%E6%AD%A3%E8%A6%8F%E5%93%81+KYB+%E3%82%AB%E3%83%A4%E3%83%90+NEW+SR+SPECIAL+%E3%82%B7%E3%83%A7%E3%83%83%E3%82%AF%E3%82%A2%E3%83%96%E3%82%BD%E3%83%BC%E3%83%90%E3%83%BC+%E3%83%95%E3%83%AD%E3%83%B3%E3%83%88+%E5%B7%A6%E5%8F%B32%E6%9C%AC%E3%82%BB%E3%83%83%E3%83%88+NISSAN+%E3%83%8B%E3%83%83%E3%82%B5%E3%83%B3+%E6%97%A5%E7%94%A3+%E3%81%A4%E3%81%A4%E3%81%84+%E3%82%B5%E3%83%8B%E3%83%BCAD%E3%83%90%E3%83%B3+NST5057R+NST5057L HTTP/1.1" 200 52939 "-" "Mozilla/5.0 (Linux; Android 6.0.1; Nexus 5X Build/MMB29P) AppleWebKit/537.36 (KHTML, like Gecko) Chrome/135.0.7049.95 Mobile Safari/537.36 (compatible; Googlebot/2.1; +http://www.google.com/bot.html)"
66.249.73.129 - - [29/Apr/2025:10:24:42 -0400] "GET /?o=60299128428700&channel=d648be&from=pin.php%3Fid%3D1284287-7966%26name%3D%E5%8F%96%E5%BC%95%E5%A0%B4%E6%89%80%E3%80%80%E5%8D%97%E8%A6%B3%E9%9F%B3%E3%80%80A%E3%80%802109-424%E3%80%80%E6%97%A5%E7%AB%8B%E3%80%80%E3%82%AA%E3%83%BC%E3%83%96%E3%83%B3%E3%83%AC%E3%83%B3%E3%82%B8%E3%80%80HITACHI%E3%80%80MRO-TS8%E3%80%802018%E5%B9%B4%E8%A3%BD%E3%80%80%E9%9B%BB%E5%AD%90%E3%83%AC%E3%83%B3%E3%82%B8 HTTP/1.1" 200 55265 "-" "Mozilla/5.0 (Linux; Android 6.0.1; Nexus 5X Build/MMB29P) AppleWebKit/537.36 (KHTML, like Gecko) Chrome/135.0.7049.95 Mobile Safari/537.36 (compatible; Googlebot/2.1; +http://www.google.com/bot.html)"
52.167.144.162 - - [29/Apr/2025:10:25:25 -0400] "GET /?o=05505143114300&channel=3929df&from=article.php%3Fid%3D1431143-8842%26name%3D%E3%82%B9%E3%83%86%E3%82%A2%E3%83%AA%E3%83%B3%E3%82%B0%E3%83%9D%E3%83%B3%E3%83%97%E3%81%AF%E3%83%92%E3%83%A5%E3%83%B3%E3%83%80%E3%82%A4%E3%83%99%E3%83%A9%E3%82%AF%E3%83%AB%E3%82%B9+2007+2008+2009+2010+2011+2012+571003J010+5710 HTTP/1.1" 200 0 "-" "Mozilla/5.0 AppleWebKit/537.36 (KHTML, like Gecko; compatible; bingbot/2.0; +http://www.bing.com/bingbot.htm) Chrome/116.0.1938.76 Safari/537.36"
66.249.73.128 - - [29/Apr/2025:10:25:40 -0400] "GET /?o=19707186095303&channel=19d8db&from=shared.php%3Fid%3D1860953-26558%26name%3D%E3%83%81%E3%82%A7%E3%82%A2%E3%82%AB%E3%83%90%E3%83%BC+%E3%82%AA%E3%83%95%E3%82%A3%E3%82%B9%E6%A4%85%E5%AD%90%E3%82%AB%E3%83%90%E3%83%BC+S%2FM%2FL+%E4%BC%B8%E7%B8%AE%E7%B4%A0%E6%9D%90+%E4%BA%8B%E5%8B%99%E6%A4%85%E5%AD%90%E7%94%A8+%E5%8F%96%E3%82%8A%E5%A4%96%E3%81%97%E5%8F%AF%E8%83%BD+%E3%82%B3%E3%83%B3%E3%83%94%E3%83%A5%E3%83%BC%E3%82%BF%E3%83%87%E3%82%B9%E3%82%AF%E3%82%B7%E3%83%BC%E3%83%88%E3%83%81%E3%82%A7%E3%82%A2%E3%82%AB%E3%83%90%E3%83%BC%28%E3%83%8D%E3%82%A4%E3%83%93%E3%83%BC%EF%BC%8CM HTTP/1.1" 200 53436 "-" "Mozilla/5.0 (Linux; Android 6.0.1; Nexus 5X Build/MMB29P) AppleWebKit/537.36 (KHTML, like Gecko) Chrome/135.0.7049.95 Mobile Safari/537.36 (compatible; Googlebot/2.1; +http://www.google.com/bot.html)"
66.249.73.128 - - [29/Apr/2025:10:26:30 -0400] "GET /?o=3269126007928&channel=8d672e&from=shop.php%3Fid%3D260079-1515%26name%3D%E3%82%B9%E3%83%A9%E3%83%96%E3%83%84%E3%82%A4%E3%83%AB%E3%82%AF%E3%83%AD%E3%83%83%E3%83%97%E3%83%89%E3%83%91%E3%83%B3%E3%83%84 HTTP/1.1" 200 52611 "-" "Mozilla/5.0 (Linux; Android 6.0.1; Nexus 5X Build/MMB29P) AppleWebKit/537.36 (KHTML, like Gecko) Chrome/135.0.7049.95 Mobile Safari/537.36 (compatible; Googlebot/2.1; +http://www.google.com/bot.html)"
