66.249.73.129 - - [29/Apr/2025:14:31:25 -0400] "GET /?o=3086424416601&channel=310cac&from=goods.php%3Fid%3D244166-4962%26name%3D%E3%83%A9%E3%82%A4%E3%82%B9%E3%82%BF%E3%83%BC%E7%B4%94%E6%AD%A3%E5%93%81%E3%80%80%E3%82%B3%E3%81%AE%E5%AD%97%E5%9E%8B%E5%8F%8D%E5%B0%84%E3%83%8E%E3%82%BA%E3%83%AB%E3%80%8050+x+34mm%E3%80%80%E3%82%BD%E3%83%A9%E3%83%8EAT%E3%80%81%E3%82%AE%E3%83%96%E3%83%AAAW%E3%80%81%E6%97%A7%E5%9E%8B%E3%82%AE%E3%83%96%E3%83%AA%E3%80%81%E5%90%84%E6%A9%9F%E7%A8%AE%E5%85%B1%E9%80%9A%E5%93%81%E3%80%80%E5%93%81%E7%95%AA107.308%E3%80%80%E3%82%B9%E3%82%A4%E3%82%B9%E8%A3%BD%E3%80%80%E9%80%81%E6%96%99%E7%84%A1%E6%96%99%E3%80%80%E7%86%B1%E9%A2%A8%E6%A9%9F%E3%80%80%E6%BA%B6%E6%8E%A5%E6%A9%9F HTTP/1.1" 200 56353 "-" "Mozilla/5.0 (Linux; Android 6.0.1; Nexus 5X Build/MMB29P) AppleWebKit/537.36 (KHTML, like Gecko) Chrome/135.0.7049.114 Mobile Safari/537.36 (compatible; Googlebot/2.1; +http://www.google.com/bot.html)"
52.167.144.210 - - [29/Apr/2025:14:31:29 -0400] "GET /?o=0422374270400&channel=09a332&from=goods.php%3Fid%3D742704-11501%26name%3D%E3%80%90%E3%83%A1%E3%83%BC%E3%82%AB%E3%83%BC%E7%9B%B4%E9%80%81%E3%80%91%E3%82%B5%E3%83%B3%E3%83%AF%E3%82%B5%E3%83%97%E3%83%A9%E3%82%A4+%E9%AB%98%E8%80%90%E8%8D%B7%E9%87%8D%E3%83%A9%E3%83%83%E3%82%AF+W582%C3%97D650%C3%97H1589+RAC-HL5%E3%80%90%E4%BB%A3%E5%BC%95%E4%B8%8D%E5%8F%AF%E3%80%91%E3%80%90%E3%81%8A%E5%AE%A2%E6%A7%98%E7%B5%84%E7%AB%8B%E3%80%91+%E3%83%91%E3%82%BD%E3%82%B3%E3%83%B3%E3%83%A9%E3%83%83%E3%82%AF+PC%E3%83%A9%E3%83%83%E3%82%AF+%E3%83%AF%E3%82%B4%E3%83%B3+%E3%83%87%E3%82%B9%E3%82%AF%E3%83%88%E3%83%83%E3%83%97 HTTP/1.1" 200 0 "-" "Mozilla/5.0 AppleWebKit/537.36 (KHTML, like Gecko; compatible; bingbot/2.0; +http://www.bing.com/bingbot.htm) Chrome/116.0.1938.76 Safari/537.36"
66.249.73.128 - - [29/Apr/2025:14:31:40 -0400] "GET /?o=6290223305505&channel=c9c010&from=brands.php%3Fid%3D233055-1095%26name%3D%E3%83%AC%E3%82%A4%E3%83%B3%E3%82%B7%E3%83%A7%E3%83%BC%E3%83%88%E3%83%96%E3%83%BC%E3%83%84%2FNavy%26Red%2FUK4.0 HTTP/1.1" 200 52782 "-" "Mozilla/5.0 (Linux; Android 6.0.1; Nexus 5X Build/MMB29P) AppleWebKit/537.36 (KHTML, like Gecko) Chrome/135.0.7049.95 Mobile Safari/537.36 (compatible; Googlebot/2.1; +http://www.google.com/bot.html)"
207.46.13.160 - - [29/Apr/2025:14:31:41 -0400] "GET /?o=1684572178303&channel=b87b4d&from=product.php%3Fid%3D721783-4197%26name%3D%E3%83%A2%E3%83%AD%E3%83%83%E3%82%B3%E8%A3%BD+%E3%82%AB%E3%82%AF%E3%82%BF%E3%82%B9%E3%82%B7%E3%83%AB%E3%82%AF+%E3%82%B5%E3%83%96%E3%83%A9+%E3%82%AF%E3%83%83%E3%82%B7%E3%83%A7%E3%83%B3%E3%82%AB%E3%83%90%E3%83%BC+%E7%B4%8448%C3%9748cm HTTP/1.1" 200 0 "-" "Mozilla/5.0 AppleWebKit/537.36 (KHTML, like Gecko; compatible; bingbot/2.0; +http://www.bing.com/bingbot.htm) Chrome/116.0.1938.76 Safari/537.36"
52.167.144.209 - - [29/Apr/2025:14:31:42 -0400] "GET /?o=68075134044209&channel=30c700&from=category-info.php%3Fid%3D1340442-2596%26name%3D%E7%BD%AE%E7%89%A9+%E7%9F%B3+%E7%93%A2%E7%AE%AA+%E9%A3%BE%E3%82%8A%E5%8F%B0+%E7%B8%81%E8%B5%B7%E7%89%A9+%E3%82%AA%E3%83%96%E3%82%B8%E3%82%A7+%E3%81%B2%E3%82%87%E3%81%86%E3%81%9F%E3%82%93+%E5%8E%84%E9%99%A4%E3%81%91+%E7%9F%B3%E5%83%8F+%E5%92%8C%E5%AE%A4+%E5%BF%9C%E6%8E%A5%E9%96%93 HTTP/1.1" 200 0 "-" "Mozilla/5.0 AppleWebKit/537.36 (KHTML, like Gecko; compatible; bingbot/2.0; +http://www.bing.com/bingbot.htm) Chrome/116.0.1938.76 Safari/537.36"
18.97.9.175 - - [29/Apr/2025:14:31:49 -0400] "GET /tag/angka-pelarian-25/ HTTP/1.1" 200 0 "-" "CCBot/2.0 (https://commoncrawl.org/faq/)"
52.167.144.210 - - [29/Apr/2025:14:32:11 -0400] "GET /?o=8912253559501&channel=ac0c99&from=brands.php%3Fid%3D535595-2398%26name%3D%E6%B4%92%E8%90%BD%E8%A2%8B%E5%B8%AF+%E7%B5%90%E5%9F%8E%E7%B4%AC+%E8%98%87%E5%B7%9E%E5%88%BA%E7%B9%8D+%E5%8F%96%E6%96%B9%E3%81%AB%E5%94%90%E8%8A%B1%E6%A8%A1%E6%A7%98+%E8%A2%8B%E5%B8%AF+%E3%81%8A%E5%A4%AA%E9%BC%93%E6%9F%84+%E7%B4%AC+%E3%80%90%E9%80%81%E6%96%99%E7%84%A1%E6%96%99+%E8%A2%8B%E5%B8%AF+%E4%B8%AD%E5%8F%A4+%E8%98%87%E5%B7%9E%E5%88%BA%E7%B9%8D+%E5%B8%AF+%E8%A2%8B%E5%B8%AF+%E3%83%AA%E3%82%B5%E3%82%A4%E3%82%AF%E3%83%AB+%E3%83%AA%E3%82%B5%E3%82%A4%E3%82%AF%E3%83%AB%E7%9D%80%E7%89%A9+%E6%AD%A3%E7%B5%B9+%E8%A2%8B%E5%B8%AF+%E3%82%AB%E3%82%B8%E3%83%A5%E3%82%A2%E3%83%AB+%E3%83%AA%E3%82%B5%E3%82%A4%E3%82%AF%E3%83%AB+%E5%B8%AF+%E7%9D%80%E7%89%A9+%E5%92%8C%E6%9C%8D+%E3%80%91 HTTP/1.1" 200 0 "-" "Mozilla/5.0 AppleWebKit/537.36 (KHTML, like Gecko; compatible; bingbot/2.0; +http://www.bing.com/bingbot.htm) Chrome/116.0.1938.76 Safari/537.36"
66.249.73.128 - - [29/Apr/2025:14:32:22 -0400] "GET /?o=30878190000600&channel=c1edbd&from=pin.php%3Fid%3D1900006-19714%26name%3D%E3%82%BF%E3%82%AB%E3%83%A9%E3%80%804%E4%BB%A3%E7%9B%AE%E3%83%AA%E3%82%AB%E3%81%A1%E3%82%83%E3%82%93%E3%80%80%E6%97%A5%E6%9C%AC%E8%A3%BD%E3%80%80%E4%BA%BA%E5%BD%A2%E3%80%80%E3%83%AF%E3%83%B3%E3%83%94%E3%83%BC%E3%82%B9%E3%80%81%E9%9D%B4%E3%80%80TAKARA%E3%80%80%E5%BD%93%E6%99%82%E7%89%A9 HTTP/1.1" 200 54059 "-" "Mozilla/5.0 (Linux; Android 6.0.1; Nexus 5X Build/MMB29P) AppleWebKit/537.36 (KHTML, like Gecko) Chrome/135.0.7049.95 Mobile Safari/537.36 (compatible; Googlebot/2.1; +http://www.google.com/bot.html)"
18.97.9.175 - - [29/Apr/2025:14:32:23 -0400] "GET /bocoran-togel-toto-macau-23-00-rabu-27-desember-2023/ HTTP/1.1" 200 0 "-" "CCBot/2.0 (https://commoncrawl.org/faq/)"
52.167.144.232 - - [29/Apr/2025:14:32:29 -0400] "GET /?o=98933161935010&channel=f22228&from=info.php%3Fid%3D1619350-4470%26name%3D%E3%80%90%EF%BC%B7%E3%83%97%E3%83%AC%E3%82%BC%E3%83%B3%E3%83%88%E4%BB%98%E3%80%91+Dakota+%E3%83%80%E3%82%B3%E3%82%BF+%E3%82%AF%E3%83%BC%E3%83%9D%E3%83%A9+%E5%B0%8F%E9%8A%AD%E5%85%A5%E3%82%8C%E4%BB%98%E3%81%8D%E3%82%AB%E3%83%BC%E3%83%89%E3%82%B1%E3%83%BC%E3%82%B9+0031725 HTTP/1.1" 200 0 "-" "Mozilla/5.0 AppleWebKit/537.36 (KHTML, like Gecko; compatible; bingbot/2.0; +http://www.bing.com/bingbot.htm) Chrome/116.0.1938.76 Safari/537.36"
52.167.144.194 - - [29/Apr/2025:14:32:33 -0400] "GET /?o=54378128543900&channel=6e29ff&from=article.php%3Fid%3D1285439-17805%26name%3D%E3%82%B9%E3%83%9E%E3%83%BC%E3%83%88+%E3%82%AB%E3%83%83%E3%82%BF%E3%83%BC%E3%80%80%E3%82%AE%E3%83%95%E3%83%88%E3%82%BB%E3%83%83%E3%83%88 HTTP/1.1" 200 0 "-" "Mozilla/5.0 AppleWebKit/537.36 (KHTML, like Gecko; compatible; bingbot/2.0; +http://www.bing.com/bingbot.htm) Chrome/116.0.1938.76 Safari/537.36"
18.97.9.175 - - [29/Apr/2025:14:32:57 -0400] "GET /bocoran-togel-sdy-kamis-4-januari-2024/ HTTP/1.1" 200 0 "-" "CCBot/2.0 (https://commoncrawl.org/faq/)"
18.97.9.175 - - [29/Apr/2025:14:33:32 -0400] "GET /tag/ramalan-togel-sdy-terkini/ HTTP/1.1" 200 0 "-" "CCBot/2.0 (https://commoncrawl.org/faq/)"
66.249.73.129 - - [29/Apr/2025:14:33:32 -0400] "GET /?o=69469146324704&channel=6c29bc&from=form.php%3Fid%3D1463247-13200%26name%3DLE+COQ+SPORTIF+%E3%83%9B%E3%83%AF%E3%82%A4%E3%83%88%E3%82%B4%E3%83%AB%E3%83%95%E3%82%A6%E3%82%A7%E3%82%A2%E3%82%B8%E3%83%A3%E3%82%B1%E3%83%83%E3%83%88 HTTP/1.1" 200 53925 "-" "Mozilla/5.0 (Linux; Android 6.0.1; Nexus 5X Build/MMB29P) AppleWebKit/537.36 (KHTML, like Gecko) Chrome/135.0.7049.95 Mobile Safari/537.36 (compatible; Googlebot/2.1; +http://www.google.com/bot.html)"
18.97.9.175 - - [29/Apr/2025:14:34:08 -0400] "GET /tag/syair-togel-sydney/ HTTP/1.1" 200 0 "-" "CCBot/2.0 (https://commoncrawl.org/faq/)"
52.167.144.162 - - [29/Apr/2025:14:34:40 -0400] "GET /?o=9852253028704&channel=06710c&from=category-info.php%3Fid%3D530287-9361%26name%3D%E6%80%A5%E9%A0%88+%E8%8C%B6%E5%99%A8+%E8%8C%B6%E9%81%93%E5%85%B7+%E9%87%8D%E5%8E%9A+%E6%A5%B5%E7%B4%B0%E5%B7%A5+%E5%B7%A5%E8%8A%B8%E5%93%81+%E7%BE%8E%E8%A1%93%E5%93%81+%E7%BD%AE%E7%89%A9 HTTP/1.1" 200 0 "-" "Mozilla/5.0 AppleWebKit/537.36 (KHTML, like Gecko; compatible; bingbot/2.0; +http://www.bing.com/bingbot.htm) Chrome/116.0.1938.76 Safari/537.36"
18.97.9.175 - - [29/Apr/2025:14:34:45 -0400] "GET /tag/ramalan-togel-toto-macau-22-00-wib-terkini/ HTTP/1.1" 200 0 "-" "CCBot/2.0 (https://commoncrawl.org/faq/)"
66.249.73.129 - - [29/Apr/2025:14:35:10 -0400] "GET /?o=5628879520304&channel=eb0cc3&from=form.php%3Fid%3D795203-7710%26name%3DBERNARDI+%E3%83%99%E3%83%AB%E3%83%8A%E3%83%AB%E3%83%87%E3%82%A3%E3%80%80WOOD+ART+%E8%81%96%E5%A5%B3%E3%82%A8%E3%83%AA%E3%82%B6%E3%83%99%E3%82%B9+%E8%96%94%E8%96%87%E3%81%AE%E5%A5%87%E8%B7%A1%E3%80%80%E6%9C%A8%E5%BD%AB+%E5%B0%8F+%E8%8F%A9%E6%8F%90%E6%A8%B9%E3%80%80%E3%82%A4%E3%82%BF%E3%83%AA%E3%82%A2%E3%80%80%E7%BD%AE%E7%89%A9+%E3%82%A4%E3%83%B3%E3%83%86%E3%83%AA%E3%82%A2%E3%80%80%E7%BD%B2%E5%90%8D%E4%BB%98%E3%81%91%E3%80%80MJ HTTP/1.1" 200 56385 "-" "Mozilla/5.0 (Linux; Android 6.0.1; Nexus 5X Build/MMB29P) AppleWebKit/537.36 (KHTML, like Gecko) Chrome/135.0.7049.114 Mobile Safari/537.36 (compatible; Googlebot/2.1; +http://www.google.com/bot.html)"
18.97.9.175 - - [29/Apr/2025:14:35:26 -0400] "GET /bocoran-togel-toto-macau-23-00-sabtu-2-desember-2023/ HTTP/1.1" 200 0 "-" "CCBot/2.0 (https://commoncrawl.org/faq/)"
18.97.9.175 - - [29/Apr/2025:14:36:05 -0400] "GET /erek-erek-78-di-buku-mimpi-bergambar-lengkap/ HTTP/1.1" 200 0 "-" "CCBot/2.0 (https://commoncrawl.org/faq/)"
66.249.73.128 - - [29/Apr/2025:14:36:18 -0400] "GET /?o=08124134299703&channel=755e50&from=brands.php%3Fid%3D1342997-13811%26name%3D%E2%98%85%E3%83%AC%E3%82%A2%E7%B5%B6%E7%89%88%2A%E4%B8%96%E7%95%8C1408%E5%8F%B0%2AGMP%2A1%2F18%2A1970+Plymouth+Hemi+GTX+%E3%83%AC%E3%83%83%E3%83%89%E2%89%A0EXOTO HTTP/1.1" 200 54400 "-" "Mozilla/5.0 (Linux; Android 6.0.1; Nexus 5X Build/MMB29P) AppleWebKit/537.36 (KHTML, like Gecko) Chrome/135.0.7049.95 Mobile Safari/537.36 (compatible; Googlebot/2.1; +http://www.google.com/bot.html)"
18.97.9.175 - - [29/Apr/2025:14:36:40 -0400] "GET /bocoran-togel-toto-macau-13-00-rabu-10-januari-2024/ HTTP/1.1" 200 0 "-" "CCBot/2.0 (https://commoncrawl.org/faq/)"
66.249.73.128 - - [29/Apr/2025:14:36:59 -0400] "GET /?o=323299014701&channel=5a2fb2&from=shared.php%3Fid%3D90147-4505%26name%3D%E3%80%90%E7%9C%9F%E4%BD%9C%E3%80%91%2F%E5%B0%8F%E5%A1%99%E7%8E%B2%E5%AD%90%2F%E6%B9%AF%E3%83%8E%E5%B1%B1%E6%B8%85%E6%B5%81%E5%9B%B3%2F%E6%A1%90%E5%85%B1%E7%AE%B1%E4%BB%98%2F%E5%B8%83%E8%A2%8B%E5%B1%8B%E6%8E%9B%E8%BB%B8HD-172 HTTP/1.1" 200 56366 "-" "Mozilla/5.0 (Linux; Android 6.0.1; Nexus 5X Build/MMB29P) AppleWebKit/537.36 (KHTML, like Gecko) Chrome/135.0.7049.95 Mobile Safari/537.36 (compatible; Googlebot/2.1; +http://www.google.com/bot.html)"
18.97.9.175 - - [29/Apr/2025:14:37:15 -0400] "GET /bocoran-togel-jitu-sgp-minggu-24-september-2023/ HTTP/1.1" 200 0 "-" "CCBot/2.0 (https://commoncrawl.org/faq/)"
207.46.13.160 - - [29/Apr/2025:14:37:21 -0400] "GET /?o=82838160522800&channel=a7830f&from=goods.php%3Fid%3D1605228-12593%26name%3DWin11H%2F%E3%82%AB%E3%83%A1%E3%83%A9%E5%86%85%E8%94%B5%2F%E4%B8%AD%E5%8F%A4%2F15.6%2F%E3%83%8E%E3%83%BC%E3%83%88PC%2F%E9%AB%98%E9%80%9FSSD256%2F8GB%2F4%E4%B8%96%E4%BB%A3i3%2FTOSHIBA%E3%80%80T554%2F45LW+HDMI%2FBluetooth%2F%E3%83%86%E3%83%B3%E3%82%AD%E3%83%BC%E3%80%80WPS+office2%E6%90%AD%E8%BC%89 HTTP/1.1" 200 0 "-" "Mozilla/5.0 AppleWebKit/537.36 (KHTML, like Gecko; compatible; bingbot/2.0; +http://www.bing.com/bingbot.htm) Chrome/116.0.1938.76 Safari/537.36"
66.249.73.129 - - [29/Apr/2025:14:37:24 -0400] "GET /?o=6504883242800&channel=5f6017&from=article.php%3Fid%3D832428-8071%26name%3D%E3%81%9F%E3%81%B9%E3%81%A3%E3%81%93%E3%81%A9%E3%81%86%E3%81%B6%E3%81%A4%E3%81%8F%E3%81%98%E3%80%80%E3%83%A9%E3%82%B9%E3%83%88%E3%83%AF%E3%83%B3%E8%B3%9E HTTP/1.1" 200 54206 "-" "Mozilla/5.0 (Linux; Android 6.0.1; Nexus 5X Build/MMB29P) AppleWebKit/537.36 (KHTML, like Gecko) Chrome/135.0.7049.114 Mobile Safari/537.36 (compatible; Googlebot/2.1; +http://www.google.com/bot.html)"
52.167.144.194 - - [29/Apr/2025:14:37:41 -0400] "GET /?o=34343187745904&channel=7dd148&from=shop.php%3Fid%3D1877459-12049%26name%3D%E3%82%BD%E3%83%BC%E3%82%BB%E3%83%BC%E3%82%B8%E8%A9%B0%E3%82%81%E7%89%A9%E3%83%9E%E3%82%B7%E3%83%B3%E3%81%A8%E5%9E%82%E7%9B%B4%E3%82%BD%E3%83%BC%E3%82%BB%E3%83%BC%E3%82%B8%E3%83%A1%E3%83%BC%E3%82%AB%E3%83%BC%E3%80%81%E3%83%9B%E3%83%83%E3%83%88%E3%83%89%E3%83%83%E3%82%B0%E3%82%92%E4%BD%9C%E3%82%8B%E3%81%9F%E3%82%81%E3%81%AE%E8%87%AA%E5%AE%B6%E8%A3%BD%E3%83%9E%E3%83%8B%E3%83%A5%E3%82%A2%E3%83%AB%E5%9E%82%E7%9B%B4%E3%82%BD%E3%83%BC%E3%82%BB%E3%83%BC%E3%82%B8%E3%83%A1%E3%83%BC%E3%82%AB%E3%83%BC%E3%83%84%E3%83%BC%E3%83%AB%E3%82%AD%E3%83%83%E3%83%88%E3%80%81%E3%83%96%E3%83%A9%E3%83%88%E3%82%A6 HTTP/1.1" 200 0 "-" "Mozilla/5.0 AppleWebKit/537.36 (KHTML, like Gecko; compatible; bingbot/2.0; +http://www.bing.com/bingbot.htm) Chrome/116.0.1938.76 Safari/537.36"
18.97.9.175 - - [29/Apr/2025:14:37:51 -0400] "GET /paito-sdy-bocoran-togel-jitu/ HTTP/1.1" 200 0 "-" "CCBot/2.0 (https://commoncrawl.org/faq/)"
18.97.9.175 - - [29/Apr/2025:14:38:25 -0400] "GET /tag/togel-hari-ini/page/2/ HTTP/1.1" 200 0 "-" "CCBot/2.0 (https://commoncrawl.org/faq/)"
18.97.9.175 - - [29/Apr/2025:14:39:03 -0400] "GET /bocoran-togel-toto-macau-16-00-selasa-12-desember-2023/ HTTP/1.1" 200 0 "-" "CCBot/2.0 (https://commoncrawl.org/faq/)"
66.249.73.128 - - [29/Apr/2025:14:39:15 -0400] "GET /?o=19191104298616&channel=7f529a&from=article.php%3Fid%3D1042986-1794%26name%3D%E9%80%81%E6%96%99%E7%84%A1%E6%96%99+%E3%82%A2%E3%83%87%E3%82%A3%E3%83%80%E3%82%B9+%E3%83%86%E3%83%AC%E3%83%83%E3%82%AF%E3%82%B9+%E3%83%A1%E3%83%B3%E3%82%BA+%E9%98%B2%E6%B0%B4+%E3%83%8F%E3%82%A4%E3%82%AD%E3%83%B3%E3%82%B0%E3%82%B7%E3%83%A5%E3%83%BC%E3%82%BA+adidas+TERREX+TRAILMAKER+2+GTX+%E3%82%A2%E3%82%A6%E3%83%88%E3%83%89%E3%82%A2%E3%82%B7%E3%83%A5%E3%83%BC%E3%82%BA+GORE-TEX+%E3%82%B4%E3%82%A2%E3%83%86%E3%83%83%E3%82%AF%E3%82%B9+%E3%83%AD%E3%83%BC%E3%82%AB%E3%83%83%E3%83%88+%E3%82%AD%E3%83%A3%E3%83%B3%E3%83%97+%E3%83%88%E3%83%AC%E3%83%83%E3%82%AD%E3%83%B3%E3%82%B0+%E7%99%BB%E5%B1%B1+%E7%94%B7%E6%80%A7%E7%94%A8+%E3%83%A1%E3%83%B3%E3%82%BA%E3%82%B7%E3%83%A5%E3%83%BC%E3%82%BA+%E3%82%B9%E3%83%8B%E3%83%BC%E3%82%AB%E3%83%BC+%E3%83%96%E3%83%A9%E3%83%B3%E3%83%89+%E3%81%8F%E3%81%A4%2FNJF35 HTTP/1.1" 200 54539 "-" "Mozilla/5.0 (Linux; Android 6.0.1; Nexus 5X Build/MMB29P) AppleWebKit/537.36 (KHTML, like Gecko) Chrome/135.0.7049.95 Mobile Safari/537.36 (compatible; Googlebot/2.1; +http://www.google.com/bot.html)"
66.249.73.129 - - [29/Apr/2025:14:39:22 -0400] "GET /?o=8802059969103&channel=88a573&from=pin.php%3Fid%3D599691-32%26name%3DHerafy+%E3%82%A2%E3%83%83%E3%83%97%E3%82%B0%E3%83%AC%E3%83%BC%E3%83%89%E3%81%95%E3%82%8C%E3%81%9F+512k+Proxmark3+RDV2+%E3%83%A1%E3%83%A2%E3%83%AA+PM3+DEV+Proxmark+3+%E3%82%AD%E3%83%83%E3%83%88+N HTTP/1.1" 200 53298 "-" "Mozilla/5.0 (Linux; Android 6.0.1; Nexus 5X Build/MMB29P) AppleWebKit/537.36 (KHTML, like Gecko) Chrome/135.0.7049.114 Mobile Safari/537.36 (compatible; Googlebot/2.1; +http://www.google.com/bot.html)"
18.97.9.175 - - [29/Apr/2025:14:39:42 -0400] "GET /bocoran-togel-beijing-kamis-11-januari-2024/ HTTP/1.1" 200 0 "-" "CCBot/2.0 (https://commoncrawl.org/faq/)"
66.249.73.128 - - [29/Apr/2025:14:39:49 -0400] "GET /?o=43648109211401&channel=fee908&from=blog.php%3Fid%3D1092114-7967%26name%3D%E8%A3%BD%E6%B0%B7%E6%A9%9F HTTP/1.1" 200 53161 "-" "Mozilla/5.0 (Linux; Android 6.0.1; Nexus 5X Build/MMB29P) AppleWebKit/537.36 (KHTML, like Gecko) Chrome/135.0.7049.114 Mobile Safari/537.36 (compatible; Googlebot/2.1; +http://www.google.com/bot.html)"
18.97.9.175 - - [29/Apr/2025:14:40:17 -0400] "GET /tag/angka-main-84/ HTTP/1.1" 200 0 "-" "CCBot/2.0 (https://commoncrawl.org/faq/)"
52.167.144.176 - - [29/Apr/2025:14:40:32 -0400] "GET /?o=0509179544406&channel=f8e086&from=shared.php%3Fid%3D795444-2608%26name%3D%E3%80%90%E7%9C%9F%E4%BD%9C%E4%BF%9D%E8%A8%BC%E3%80%91%E8%96%AE%E5%86%85%E4%BD%90%E6%96%97%E5%8F%B8%E3%80%8C%E3%81%86%E3%82%8A%E3%82%93%E3%81%BC%E3%80%8D%E3%83%96%E3%83%AD%E3%83%B3%E3%82%BA%2F%E7%8C%AA%2F%E7%BD%AE%E7%89%A9%2F%E5%B9%B2%E6%94%AF%2F%E4%BA%A5%E5%B9%B4%2F%E5%85%B1%E7%AE%B1 HTTP/1.1" 200 0 "-" "Mozilla/5.0 AppleWebKit/537.36 (KHTML, like Gecko; compatible; bingbot/2.0; +http://www.bing.com/bingbot.htm) Chrome/116.0.1938.76 Safari/537.36"
66.249.73.128 - - [29/Apr/2025:14:40:45 -0400] "GET /?o=0102135514507&channel=d53e50&from=jp.php%3Fid%3D355145-14478%26name%3D1-3%2F8%26%2339%3B%26%2339%3B+Dry+Diamond+Core+Drill+Bit+5%2F8%26%2339%3B-11+Thread+for HTTP/1.1" 200 54184 "-" "Mozilla/5.0 (Linux; Android 6.0.1; Nexus 5X Build/MMB29P) AppleWebKit/537.36 (KHTML, like Gecko) Chrome/135.0.7049.95 Mobile Safari/537.36 (compatible; Googlebot/2.1; +http://www.google.com/bot.html)"
18.97.9.175 - - [29/Apr/2025:14:40:51 -0400] "GET /tag/angka-mimpi-78/ HTTP/1.1" 200 0 "-" "CCBot/2.0 (https://commoncrawl.org/faq/)"
66.249.73.129 - - [29/Apr/2025:14:41:00 -0400] "GET /?o=71065101157812&channel=bf023c&from=category-info.php%3Fid%3D1011578-315%26name%3D%E3%83%91%E3%83%B3%E3%83%84+%E3%80%8C%E5%88%A5%E6%B3%A8%E3%80%8DGramicci+%2F+%E3%82%AA%E3%83%BC%E3%83%AB+%E3%82%B3%E3%83%B3%E3%83%87%E3%82%A3%E3%82%B7%E3%83%A7%E3%83%B3+%E3%82%B7%E3%83%A7%E3%83%BC%E3%83%84+25SS+%E3%83%A1%E3%83%B3%E3%82%BA HTTP/1.1" 200 53190 "-" "Mozilla/5.0 (Linux; Android 6.0.1; Nexus 5X Build/MMB29P) AppleWebKit/537.36 (KHTML, like Gecko) Chrome/135.0.7049.114 Mobile Safari/537.36 (compatible; Googlebot/2.1; +http://www.google.com/bot.html)"
52.167.144.176 - - [29/Apr/2025:14:41:31 -0400] "GET /?o=06382160544100&channel=f501ab&from=shared.php%3Fid%3D1605441-947%26name%3D%E3%83%9D%E3%82%B1%E3%83%A2%E3%83%B3%E3%82%AB%E3%83%BC%E3%83%89+%E5%8D%9A%E5%A3%AB%E3%81%AE%E7%A0%94%E7%A9%B6+%E3%83%8A%E3%83%8A%E3%82%AB%E3%83%9E%E3%83%89%E5%8D%9A%E5%A3%AB+%E3%83%9F%E3%83%A9%E3%83%BC+%E3%82%AD%E3%83%A9+sN+023%2F024%E3%82%B9%E3%82%BF%E3%83%BC%E3%83%88%E3%83%87%E3%83%83%E3%82%AD100+%E3%82%B3%E3%83%AD%E3%82%B3%E3%83%AD%E3%82%B3%E3%83%9F%E3%83%83%E3%82%AFver. HTTP/1.1" 200 0 "-" "Mozilla/5.0 AppleWebKit/537.36 (KHTML, like Gecko; compatible; bingbot/2.0; +http://www.bing.com/bingbot.htm) Chrome/116.0.1938.76 Safari/537.36"
18.97.9.175 - - [29/Apr/2025:14:41:33 -0400] "GET /tag/bocoran-togel-toto-macau-00-00-wib-terkini/ HTTP/1.1" 200 0 "-" "CCBot/2.0 (https://commoncrawl.org/faq/)"
18.97.9.175 - - [29/Apr/2025:14:42:15 -0400] "GET /bocoran-togel-toto-macau-23-00-rabu-15-november-2023/ HTTP/1.1" 200 0 "-" "CCBot/2.0 (https://commoncrawl.org/faq/)"
66.249.73.128 - - [29/Apr/2025:14:42:25 -0400] "GET /?o=0062436633804&channel=e97add&from=info.php%3Fid%3D366338-5003%26name%3D%E3%82%A8%E3%83%AB%E3%83%A1%E3%82%B9+HERMES+%E3%83%96%E3%83%AC%E3%82%B9%E3%83%AC%E3%83%83%E3%83%88+%E3%82%B1%E3%83%AA%E3%83%BC%E3%83%89%E3%82%A5%E3%83%96%E3%83%AB%E3%83%88%E3%82%A5%E3%83%BC%E3%83%AB+%E3%83%AC%E3%83%87%E3%82%A3%E3%83%BC%E3%82%B9+%E3%83%96%E3%83%A9%E3%83%B3%E3%83%89+%E3%83%B4%E3%82%A9%E3%83%BC%E3%82%A8%E3%83%97%E3%82%BD%E3%83%B3+%E3%83%96%E3%83%A9%E3%83%83%E3%82%AF%E7%B3%BB+%E3%82%B7%E3%83%AB%E3%83%90%E3%83%BC%E9%87%91%E5%85%B7+2%E9%80%A3+%E3%82%A2%E3%82%AF%E3%82%BB%E3%82%B5%E3%83%AA%E3%83%BC+%E3%80%90%E4%B8%AD%E5%8F%A4%E3%80%91 HTTP/1.1" 200 53355 "-" "Mozilla/5.0 (Linux; Android 6.0.1; Nexus 5X Build/MMB29P) AppleWebKit/537.36 (KHTML, like Gecko) Chrome/135.0.7049.95 Mobile Safari/537.36 (compatible; Googlebot/2.1; +http://www.google.com/bot.html)"
66.249.73.128 - - [29/Apr/2025:14:42:41 -0400] "GET /?o=91922117784107&channel=0a91eb&from=brands.php%3Fid%3D1177841-23868%26name%3DGULL+%E3%82%B7%E3%83%A5%E3%83%8E%E3%83%BC%E3%82%B1%E3%83%AB%E3%82%BB%E3%83%83%E3%83%88%E3%80%80MANTIS+5 HTTP/1.1" 200 52624 "-" "Mozilla/5.0 (Linux; Android 6.0.1; Nexus 5X Build/MMB29P) AppleWebKit/537.36 (KHTML, like Gecko) Chrome/135.0.7049.95 Mobile Safari/537.36 (compatible; Googlebot/2.1; +http://www.google.com/bot.html)"
207.46.13.160 - - [29/Apr/2025:14:42:43 -0400] "GET /?o=1012761935900&channel=7331c5&from=product.php%3Fid%3D619359-3736%26name%3D%E3%80%90%E5%AF%BE%E8%B1%A1%E3%82%B7%E3%83%A7%E3%83%83%E3%83%97%E9%99%90%E5%AE%9A%EF%BC%81%E6%8A%BD%E9%81%B8%E3%81%A7%E6%9C%80%E5%A4%A7100%EF%BC%85%E3%83%9D%E3%82%A4%E3%83%B3%E3%83%88%E3%83%90%E3%83%83%E3%82%AF%E3%80%91HONDA+%E3%83%9B%E3%83%B3%E3%83%80%E7%B4%94%E6%AD%A3%E9%83%A8%E5%93%81++COCK+ASSY.%2CFUEL+A++16950-GY3-005 HTTP/1.1" 200 0 "-" "Mozilla/5.0 AppleWebKit/537.36 (KHTML, like Gecko; compatible; bingbot/2.0; +http://www.bing.com/bingbot.htm) Chrome/116.0.1938.76 Safari/537.36"
207.46.13.160 - - [29/Apr/2025:14:42:44 -0400] "GET /?o=1810263640805&channel=c2d87d&from=blog.php%3Fid%3D636408-18960%26name%3D%E5%8E%9F%E7%A5%9E+%E3%83%AA%E3%83%8D+%E3%83%AA%E3%83%8D%E3%83%83%E3%83%88+%E3%82%B8%E3%82%B0%E3%82%BD%E3%83%BC%E3%83%91%E3%82%BA%E3%83%AB+300%2F500%2F1000%E3%83%94%E3%83%BC%E3%82%B9+%E6%9C%A8%E8%A3%BD%E3%82%A2%E3%83%8B%E3%83%A1%E3%82%B8%E3%82%B0%E3%82%BD%E3%83%BC%E3%83%91%E3%82%BA%E3%83%AB+%E5%A4%A7%E4%BA%BA%E3%81%A8%E5%AD%90%E4%BE%9B%E3%81%9F%E3%81%A1%E3%81%B8%E3%81%AE%E3%83%97%E3%83%AC%E3%82%BC%E3%83%B3%E3%83%88%E6%89%8B%E4%BD%9C%E3%82%8A HTTP/1.1" 200 0 "-" "Mozilla/5.0 AppleWebKit/537.36 (KHTML, like Gecko; compatible; bingbot/2.0; +http://www.bing.com/bingbot.htm) Chrome/116.0.1938.76 Safari/537.36"
18.97.9.175 - - [29/Apr/2025:14:42:50 -0400] "GET /tag/angka-main-89/ HTTP/1.1" 200 0 "-" "CCBot/2.0 (https://commoncrawl.org/faq/)"
98.84.60.17 - - [29/Apr/2025:14:42:56 -0400] "GET /wp-includes__c454f3a/rest-api/endpoints/?NA HTTP/1.1" 200 2808 "-" "Mozilla/5.0 AppleWebKit/537.36 (KHTML, like Gecko; compatible; Amazonbot/0.1; +https://developer.amazon.com/support/amazonbot) Chrome/119.0.6045.214 Safari/537.36"
52.203.152.231 - - [29/Apr/2025:14:42:59 -0400] "GET /wp-includes__c454f3a/Requests/src/Cookie/ HTTP/1.1" 200 800 "-" "Mozilla/5.0 AppleWebKit/537.36 (KHTML, like Gecko; compatible; Amazonbot/0.1; +https://developer.amazon.com/support/amazonbot) Chrome/119.0.6045.214 Safari/537.36"
52.3.155.146 - - [29/Apr/2025:14:43:04 -0400] "GET /wp-includes__c454f3a/js/tinymce/utils/?SA HTTP/1.1" 200 957 "-" "Mozilla/5.0 AppleWebKit/537.36 (KHTML, like Gecko; compatible; Amazonbot/0.1; +https://developer.amazon.com/support/amazonbot) Chrome/119.0.6045.214 Safari/537.36"
18.97.9.175 - - [29/Apr/2025:14:43:27 -0400] "GET /tag/live-draw-sydney/ HTTP/1.1" 200 0 "-" "CCBot/2.0 (https://commoncrawl.org/faq/)"
66.249.73.130 - - [29/Apr/2025:14:43:32 -0400] "GET /?o=0628589053402&channel=14ba2b&from=form.php%3Fid%3D890534-3329%26name%3DUNITED+TOKYO+%E3%82%B7%E3%83%B3%E3%82%B0%E3%83%AB%E3%83%A9%E3%82%A4%E3%83%80%E3%83%BC%E3%82%B9%E3%80%80%E3%82%B5%E3%82%A4%E3%82%BA2+%E3%83%A9%E3%83%A0%E3%83%AC%E3%82%B6%E3%83%BC%E3%80%80%E3%83%96%E3%83%A9%E3%83%83%E3%82%AF HTTP/1.1" 200 54203 "-" "Mozilla/5.0 (Linux; Android 6.0.1; Nexus 5X Build/MMB29P) AppleWebKit/537.36 (KHTML, like Gecko) Chrome/135.0.7049.114 Mobile Safari/537.36 (compatible; Googlebot/2.1; +http://www.google.com/bot.html)"
52.167.144.177 - - [29/Apr/2025:14:43:38 -0400] "GET /?o=17710112049402&channel=b1f2ad&from=product.php%3Fid%3D1120494-21051%26name%3Db.b.+Simon+%E3%83%9E%E3%83%AB%E3%83%81%E3%82%AB%E3%83%A9%E3%83%BC%E3%83%80%E3%82%A4%E3%83%A4%E3%83%A2%E3%83%B3%E3%83%89%E9%A2%A8%E6%89%8B%E5%B7%BB%E3%81%8D%E6%99%82%E8%A8%88%EF%BC%88%E6%95%85%E9%9A%9C%EF%BC%89 HTTP/1.1" 200 0 "-" "Mozilla/5.0 AppleWebKit/537.36 (KHTML, like Gecko; compatible; bingbot/2.0; +http://www.bing.com/bingbot.htm) Chrome/116.0.1938.76 Safari/537.36"
185.191.171.2 - - [29/Apr/2025:14:43:57 -0400] "GET /page/32/ HTTP/1.1" 200 0 "-" "Mozilla/5.0 (compatible; SemrushBot/7~bl; +http://www.semrush.com/bot.html)"
18.97.9.175 - - [29/Apr/2025:14:44:05 -0400] "GET /bocoran-togel-toto-macau-00-00-senin-8-januari-2024/ HTTP/1.1" 200 0 "-" "CCBot/2.0 (https://commoncrawl.org/faq/)"
66.249.73.128 - - [29/Apr/2025:14:44:15 -0400] "GET /?o=7911867590000&channel=eb578b&from=pin.php%3Fid%3D675900-638%26name%3D%E2%98%85%E5%90%8C%E6%A2%B1%E4%B8%8D%E5%8F%AF%E5%A4%A7%E5%9E%8B%E8%8D%B7%E7%89%A9%E2%98%85%E3%80%80ZEALOT%E3%80%80%E3%82%A4%E3%83%B3%E3%83%95%E3%82%A3%E3%83%8B%E3%83%86%E3%82%A3%E3%83%BC%E3%82%B0%E3%83%AD%E3%83%AA%E3%82%A2EVO%E3%80%8064-200%E3%80%8164-230%E3%80%80%E3%82%B0%E3%83%A9%E3%82%B9100%EF%BC%85 HTTP/1.1" 200 54681 "-" "Mozilla/5.0 (Linux; Android 6.0.1; Nexus 5X Build/MMB29P) AppleWebKit/537.36 (KHTML, like Gecko) Chrome/135.0.7049.114 Mobile Safari/537.36 (compatible; Googlebot/2.1; +http://www.google.com/bot.html)"
66.249.73.129 - - [29/Apr/2025:14:44:40 -0400] "GET /?o=50209110391802&channel=002459&from=article.php%3Fid%3D1103918-12407%26name%3D%E3%80%90%E8%94%B5A4181e%E3%80%91%E6%99%82%E4%BB%A3%E3%80%80%E4%BA%AC%E7%84%BC%E3%80%80%E7%99%BE%E4%BA%BA%E4%B8%80%E9%A6%96%E5%9B%B3%E3%80%80%E8%A7%92%E7%9A%BF%E3%80%80%E5%8D%81%E5%85%AB%E6%9E%9A%E3%80%80%E6%98%8E%E6%B2%BB%E9%A0%83 HTTP/1.1" 200 55392 "-" "Mozilla/5.0 (Linux; Android 6.0.1; Nexus 5X Build/MMB29P) AppleWebKit/537.36 (KHTML, like Gecko) Chrome/135.0.7049.95 Mobile Safari/537.36 (compatible; Googlebot/2.1; +http://www.google.com/bot.html)"
18.97.9.175 - - [29/Apr/2025:14:44:42 -0400] "GET /tag/jackpot-togel-toto-macau-00-00-wib/ HTTP/1.1" 200 0 "-" "CCBot/2.0 (https://commoncrawl.org/faq/)"
66.249.73.128 - - [29/Apr/2025:14:44:44 -0400] "GET /?o=93311145084203&channel=e93da0&from=shared.php%3Fid%3D1450842-10083%26name%3D%E8%B6%85%E3%83%A1%E3%83%AB%E3%82%AB%E3%83%AA%E5%B8%82%E3%82%BB%E3%83%BC%E3%83%AB%EF%BC%814%E4%BA%BA%E7%94%A8%E5%86%86%E5%9E%8B%E3%83%80%E3%82%A4%E3%83%8B%E3%83%B3%E3%82%B0%E3%83%86%E3%83%BC%E3%83%96%E3%83%AB%E3%80%80%E3%83%81%E3%82%A7%E3%82%A2%E4%BB%98%E3%81%8D%E3%82%BB%E3%83%83%E3%83%88%E3%80%80BROWN HTTP/1.1" 200 52803 "-" "Mozilla/5.0 (Linux; Android 6.0.1; Nexus 5X Build/MMB29P) AppleWebKit/537.36 (KHTML, like Gecko) Chrome/135.0.7049.114 Mobile Safari/537.36 (compatible; Googlebot/2.1; +http://www.google.com/bot.html)"
18.97.9.175 - - [29/Apr/2025:14:45:17 -0400] "GET /bocoran-togel-toto-macau-22-00-sabtu-11-november-2023/ HTTP/1.1" 200 0 "-" "CCBot/2.0 (https://commoncrawl.org/faq/)"
207.46.13.160 - - [29/Apr/2025:14:45:22 -0400] "GET /?o=69175746100&channel=c584e5&from=article.php%3Fid%3D7461-1315%26name%3D%E3%83%9B%E3%83%B3%E3%83%80+%E3%83%80%E3%83%83%E3%82%AF%E3%82%B9ST125%E3%83%96%E3%83%AC%E3%83%BC%E3%82%AD%E3%83%87%E3%82%A3%E3%82%B9%E3%82%AF%2F%E3%83%95%E3%83%AD%E3%83%BC%E3%83%86%E3%82%A3%E3%83%B3%E3%82%B0%E3%83%AD%E3%83%BC%E3%82%BF%E3%83%BC%2F%E3%83%95%E3%83%AD%E3%83%B3%E3%83%88%26%E3%83%AA%E3%82%A2%E5%89%8D%E5%BE%8C%E3%82%BB%E3%83%83%E3%83%88DX036+DX037%2FDiablo+custom+works+Front%26rear+disc+brake+set HTTP/1.1" 200 0 "-" "Mozilla/5.0 AppleWebKit/537.36 (KHTML, like Gecko; compatible; bingbot/2.0; +http://www.bing.com/bingbot.htm) Chrome/116.0.1938.76 Safari/537.36"
18.97.9.175 - - [29/Apr/2025:14:45:51 -0400] "GET /tag/ramalan-togel-sdy-terkini/page/2/ HTTP/1.1" 200 0 "-" "CCBot/2.0 (https://commoncrawl.org/faq/)"
18.97.9.175 - - [29/Apr/2025:14:46:25 -0400] "GET /bocoran-togel-jitu-sgp-minggu-26-november-2023/ HTTP/1.1" 200 0 "-" "CCBot/2.0 (https://commoncrawl.org/faq/)"
207.46.13.160 - - [29/Apr/2025:14:46:32 -0400] "GET /?o=1236714595102&channel=373d80&from=info.php%3Fid%3D145951-5214%26name%3D%E3%83%A9%E3%82%A4%E3%82%B7%E3%83%B3+%E3%83%A1%E3%82%BF%E3%83%AB%E3%83%80%E3%83%B3%E3%83%99%E3%83%AB+32kg+%E5%B0%82%E7%94%A8+%E3%82%B9%E3%82%BF%E3%83%B3%E3%83%89+%E3%83%A9%E3%83%83%E3%82%AF+%E3%83%80%E3%83%B3%E3%83%99%E3%83%AB%E3%82%B9%E3%82%BF%E3%83%B3%E3%83%89+%EF%BC%881%E5%B9%B4%E4%BF%9D%E8%A8%BC%EF%BC%89 HTTP/1.1" 200 0 "-" "Mozilla/5.0 AppleWebKit/537.36 (KHTML, like Gecko; compatible; bingbot/2.0; +http://www.bing.com/bingbot.htm) Chrome/116.0.1938.76 Safari/537.36"
66.249.73.128 - - [29/Apr/2025:14:46:58 -0400] "GET /?o=16208142333203&channel=7cbdb4&from=pin.php%3Fid%3D1423332-8433%26name%3D%EF%BC%9C%E5%8B%95%E4%BD%9C%E3%83%BB%E8%89%AF%E5%93%81%EF%BC%9E%E3%83%91%E3%83%8A%E3%82%BD%E3%83%8B%E3%83%83%E3%82%AF%E3%83%BB%E3%83%93%E3%83%93NX%E3%83%BB%E9%9B%BB%E5%8B%95%E3%82%A2%E3%82%B7%E3%82%B9%E3%83%88%E8%87%AA%E8%BB%A2%E8%BB%8A%E3%83%BB26%E3%82%A4%E3%83%B3%E3%83%81%E3%83%BB%E5%85%85%E9%9B%BB%E5%99%A8%E4%BB%98%E3%83%BB%E6%95%B4%E5%82%99%E3%83%BB%E3%81%8A%E6%89%8B%E5%85%A5%E3%82%8C%E6%B8%88%E3%83%BB%E4%B8%8D%E8%A6%81%E8%87%AA%E8%BB%A2%E8%BB%8A%E7%84%A1%E6%96%99%E5%BC%95%E5%8F%96%E3%82%8A%E3%81%82%E3%82%8A HTTP/1.1" 200 53344 "-" "Mozilla/5.0 (Linux; Android 6.0.1; Nexus 5X Build/MMB29P) AppleWebKit/537.36 (KHTML, like Gecko) Chrome/135.0.7049.95 Mobile Safari/537.36 (compatible; Googlebot/2.1; +http://www.google.com/bot.html)"
18.97.9.175 - - [29/Apr/2025:14:47:01 -0400] "GET /tag/buku-erek-erek-96/ HTTP/1.1" 200 0 "-" "CCBot/2.0 (https://commoncrawl.org/faq/)"
66.249.73.128 - - [29/Apr/2025:14:47:18 -0400] "GET /?o=7130275730000&channel=df4958&from=blog.php%3Fid%3D757300-15432%26name%3D0211%E6%97%A7%E5%9E%8B+Nintendo+Switch+%E6%9C%AC%E4%BD%93%E3%81%AE%E3%81%BF HTTP/1.1" 200 52832 "-" "Mozilla/5.0 (Linux; Android 6.0.1; Nexus 5X Build/MMB29P) AppleWebKit/537.36 (KHTML, like Gecko) Chrome/135.0.7049.95 Mobile Safari/537.36 (compatible; Googlebot/2.1; +http://www.google.com/bot.html)"
66.249.73.130 - - [29/Apr/2025:14:47:21 -0400] "GET /?o=8611514345412&channel=8a6308&from=blog.php%3Fid%3D143454-2745%26name%3D%E5%AE%9A%E7%AA%AF+%E7%99%BD%E7%A3%81%E8%8A%B1%E9%B3%A5%E9%99%BD%E5%88%BB%E7%B4%8B%E7%A2%97+%E4%B8%AD%E5%9B%BD%E5%8F%A4%E7%8E%A9+%E4%B8%AD%E5%9B%BD%E7%BE%8E%E8%A1%93+%E5%94%90%E7%89%A9+%E6%93%BA%E4%BB%B6+A892 HTTP/1.1" 200 53389 "-" "Mozilla/5.0 (Linux; Android 6.0.1; Nexus 5X Build/MMB29P) AppleWebKit/537.36 (KHTML, like Gecko) Chrome/135.0.7049.95 Mobile Safari/537.36 (compatible; Googlebot/2.1; +http://www.google.com/bot.html)"
66.249.73.129 - - [29/Apr/2025:14:47:23 -0400] "GET /?o=7088426084402&channel=62c405&from=goods.php%3Fid%3D260844-11745%26name%3D%E6%B6%B2%E5%85%A5%E3%82%8A%E5%85%85%E9%9B%BB%E6%B8%88%E3%81%BF%E3%80%80FB9L-A2%E3%80%80%E3%83%90%E3%82%A4%E3%82%AF%E3%83%90%E3%83%83%E3%83%86%E3%83%AA%E3%83%BC%E3%80%80FURUKAWA%E3%80%80%E5%8F%A4%E6%B2%B3%E9%9B%BB%E6%B1%A0%E3%80%80%E6%AD%A3%E8%A6%8F%E5%93%81%E6%96%B0%E5%93%81%E3%80%80%EF%BC%88+YB9L-A2%E3%80%80%E4%BA%92%E6%8F%9B%EF%BC%89 HTTP/1.1" 200 54146 "-" "Mozilla/5.0 (Linux; Android 6.0.1; Nexus 5X Build/MMB29P) AppleWebKit/537.36 (KHTML, like Gecko) Chrome/135.0.7049.114 Mobile Safari/537.36 (compatible; Googlebot/2.1; +http://www.google.com/bot.html)"
66.249.73.128 - - [29/Apr/2025:14:47:26 -0400] "GET /?o=1761113881403&channel=c9c83a&from=shop.php%3Fid%3D138814-8681%26name%3D%E6%B0%B4%E6%A7%BD+%E3%82%A2%E3%82%AF%E3%83%AA%E3%83%AB%E6%B0%B4%E6%A7%BD+900x450x450mm+%E6%9D%BF%E5%8E%9A6mm+%E5%BA%955mm%E3%80%8090cm%E6%B0%B4%E6%A7%BD+%E6%96%B0%E5%93%81+%E5%9B%BD%E7%94%A3%E6%9D%BF+%E5%AE%B6%E8%B2%A1%E4%BE%BFB HTTP/1.1" 200 53215 "-" "Mozilla/5.0 (Linux; Android 6.0.1; Nexus 5X Build/MMB29P) AppleWebKit/537.36 (KHTML, like Gecko) Chrome/135.0.7049.95 Mobile Safari/537.36 (compatible; Googlebot/2.1; +http://www.google.com/bot.html)"
66.249.73.128 - - [29/Apr/2025:14:47:27 -0400] "GET /?o=0721666351303&channel=2eb606&from=brands.php%3Fid%3D663513-5310%26name%3DHAPINARY+%E3%82%B7%E3%83%AA%E3%82%B3%E3%83%B3%E8%A3%BD%E3%82%A2%E3%82%A4%E3%83%A9%E3%82%A4%E3%83%8A%E3%83%BC%E3%82%B9%E3%83%86%E3%83%B3%E3%82%B7%E3%83%AB%E3%82%AD%E3%83%83%E3%83%88+2%E5%80%8B%E3%82%BB%E3%83%83%E3%83%88+%E3%82%A2%E3%82%A4%E3%83%A9%E3%82%A4%E3%83%8A%E3%83%BC%E3%83%84%E3%83%BC%E3%83%AB+%E5%A5%B3%E3%81%AE%E5%AD%90%E7%94%A8+%E7%9C%89%E6%AF%9B%E3%82%B9%E3%83%86%E3%83%B3%E3%82%B7%E3%83%AB+%E5%8F%A3%E7%B4%85+%E6%BB%91%E3%82%89%E3%81%8B%E3%81%A7%E5%BF%AB HTTP/1.1" 200 54783 "-" "Mozilla/5.0 (Linux; Android 6.0.1; Nexus 5X Build/MMB29P) AppleWebKit/537.36 (KHTML, like Gecko) Chrome/135.0.7049.95 Mobile Safari/537.36 (compatible; Googlebot/2.1; +http://www.google.com/bot.html)"
66.249.73.128 - - [29/Apr/2025:14:47:33 -0400] "GET /?o=7379269817701&channel=32f216&from=product.php%3Fid%3D698177-18179%26name%3DHigh+Speed+Gear+%E3%83%99%E3%83%AB%E3%83%88%E3%83%91%E3%83%83%E3%83%89+SLIM-GRIP+PADDED+BELT+31SPB+%5B+%E3%82%B3%E3%83%A8%E3%83%BC%E3%83%86%E3%83%96%E3%83%A9%E3%82%A6%E3%83%B3+%2F+M%E3%82%B5%E3%82%A4%E3%82%BA+%5D HTTP/1.1" 200 52979 "-" "Mozilla/5.0 (Linux; Android 6.0.1; Nexus 5X Build/MMB29P) AppleWebKit/537.36 (KHTML, like Gecko) Chrome/135.0.7049.95 Mobile Safari/537.36 (compatible; Googlebot/2.1; +http://www.google.com/bot.html)"
18.97.9.175 - - [29/Apr/2025:14:47:40 -0400] "GET /bocoran-togel-jitu-sgp-minggu-10-desember-2023/ HTTP/1.1" 200 0 "-" "CCBot/2.0 (https://commoncrawl.org/faq/)"
66.249.73.128 - - [29/Apr/2025:14:47:41 -0400] "GET /?o=50262127090101&channel=3b128e&from=brands.php%3Fid%3D1270901-8061%26name%3D%E3%82%BB%E3%83%AA%E3%83%BC%E3%83%8C+%E3%83%9A%E3%83%AA%E3%82%AB%E3%83%B3%E3%83%95%E3%83%83%E3%82%AF+%E3%83%99%E3%83%AB%E3%83%88+30%2F75+%E3%83%AC%E3%82%B6%E3%83%BC+%E3%83%AC%E3%83%87%E3%82%A3%E3%83%BC%E3%82%B9+CELINE+%E3%80%901-0170344%E3%80%91 HTTP/1.1" 200 52414 "-" "Mozilla/5.0 (Linux; Android 6.0.1; Nexus 5X Build/MMB29P) AppleWebKit/537.36 (KHTML, like Gecko) Chrome/135.0.7049.95 Mobile Safari/537.36 (compatible; Googlebot/2.1; +http://www.google.com/bot.html)"
66.249.73.128 - - [29/Apr/2025:14:47:49 -0400] "GET /?o=90408139274305&channel=10b71a&from=shared.php%3Fid%3D1392743-25139%26name%3DHobbyant+Gopro9%E3%83%96%E3%83%A9%E3%83%83%E3%82%AF%E3%82%B9%E3%83%9D%E3%83%BC%E3%83%84%E3%82%AB%E3%83%A1%E3%83%A9%E7%94%A8%E3%81%AE%E8%90%BD%E4%B8%8B%E9%98%B2%E6%AD%A2%E7%86%B1%E6%94%BE%E6%95%A3%E4%BF%9D%E8%AD%B7%E3%82%B1%E3%83%BC%E3%82%B9 HTTP/1.1" 200 52766 "-" "Mozilla/5.0 (Linux; Android 6.0.1; Nexus 5X Build/MMB29P) AppleWebKit/537.36 (KHTML, like Gecko) Chrome/135.0.7049.95 Mobile Safari/537.36 (compatible; Googlebot/2.1; +http://www.google.com/bot.html)"
66.249.73.129 - - [29/Apr/2025:14:47:59 -0400] "GET /?o=074894307605&channel=615574&from=article.php%3Fid%3D43076-3735%26name%3DLINAX+%E3%82%B9%E3%83%BC%E3%83%91%E3%83%BC%E3%83%80%E3%82%A4%E3%83%A4+%2380+%E3%83%AD%E3%83%83%E3%83%88+%232410+%E5%BA%8A%E7%A0%94%E5%89%8A%E6%A9%9F%E7%94%A8+%E3%82%AB%E3%83%83%E3%82%BF%E3%83%BC+K-30+K-45+K-60+%E9%96%8B%E5%B0%81%E5%93%81+%E6%9C%AA%E4%BD%BF%E7%94%A8+C9843786 HTTP/1.1" 200 52315 "-" "Mozilla/5.0 (Linux; Android 6.0.1; Nexus 5X Build/MMB29P) AppleWebKit/537.36 (KHTML, like Gecko) Chrome/135.0.7049.95 Mobile Safari/537.36 (compatible; Googlebot/2.1; +http://www.google.com/bot.html)"
66.249.73.128 - - [29/Apr/2025:14:48:07 -0400] "GET /?o=7701322760804&channel=18daaf&from=category-info.php%3Fid%3D227608-7151%26name%3DSigvaris+EverSheer+781NMSO99+15-20+Mmhg+Open+Toe+Medium+Short+Thig HTTP/1.1" 200 53102 "-" "Mozilla/5.0 (Linux; Android 6.0.1; Nexus 5X Build/MMB29P) AppleWebKit/537.36 (KHTML, like Gecko) Chrome/135.0.7049.95 Mobile Safari/537.36 (compatible; Googlebot/2.1; +http://www.google.com/bot.html)"
66.249.73.128 - - [29/Apr/2025:14:48:15 -0400] "GET /?o=17219180974103&channel=026d2d&from=goods.php%3Fid%3D1809741-22990%26name%3DART+MULTI+POUCH+%E3%82%AF%E3%83%AC%E3%83%A8%E3%83%B3%E6%9F%84%E3%83%9E%E3%83%AB%E3%83%81%E3%83%9D%E3%83%BC%E3%83%81 HTTP/1.1" 200 54531 "-" "Mozilla/5.0 (Linux; Android 6.0.1; Nexus 5X Build/MMB29P) AppleWebKit/537.36 (KHTML, like Gecko) Chrome/135.0.7049.95 Mobile Safari/537.36 (compatible; Googlebot/2.1; +http://www.google.com/bot.html)"
66.249.73.129 - - [29/Apr/2025:14:48:18 -0400] "GET /?o=62257130432322&channel=6ca9f6&from=shop.php%3Fid%3D1304323-3444%26name%3D%E3%83%91%E3%83%BC%E3%82%AB%E3%83%BC+24%2F%E3%83%97%E3%83%AD%E3%82%B0%E3%83%AC%E3%82%B9%E3%83%90%E3%82%A4%E3%82%AB%E3%83%BC%E3%83%91%E3%83%BC%E3%82%AB%E3%83%BC+%E3%83%A1%E3%83%B3%E3%82%BA HTTP/1.1" 200 53381 "-" "Mozilla/5.0 (Linux; Android 6.0.1; Nexus 5X Build/MMB29P) AppleWebKit/537.36 (KHTML, like Gecko) Chrome/135.0.7049.95 Mobile Safari/537.36 (compatible; Googlebot/2.1; +http://www.google.com/bot.html)"
18.97.9.175 - - [29/Apr/2025:14:48:18 -0400] "GET /erek-erek-01-di-buku-mimpi-bergambar-lengkap/ HTTP/1.1" 200 0 "-" "CCBot/2.0 (https://commoncrawl.org/faq/)"
52.167.144.22 - - [29/Apr/2025:14:48:19 -0400] "GET /wp-includes__c454f3a/rest-api/endpoints/ HTTP/1.1" 200 2349 "-" "Mozilla/5.0 AppleWebKit/537.36 (KHTML, like Gecko; compatible; bingbot/2.0; +http://www.bing.com/bingbot.htm) Chrome/116.0.1938.76 Safari/537.36"
52.167.144.22 - - [29/Apr/2025:14:48:20 -0400] "GET /wp-includes__c454f3a/js/tinymce/skins/lightgray/fonts/?ND HTTP/1.1" 200 1154 "-" "Mozilla/5.0 AppleWebKit/537.36 (KHTML, like Gecko; compatible; bingbot/2.0; +http://www.bing.com/bingbot.htm) Chrome/116.0.1938.76 Safari/537.36"
66.249.73.128 - - [29/Apr/2025:14:48:21 -0400] "GET /?o=13156117340702&channel=e5aded&from=shop.php%3Fid%3D1173407-16836%26name%3D%E2%96%A0%E6%9C%AA%E4%BD%BF%E7%94%A8%E2%96%A0%E3%80%80+MOREAU+PARIS+%E3%83%A2%E3%83%AD%E3%83%BC+%E3%83%91%E3%83%AA+%E3%83%90%E3%83%83%E3%82%B0%E3%83%81%E3%83%A3%E3%83%BC%E3%83%A0+%E3%82%AD%E3%83%BC%E3%83%AA%E3%83%B3%E3%82%B0+%E3%82%AD%E3%83%BC%E3%83%9B%E3%83%AB%E3%83%80%E3%83%BC+%E3%83%AC%E3%82%B6%E3%83%BC+%E3%83%96%E3%83%A9%E3%83%83%E3%82%AF+%E7%AE%B1+%E3%80%90164101%E3%80%91 HTTP/1.1" 200 52678 "-" "Mozilla/5.0 (Linux; Android 6.0.1; Nexus 5X Build/MMB29P) AppleWebKit/537.36 (KHTML, like Gecko) Chrome/135.0.7049.95 Mobile Safari/537.36 (compatible; Googlebot/2.1; +http://www.google.com/bot.html)"
66.249.73.128 - - [29/Apr/2025:14:48:21 -0400] "GET /?o=7822738770800&channel=b8fbfa&from=brands.php%3Fid%3D387708-15230%26name%3D2200+%E3%83%AF%E3%83%83%E3%83%88%E5%A4%9A%E6%A9%9F%E8%83%BD%E3%83%84%E3%83%BC%E3%83%AB%E9%9B%BB%E6%B0%97%E3%83%8F%E3%83%B3%E3%83%9E%E3%83%BC%2F%E3%83%89%E3%83%AA%E3%83%AB%2F%E9%9B%BB%E6%B0%97%E3%83%94%E3%83%83%E3%82%AF%E5%AE%B6%E5%BA%AD%E7%94%A8%E3%83%9D%E3%83%BC%E3%82%BF%E3%83%96%E3%83%AB%E5%B7%A5%E6%A5%AD%E3%82%B0%E3%83%AC%E3%83%BC%E3%83%89%E3%83%8F%E3%82%A4%E3%83%91%E3%83%AF%E3%83%BC%E9%9B%BB%E6%B0%97%E3%83%8F%E3%83%B3%E3%83%9E%E3%83%BC+%28Color+%3A+I HTTP/1.1" 200 53706 "-" "Mozilla/5.0 (Linux; Android 6.0.1; Nexus 5X Build/MMB29P) AppleWebKit/537.36 (KHTML, like Gecko) Chrome/135.0.7049.95 Mobile Safari/537.36 (compatible; Googlebot/2.1; +http://www.google.com/bot.html)"
66.249.73.128 - - [29/Apr/2025:14:48:22 -0400] "GET /?o=11370141648014&channel=54d3f2&from=goods.php%3Fid%3D1416480-1790%26name%3D%E3%83%94%E3%83%B3+S159+%E3%82%A6%E3%82%A7%E3%83%83%E3%82%B8+PING+S159+WEDGE+NS+PRO+MODUS3+TOUR+125+%E3%83%A2%E3%83%BC%E3%83%80%E3%82%B9+125+%E3%82%B9%E3%83%81%E3%83%BC%E3%83%AB+%E6%97%A5%E6%9C%AC%E4%BB%95%E6%A7%98+%E3%82%B4%E3%83%AB%E3%83%95%E3%82%AF%E3%83%A9%E3%83%96+%E5%8F%B3%E5%88%A9%E3%81%8D+%E5%B7%A6%E5%88%A9%E3%81%8D+%E3%83%9D%E3%82%A4%E3%83%B3%E3%83%8810%E5%80%8D+PING+%E8%B2%A9%E5%A3%B2%E5%AE%9F%E7%B8%BE%EF%BC%AE%EF%BC%AF.1+%E3%83%97%E3%83%AD%E4%BD%BF%E7%94%A8+PINGPRO+%E3%83%94%E3%83%B3%E3%82%A6%E3%82%A7%E3%83%83%E3%82%B8+%E3%82%B9%E3%83%94%E3%83%B3+%E6%BF%80%E3%82%B9%E3%83%94%E3%83%B3+%E3%83%8F%E3%82%A4%E3%83%89%E3%83%AD+%E6%92%A5%E6%B0%B4+%E5%8F%B3%E7%94%A8+%E5%B7%A6%E7%94%A8%EF%BC%88%E3%83%AC%E3%83%95%E3%83%86%E3%82%A3%E3%83%BC%EF%BC%89 HTTP/1.1" 200 54449 "-" "Mozilla/5.0 (Linux; Android 6.0.1; Nexus 5X Build/MMB29P) AppleWebKit/537.36 (KHTML, like Gecko) Chrome/135.0.7049.95 Mobile Safari/537.36 (compatible; Googlebot/2.1; +http://www.google.com/bot.html)"
66.249.73.128 - - [29/Apr/2025:14:48:25 -0400] "GET /?o=60990117996403&channel=a2da23&from=brands.php%3Fid%3D1179964-4145%26name%3D7%2F10%E3%81%BE%E3%81%A7%E9%99%90%E5%AE%9A%E5%80%A4%E4%B8%8B%E3%81%92%E3%80%80gv125c+%E3%83%92%E3%83%A7%E3%83%BC%E3%82%B9%E3%83%B3%E3%80%80hyosung HTTP/1.1" 200 54654 "-" "Mozilla/5.0 (Linux; Android 6.0.1; Nexus 5X Build/MMB29P) AppleWebKit/537.36 (KHTML, like Gecko) Chrome/135.0.7049.95 Mobile Safari/537.36 (compatible; Googlebot/2.1; +http://www.google.com/bot.html)"
66.249.73.128 - - [29/Apr/2025:14:48:27 -0400] "GET /?o=10929120912006&channel=e4626f&from=brands.php%3Fid%3D1209120-1799%26name%3D%E2%96%A0XJR1200%2F1300++%E3%83%89%E3%83%A9%E3%82%A4%E3%82%AB%E3%83%BC%E3%83%9C%E3%83%B3%E3%80%80%E3%82%AD%E3%83%A3%E3%83%96%E3%83%AC%E3%82%BF%E3%83%BC%E3%83%92%E3%83%BC%E3%83%88%E3%82%AC%E3%83%BC%E3%83%89 HTTP/1.1" 200 53207 "-" "Mozilla/5.0 (Linux; Android 6.0.1; Nexus 5X Build/MMB29P) AppleWebKit/537.36 (KHTML, like Gecko) Chrome/135.0.7049.95 Mobile Safari/537.36 (compatible; Googlebot/2.1; +http://www.google.com/bot.html)"
66.249.73.129 - - [29/Apr/2025:14:48:30 -0400] "GET /?o=8229576844608&channel=3a544a&from=blog.php%3Fid%3D768446-1633%26name%3D%E3%83%94%E3%83%A5%E3%83%BC%E3%82%BF%E3%83%BC%E8%A3%BD%E3%81%AE+%E3%82%B3%E3%83%96%E3%83%A9+%E9%A0%AD%E9%83%A8%E3%82%A6%E3%82%A9%E3%83%BC%E3%82%AD%E3%83%B3%E3%82%B0%E3%83%BB%E3%82%B9%E3%83%86%E3%82%A3%E3%83%83%E3%82%AF%E7%B4%B3%E5%A3%AB%E9%A2%A8+%E6%9D%96%2F+%E3%82%B3%E3%82%B9%E3%83%97%E3%83%AC+%E8%B4%88%E7%89%A9+%5B%E8%BC%B8%E5%85%A5%E5%93%81%5D HTTP/1.1" 200 53895 "-" "Mozilla/5.0 (Linux; Android 6.0.1; Nexus 5X Build/MMB29P) AppleWebKit/537.36 (KHTML, like Gecko) Chrome/135.0.7049.95 Mobile Safari/537.36 (compatible; Googlebot/2.1; +http://www.google.com/bot.html)"
66.249.73.129 - - [29/Apr/2025:14:48:32 -0400] "GET /?o=78045111335402&channel=4da31d&from=form.php%3Fid%3D1113354-51%26name%3D%E3%83%97%E3%83%A9%E3%83%81%E3%83%8A900+%E3%82%A2%E3%82%B3%E3%83%A4%E6%9C%AC%E7%9C%9F%E7%8F%A0+%E3%83%AA%E3%83%BC%E3%83%95+%E3%83%96%E3%83%AD%E3%83%BC%E3%83%81+%E5%A4%A9%E7%84%B6%E3%83%80%E3%82%A4%E3%83%A4%E3%83%A2%E3%83%B3%E3%83%89%26%E3%82%B0%E3%83%AA%E3%83%BC%E3%83%B3%E3%82%AC%E3%83%BC%E3%83%8D%E3%83%83%E3%83%88+%E9%91%91%E5%88%A5%E6%9B%B8%E4%BB%98%E3%81%8D+Pt900+%E3%81%82%E3%81%93%E3%82%84%E3%83%91%E3%83%BC%E3%83%AB+%E5%A4%A7%E3%81%B6%E3%82%8A+%E5%A4%A7%E3%81%8D%E3%82%81+%E3%82%AE%E3%83%95%E3%83%88+%E3%83%97%E3%83%AC%E3%82%BC%E3%83%B3%E3%83%88+%E6%97%A5%E6%9C%AC%E8%A3%BD HTTP/1.1" 200 55196 "-" "Mozilla/5.0 (Linux; Android 6.0.1; Nexus 5X Build/MMB29P) AppleWebKit/537.36 (KHTML, like Gecko) Chrome/135.0.7049.95 Mobile Safari/537.36 (compatible; Googlebot/2.1; +http://www.google.com/bot.html)"
66.249.73.129 - - [29/Apr/2025:14:48:35 -0400] "GET /?o=75482198587410&channel=dab017&from=pin.php%3Fid%3D1985874-7997%26name%3D%E3%80%90%E7%BE%8E%E5%93%81%E3%80%91%E3%83%AC%E3%83%9F%E3%83%AC%E3%83%AA%E3%83%BC%E3%83%95+%E3%83%93%E3%83%BC%E3%83%A0%E3%82%B9+%E3%83%AC%E3%82%B6%E3%83%BC%E3%83%A8%E3%83%BC%E3%82%AF+%E3%83%87%E3%83%8B%E3%83%A0+%E3%83%80%E3%82%A6%E3%83%B3%E3%83%99%E3%82%B9%E3%83%88 HTTP/1.1" 200 53058 "-" "Mozilla/5.0 (Linux; Android 6.0.1; Nexus 5X Build/MMB29P) AppleWebKit/537.36 (KHTML, like Gecko) Chrome/135.0.7049.95 Mobile Safari/537.36 (compatible; Googlebot/2.1; +http://www.google.com/bot.html)"
66.249.73.128 - - [29/Apr/2025:14:48:35 -0400] "GET /?o=1302680580402&channel=609db4&from=goods.php%3Fid%3D805804-13701%26name%3D%E7%B2%98%E7%9D%80%E5%BC%8F+%E7%A9%B4%E9%96%8B%E3%81%91%E4%B8%8D%E8%A6%81+%E3%82%B9%E3%83%86%E3%83%B3%E3%83%AC%E3%82%B9+%E9%87%91%E5%B1%9E+%E7%99%BD+%E3%82%B5%E3%83%B3%E3%83%80%E3%83%AB%E5%8F%8E%E7%B4%8D+%E5%A3%81%E6%8E%9B%E3%81%91%E5%BC%8F+%E5%A3%81%E9%9D%A2%E3%81%AB%E5%82%B7%E3%81%A4%E3%81%8B%E3%81%AA%E3%81%84+%E7%9C%81%E3%82%B9%E3%83%9A%E3%83%BC%E3%82%B9+%E7%8E%84%E9%96%A2+%E6%B5%B4%E5%AE%A4+%E3%82%B9%E3%83%AA%E3%83%83%E3%83%91%E3%83%A9%E3%83%83%E3%82%AF+%E3%83%99%E3%83%A9%E3%83%B3%E3%83%80+%E3%83%9B%E3%83%AF%E3%82%A4%E3%83%88%EF%BC%91%E8%B6%B3%E6%8E%9B%E3%81%91+2%E5%80%8B%E3%82%BB%E3%83%83%E3%83%88 HTTP/1.1" 200 55947 "-" "Mozilla/5.0 (Linux; Android 6.0.1; Nexus 5X Build/MMB29P) AppleWebKit/537.36 (KHTML, like Gecko) Chrome/135.0.7049.95 Mobile Safari/537.36 (compatible; Googlebot/2.1; +http://www.google.com/bot.html)"
66.249.73.128 - - [29/Apr/2025:14:48:36 -0400] "GET /?o=0271295855003&channel=86ab4d&from=blog.php%3Fid%3D958550-908%26name%3D%E3%80%90%E4%B8%AD%E5%8F%A4%E3%80%91+%E6%9C%AA%E4%BD%BF%E7%94%A8+%E3%82%A8%E3%83%AB%E3%83%A1%E3%82%B9+%E3%82%B9%E3%82%AB%E3%83%BC%E3%83%95+HERMES+%E3%82%BD%E3%83%AB%E3%83%89+%E3%82%AB%E3%83%AC+%E3%83%84%E3%82%A4%E3%83%AB+%E3%82%B7%E3%83%AB%E3%82%AF100%EF%BC%85+90CMS+Mots+de+Soie+%E3%82%AA%E3%83%AC%E3%83%B3%E3%82%B8%2F%E3%82%B0%E3%83%AC%E3%83%BC+25351+%E3%82%8F%E3%81%91%E3%81%82%E3%82%8A HTTP/1.1" 200 54936 "-" "Mozilla/5.0 (Linux; Android 6.0.1; Nexus 5X Build/MMB29P) AppleWebKit/537.36 (KHTML, like Gecko) Chrome/135.0.7049.95 Mobile Safari/537.36 (compatible; Googlebot/2.1; +http://www.google.com/bot.html)"
66.249.73.129 - - [29/Apr/2025:14:48:38 -0400] "GET /?o=09210100542908&channel=672dd6&from=pin.php%3Fid%3D1005429-4370%26name%3D%E3%82%AD%E3%83%A3%E3%83%B3%E3%83%97+%E3%83%86%E3%83%BC%E3%83%96%E3%83%AB+%E4%B8%B8+%E6%8A%98%E3%82%8A%E3%81%9F%E3%81%9F%E3%81%BF%E3%83%86%E3%83%BC%E3%83%96%E3%83%AB+%E5%8F%8E%E7%B4%8D%E8%A2%8B%E4%BB%98%E3%81%8D%E3%83%9F%E3%83%8B%E3%83%86%E3%83%BC%E3%83%96%E3%83%AB+%E3%83%90%E3%83%BC%E3%83%99%E3%82%AD%E3%83%A5%E3%83%BC+%E3%83%86%E3%83%BC%E3%83%96%E3%83%AB+%E3%82%AD%E3%83%A3%E3%83%B3%E3%83%97%E7%94%A8%E3%83%86%E3%83%BC%E3%83%96%E3%83%AB+%E8%BB%BD%E9%87%8F+%E4%B8%89%E8%84%9A%E3%82%B5%E3%82%A4%E3%83%89%E3%83%86%E3%83%BC HTTP/1.1" 200 53571 "-" "Mozilla/5.0 (Linux; Android 6.0.1; Nexus 5X Build/MMB29P) AppleWebKit/537.36 (KHTML, like Gecko) Chrome/135.0.7049.95 Mobile Safari/537.36 (compatible; Googlebot/2.1; +http://www.google.com/bot.html)"
66.249.73.130 - - [29/Apr/2025:14:48:41 -0400] "GET /?o=7217950932607&channel=d6a04b&from=shared.php%3Fid%3D509326-3%26name%3D%E7%A8%BC%E5%83%8D+%E3%82%A4%E3%83%B4%E3%82%B5%E3%83%B3%E3%83%AD%E3%83%BC%E3%83%A9%E3%83%B3+%E8%85%95%E6%99%82%E8%A8%88+%E3%83%AD%E3%83%BC%E3%83%9E%E3%82%A4%E3%83%B3%E3%83%87%E3%83%83%E3%82%AF%E3%82%B9+%E6%96%B0%E5%93%81%E9%9B%BB%E6%B1%A0+%E3%83%9C%E3%83%BC%E3%82%A4%E3%82%BA+l HTTP/1.1" 200 52309 "-" "Mozilla/5.0 (Linux; Android 6.0.1; Nexus 5X Build/MMB29P) AppleWebKit/537.36 (KHTML, like Gecko) Chrome/135.0.7049.95 Mobile Safari/537.36 (compatible; Googlebot/2.1; +http://www.google.com/bot.html)"
66.249.73.129 - - [29/Apr/2025:14:48:44 -0400] "GET /?o=56670148910814&channel=01ff6a&from=blog.php%3Fid%3D1489108-3165%26name%3D%E3%83%98%E3%83%AA%E3%83%B3%E3%83%9C%E3%83%BC%E3%83%B3+%E3%83%81%E3%82%A7%E3%82%B9%E3%82%BF%E3%83%BC%E3%82%B3%E3%83%BC%E3%83%88+FD24W383+Fano+Studios HTTP/1.1" 200 52493 "-" "Mozilla/5.0 (Linux; Android 6.0.1; Nexus 5X Build/MMB29P) AppleWebKit/537.36 (KHTML, like Gecko) Chrome/135.0.7049.95 Mobile Safari/537.36 (compatible; Googlebot/2.1; +http://www.google.com/bot.html)"
66.249.73.128 - - [29/Apr/2025:14:48:48 -0400] "GET /?o=10290169494000&channel=c00624&from=product.php%3Fid%3D1694940-21850%26name%3DROMISBABA+30+%E5%80%8B+%E5%AE%9A%E6%80%A7%E6%BF%BE%E7%B4%99+xcm%E3%83%95%E3%82%A3%E3%83%AB%E3%82%BF%E3%83%BC+%E3%82%8D%E7%B4%99+%E3%83%9A%E3%83%BC%E3%83%91%E3%83%BC%E3%83%95%E3%82%A3%E3%83%AB%E3%82%BF%E3%83%BC+%E5%AE%9F%E9%A8%93%E5%AE%A4%E7%94%A8%E6%BF%BE%E7%B4%99+%E7%B2%97%E3%81%84%E6%BF%BE%E7%B4%99+%E3%83%95%E3%82%A3%E3%83%AB%E3%82%BF%E3%83%BC%E4%BA%A4%E6%8F%9B+%E5%AE%9F%E9%A8%93%E5%AE%A4%E5%AE%9F HTTP/1.1" 200 54723 "-" "Mozilla/5.0 (Linux; Android 6.0.1; Nexus 5X Build/MMB29P) AppleWebKit/537.36 (KHTML, like Gecko) Chrome/135.0.7049.95 Mobile Safari/537.36 (compatible; Googlebot/2.1; +http://www.google.com/bot.html)"
66.249.73.130 - - [29/Apr/2025:14:48:49 -0400] "GET /?o=24440103825400&channel=c17781&from=brands.php%3Fid%3D1038254-1796%26name%3D%E3%83%A1%E3%83%AB%E3%83%A2+MELMO+%E3%82%B9%E3%82%AF%E3%82%A8%E3%82%A2%E3%83%88%E3%82%A5%E3%83%97%E3%83%AC%E3%83%BC%E3%83%B3%E3%83%91%E3%83%B3%E3%83%97%E3%82%B9+%EF%BC%88%E3%83%96%E3%83%A9%E3%83%83%E3%82%AF%EF%BC%89 HTTP/1.1" 200 53574 "-" "Mozilla/5.0 (Linux; Android 6.0.1; Nexus 5X Build/MMB29P) AppleWebKit/537.36 (KHTML, like Gecko) Chrome/135.0.7049.95 Mobile Safari/537.36 (compatible; Googlebot/2.1; +http://www.google.com/bot.html)"
66.249.73.128 - - [29/Apr/2025:14:48:55 -0400] "GET /?o=6951784265814&channel=680a4d&from=article.php%3Fid%3D842658-10145%26name%3D113.5%C3%97194+%E8%8D%89%E8%8A%B1%E3%83%9C%E3%82%BF%E3%83%8B%E3%82%AB%E3%83%AB%E3%80%80%E3%82%A4%E3%82%A8%E3%83%AD%E3%83%BC%EF%BC%86%E3%83%96%E3%83%A9%E3%82%A6%E3%83%B3%E3%80%80%E3%83%88%E3%83%AB%E3%82%B3%E3%83%B4%E3%82%A3%E3%83%B3%E3%83%86%E3%83%BC%E3%82%B8%E3%83%A9%E3%82%B0 HTTP/1.1" 200 52051 "-" "Mozilla/5.0 (Linux; Android 6.0.1; Nexus 5X Build/MMB29P) AppleWebKit/537.36 (KHTML, like Gecko) Chrome/135.0.7049.95 Mobile Safari/537.36 (compatible; Googlebot/2.1; +http://www.google.com/bot.html)"
18.97.9.175 - - [29/Apr/2025:14:48:55 -0400] "GET /bocoran-togel-toto-macau-13-00-minggu-3-desember-2023/ HTTP/1.1" 200 0 "-" "CCBot/2.0 (https://commoncrawl.org/faq/)"
66.249.73.129 - - [29/Apr/2025:14:49:15 -0400] "GET /?o=29474174148300&channel=e4626f&from=shop.php%3Fid%3D1741483-1799%26name%3D%E3%83%89%E3%83%A9%E3%83%83%E3%82%B0%E3%82%B9%E3%82%BF%E3%83%BC400%E7%94%A8%E3%82%B3%E3%83%96%E3%83%A9%E3%82%B7%E3%83%BC%E3%83%88 HTTP/1.1" 200 51696 "-" "Mozilla/5.0 (Linux; Android 6.0.1; Nexus 5X Build/MMB29P) AppleWebKit/537.36 (KHTML, like Gecko) Chrome/135.0.7049.95 Mobile Safari/537.36 (compatible; Googlebot/2.1; +http://www.google.com/bot.html)"
66.249.73.128 - - [29/Apr/2025:14:49:22 -0400] "GET /?o=02352191416404&channel=ad4ca4&from=brands.php%3Fid%3D1914164-6842%26name%3D%E3%82%A8%E3%83%80%E3%83%9E%E3%83%A1%E6%A0%BD%E5%9F%B9%E3%82%BB%E3%83%83%E3%83%88%E3%80%80%E6%9E%9D%E8%B1%86%E3%80%80%E3%82%A8%E3%83%B3%E3%82%B8%E3%83%A7%E3%82%A4%E3%83%97%E3%83%A9%E3%83%B3%E3%82%BF%E3%83%BC HTTP/1.1" 200 53924 "-" "Mozilla/5.0 (Linux; Android 6.0.1; Nexus 5X Build/MMB29P) AppleWebKit/537.36 (KHTML, like Gecko) Chrome/135.0.7049.114 Mobile Safari/537.36 (compatible; Googlebot/2.1; +http://www.google.com/bot.html)"
66.249.73.129 - - [29/Apr/2025:14:49:25 -0400] "GET /?o=20157188999206&channel=b221ec&from=shared.php%3Fid%3D1889992-13260%26name%3D%E6%99%82%E8%A8%88+%E3%83%A1%E3%82%AB%E3%83%8B%E3%82%BA%E3%83%A0+%E5%A3%81%E6%8E%9B%E3%81%91%E6%99%82%E8%A8%88+%E3%83%A0%E3%83%BC%E3%83%96%E3%83%A1%E3%83%B3%E3%83%88+12888+%E5%A4%AA%E9%99%BD%E6%99%82%E8%A8%88+%E3%83%95%E3%82%A9%E3%83%88%E3%83%95%E3%83%AC%E3%83%BC%E3%83%A0+%E4%B8%AD%E5%A4%AE%E3%83%A0%E3%83%BC%E3%83%96%E3%83%A1%E3%83%B3%E3%83%88 HTTP/1.1" 200 55091 "-" "Mozilla/5.0 (Linux; Android 6.0.1; Nexus 5X Build/MMB29P) AppleWebKit/537.36 (KHTML, like Gecko) Chrome/135.0.7049.114 Mobile Safari/537.36 (compatible; Googlebot/2.1; +http://www.google.com/bot.html)"
18.97.9.175 - - [29/Apr/2025:14:49:28 -0400] "GET /erek-erek-89-di-buku-mimpi-bergambar-lengkap/ HTTP/1.1" 200 0 "-" "CCBot/2.0 (https://commoncrawl.org/faq/)"
