66.249.73.128 - - [29/Apr/2025:17:10:43 -0400] "GET /?o=0879114592006&channel=f60b2c&from=goods.php%3Fid%3D145920-8889%26name%3D%E6%B0%B4%E8%80%95%E6%A0%BD%E5%9F%B9%E3%82%B7%E3%82%B9%E3%83%86%E3%83%A0%E5%9E%82%E7%9B%B4%E6%B0%B4%E8%80%95%E3%82%BF%E3%83%AF%E3%83%BC%E3%80%8132%E3%83%9D%E3%83%83%E3%83%89%E5%B1%8B%E5%86%85%E3%82%BF%E3%83%AF%E3%83%BC%E3%82%AC%E3%83%BC%E3%83%87%E3%83%B3%E5%B1%8B%E5%86%85%E5%B1%8B%E5%A4%96%E9%87%8E%E8%8F%9C%E5%9C%92%E8%8A%B8%E3%82%B9%E3%82%BF%E3%83%BC%E3%82%BF%E3%83%BC%E7%94%A8 HTTP/1.1" 200 53946 "-" "Mozilla/5.0 (Linux; Android 6.0.1; Nexus 5X Build/MMB29P) AppleWebKit/537.36 (KHTML, like Gecko) Chrome/135.0.7049.95 Mobile Safari/537.36 (compatible; Googlebot/2.1; +http://www.google.com/bot.html)"
172.190.230.70 - - [29/Apr/2025:17:10:49 -0400] "GET /wp-content/uploads/2023/11/BOCORAN-TOGEL-TOTO-MACAU-16.00-16-150x150.jpg HTTP/1.1" 200 0 "-" "Mozilla/5.0 (Windows NT 10.0; Win64; x64) AppleWebKit/537.36 (KHTML, like Gecko) Chrome/109.0.0.0 Safari/537.36"
172.190.230.70 - - [29/Apr/2025:17:10:50 -0400] "GET /wp-content/uploads/2023/11/BOCORAN-TOGEL-TOTO-MACAU-16.00-16-150x150.jpg HTTP/1.1" 200 0 "-" "Mozilla/5.0 (Windows NT 10.0; Win64; x64) AppleWebKit/537.36 (KHTML, like Gecko) Chrome/109.0.0.0 Safari/537.36"
172.190.230.70 - - [29/Apr/2025:17:10:50 -0400] "GET /wp-content/uploads/2023/11/BOCORAN-TOGEL-TOTO-MACAU-16.00-16-150x150.jpg HTTP/1.1" 200 0 "-" "Mozilla/5.0 (Windows NT 10.0; Win64; x64) AppleWebKit/537.36 (KHTML, like Gecko) Chrome/109.0.0.0 Safari/537.36"
172.190.230.70 - - [29/Apr/2025:17:10:51 -0400] "GET /wp-content/uploads/2023/11/BOCORAN-TOGEL-TOTO-MACAU-19.00-26-150x150.jpg HTTP/1.1" 200 0 "-" "Mozilla/5.0 (Windows NT 10.0; Win64; x64) AppleWebKit/537.36 (KHTML, like Gecko) Chrome/109.0.0.0 Safari/537.36"
172.190.230.70 - - [29/Apr/2025:17:10:52 -0400] "GET /wp-content/uploads/2023/11/BOCORAN-TOGEL-TOTO-MACAU-19.00-26-150x150.jpg HTTP/1.1" 200 0 "-" "Mozilla/5.0 (Windows NT 10.0; Win64; x64) AppleWebKit/537.36 (KHTML, like Gecko) Chrome/109.0.0.0 Safari/537.36"
172.190.230.70 - - [29/Apr/2025:17:10:53 -0400] "GET /wp-content/uploads/2023/11/BOCORAN-TOGEL-TOTO-MACAU-19.00-26-150x150.jpg HTTP/1.1" 200 0 "-" "Mozilla/5.0 (Windows NT 10.0; Win64; x64) AppleWebKit/537.36 (KHTML, like Gecko) Chrome/109.0.0.0 Safari/537.36"
66.249.73.128 - - [29/Apr/2025:17:10:53 -0400] "GET /?o=85942100907205&channel=20611a&from=pin.php%3Fid%3D1009072-7801%26name%3D%E2%96%A0%E6%96%B0%E5%93%81%E5%90%8C%E6%A7%98%E2%96%A0+HELEN+KAMINSKI+%E3%83%98%E3%83%AC%E3%83%B3%E3%82%AB%E3%83%9F%E3%83%B3%E3%82%B9%E3%82%AD%E3%83%BC+%E3%83%A9%E3%83%95%E3%82%A3%E3%82%A2+%E3%83%8F%E3%83%83%E3%83%88+%E5%B8%BD%E5%AD%90+%E3%83%AC%E3%83%87%E3%82%A3%E3%83%BC%E3%82%B9+%E3%83%96%E3%83%A9%E3%82%A6%E3%83%B3%E7%B3%BB+FA4064 HTTP/1.1" 200 53704 "-" "Mozilla/5.0 (Linux; Android 6.0.1; Nexus 5X Build/MMB29P) AppleWebKit/537.36 (KHTML, like Gecko) Chrome/135.0.7049.95 Mobile Safari/537.36 (compatible; Googlebot/2.1; +http://www.google.com/bot.html)"
172.190.230.70 - - [29/Apr/2025:17:10:54 -0400] "GET /wp-content/uploads/2023/11/BOCORAN-TOGEL-TOTO-MACAU-13.00-20-150x150.jpg HTTP/1.1" 200 0 "-" "Mozilla/5.0 (Windows NT 10.0; Win64; x64) AppleWebKit/537.36 (KHTML, like Gecko) Chrome/109.0.0.0 Safari/537.36"
172.190.230.70 - - [29/Apr/2025:17:10:55 -0400] "GET /wp-content/uploads/2023/11/BOCORAN-TOGEL-TOTO-MACAU-13.00-20-150x150.jpg HTTP/1.1" 200 0 "-" "Mozilla/5.0 (Windows NT 10.0; Win64; x64) AppleWebKit/537.36 (KHTML, like Gecko) Chrome/109.0.0.0 Safari/537.36"
172.190.230.70 - - [29/Apr/2025:17:10:55 -0400] "GET /wp-content/uploads/2023/11/BOCORAN-TOGEL-TOTO-MACAU-13.00-20-150x150.jpg HTTP/1.1" 200 0 "-" "Mozilla/5.0 (Windows NT 10.0; Win64; x64) AppleWebKit/537.36 (KHTML, like Gecko) Chrome/109.0.0.0 Safari/537.36"
66.249.73.129 - - [29/Apr/2025:17:11:00 -0400] "GET /?o=77634152291404&channel=cf70ad&from=news.php%3Fid%3D1522914-2511%26name%3DGaril+6X+0-12BAR+0-170PSI+10%E3%83%9F%E3%83%AA%E3%83%A1%E3%83%BC%E3%83%88%E3%83%AB+%E3%82%B9%E3%83%AC%E3%83%83%E3%83%89+%E3%82%AC%E3%82%B9+%E7%A9%BA%E6%B0%97%E3%83%9D%E3%83%B3%E3%83%97+%E5%9C%A7%E5%8A%9B%E8%A8%88+%E3%82%B3%E3%83%B3%E3%83%97%E3%83%AC%E3%83%83%E3%82%B5%E3%83%BC+%E5%9C%A7%E5%8A%9B%E8%A8%88 HTTP/1.1" 200 55503 "-" "Mozilla/5.0 (Linux; Android 6.0.1; Nexus 5X Build/MMB29P) AppleWebKit/537.36 (KHTML, like Gecko) Chrome/135.0.7049.95 Mobile Safari/537.36 (compatible; Googlebot/2.1; +http://www.google.com/bot.html)"
66.249.73.128 - - [29/Apr/2025:17:11:08 -0400] "GET /?o=18223179435608&channel=33460e&from=product.php%3Fid%3D1794356-28846%26name%3D%E3%83%94%E3%83%BC%E3%82%AB%E3%83%B3%E3%83%94%E3%83%83%E3%82%AB%E3%83%BC%E3%80%81%E3%83%9E%E3%83%8B%E3%83%A5%E3%82%A2%E3%83%AB%E3%83%8A%E3%83%83%E3%83%88%E3%83%94%E3%83%83%E3%82%AB%E3%83%BC+-+%E8%BE%B2%E5%A0%B4%E3%81%AE%E4%BD%9C%E7%89%A9%E3%83%94%E3%83%83%E3%82%AB%E3%83%BC%E3%81%8C%E8%82%A5%E5%8E%9A%E3%81%97%E3%81%9F%E3%83%8A%E3%83%83%E3%83%84%E3%81%AE%E9%9B%86%E3%81%BE%E3%82%8A+%7C+%E7%B7%A8%E9%9B%86%E8%A3%85%E7%BD%AE%E3%81%AE%E3%82%B0%E3%83%AA%E3%83%83%E3%83%97%E3%82%B3%E3%83%AC%E3%82%AF%E3%82%B7%E3%83%A7%E3%83%B3%E3%83%87%E3%83%90%E3%82%A4 HTTP/1.1" 200 54902 "-" "Mozilla/5.0 (Linux; Android 6.0.1; Nexus 5X Build/MMB29P) AppleWebKit/537.36 (KHTML, like Gecko) Chrome/135.0.7049.95 Mobile Safari/537.36 (compatible; Googlebot/2.1; +http://www.google.com/bot.html)"
172.190.230.70 - - [29/Apr/2025:17:11:10 -0400] "GET /wp-content/uploads/2023/11/BOCORAN-TOGEL-TOTO-MACAU-00.00-20-150x150.jpg HTTP/1.1" 200 0 "-" "Mozilla/5.0 (Windows NT 10.0; Win64; x64) AppleWebKit/537.36 (KHTML, like Gecko) Chrome/109.0.0.0 Safari/537.36"
172.190.230.70 - - [29/Apr/2025:17:11:11 -0400] "GET /wp-content/uploads/2023/11/BOCORAN-TOGEL-TOTO-MACAU-00.00-20-150x150.jpg HTTP/1.1" 200 0 "-" "Mozilla/5.0 (Windows NT 10.0; Win64; x64) AppleWebKit/537.36 (KHTML, like Gecko) Chrome/109.0.0.0 Safari/537.36"
66.249.73.128 - - [29/Apr/2025:17:11:12 -0400] "GET /?o=8494841302403&channel=fd459c&from=pin.php%3Fid%3D413024-1585%26name%3DMCM+%E3%83%88%E3%83%BC%E3%83%88%E3%83%90%E3%83%83%E3%82%B0%E3%80%80%E3%82%B7%E3%83%A7%E3%83%AB%E3%83%80%E3%83%BC%E3%83%90%E3%83%83%E3%82%B0 HTTP/1.1" 200 54639 "-" "Mozilla/5.0 (Linux; Android 6.0.1; Nexus 5X Build/MMB29P) AppleWebKit/537.36 (KHTML, like Gecko) Chrome/135.0.7049.95 Mobile Safari/537.36 (compatible; Googlebot/2.1; +http://www.google.com/bot.html)"
172.190.230.70 - - [29/Apr/2025:17:11:12 -0400] "GET /wp-content/uploads/2023/11/BOCORAN-TOGEL-TOTO-MACAU-00.00-20-150x150.jpg HTTP/1.1" 200 0 "-" "Mozilla/5.0 (Windows NT 10.0; Win64; x64) AppleWebKit/537.36 (KHTML, like Gecko) Chrome/109.0.0.0 Safari/537.36"
66.249.73.128 - - [29/Apr/2025:17:11:15 -0400] "GET /?o=8384764765602&channel=5b7e63&from=blog.php%3Fid%3D647656-1628%26name%3D%E3%83%8F%E3%83%A4%E3%83%86%E3%81%AE%E3%81%94%E3%81%A8%E3%81%8F+%E6%9C%AA%E9%96%8B%E5%B0%81%E3%83%95%E3%82%A3%E3%82%AE%E3%83%A5%E3%82%A24%E4%BD%93%E3%81%BE%E3%81%A8%E3%82%81%E5%A3%B2%E3%82%8A+%E6%A1%82%E3%83%92%E3%83%8A%E3%82%AE%E3%82%AF+%E4%B8%89%E5%8D%83%E9%99%A2%E3%83%8A%E3%82%AE+%E8%A5%BF%E6%B2%A2%E6%AD%A9+SWIM+SUIT+Ver.+%E3%83%9E%E3%83%AA%E3%82%A2+%E3%82%B3%E3%83%88%E3%83%96%E3%82%AD%E3%83%A4+%E3%82%B8%E3%83%A5%E3%83%B3%E3%83%97%E3%83%A9%E3%83%B3%E3%83%8B%E3%83%B3%E3%82%B0 HTTP/1.1" 200 54615 "-" "Mozilla/5.0 (Linux; Android 6.0.1; Nexus 5X Build/MMB29P) AppleWebKit/537.36 (KHTML, like Gecko) Chrome/135.0.7049.95 Mobile Safari/537.36 (compatible; Googlebot/2.1; +http://www.google.com/bot.html)"
66.249.73.128 - - [29/Apr/2025:17:11:22 -0400] "GET /?o=96974111068204&channel=002394&from=jp.php%3Fid%3D1110682-3046%26name%3D%E3%82%A8%E3%83%AB%E3%83%A1%E3%82%B9+%E3%83%AC%E3%82%B6%E3%83%BC%E3%82%B0%E3%83%AD%E3%83%BC%E3%83%96+%E3%83%81%E3%83%A3%E3%83%BC%E3%83%A0+%E6%89%8B%E8%A2%8B+%E3%82%AB%E3%83%BC%E3%82%AD+6.5%E5%8F%B7+IBO50 HTTP/1.1" 200 53152 "-" "Mozilla/5.0 (Linux; Android 6.0.1; Nexus 5X Build/MMB29P) AppleWebKit/537.36 (KHTML, like Gecko) Chrome/135.0.7049.95 Mobile Safari/537.36 (compatible; Googlebot/2.1; +http://www.google.com/bot.html)"
172.190.230.70 - - [29/Apr/2025:17:11:27 -0400] "GET /wp-content/uploads/2023/11/BOCORAN-TOGEL-TOTO-MACAU-19.00-23-150x150.jpg HTTP/1.1" 200 0 "-" "Mozilla/5.0 (Windows NT 10.0; Win64; x64) AppleWebKit/537.36 (KHTML, like Gecko) Chrome/109.0.0.0 Safari/537.36"
172.190.230.70 - - [29/Apr/2025:17:11:27 -0400] "GET /wp-content/uploads/2023/11/BOCORAN-TOGEL-TOTO-MACAU-19.00-23-150x150.jpg HTTP/1.1" 200 0 "-" "Mozilla/5.0 (Windows NT 10.0; Win64; x64) AppleWebKit/537.36 (KHTML, like Gecko) Chrome/109.0.0.0 Safari/537.36"
66.249.73.128 - - [29/Apr/2025:17:11:28 -0400] "GET /?o=6999090244208&channel=f8746a&from=shop.php%3Fid%3D902442-11764%26name%3D%E8%80%B3%E3%81%AE%E5%BD%A2+%E8%80%B3+%E3%83%87%E3%83%83%E3%82%B5%E3%83%B3+%E3%83%95%E3%82%A7%E3%82%A4%E3%82%AF%E3%83%94%E3%82%A2%E3%82%B9+%E6%A8%A1%E5%9E%8B+%E3%82%B7%E3%83%AA%E3%82%B3%E3%83%B3+%E5%B7%A6%E5%8F%B3%E3%82%BB%E3%83%83%E3%83%88+%E3%82%A2%E3%82%AF%E3%82%BB%E3%82%B5%E3%83%AA%E3%83%BC+%E4%B8%A1%E8%80%B3+%E8%80%B3%E6%AF%9B+%E3%83%94%E3%82%A2%E3%82%B9%E9%A3%BE%E3%82%8A+%E3%83%94%E3%82%A2%E3%82%B9+%E7%B7%B4%E7%BF%92%E7%94%A8+%E8%80%B3%E6%A8%A1%E5%9E%8B+%E8%80%B3%E5%9E%8B+%E3%81%BF%E3%81%BF+%28%E3%83%9B%E3%83%AF%E3%82%A4%E3%83%88%29+%5B%E3%83%9B%E3%83%AF%E3%82%A4%E3%83%88%2F%E7%99%BD%5D HTTP/1.1" 200 54477 "-" "Mozilla/5.0 (Linux; Android 6.0.1; Nexus 5X Build/MMB29P) AppleWebKit/537.36 (KHTML, like Gecko) Chrome/135.0.7049.114 Mobile Safari/537.36 (compatible; Googlebot/2.1; +http://www.google.com/bot.html)"
172.190.230.70 - - [29/Apr/2025:17:11:29 -0400] "GET /wp-content/uploads/2023/11/BOCORAN-TOGEL-TOTO-MACAU-19.00-23-150x150.jpg HTTP/1.1" 200 0 "-" "Mozilla/5.0 (Windows NT 10.0; Win64; x64) AppleWebKit/537.36 (KHTML, like Gecko) Chrome/109.0.0.0 Safari/537.36"
172.190.230.70 - - [29/Apr/2025:17:11:30 -0400] "GET /wp-content/uploads/2023/11/BOCORAN-TOGEL-SYDNEY-23-150x150.png HTTP/1.1" 200 0 "-" "Mozilla/5.0 (Windows NT 10.0; Win64; x64) AppleWebKit/537.36 (KHTML, like Gecko) Chrome/109.0.0.0 Safari/537.36"
172.190.230.70 - - [29/Apr/2025:17:11:30 -0400] "GET /wp-content/uploads/2023/11/BOCORAN-TOGEL-SYDNEY-23-150x150.png HTTP/1.1" 200 0 "-" "Mozilla/5.0 (Windows NT 10.0; Win64; x64) AppleWebKit/537.36 (KHTML, like Gecko) Chrome/109.0.0.0 Safari/537.36"
172.190.230.70 - - [29/Apr/2025:17:11:31 -0400] "GET /wp-content/uploads/2023/11/BOCORAN-TOGEL-SYDNEY-23-150x150.png HTTP/1.1" 200 0 "-" "Mozilla/5.0 (Windows NT 10.0; Win64; x64) AppleWebKit/537.36 (KHTML, like Gecko) Chrome/109.0.0.0 Safari/537.36"
66.249.73.128 - - [29/Apr/2025:17:11:32 -0400] "GET /?o=46511159839401&channel=2c210f&from=shared.php%3Fid%3D1598394-15251%26name%3D%E3%81%B5%E3%82%8B%E3%81%95%E3%81%A8%E7%B4%8D%E7%A8%8E+%E3%81%84%E3%82%8D%E3%81%A9%E3%82%8A+%E6%97%A5%E6%9C%AC%E9%85%92+%E6%99%AE%E9%80%9A%E9%85%92+%E6%96%B0%E6%BD%9F%E7%9C%8C+%E9%95%B7%E5%B2%A1%E5%B8%82+H4-42%E8%B6%8A%E4%B9%83%E6%99%AF%E8%99%8E+%E9%BE%8D+%E7%94%9F%E9%85%92+720ml%C3%972%E6%9C%AC%E3%82%BB%E3%83%83%E3%83%88+%E8%AB%B8%E6%A9%8B%E9%85%92%E9%80%A0 HTTP/1.1" 200 55899 "-" "Mozilla/5.0 (Linux; Android 6.0.1; Nexus 5X Build/MMB29P) AppleWebKit/537.36 (KHTML, like Gecko) Chrome/135.0.7049.95 Mobile Safari/537.36 (compatible; Googlebot/2.1; +http://www.google.com/bot.html)"
172.190.230.70 - - [29/Apr/2025:17:11:36 -0400] "GET /wp-content/uploads/2023/11/BOCORAN-TOGEL-TOTO-MACAU-00.00-18.jpg HTTP/1.1" 200 0 "-" "Mozilla/5.0 (Windows NT 10.0; Win64; x64) AppleWebKit/537.36 (KHTML, like Gecko) Chrome/109.0.0.0 Safari/537.36"
172.190.230.70 - - [29/Apr/2025:17:11:36 -0400] "GET /wp-content/uploads/2023/11/BOCORAN-TOGEL-TOTO-MACAU-00.00-18.jpg HTTP/1.1" 200 0 "-" "Mozilla/5.0 (Windows NT 10.0; Win64; x64) AppleWebKit/537.36 (KHTML, like Gecko) Chrome/109.0.0.0 Safari/537.36"
172.190.230.70 - - [29/Apr/2025:17:11:37 -0400] "GET /wp-content/uploads/2023/11/BOCORAN-TOGEL-TOTO-MACAU-00.00-18.jpg HTTP/1.1" 200 0 "-" "Mozilla/5.0 (Windows NT 10.0; Win64; x64) AppleWebKit/537.36 (KHTML, like Gecko) Chrome/109.0.0.0 Safari/537.36"
66.249.73.128 - - [29/Apr/2025:17:11:39 -0400] "GET /?o=80247124763804&channel=5fbe41&from=shared.php%3Fid%3D1247638-17922%26name%3D%E3%80%90%E6%96%B0%E5%93%81%E3%80%91%E9%9B%BB%E5%AD%90%E3%83%AC%E3%83%B3%E3%82%B8%E2%80%A2%E9%9B%BB%E5%AD%90%E3%82%AA%E3%83%BC%E3%83%96%E3%83%B3%E5%B0%82%E7%94%A8%E3%80%80%E3%82%B7%E3%83%AA%E3%82%B3%E3%83%B3%E3%82%B9%E3%83%81%E3%83%BC%E3%83%9E%E3%83%BC%E3%80%80%E6%96%99%E7%90%86%E3%80%80%E7%B0%A1%E5%8D%98%E3%80%80%E7%B4%A0%E6%9D%90%E3%81%AE%E5%91%B3%E3%81%9D%E3%81%AE%E3%81%BE%E3%81%BE%E3%80%80%E3%83%98%E3%83%AB%E3%82%B7%E3%83%BC%E3%82%AF%E3%83%83%E3%82%AD%E3%83%B3%E3%82%B0%E3%80%80%E3%83%AB%E3%82%AF%E3%82%A8%E3%80%80%E3%81%AA%E3%81%A9%E3%81%8A%E5%A5%BD%E3%81%8D%E3%81%AA%E6%96%B9%E3%81%AB%E2%99%AA HTTP/1.1" 200 53020 "-" "Mozilla/5.0 (Linux; Android 6.0.1; Nexus 5X Build/MMB29P) AppleWebKit/537.36 (KHTML, like Gecko) Chrome/135.0.7049.95 Mobile Safari/537.36 (compatible; Googlebot/2.1; +http://www.google.com/bot.html)"
66.249.73.128 - - [29/Apr/2025:17:11:46 -0400] "GET /?o=765384990404&channel=d04b3f&from=goods.php%3Fid%3D49904-4115%26name%3DYUELER+4%2F6+%E3%82%B7%E3%83%A3%E3%83%95%E3%83%88+%E9%9B%BB%E5%AD%90%E3%83%8F%E3%83%B3%E3%83%89%E3%83%9B%E3%82%A4%E3%83%BC%E3%83%AB+5V+%E6%89%8B%E5%8B%95%E3%83%91%E3%83%AB%E3%82%B9%E7%99%BA%E9%9B%BB%E6%A9%9F+%E7%B7%8A%E6%80%A5%E5%81%9C%E6%AD%A2%E3%82%B9%E3%82%A4%E3%83%83%E3%83%81%E4%BB%98%E3%81%8D+%E9%AB%98%E7%B5%B6%E7%B8%81%E5%BC%B7%E5%BA%A6+Ma%E7%94%A8 HTTP/1.1" 200 53731 "-" "Mozilla/5.0 (Linux; Android 6.0.1; Nexus 5X Build/MMB29P) AppleWebKit/537.36 (KHTML, like Gecko) Chrome/135.0.7049.95 Mobile Safari/537.36 (compatible; Googlebot/2.1; +http://www.google.com/bot.html)"
66.249.73.129 - - [29/Apr/2025:17:11:58 -0400] "GET /?o=242187342600&channel=42dc97&from=info.php%3Fid%3D73426-2065%26name%3DP3%E5%80%8D+1%E6%97%A5%E9%99%90%E5%AE%9A%E2%98%85%E3%82%BB%E3%83%BC%E3%83%AB%E5%AF%BE%E8%B1%A1%E2%98%85%E3%83%A9%E3%83%B3%E3%83%89%E3%82%AF%E3%83%AB%E3%83%BC%E3%82%B6%E3%83%BC+300%E7%B3%BB+7%E4%BA%BA%E4%B9%97+%E3%83%A9%E3%82%B2%E3%83%83%E3%82%B8%E3%83%9E%E3%83%83%E3%83%88%E3%80%90C2000%E3%80%91%28NEW%E3%83%97%E3%83%AC%E3%83%9F%E3%82%A2%E3%83%A0%29%E3%83%88%E3%83%A9%E3%83%B3%E3%82%AF+%E3%82%AB%E3%83%BC%E3%82%B4%E3%83%9E%E3%83%83%E3%83%88+%E3%82%AB%E3%83%BC%E3%83%9E%E3%83%83%E3%83%88+%E3%82%AB%E3%83%BC%E7%94%A8%E5%93%81+%E5%86%85%E8%A3%85%E3%83%91%E3%83%BC%E3%83%84+%E9%80%81%E6%96%99%E7%84%A1%E6%96%99 HTTP/1.1" 200 57204 "-" "Mozilla/5.0 (Linux; Android 6.0.1; Nexus 5X Build/MMB29P) AppleWebKit/537.36 (KHTML, like Gecko) Chrome/135.0.7049.95 Mobile Safari/537.36 (compatible; Googlebot/2.1; +http://www.google.com/bot.html)"
66.249.73.129 - - [29/Apr/2025:17:12:00 -0400] "GET /?o=17038183436810&channel=4051a0&from=product.php%3Fid%3D1834368-18888%26name%3DK2+%E3%82%B9%E3%82%AD%E3%83%BC+%E6%9D%BF+%2B+%E3%83%9E%E3%83%BC%E3%82%AB%E3%83%BC+%E3%83%93%E3%83%B3%E3%83%87%E3%82%A3%E3%83%B3%E3%82%B0%E3%80%80160cm HTTP/1.1" 200 52569 "-" "Mozilla/5.0 (Linux; Android 6.0.1; Nexus 5X Build/MMB29P) AppleWebKit/537.36 (KHTML, like Gecko) Chrome/135.0.7049.95 Mobile Safari/537.36 (compatible; Googlebot/2.1; +http://www.google.com/bot.html)"
172.190.230.70 - - [29/Apr/2025:17:12:02 -0400] "GET /wp-content/uploads/2023/11/BOCORAN-TOGEL-SINGAPORE-14-150x150.png HTTP/1.1" 200 0 "-" "Mozilla/5.0 (Windows NT 10.0; Win64; x64) AppleWebKit/537.36 (KHTML, like Gecko) Chrome/109.0.0.0 Safari/537.36"
172.190.230.70 - - [29/Apr/2025:17:12:02 -0400] "GET /wp-content/uploads/2023/11/BOCORAN-TOGEL-SINGAPORE-14-150x150.png HTTP/1.1" 200 0 "-" "Mozilla/5.0 (Windows NT 10.0; Win64; x64) AppleWebKit/537.36 (KHTML, like Gecko) Chrome/109.0.0.0 Safari/537.36"
172.190.230.70 - - [29/Apr/2025:17:12:03 -0400] "GET /wp-content/uploads/2023/11/BOCORAN-TOGEL-SINGAPORE-14-150x150.png HTTP/1.1" 200 0 "-" "Mozilla/5.0 (Windows NT 10.0; Win64; x64) AppleWebKit/537.36 (KHTML, like Gecko) Chrome/109.0.0.0 Safari/537.36"
66.249.73.128 - - [29/Apr/2025:17:12:04 -0400] "GET /?o=29089169283401&channel=70936d&from=goods.php%3Fid%3D1692834-11379%26name%3D%E3%83%90%E3%82%A4%E3%83%B3%E3%83%89%E3%83%8D%E3%83%83%E3%82%AF%E3%83%AF%E3%83%B3%E3%83%94%E3%83%BC%E3%82%B9 HTTP/1.1" 200 53746 "-" "Mozilla/5.0 (Linux; Android 6.0.1; Nexus 5X Build/MMB29P) AppleWebKit/537.36 (KHTML, like Gecko) Chrome/135.0.7049.95 Mobile Safari/537.36 (compatible; Googlebot/2.1; +http://www.google.com/bot.html)"
66.249.73.128 - - [29/Apr/2025:17:12:10 -0400] "GET /?o=48385112343001&channel=0df0c5&from=form.php%3Fid%3D1123430-1762%26name%3Dkkk%E6%A7%98%E3%80%80%E3%82%BB%E3%83%83%E3%83%88%E5%BE%A1%E8%B3%BC%E5%85%A5%E3%80%80%E3%80%80%E6%96%B0%E5%93%81%E3%80%80%E3%82%AA%E3%83%BC%E3%83%90%E3%83%AB%E3%82%AF%E3%83%AD%E3%82%B9%E3%80%80%E3%83%98%E3%82%A2%E3%82%B4%E3%83%A0%E3%80%80silver925 HTTP/1.1" 200 53187 "-" "Mozilla/5.0 (Linux; Android 6.0.1; Nexus 5X Build/MMB29P) AppleWebKit/537.36 (KHTML, like Gecko) Chrome/135.0.7049.95 Mobile Safari/537.36 (compatible; Googlebot/2.1; +http://www.google.com/bot.html)"
66.249.73.128 - - [29/Apr/2025:17:12:18 -0400] "GET /?o=96211195948501&channel=4a25aa&from=brands.php%3Fid%3D1959485-2667%26name%3D%E3%82%AD%E3%83%83%E3%82%BA%E3%83%95%E3%82%A9%E3%83%B32%E3%80%80901SI HTTP/1.1" 200 51554 "-" "Mozilla/5.0 (Linux; Android 6.0.1; Nexus 5X Build/MMB29P) AppleWebKit/537.36 (KHTML, like Gecko) Chrome/135.0.7049.95 Mobile Safari/537.36 (compatible; Googlebot/2.1; +http://www.google.com/bot.html)"
66.249.73.128 - - [29/Apr/2025:17:12:21 -0400] "GET /?o=5926769118506&channel=db522a&from=news.php%3Fid%3D691185-19653%26name%3D%E3%82%AE%E3%82%BF%E3%83%BC%E3%83%94%E3%83%83%E3%82%AF%E3%82%AC%E3%83%BC%E3%83%89+Fits+Japan+Jazzmaster+PAF+Pickups+No+Rhythm+Control+Styl HTTP/1.1" 200 54474 "-" "Mozilla/5.0 (Linux; Android 6.0.1; Nexus 5X Build/MMB29P) AppleWebKit/537.36 (KHTML, like Gecko) Chrome/135.0.7049.114 Mobile Safari/537.36 (compatible; Googlebot/2.1; +http://www.google.com/bot.html)"
66.249.73.128 - - [29/Apr/2025:17:12:29 -0400] "GET /?o=78937198951404&channel=bab333&from=blog.php%3Fid%3D1989514-29423%26name%3D%E7%87%83%E6%96%99%E3%82%BF%E3%83%B3%E3%82%AF%E3%82%B9%E3%82%A4%E3%83%83%E3%83%81+%E3%82%AA%E3%83%BC%E3%83%88%E3%83%90%E3%82%A4%E3%82%AC%E3%82%B9%E7%87%83%E6%96%99%E3%83%90%E3%83%AB%E3%83%96%E3%82%AA%E3%82%A4%E3%83%AB%E3%82%BF%E3%83%B3%E3%82%AF%E3%82%B9%E3%82%A4%E3%83%83%E3%83%81%E3%83%9A%E3%83%83%E3%83%88%E3%82%B3%E3%83%83%E3%82%AF%E3%82%B3%E3%83%83%E3%82%AF%E3%82%BF%E3%83%83%E3%83%97%E3%82%B9%E3%82%BA%E3%82%ADDRZ400+DR-Z400S+200 HTTP/1.1" 200 52926 "-" "Mozilla/5.0 (Linux; Android 6.0.1; Nexus 5X Build/MMB29P) AppleWebKit/537.36 (KHTML, like Gecko) Chrome/135.0.7049.95 Mobile Safari/537.36 (compatible; Googlebot/2.1; +http://www.google.com/bot.html)"
66.249.73.128 - - [29/Apr/2025:17:12:38 -0400] "GET /?o=0977748841803&channel=f633d9&from=blog.php%3Fid%3D488418-84%26name%3D%E2%98%85%E3%83%96%E3%83%AA%E3%83%82%E3%82%B9%E3%83%88%E3%83%B3+BLIZZAK+VRX2%E2%98%85165%2F55R15+75Q%E2%98%85%E6%96%B0%E5%93%81%E3%83%BB%E6%9C%AA%E4%BD%BF%E7%94%A8+2021%E5%B9%B4%E8%A3%BD+2%E6%9C%AC%E4%BE%A1%E6%A0%BC+%E3%82%B9%E3%82%BF%E3%83%83%E3%83%89%E3%83%AC%E3%82%B9%E3%80%90%E7%A6%8F%E5%B3%B6%E7%99%BA+%E9%80%81%E6%96%99%E7%84%A1%E6%96%99%E3%80%91FUK-BS0958%E2%98%85%E5%86%AC HTTP/1.1" 200 55738 "-" "Mozilla/5.0 (Linux; Android 6.0.1; Nexus 5X Build/MMB29P) AppleWebKit/537.36 (KHTML, like Gecko) Chrome/135.0.7049.95 Mobile Safari/537.36 (compatible; Googlebot/2.1; +http://www.google.com/bot.html)"
66.249.73.129 - - [29/Apr/2025:17:12:43 -0400] "GET /?o=001087103204&channel=fd459c&from=pin.php%3Fid%3D71032-1585%26name%3D%E3%80%904ic2937%E3%80%91%E3%83%AB%E3%82%A4%E3%83%B4%E3%82%A3%E3%83%88%E3%83%B3+%E3%82%B7%E3%83%A7%E3%83%AB%E3%83%80%E3%83%BC%E3%83%90%E3%83%83%E3%82%B0%2F%E3%83%A2%E3%83%8E%E3%82%B0%E3%83%A9%E3%83%A0%2F%E3%83%A1%E3%83%83%E3%82%BB%E3%83%B3%E3%82%B8%E3%83%A3%E3%83%BCMM%E3%83%9C%E3%83%96%E3%83%BC%E3%83%AB%2FM97038%2F%E3%83%96%E3%83%A9%E3%82%A6%E3%83%B3%E3%80%90%E4%B8%AD%E5%8F%A4%E3%80%91%E3%83%A1%E3%83%B3%E3%82%BA%2F%E3%83%AC%E3%83%87%E3%82%A3%E3%83%BC%E3%82%B9%2F%E3%83%A6%E3%83%8B%E3%82%BB%E3%83%83%E3%82%AF%E3%82%B9 HTTP/1.1" 200 54112 "-" "Mozilla/5.0 (Linux; Android 6.0.1; Nexus 5X Build/MMB29P) AppleWebKit/537.36 (KHTML, like Gecko) Chrome/135.0.7049.95 Mobile Safari/537.36 (compatible; Googlebot/2.1; +http://www.google.com/bot.html)"
66.249.73.128 - - [29/Apr/2025:17:12:47 -0400] "GET /?o=9713635512003&channel=f78825&from=info.php%3Fid%3D355120-14416%26name%3D%E3%82%BB%E3%83%AB%E3%83%A2%E3%83%BC%E3%82%BF%E3%83%BC+%E3%82%AA%E3%83%BC%E3%83%88%E3%83%90%E3%82%A4%E3%82%B9%E3%82%BF%E3%83%BC%E3%82%BF%E3%83%BC%E3%83%A2%E3%83%BC%E3%82%BF%E3%83%BC+%E7%94%A8CB250F%2F%E7%94%A8CBR250F+%E3%83%84%E3%82%A4%E3%82%B9%E3%82%BF%E3%83%BC+2015+2016+2017+2018+2 HTTP/1.1" 200 53607 "-" "Mozilla/5.0 (Linux; Android 6.0.1; Nexus 5X Build/MMB29P) AppleWebKit/537.36 (KHTML, like Gecko) Chrome/135.0.7049.95 Mobile Safari/537.36 (compatible; Googlebot/2.1; +http://www.google.com/bot.html)"
66.249.73.128 - - [29/Apr/2025:17:12:54 -0400] "GET /?o=97905165145205&channel=08e008&from=info.php%3Fid%3D1651452-5090%26name%3D%E3%82%AD%E3%83%83%E3%83%81%E3%83%B3+%E9%A4%83%E5%AD%90+%E3%83%A1%E3%83%BC%E3%82%AB%E3%83%BC+19%E7%A9%B4+%E7%94%9F%E5%9C%B0+%E3%83%97%E3%83%AC%E3%82%B9+DIY+%E3%83%A9%E3%83%93%E3%82%AA%E3%83%AA+%E3%83%A9%E3%83%83%E3%83%91%E3%83%BC%E5%9E%8B+%E6%89%8B%E5%8B%95+%E3%83%9B%E3%83%BC%E3%83%A0+%E3%82%AD%E3%83%83%E3%83%81%E3%83%B3+%E3%82%A8%E3%83%B3%E3%83%91%E3%83%8A%E3%83%BC%E3%83%80%E5%9E%8B+%E7%B4%A0%E6%97%A9%E3%81%8F%E8%AA%BF%E7%90%86%E3%83%84%E3%83%BC HTTP/1.1" 200 54777 "-" "Mozilla/5.0 (Linux; Android 6.0.1; Nexus 5X Build/MMB29P) AppleWebKit/537.36 (KHTML, like Gecko) Chrome/135.0.7049.95 Mobile Safari/537.36 (compatible; Googlebot/2.1; +http://www.google.com/bot.html)"
66.249.73.129 - - [29/Apr/2025:17:13:01 -0400] "GET /?o=1029113583602&channel=351b88&from=goods.php%3Fid%3D135836-6662%26name%3DHKS%E3%82%A8%E3%82%AD%E3%83%9E%E3%83%8B%E3%80%8086+BRZ HTTP/1.1" 200 53518 "-" "Mozilla/5.0 (Linux; Android 6.0.1; Nexus 5X Build/MMB29P) AppleWebKit/537.36 (KHTML, like Gecko) Chrome/135.0.7049.95 Mobile Safari/537.36 (compatible; Googlebot/2.1; +http://www.google.com/bot.html)"
66.249.73.129 - - [29/Apr/2025:17:13:08 -0400] "GET /?o=80158147261900&channel=f04a1b&from=jp.php%3Fid%3D1472619-8081%26name%3D%E3%82%A2%E3%83%AB%E3%83%9F%E3%83%96%E3%83%AA%E3%83%83%E3%82%B8+%E6%97%A5%E8%BB%BD+1.5%E3%83%88%E3%83%B3%281.5t%29+%E3%83%99%E3%83%AD%E5%BC%8F%E3%83%95%E3%83%83%E3%82%AF+%E5%85%A8%E9%95%B72850%2F%E6%9C%89%E5%8A%B9%E5%B9%85300%28mm%29%E3%80%90PXF15-270-30%E3%80%91+2%E6%9C%AC+%E7%B5%84 HTTP/1.1" 200 52963 "-" "Mozilla/5.0 (Linux; Android 6.0.1; Nexus 5X Build/MMB29P) AppleWebKit/537.36 (KHTML, like Gecko) Chrome/135.0.7049.95 Mobile Safari/537.36 (compatible; Googlebot/2.1; +http://www.google.com/bot.html)"
66.249.73.128 - - [29/Apr/2025:17:13:15 -0400] "GET /?o=06971174218201&channel=efa147&from=goods.php%3Fid%3D1742182-5276%26name%3Dthsgrt+28%E6%9C%AC%E7%88%AA%E3%82%A2%E3%82%A4%E3%82%BC%E3%83%B3+23.5cm%E3%80%9C25.9cm%E2%91%A1 HTTP/1.1" 200 53216 "-" "Mozilla/5.0 (Linux; Android 6.0.1; Nexus 5X Build/MMB29P) AppleWebKit/537.36 (KHTML, like Gecko) Chrome/135.0.7049.95 Mobile Safari/537.36 (compatible; Googlebot/2.1; +http://www.google.com/bot.html)"
172.190.230.70 - - [29/Apr/2025:17:13:16 -0400] "GET /wp-content/uploads/2023/11/BOCORAN-TOGEL-TOTO-MACAU-23.00-5.jpg HTTP/1.1" 200 0 "-" "Mozilla/5.0 (Windows NT 10.0; Win64; x64) AppleWebKit/537.36 (KHTML, like Gecko) Chrome/109.0.0.0 Safari/537.36"
172.190.230.70 - - [29/Apr/2025:17:13:16 -0400] "GET /wp-content/uploads/2023/11/BOCORAN-TOGEL-TOTO-MACAU-23.00-5.jpg HTTP/1.1" 200 0 "-" "Mozilla/5.0 (Windows NT 10.0; Win64; x64) AppleWebKit/537.36 (KHTML, like Gecko) Chrome/109.0.0.0 Safari/537.36"
172.190.230.70 - - [29/Apr/2025:17:13:17 -0400] "GET /wp-content/uploads/2023/11/BOCORAN-TOGEL-TOTO-MACAU-23.00-5.jpg HTTP/1.1" 200 0 "-" "Mozilla/5.0 (Windows NT 10.0; Win64; x64) AppleWebKit/537.36 (KHTML, like Gecko) Chrome/109.0.0.0 Safari/537.36"
172.190.230.70 - - [29/Apr/2025:17:13:25 -0400] "GET /wp-content/uploads/2023/11/BOCORAN-TOGEL-TOTO-MACAU-22.00-19-150x150.jpg HTTP/1.1" 200 0 "-" "Mozilla/5.0 (Windows NT 10.0; Win64; x64) AppleWebKit/537.36 (KHTML, like Gecko) Chrome/109.0.0.0 Safari/537.36"
66.249.73.128 - - [29/Apr/2025:17:13:25 -0400] "GET /?o=31085167723303&channel=26f18c&from=info.php%3Fid%3D1677233-9427%26name%3D%E3%80%90%E6%96%B0%E7%9D%80%E5%95%86%E5%93%81%E3%80%9166318+%E3%83%9E%E3%82%A4%E3%82%AF%E3%83%AD%E3%82%B9%E3%83%88%E3%83%AA%E3%83%BC%E3%83%A0+LED%E3%83%A9%E3%82%A4%E3%83%88+%E3%82%B9%E3%83%88%E3%83%AA%E3%83%BC%E3%83%A0%E3%83%A9%E3%82%A4%E3%83%88 HTTP/1.1" 200 53024 "-" "Mozilla/5.0 (Linux; Android 6.0.1; Nexus 5X Build/MMB29P) AppleWebKit/537.36 (KHTML, like Gecko) Chrome/135.0.7049.95 Mobile Safari/537.36 (compatible; Googlebot/2.1; +http://www.google.com/bot.html)"
172.190.230.70 - - [29/Apr/2025:17:13:25 -0400] "GET /wp-content/uploads/2023/11/BOCORAN-TOGEL-TOTO-MACAU-22.00-19-150x150.jpg HTTP/1.1" 200 0 "-" "Mozilla/5.0 (Windows NT 10.0; Win64; x64) AppleWebKit/537.36 (KHTML, like Gecko) Chrome/109.0.0.0 Safari/537.36"
66.249.73.128 - - [29/Apr/2025:17:13:26 -0400] "GET /?o=6890713954114&channel=391c02&from=product.php%3Fid%3D139541-1802%26name%3DS.YAIRI+%E3%83%A4%E3%82%A4%E3%83%AA++YD-305+SADA.YAIRI+NAGOYA HTTP/1.1" 200 54180 "-" "Mozilla/5.0 (Linux; Android 6.0.1; Nexus 5X Build/MMB29P) AppleWebKit/537.36 (KHTML, like Gecko) Chrome/135.0.7049.95 Mobile Safari/537.36 (compatible; Googlebot/2.1; +http://www.google.com/bot.html)"
172.190.230.70 - - [29/Apr/2025:17:13:26 -0400] "GET /wp-content/uploads/2023/11/BOCORAN-TOGEL-TOTO-MACAU-22.00-19-150x150.jpg HTTP/1.1" 200 0 "-" "Mozilla/5.0 (Windows NT 10.0; Win64; x64) AppleWebKit/537.36 (KHTML, like Gecko) Chrome/109.0.0.0 Safari/537.36"
66.249.73.128 - - [29/Apr/2025:17:13:33 -0400] "GET /?o=8140276420500&channel=fa4308&from=product.php%3Fid%3D764205-6740%26name%3D%E2%98%85%E3%80%903%3A+%E3%83%A1%E3%82%AC%E3%83%8D%E3%82%AB%E3%82%A4%E3%83%9E%E3%83%B3+%E3%80%91+%E3%81%A6%E3%81%AE%E3%82%8A%E3%83%95%E3%83%AC%E3%83%B3%E3%82%BA8+%E2%98%85%E6%9C%AA%E4%BD%BF%E7%94%A8%E2%98%85%E2%98%85%E6%A4%9C%E7%B4%A2%3A%E3%81%A6%E3%81%AE%E3%82%8A%E3%83%95%E3%83%AC%E3%83%B3%E3%82%BA1R245679%E5%85%A8810112%E7%A8%AE%E2%98%85%E3%81%82%E3%82%8A%E2%98%85 HTTP/1.1" 200 54000 "-" "Mozilla/5.0 (Linux; Android 6.0.1; Nexus 5X Build/MMB29P) AppleWebKit/537.36 (KHTML, like Gecko) Chrome/135.0.7049.114 Mobile Safari/537.36 (compatible; Googlebot/2.1; +http://www.google.com/bot.html)"
66.249.73.128 - - [29/Apr/2025:17:13:35 -0400] "GET /?o=91799125402002&channel=2a1885&from=shop.php%3Fid%3D1254020-2162%26name%3D%E3%83%AB%E3%82%A4%E3%83%B4%E3%82%A3%E3%83%88%E3%83%B3%E3%80%80%E3%82%B9%E3%83%86%E3%83%A9%E3%83%BC%E3%83%A9%E3%82%A4%E3%83%B3%E3%80%80%E3%83%A2%E3%83%8E%E3%82%B0%E3%83%A9%E3%83%A0%E3%80%80%E3%83%AD%E3%83%BC%E3%82%AB%E3%83%83%E3%83%88%E3%80%80%E3%82%B9%E3%83%8B%E3%83%BC%E3%82%AB%E3%83%BC%E3%80%80%E3%82%B9%E3%83%AA%E3%83%83%E3%83%9D%E3%83%B3%E3%80%80%E9%9D%B4 HTTP/1.1" 200 54028 "-" "Mozilla/5.0 (Linux; Android 6.0.1; Nexus 5X Build/MMB29P) AppleWebKit/537.36 (KHTML, like Gecko) Chrome/135.0.7049.95 Mobile Safari/537.36 (compatible; Googlebot/2.1; +http://www.google.com/bot.html)"
66.249.73.129 - - [29/Apr/2025:17:13:40 -0400] "GET /?o=98521131021206&channel=1e31c5&from=product.php%3Fid%3D1310212-13816%26name%3D%E8%BB%8A%E7%94%A8%E3%82%A6%E3%82%A3%E3%83%B3%E3%83%89%E3%82%A6%E3%83%87%E3%82%A3%E3%83%95%E3%83%AC%E3%82%AF%E3%82%BF%E3%83%BC+%E6%97%A5%E7%94%A3+%E3%83%91%E3%82%B9%E3%83%95%E3%82%A1%E3%82%A4%E3%83%B3%E3%83%80%E3%83%BC+%E3%83%86%E3%83%A9%E3%83%8E+R50+1996+1997+1998+1999+2000+2001+2 HTTP/1.1" 200 54872 "-" "Mozilla/5.0 (Linux; Android 6.0.1; Nexus 5X Build/MMB29P) AppleWebKit/537.36 (KHTML, like Gecko) Chrome/135.0.7049.95 Mobile Safari/537.36 (compatible; Googlebot/2.1; +http://www.google.com/bot.html)"
66.249.73.129 - - [29/Apr/2025:17:13:48 -0400] "GET /?o=4050983458302&channel=f199a8&from=blog.php%3Fid%3D834583-8441%26name%3DSEVSO+%E5%A4%A7%E5%9E%8B%E3%82%AC%E3%83%BC%E3%83%87%E3%83%B3%E3%82%A2%E3%83%BC%E3%83%81%E3%80%81%E3%82%A8%E3%82%AF%E3%82%B9%E3%83%88%E3%83%A9%E3%83%AF%E3%82%A4%E3%83%89300%2F350cm%E3%82%AC%E3%83%BC%E3%83%87%E3%83%B3%E3%82%A2%E3%83%BC%E3%83%90%E3%83%BC%E3%82%A2%E3%83%BC%E3%83%81%E3%80%81%E3%83%90%E3%83%A9%E3%81%A4%E3%82%8B%E6%A4%8D%E7%89%A9%E3%82%B5%E3%83%9D%E3%83%BC%E3%83%88%E3%82%A6%E3%82%A7%E3%83%87%E3%82%A3%E3%83%B3%E3%82%B0%E3%82%A2%E3%83%BC%E3%83%81%E3%82%A8%E3%82%AF HTTP/1.1" 200 53579 "-" "Mozilla/5.0 (Linux; Android 6.0.1; Nexus 5X Build/MMB29P) AppleWebKit/537.36 (KHTML, like Gecko) Chrome/135.0.7049.95 Mobile Safari/537.36 (compatible; Googlebot/2.1; +http://www.google.com/bot.html)"
66.249.73.128 - - [29/Apr/2025:17:13:59 -0400] "GET /?o=0337327097110&channel=01d0e9&from=brands.php%3Fid%3D270971-368%26name%3DYAMAHA+%E3%83%A4%E3%83%9E%E3%83%8F+TRBX304+%E3%83%99%E3%83%BC%E3%82%B9+%E5%88%9D%E5%BF%83%E8%80%8512%E7%82%B9%E3%82%BB%E3%83%83%E3%83%88+%E3%80%94%E3%83%9F%E3%83%8B%E3%82%A2%E3%83%B3%E3%83%97%E4%BB%98%E3%80%95 HTTP/1.1" 200 52232 "-" "Mozilla/5.0 (Linux; Android 6.0.1; Nexus 5X Build/MMB29P) AppleWebKit/537.36 (KHTML, like Gecko) Chrome/135.0.7049.95 Mobile Safari/537.36 (compatible; Googlebot/2.1; +http://www.google.com/bot.html)"
66.249.73.128 - - [29/Apr/2025:17:14:08 -0400] "GET /?o=98710144346802&channel=680a4d&from=info.php%3Fid%3D1443468-10145%26name%3DGMGO31%E2%97%8B%E3%83%88%E3%83%AB%E3%82%B3+Kayseri+%E3%82%AB%E3%82%A4%E3%82%BB%E3%83%AA%E7%94%A3+%E3%82%AA%E3%83%BC%E3%83%AB%E3%83%89%E3%82%AD%E3%83%AA%E3%83%A0+1970%E5%B9%B4%E4%BB%A3 HTTP/1.1" 200 52904 "-" "Mozilla/5.0 (Linux; Android 6.0.1; Nexus 5X Build/MMB29P) AppleWebKit/537.36 (KHTML, like Gecko) Chrome/135.0.7049.95 Mobile Safari/537.36 (compatible; Googlebot/2.1; +http://www.google.com/bot.html)"
66.249.73.130 - - [29/Apr/2025:17:14:09 -0400] "GET /?o=8080720019002&channel=b0e81a&from=jp.php%3Fid%3D200190-362%26name%3DGibson+USA+%2F+Les+Paul+Special+TV+Yellow+%E3%82%AE%E3%83%96%E3%82%BD%E3%83%B3+%E3%83%AC%E3%82%B9%E3%83%9D%E3%83%BC%E3%83%AB+%E3%82%B9%E3%83%9A%E3%82%B7%E3%83%A3%E3%83%AB+%E3%82%A8%E3%83%AC%E3%82%AD%E3%82%AE%E3%82%BF%E3%83%BC%28%E6%B8%8B%E8%B0%B7%E5%BA%97%29%28YRK%29 HTTP/1.1" 200 52669 "-" "Mozilla/5.0 (Linux; Android 6.0.1; Nexus 5X Build/MMB29P) AppleWebKit/537.36 (KHTML, like Gecko) Chrome/135.0.7049.95 Mobile Safari/537.36 (compatible; Googlebot/2.1; +http://www.google.com/bot.html)"
66.249.73.130 - - [29/Apr/2025:17:14:10 -0400] "GET /?o=79905171367504&channel=cbc8bb&from=shared.php%3Fid%3D1713675-14402%26name%3D%5BPochY%5D+T%E3%83%90%E3%83%83%E3%82%AF%E3%82%B7%E3%83%A7%E3%83%BC%E3%83%84+%E3%83%9E%E3%83%AA%E3%83%95%E3%82%A1%E3%83%8A%E6%9F%84+%E3%83%AC%E3%83%87%E3%82%A3%E3%83%BC%E3%82%B9+%E3%82%A4%E3%83%B3%E3%83%8A%E3%83%BC+G%E3%82%B9%E3%83%88%E3%83%AA%E3%83%B3%E3%82%B0+%E4%B8%89%E8%A7%92%E3%83%91%E3%83%B3%E3%83%84+%E3%83%91%E3%83%B3%E3%83%86%E3%82%A3%E3%83%BC+%E4%B8%8B%E7%9D%80+%E3%81%B2%E3%82%93%E3%82%84%E3%82%8A+%E3%83%95%E3%82%A7%E3%83%9F%E3%83%8B HTTP/1.1" 200 52498 "-" "Mozilla/5.0 (Linux; Android 6.0.1; Nexus 5X Build/MMB29P) AppleWebKit/537.36 (KHTML, like Gecko) Chrome/135.0.7049.95 Mobile Safari/537.36 (compatible; Googlebot/2.1; +http://www.google.com/bot.html)"
66.249.73.128 - - [29/Apr/2025:17:14:17 -0400] "GET /?o=6506813791006&channel=2974ce&from=article.php%3Fid%3D137910-8617%26name%3D%E3%82%A2%E3%82%A4%E3%82%AB%E3%83%84%21%E3%82%AB%E3%83%BC%E3%83%89%E3%80%80%E3%83%89%E3%83%AC%E3%82%B98%E6%9E%9A%E3%82%BB%E3%83%83%E3%83%88 HTTP/1.1" 200 52906 "-" "Mozilla/5.0 (Linux; Android 6.0.1; Nexus 5X Build/MMB29P) AppleWebKit/537.36 (KHTML, like Gecko) Chrome/135.0.7049.95 Mobile Safari/537.36 (compatible; Googlebot/2.1; +http://www.google.com/bot.html)"
66.249.73.128 - - [29/Apr/2025:17:14:23 -0400] "GET /?o=28294170881600&channel=9f69e2&from=jp.php%3Fid%3D1708816-1611%26name%3D%E3%80%90%E9%8A%80%E9%96%A3%E3%80%91%E4%B8%AD%E5%9B%BD%E7%BE%8E%E8%A1%93+%E7%8E%89%E7%9F%B3+%E5%88%BB+%E9%B3%A5+%E9%A3%BE+%E6%97%A7%E5%AE%B6%E8%94%B5%E5%87%BA+%E9%80%81%E6%96%99%E7%84%A1%E6%96%99%28KN42%29 HTTP/1.1" 200 55860 "-" "Mozilla/5.0 (Linux; Android 6.0.1; Nexus 5X Build/MMB29P) AppleWebKit/537.36 (KHTML, like Gecko) Chrome/135.0.7049.95 Mobile Safari/537.36 (compatible; Googlebot/2.1; +http://www.google.com/bot.html)"
66.249.73.128 - - [29/Apr/2025:17:14:29 -0400] "GET /?o=0089952380412&channel=65810a&from=news.php%3Fid%3D523804-17367%26name%3DMicrosoft+Surfac+Laptop+DAG-00059+13.5%E5%9E%8B HTTP/1.1" 200 52314 "-" "Mozilla/5.0 (Linux; Android 6.0.1; Nexus 5X Build/MMB29P) AppleWebKit/537.36 (KHTML, like Gecko) Chrome/135.0.7049.95 Mobile Safari/537.36 (compatible; Googlebot/2.1; +http://www.google.com/bot.html)"
172.190.230.70 - - [29/Apr/2025:17:14:33 -0400] "GET /wp-content/uploads/2023/11/BOCORAN-TOGEL-BEIJING-18-150x150.jpg HTTP/1.1" 200 0 "-" "Mozilla/5.0 (Windows NT 10.0; Win64; x64) AppleWebKit/537.36 (KHTML, like Gecko) Chrome/109.0.0.0 Safari/537.36"
172.190.230.70 - - [29/Apr/2025:17:14:34 -0400] "GET /wp-content/uploads/2023/11/BOCORAN-TOGEL-BEIJING-18-150x150.jpg HTTP/1.1" 200 0 "-" "Mozilla/5.0 (Windows NT 10.0; Win64; x64) AppleWebKit/537.36 (KHTML, like Gecko) Chrome/109.0.0.0 Safari/537.36"
172.190.230.70 - - [29/Apr/2025:17:14:34 -0400] "GET /wp-content/uploads/2023/11/BOCORAN-TOGEL-BEIJING-18-150x150.jpg HTTP/1.1" 200 0 "-" "Mozilla/5.0 (Windows NT 10.0; Win64; x64) AppleWebKit/537.36 (KHTML, like Gecko) Chrome/109.0.0.0 Safari/537.36"
66.249.73.128 - - [29/Apr/2025:17:14:35 -0400] "GET /?o=74854171974800&channel=01c201&from=pin.php%3Fid%3D1719748-27876%26name%3D50th+%E3%83%AD%E3%83%BC%E3%82%BA%E3%82%B4%E3%83%BC%E3%83%AB%E3%83%89+%E8%AA%95%E7%94%9F%E6%97%A5%E3%83%91%E3%83%BC%E3%83%86%E3%82%A3%E3%83%BC%E3%83%87%E3%82%B3%E3%83%AC%E3%83%BC%E3%82%B7%E3%83%A7%E3%83%B3+%E5%A5%B3%E6%80%A7%E7%94%A8+Cheers+to+50+Years+%E3%83%90%E3%83%8A%E3%83%BC+32%E3%82%A4%E3%83%B3%E3%83%81+%E6%95%B0%E5%AD%97+5 HTTP/1.1" 200 54311 "-" "Mozilla/5.0 (Linux; Android 6.0.1; Nexus 5X Build/MMB29P) AppleWebKit/537.36 (KHTML, like Gecko) Chrome/135.0.7049.95 Mobile Safari/537.36 (compatible; Googlebot/2.1; +http://www.google.com/bot.html)"
66.249.73.129 - - [29/Apr/2025:17:14:43 -0400] "GET /?o=76891179123805&channel=bc97fd&from=article.php%3Fid%3D1791238-8429%26name%3D%E3%83%84%E3%83%BC%E3%83%AB%E3%82%AA%E3%83%BC%E3%82%AC%E3%83%8A%E3%82%A4%E3%82%B6%E3%83%BC%E3%83%9C%E3%83%83%E3%82%AF%E3%82%B9%E3%80%81%E3%83%84%E3%83%BC%E3%83%AB%E3%82%AA%E3%83%BC%E3%82%AC%E3%83%8A%E3%82%A4%E3%82%B6%E3%83%BC%E3%81%8A%E3%82%88%E3%81%B3%E3%82%B9%E3%83%88%E3%83%AC%E3%83%BC%E3%82%B8+-+3%E5%B1%A4%E9%98%B2%E6%B0%B4%E6%8A%98%E3%82%8A%E3%81%9F%E3%81%9F%E3%81%BF%E3%83%8F%E3%83%BC%E3%83%89%E3%82%A6%E3%82%A7%E3%82%A2%E3%83%84%E3%83%BC%E3%83%AB%E3%82%B9%E3%83%88%E3%83%AC%E3%83%BC%E3%82%B8+-+%E9%A0%91%E4%B8%88%E3%81%AA%E5%A4%9A HTTP/1.1" 200 54312 "-" "Mozilla/5.0 (Linux; Android 6.0.1; Nexus 5X Build/MMB29P) AppleWebKit/537.36 (KHTML, like Gecko) Chrome/135.0.7049.95 Mobile Safari/537.36 (compatible; Googlebot/2.1; +http://www.google.com/bot.html)"
66.249.73.129 - - [29/Apr/2025:17:14:48 -0400] "GET /?o=91277134025402&channel=f3448f&from=category-info.php%3Fid%3D1340254-8142%26name%3D%E3%83%97%E3%83%AD%E3%81%AE%E6%95%B4%E5%82%99%E6%B8%88%E3%80%80KENWOOD+KT-1100D HTTP/1.1" 200 52325 "-" "Mozilla/5.0 (Linux; Android 6.0.1; Nexus 5X Build/MMB29P) AppleWebKit/537.36 (KHTML, like Gecko) Chrome/135.0.7049.95 Mobile Safari/537.36 (compatible; Googlebot/2.1; +http://www.google.com/bot.html)"
66.249.73.128 - - [29/Apr/2025:17:14:55 -0400] "GET /?o=2262951837005&channel=e5aded&from=product.php%3Fid%3D518370-16836%26name%3D%E3%82%A8%E3%83%AB%E3%83%A1%E3%82%B9+HERMES+%E3%83%81%E3%83%A3%E3%83%BC%E3%83%A0+%E3%82%B8%E3%83%BC%E3%82%B8%E3%83%BC+%E3%82%AB%E3%83%9E%E3%82%A4%E3%83%A6+%E3%82%B9%E3%83%88%E3%83%A9%E3%83%83%E3%83%97++%E3%83%90%E3%83%83%E3%82%B0%E3%83%81%E3%83%A3%E3%83%BC%E3%83%A0+%E3%82%A2%E3%83%8B%E3%83%A7%E3%83%BC%E3%83%9F%E3%83%AD+Z%E5%88%BB+%E3%83%A9%E3%82%A4%E3%83%88%E3%83%96%E3%83%AB%E3%83%BC+%E7%BE%8E%E5%93%81 HTTP/1.1" 200 52897 "-" "Mozilla/5.0 (Linux; Android 6.0.1; Nexus 5X Build/MMB29P) AppleWebKit/537.36 (KHTML, like Gecko) Chrome/135.0.7049.95 Mobile Safari/537.36 (compatible; Googlebot/2.1; +http://www.google.com/bot.html)"
66.249.73.130 - - [29/Apr/2025:17:15:00 -0400] "GET /?o=82072101332602&channel=afd1b0&from=pin.php%3Fid%3D1013326-3001%26name%3D%E3%80%90%E5%86%AC%E7%89%A9%E3%82%BB%E3%83%BC%E3%83%AB%E3%80%91AA+hardwear+%E3%83%80%E3%83%96%E3%83%AB%E3%82%A8%E3%83%BC%E3%80%80%E3%83%91%E3%83%B3%E3%83%84%E3%80%80%E3%82%B9%E3%83%8E%E3%83%BC%E3%83%9C%E3%83%BC%E3%83%89%E3%82%A6%E3%82%A7%E3%82%A2 HTTP/1.1" 200 54186 "-" "Mozilla/5.0 (Linux; Android 6.0.1; Nexus 5X Build/MMB29P) AppleWebKit/537.36 (KHTML, like Gecko) Chrome/135.0.7049.95 Mobile Safari/537.36 (compatible; Googlebot/2.1; +http://www.google.com/bot.html)"
66.249.73.128 - - [29/Apr/2025:17:15:08 -0400] "GET /?o=1028621109605&channel=374e53&from=news.php%3Fid%3D211096-10507%26name%3D%E3%82%B7%E3%83%9E%E3%83%8E%E3%80%80BAY+GAME+150+%E5%8F%B3%E3%83%8F%E3%83%B3%E3%83%89%E3%83%AB%E3%80%80%E3%83%99%E3%82%A4%E3%82%B2%E3%83%BC%E3%83%A0%E3%80%80%E6%A5%B5%E7%BE%8E%E5%93%81 HTTP/1.1" 200 51447 "-" "Mozilla/5.0 (Linux; Android 6.0.1; Nexus 5X Build/MMB29P) AppleWebKit/537.36 (KHTML, like Gecko) Chrome/135.0.7049.95 Mobile Safari/537.36 (compatible; Googlebot/2.1; +http://www.google.com/bot.html)"
66.249.73.128 - - [29/Apr/2025:17:15:16 -0400] "GET /?o=88722100752603&channel=e2e988&from=shop.php%3Fid%3D1007526-22647%26name%3D%E3%80%90%E3%81%AE%E3%81%B3%E3%82%8B%E3%80%91%E6%9D%8E%E6%9C%9D%2F%E6%9C%9D%E9%AE%AE+%E6%B0%B7%E8%A3%82%E7%B4%8B%E7%B5%84%E5%AD%90%E5%BB%BA%E5%85%B7+2%E6%9E%9A1%E7%B5%84%E3%80%80L1044Y%E3%80%80%2F%2F%E3%83%AA%E3%83%95%E3%82%A9%E3%83%BC%E3%83%A0%E6%96%B0%E7%AF%89%E5%8F%A4%E6%B0%91%E5%AE%B6%E5%BB%BA%E6%9B%BF%E5%BA%97%E8%88%97%E8%A8%AD%E8%A8%88%E5%BA%97%E8%88%97%E3%83%87%E3%82%B6%E3%82%A4%E3%83%B3%E3%83%A2%E3%83%80%E3%83%B3%E5%86%85%E8%A3%85%E9%AA%A8%E8%91%A3%E5%8F%A4%E7%8E%A9 HTTP/1.1" 200 54317 "-" "Mozilla/5.0 (Linux; Android 6.0.1; Nexus 5X Build/MMB29P) AppleWebKit/537.36 (KHTML, like Gecko) Chrome/135.0.7049.95 Mobile Safari/537.36 (compatible; Googlebot/2.1; +http://www.google.com/bot.html)"
66.249.73.128 - - [29/Apr/2025:17:15:26 -0400] "GET /?o=7899397331200&channel=ff8f92&from=info.php%3Fid%3D973312-22413%26name%3D%E3%82%B9%E3%82%A4%E3%83%9F%E3%83%B3%E3%82%B0%E3%83%97%E3%83%BC%E3%83%AB%E3%83%80%E3%82%A4%E3%83%90%E3%83%BC%E3%82%BF%E3%83%BC%E3%83%90%E3%83%AB%E3%83%96%E3%80%81%E3%83%97%E3%83%BC%E3%83%AB%E7%94%A8%E3%81%AE%E4%BA%A4%E6%8F%9B%E7%94%A8%E3%83%90%E3%83%AB%E3%83%96%E3%80%81%E6%B0%B4%E9%81%93%E7%AE%A1%E4%BA%A4%E6%8F%9B%E3%82%A2%E3%82%BB%E3%83%B3%E3%83%96%E3%83%AA%E3%80%81%E3%82%B9%E3%83%91%E7%94%A8%E3%83%97%E3%83%BC%E3%83%AB%E3%83%80%E3%82%A4%E3%83%90%E3%83%BC%E3%82%BF%E3%83%BC%E3%83%90%E3%83%AB%E3%83%96%E3%83%91%E3%82%A4%E3%83%97%E3%82%A2%E3%83%80%E3%83%97%E3%82%BF%E3%83%BC%E3%82%B3%E3%83%8D HTTP/1.1" 200 53337 "-" "Mozilla/5.0 (Linux; Android 6.0.1; Nexus 5X Build/MMB29P) AppleWebKit/537.36 (KHTML, like Gecko) Chrome/135.0.7049.95 Mobile Safari/537.36 (compatible; Googlebot/2.1; +http://www.google.com/bot.html)"
66.249.73.128 - - [29/Apr/2025:17:15:33 -0400] "GET /?o=9632948165804&channel=3f3446&from=article.php%3Fid%3D481658-800%26name%3D6.0kg+%E6%B4%97%E6%BF%AF%E6%A9%9F+2022%E5%B9%B4%E8%A3%BD+JW60WP01+%E3%83%9E%E3%82%AF%E3%82%B9%E3%82%BC%E3%83%B3+%E2%98%86+%E6%9C%AD%E5%B9%8C%E5%B8%82+%E5%8C%97%E5%8C%BA+%E5%B1%AF%E7%94%B0 HTTP/1.1" 200 52747 "-" "Mozilla/5.0 (Linux; Android 6.0.1; Nexus 5X Build/MMB29P) AppleWebKit/537.36 (KHTML, like Gecko) Chrome/135.0.7049.95 Mobile Safari/537.36 (compatible; Googlebot/2.1; +http://www.google.com/bot.html)"
172.190.230.70 - - [29/Apr/2025:17:15:35 -0400] "GET /wp-content/uploads/2023/11/BOCORAN-TOGEL-TOTO-MACAU-22.00-27-150x150.jpg HTTP/1.1" 200 0 "-" "Mozilla/5.0 (Windows NT 10.0; Win64; x64) AppleWebKit/537.36 (KHTML, like Gecko) Chrome/109.0.0.0 Safari/537.36"
172.190.230.70 - - [29/Apr/2025:17:15:36 -0400] "GET /wp-content/uploads/2023/11/BOCORAN-TOGEL-TOTO-MACAU-22.00-27-150x150.jpg HTTP/1.1" 200 0 "-" "Mozilla/5.0 (Windows NT 10.0; Win64; x64) AppleWebKit/537.36 (KHTML, like Gecko) Chrome/109.0.0.0 Safari/537.36"
172.190.230.70 - - [29/Apr/2025:17:15:36 -0400] "GET /wp-content/uploads/2023/11/BOCORAN-TOGEL-TOTO-MACAU-22.00-27-150x150.jpg HTTP/1.1" 200 0 "-" "Mozilla/5.0 (Windows NT 10.0; Win64; x64) AppleWebKit/537.36 (KHTML, like Gecko) Chrome/109.0.0.0 Safari/537.36"
66.249.73.128 - - [29/Apr/2025:17:15:41 -0400] "GET /?o=11968147921203&channel=cafa2d&from=form.php%3Fid%3D1479212-22054%26name%3D24bit%E2%98%85+%E3%82%B8%E3%83%A7%E3%83%BC%E3%83%BB%E3%83%AF%E3%82%A4%E3%83%AB%E3%83%80%E3%83%BC%2F%E3%83%AF%E3%82%A4%E3%83%AB%E3%83%80%E3%83%BC%E3%83%B3%E3%83%BB%E3%83%AF%E3%82%A4%E3%83%AB%E3%83%80%E3%83%BC+%5B%E9%99%90%E5%AE%9A+%E7%B4%99%E3%82%B8%E3%83%A3%E3%82%B1%5D%E2%98%85+Joe+Wilder%2FWILDER+%26%2339%3BN%26 HTTP/1.1" 200 54103 "-" "Mozilla/5.0 (Linux; Android 6.0.1; Nexus 5X Build/MMB29P) AppleWebKit/537.36 (KHTML, like Gecko) Chrome/135.0.7049.95 Mobile Safari/537.36 (compatible; Googlebot/2.1; +http://www.google.com/bot.html)"
172.190.230.70 - - [29/Apr/2025:17:15:45 -0400] "GET /wp-content/uploads/2023/11/BOCORAN-TOGEL-HONGKONG1-28-150x150.png HTTP/1.1" 200 0 "-" "Mozilla/5.0 (Windows NT 10.0; Win64; x64) AppleWebKit/537.36 (KHTML, like Gecko) Chrome/109.0.0.0 Safari/537.36"
172.190.230.70 - - [29/Apr/2025:17:15:46 -0400] "GET /wp-content/uploads/2023/11/BOCORAN-TOGEL-HONGKONG1-28-150x150.png HTTP/1.1" 200 0 "-" "Mozilla/5.0 (Windows NT 10.0; Win64; x64) AppleWebKit/537.36 (KHTML, like Gecko) Chrome/109.0.0.0 Safari/537.36"
172.190.230.70 - - [29/Apr/2025:17:15:46 -0400] "GET /wp-content/uploads/2023/11/BOCORAN-TOGEL-HONGKONG1-28-150x150.png HTTP/1.1" 200 0 "-" "Mozilla/5.0 (Windows NT 10.0; Win64; x64) AppleWebKit/537.36 (KHTML, like Gecko) Chrome/109.0.0.0 Safari/537.36"
66.249.73.128 - - [29/Apr/2025:17:15:47 -0400] "GET /?o=92969146836100&channel=0981d4&from=blog.php%3Fid%3D1468361-19272%26name%3DGrandeur+gs60-geogeo-kd-tb+Georgetown%E3%83%87%E3%83%83%E3%83%89%E3%83%9C%E3%83%AB%E3%83%88%E3%80%81%E3%82%B7%E3%83%B3%E3%82%B0%E3%83%AB%E5%86%86%E6%9F%B1%E3%80%81Timeless%E3%83%96%E3%83%AD%E3%83%B3%E3%82%BA%E4%BB%95%E4%B8%8A%E3%81%92 HTTP/1.1" 200 55129 "-" "Mozilla/5.0 (Linux; Android 6.0.1; Nexus 5X Build/MMB29P) AppleWebKit/537.36 (KHTML, like Gecko) Chrome/135.0.7049.95 Mobile Safari/537.36 (compatible; Googlebot/2.1; +http://www.google.com/bot.html)"
172.190.230.70 - - [29/Apr/2025:17:15:54 -0400] "GET /wp-content/uploads/2023/11/BOCORAN-TOGEL-TOTO-MACAU-13.00-23-150x150.jpg HTTP/1.1" 200 0 "-" "Mozilla/5.0 (Windows NT 10.0; Win64; x64) AppleWebKit/537.36 (KHTML, like Gecko) Chrome/109.0.0.0 Safari/537.36"
172.190.230.70 - - [29/Apr/2025:17:15:55 -0400] "GET /wp-content/uploads/2023/11/BOCORAN-TOGEL-TOTO-MACAU-13.00-23-150x150.jpg HTTP/1.1" 200 0 "-" "Mozilla/5.0 (Windows NT 10.0; Win64; x64) AppleWebKit/537.36 (KHTML, like Gecko) Chrome/109.0.0.0 Safari/537.36"
172.190.230.70 - - [29/Apr/2025:17:15:55 -0400] "GET /wp-content/uploads/2023/11/BOCORAN-TOGEL-TOTO-MACAU-13.00-23-150x150.jpg HTTP/1.1" 200 0 "-" "Mozilla/5.0 (Windows NT 10.0; Win64; x64) AppleWebKit/537.36 (KHTML, like Gecko) Chrome/109.0.0.0 Safari/537.36"
66.249.73.129 - - [29/Apr/2025:17:15:57 -0400] "GET /?o=81449987004&channel=a84bd7&from=news.php%3Fid%3D9870-1556%26name%3DPLOTTER%E3%80%80M5%E3%82%B9%E3%82%AF%E3%82%A8%E3%82%A2%E3%80%80%E3%82%B7%E3%82%B9%E3%83%86%E3%83%A0%E6%89%8B%E5%B8%B3 HTTP/1.1" 200 52790 "-" "Mozilla/5.0 (Linux; Android 6.0.1; Nexus 5X Build/MMB29P) AppleWebKit/537.36 (KHTML, like Gecko) Chrome/135.0.7049.95 Mobile Safari/537.36 (compatible; Googlebot/2.1; +http://www.google.com/bot.html)"
52.167.144.19 - - [29/Apr/2025:17:15:58 -0400] "GET /?o=85818114917810&channel=70cc04&from=goods.php%3Fid%3D1149178-7676%26name%3DDG+DE+GREGORIO+%E3%82%AB%E3%83%9B%E3%83%B3+%E7%BE%8E%E5%93%81%E3%80%80%E6%89%93%E6%A5%BD%E5%99%A8%E3%80%80%E3%82%B1%E3%83%BC%E3%82%B9%E4%BB%98%E3%81%8D HTTP/1.1" 200 0 "-" "Mozilla/5.0 AppleWebKit/537.36 (KHTML, like Gecko; compatible; bingbot/2.0; +http://www.bing.com/bingbot.htm) Chrome/116.0.1938.76 Safari/537.36"
52.167.144.159 - - [29/Apr/2025:17:16:03 -0400] "GET /?o=8566871753401&channel=45cb83&from=product.php%3Fid%3D717534-2487%26name%3D%E3%82%B7%E3%83%AA%E3%82%B3%E3%83%B3%E3%83%91%E3%83%AF%E3%83%BC1TB+Superior+Gaming+Micro+SDXC+UHS-I+%28U3%29+V30+4K+A2+%E9%AB%98%E9%80%9FMicro HTTP/1.1" 200 0 "-" "Mozilla/5.0 AppleWebKit/537.36 (KHTML, like Gecko; compatible; bingbot/2.0; +http://www.bing.com/bingbot.htm) Chrome/116.0.1938.76 Safari/537.36"
66.249.73.130 - - [29/Apr/2025:17:16:04 -0400] "GET /?o=51955140441804&channel=1c76f8&from=shared.php%3Fid%3D1404418-25269%26name%3D%E3%82%A4%E3%82%AA%E3%83%B3%E3%83%89%E3%82%AF%E3%82%BF%E3%83%BC+%E3%83%9C%E3%82%BF%E3%83%8B%E3%82%AB%E3%83%AB%E3%82%AB%E3%83%A9%E3%83%BC+%E3%83%AD%E3%83%B3%E3%82%B0%E3%83%AC%E3%83%83%E3%82%B0%E3%82%A6%E3%82%A9%E3%83%BC%E3%83%9E%E3%83%BC+2%E6%9C%AC%E7%B5%84 HTTP/1.1" 200 54423 "-" "Mozilla/5.0 (Linux; Android 6.0.1; Nexus 5X Build/MMB29P) AppleWebKit/537.36 (KHTML, like Gecko) Chrome/135.0.7049.95 Mobile Safari/537.36 (compatible; Googlebot/2.1; +http://www.google.com/bot.html)"
172.190.230.70 - - [29/Apr/2025:17:16:06 -0400] "GET /wp-content/uploads/2023/11/Erek-Erek-55-150x150.png HTTP/1.1" 200 0 "-" "Mozilla/5.0 (Windows NT 10.0; Win64; x64) AppleWebKit/537.36 (KHTML, like Gecko) Chrome/109.0.0.0 Safari/537.36"
66.249.73.128 - - [29/Apr/2025:17:16:06 -0400] "GET /?o=06019112156411&channel=73b683&from=product.php%3Fid%3D1121564-2183%26name%3D%E3%80%90%E5%AE%9A%E4%BE%A1143%2C000%E5%86%86%28%E7%A8%8E%E8%BE%BC%29%E3%80%91DSQUARED2+%E3%83%87%E3%82%A3%E3%83%BC%E3%82%B9%E3%82%AF%E3%82%A8%E3%82%A2%E3%83%BC%E3%83%89++%E5%9C%A7%E5%80%92%E7%9A%84%E3%81%AA%E3%82%AA%E3%83%BC%E3%83%A9%E3%82%92%E6%94%BE%E3%81%A4%EF%BC%81%E7%BE%8E%E3%81%97%E3%81%84%E3%82%B9%E3%82%A6%E3%82%A7%E3%83%BC%E3%83%89%E3%83%AC%E3%82%B6%E3%83%BC%E3%81%8C%E9%AD%85%E5%8A%9B%E3%81%AE%E3%82%B9%E3%82%BF%E3%83%83%E3%82%BA%E3%83%87%E3%82%B6%E3%82%A4%E3%83%B3%E3%83%AC%E3%82%B6%E3%83%BC%E3%82%B5%E3%83%B3%E3%83%80%E3%83%AB%EF%BC%81+GOTHC+GRUNGE%E3%83%95%E3%83%A9%E3%83%83%E3%83%88%E3%82%B5%E3%83%B3%E3%83%80%E3%83%AB+%E9%9D%B4+%E3%82%B9%E3%83%8B%E3%83%BC%E3%82%AB%E3%83%BC+%E3%82%B9%E3%83%AA%E3%83%83%E3%83%9D%E3%83%B3+%E3%83%A9%E3%82%B0%E3%82%BD%E3%83%BC%E3%83%AB+%E3%83%8F%E3%83%A9%E3%82%B3%E3%83%AC%E3%82%B6%E3%83%BC++%E9%9D%B4+%E3%83%96%E3%83%A9%E3%83%83%E3%82%AF+%E3%83%96%E3%83%A9%E3%82%A6%E3%83%B3+S82FS0062+%E3%83%A1%E3%83%B3%E3%82%BA HTTP/1.1" 200 55125 "-" "Mozilla/5.0 (Linux; Android 6.0.1; Nexus 5X Build/MMB29P) AppleWebKit/537.36 (KHTML, like Gecko) Chrome/135.0.7049.95 Mobile Safari/537.36 (compatible; Googlebot/2.1; +http://www.google.com/bot.html)"
172.190.230.70 - - [29/Apr/2025:17:16:07 -0400] "GET /wp-content/uploads/2023/11/Erek-Erek-55-150x150.png HTTP/1.1" 200 0 "-" "Mozilla/5.0 (Windows NT 10.0; Win64; x64) AppleWebKit/537.36 (KHTML, like Gecko) Chrome/109.0.0.0 Safari/537.36"
40.77.167.136 - - [29/Apr/2025:17:16:07 -0400] "GET /?o=40522131844601&channel=3c91ac&from=product.php%3Fid%3D1318446-22406%26name%3DUSED+%E3%82%B7%E3%83%A3%E3%83%AF%E3%83%BC%E3%83%98%E3%83%83%E3%83%89%E3%80%80%E3%83%9F%E3%83%A9%E3%83%96%E3%83%AB%E3%82%BC%E3%83%AD%EF%BC%81 HTTP/1.1" 200 0 "-" "Mozilla/5.0 AppleWebKit/537.36 (KHTML, like Gecko; compatible; bingbot/2.0; +http://www.bing.com/bingbot.htm) Chrome/116.0.1938.76 Safari/537.36"
172.190.230.70 - - [29/Apr/2025:17:16:07 -0400] "GET /wp-content/uploads/2023/11/Erek-Erek-55-150x150.png HTTP/1.1" 200 0 "-" "Mozilla/5.0 (Windows NT 10.0; Win64; x64) AppleWebKit/537.36 (KHTML, like Gecko) Chrome/109.0.0.0 Safari/537.36"
172.190.230.70 - - [29/Apr/2025:17:16:08 -0400] "GET /wp-content/uploads/2023/11/BOCORAN-TOGEL-SINGAPORE-17-150x150.png HTTP/1.1" 200 0 "-" "Mozilla/5.0 (Windows NT 10.0; Win64; x64) AppleWebKit/537.36 (KHTML, like Gecko) Chrome/109.0.0.0 Safari/537.36"
172.190.230.70 - - [29/Apr/2025:17:16:08 -0400] "GET /wp-content/uploads/2023/11/BOCORAN-TOGEL-SINGAPORE-17-150x150.png HTTP/1.1" 200 0 "-" "Mozilla/5.0 (Windows NT 10.0; Win64; x64) AppleWebKit/537.36 (KHTML, like Gecko) Chrome/109.0.0.0 Safari/537.36"
172.190.230.70 - - [29/Apr/2025:17:16:09 -0400] "GET /wp-content/uploads/2023/11/BOCORAN-TOGEL-SINGAPORE-17-150x150.png HTTP/1.1" 200 0 "-" "Mozilla/5.0 (Windows NT 10.0; Win64; x64) AppleWebKit/537.36 (KHTML, like Gecko) Chrome/109.0.0.0 Safari/537.36"
66.249.73.128 - - [29/Apr/2025:17:16:16 -0400] "GET /?o=9081060696800&channel=d6a04b&from=blog.php%3Fid%3D606968-3%26name%3D%E7%BE%8E%E5%93%81+%E3%82%AB%E3%83%AB%E3%83%86%E3%82%A3%E3%82%A8+%E3%83%9E%E3%82%B9%E3%83%88+%E3%82%BF%E3%83%B3%E3%82%AF+%E3%82%B4%E3%83%BC%E3%83%AB%E3%83%89%E3%83%AD%E3%83%BC%E3%83%9E%E3%83%B3+SM+Cartier HTTP/1.1" 200 54209 "-" "Mozilla/5.0 (Linux; Android 6.0.1; Nexus 5X Build/MMB29P) AppleWebKit/537.36 (KHTML, like Gecko) Chrome/135.0.7049.95 Mobile Safari/537.36 (compatible; Googlebot/2.1; +http://www.google.com/bot.html)"
172.190.230.70 - - [29/Apr/2025:17:16:24 -0400] "GET /wp-content/uploads/2023/11/BOCORAN-TOGEL-SINGAPORE-15-150x150.png HTTP/1.1" 200 0 "-" "Mozilla/5.0 (Windows NT 10.0; Win64; x64) AppleWebKit/537.36 (KHTML, like Gecko) Chrome/109.0.0.0 Safari/537.36"
66.249.73.128 - - [29/Apr/2025:17:16:24 -0400] "GET /?o=18037144982200&channel=5ca04c&from=form.php%3Fid%3D1449822-4980%26name%3D%E3%82%B9%E3%83%BC%E3%83%84%E3%82%B1%E3%83%BC%E3%82%B9+L%E3%82%B5%E3%82%A4%E3%82%BA+%E3%83%95%E3%83%AC%E3%83%BC%E3%83%A0%E3%82%BF%E3%82%A4%E3%83%97+%E3%82%A2%E3%83%AB%E3%83%9F+USB%E3%83%9D%E3%83%BC%E3%83%88%E4%BB%98%E3%81%8D+%E3%82%AB%E3%83%83%E3%83%97%E3%83%9B%E3%83%AB%E3%83%80%E3%83%BC HTTP/1.1" 200 54400 "-" "Mozilla/5.0 (Linux; Android 6.0.1; Nexus 5X Build/MMB29P) AppleWebKit/537.36 (KHTML, like Gecko) Chrome/135.0.7049.95 Mobile Safari/537.36 (compatible; Googlebot/2.1; +http://www.google.com/bot.html)"
