66.249.73.128 - - [29/Apr/2025:16:27:18 -0400] "GET /?o=9942794190316&channel=0ff43f&from=pin.php%3Fid%3D941903-3448%26name%3DMA-1+%E3%83%A1%E3%83%B3%E3%82%BA+%E3%83%96%E3%83%A9%E3%83%B3%E3%83%89+%E3%82%A2%E3%82%A6%E3%82%BF%E3%83%BC+%E3%83%9C%E3%83%B3%E3%83%90%E3%83%BC%E3%82%B8%E3%83%A3%E3%82%B1%E3%83%83%E3%83%88+%E5%A4%A7%E3%81%8D%E3%81%84%E3%82%B5%E3%82%A4%E3%82%BA+%E3%83%B4%E3%82%A3%E3%83%B3%E3%83%86%E3%83%BC%E3%82%B8+M+L+XL HTTP/1.1" 200 53646 "-" "Mozilla/5.0 (Linux; Android 6.0.1; Nexus 5X Build/MMB29P) AppleWebKit/537.36 (KHTML, like Gecko) Chrome/135.0.7049.95 Mobile Safari/537.36 (compatible; Googlebot/2.1; +http://www.google.com/bot.html)"
66.249.73.128 - - [29/Apr/2025:16:27:28 -0400] "GET /?o=71733190557603&channel=c7e95f&from=product.php%3Fid%3D1905576-14129%26name%3D%E5%B1%8B%E5%A4%96%E3%81%8A%E3%82%88%E3%81%B3%E8%87%AA%E5%8B%95%E8%BB%8A%E6%97%85%E8%A1%8C%E7%94%A8%E3%81%AE%E3%82%B9%E3%83%94%E3%82%B4%E3%83%83%E3%83%88%E8%80%90%E4%B9%85%E6%80%A7%E3%81%AE%E3%81%82%E3%82%8B%E8%B2%AF%E6%B0%B4%E5%AE%B9%E5%99%A8%E3%82%92%E5%82%99%E3%81%88%E3%81%9F%E5%A4%A7%E5%AE%B9%E9%87%8F%E3%81%AE%E6%B0%B4%E3%82%AD%E3%83%A3%E3%83%AA%E3%82%A2 HTTP/1.1" 200 53061 "-" "Mozilla/5.0 (Linux; Android 6.0.1; Nexus 5X Build/MMB29P) AppleWebKit/537.36 (KHTML, like Gecko) Chrome/135.0.7049.95 Mobile Safari/537.36 (compatible; Googlebot/2.1; +http://www.google.com/bot.html)"
66.249.73.128 - - [29/Apr/2025:16:27:35 -0400] "GET /?o=30795103601800&channel=f6a4e5&from=brands.php%3Fid%3D1036018-1380%26name%3D%E3%82%BF%E3%82%AD%E3%82%B6%E3%83%AF%E3%83%AF%E3%82%A4%E3%83%8A%E3%83%AA%E3%83%BC+%E6%97%85%E8%B7%AF+%E3%82%B5%E3%83%B3+%E3%82%B9%E3%83%86%E3%83%BC%E3%83%95%E3%83%AB+%E3%82%A2%E3%82%B8%E3%83%A5%E3%83%86+2020+750ml+%E7%99%BD%E3%83%AF%E3%82%A4%E3%83%B3+%E5%8C%97%E6%B5%B7%E9%81%93+%28hk01-5360%29 HTTP/1.1" 200 54493 "-" "Mozilla/5.0 (Linux; Android 6.0.1; Nexus 5X Build/MMB29P) AppleWebKit/537.36 (KHTML, like Gecko) Chrome/135.0.7049.95 Mobile Safari/537.36 (compatible; Googlebot/2.1; +http://www.google.com/bot.html)"
66.249.73.128 - - [29/Apr/2025:16:27:43 -0400] "GET /?o=22018138827602&channel=39633b&from=category-info.php%3Fid%3D1388276-21576%26name%3D70s+CWU-45P+%E5%88%9D%E6%9C%9F%E3%83%A2%E3%83%87%E3%83%AB+%E7%B1%B3%E8%BB%8D%E5%AE%9F%E7%89%A9+%E3%83%88%E3%83%83%E3%83%97%E3%82%AC%E3%83%B3+MA-2 HTTP/1.1" 200 53610 "-" "Mozilla/5.0 (Linux; Android 6.0.1; Nexus 5X Build/MMB29P) AppleWebKit/537.36 (KHTML, like Gecko) Chrome/135.0.7049.95 Mobile Safari/537.36 (compatible; Googlebot/2.1; +http://www.google.com/bot.html)"
66.249.73.128 - - [29/Apr/2025:16:27:49 -0400] "GET /?o=80787178556003&channel=7b47b0&from=product.php%3Fid%3D1785560-2741%26name%3D%E3%83%94%E3%83%B3%E3%83%8A%E3%83%83%E3%83%97%E3%82%AC%E3%83%BC%E3%83%AB%E7%B5%84%E7%AB%8B%E5%A1%97%E8%A3%85%E5%AE%8C%E6%88%90%E5%93%81No.2 HTTP/1.1" 200 53809 "-" "Mozilla/5.0 (Linux; Android 6.0.1; Nexus 5X Build/MMB29P) AppleWebKit/537.36 (KHTML, like Gecko) Chrome/135.0.7049.95 Mobile Safari/537.36 (compatible; Googlebot/2.1; +http://www.google.com/bot.html)"
66.249.73.129 - - [29/Apr/2025:16:27:56 -0400] "GET /?o=057088647403&channel=7ac8fa&from=goods.php%3Fid%3D86474-1516%26name%3DGMHH58%E2%97%8BNITORI+%2F+%E3%83%8B%E3%83%88%E3%83%AA+3%E4%BA%BA%E6%8E%9B%E3%81%91%E3%82%BD%E3%83%95%E3%82%A1+%E3%83%88%E3%83%AA%E3%83%97%E3%83%AB%E3%82%BD%E3%83%95%E3%82%A1+%E9%95%B7%E6%A4%85 HTTP/1.1" 200 53857 "-" "Mozilla/5.0 (Linux; Android 6.0.1; Nexus 5X Build/MMB29P) AppleWebKit/537.36 (KHTML, like Gecko) Chrome/135.0.7049.95 Mobile Safari/537.36 (compatible; Googlebot/2.1; +http://www.google.com/bot.html)"
66.249.73.128 - - [29/Apr/2025:16:28:05 -0400] "GET /?o=030116919202&channel=3f1542&from=category-info.php%3Fid%3D69192-5713%26name%3Dgaby+%E3%83%90%E3%83%B3%E3%82%B0%E3%83%AB++%E3%82%B9%E3%83%97%E3%83%BC%E3%83%B3+%E3%82%AB%E3%83%88%E3%83%A9%E3%83%AA%E3%83%BC HTTP/1.1" 200 52913 "-" "Mozilla/5.0 (Linux; Android 6.0.1; Nexus 5X Build/MMB29P) AppleWebKit/537.36 (KHTML, like Gecko) Chrome/135.0.7049.95 Mobile Safari/537.36 (compatible; Googlebot/2.1; +http://www.google.com/bot.html)"
66.249.73.128 - - [29/Apr/2025:16:28:10 -0400] "GET /?o=8467787040401&channel=837b20&from=shop.php%3Fid%3D870404-2544%26name%3D2%E5%80%8B%E5%90%8C%E4%B8%80%E3%80%80QDK668-QDK751-QDK668%E3%80%80%E3%83%97%E3%83%AC%E3%83%8A%E3%82%B9X%E3%80%80%E3%82%B7%E3%83%A3%E3%83%83%E3%82%BF%E3%83%BC%E4%BB%98%E3%80%80%E3%82%B7%E3%83%AA%E3%83%B3%E3%83%80%E3%83%BC%E3%82%BB%E3%83%83%E3%83%88%E3%80%80W%E3%82%B7%E3%83%AA%E3%83%B3%E3%83%80%E3%83%BC%E3%80%80%E3%83%89%E3%82%A2%E5%8E%9A33mm%E7%94%A8%E3%80%80%E6%A8%99%E6%BA%96%E3%82%AD%E3%83%BC5%E6%9C%AC%E4%BB%98%E3%81%8D%E3%80%80LIXIL%E3%80%80TOSTEM HTTP/1.1" 200 54381 "-" "Mozilla/5.0 (Linux; Android 6.0.1; Nexus 5X Build/MMB29P) AppleWebKit/537.36 (KHTML, like Gecko) Chrome/135.0.7049.95 Mobile Safari/537.36 (compatible; Googlebot/2.1; +http://www.google.com/bot.html)"
66.249.73.128 - - [29/Apr/2025:16:28:12 -0400] "GET /?o=29209197301502&channel=04b900&from=news.php%3Fid%3D1973015-19318%26name%3D%E3%83%9E%E3%83%83%E3%83%88%E3%83%AC%E3%82%B9%E5%8F%8E%E7%B4%8D%E3%83%90%E3%83%83%E3%82%B0%E3%80%81%E9%98%B2%E6%B0%B4%E3%82%AA%E3%83%83%E3%82%AF%E3%82%B9%E3%83%95%E3%82%A9%E3%83%BC%E3%83%89%E5%B8%83%E5%8F%96%E3%82%8A%E5%A4%96%E3%81%97%E5%8F%AF%E8%83%BD%E3%81%AA%E3%83%9E%E3%83%83%E3%83%88%E3%83%AC%E3%82%B9%E3%83%90%E3%83%83%E3%82%B0%E3%80%81%E3%83%9E%E3%83%83%E3%83%88%E3%83%AC%E3%82%B9%E3%82%AB%E3%83%90%E3%83%BC%E3%80%81%E5%B1%8B%E5%86%85%E5%B1%8B%E5%A4%96%E5%86%8D%E5%88%A9%E7%94%A8%E5%8F%AF%E8%83%BD%E3%81%AA%E3%83%9E%E3%83%83%E3%83%88%E3%83%AC%E3%82%B9%E5%8F%8E%E7%B4%8D%E3%82%AB%E3%83%90 HTTP/1.1" 200 54644 "-" "Mozilla/5.0 (Linux; Android 6.0.1; Nexus 5X Build/MMB29P) AppleWebKit/537.36 (KHTML, like Gecko) Chrome/135.0.7049.95 Mobile Safari/537.36 (compatible; Googlebot/2.1; +http://www.google.com/bot.html)"
66.249.73.128 - - [29/Apr/2025:16:28:18 -0400] "GET /?o=9187181197809&channel=c1a0ed&from=news.php%3Fid%3D811978-2962%26name%3DCASIO%E3%80%80ROM%E3%80%80%E3%82%AD%E3%83%BC%E3%83%9C%E3%83%BC%E3%83%89+PT-380%E3%80%80%E3%83%94%E3%83%83%E3%82%AB%E3%83%94%E3%82%AB%E3%83%88%E3%83%BC%E3%83%B3%E3%80%80%E6%98%AD%E5%92%8C%E3%83%AC%E3%83%88%E3%83%AD%E3%80%80%E7%A8%BC%E5%83%8D HTTP/1.1" 200 51685 "-" "Mozilla/5.0 (Linux; Android 6.0.1; Nexus 5X Build/MMB29P) AppleWebKit/537.36 (KHTML, like Gecko) Chrome/135.0.7049.95 Mobile Safari/537.36 (compatible; Googlebot/2.1; +http://www.google.com/bot.html)"
66.249.73.128 - - [29/Apr/2025:16:28:25 -0400] "GET /?o=27492145637601&channel=bedb1d&from=product.php%3Fid%3D1456376-317%26name%3D2Way%E3%83%95%E3%83%A9%E3%83%83%E3%83%97%E3%82%B7%E3%83%A7%E3%83%AB%E3%83%80%E3%83%BC+%E3%80%90%E3%82%AD%E3%83%BC%E3%83%95%E3%82%A1%E3%83%BC%E3%83%8E%E3%82%A4%E3%80%91%E3%83%A1%E3%83%B3%E3%82%BA+%E7%9B%B4%E5%96%B6%E5%BA%97+%E3%83%81%E3%83%A3%E3%82%AA%E3%82%B7%E3%83%AA%E3%83%BC%E3%82%BA+Ciao+series+A4%E3%82%B5%E3%82%A4%E3%82%BA%E5%AF%BE%E5%BF%9C+%E3%82%BF%E3%83%86%E5%9E%8B+%E3%83%AC%E3%82%B6%E3%83%BC+kfn16008c+%E9%80%81%E6%96%99%E7%84%A1%E6%96%99 HTTP/1.1" 200 54592 "-" "Mozilla/5.0 (Linux; Android 6.0.1; Nexus 5X Build/MMB29P) AppleWebKit/537.36 (KHTML, like Gecko) Chrome/135.0.7049.95 Mobile Safari/537.36 (compatible; Googlebot/2.1; +http://www.google.com/bot.html)"
52.167.144.156 - - [29/Apr/2025:16:28:25 -0400] "GET /?o=1699832495801&channel=a96994&from=blog.php%3Fid%3D324958-9613%26name%3D%E8%8D%BB%E9%A0%88%E9%AB%98%E5%BE%B3%E3%80%81%E3%80%90Place+Saint-Blaise+%E3%82%B5%E3%83%B3%E3%83%96%E3%83%AC%E3%83%BC%E3%82%BA%E3%80%91%E3%80%81%E5%B8%8C%E5%B0%91%E3%81%AA%E5%A4%A7%E5%88%A4%E9%A1%8D%E8%A3%85%E7%94%A8%E7%94%BB%E9%9B%86%E3%82%88%E3%82%8A%E3%80%81%E6%96%B0%E5%93%81%E9%A1%8D%E8%A3%85%E4%BB%98%E3%80%81%E7%8A%B6%E6%85%8B%E8%89%AF%E5%A5%BD%E3%80%81%E9%80%81%E6%96%99%E8%BE%BC%E3%81%BF. HTTP/1.1" 200 0 "-" "Mozilla/5.0 AppleWebKit/537.36 (KHTML, like Gecko; compatible; bingbot/2.0; +http://www.bing.com/bingbot.htm) Chrome/116.0.1938.76 Safari/537.36"
207.46.13.153 - - [29/Apr/2025:16:28:33 -0400] "GET /wp-includes__c454f3a/SimplePie/?SD HTTP/1.1" 200 716 "-" "Mozilla/5.0 AppleWebKit/537.36 (KHTML, like Gecko; compatible; bingbot/2.0; +http://www.bing.com/bingbot.htm) Chrome/116.0.1938.76 Safari/537.36"
66.249.73.128 - - [29/Apr/2025:16:28:34 -0400] "GET /?o=31952158196807&channel=7ac8fa&from=jp.php%3Fid%3D1581968-1516%26name%3D%E5%BC%95%E5%8F%96%E9%99%90%E5%AE%9A%E3%80%80%E3%83%A9%E3%82%BF%E3%83%B3%E3%80%80%E7%B1%90%E8%A3%BD%E5%93%81%E3%80%80%E3%82%BD%E3%83%95%E3%82%A1%E3%83%BC HTTP/1.1" 200 52916 "-" "Mozilla/5.0 (Linux; Android 6.0.1; Nexus 5X Build/MMB29P) AppleWebKit/537.36 (KHTML, like Gecko) Chrome/135.0.7049.95 Mobile Safari/537.36 (compatible; Googlebot/2.1; +http://www.google.com/bot.html)"
66.249.73.128 - - [29/Apr/2025:16:28:40 -0400] "GET /?o=4968550941101&channel=d6a04b&from=news.php%3Fid%3D509411-3%26name%3D%E3%80%90%E9%9B%BB%E6%B1%A0%E4%BA%A4%E6%8F%9B%E6%B8%88%E3%81%BF%E3%80%91GIVENCHY+%E3%82%B8%E3%83%90%E3%83%B3%E3%82%B7%E3%83%BC+%E8%85%95%E6%99%82%E8%A8%88+%E3%83%90%E3%83%B3%E3%82%B0%E3%83%AB+%E3%82%B4%E3%83%BC%E3%83%AB%E3%83%89 HTTP/1.1" 200 53837 "-" "Mozilla/5.0 (Linux; Android 6.0.1; Nexus 5X Build/MMB29P) AppleWebKit/537.36 (KHTML, like Gecko) Chrome/135.0.7049.95 Mobile Safari/537.36 (compatible; Googlebot/2.1; +http://www.google.com/bot.html)"
66.249.73.128 - - [29/Apr/2025:16:28:47 -0400] "GET /?o=1231974209407&channel=e89a8a&from=brands.php%3Fid%3D742094-110%26name%3D%E3%83%A1%E3%83%AB%E3%82%BB%E3%83%87%E3%82%B9+%E3%83%99%E3%83%B3%E3%83%84+Benz+W167+%E6%96%B0%E5%9E%8BGLE%E3%82%AF%E3%83%A9%E3%82%B9+GLE%E3%82%AF%E3%83%BC%E3%83%9A+GTR+AMG%E3%83%91%E3%83%8A%E3%83%A1%E3%83%AA%E3%82%AB%E3%83%BC%E3%83%8A+%E3%83%95%E3%83%AD%E3%83%B3%E3%83%88%E3%82%B0%E3%83%AA%E3%83%AB+GLE300d%2FGLE400d%2FGLE450 HTTP/1.1" 200 54185 "-" "Mozilla/5.0 (Linux; Android 6.0.1; Nexus 5X Build/MMB29P) AppleWebKit/537.36 (KHTML, like Gecko) Chrome/135.0.7049.95 Mobile Safari/537.36 (compatible; Googlebot/2.1; +http://www.google.com/bot.html)"
52.167.144.187 - - [29/Apr/2025:16:28:52 -0400] "GET /?o=9039837684403&channel=cc4ae4&from=shop.php%3Fid%3D376844-2822%26name%3D%E3%83%A8%E3%83%89%E7%89%A9%E7%BD%AE%E3%80%80%E3%82%A8%E3%83%AB%E3%83%A2%E3%80%80LMD-4425HL%E3%80%80%E8%83%8C%E9%AB%98H%E3%82%BF%E3%82%A4%E3%83%97%E3%80%80%E4%B8%80%E8%88%AC%E5%9E%8B%E3%80%90%E6%9D%B1%E6%B5%B7%E5%9C%B0%E5%8C%BA%E9%99%90%E5%AE%9A%E8%B2%A9%E5%A3%B2%E3%80%91%E6%84%9B%E7%9F%A5%E7%9C%8C%E3%83%BB%E5%B2%90%E9%98%9C%E7%9C%8C%E3%83%BB%E4%B8%89%E9%87%8D%E7%9C%8C HTTP/1.1" 200 0 "-" "Mozilla/5.0 AppleWebKit/537.36 (KHTML, like Gecko; compatible; bingbot/2.0; +http://www.bing.com/bingbot.htm) Chrome/116.0.1938.76 Safari/537.36"
66.249.73.128 - - [29/Apr/2025:16:28:54 -0400] "GET /?o=69271139325900&channel=8cdc2d&from=form.php%3Fid%3D1393259-24714%26name%3DRalondbey%E3%82%A8%E3%83%9D%E3%82%AD%E3%82%B7%E6%A8%B9%E8%84%82%E5%9E%8B+%E9%8B%B3%E9%80%A0%E7%94%A8%E6%A8%B9%E8%84%82%E3%82%B7%E3%83%AA%E3%82%B3%E3%83%B3%E5%9E%8B%E5%A4%9A%E7%9B%AE%E7%9A%84%E4%B8%88%E5%A4%AB%E3%81%AA%E3%82%B7%E3%83%AA%E3%82%B3%E3%83%B3%E8%A3%BD%E3%83%A9%E3%82%A6%E3%83%B3%E3%83%89%E3%82%AD%E3%83%A3%E3%83%B3%E3%83%89%E3%83%AB%E3%83%9B%E3%83%AB%E3%83%80%E3%83%BC%E5%9E%8B%E3%82%BB%E3%83%83%E3%83%88+%E6%A8%B9%E8%84%82%E7%9F%B3%E8%86%8F%E3%82%AF%E3%83%A9%E3%83%95%E3%83%88%E7%94%A8%E5%93%81 HTTP/1.1" 200 54576 "-" "Mozilla/5.0 (Linux; Android 6.0.1; Nexus 5X Build/MMB29P) AppleWebKit/537.36 (KHTML, like Gecko) Chrome/135.0.7049.95 Mobile Safari/537.36 (compatible; Googlebot/2.1; +http://www.google.com/bot.html)"
66.249.73.130 - - [29/Apr/2025:16:29:02 -0400] "GET /?o=7907176933205&channel=6ae8ae&from=form.php%3Fid%3D769332-3513%26name%3D%E3%82%A8%E3%83%9C%E3%82%AE%E3%82%A2+NIGHT+FORCE+ATACR+1-8X24%26%E3%82%B9%E3%82%B3%E3%83%BC%E3%83%97%E3%82%B9%E3%82%A4%E3%83%83%E3%83%81 HTTP/1.1" 200 52161 "-" "Mozilla/5.0 (Linux; Android 6.0.1; Nexus 5X Build/MMB29P) AppleWebKit/537.36 (KHTML, like Gecko) Chrome/135.0.7049.95 Mobile Safari/537.36 (compatible; Googlebot/2.1; +http://www.google.com/bot.html)"
66.249.73.129 - - [29/Apr/2025:16:29:11 -0400] "GET /?o=99860187259901&channel=295817&from=info.php%3Fid%3D1872599-16655%26name%3D%E5%AF%8C%E6%89%80%E6%9C%8B%E5%AD%90%E3%80%81%E3%80%88%E3%82%B3%E3%83%B3%E3%83%9D%E3%82%B8%E3%82%B7%E3%83%A7%E3%83%B3%E3%80%89%E3%80%81%E5%B8%8C%E5%B0%91%E7%94%BB%E9%9B%86%E7%94%BB%E3%80%81%E9%AB%98%E7%B4%9A%E6%96%B0%E5%93%81%E9%A1%8D%E3%83%BB%E9%A1%8D%E8%A3%85%E4%BB%98%E3%80%81%E7%8A%B6%E6%85%8B%E8%89%AF%E5%A5%BD%E3%80%81%E9%80%81%E6%96%99%E7%84%A1%E6%96%99 HTTP/1.1" 200 53701 "-" "Mozilla/5.0 (Linux; Android 6.0.1; Nexus 5X Build/MMB29P) AppleWebKit/537.36 (KHTML, like Gecko) Chrome/135.0.7049.95 Mobile Safari/537.36 (compatible; Googlebot/2.1; +http://www.google.com/bot.html)"
52.167.144.156 - - [29/Apr/2025:16:29:14 -0400] "GET /?o=0733432708606&channel=a96994&from=article.php%3Fid%3D327086-9613%26name%3D%E6%B0%B8%E4%BA%95%E5%90%90%E7%84%A1%E3%80%81%E3%80%90%E5%BA%83%E5%A0%B4%E5%B1%95%E6%9C%9B%E3%80%91%E3%80%81%E5%B8%8C%E5%B0%91%E3%81%AA%E9%A1%8D%E8%A3%85%E7%94%A8%E7%94%BB%E9%9B%86%E3%82%88%E3%82%8A%E3%80%81%E6%96%B0%E5%93%81%E9%A1%8D%E8%A3%85%E4%BB%98%E3%80%81%E7%8A%B6%E6%85%8B%E8%89%AF%E5%A5%BD%E3%80%81%E9%80%81%E6%96%99%E8%BE%BC%E3%81%BF%E3%80%81coco HTTP/1.1" 200 0 "-" "Mozilla/5.0 AppleWebKit/537.36 (KHTML, like Gecko; compatible; bingbot/2.0; +http://www.bing.com/bingbot.htm) Chrome/116.0.1938.76 Safari/537.36"
66.249.73.128 - - [29/Apr/2025:16:29:17 -0400] "GET /?o=90764142845101&channel=a344d1&from=article.php%3Fid%3D1428451-2581%26name%3D18mm+%E9%AB%98%E7%B4%9A%E5%93%81%E8%B3%AA%E3%83%AC%E3%82%B8%E3%83%B3%E3%82%A2%E3%82%A4+%E3%83%94%E3%83%B3%E3%82%AF%E3%83%91%E3%83%BC%E3%83%97%E3%83%AB%E7%B3%BB%EF%BC%885%EF%BC%89 HTTP/1.1" 200 55039 "-" "Mozilla/5.0 (Linux; Android 6.0.1; Nexus 5X Build/MMB29P) AppleWebKit/537.36 (KHTML, like Gecko) Chrome/135.0.7049.95 Mobile Safari/537.36 (compatible; Googlebot/2.1; +http://www.google.com/bot.html)"
66.249.73.128 - - [29/Apr/2025:16:29:22 -0400] "GET /?o=4702937173803&channel=723201&from=shared.php%3Fid%3D371738-9872%26name%3D%E9%A1%8D%E7%B8%81%E3%80%80%E6%B2%B9%E5%BD%A9+%E6%B2%B9%E7%B5%B5%E7%94%A8%E9%A1%8D%E7%B8%81%E3%80%80%E3%83%A9%E3%82%B0%E3%82%B8%E3%83%A5%E3%83%BC%E3%80%80%E3%82%B5%E3%82%A4%E3%82%BAP25%E5%8F%B7 HTTP/1.1" 200 54733 "-" "Mozilla/5.0 (Linux; Android 6.0.1; Nexus 5X Build/MMB29P) AppleWebKit/537.36 (KHTML, like Gecko) Chrome/135.0.7049.95 Mobile Safari/537.36 (compatible; Googlebot/2.1; +http://www.google.com/bot.html)"
66.249.73.128 - - [29/Apr/2025:16:29:26 -0400] "GET /?o=8591455603205&channel=6369c1&from=goods.php%3Fid%3D556032-17895%26name%3D%E5%BE%8C%E6%9C%9F%E8%97%8D%E9%8D%8B%E5%B3%B6%E3%80%80%E5%94%90%E8%8A%B1%E6%96%87%E7%AD%92%E5%BD%A2%E8%8A%B1%E7%94%9F%E3%80%80%E6%9B%B8%E7%B1%8D%E5%90%8C%E6%89%8B%E5%93%81%E3%80%80%E5%AE%89%E6%94%BF%E6%99%82%E4%BB%A3%E9%A0%83%2F24J050 HTTP/1.1" 200 54944 "-" "Mozilla/5.0 (Linux; Android 6.0.1; Nexus 5X Build/MMB29P) AppleWebKit/537.36 (KHTML, like Gecko) Chrome/135.0.7049.95 Mobile Safari/537.36 (compatible; Googlebot/2.1; +http://www.google.com/bot.html)"
66.249.73.128 - - [29/Apr/2025:16:29:27 -0400] "GET /?o=76536180175802&channel=319ce1&from=article.php%3Fid%3D1801758-28884%26name%3D%E3%82%BF%E3%83%8D%E3%81%BE%E3%81%8D%E5%9C%9F+%E5%9F%B9%E9%A4%8A%E5%9C%9F+%E8%B6%85%E5%9C%A7%E7%B8%AE%E5%9E%8B+40%E5%80%8B%2F60%E5%80%8B%2F80%E5%80%8B%2F100%E5%80%8B%2F120%E5%80%8B+3cm+%E7%A8%AE%E5%AD%90%E7%99%BA%E8%8A%BD+%E5%9C%9F%E5%A3%8C%E3%83%96%E3%83%AD%E3%83%83%E3%82%AF+%E3%82%AA%E3%83%AA%E3%82%B8%E3%83%8A%E3%83%AB+%E5%A4%A9%E7%84%B6%E6%B3%A5%E7%82%AD+%E5%9C%9F%E3%83%9D HTTP/1.1" 200 54636 "-" "Mozilla/5.0 (Linux; Android 6.0.1; Nexus 5X Build/MMB29P) AppleWebKit/537.36 (KHTML, like Gecko) Chrome/135.0.7049.95 Mobile Safari/537.36 (compatible; Googlebot/2.1; +http://www.google.com/bot.html)"
66.249.73.128 - - [29/Apr/2025:16:29:31 -0400] "GET /?o=69292195546304&channel=b75563&from=news.php%3Fid%3D1955463-5134%26name%3Dprendre+%E3%82%B7%E3%83%A7%E3%83%AB%E3%83%80%E3%83%BC%E3%83%91%E3%83%83%E3%83%89+%E6%BB%91%E3%82%8A%E6%AD%A2%E3%82%81+%E3%82%B7%E3%83%A7%E3%83%AB%E3%83%80%E3%83%BC%E3%83%99%E3%83%AB%E3%83%88+%E8%82%A9%E5%BD%93%E3%81%A6+%E8%82%A9%E3%81%82%E3%81%A6+%E9%80%9A%E5%8B%A4+%E9%80%9A%E5%AD%A6+%E8%82%A9%E3%83%91%E3%83%83%E3%83%89+%E3%81%8A%E3%81%97%E3%82%83%E3%82%8C+%E3%83%90%E3%83%83%E3%82%B0+%E3%82%B7%E3%83%A7%E3%83%AB%E3%83%80%E3%83%BC%E3%83%90%E3%83%83 HTTP/1.1" 200 54004 "-" "Mozilla/5.0 (Linux; Android 6.0.1; Nexus 5X Build/MMB29P) AppleWebKit/537.36 (KHTML, like Gecko) Chrome/135.0.7049.95 Mobile Safari/537.36 (compatible; Googlebot/2.1; +http://www.google.com/bot.html)"
66.249.73.128 - - [29/Apr/2025:16:29:31 -0400] "GET /?o=9954921846700&channel=ec80d7&from=info.php%3Fid%3D218467-3736%26name%3DFREEZE+TECH%28%E3%83%95%E3%83%AA%E3%83%BC%E3%82%BA%E3%83%86%E3%83%83%E3%82%AF%29+%E6%B0%B7%E6%92%83+%2B+%E5%85%85%E9%9B%BB%E5%BC%8F%E6%B0%B7%E5%9A%A2%E3%83%99%E3%82%B9%E3%83%88+%E3%83%96%E3%83%A9%E3%83%83%E3%82%AF+%E3%83%9A%E3%83%AB%E3%83%81%E3%82%A7+%E3%83%99%E3%82%B9%E3%83%88+10%E7%A7%92%E5%86%B7%E5%8D%B4+%E6%9C%80%E5%A4%A7%E6%B8%A9%E5%BA%A6%E5%B7%AE-20%E2%84%83+L001%EF%BC%88LIFE+STYLE%EF%BC%89 HTTP/1.1" 200 56494 "-" "Mozilla/5.0 (Linux; Android 6.0.1; Nexus 5X Build/MMB29P) AppleWebKit/537.36 (KHTML, like Gecko) Chrome/135.0.7049.95 Mobile Safari/537.36 (compatible; Googlebot/2.1; +http://www.google.com/bot.html)"
66.249.73.128 - - [29/Apr/2025:16:29:43 -0400] "GET /?o=000862127201&channel=4942ff&from=jp.php%3Fid%3D21272-1510%26name%3D%E3%81%A1%E3%82%87%E3%81%91%E3%81%B4%E3%81%83%E6%A7%98%E5%B0%82%E7%94%A8 HTTP/1.1" 200 53921 "-" "Mozilla/5.0 (Linux; Android 6.0.1; Nexus 5X Build/MMB29P) AppleWebKit/537.36 (KHTML, like Gecko) Chrome/135.0.7049.95 Mobile Safari/537.36 (compatible; Googlebot/2.1; +http://www.google.com/bot.html)"
17.241.75.238 - - [29/Apr/2025:16:29:49 -0400] "GET /tag/buku-mimpi-39/ HTTP/1.1" 200 0 "-" "Mozilla/5.0 (Macintosh; Intel Mac OS X 10_15_7) AppleWebKit/605.1.15 (KHTML, like Gecko) Version/17.4 Safari/605.1.15 (Applebot/0.1; +http://www.apple.com/go/applebot)"
66.249.73.128 - - [29/Apr/2025:16:29:49 -0400] "GET /?o=17274185120100&channel=27d7eb&from=goods.php%3Fid%3D1851201-26931%26name%3DEXCEART+3%E5%80%8B+1+%E3%83%9D%E3%82%B1%E3%83%83%E3%83%88+%E7%B4%A0%E6%9D%90+%E3%83%91%E3%83%83%E3%82%B1%E3%83%BC%E3%82%B8+%E3%83%87%E3%82%AB%E3%83%BC%E3%83%AB+%E3%83%97%E3%83%A9%E3%83%B3%E3%83%8A%E3%83%BC+%E3%82%B9%E3%83%86%E3%83%83%E3%82%AB%E3%83%BC+%E3%82%B8%E3%83%A3%E3%83%BC%E3%83%8A%E3%83%AA%E3%83%B3%E3%82%B0+%E7%94%A8%E5%93%81+%E3%82%B8%E3%83%A3%E3%83%BC%E3%83%8A%E3%83%AA%E3%83%B3%E3%82%B0+%E3%82%AD%E3%83%83%E3%83%88 HTTP/1.1" 200 55291 "-" "Mozilla/5.0 (Linux; Android 6.0.1; Nexus 5X Build/MMB29P) AppleWebKit/537.36 (KHTML, like Gecko) Chrome/135.0.7049.95 Mobile Safari/537.36 (compatible; Googlebot/2.1; +http://www.google.com/bot.html)"
66.249.73.129 - - [29/Apr/2025:16:29:57 -0400] "GET /?o=30222149724101&channel=17476c&from=shared.php%3Fid%3D1497241-12938%26name%3Dadidas%28%E3%82%A2%E3%83%87%E3%82%A3%E3%83%80%E3%82%B9%29+%E3%82%B4%E3%83%AB%E3%83%95%E3%82%B7%E3%83%A5%E3%83%BC%E3%82%BA+%E3%82%B5%E3%83%B3%E3%83%90+265 HTTP/1.1" 200 52866 "-" "Mozilla/5.0 (Linux; Android 6.0.1; Nexus 5X Build/MMB29P) AppleWebKit/537.36 (KHTML, like Gecko) Chrome/135.0.7049.95 Mobile Safari/537.36 (compatible; Googlebot/2.1; +http://www.google.com/bot.html)"
66.249.73.128 - - [29/Apr/2025:16:30:01 -0400] "GET /?o=9101132498602&channel=d71bc0&from=goods.php%3Fid%3D324986-9613%26name%3DJean+Dubuffet%E3%80%81DAME%E3%80%81%E6%B5%B7%E5%A4%96%E7%89%88%E8%B6%85%E5%B8%8C%E5%B0%91%E3%83%AC%E3%82%BE%E3%83%8D%E3%80%81%E6%96%B0%E5%93%81%E9%A1%8D%E4%BB%98%E3%80%81wanko HTTP/1.1" 200 54015 "-" "Mozilla/5.0 (Linux; Android 6.0.1; Nexus 5X Build/MMB29P) AppleWebKit/537.36 (KHTML, like Gecko) Chrome/135.0.7049.114 Mobile Safari/537.36 (compatible; Googlebot/2.1; +http://www.google.com/bot.html)"
66.249.73.128 - - [29/Apr/2025:16:30:04 -0400] "GET /?o=14624109904402&channel=9d9f96&from=product.php%3Fid%3D1099044-7583%26name%3DR1%E3%82%B3%E3%83%B3%E3%82%BB%E3%83%97%E3%83%88+-+%E3%83%96%E3%83%AC%E3%83%BC%E3%82%AD%E3%83%9E%E3%82%B9%E3%82%BF%E3%83%BC%E3%82%B7%E3%83%AA%E3%83%B3%E3%83%80%E3%83%BC HTTP/1.1" 200 54672 "-" "Mozilla/5.0 (Linux; Android 6.0.1; Nexus 5X Build/MMB29P) AppleWebKit/537.36 (KHTML, like Gecko) Chrome/135.0.7049.95 Mobile Safari/537.36 (compatible; Googlebot/2.1; +http://www.google.com/bot.html)"
66.249.73.128 - - [29/Apr/2025:16:30:10 -0400] "GET /?o=1158165538107&channel=76f8dc&from=shared.php%3Fid%3D655381-10412%26name%3D%E3%83%80%E3%82%A4%E3%83%AF+22+%E3%83%A9%E3%82%A4%E3%83%88%E3%82%B2%E3%83%BC%E3%83%A0+IC+150L-DH+%E5%B7%A6%E3%83%8F%E3%83%B3%E3%83%89%E3%83%AB+%E8%BF%94%E5%93%81%E7%A8%AE%E5%88%A5A HTTP/1.1" 200 54103 "-" "Mozilla/5.0 (Linux; Android 6.0.1; Nexus 5X Build/MMB29P) AppleWebKit/537.36 (KHTML, like Gecko) Chrome/135.0.7049.95 Mobile Safari/537.36 (compatible; Googlebot/2.1; +http://www.google.com/bot.html)"
66.249.73.128 - - [29/Apr/2025:16:30:18 -0400] "GET /?o=33948148786507&channel=ea9722&from=brands.php%3Fid%3D1487865-60%26name%3DPhenix+%E3%83%95%E3%82%A7%E3%83%8B%E3%83%83%E3%82%AF%E3%82%B9%E3%80%80%E4%B8%8A%E4%B8%8B%E3%80%80%E3%82%B9%E3%82%AD%E3%83%BC%E3%82%A6%E3%82%A7%E3%82%A2%E3%80%80%E3%82%B9%E3%83%8E%E3%83%9C%E3%80%80120+%E3%82%AD%E3%83%83%E3%82%BA%E3%80%80%E7%B7%91%E3%80%80%E9%9D%92 HTTP/1.1" 200 51289 "-" "Mozilla/5.0 (Linux; Android 6.0.1; Nexus 5X Build/MMB29P) AppleWebKit/537.36 (KHTML, like Gecko) Chrome/135.0.7049.95 Mobile Safari/537.36 (compatible; Googlebot/2.1; +http://www.google.com/bot.html)"
66.249.73.128 - - [29/Apr/2025:16:30:19 -0400] "GET /?o=17228128887402&channel=32bf93&from=pin.php%3Fid%3D1288874-10129%26name%3D25.5cm%E9%99%B8%E4%B8%8A%E3%82%B9%E3%83%91%E3%82%A4%E3%82%AF%E3%82%A2%E3%82%B7%E3%83%83%E3%82%AF%E3%82%B9%E3%83%92%E3%83%BC%E3%83%88%E3%82%B9%E3%83%97%E3%83%AA%E3%83%B3%E3%83%88 HTTP/1.1" 200 52037 "-" "Mozilla/5.0 (Linux; Android 6.0.1; Nexus 5X Build/MMB29P) AppleWebKit/537.36 (KHTML, like Gecko) Chrome/135.0.7049.95 Mobile Safari/537.36 (compatible; Googlebot/2.1; +http://www.google.com/bot.html)"
66.249.73.128 - - [29/Apr/2025:16:30:26 -0400] "GET /?o=4798872042207&channel=97f05a&from=category-info.php%3Fid%3D720422-11515%26name%3D%EF%BC%B4%EF%BC%A1%EF%BC%AD%EF%BC%B2%EF%BC%AF%EF%BC%AE%E3%80%80%EF%BC%A5%EF%BC%92%EF%BC%94%EF%BD%8D%EF%BD%8D%E3%80%80%EF%BC%A6%EF%BC%92%EF%BC%8E%EF%BC%98%EF%BC%A4%EF%BC%A9%E3%80%80III%E3%80%80%EF%BC%AF%EF%BC%B3%EF%BC%A4%EF%BC%88%EF%BC%A6%EF%BC%90%EF%BC%95%EF%BC%91%EF%BC%B3%EF%BC%A6%EF%BC%89 HTTP/1.1" 200 53485 "-" "Mozilla/5.0 (Linux; Android 6.0.1; Nexus 5X Build/MMB29P) AppleWebKit/537.36 (KHTML, like Gecko) Chrome/135.0.7049.95 Mobile Safari/537.36 (compatible; Googlebot/2.1; +http://www.google.com/bot.html)"
66.249.73.128 - - [29/Apr/2025:16:30:34 -0400] "GET /?o=9893173377101&channel=a9d269&from=product.php%3Fid%3D733771-6278%26name%3DMAX+MARA+%E3%82%AF%E3%83%83%E3%82%B7%E3%83%BC%E3%83%8E+%E3%83%86%E3%83%87%E3%82%A3%E3%83%99%E3%82%A2+%E3%83%9E%E3%82%AD%E3%82%B7+%E3%82%AF%E3%83%A9%E3%83%83%E3%83%81%E3%83%95%E3%82%A1%E3%83%BC%E3%83%90%E3%83%83%E3%82%B0 HTTP/1.1" 200 51059 "-" "Mozilla/5.0 (Linux; Android 6.0.1; Nexus 5X Build/MMB29P) AppleWebKit/537.36 (KHTML, like Gecko) Chrome/135.0.7049.95 Mobile Safari/537.36 (compatible; Googlebot/2.1; +http://www.google.com/bot.html)"
66.249.73.128 - - [29/Apr/2025:16:30:40 -0400] "GET /?o=2934943937611&channel=5a3714&from=product.php%3Fid%3D439376-3133%26name%3D%E7%9B%B4%E5%BE%8460+%E3%82%AF%E3%83%A9%E3%82%B7%E3%83%83%E3%82%AF%E3%82%B5%E3%82%A4%E3%83%89%E3%83%86%E3%83%BC%E3%83%96%E3%83%AB+Francoise+%E3%83%95%E3%83%A9%E3%83%B3%E3%82%BD%E3%83%AF%E3%83%BC%E3%82%BA+%E3%82%A2%E3%83%B3%E3%83%86%E3%82%A3%E3%83%BC%E3%82%AF%E8%AA%BF+%E3%82%AF%E3%83%A9%E3%82%B7%E3%83%83%E3%82%AF+%E4%B8%B8%E3%83%86%E3%83%BC%E3%83%96%E3%83%AB+%E5%86%86%E5%BD%A2%E3%83%86%E3%83%BC%E3%83%96%E3%83%AB+%E9%AB%98%E7%B4%9A+%E3%82%A8%E3%83%AC%E3%82%AC%E3%83%B3%E3%83%88+%E3%83%86%E3%83%BC%E3%83%96%E3%83%AB+%E3%83%A9%E3%82%A6%E3%83%B3%E3%83%89 HTTP/1.1" 200 54821 "-" "Mozilla/5.0 (Linux; Android 6.0.1; Nexus 5X Build/MMB29P) AppleWebKit/537.36 (KHTML, like Gecko) Chrome/135.0.7049.95 Mobile Safari/537.36 (compatible; Googlebot/2.1; +http://www.google.com/bot.html)"
66.249.73.129 - - [29/Apr/2025:16:30:46 -0400] "GET /?o=1803268818501&channel=cc50b4&from=jp.php%3Fid%3D688185-13825%26name%3DYAMAHA+MOX6+%E3%80%90%E3%82%B9%E3%82%BF%E3%83%B3%E3%83%89%E4%BB%98%E3%80%91 HTTP/1.1" 200 54185 "-" "Mozilla/5.0 (Linux; Android 6.0.1; Nexus 5X Build/MMB29P) AppleWebKit/537.36 (KHTML, like Gecko) Chrome/135.0.7049.95 Mobile Safari/537.36 (compatible; Googlebot/2.1; +http://www.google.com/bot.html)"
66.249.73.129 - - [29/Apr/2025:16:30:54 -0400] "GET /?o=01800132503503&channel=73b683&from=product.php%3Fid%3D1325035-2183%26name%3D%E3%80%90%E4%B8%AD%E5%8F%A4%E3%80%91%E6%9C%AA%E4%BD%BF%E7%94%A8+CONVERSE+ADDICT+%E3%82%B3%E3%83%B3%E3%83%90%E3%83%BC%E3%82%B9%E3%82%A2%E3%83%87%E3%82%A3%E3%82%AF%E3%83%88+29cm+CHUCK+TAYLOR+CANVAS+OX+1AD249+%E3%83%81%E3%83%A3%E3%83%83%E3%82%AF%E3%83%86%E3%82%A4%E3%83%A9%E3%83%BC+%E3%82%AD%E3%83%A3%E3%83%B3%E3%83%90%E3%82%B9+GOLD+%E3%82%B9%E3%83%8B%E3%83%BC%E3%82%AB%E3%83%BC+70016336 HTTP/1.1" 200 52903 "-" "Mozilla/5.0 (Linux; Android 6.0.1; Nexus 5X Build/MMB29P) AppleWebKit/537.36 (KHTML, like Gecko) Chrome/135.0.7049.95 Mobile Safari/537.36 (compatible; Googlebot/2.1; +http://www.google.com/bot.html)"
66.249.73.129 - - [29/Apr/2025:16:31:00 -0400] "GET /?o=0399880526602&channel=5c5a21&from=brands.php%3Fid%3D805266-7438%26name%3D%E3%82%B3%E3%83%B3%E3%83%90%E3%83%BC%E3%82%B9%E3%80%80%E3%82%AA%E3%83%BC%E3%83%AB%E3%82%B9%E3%82%BF%E3%83%BC%E3%80%80%E3%83%99%E3%83%93%E3%83%BC%E3%80%80%E3%82%AD%E3%83%83%E3%82%BA%E3%80%8014.5cm HTTP/1.1" 200 54278 "-" "Mozilla/5.0 (Linux; Android 6.0.1; Nexus 5X Build/MMB29P) AppleWebKit/537.36 (KHTML, like Gecko) Chrome/135.0.7049.95 Mobile Safari/537.36 (compatible; Googlebot/2.1; +http://www.google.com/bot.html)"
66.249.73.129 - - [29/Apr/2025:16:31:07 -0400] "GET /?o=6039886428509&channel=accdb7&from=info.php%3Fid%3D864285-19046%26name%3D%E3%80%90%E9%AA%A8%E8%91%A3%E3%83%BB%E8%8C%B6%E9%81%93%E5%85%B7%E3%80%91%E2%98%85%E6%9D%8E%E6%9C%9D%EF%BC%9F%E4%B8%AD%E5%9B%BD%EF%BC%9F%E2%98%85%E2%98%85%E7%99%BD%E7%A3%81%E5%B0%8F%E5%A3%B7+el038sl.9 HTTP/1.1" 200 54437 "-" "Mozilla/5.0 (Linux; Android 6.0.1; Nexus 5X Build/MMB29P) AppleWebKit/537.36 (KHTML, like Gecko) Chrome/135.0.7049.95 Mobile Safari/537.36 (compatible; Googlebot/2.1; +http://www.google.com/bot.html)"
66.249.73.128 - - [29/Apr/2025:16:31:12 -0400] "GET /?o=19792166409704&channel=28147f&from=form.php%3Fid%3D1664097-10000%26name%3DRosmax%E3%83%8E%E3%83%BC%E3%83%88+A5+%E3%82%AF%E3%83%A9%E3%82%B7%E3%83%83%E3%82%AF+%E3%83%8E%E3%83%BC%E3%83%88%E3%83%96%E3%83%83%E3%82%AF+%E6%A8%AA%E7%BD%AB+%E3%83%8F%E3%83%BC%E3%83%89%E3%82%AB%E3%83%90%E3%83%BC%2C%E3%83%93%E3%82%B8%E3%83%8D%E3%82%B9+%E3%82%AA%E3%83%95%E3%82%A3%E3%82%B9+%E5%8B%89%E5%BC%B7%E7%94%A8+%28%E6%A8%AA14.5cm%C3%97%E7%B8%A621cm%29 HTTP/1.1" 200 53562 "-" "Mozilla/5.0 (Linux; Android 6.0.1; Nexus 5X Build/MMB29P) AppleWebKit/537.36 (KHTML, like Gecko) Chrome/135.0.7049.95 Mobile Safari/537.36 (compatible; Googlebot/2.1; +http://www.google.com/bot.html)"
66.249.73.128 - - [29/Apr/2025:16:31:16 -0400] "GET /?o=6684467241613&channel=98d98e&from=pin.php%3Fid%3D672416-19202%26name%3D%E7%84%A1%E7%B7%9ALAN%E3%82%A2%E3%83%80%E3%83%97%E3%82%BF%E3%83%BC+WiFi+%E5%AD%90%E6%A9%9F+USB%E3%82%A2%E3%83%80%E3%83%97%E3%82%BF+USB3.0+%E9%AB%98%E9%80%9F+2in1+%E3%82%A2%E3%83%80%E3%83%97%E3%82%BF+1200Mbps+5G%2B2.4G+%E9%AB%98%E9%80%9F%E5%BA%A6+5G+%E5%A4%96%E9%83%A8+%E3%82%A2%E3%83%B3%E3%83%86%E3%83%8A+%E3%83%87%E3%83%A5%E3%82%A2%E3%83%AB%E3%83%90%E3%83%B3%E3%83%89+%E5%9B%9E%E8%BB%A2 HTTP/1.1" 200 55519 "-" "Mozilla/5.0 (Linux; Android 6.0.1; Nexus 5X Build/MMB29P) AppleWebKit/537.36 (KHTML, like Gecko) Chrome/135.0.7049.95 Mobile Safari/537.36 (compatible; Googlebot/2.1; +http://www.google.com/bot.html)"
66.249.73.128 - - [29/Apr/2025:16:31:23 -0400] "GET /?o=3907967312321&channel=5afa1f&from=pin.php%3Fid%3D673123-3435%26name%3D%E3%82%BB%E3%83%BC%E3%82%BF%E3%83%BC+%E3%83%8B%E3%83%83%E3%83%88+1PIU1UGUALE3+RELAX%28%E3%82%A6%E3%83%8E%E3%83%94%E3%82%A5%E3%82%A6%E3%83%8E%E3%82%A6%E3%82%B0%E3%82%A1%E3%83%BC%E3%83%AC%E3%83%88%E3%83%AC+%E3%83%AA%E3%83%A9%E3%83%83%E3%82%AF%E3%82%B9%29%E3%82%B9%E3%82%AF%E3%82%A8%E3%82%A2%E3%83%91%E3%82%BF%E3%83%BC%E3%83%B3+%E3%83%8B%E3%83%83%E3%83%88%E3%82%B7%E3%83%A7%E3%83%BC%E3%83%AB%E3%82%AB%E3%83%A9%E3%83%BC+%E3%82%B8%E3%83%A3%E3%82%B1%E3%83%83%E3%83%88+%E3%82%AB HTTP/1.1" 200 54088 "-" "Mozilla/5.0 (Linux; Android 6.0.1; Nexus 5X Build/MMB29P) AppleWebKit/537.36 (KHTML, like Gecko) Chrome/135.0.7049.95 Mobile Safari/537.36 (compatible; Googlebot/2.1; +http://www.google.com/bot.html)"
66.249.73.128 - - [29/Apr/2025:16:31:24 -0400] "GET /?o=88864168550701&channel=19aacd&from=shared.php%3Fid%3D1685507-27178%26name%3DiPhone%E7%B4%94%E6%AD%A3%E3%82%A4%E3%83%A4%E3%83%9B%E3%83%B3%E3%80%80%E6%9C%AA%E4%BD%BF%E7%94%A8%E5%93%81%E3%80%80Apple HTTP/1.1" 200 53372 "-" "Mozilla/5.0 (Linux; Android 6.0.1; Nexus 5X Build/MMB29P) AppleWebKit/537.36 (KHTML, like Gecko) Chrome/135.0.7049.95 Mobile Safari/537.36 (compatible; Googlebot/2.1; +http://www.google.com/bot.html)"
66.249.73.128 - - [29/Apr/2025:16:31:32 -0400] "GET /?o=23875147197900&channel=9f69e2&from=info.php%3Fid%3D1471979-1611%26name%3D%E2%96%BD%E9%B4%BB%E2%96%BD+%E6%B8%85%E6%9C%9D%E6%99%82%E4%BB%A3+%E7%BF%A1%E7%BF%A0%E5%BD%AB+%E5%9B%9E%E7%B4%8B%E9%BE%8D%E6%9F%84%E7%88%B5%E6%9D%AF+%E7%BD%AE%E7%89%A9+%E6%99%82%E4%BB%A3%E7%89%A9+%E4%B8%AD%E5%9B%BD%E5%8F%A4%E7%BE%8E%E8%A1%93+%E9%AA%A8%E8%91%A3%E5%93%81 HTTP/1.1" 200 57924 "-" "Mozilla/5.0 (Linux; Android 6.0.1; Nexus 5X Build/MMB29P) AppleWebKit/537.36 (KHTML, like Gecko) Chrome/135.0.7049.95 Mobile Safari/537.36 (compatible; Googlebot/2.1; +http://www.google.com/bot.html)"
52.167.144.22 - - [29/Apr/2025:16:31:33 -0400] "GET /?o=32082156568302&channel=2940e9&from=pin.php%3Fid%3D1565683-1043%26name%3DSchott+N.Y.C.+%E3%82%B7%E3%83%A7%E3%83%83%E3%83%88+CLASSIC+TWOTONE+DOWN+JKT+%E3%82%AF%E3%83%A9%E3%82%B7%E3%83%83%E3%82%AF+2%E3%83%88%E3%83%BC%E3%83%B3+%E3%83%80%E3%82%A6%E3%83%B3%E3%82%B8%E3%83%A3%E3%82%B1%E3%83%83%E3%83%88+3122069+%E5%AE%9A%E4%BE%A13.8%E4%B8%87+%E3%83%9E%E3%82%B9%E3%82%BF%E3%83%BC%E3%83%89+M-01+L-02+XL-03%E2%96%B2105%E2%96%BC30525k03 HTTP/1.1" 200 0 "-" "Mozilla/5.0 AppleWebKit/537.36 (KHTML, like Gecko; compatible; bingbot/2.0; +http://www.bing.com/bingbot.htm) Chrome/116.0.1938.76 Safari/537.36"
52.167.144.22 - - [29/Apr/2025:16:31:35 -0400] "GET /?o=0885112605007&channel=5aa411&from=brands.php%3Fid%3D126050-7659%26name%3DMCM%28%E3%82%A8%E3%83%A0+%E3%82%B7%E3%83%BC+%E3%82%A8%E3%83%A0%29+%E3%82%AF%E3%83%AD%E3%82%B9%E3%83%90%E3%83%83%E3%82%B0+%EF%BC%8F+%E3%83%9E%E3%82%A6%E3%82%B9%E3%82%AB%E3%83%A9%E3%83%BC HTTP/1.1" 200 0 "-" "Mozilla/5.0 AppleWebKit/537.36 (KHTML, like Gecko; compatible; bingbot/2.0; +http://www.bing.com/bingbot.htm) Chrome/116.0.1938.76 Safari/537.36"
66.249.73.129 - - [29/Apr/2025:16:31:41 -0400] "GET /?o=87300143093404&channel=45d329&from=info.php%3Fid%3D1430934-10062%26name%3DNespresso+Vertuo+%E3%82%AB%E3%83%97%E3%82%BB%E3%83%AB8%E5%80%8B%E5%85%A5%E3%82%8A HTTP/1.1" 200 55269 "-" "Mozilla/5.0 (Linux; Android 6.0.1; Nexus 5X Build/MMB29P) AppleWebKit/537.36 (KHTML, like Gecko) Chrome/135.0.7049.95 Mobile Safari/537.36 (compatible; Googlebot/2.1; +http://www.google.com/bot.html)"
66.249.73.128 - - [29/Apr/2025:16:31:48 -0400] "GET /?o=5691752958009&channel=7f66f3&from=category-info.php%3Fid%3D529580-14628%26name%3DARENA+%E3%82%A2%E3%83%AA%E3%83%BC%E3%83%8A+%E7%AB%B6%E6%B3%B3%E6%B0%B4%E7%9D%80+%E3%82%B8%E3%83%A5%E3%83%8B%E3%82%A2%E7%94%B7%E5%AD%90+%E3%82%A2%E3%82%AF%E3%82%A2%E3%83%95%E3%82%A9%E3%83%BC%E3%82%B9+%E3%82%B9%E3%83%88%E3%83%BC%E3%83%A0+AQUAFORCE+STORM+CP+WA%E6%89%BF%E8%AA%8D+%E3%83%AC%E3%83%BC%E3%82%B7%E3%83%B3%E3%82%B0%E3%82%B9%E3%83%91%E3%83%83%E3%83%84%E3%83%8F%E3%83%BC%E3%83%95%E3%83%AC%E3%83%83%E3%82%B0+2025%E5%B9%B4%E6%96%B0%E8%89%B2 HTTP/1.1" 200 53408 "-" "Mozilla/5.0 (Linux; Android 6.0.1; Nexus 5X Build/MMB29P) AppleWebKit/537.36 (KHTML, like Gecko) Chrome/135.0.7049.95 Mobile Safari/537.36 (compatible; Googlebot/2.1; +http://www.google.com/bot.html)"
66.249.73.128 - - [29/Apr/2025:16:31:56 -0400] "GET /?o=49201131538602&channel=90bef4&from=brands.php%3Fid%3D1315386-22960%26name%3D%E3%83%A1%E3%83%B3%E3%82%BA+%E3%82%AB%E3%82%B8%E3%83%A5%E3%82%A2%E3%83%AB+%E3%83%80%E3%82%A6%E3%83%B3%E3%82%B8%E3%83%A3%E3%82%B1%E3%83%83%E3%83%88+%E3%83%A9%E3%82%A4%E3%83%88%E3%83%80%E3%82%A6%E3%83%B3%E3%82%B8%E3%83%A3%E3%82%B1%E3%83%83%E3%83%88+%E4%BB%98%E3%81%8D+%E4%BA%BA%E6%B0%97+%E7%84%A1%E5%9C%B0 HTTP/1.1" 200 54954 "-" "Mozilla/5.0 (Linux; Android 6.0.1; Nexus 5X Build/MMB29P) AppleWebKit/537.36 (KHTML, like Gecko) Chrome/135.0.7049.95 Mobile Safari/537.36 (compatible; Googlebot/2.1; +http://www.google.com/bot.html)"
66.249.73.128 - - [29/Apr/2025:16:32:05 -0400] "GET /?o=6424053299207&channel=2caf55&from=article.php%3Fid%3D532992-11217%26name%3DM.2+NVMe+SSD+-+USB+3.2+Gen2x2+20G+Type+C+%E3%82%A8%E3%83%B3%E3%82%AF%E3%83%AD%E3%83%BC%E3%82%B8%E3%83%A3+%28NST-220C3-SG%29 HTTP/1.1" 200 52727 "-" "Mozilla/5.0 (Linux; Android 6.0.1; Nexus 5X Build/MMB29P) AppleWebKit/537.36 (KHTML, like Gecko) Chrome/135.0.7049.95 Mobile Safari/537.36 (compatible; Googlebot/2.1; +http://www.google.com/bot.html)"
66.249.73.129 - - [29/Apr/2025:16:32:14 -0400] "GET /?o=81277103630703&channel=83e00b&from=info.php%3Fid%3D1036307-22835%26name%3DXbox360%EF%BC%8F%E3%82%A2%E3%83%AA%E3%82%B9+%E3%83%9E%E3%83%83%E3%83%89%E3%83%8D%E3%82%B9+%E3%83%AA%E3%82%BF%E3%83%BC%E3%83%B3%E3%82%BA+%EF%BC%88CERO%E3%80%8CZ%E3%80%8D18%E6%AD%B3%E4%BB%A5%E4%B8%8A%E5%AF%BE%E8%B1%A1%EF%BC%89 HTTP/1.1" 200 52840 "-" "Mozilla/5.0 (Linux; Android 6.0.1; Nexus 5X Build/MMB29P) AppleWebKit/537.36 (KHTML, like Gecko) Chrome/135.0.7049.95 Mobile Safari/537.36 (compatible; Googlebot/2.1; +http://www.google.com/bot.html)"
66.249.73.129 - - [29/Apr/2025:16:32:15 -0400] "GET /?o=8550766869803&channel=9dfa3b&from=news.php%3Fid%3D668698-9007%26name%3DSUZUKI+%E3%82%B9%E3%82%AB%E3%82%A4%E3%82%A6%E3%82%A7%E3%82%A4%E3%83%96250S-2+%E9%BB%92+%E6%B1%BA%E7%AE%97%E5%A4%A7%E5%A3%B2%E3%82%8A%E5%87%BA%E3%81%97%E3%82%BB%E3%83%BC%E3%83%AB+%E8%AB%B8%E7%B5%8C%E8%B2%BB%EF%BC%90%E5%86%86+%E5%A7%8B%E5%8B%95%E7%A2%BA%E8%AA%8D%E6%B8%88%E3%81%BF+%E8%87%AA%E8%B3%A0%E8%B2%AC%E4%BF%9D%E9%99%BA%E5%8A%A0%E5%85%A5%E3%81%A7%E4%B9%97%E3%82%8C%E3%81%BE%E3%81%99+%E5%8D%B3%E7%B4%8D%E8%BB%8A%E6%9C%89%E3%82%8A+%E6%BF%80%E5%AE%89+%E6%A8%AA%E6%B5%9C HTTP/1.1" 200 55502 "-" "Mozilla/5.0 (Linux; Android 6.0.1; Nexus 5X Build/MMB29P) AppleWebKit/537.36 (KHTML, like Gecko) Chrome/135.0.7049.95 Mobile Safari/537.36 (compatible; Googlebot/2.1; +http://www.google.com/bot.html)"
66.249.73.128 - - [29/Apr/2025:16:32:21 -0400] "GET /?o=2123039689502&channel=090ced&from=news.php%3Fid%3D396895-15344%26name%3DSP+2-8-2+CUSTOM+BRASS+%E5%85%83%E7%AE%B1+%E3%83%AC%E3%82%A2 HTTP/1.1" 200 55659 "-" "Mozilla/5.0 (Linux; Android 6.0.1; Nexus 5X Build/MMB29P) AppleWebKit/537.36 (KHTML, like Gecko) Chrome/135.0.7049.95 Mobile Safari/537.36 (compatible; Googlebot/2.1; +http://www.google.com/bot.html)"
66.249.73.128 - - [29/Apr/2025:16:32:24 -0400] "GET /?o=20066197594504&channel=6b843c&from=goods.php%3Fid%3D1975945-23786%26name%3D%E6%8A%98%E3%82%8A%E3%81%9F%E3%81%9F%E3%81%BF+%E3%83%8F%E3%83%B3%E3%82%AC%E3%83%BC%E3%83%A9%E3%83%83%E3%82%AF+%E4%BD%8E%E3%81%84+%E5%B0%8F%E5%9E%8B+2%E6%AE%B5+%E7%9C%81%E3%82%B9%E3%83%9A%E3%83%BC%E3%82%B9+%E6%B4%8B%E6%9C%8D%E6%8E%9B%E3%81%91+%E6%A3%9A%E4%BB%98%E3%81%8D+%E7%89%A9%E5%B9%B2%E3%81%97%E3%82%B9%E3%82%BF%E3%83%B3%E3%83%89+%E5%AE%A4%E5%86%85%E7%89%A9%E5%B9%B2%E3%81%97+%E3%82%BF%E3%82%AA%E3%83%AB%E5%B9%B2%E3%81%97+%E8%A1%A3%E9%A1%9E%E5%8F%8E%E7%B4%8D+%E3%83%AA%E3%83%93%E3%83%B3%E3%82%B0%E5%8F%8E%E7%B4%8D+%E3%82%A4%E3%83%B3%E3%83%86%E3%83%AA%E3%82%A2+%E3%82%B7%E3%83%B3%E3%83%97%E3%83%AB+%E3%81%8A%E3%81%97%E3%82%83%E3%82%8C+X%E5%9E%8B+%E5%8C%97%E6%AC%A7+%E3%83%8A%E3%83%81%E3%83%A5%E3%83%A9%E3%83%AB+%E3%82%B9%E3%83%AA+QvBr900 HTTP/1.1" 200 55374 "-" "Mozilla/5.0 (Linux; Android 6.0.1; Nexus 5X Build/MMB29P) AppleWebKit/537.36 (KHTML, like Gecko) Chrome/135.0.7049.95 Mobile Safari/537.36 (compatible; Googlebot/2.1; +http://www.google.com/bot.html)"
66.249.73.128 - - [29/Apr/2025:16:32:25 -0400] "GET /?o=00223153853601&channel=db8721&from=product.php%3Fid%3D1538536-19019%26name%3D%E4%B8%AD%E5%9B%BD%E4%B8%AD%E5%9B%BD%E9%BE%8D%E8%8F%AF+%E3%81%AF%E3%81%8C%E3%81%8D%E7%A9%BA%E6%AC%84%E4%BC%9D%E8%A8%80%E5%B0%81%E7%AD%92 HTTP/1.1" 200 54415 "-" "Mozilla/5.0 (Linux; Android 6.0.1; Nexus 5X Build/MMB29P) AppleWebKit/537.36 (KHTML, like Gecko) Chrome/135.0.7049.95 Mobile Safari/537.36 (compatible; Googlebot/2.1; +http://www.google.com/bot.html)"
66.249.73.128 - - [29/Apr/2025:16:32:30 -0400] "GET /?o=78281126015001&channel=f66396&from=brands.php%3Fid%3D1260150-24408%26name%3D%E3%82%B7%E3%83%AB%E3%83%93%E3%82%A2%E3%80%80%E5%BC%B7%E5%8C%96%E3%82%AF%E3%83%A9%E3%83%83%E3%83%81%E3%80%80S14++%E3%82%AF%E3%82%B9%E3%82%B3%E3%80%80%E3%82%B9%E3%83%BC%E3%83%91%E3%83%BC%E3%82%B7%E3%83%B3%E3%82%B0%E3%83%AB%E3%82%AF%E3%83%A9%E3%83%83%E3%83%81 HTTP/1.1" 200 52278 "-" "Mozilla/5.0 (Linux; Android 6.0.1; Nexus 5X Build/MMB29P) AppleWebKit/537.36 (KHTML, like Gecko) Chrome/135.0.7049.95 Mobile Safari/537.36 (compatible; Googlebot/2.1; +http://www.google.com/bot.html)"
66.249.73.129 - - [29/Apr/2025:16:32:39 -0400] "GET /?o=92285171251002&channel=47c623&from=brands.php%3Fid%3D1712510-7031%26name%3D%E3%80%905%E5%8F%B7%E7%90%83%E7%94%A8%E3%80%91%E3%82%B5%E3%83%83%E3%82%AB%E3%83%BC+%E3%83%9C%E3%83%BC%E3%83%AB+%E3%83%9B%E3%83%AB%E3%83%80%E3%83%BC+%E3%83%90%E3%83%83%E3%82%B0+%E3%82%B1%E3%83%BC%E3%82%B9+%E3%83%8D%E3%83%83%E3%83%88+%E5%8F%8E%E7%B4%8D+%E4%B8%AD%E5%AD%A6%E3%81%8B%E3%82%89 HTTP/1.1" 200 54392 "-" "Mozilla/5.0 (Linux; Android 6.0.1; Nexus 5X Build/MMB29P) AppleWebKit/537.36 (KHTML, like Gecko) Chrome/135.0.7049.95 Mobile Safari/537.36 (compatible; Googlebot/2.1; +http://www.google.com/bot.html)"
66.249.73.129 - - [29/Apr/2025:16:32:47 -0400] "GET /?o=6182392339704&channel=d53226&from=blog.php%3Fid%3D923397-12884%26name%3D%E8%B5%A4%E6%9C%A8+%E6%9B%A0%E5%85%90%E9%83%8E%E3%80%81%E3%80%90%E3%83%A9%E3%83%BB%E3%83%AA%E3%83%A5%E3%83%BC%E3%82%B7%E3%83%A5%E3%81%AE%E5%85%A5%E5%8F%A3%E3%80%91%E3%80%81%E4%BA%BA%E6%B0%97%E4%BD%9C%E5%93%81%E3%80%81%E5%B8%8C%E5%B0%91%E7%94%BB%E9%9B%86%E3%83%BB%E9%A1%8D%E8%A3%85%E7%94%BB%E3%80%81%E7%8A%B6%E6%85%8B%E8%89%AF%E5%A5%BD%E3%80%81%E9%80%81%E6%96%99%E7%84%A1%E6%96%99 HTTP/1.1" 200 53417 "-" "Mozilla/5.0 (Linux; Android 6.0.1; Nexus 5X Build/MMB29P) AppleWebKit/537.36 (KHTML, like Gecko) Chrome/135.0.7049.95 Mobile Safari/537.36 (compatible; Googlebot/2.1; +http://www.google.com/bot.html)"
52.167.144.187 - - [29/Apr/2025:16:32:51 -0400] "GET /?o=39399125207505&channel=00b58e&from=blog.php%3Fid%3D1252075-3151%26name%3D%E5%B1%8B%E5%A4%96%E5%8F%8E%E7%B4%8D%E3%82%AD%E3%83%A3%E3%83%93%E3%83%8D%E3%83%83%E3%83%88%E3%80%81%E5%8F%8E%E7%B4%8D%E3%82%AD%E3%83%A3%E3%83%93%E3%83%8D%E3%83%83%E3%83%88%E4%BB%98%E3%81%8D%E3%83%9D%E3%83%83%E3%83%86%E3%82%A3%E3%83%B3%E3%82%B0%E3%83%99%E3%83%B3%E3%83%81%E3%80%81%E6%A3%9A%E4%BB%98%E3%81%8D%E5%AE%B6%E5%85%B7%E3%83%84%E3%83%BC%E3%83%AB%E5%B0%8F%E5%B1%8B%E3%80%81%E5%BA%AD%2F%E8%A3%8F%E5%BA%AD%2F%E8%87%AA%E5%AE%85%2F%E3%83%97%E3%83%BC%E3%83%AB%E7%94%A8+%28%E3%82%B0%E3%83%AC%E3%83%BC%29 HTTP/1.1" 200 0 "-" "Mozilla/5.0 AppleWebKit/537.36 (KHTML, like Gecko; compatible; bingbot/2.0; +http://www.bing.com/bingbot.htm) Chrome/116.0.1938.76 Safari/537.36"
66.249.73.129 - - [29/Apr/2025:16:32:51 -0400] "GET /?o=8320799418317&channel=3b1f2b&from=article.php%3Fid%3D994183-8915%26name%3D%E3%82%B9%E3%83%A9%E3%83%83%E3%82%AF%E3%82%B9+%E3%80%8C%E3%82%A4%E3%83%BC%E3%82%B8%E3%83%BC%E3%82%B1%E3%82%A2%E3%80%8DLIFE+%E3%81%AB%E3%81%8E%E3%82%8F%E3%81%99+STYLE+TAILOR%E3%80%80%E3%82%B9%E3%83%88%E3%83%AC%E3%83%83%E3%83%81%E3%82%AA%E3%83%83%E3%82%AF%E3%82%B92%E3%82%BF%E3%83%83%E3%82%AF%E3%83%91%E3%83%B3%E3%83%84+%E3%83%A1%E3%83%B3%E3%82%BA HTTP/1.1" 200 53953 "-" "Mozilla/5.0 (Linux; Android 6.0.1; Nexus 5X Build/MMB29P) AppleWebKit/537.36 (KHTML, like Gecko) Chrome/135.0.7049.95 Mobile Safari/537.36 (compatible; Googlebot/2.1; +http://www.google.com/bot.html)"
66.249.73.128 - - [29/Apr/2025:16:32:56 -0400] "GET /?o=99650196019707&channel=4d888b&from=article.php%3Fid%3D1960197-29328%26name%3D%E3%80%90%E6%96%B0%E5%93%81%E3%80%91CAMP7%EF%BC%8F%E3%82%AD%E3%83%A3%E3%83%B3%E3%83%97%E3%82%BB%E3%83%96%E3%83%B3+%E3%83%AA%E3%83%90%E3%83%BC%E3%82%B7%E3%83%96%E3%83%AB%E3%83%95%E3%83%AA%E3%83%BC%E3%82%B9+M%E3%82%B5%E3%82%A4%E3%82%BA HTTP/1.1" 200 52465 "-" "Mozilla/5.0 (Linux; Android 6.0.1; Nexus 5X Build/MMB29P) AppleWebKit/537.36 (KHTML, like Gecko) Chrome/135.0.7049.95 Mobile Safari/537.36 (compatible; Googlebot/2.1; +http://www.google.com/bot.html)"
66.249.73.128 - - [29/Apr/2025:16:33:02 -0400] "GET /?o=93927153620902&channel=19cac2&from=goods.php%3Fid%3D1536209-4174%26name%3D%E5%9B%BD%E5%86%85%E6%AD%A3%E8%A6%8F%E5%93%81+%E3%83%9C%E3%83%83%E3%83%86%E3%82%AC%E3%83%B4%E3%82%A7%E3%83%8D%E3%82%BF+%E3%83%A1%E3%82%AC%E3%83%8D+%E7%9C%BC%E9%8F%A1+%E3%83%95%E3%83%AC%E3%83%BC%E3%83%A0+%E3%81%AE%E3%81%BF+BV1301O-002+%E3%82%B7%E3%83%AB%E3%83%90%E3%83%BC+%E3%83%8E%E3%83%BC%E3%82%BA%E3%83%91%E3%83%83%E3%83%89+%E3%83%A1%E3%83%B3%E3%82%BA+%E3%83%AC%E3%83%87%E3%82%A3%E3%83%BC%E3%82%B9+%E3%83%A6%E3%83%8B%E3%82%BB%E3%83%83%E3%82%AF%E3%82%B9 HTTP/1.1" 200 54027 "-" "Mozilla/5.0 (Linux; Android 6.0.1; Nexus 5X Build/MMB29P) AppleWebKit/537.36 (KHTML, like Gecko) Chrome/135.0.7049.95 Mobile Safari/537.36 (compatible; Googlebot/2.1; +http://www.google.com/bot.html)"
66.249.73.129 - - [29/Apr/2025:16:33:10 -0400] "GET /?o=02319137982301&channel=a7d952&from=pin.php%3Fid%3D1379823-12778%26name%3D1%2F24+%E3%83%A4%E3%83%AA%E3%82%B9WRC%E6%94%B9%E9%80%A0%E3%82%AD%E3%83%83%E3%83%88%283D%E3%83%97%E3%83%AA%E3%83%B3%E3%82%BF%E3%83%BC%E9%83%A8%E5%93%81%E3%80%81%E3%82%B7%E3%83%AB%E3%82%AF%E3%82%B9%E3%82%B9%E3%83%AA%E3%83%BC%E3%83%B3%E3%83%87%E3%82%AB%E3%83%BC%E3%83%AB2%E6%9E%9A%E4%BB%98%29 HTTP/1.1" 200 55677 "-" "Mozilla/5.0 (Linux; Android 6.0.1; Nexus 5X Build/MMB29P) AppleWebKit/537.36 (KHTML, like Gecko) Chrome/135.0.7049.95 Mobile Safari/537.36 (compatible; Googlebot/2.1; +http://www.google.com/bot.html)"
66.249.73.128 - - [29/Apr/2025:16:33:16 -0400] "GET /?o=17334125403700&channel=391159&from=jp.php%3Fid%3D1254037-12614%26name%3D%E3%83%8E%E3%83%BC%E3%83%88%E3%83%91%E3%82%BD%E3%82%B3%E3%83%B3%E3%80%80TMP455M-F14D+acer+DVDRW%E4%BB%98%E3%81%8D HTTP/1.1" 200 54577 "-" "Mozilla/5.0 (Linux; Android 6.0.1; Nexus 5X Build/MMB29P) AppleWebKit/537.36 (KHTML, like Gecko) Chrome/135.0.7049.95 Mobile Safari/537.36 (compatible; Googlebot/2.1; +http://www.google.com/bot.html)"
66.249.73.128 - - [29/Apr/2025:16:33:25 -0400] "GET /?o=86825140131302&channel=893992&from=shared.php%3Fid%3D1401313-14836%26name%3D%E6%BC%A2%E4%BB%A3%E8%A4%90%E9%87%89%E5%A3%BA HTTP/1.1" 200 53489 "-" "Mozilla/5.0 (Linux; Android 6.0.1; Nexus 5X Build/MMB29P) AppleWebKit/537.36 (KHTML, like Gecko) Chrome/135.0.7049.95 Mobile Safari/537.36 (compatible; Googlebot/2.1; +http://www.google.com/bot.html)"
66.249.73.128 - - [29/Apr/2025:16:33:33 -0400] "GET /?o=32787102603004&channel=437b2f&from=brands.php%3Fid%3D1026030-2353%26name%3D%E3%82%A2%E3%82%A4%E3%83%AA%E3%82%B9%E3%82%AA%E3%83%BC%E3%83%A4%E3%83%9E+%E9%A3%9F%E5%99%A8%E6%B4%97%E3%81%84%E4%B9%BE%E7%87%A5%E6%A9%9F+2020%E5%B9%B4%E8%A3%BD+ISHT-5000-W+%E5%AE%B9%E9%87%8F15%E7%82%B9+%E5%B7%A5%E4%BA%8B%E4%B8%8D%E8%A6%81+IRIS+OHYAMA+%E9%A3%9F%E6%B4%97%E5%99%A8+%E5%8B%95%E4%BD%9C%E7%A2%BA%E8%AA%8D%E6%B8%88%E3%81%BF+%E6%9C%AD%E5%B9%8C%E5%B8%82%E6%89%8B%E7%A8%B2%E5%8C%BA HTTP/1.1" 200 54052 "-" "Mozilla/5.0 (Linux; Android 6.0.1; Nexus 5X Build/MMB29P) AppleWebKit/537.36 (KHTML, like Gecko) Chrome/135.0.7049.95 Mobile Safari/537.36 (compatible; Googlebot/2.1; +http://www.google.com/bot.html)"
66.249.73.128 - - [29/Apr/2025:16:33:39 -0400] "GET /?o=67709148017201&channel=c7f65d&from=shared.php%3Fid%3D1480172-6050%26name%3DSAINT+LAURENT+PARIS+%E3%83%A2%E3%83%B3%E3%82%AF%E3%82%B9%E3%83%88%E3%83%A9%E3%83%83%E3%83%97%E3%82%B7%E3%83%A5%E3%83%BC%E3%82%BA HTTP/1.1" 200 54041 "-" "Mozilla/5.0 (Linux; Android 6.0.1; Nexus 5X Build/MMB29P) AppleWebKit/537.36 (KHTML, like Gecko) Chrome/135.0.7049.95 Mobile Safari/537.36 (compatible; Googlebot/2.1; +http://www.google.com/bot.html)"
66.249.73.128 - - [29/Apr/2025:16:33:45 -0400] "GET /?o=10693625206&channel=c38c8f&from=jp.php%3Fid%3D6252-1015%26name%3DJUNYA+WATANABE+COMME+des+GARCONS+MAN+%E3%82%B8%E3%83%A5%E3%83%B3%E3%83%A4%E3%83%AF%E3%82%BF%E3%83%8A%E3%83%99+%E3%82%B3%E3%83%A0%E3%83%87%E3%82%AE%E3%83%A3%E3%83%AB%E3%82%BD%E3%83%B3%E3%83%9E%E3%83%B3+%E5%8D%8A%E8%A2%96+%E3%82%B7%E3%83%A3%E3%83%84+23ss+Lichtenstein+%E3%83%96%E3%83%AB%E3%83%BC+sizeS+%E3%80%90%E4%B8%AD%E5%8F%A4%E3%80%91+rm HTTP/1.1" 200 53271 "-" "Mozilla/5.0 (Linux; Android 6.0.1; Nexus 5X Build/MMB29P) AppleWebKit/537.36 (KHTML, like Gecko) Chrome/135.0.7049.95 Mobile Safari/537.36 (compatible; Googlebot/2.1; +http://www.google.com/bot.html)"
66.249.73.128 - - [29/Apr/2025:16:33:54 -0400] "GET /?o=24104103214605&channel=4586ba&from=shop.php%3Fid%3D1032146-1664%26name%3DROBOT%E9%AD%82+%E3%82%B1%E3%83%B3%E3%83%97%E3%83%95%E3%82%A1%E3%83%BC+%2F+%E3%82%AC%E3%83%B3%E3%83%80%E3%83%A0+NT-1+%E3%82%A2%E3%83%AC%E3%83%83%E3%82%AF%E3%82%B9+%EF%BC%88%E6%A4%9C%EF%BC%9A+%E3%83%AD%E3%83%9C%E3%83%83%E3%83%88%E9%AD%82+ver.a.n.i.m.e. HTTP/1.1" 200 54369 "-" "Mozilla/5.0 (Linux; Android 6.0.1; Nexus 5X Build/MMB29P) AppleWebKit/537.36 (KHTML, like Gecko) Chrome/135.0.7049.95 Mobile Safari/537.36 (compatible; Googlebot/2.1; +http://www.google.com/bot.html)"
66.249.73.129 - - [29/Apr/2025:16:33:59 -0400] "GET /?o=0289460087301&channel=3ea966&from=goods.php%3Fid%3D600873-8427%26name%3D%E3%80%90%E3%83%AA%E3%82%B5%E3%82%A4%E3%82%AF%E3%83%AB%E3%82%B5%E3%83%BC%E3%83%93%E3%82%B9%E5%85%AB%E5%85%89%E3%80%80%E7%94%B0%E4%B8%8A%E5%BA%97%E3%80%80%E5%AE%89%E5%BF%83%E3%81%AE3%E3%81%8B%E6%9C%88%E4%BF%9D%E8%A8%BC%E3%80%80%E9%85%8D%E9%81%94%E3%83%BB%E8%A8%AD%E7%BD%AEOK%E3%80%91%E3%83%AA%E3%83%B3%E3%83%8A%E3%82%A4%E3%80%80%E3%82%AC%E3%82%B9%E3%82%B3%E3%83%B3%E3%83%AD%E3%80%80%EF%BC%AC%EF%BC%B0%E3%82%AC%E3%82%B9%E3%80%80RT64JH-L HTTP/1.1" 200 53968 "-" "Mozilla/5.0 (Linux; Android 6.0.1; Nexus 5X Build/MMB29P) AppleWebKit/537.36 (KHTML, like Gecko) Chrome/135.0.7049.95 Mobile Safari/537.36 (compatible; Googlebot/2.1; +http://www.google.com/bot.html)"
66.249.73.128 - - [29/Apr/2025:16:33:59 -0400] "GET /?o=8254857985803&channel=34251b&from=brands.php%3Fid%3D579858-8308%26name%3D%E3%82%BF%E3%83%9F%E3%83%A4+%E3%81%99%E3%81%9F+1%2F10+%E3%83%A9%E3%83%B3%E3%82%B5%E3%83%BC%E3%82%A8%E3%83%9C%E3%83%AA%E3%83%A5%E3%83%BC%E3%82%B7%E3%83%A7%E3%83%B3%E2%85%A5+%E3%82%B9%E3%83%9A%E3%82%A2%E3%83%9C%E3%83%87%E3%82%A3 HTTP/1.1" 200 53362 "-" "Mozilla/5.0 (Linux; Android 6.0.1; Nexus 5X Build/MMB29P) AppleWebKit/537.36 (KHTML, like Gecko) Chrome/135.0.7049.95 Mobile Safari/537.36 (compatible; Googlebot/2.1; +http://www.google.com/bot.html)"
66.249.73.128 - - [29/Apr/2025:16:34:10 -0400] "GET /?o=81392157758502&channel=00d2f8&from=blog.php%3Fid%3D1577585-21002%26name%3Dkindle+paperwhite++%28%E7%AC%AC11%E4%B8%96%E4%BB%A3%29+16GB+6.8%E3%82%A4%E3%83%B3%E3%83%81 HTTP/1.1" 200 52716 "-" "Mozilla/5.0 (Linux; Android 6.0.1; Nexus 5X Build/MMB29P) AppleWebKit/537.36 (KHTML, like Gecko) Chrome/135.0.7049.95 Mobile Safari/537.36 (compatible; Googlebot/2.1; +http://www.google.com/bot.html)"
66.249.73.128 - - [29/Apr/2025:16:34:16 -0400] "GET /?o=16636118471702&channel=d2274d&from=shop.php%3Fid%3D1184717-414%26name%3D%E5%A3%81%E7%B4%99+%E3%82%AF%E3%83%AD%E3%82%B9+%E3%81%AE%E3%82%8A%E4%BB%98%E3%81%8D+%E3%82%B7%E3%83%B3%E3%83%97%E3%83%AB%E3%83%91%E3%83%83%E3%82%AF+%28%E3%82%B9%E3%83%AA%E3%83%83%E3%83%88%E5%A3%81%E7%B4%9990cm%E5%B7%BE%29+30m+VS2040 HTTP/1.1" 200 54478 "-" "Mozilla/5.0 (Linux; Android 6.0.1; Nexus 5X Build/MMB29P) AppleWebKit/537.36 (KHTML, like Gecko) Chrome/135.0.7049.95 Mobile Safari/537.36 (compatible; Googlebot/2.1; +http://www.google.com/bot.html)"
66.249.73.128 - - [29/Apr/2025:16:34:25 -0400] "GET /?o=2910126211224&channel=32baac&from=pin.php%3Fid%3D262112-1509%26name%3D%E3%83%80%E3%83%96%E3%83%AB%E3%83%95%E3%82%A7%E3%82%A4%E3%82%B9+%E3%83%95%E3%83%A9%E3%83%AF%E3%83%BC%E5%88%BA%E7%B9%8D%E3%83%AD%E3%83%B3%E3%82%B0%E3%82%AB%E3%83%BC%E3%83%87%E3%82%A3%E3%82%AC%E3%83%B3 HTTP/1.1" 200 52945 "-" "Mozilla/5.0 (Linux; Android 6.0.1; Nexus 5X Build/MMB29P) AppleWebKit/537.36 (KHTML, like Gecko) Chrome/135.0.7049.95 Mobile Safari/537.36 (compatible; Googlebot/2.1; +http://www.google.com/bot.html)"
66.249.73.128 - - [29/Apr/2025:16:34:35 -0400] "GET /?o=871754396002&channel=13be09&from=brands.php%3Fid%3D43960-3747%26name%3D%E3%82%A2%E3%83%A9%E3%82%B8%E3%83%B3%E3%82%AC%E3%82%B9%E3%82%B9%E3%83%88%E3%83%BC%E3%83%96 HTTP/1.1" 200 53629 "-" "Mozilla/5.0 (Linux; Android 6.0.1; Nexus 5X Build/MMB29P) AppleWebKit/537.36 (KHTML, like Gecko) Chrome/135.0.7049.95 Mobile Safari/537.36 (compatible; Googlebot/2.1; +http://www.google.com/bot.html)"
66.249.73.128 - - [29/Apr/2025:16:34:41 -0400] "GET /?o=59610161087901&channel=42dc97&from=blog.php%3Fid%3D1610879-2065%26name%3D%E3%80%8ERVR%E3%80%8F+%E7%B4%94%E6%AD%A3+GA3W+%E3%82%B7%E3%83%95%E3%83%88%E3%83%8E%E3%83%96+%E3%83%91%E3%83%BC%E3%83%84+%E4%B8%89%E8%8F%B1%E7%B4%94%E6%AD%A3%E9%83%A8%E5%93%81+%E3%82%AA%E3%83%97%E3%82%B7%E3%83%A7%E3%83%B3+%E3%82%A2%E3%82%AF%E3%82%BB%E3%82%B5%E3%83%AA%E3%83%BC+%E7%94%A8%E5%93%81 HTTP/1.1" 200 56823 "-" "Mozilla/5.0 (Linux; Android 6.0.1; Nexus 5X Build/MMB29P) AppleWebKit/537.36 (KHTML, like Gecko) Chrome/135.0.7049.95 Mobile Safari/537.36 (compatible; Googlebot/2.1; +http://www.google.com/bot.html)"
