66.249.79.1 - - [29/Apr/2025:07:36:24 -0400] "GET /?o=7631053276805&channel=2caf55&from=news.php%3Fid%3D532768-11217%26name%3DYottamaster+4%E3%83%99%E3%82%A4RAID%E3%83%8F%E3%83%BC%E3%83%89%E3%83%89%E3%83%A9%E3%82%A4%E3%83%96%E3%82%A8%E3%83%B3%E3%82%AF%E3%83%AD%E3%83%BC%E3%82%B8%E3%83%A3%E3%80%81%E3%82%A2%E3%83%AB%E3%83%9F%E3%83%8B%E3%82%A6%E3%83%A0USB3.0+RAID%E3%82%A8%E3%83%B3%E3%82%AF%E3%83%AD%E3%83%BC%E3%82%B8%E3%83%A3%E3%80%813.5%26amp HTTP/1.1" 200 53202 "-" "Mozilla/5.0 (Linux; Android 6.0.1; Nexus 5X Build/MMB29P) AppleWebKit/537.36 (KHTML, like Gecko) Chrome/135.0.7049.95 Mobile Safari/537.36 (compatible; Googlebot/2.1; +http://www.google.com/bot.html)"
50.16.248.61 - - [29/Apr/2025:07:36:26 -0400] "GET /wp-includes__c454f3a/sodium_compat/namespaced/Core/ChaCha20.php HTTP/1.1" 403 1242 "-" "Mozilla/5.0 AppleWebKit/537.36 (KHTML, like Gecko; compatible; Amazonbot/0.1; +https://developer.amazon.com/support/amazonbot) Chrome/119.0.6045.214 Safari/537.36"
18.214.238.178 - - [29/Apr/2025:07:36:30 -0400] "GET /wp-includes__c454f3a/SimplePie/library/SimplePie/Source.php HTTP/1.1" 403 1242 "-" "Mozilla/5.0 AppleWebKit/537.36 (KHTML, like Gecko; compatible; Amazonbot/0.1; +https://developer.amazon.com/support/amazonbot) Chrome/119.0.6045.214 Safari/537.36"
3.213.85.234 - - [29/Apr/2025:07:36:34 -0400] "GET /wp-includes__c454f3a/js/mediaelement/renderers/?MA HTTP/1.1" 200 835 "-" "Mozilla/5.0 AppleWebKit/537.36 (KHTML, like Gecko; compatible; Amazonbot/0.1; +https://developer.amazon.com/support/amazonbot) Chrome/119.0.6045.214 Safari/537.36"
34.234.200.207 - - [29/Apr/2025:07:36:39 -0400] "GET /wp-includes__c454f3a/sodium_compat/src/Core/XSalsa20.php HTTP/1.1" 403 1242 "-" "Mozilla/5.0 AppleWebKit/537.36 (KHTML, like Gecko; compatible; Amazonbot/0.1; +https://developer.amazon.com/support/amazonbot) Chrome/119.0.6045.214 Safari/537.36"
34.236.41.241 - - [29/Apr/2025:07:36:42 -0400] "GET /wp-includes__c454f3a/js/crop/?NA HTTP/1.1" 200 938 "-" "Mozilla/5.0 AppleWebKit/537.36 (KHTML, like Gecko; compatible; Amazonbot/0.1; +https://developer.amazon.com/support/amazonbot) Chrome/119.0.6045.214 Safari/537.36"
66.249.79.8 - - [29/Apr/2025:07:36:43 -0400] "GET /?o=72402152618501&channel=42dc97&from=article.php%3Fid%3D1526185-2065%26name%3D%E3%83%95%E3%82%A7%E3%83%B3%E3%83%80%E3%83%BC%E3%82%A8%E3%82%AF%E3%82%B9%E3%83%86%E3%83%B3%E3%82%B7%E3%83%A7%E3%83%B3+%E3%82%B9%E3%82%BA%E3%82%AD+%E3%82%A8%E3%83%96%E3%83%AA%E3%82%A3+%E3%83%90%E3%83%B3+DA17V+%E3%82%B7%E3%83%AB%E3%82%AF%E3%83%AD%E3%83%BC%E3%83%89+%E3%82%AA%E3%83%BC%E3%83%90%E3%83%BC%E3%83%95%E3%82%A7%E3%83%B3%E3%83%80%E3%83%BC+%E3%82%B7%E3%83%9C%E3%83%96%E3%83%A9%E3%83%83%E3%82%AF+%E9%80%9A%E5%B8%B8%E3%82%BF%E3%82%A4%E3%83%97 HTTP/1.1" 200 56752 "-" "Mozilla/5.0 (Linux; Android 6.0.1; Nexus 5X Build/MMB29P) AppleWebKit/537.36 (KHTML, like Gecko) Chrome/135.0.7049.95 Mobile Safari/537.36 (compatible; Googlebot/2.1; +http://www.google.com/bot.html)"
34.236.41.241 - - [29/Apr/2025:07:36:46 -0400] "GET /wp-includes__c454f3a/SimplePie/src/Cache/Base.php HTTP/1.1" 403 1242 "-" "Mozilla/5.0 AppleWebKit/537.36 (KHTML, like Gecko; compatible; Amazonbot/0.1; +https://developer.amazon.com/support/amazonbot) Chrome/119.0.6045.214 Safari/537.36"
18.210.58.238 - - [29/Apr/2025:07:36:50 -0400] "GET /wp-includes__c454f3a/SimplePie/src/XML/Declaration/ HTTP/1.1" 200 813 "-" "Mozilla/5.0 AppleWebKit/537.36 (KHTML, like Gecko; compatible; Amazonbot/0.1; +https://developer.amazon.com/support/amazonbot) Chrome/119.0.6045.214 Safari/537.36"
40.77.167.46 - - [29/Apr/2025:07:37:15 -0400] "GET /?o=3777283922300&channel=42dc97&from=category-info.php%3Fid%3D839223-2065%26name%3D%E3%83%96%E3%83%AA%E3%83%83%E3%83%89+%E3%82%B9%E3%83%BC%E3%83%91%E3%83%BC%E3%82%B7%E3%83%BC%E3%83%88%E3%83%AC%E3%83%BC%E3%83%AB+FO%E3%82%BF%E3%82%A4%E3%83%97+%E5%8F%B3%E7%94%A8+%E9%81%8B%E8%BB%A2%E5%B8%AD%E5%81%B4+GR86+ZN8+T901FO+BRIDE+%E3%83%95%E3%83%AB%E3%83%90%E3%82%B1%E3%83%83%E3%83%88%E3%82%B7%E3%83%BC%E3%83%88%E7%94%A8 HTTP/1.1" 200 0 "-" "Mozilla/5.0 AppleWebKit/537.36 (KHTML, like Gecko; compatible; bingbot/2.0; +http://www.bing.com/bingbot.htm) Chrome/116.0.1938.76 Safari/537.36"
66.249.79.2 - - [29/Apr/2025:07:37:17 -0400] "GET /?o=3891081795608&channel=a0b04b&from=pin.php%3Fid%3D817956-5459%26name%3D%E3%83%95%E3%82%A1%E3%83%B3%E3%82%AD%E3%83%BC%E3%83%95%E3%82%A1%E3%83%BC%E3%83%93%E3%83%BC2+%E9%9D%92%E7%9B%AE+%E5%AE%8C%E5%85%A8%E5%8B%95%E4%BD%9C%E7%A2%BA%E8%AA%8D%E6%B8%88%E3%81%BF+%E8%8B%B1%E8%AA%9E+1046+%E7%BE%8E%E5%93%81+%E3%82%B0%E3%83%AA%E3%83%BC%E3%83%B3+furby+2005+%E3%83%B4%E3%82%A3%E3%83%B3%E3%83%86%E3%83%BC%E3%82%B8%E5%93%81+%E5%A4%A7%E3%81%8D%E3%81%AA%E3%81%AC%E3%81%84%E3%81%90%E3%82%8B%E3%81%BF+%E9%9B%BB%E5%AD%90%E3%83%9A%E3%83%83%E3%83%88 HTTP/1.1" 200 53182 "-" "Mozilla/5.0 (Linux; Android 6.0.1; Nexus 5X Build/MMB29P) AppleWebKit/537.36 (KHTML, like Gecko) Chrome/135.0.7049.95 Mobile Safari/537.36 (compatible; Googlebot/2.1; +http://www.google.com/bot.html)"
66.249.79.1 - - [29/Apr/2025:07:38:00 -0400] "GET /?o=339305306104&channel=5e0bfe&from=article.php%3Fid%3D53061-1557%26name%3D%E3%83%88%E3%83%A8%E3%82%BF%E3%80%80%E3%82%AF%E3%83%A9%E3%82%A6%E3%83%B3%E3%80%80%E3%82%AD%E3%83%BC%E3%82%A4%E3%83%B3%E3%83%86%E3%82%B0%E3%83%AC%E3%83%BC%E3%83%86%E3%83%83%E3%83%89%E3%82%A6%E3%82%A9%E3%83%83%E3%83%81 HTTP/1.1" 200 54389 "-" "Mozilla/5.0 (Linux; Android 6.0.1; Nexus 5X Build/MMB29P) AppleWebKit/537.36 (KHTML, like Gecko) Chrome/135.0.7049.95 Mobile Safari/537.36 (compatible; Googlebot/2.1; +http://www.google.com/bot.html)"
66.249.79.8 - - [29/Apr/2025:07:38:35 -0400] "GET /?o=007544403403&channel=8b9aa0&from=shared.php%3Fid%3D44034-3701%26name%3D%5BDIAMONDXSTYLE%5D+%E3%83%99%E3%83%8D%E3%83%81%E3%82%A2%E3%83%B3%E3%83%81%E3%82%A7%E3%83%BC%E3%83%B3+%E3%82%B7%E3%83%AB%E3%83%90%E3%83%BC925+%E3%83%8D%E3%83%83%E3%82%AF%E3%83%AC%E3%82%B9+%E3%83%9C%E3%83%83%E3%82%AF%E3%82%B9%E3%83%81%E3%82%A7%E3%83%BC%E3%83%B3+2.7mm+50cm HTTP/1.1" 200 52555 "-" "Mozilla/5.0 (Linux; Android 6.0.1; Nexus 5X Build/MMB29P) AppleWebKit/537.36 (KHTML, like Gecko) Chrome/135.0.7049.95 Mobile Safari/537.36 (compatible; Googlebot/2.1; +http://www.google.com/bot.html)"
66.249.79.8 - - [29/Apr/2025:07:38:54 -0400] "GET /?o=59511176216007&channel=065406&from=pin.php%3Fid%3D1762160-23388%26name%3D%E3%83%90%E3%82%AF%E3%83%8E%E3%82%A2%E3%82%B3%E3%83%BC%E3%83%92%E3%83%BC%E3%82%B9%E3%83%97%E3%83%BC%E3%83%B3%E3%80%81%E3%82%B9%E3%83%86%E3%83%B3%E3%83%AC%E3%82%B9%E3%82%B9%E3%83%81%E3%83%BC%E3%83%AB%E3%82%B9%E3%83%97%E3%83%BC%E3%83%B3%E3%80%81%E3%83%8F%E3%83%BC%E3%83%88%E5%9E%8B%E3%82%B9%E3%82%AF%E3%83%BC%E3%83%97%E3%80%81Z%E3%82%B7%E3%82%A7%E3%82%A4%E3%83%97%E3%83%8F%E3%83%B3%E3%82%AE%E3%83%B3%E3%82%B0%E3%82%AB%E3%83%83%E3%83%97%E3%82%B9%E3%83%97%E3%83%BC%E3%83%B3%E3%80%81%E3%83%87%E3%82%B6%E3%83%BC%E3%83%88%E3%82%B7%E3%83%A7%E3%83%83%E3%83%97%E7%94%A8%E3%81%AE%E8%BB%BD%E9%87%8F HTTP/1.1" 200 53773 "-" "Mozilla/5.0 (Linux; Android 6.0.1; Nexus 5X Build/MMB29P) AppleWebKit/537.36 (KHTML, like Gecko) Chrome/135.0.7049.95 Mobile Safari/537.36 (compatible; Googlebot/2.1; +http://www.google.com/bot.html)"
66.249.79.1 - - [29/Apr/2025:07:39:25 -0400] "GET /?o=1161275065400&channel=3e03c5&from=category-info.php%3Fid%3D750654-3547%26name%3D%E3%83%94%E3%83%BC%E3%82%BF%E3%83%BC%E3%83%A9%E3%83%93%E3%83%83%E3%83%88+%E9%A3%9F%E5%99%A8%E3%82%BB%E3%83%83%E3%83%88+%E3%82%B3%E3%83%BC%E3%83%92%E3%83%BC%E3%82%AB%E3%83%83%E3%83%97+%E7%9A%BF+%E3%82%B5%E3%83%A9%E3%83%80%E3%83%9C%E3%82%A6%E3%83%AB+%E3%83%97%E3%83%AC%E3%83%BC%E3%83%88+%E3%81%86%E3%81%95%E3%81%8E+%E3%83%9B%E3%83%93%E3%83%BC+%E3%82%B0%E3%83%83%E3%82%BA HTTP/1.1" 200 52815 "-" "Mozilla/5.0 (Linux; Android 6.0.1; Nexus 5X Build/MMB29P) AppleWebKit/537.36 (KHTML, like Gecko) Chrome/135.0.7049.95 Mobile Safari/537.36 (compatible; Googlebot/2.1; +http://www.google.com/bot.html)"
66.249.79.8 - - [29/Apr/2025:07:39:32 -0400] "GET /?o=2294647694500&channel=3b23c6&from=goods.php%3Fid%3D476945-16704%26name%3D%E8%96%84%E5%9E%8B+%E3%82%B1%E3%83%BC%E3%82%B9%E3%83%95%E3%82%A1%E3%83%B3+%E5%88%87%E3%82%8A%E5%8F%96%E3%82%8C+80+mmx10+mm+12V+2PIN HTTP/1.1" 200 52735 "-" "Mozilla/5.0 (Linux; Android 6.0.1; Nexus 5X Build/MMB29P) AppleWebKit/537.36 (KHTML, like Gecko) Chrome/135.0.7049.95 Mobile Safari/537.36 (compatible; Googlebot/2.1; +http://www.google.com/bot.html)"
66.249.79.8 - - [29/Apr/2025:07:39:42 -0400] "GET /?o=1745757878505&channel=e714ad&from=pin.php%3Fid%3D578785-18255%26name%3D%E3%80%90%E5%8F%97%E6%B3%A8%E7%94%9F%E7%94%A3%E5%93%81%E3%80%91%E3%82%BF%E3%82%AB%E3%82%B7%E3%83%A7%E3%83%BC+%E3%82%A8%E3%83%90%E3%83%BC%E3%82%A2%E3%83%BC%E3%83%88%E3%82%B2%E3%83%BC%E3%83%88+%E7%89%87%E9%96%8B%E3%81%8D+28S+H12+%E3%80%8E%E3%82%AB%E3%83%BC%E3%82%B2%E3%83%BC%E3%83%88+%E4%BC%B8%E7%B8%AE%E9%96%80%E6%89%89%E3%80%8F+%E3%83%A9%E3%83%83%E3%83%94%E3%83%B3%E3%82%B0%E3%82%AB%E3%83%A9%E3%83%BC+%E3%83%9B%E3%83%AF%E3%82%A4%E3%83%88%E3%83%91%E3%82%A4%E3%83%B3 HTTP/1.1" 200 53358 "-" "Mozilla/5.0 (Linux; Android 6.0.1; Nexus 5X Build/MMB29P) AppleWebKit/537.36 (KHTML, like Gecko) Chrome/135.0.7049.95 Mobile Safari/537.36 (compatible; Googlebot/2.1; +http://www.google.com/bot.html)"
66.249.79.2 - - [29/Apr/2025:07:40:07 -0400] "GET /?o=4020913268405&channel=247b2a&from=blog.php%3Fid%3D132684-8361%26name%3D%E7%A7%98%E8%97%8F+%E6%B8%85+%E4%B9%BE%E9%9A%86%E5%B9%B4%E5%88%B6+%E9%8A%85%E6%8B%93%E9%87%91+%E6%96%87%E6%A1%88%E6%93%BA%E4%BB%B6%E3%80%90%E7%90%83%E7%8D%85%E5%AD%90%E3%80%91%E4%B8%80%E5%B0%8D+%E9%8A%85%E8%A3%BD%E5%93%81+%E5%8F%A4%E9%8A%85+%E6%A5%B5%E7%B4%B0%E5%B7%A5+%E7%A8%80%E5%B0%91%E7%8F%8D%E5%93%81+%E4%B8%AD%E5%9B%BD%E5%8F%A4%E7%BE%8E%E8%A1%93+%E5%8F%A4%E7%BE%8E%E5%91%B3+L0731 HTTP/1.1" 200 54445 "-" "Mozilla/5.0 (Linux; Android 6.0.1; Nexus 5X Build/MMB29P) AppleWebKit/537.36 (KHTML, like Gecko) Chrome/135.0.7049.114 Mobile Safari/537.36 (compatible; Googlebot/2.1; +http://www.google.com/bot.html)"
40.77.167.55 - - [29/Apr/2025:07:40:09 -0400] "GET /wp-includes__c454f3a/js/tinymce/skins/lightgray/fonts/tinymce-small.eot HTTP/1.1" 200 9492 "-" "Mozilla/5.0 AppleWebKit/537.36 (KHTML, like Gecko; compatible; bingbot/2.0; +http://www.bing.com/bingbot.htm) Chrome/116.0.1938.76 Safari/537.36"
66.249.79.8 - - [29/Apr/2025:07:40:22 -0400] "GET /?o=3370348553000&channel=4f4017&from=shared.php%3Fid%3D485530-2091%26name%3D%E3%83%90%E3%83%BC%E3%83%90%E3%83%AA%E3%83%BC%E3%83%96%E3%83%A9%E3%83%83%E3%82%AF%E3%83%AC%E3%83%BC%E3%83%99%E3%83%AB%E3%83%96%E3%83%AB%E3%82%BE%E3%83%B3 HTTP/1.1" 200 52433 "-" "Mozilla/5.0 (Linux; Android 6.0.1; Nexus 5X Build/MMB29P) AppleWebKit/537.36 (KHTML, like Gecko) Chrome/135.0.7049.95 Mobile Safari/537.36 (compatible; Googlebot/2.1; +http://www.google.com/bot.html)"
66.249.79.8 - - [29/Apr/2025:07:40:24 -0400] "GET /?o=6172029712303&channel=3c9297&from=blog.php%3Fid%3D297123-13154%26name%3D%E4%BA%92%E6%8F%9B%E6%80%A7%E3%81%AE%E3%81%82%E3%82%8BMPC3503+Toner+Cartridge+MPC3503C+C3003SP+Toner+for+Ricoh+MP HTTP/1.1" 200 52068 "-" "Mozilla/5.0 (Linux; Android 6.0.1; Nexus 5X Build/MMB29P) AppleWebKit/537.36 (KHTML, like Gecko) Chrome/135.0.7049.95 Mobile Safari/537.36 (compatible; Googlebot/2.1; +http://www.google.com/bot.html)"
40.77.167.46 - - [29/Apr/2025:07:40:25 -0400] "GET /?o=8786526693500&channel=1866f3&from=shared.php%3Fid%3D266935-12519%26name%3DFUJIFILM%E2%98%86FinePix+F600EXR+%E3%82%B3%E3%83%B3%E3%83%91%E3%82%AF%E3%83%88%E3%83%87%E3%82%B8%E3%82%BF%E3%83%AB%E3%82%AB%E3%83%A1%E3%83%A9 HTTP/1.1" 200 0 "-" "Mozilla/5.0 AppleWebKit/537.36 (KHTML, like Gecko; compatible; bingbot/2.0; +http://www.bing.com/bingbot.htm) Chrome/116.0.1938.76 Safari/537.36"
66.249.79.8 - - [29/Apr/2025:07:40:27 -0400] "GET /?o=7054430061102&channel=ff7ee9&from=goods.php%3Fid%3D300611-2938%26name%3D%E3%83%97%E3%83%AA%E3%83%B3%E3%83%88%E3%82%B4%E3%83%83%E3%82%B3%E3%83%A9%E3%83%B3%E3%83%97%E3%80%80+%E3%83%AC%E3%83%88%E3%83%AD%E3%80%80%E6%96%87%E5%85%B7%E3%80%80%E4%BA%8B%E5%8B%99%E3%80%80%E5%8D%B0%E5%88%B7%E3%80%80%E3%83%8F%E3%82%AC%E3%82%AD%E3%80%80%E3%82%B3%E3%83%94%E3%83%BC%E3%80%80%E5%AE%B6%E9%9B%BB%E3%80%80%E9%9B%91%E8%B2%A8 HTTP/1.1" 200 53239 "-" "Mozilla/5.0 (Linux; Android 6.0.1; Nexus 5X Build/MMB29P) AppleWebKit/537.36 (KHTML, like Gecko) Chrome/135.0.7049.95 Mobile Safari/537.36 (compatible; Googlebot/2.1; +http://www.google.com/bot.html)"
157.55.39.63 - - [29/Apr/2025:07:40:59 -0400] "GET /?o=01070146311513&channel=d4384b&from=pin.php%3Fid%3D1463115-5661%26name%3D%E3%83%8D%E3%83%83%E3%82%AF%E3%83%AC%E3%82%B9+COLOR+BALL+NC+%2F+%E3%82%AB%E3%83%A9%E3%83%BC%E3%83%9C%E3%83%BC%E3%83%AB%E3%83%8D%E3%83%83%E3%82%AF%E3%83%AC%E3%82%B9+%E3%83%AC%E3%83%87%E3%82%A3%E3%83%BC%E3%82%B9 HTTP/1.1" 200 0 "-" "Mozilla/5.0 AppleWebKit/537.36 (KHTML, like Gecko; compatible; bingbot/2.0; +http://www.bing.com/bingbot.htm) Chrome/116.0.1938.76 Safari/537.36"
66.249.79.1 - - [29/Apr/2025:07:41:11 -0400] "GET /?o=2290057877101&channel=e714ad&from=article.php%3Fid%3D578771-18255%26name%3D%E3%80%90%E5%8F%97%E6%B3%A8%E7%94%9F%E7%94%A3%E5%93%81%E3%80%91%E3%82%BF%E3%82%AB%E3%82%B7%E3%83%A7%E3%83%BC+%E3%82%A8%E3%83%90%E3%83%BC%E3%82%A2%E3%83%BC%E3%83%88%E3%82%B2%E3%83%BC%E3%83%88+%E7%89%87%E9%96%8B%E3%81%8D+25S+H14+%E3%80%8E%E3%82%AB%E3%83%BC%E3%82%B2%E3%83%BC%E3%83%88+%E4%BC%B8%E7%B8%AE%E9%96%80%E6%89%89%E3%80%8F+%E3%83%A9%E3%83%83%E3%83%94%E3%83%B3%E3%82%B0%E3%82%AB%E3%83%A9%E3%83%BC+%E3%83%96%E3%83%A9%E3%82%A6%E3%83%B3%E3%82%A8%E3%83%9C%E3%83%8B%E3%83%BC HTTP/1.1" 200 53725 "-" "Mozilla/5.0 (Linux; Android 6.0.1; Nexus 5X Build/MMB29P) AppleWebKit/537.36 (KHTML, like Gecko) Chrome/135.0.7049.95 Mobile Safari/537.36 (compatible; Googlebot/2.1; +http://www.google.com/bot.html)"
66.249.79.8 - - [29/Apr/2025:07:41:54 -0400] "GET /?o=88306143927700&channel=92d54e&from=category-info.php%3Fid%3D1439277-24173%26name%3D%E8%8B%B1%E5%B1%B1%E4%BD%9C%E3%80%80%E6%9C%AC%E9%BC%88%E7%94%B2%E3%83%96%E3%83%AD%E3%83%BC%E3%83%81K18%E5%88%BB%E5%8D%B0%E3%80%8011.5g+%E6%9D%B1Y7-0327%E2%98%861F%E3%83%88%E3%83%92%E3%82%A6%E3%82%B5 HTTP/1.1" 200 53406 "-" "Mozilla/5.0 (Linux; Android 6.0.1; Nexus 5X Build/MMB29P) AppleWebKit/537.36 (KHTML, like Gecko) Chrome/135.0.7049.95 Mobile Safari/537.36 (compatible; Googlebot/2.1; +http://www.google.com/bot.html)"
66.249.79.8 - - [29/Apr/2025:07:42:45 -0400] "GET /?o=9198790108906&channel=fd459c&from=product.php%3Fid%3D901089-1585%26name%3D%E3%83%95%E3%82%A7%E3%83%B3%E3%83%87%E3%82%A3+FENDI+%E3%82%BA%E3%83%83%E3%82%AB+%E3%82%B7%E3%83%A7%E3%83%AB%E3%83%80%E3%83%BC%E3%83%90%E3%83%83%E3%82%B0 HTTP/1.1" 200 52523 "-" "Mozilla/5.0 (Linux; Android 6.0.1; Nexus 5X Build/MMB29P) AppleWebKit/537.36 (KHTML, like Gecko) Chrome/135.0.7049.95 Mobile Safari/537.36 (compatible; Googlebot/2.1; +http://www.google.com/bot.html)"
66.249.79.1 - - [29/Apr/2025:07:43:33 -0400] "GET /?o=01179103746706&channel=d114a2&from=category-info.php%3Fid%3D1037467-21725%26name%3D%E3%82%A6%E3%82%A4%E3%83%B3%E3%83%89%E3%83%AC%E3%82%AE%E3%83%A5%E3%83%AC%E3%83%BC%E3%82%BF%E3%83%BC+%E7%94%A8%E3%82%AA%E3%82%AF%E3%82%BF%E3%83%B4%E3%82%A3%E3%82%A2%E7%94%A8A5%E7%94%A8A6+2004-2006+2007+2008+2009+2010+2011+2012 HTTP/1.1" 200 53540 "-" "Mozilla/5.0 (Linux; Android 6.0.1; Nexus 5X Build/MMB29P) AppleWebKit/537.36 (KHTML, like Gecko) Chrome/135.0.7049.95 Mobile Safari/537.36 (compatible; Googlebot/2.1; +http://www.google.com/bot.html)"
157.55.39.63 - - [29/Apr/2025:07:43:43 -0400] "GET /?o=83577179728800&channel=6e5f96&from=article.php%3Fid%3D1797288-946%26name%3D%E4%B8%AD%E5%8F%A4%E7%94%9F%E5%86%99%E7%9C%9F%28%E5%A5%B3%E6%80%A7%29+%E5%AE%9D%E5%A1%9A%E6%AD%8C%E5%8A%87%E5%9B%A3%28%E8%8A%B1%E7%B5%84%29%2F%E9%A3%9B%E9%BE%8D%E3%81%A4%E3%81%8B%E3%81%95%2F%E3%83%A9%E3%82%A4%E3%83%96%E3%83%95%E3%82%A9%E3%83%88%E3%83%BB%E4%B8%8A%E5%8D%8A%E8%BA%AB%E3%83%BB2L%E3%82%B5%E3%82%A4%E3%82%BA%2F%E8%8A%B1%E7%B5%84%E6%9D%B1%E4%BA%AC%E5%85%AC%E6%BC%94%E3%80%8E%E3%81%AF%E3%81%84%E3%81%8B%E3%82%89%E3%81%95%E3%82%93%E3%81%8C%E9%80%9A%E3%82%8B%E3%80%8F%E8%88%9E%E5%8F%B0%E5%86%99%E7%9C%9F HTTP/1.1" 200 0 "-" "Mozilla/5.0 AppleWebKit/537.36 (KHTML, like Gecko; compatible; bingbot/2.0; +http://www.bing.com/bingbot.htm) Chrome/116.0.1938.76 Safari/537.36"
185.191.171.9 - - [29/Apr/2025:07:43:49 -0400] "GET /robots.txt HTTP/1.1" 200 89 "-" "Mozilla/5.0 (compatible; SemrushBot/7~bl; +http://www.semrush.com/bot.html)"
85.208.96.204 - - [29/Apr/2025:07:43:49 -0400] "GET /paito-sdy-bocoran-togel-jitu/ HTTP/1.1" 200 0 "-" "Mozilla/5.0 (compatible; SemrushBot/7~bl; +http://www.semrush.com/bot.html)"
66.249.79.2 - - [29/Apr/2025:07:44:14 -0400] "GET /?o=02971198647402&channel=fca6a4&from=blog.php%3Fid%3D1986474-29983%26name%3D%E3%83%81%E3%83%A5%E3%83%81%E3%83%A5%E3%82%A2%E3%83%B3%E3%83%8A+tutu+anna+%E3%83%96%E3%83%A9%E3%82%B8%E3%83%A3%E3%83%BC%E3%80%80+%E6%B0%B8%E9%81%A0%E3%81%AE%E3%83%96%E3%83%A9%E3%80%802%E3%82%BB%E3%83%83%E3%83%88+D65 HTTP/1.1" 200 54758 "-" "Mozilla/5.0 (Linux; Android 6.0.1; Nexus 5X Build/MMB29P) AppleWebKit/537.36 (KHTML, like Gecko) Chrome/135.0.7049.95 Mobile Safari/537.36 (compatible; Googlebot/2.1; +http://www.google.com/bot.html)"
66.249.79.1 - - [29/Apr/2025:07:44:32 -0400] "GET /?o=378112184400&channel=6ca276&from=pin.php%3Fid%3D21844-2357%26name%3D%E3%83%89%E3%83%AB%E3%83%9152+%E3%83%89%E3%83%BC%E3%83%AB%E3%82%BA%E3%83%91%E3%83%BC%E3%83%86%E3%82%A3%E3%83%BC52+A%E3%82%B0%E3%83%AB%E3%83%BC%E3%83%97+%E5%85%A5%E5%A0%B4%E5%88%B8+%E5%85%AC%E5%BC%8F%E3%82%AC%E3%82%A4%E3%83%89%E3%83%96%E3%83%83%E3%82%AF+%E6%89%BF%E3%82%8C+%E6%8A%9C%E3%81%8D%E5%8F%96%E3%82%8A%E3%81%AA%E3%81%97+%E3%83%9C%E3%83%BC%E3%82%AF%E3%82%B9 HTTP/1.1" 200 52782 "-" "Mozilla/5.0 (Linux; Android 6.0.1; Nexus 5X Build/MMB29P) AppleWebKit/537.36 (KHTML, like Gecko) Chrome/135.0.7049.95 Mobile Safari/537.36 (compatible; Googlebot/2.1; +http://www.google.com/bot.html)"
66.249.79.8 - - [29/Apr/2025:07:44:57 -0400] "GET /?o=6378129863025&channel=8d672e&from=shared.php%3Fid%3D298630-1515%26name%3D%E3%83%AF%E3%82%A4%E3%83%89%E3%82%B9%E3%83%88%E3%83%AC%E3%83%BC%E3%83%88%E3%83%81%E3%83%8E%E3%83%91%E3%83%B3 HTTP/1.1" 200 52893 "-" "Mozilla/5.0 (Linux; Android 6.0.1; Nexus 5X Build/MMB29P) AppleWebKit/537.36 (KHTML, like Gecko) Chrome/135.0.7049.95 Mobile Safari/537.36 (compatible; Googlebot/2.1; +http://www.google.com/bot.html)"
66.249.79.2 - - [29/Apr/2025:07:45:16 -0400] "GET /?o=10108191072006&channel=49509a&from=article.php%3Fid%3D1910720-19939%26name%3D%E6%9C%AC%E9%9D%A9%E3%80%80%E3%82%AB%E3%83%A9%E3%83%BC%E9%81%B8%E3%81%B9%E3%82%8B%E3%80%80%E5%A4%A7%E3%81%8D%E3%82%81%E3%82%AB%E3%83%BC%E3%83%89%E3%82%B1%E3%83%BC%E3%82%B9%E3%80%80%E3%83%97%E3%83%AC%E3%82%BC%E3%83%B3%E3%83%88%E3%80%80%E6%AF%8D%E3%81%AE%E6%97%A5%E3%80%80%E6%95%AC%E8%80%81%E3%81%AE%E6%97%A5%E3%80%80%E5%87%BA%E7%94%A3%E7%A5%9D%E3%81%84 HTTP/1.1" 200 53226 "-" "Mozilla/5.0 (Linux; Android 6.0.1; Nexus 5X Build/MMB29P) AppleWebKit/537.36 (KHTML, like Gecko) Chrome/135.0.7049.114 Mobile Safari/537.36 (compatible; Googlebot/2.1; +http://www.google.com/bot.html)"
66.249.79.1 - - [29/Apr/2025:07:45:43 -0400] "GET /?o=97230112050602&channel=db52b9&from=article.php%3Fid%3D1120506-21051%26name%3DCITIZEN+4-674171+%E6%89%BF%E3%82%8C+%E6%89%8B%E5%B7%BB%E3%81%8D%E6%99%82%E8%A8%88%E3%80%80%E3%82%B7%E3%83%81%E3%82%BA%E3%83%B3 HTTP/1.1" 200 53930 "-" "Mozilla/5.0 (Linux; Android 6.0.1; Nexus 5X Build/MMB29P) AppleWebKit/537.36 (KHTML, like Gecko) Chrome/135.0.7049.95 Mobile Safari/537.36 (compatible; Googlebot/2.1; +http://www.google.com/bot.html)"
66.249.79.8 - - [29/Apr/2025:07:45:47 -0400] "GET /?o=02106136574201&channel=fcfb4f&from=info.php%3Fid%3D1365742-15830%26name%3D%E5%B9%B3%E9%87%8E%E7%B4%AB%E8%80%80+%E3%81%86%E3%81%A1%E3%82%8F+Made+in HTTP/1.1" 200 53493 "-" "Mozilla/5.0 (Linux; Android 6.0.1; Nexus 5X Build/MMB29P) AppleWebKit/537.36 (KHTML, like Gecko) Chrome/135.0.7049.114 Mobile Safari/537.36 (compatible; Googlebot/2.1; +http://www.google.com/bot.html)"
157.55.39.63 - - [29/Apr/2025:07:46:03 -0400] "GET /?o=9885154581801&channel=cf1bd5&from=goods.php%3Fid%3D545818-17784%26name%3DYUAHA+OEM+21712-79900%E7%94%A8%E3%82%AF%E3%83%BC%E3%83%A9%E3%83%B3%E3%83%88%E6%B6%B2%E3%83%AA%E3%82%B6%E3%83%BC%E3%83%90%E3%83%BC%E7%94%A8%E4%BA%A4%E6%8F%9B%E7%94%A8%E3%82%AB%E3%83%BC%E3%82%AF%E3%83%BC%E3%83%A9%E3%83%B3%E3%83%88%E3%83%9C%E3%83%88%E3%83%AB HTTP/1.1" 200 0 "-" "Mozilla/5.0 AppleWebKit/537.36 (KHTML, like Gecko; compatible; bingbot/2.0; +http://www.bing.com/bingbot.htm) Chrome/116.0.1938.76 Safari/537.36"
66.249.79.2 - - [29/Apr/2025:07:46:25 -0400] "GET /?o=09560105958604&channel=3c0c0f&from=article.php%3Fid%3D1059586-18415%26name%3D%E3%83%8D%E3%82%AF%E3%82%BF%E3%82%A4%E3%83%94%E3%83%B3+2%E6%9E%9A%E3%82%BB%E3%83%83%E3%83%88+%E3%83%9F%E3%83%83%E3%83%95%E3%82%A3%E3%83%BC+%E3%82%BF%E3%82%A4%E3%83%94%E3%83%B3+%E3%83%A1%E3%83%B3%E3%82%BA+%E9%AB%98%E7%B4%9A+%E3%82%BF%E3%82%A4%E3%82%BF%E3%83%83%E3%82%AF+%E3%83%94%E3%83%B3+%E3%82%BF%E3%82%A4%E3%82%AF%E3%83%AA%E3%83%83%E3%83%97+%E3%83%8D%E3%82%AF%E3%82%BF%E3%82%A4%E3%82%AF%E3%83%AA%E3%83%83%E3%83%97+%E3%82%A2%E3%82%AF%E3%82%BB%E3%82%B5%E3%83%AA%E3%83%BC+%E3%81%8A%E6%B4%92%E8%90%BD HTTP/1.1" 200 54240 "-" "Mozilla/5.0 (Linux; Android 6.0.1; Nexus 5X Build/MMB29P) AppleWebKit/537.36 (KHTML, like Gecko) Chrome/135.0.7049.95 Mobile Safari/537.36 (compatible; Googlebot/2.1; +http://www.google.com/bot.html)"
66.249.79.1 - - [29/Apr/2025:07:46:45 -0400] "GET /?o=3025156784106&channel=0d5704&from=news.php%3Fid%3D567841-2893%26name%3D%E3%83%91%E3%83%BC%E3%82%AB%E3%83%BC+PARKER+%E7%AD%86%E8%A8%98%E5%85%B7+%E3%83%9C%E3%83%BC%E3%83%AB%E3%83%9A%E3%83%B3+%E3%82%BD%E3%83%8D%E3%83%83%E3%83%88+SONNET+%E3%83%A1%E3%83%B3%E3%82%BA+%E3%83%AC%E3%83%87%E3%82%A3%E3%83%BC%E3%82%B9+%E7%94%B7%E6%80%A7+%E5%A5%B3%E6%80%A7+%E3%83%97%E3%83%AC%E3%82%BC%E3%83%B3%E3%83%88+%E3%82%AE%E3%83%95%E3%83%88+%E3%81%8A%E7%A5%9D%E3%81%84+%E8%A8%98%E5%BF%B5%E5%93%81+%E9%A3%9F%E3%82%8F+%E3%83%96%E3%83%A9%E3%83%B3%E3%83%89+%E9%AB%98%E7%B4%9A+%E5%90%8D%E5%85%A5%E3%82%8C HTTP/1.1" 200 54062 "-" "Mozilla/5.0 (Linux; Android 6.0.1; Nexus 5X Build/MMB29P) AppleWebKit/537.36 (KHTML, like Gecko) Chrome/135.0.7049.95 Mobile Safari/537.36 (compatible; Googlebot/2.1; +http://www.google.com/bot.html)"
66.249.79.8 - - [29/Apr/2025:07:47:15 -0400] "GET /?o=4852862441908&channel=e5a2e5&from=blog.php%3Fid%3D624419-18767%26name%3D%E3%83%AD%E3%83%83%E3%82%AF%E3%82%B9%E3%83%88%E3%83%AC%E3%83%BC%E3%83%88%E3%82%B7%E3%83%A3%E3%83%95%E3%83%88%E3%82%A2%E3%83%AB%E3%83%9F%E3%83%8B%E3%82%A6%E3%83%A0%E5%90%88%E9%87%91%E3%83%87%E3%82%A3%E3%83%95%E3%82%A1%E3%83%AC%E3%83%B3%E3%82%B7%E3%83%A3%E3%83%AB%E3%83%AD%E3%83%83%E3%82%AB%E3%83%BC%E3%82%B9%E3%83%97%E3%83%BC%E3%83%AB%E9%AB%98%E5%BC%B7%E5%BA%A6%E6%BB%91%E3%82%89%E3%81%8B%E3%81%AA%E9%A7%86%E5%8B%95%E3%83%89%E3%83%A9%E3%83%83%E3%82%B0%E3%82%B9%E3%83%A9%E3%83%83%E3%82%B7%E3%83%A5C10+RC%E3%82%AB%E3%83%BC+%28R HTTP/1.1" 200 52647 "-" "Mozilla/5.0 (Linux; Android 6.0.1; Nexus 5X Build/MMB29P) AppleWebKit/537.36 (KHTML, like Gecko) Chrome/135.0.7049.95 Mobile Safari/537.36 (compatible; Googlebot/2.1; +http://www.google.com/bot.html)"
40.77.167.55 - - [29/Apr/2025:07:47:30 -0400] "GET /?o=0202871775404&channel=4c97a2&from=info.php%3Fid%3D717754-918%26name%3D%E3%80%90%E9%80%B1%E6%9C%AB%E3%82%BB%E3%83%BC%E3%83%AB%E3%80%91%E3%80%90%E3%83%9E%E3%83%A9%E3%82%BD%E3%83%B3%E3%82%BB%E3%83%BC%E3%83%AB%E3%80%91%E3%80%9010%25OFF%E3%82%AF%E3%83%BC%E3%83%9D%E3%83%B3%E3%80%91%E3%80%90%E3%83%AC%E3%83%93%E3%83%A5%E3%83%BC%E7%89%B9%E5%85%B8%EF%BC%9A%E5%BB%B6%E9%95%B7%E4%BF%9D%E8%A8%BC%E3%80%91%E3%80%90%E4%B8%AD%E5%8F%A4%E3%80%91Apple+MacBook+Pro+13%E3%82%A4%E3%83%B3%E3%83%81+2020+MXK52J%2FA+Core+i5+%E3%83%A1%E3%83%A2%E3%83%AA8GB+SSD512GB+%E3%82%B9%E3%83%9A%E3%83%BC%E3%82%B9%E3%82%B0%E3%83%AC%E3%82%A4+Retina%E3%83%87%E3%82%A3%E3%82%B9%E3%83%97%E3%83%AC%E3%82%A4+Mac+OS+Sonoma+WQXGA+1%E5%B9%B4%E4%BF%9D%E8%A8%BC HTTP/1.1" 200 0 "-" "Mozilla/5.0 AppleWebKit/537.36 (KHTML, like Gecko; compatible; bingbot/2.0; +http://www.bing.com/bingbot.htm) Chrome/116.0.1938.76 Safari/537.36"
51.222.253.8 - - [29/Apr/2025:07:47:33 -0400] "GET /tag/tafsir-mimpi/ HTTP/1.1" 200 0 "-" "Mozilla/5.0 (compatible; AhrefsBot/7.0; +http://ahrefs.com/robot/)"
66.249.79.1 - - [29/Apr/2025:07:47:36 -0400] "GET /?o=0172893585405&channel=a2f2d0&from=info.php%3Fid%3D935854-22117%26name%3D%E6%B7%A1%E6%B0%B4%E7%94%A8%E3%81%AE%E9%87%A3%E3%82%8A%E3%81%AE%E3%83%AB%E3%82%A2%E3%83%BC%E3%80%81%E3%83%8A%E3%83%9E%E3%82%BA%E7%94%A8%E3%81%AE%E9%87%A3%E3%82%8A%E9%A4%8C%2C%E3%82%B9%E3%83%91%E3%83%B3%E3%82%B3%E3%83%BC%E3%83%AB%E3%83%95%E3%82%A3%E3%83%83%E3%82%B7%E3%83%A5%E3%83%99%E3%82%A4%E3%83%88%E3%83%99%E3%83%BC%E3%82%B9%E3%83%AB%E3%82%A2%E3%83%BC%E3%83%95%E3%83%83%E3%82%AF+%7C+%E3%83%9E%E3%82%B9%E3%81%AE%E3%81%9F%E3%82%81%E3%81%AE%E7%8F%BE%E5%AE%9F%E7%9A%84%E3%81%AA%E3%82%AB%E3%83%8B%E3%81%AE%E5%BD%A2%E7%8A%B6%E9%87%A3%E3%82%8A%E7%94%A8%E5%85%B7%E3%82%A2 HTTP/1.1" 200 52509 "-" "Mozilla/5.0 (Linux; Android 6.0.1; Nexus 5X Build/MMB29P) AppleWebKit/537.36 (KHTML, like Gecko) Chrome/135.0.7049.95 Mobile Safari/537.36 (compatible; Googlebot/2.1; +http://www.google.com/bot.html)"
157.55.39.56 - - [29/Apr/2025:07:47:44 -0400] "GET /?o=9871984262809&channel=680a4d&from=shop.php%3Fid%3D842628-10145%26name%3D%E3%83%88%E3%83%A9%E3%82%A4%E3%83%90%E3%83%AB%E3%83%A9%E3%82%B0+137%C3%9792cm+%E6%89%8B%E7%B9%94%E3%82%8A+%E7%B5%A8%E6%AF%AF+%E3%82%AB%E3%83%BC%E3%83%9A%E3%83%83%E3%83%88+%E3%83%B4%E3%82%A3%E3%83%B3%E3%83%86%E3%83%BC%E3%82%B8+%E3%83%A9%E3%82%B0 HTTP/1.1" 200 0 "-" "Mozilla/5.0 AppleWebKit/537.36 (KHTML, like Gecko; compatible; bingbot/2.0; +http://www.bing.com/bingbot.htm) Chrome/116.0.1938.76 Safari/537.36"
66.249.79.8 - - [29/Apr/2025:07:47:45 -0400] "GET /?o=7726880254109&channel=01ac46&from=category-info.php%3Fid%3D802541-7296%26name%3D%E3%80%90%E6%A8%A1%E5%86%99%E3%80%91%EF%BC%88%E5%90%BC69h%EF%BC%89+%E6%B0%B8%E5%B9%B3%E5%AF%BA+%E4%B9%9D%E5%8D%81%E4%B8%89%E7%BF%81+%E7%84%A1%E8%8C%B6%E8%8B%A6%E8%8C%B6+%E5%85%AB%E5%8D%81%E4%B8%96%E3%80%80%E6%9B%B8%E3%80%80%E6%8E%9B%E8%BB%B8%E3%80%80%E7%AE%B1%E3%80%80%E7%B4%84136%C3%9751%E3%8E%9D%E3%80%80%EF%BC%880802R0507248%EF%BC%89 HTTP/1.1" 200 55571 "-" "Mozilla/5.0 (Linux; Android 6.0.1; Nexus 5X Build/MMB29P) AppleWebKit/537.36 (KHTML, like Gecko) Chrome/135.0.7049.95 Mobile Safari/537.36 (compatible; Googlebot/2.1; +http://www.google.com/bot.html)"
66.249.79.8 - - [29/Apr/2025:07:47:54 -0400] "GET /?o=1087594435403&channel=8d672e&from=blog.php%3Fid%3D944354-1515%26name%3D%E3%80%90%E3%81%93%E3%81%AA%E3%82%8CSETUP%2F%E3%82%B9%E3%83%88%E3%83%A9%E3%82%A4%E3%83%97%E6%9F%84%E3%80%91%E3%83%AA%E3%83%8D%E3%83%B3%E3%83%A9%E3%82%A4%E3%82%AF%E3%83%86%E3%83%BC%E3%83%91%E3%83%BC%E3%83%89%E3%83%91%E3%83%B3%E3%83%84 HTTP/1.1" 200 52685 "-" "Mozilla/5.0 (Linux; Android 6.0.1; Nexus 5X Build/MMB29P) AppleWebKit/537.36 (KHTML, like Gecko) Chrome/135.0.7049.95 Mobile Safari/537.36 (compatible; Googlebot/2.1; +http://www.google.com/bot.html)"
52.167.144.161 - - [29/Apr/2025:07:48:04 -0400] "GET /?o=4580116040002&channel=c924fc&from=category-info.php%3Fid%3D160400-7194%26name%3D%E3%80%904jib029%E3%80%91%E3%82%A8%E3%83%AB%E3%83%A1%E3%82%B9+%E3%83%AA%E3%83%B3%E3%82%B0%2F%E3%83%80%E3%82%A4%E3%83%A4%E3%83%A2%E3%83%B3%E3%83%89%2FK18YG+%E3%82%A4%E3%82%A8%E3%83%AD%E3%83%BC%E3%82%B4%E3%83%BC%E3%83%AB%E3%83%89+%E3%80%90%E4%B8%AD%E5%8F%A4%E3%80%91+%E3%83%AC%E3%83%87%E3%82%A3%E3%83%BC%E3%82%B9 HTTP/1.1" 200 0 "-" "Mozilla/5.0 AppleWebKit/537.36 (KHTML, like Gecko; compatible; bingbot/2.0; +http://www.bing.com/bingbot.htm) Chrome/116.0.1938.76 Safari/537.36"
54.84.93.8 - - [29/Apr/2025:07:48:36 -0400] "GET /wp-includes__c454f3a/Requests/src/Proxy/ HTTP/1.1" 200 802 "-" "Mozilla/5.0 AppleWebKit/537.36 (KHTML, like Gecko; compatible; Amazonbot/0.1; +https://developer.amazon.com/support/amazonbot) Chrome/119.0.6045.214 Safari/537.36"
18.211.148.239 - - [29/Apr/2025:07:48:38 -0400] "GET /wp-includes__c454f3a/js/mediaelement/?SD HTTP/1.1" 200 1883 "-" "Mozilla/5.0 AppleWebKit/537.36 (KHTML, like Gecko; compatible; Amazonbot/0.1; +https://developer.amazon.com/support/amazonbot) Chrome/119.0.6045.214 Safari/537.36"
34.194.14.255 - - [29/Apr/2025:07:48:43 -0400] "GET /wp-includes__c454f3a/SimplePie/src/HTTP/?ND HTTP/1.1" 200 806 "-" "Mozilla/5.0 AppleWebKit/537.36 (KHTML, like Gecko; compatible; Amazonbot/0.1; +https://developer.amazon.com/support/amazonbot) Chrome/119.0.6045.214 Safari/537.36"
207.46.13.107 - - [29/Apr/2025:07:48:43 -0400] "GET /?o=1012761935900&channel=7331c5&from=product.php%3Fid%3D619359-3736%26name%3D%E3%80%90%E5%AF%BE%E8%B1%A1%E3%82%B7%E3%83%A7%E3%83%83%E3%83%97%E9%99%90%E5%AE%9A%EF%BC%81%E6%8A%BD%E9%81%B8%E3%81%A7%E6%9C%80%E5%A4%A7100%EF%BC%85%E3%83%9D%E3%82%A4%E3%83%B3%E3%83%88%E3%83%90%E3%83%83%E3%82%AF%E3%80%91HONDA+%E3%83%9B%E3%83%B3%E3%83%80%E7%B4%94%E6%AD%A3%E9%83%A8%E5%93%81++COCK+ASSY.%2CFUEL+A++16950-GY3-005 HTTP/1.1" 200 0 "-" "Mozilla/5.0 AppleWebKit/537.36 (KHTML, like Gecko; compatible; bingbot/2.0; +http://www.bing.com/bingbot.htm) Chrome/116.0.1938.76 Safari/537.36"
34.205.170.13 - - [29/Apr/2025:07:48:47 -0400] "GET /wp-includes__c454f3a/js/crop/?SD HTTP/1.1" 200 935 "-" "Mozilla/5.0 AppleWebKit/537.36 (KHTML, like Gecko; compatible; Amazonbot/0.1; +https://developer.amazon.com/support/amazonbot) Chrome/119.0.6045.214 Safari/537.36"
23.23.103.31 - - [29/Apr/2025:07:48:52 -0400] "GET /wp-includes__c454f3a/js/tinymce/skins/?MA HTTP/1.1" 200 821 "-" "Mozilla/5.0 AppleWebKit/537.36 (KHTML, like Gecko; compatible; Amazonbot/0.1; +https://developer.amazon.com/support/amazonbot) Chrome/119.0.6045.214 Safari/537.36"
207.46.13.107 - - [29/Apr/2025:07:48:53 -0400] "GET /?o=37759121080400&channel=bb5fbb&from=form.php%3Fid%3D1210804-21180%26name%3D%E3%82%82%E3%82%82%E3%81%84%E3%82%8D%E3%82%AF%E3%83%AD%E3%83%BC%E3%83%90%E3%83%BCZ+%E7%85%8C%E3%81%91%21%E3%83%AA%E3%83%95%E3%83%AC%E3%82%AF%E3%82%BF%E3%83%BC%E3%83%9C%E3%83%87%E3%82%A3%E3%83%90%E3%83%83%E3%82%B0+%E9%AB%98%E5%9F%8E%E3%82%8C%E3%81%AB+YBGNJYQI HTTP/1.1" 200 0 "-" "Mozilla/5.0 AppleWebKit/537.36 (KHTML, like Gecko; compatible; bingbot/2.0; +http://www.bing.com/bingbot.htm) Chrome/116.0.1938.76 Safari/537.36"
3.223.134.5 - - [29/Apr/2025:07:48:56 -0400] "GET /wp-includes__c454f3a/js/tinymce/plugins/image/ HTTP/1.1" 200 833 "-" "Mozilla/5.0 AppleWebKit/537.36 (KHTML, like Gecko; compatible; Amazonbot/0.1; +https://developer.amazon.com/support/amazonbot) Chrome/119.0.6045.214 Safari/537.36"
52.3.102.51 - - [29/Apr/2025:07:48:59 -0400] "GET /wp-includes__c454f3a/js/tinymce/plugins/wpeditimage/ HTTP/1.1" 200 863 "-" "Mozilla/5.0 AppleWebKit/537.36 (KHTML, like Gecko; compatible; Amazonbot/0.1; +https://developer.amazon.com/support/amazonbot) Chrome/119.0.6045.214 Safari/537.36"
66.249.79.2 - - [29/Apr/2025:07:49:10 -0400] "GET /?o=47517115050001&channel=1ccd74&from=goods.php%3Fid%3D1150500-23601%26name%3D%E3%80%90%E7%BE%8E%E5%93%81%E3%80%91%E3%83%8F%E3%83%BC%E3%83%95%E3%83%90%E3%83%BC%E3%82%B9%E3%83%87%E3%83%BC+%E3%82%BF%E3%83%9A%E3%82%B9%E3%83%88%E3%83%AA%E3%83%BC HTTP/1.1" 200 52518 "-" "Mozilla/5.0 (Linux; Android 6.0.1; Nexus 5X Build/MMB29P) AppleWebKit/537.36 (KHTML, like Gecko) Chrome/135.0.7049.95 Mobile Safari/537.36 (compatible; Googlebot/2.1; +http://www.google.com/bot.html)"
66.249.79.1 - - [29/Apr/2025:07:49:13 -0400] "GET /?o=90291109338005&channel=0f9e3a&from=news.php%3Fid%3D1093380-7999%26name%3D%E6%96%B0%E5%93%81%E6%9C%AA%E4%BD%BF%E7%94%A8%E3%82%BF%E3%82%B0%E4%BB%98%E3%81%8D%E3%80%80Yuzu+Pooh+%E3%83%86%E3%82%A3%E3%83%83%E3%82%B7%E3%83%A5%E3%82%B1%E3%83%BC%E3%82%B9+%26%E3%81%AC%E3%81%84%E3%81%90%E3%82%8B%E3%81%BF%E7%BE%BD%E7%94%9F%E7%B5%90%E5%BC%A6%E2%98%85 HTTP/1.1" 200 51506 "-" "Mozilla/5.0 (Linux; Android 6.0.1; Nexus 5X Build/MMB29P) AppleWebKit/537.36 (KHTML, like Gecko) Chrome/135.0.7049.95 Mobile Safari/537.36 (compatible; Googlebot/2.1; +http://www.google.com/bot.html)"
66.249.79.8 - - [29/Apr/2025:07:49:18 -0400] "GET /?o=9743887015902&channel=95b9a9&from=shared.php%3Fid%3D870159-1463%26name%3D%E3%80%90%E3%83%AC%E3%83%B3%E3%82%BF%E3%83%AB%E3%80%91%E4%B8%83%E4%BA%94%E4%B8%89+%E7%9D%80%E7%89%A9+7%E6%AD%B3+%E3%83%95%E3%83%AB%E3%82%BB%E3%83%83%E3%83%88++%E5%A5%B3%E3%81%AE%E5%AD%90%E7%94%A8+%E7%9D%80%E7%89%A9%E3%82%BB%E3%83%83%E3%83%88+%E5%BC%8F%E9%83%A8%E6%B5%AA%E6%BC%AB+%E3%83%96%E3%83%A9%E3%83%B3%E3%83%89+%E5%9B%9B%E3%81%A4%E8%BA%AB%E7%9D%80%E7%89%A9+%E8%B5%A4%E8%89%B2+%E3%83%94%E3%83%B3%E3%82%AF+%E7%B4%AB%E8%89%B2+%E9%87%91%E8%89%B2+%E3%82%B4%E3%83%BC%E3%83%AB%E3%83%89+%E7%B5%9E%E3%82%8A%E6%9F%84%E9%A2%A8%E6%A8%A1%E6%A7%98+%E8%8A%B1%E6%9F%84+%E3%81%A4%E3%82%8B+%E9%B6%B4+%E3%83%84%E3%83%AB+%E6%9D%BE%E7%AB%B9%E6%A2%85+%E3%81%8D%E3%82%82%E3%81%AE+753++7%E6%89%8D+%E5%BE%80%E5%BE%A9%E9%80%81%E6%96%99%E7%84%A1%E6%96%99++7kodomo-0061 HTTP/1.1" 200 56164 "-" "Mozilla/5.0 (Linux; Android 6.0.1; Nexus 5X Build/MMB29P) AppleWebKit/537.36 (KHTML, like Gecko) Chrome/135.0.7049.95 Mobile Safari/537.36 (compatible; Googlebot/2.1; +http://www.google.com/bot.html)"
66.249.79.1 - - [29/Apr/2025:07:49:20 -0400] "GET /?o=07979101491103&channel=3f6026&from=pin.php%3Fid%3D1014911-13432%26name%3D%E3%83%93%E3%82%A2%E3%82%AB%E3%83%83%E3%83%97%EF%BC%8C+%E3%83%93%E3%83%BC%E3%83%AB%E3%82%B8%E3%83%A7%E3%83%83%E3%82%AD%E3%82%BB%E3%83%83%E3%83%88%E3%80%81%E5%92%8C%E9%A2%A8%E3%83%93%E3%83%BC%E3%83%AB%E3%82%B0%E3%83%A9%E3%82%B9%E3%80%81%E3%83%91%E3%83%BC%E3%82%BD%E3%83%8A%E3%83%A9%E3%82%A4%E3%82%BA%E3%81%95%E3%82%8C%E3%81%9F%E9%80%8F%E6%98%8E%E3%82%AC%E3%83%A9%E3%82%B9%E3%82%AB%E3%83%83%E3%83%97%E3%80%81%E5%A4%9A%E6%A9%9F%E8%83%BD%E3%83%89%E3%83%AA%E3%83%B3%E3%82%AF%E3%82%A6%E3%82%A7%E3%82%A2%E3%80%81%E3%83%93%E3%83%BC%E3%83%AB%E3%82%B8%E3%83%A7%E3%83%83%E3%82%AD HTTP/1.1" 200 53242 "-" "Mozilla/5.0 (Linux; Android 6.0.1; Nexus 5X Build/MMB29P) AppleWebKit/537.36 (KHTML, like Gecko) Chrome/135.0.7049.95 Mobile Safari/537.36 (compatible; Googlebot/2.1; +http://www.google.com/bot.html)"
85.208.96.199 - - [29/Apr/2025:07:49:25 -0400] "GET /bocoran-togel-jitu-beijing-sabtu-25-november-2023/ HTTP/1.1" 200 0 "-" "Mozilla/5.0 (compatible; SemrushBot/7~bl; +http://www.semrush.com/bot.html)"
52.167.144.161 - - [29/Apr/2025:07:49:54 -0400] "GET /?o=2245661442206&channel=fa69ae&from=brands.php%3Fid%3D614422-2666%26name%3DXiaomi+redmi+note+11 HTTP/1.1" 200 0 "-" "Mozilla/5.0 AppleWebKit/537.36 (KHTML, like Gecko; compatible; bingbot/2.0; +http://www.bing.com/bingbot.htm) Chrome/116.0.1938.76 Safari/537.36"
66.249.79.2 - - [29/Apr/2025:07:50:08 -0400] "GET /?o=0271890206605&channel=d7d654&from=goods.php%3Fid%3D902066-21867%26name%3D%E5%86%85%E9%83%A8%E3%81%AE%E5%A4%96%E8%A6%B3%E8%80%90%E4%B9%85%E6%80%A7%E3%81%AE%E3%81%82%E3%82%8B%E3%83%97%E3%83%A9%E3%82%A4%E3%83%84%E3%83%BC%E3%83%AB%E7%B0%A1%E5%8D%98%E3%81%AA%E5%89%8A%E9%99%A4%E8%87%AA%E5%8B%95%E8%BB%8A%E6%A9%9F%E5%99%A8%E3%83%89%E3%82%A2%E3%83%97%E3%83%AC%E3%83%BC%E3%83%88%E3%83%90%E3%83%83%E3%82%AF%E3%83%AB%E3%83%91%E3%83%8D%E3%83%AB%E3%83%8F%E3%83%B3%E3%83%89%E3%83%AB%E3%83%88%E3%83%AA%E3%83%A0%E9%99%A4%E5%8E%BB HTTP/1.1" 200 53865 "-" "Mozilla/5.0 (Linux; Android 6.0.1; Nexus 5X Build/MMB29P) AppleWebKit/537.36 (KHTML, like Gecko) Chrome/135.0.7049.95 Mobile Safari/537.36 (compatible; Googlebot/2.1; +http://www.google.com/bot.html)"
207.46.13.107 - - [29/Apr/2025:07:50:13 -0400] "GET /?o=3928877994900&channel=3f03a3&from=goods.php%3Fid%3D779949-1512%26name%3D%E5%A7%BF%E5%8B%A2%E3%82%92%E6%AD%A3%E5%B8%B8%E5%8C%96%E3%81%95%E3%81%9B%E3%82%8B%E3%82%AB%E3%82%A4%E3%83%AD%E3%83%9E%E3%83%83%E3%83%88%E3%83%AC%E3%82%B9%E3%80%81%E6%9E%95%E3%80%81%E5%90%84%E3%82%AB%E3%83%90%E3%83%BC%E3%80%81%28%E3%82%B1%E3%83%BC%E3%82%B9%E3%81%A8%E3%82%B5%E3%83%97%E3%83%AA%E7%84%A1%E6%96%99%29 HTTP/1.1" 200 0 "-" "Mozilla/5.0 AppleWebKit/537.36 (KHTML, like Gecko; compatible; bingbot/2.0; +http://www.bing.com/bingbot.htm) Chrome/116.0.1938.76 Safari/537.36"
66.249.79.8 - - [29/Apr/2025:07:50:16 -0400] "GET /?o=9110992505202&channel=9133be&from=product.php%3Fid%3D925052-4207%26name%3D%E3%80%90%E6%96%B0%E5%93%81+%E9%80%81%E6%96%99%E7%84%A1%E6%96%99%E3%80%91%E5%B9%8590cm++%E6%A3%9A%E4%BB%98%E3%81%8D+%E3%83%9E%E3%83%AB%E3%83%81%E3%83%87%E3%82%B9%E3%82%AF%E3%80%80%E5%85%A82%E8%89%B2%E3%80%80%E3%82%AB%E3%82%A6%E3%83%B3%E3%82%BF%E3%83%BC%E3%83%86%E3%83%BC%E3%83%96%E3%83%AB HTTP/1.1" 200 54728 "-" "Mozilla/5.0 (Linux; Android 6.0.1; Nexus 5X Build/MMB29P) AppleWebKit/537.36 (KHTML, like Gecko) Chrome/135.0.7049.95 Mobile Safari/537.36 (compatible; Googlebot/2.1; +http://www.google.com/bot.html)"
66.249.79.1 - - [29/Apr/2025:07:50:19 -0400] "GET /?o=26090180174607&channel=7052a3&from=jp.php%3Fid%3D1801746-28900%26name%3DMllepjdh+%E3%83%8A%E3%82%A4%E3%83%AD%E3%83%B3+%E3%83%99%E3%82%A2%E3%83%AA%E3%83%B3%E3%82%B0+%E3%83%97%E3%83%BC%E3%83%AA%E3%83%BC+%E3%83%9B%E3%82%A4%E3%83%BC%E3%83%AB+%E3%83%A9%E3%82%A6%E3%83%B3%E3%83%89+%E3%83%96%E3%83%A9%E3%83%83%E3%82%AF+%E3%83%9B%E3%82%A4%E3%83%BC%E3%83%AB+%E3%82%B1%E3%83%BC%E3%83%96%E3%83%AB+%E3%82%B8%E3%83%A0+%E3%83%95%E3%82%A3%E3%83%83%E3%83%88%E3%83%8D%E3%82%B9%E6%A9%9F%E5%99%A8+%E3%83%91%E3%83%BC%E3%83%84 HTTP/1.1" 200 53993 "-" "Mozilla/5.0 (Linux; Android 6.0.1; Nexus 5X Build/MMB29P) AppleWebKit/537.36 (KHTML, like Gecko) Chrome/135.0.7049.95 Mobile Safari/537.36 (compatible; Googlebot/2.1; +http://www.google.com/bot.html)"
66.249.79.8 - - [29/Apr/2025:07:50:26 -0400] "GET /?o=55296126525410&channel=8a6308&from=product.php%3Fid%3D1265254-2745%26name%3D%E4%BA%BA%E9%96%93%E5%9B%BD%E5%AE%9D%E3%80%80%E6%B5%9C%E7%94%B0%E5%BA%84%E5%8F%B8%E3%80%80%E8%8A%B1%E7%93%B6%E3%80%80%E5%90%89%E6%9D%91%E6%A1%82%E5%B3%B0%E7%B9%94%E7%AE%B1 HTTP/1.1" 200 53598 "-" "Mozilla/5.0 (Linux; Android 6.0.1; Nexus 5X Build/MMB29P) AppleWebKit/537.36 (KHTML, like Gecko) Chrome/135.0.7049.95 Mobile Safari/537.36 (compatible; Googlebot/2.1; +http://www.google.com/bot.html)"
66.249.79.8 - - [29/Apr/2025:07:50:36 -0400] "GET /?o=04509188897201&channel=cc5524&from=category-info.php%3Fid%3D1888972-27345%26name%3D%E3%80%90%E6%96%B0%E5%93%81%E6%9C%AA%E4%BD%BF%E7%94%A8%E3%80%91%E3%82%AA%E3%83%87%E3%83%83%E3%82%BB%E3%82%A4+%E3%83%91%E3%82%BF%E3%83%BC%E7%94%A8%E3%83%98%E3%83%83%E3%83%89%E3%82%AB%E3%83%90%E3%83%BC%E3%83%BB%E3%83%94%E3%83%B3%E3%83%BB%E3%83%AD%E3%82%B1%E3%83%83%E3%83%88+%E9%80%81%E6%96%99%E7%84%A1%E6%96%99 HTTP/1.1" 200 55330 "-" "Mozilla/5.0 (Linux; Android 6.0.1; Nexus 5X Build/MMB29P) AppleWebKit/537.36 (KHTML, like Gecko) Chrome/135.0.7049.95 Mobile Safari/537.36 (compatible; Googlebot/2.1; +http://www.google.com/bot.html)"
207.46.13.107 - - [29/Apr/2025:07:50:39 -0400] "GET /?o=2226483245802&channel=afcd48&from=jp.php%3Fid%3D832458-8071%26name%3D%E3%82%B3%E3%82%AB%E3%82%B3%E3%83%BC%E3%83%A9%E3%81%AE%E9%9B%BB%E8%A9%B1%E6%A9%9F%E3%80%80%E3%83%B4%E3%82%A3%E3%83%B3%E3%83%86%E3%83%BC%E3%82%B8%E3%80%80%E3%83%AC%E3%83%88%E3%83%AD%E3%80%80%E5%B8%8C%E5%B0%91%E5%93%81 HTTP/1.1" 200 0 "-" "Mozilla/5.0 AppleWebKit/537.36 (KHTML, like Gecko; compatible; bingbot/2.0; +http://www.bing.com/bingbot.htm) Chrome/116.0.1938.76 Safari/537.36"
66.249.79.8 - - [29/Apr/2025:07:50:47 -0400] "GET /?o=8030633437305&channel=e07510&from=jp.php%3Fid%3D334373-5541%26name%3D%E9%98%B2%E9%A2%A8%E9%98%B2%E6%B0%B4+%E8%80%90%E6%B0%B4%E5%9C%A72000%EF%BD%8D%EF%BD%8D+%E9%80%9A%E6%B0%97%E6%80%A7%E3%81%AB%E5%84%AA%E3%82%8C+UV%E3%82%AB%E3%83%83%E3%83%88%E5%8A%A0%E5%B7%A5+%E7%B0%A1%E5%8D%98%E8%A8%AD%E5%96%B6+%E8%B6%85%E8%BB%BD%E9%87%8F+%E3%82%AD%E3%83%A3%E3%83%B3%E3%83%97+%E3%83%86%E3%83%B3%E3%83%88+%E3%83%86%E3%83%B3%E3%83%88+%E3%83%89%E3%83%BC%E3%83%A0%E3%83%86%E3%83%B3%E3%83%88+%E3%83%9E%E3%83%83%E3%83%88%E4%BB%98%E3%81%8D+240%2A240%2A156cm+3-6%E4%BA%BA%E7%94%A8+%E5%8F%8E%E7%B4%8D%E8%A2%8B%E4%BB%98%E3%81%8D+%E3%83%AF%E3%83%B3%E3%82%BF%E3%83%83%E3%83%81%E3%83%86%E3%83%B3%E3%83%88 HTTP/1.1" 200 55465 "-" "Mozilla/5.0 (Linux; Android 6.0.1; Nexus 5X Build/MMB29P) AppleWebKit/537.36 (KHTML, like Gecko) Chrome/135.0.7049.95 Mobile Safari/537.36 (compatible; Googlebot/2.1; +http://www.google.com/bot.html)"
66.249.79.8 - - [29/Apr/2025:07:50:52 -0400] "GET /?o=7224910448909&channel=a84c1c&from=pin.php%3Fid%3D104489-914%26name%3DYKK+%E7%8E%84%E9%96%A2%E5%BC%95%E3%81%8D%E6%88%B8+%E3%82%B3%E3%83%B3%E3%82%B3%E3%83%BC%E3%83%89S30+E01+%E5%A4%96%E5%BC%95%E8%BE%BC%E3%81%BF+%E9%96%A2%E6%9D%B1%E9%96%93%E5%85%A5%E9%9A%85%28%E5%B0%8F%29+W1595%C3%97H2195mm+%E3%83%94%E3%82%BF%E3%83%83%E3%83%88Key+%E3%83%9D%E3%82%B1%E3%83%83%E3%83%88Key+%E6%89%8B%E5%8B%95%E9%8C%A0+%E6%96%AD%E7%86%B1%E3%82%BF%E3%82%A4%E3%83%97+%E7%8E%84%E9%96%A2%E5%BC%95%E6%88%B8+%E7%8E%84%E9%96%A2%E3%83%89%E3%82%A2+%E3%83%AA%E3%83%95%E3%82%A9%E3%83%BC%E3%83%A0+DIY+kenzai HTTP/1.1" 200 55191 "-" "Mozilla/5.0 (Linux; Android 6.0.1; Nexus 5X Build/MMB29P) AppleWebKit/537.36 (KHTML, like Gecko) Chrome/135.0.7049.95 Mobile Safari/537.36 (compatible; Googlebot/2.1; +http://www.google.com/bot.html)"
52.167.144.161 - - [29/Apr/2025:07:51:10 -0400] "GET /?o=02549154703000&channel=c5570c&from=pin.php%3Fid%3D1547030-12744%26name%3DDeLonghi+%E3%83%87%E3%83%AD%E3%83%B3%E3%82%AE%E3%83%9E%E3%83%AB%E3%83%81%E3%83%80%E3%82%A4%E3%83%8A%E3%83%9F%E3%83%83%E3%82%AF%E3%83%92%E3%83%BC%E3%82%BF%E3%83%BC%E3%80%90MDHAA15WiFi%E3%80%91 HTTP/1.1" 200 0 "-" "Mozilla/5.0 AppleWebKit/537.36 (KHTML, like Gecko; compatible; bingbot/2.0; +http://www.bing.com/bingbot.htm) Chrome/116.0.1938.76 Safari/537.36"
66.249.79.1 - - [29/Apr/2025:07:51:15 -0400] "GET /?o=72797140721705&channel=5376f6&from=blog.php%3Fid%3D1407217-14858%26name%3DCartier+%C3%89crou+De+Cartier+Right+Earring+Au+750+B8301436+%E3%82%AB%E3%83%AB%E3%83%86%E3%82%A3%E3%82%A8+%E3%82%A8%E3%82%AF%E3%83%AB+%E3%83%89%E3%82%A5+%E3%82%AB%E3%83%AB%E3%83%86%E3%82%A3%E3%82%A8+%E3%82%A4%E3%83%A4%E3%83%AA%E3%83%B3%E3%82%B0+%E3%82%A2%E3%82%AF%E3%82%BB%E3%82%B5%E3%83%AA%E3%83%BC+%E3%83%94%E3%82%A2%E3%82%B9+%E3%82%A4%E3%82%A8%E3%83%AD%E3%83%BC%E3%82%B4%E3%83%BC%E3%83%AB%E3%83%89750%2F1000+%E5%8F%B3%E7%94%A8+%E3%82%B7%E3%83%B3%E3%82%B0%E3%83%AB%E3%82%A4%E3%83%A4%E3%83%AA%E3%83%B3%E3%82%B0+%E3%82%B4%E3%83%BC%E3%83%AB%E3%83%89%E3%80%90240605%E3%80%91%E3%80%90%E4%B8%AD%E5%8F%A4-A%E3%80%91%E3%80%90me04%E3%80%91 HTTP/1.1" 200 53046 "-" "Mozilla/5.0 (Linux; Android 6.0.1; Nexus 5X Build/MMB29P) AppleWebKit/537.36 (KHTML, like Gecko) Chrome/135.0.7049.95 Mobile Safari/537.36 (compatible; Googlebot/2.1; +http://www.google.com/bot.html)"
66.249.79.2 - - [29/Apr/2025:07:51:16 -0400] "GET /?o=012718679204&channel=ac0c99&from=category-info.php%3Fid%3D86792-2398%26name%3D%E3%80%90%E6%88%90%E4%BA%BA%E5%BC%8F+%E6%8C%AF%E8%A2%96+%E3%83%AC%E3%83%B3%E3%82%BF%E3%83%AB%E3%80%91%E6%88%90%E4%BA%BA%E5%BC%8F+%E6%8C%AF%E8%A2%96%7C%E6%88%90%E4%BA%BA%E5%BC%8F%E6%8C%AF%E8%A2%96%E3%83%AC%E3%83%B3%E3%82%BF%E3%83%AB%7C%E6%8C%AF%E8%A2%96+%E6%8C%AF%E8%A2%96+1079+%E5%92%8C%E9%81%8A%E6%A5%BD+%E5%B7%A1+MEGURU%7C%E2%98%86%E6%96%B0%E5%93%81%E8%B6%B3%E8%A2%8B%E3%83%97%E3%83%AC%E3%82%BC%E3%83%B3%E3%83%88%E2%98%86%7C%E6%8C%AF%E8%A2%96%E3%83%AC%E3%83%B3%E3%82%BF%E3%83%AB%7C%E6%88%90%E4%BA%BA%E5%BC%8F+%E6%8C%AF%E8%A2%96%7C%E3%83%AC%E3%83%B3%E3%82%BF%E3%83%AB+%E6%8C%AF%E8%A2%96%7C%E6%AD%A3%E7%B5%B9%7C%E6%8C%AF%E8%A2%96+%E3%82%BB%E3%83%83%E3%83%88%7C%E6%8C%AF%E8%A2%96%E3%83%95%E3%83%AB%E3%82%BB%E3%83%83%E3%83%88%7C%E6%88%90%E4%BA%BA%E5%BC%8F+%E3%83%AC%E3%83%B3%E3%82%BF%E3%83%AB%7Crental%7C%E8%B2%B8%E8%A1%A3%E8%A3%85%7C HTTP/1.1" 200 55143 "-" "Mozilla/5.0 (Linux; Android 6.0.1; Nexus 5X Build/MMB29P) AppleWebKit/537.36 (KHTML, like Gecko) Chrome/135.0.7049.95 Mobile Safari/537.36 (compatible; Googlebot/2.1; +http://www.google.com/bot.html)"
52.167.144.161 - - [29/Apr/2025:07:51:30 -0400] "GET /?o=5099338814801&channel=54ee37&from=category-info.php%3Fid%3D388148-6663%26name%3D%E6%97%A5%E7%94%A3%E7%B4%94%E6%AD%A3HDD%E3%83%8A%E3%83%93%E3%82%B2%E3%83%BC%E3%82%B7%E3%83%A7%E3%83%B3%28%E3%83%95%E3%83%AB%E3%82%BB%E3%82%B0%E5%AF%BE%E5%BF%9C%29 HTTP/1.1" 200 0 "-" "Mozilla/5.0 AppleWebKit/537.36 (KHTML, like Gecko; compatible; bingbot/2.0; +http://www.bing.com/bingbot.htm) Chrome/116.0.1938.76 Safari/537.36"
207.46.13.107 - - [29/Apr/2025:07:51:40 -0400] "GET /?o=89390142233500&channel=6564de&from=jp.php%3Fid%3D1422335-912%26name%3D%E3%83%8B%E3%83%83%E3%83%9A%E3%83%9B%E3%83%BC%E3%83%A0+%E6%B0%B4%E6%80%A7%E3%83%95%E3%83%AC%E3%83%83%E3%82%B7%E3%83%A5%E3%83%AF%E3%82%A4%E3%83%89+7L+%E3%82%AA%E3%83%95%E3%83%9B%E3%83%AF%E3%82%A4%E3%83%88+45 HTTP/1.1" 200 0 "-" "Mozilla/5.0 AppleWebKit/537.36 (KHTML, like Gecko; compatible; bingbot/2.0; +http://www.bing.com/bingbot.htm) Chrome/116.0.1938.76 Safari/537.36"
66.249.79.1 - - [29/Apr/2025:07:52:14 -0400] "GET /?o=0693284608604&channel=224101&from=blog.php%3Fid%3D846086-21376%26name%3D%E7%AC%AC3%E5%BC%BE+%E6%81%90%E7%AB%9C+%E5%8F%A4%E4%BB%A3%E7%94%9F%E7%89%A9%E3%83%95%E3%82%A3%E3%82%AE%E3%83%A5%E3%82%A2+DINOTALES+3+24%E7%A8%AE%E9%A1%9E HTTP/1.1" 200 53640 "-" "Mozilla/5.0 (Linux; Android 6.0.1; Nexus 5X Build/MMB29P) AppleWebKit/537.36 (KHTML, like Gecko) Chrome/135.0.7049.95 Mobile Safari/537.36 (compatible; Googlebot/2.1; +http://www.google.com/bot.html)"
66.249.79.8 - - [29/Apr/2025:07:53:20 -0400] "GET /?o=4785152782103&channel=c78a62&from=blog.php%3Fid%3D527821-2391%26name%3D%E2%91%A1%E2%99%A6%EF%B8%8FEJ916%E7%95%AATOSHIBA%E6%9D%B1%E8%8A%9D%E5%86%B7%E5%87%8D%E5%86%B7%E8%94%B5%E5%BA%AB HTTP/1.1" 200 54248 "-" "Mozilla/5.0 (Linux; Android 6.0.1; Nexus 5X Build/MMB29P) AppleWebKit/537.36 (KHTML, like Gecko) Chrome/135.0.7049.114 Mobile Safari/537.36 (compatible; Googlebot/2.1; +http://www.google.com/bot.html)"
40.77.167.8 - - [29/Apr/2025:07:53:43 -0400] "GET /?s= HTTP/1.1" 200 0 "-" "Mozilla/5.0 AppleWebKit/537.36 (KHTML, like Gecko; compatible; bingbot/2.0; +http://www.bing.com/bingbot.htm) Chrome/116.0.1938.76 Safari/537.36"
207.46.13.107 - - [29/Apr/2025:07:53:45 -0400] "GET /?o=3879096151703&channel=166335&from=goods.php%3Fid%3D961517-1809%26name%3DHONDA%E3%82%B6%E3%83%83%E3%83%84660%EF%BC%81%E8%BB%8A%E6%A4%9C%EF%BC%92%E5%B9%B4%E5%8F%97%E3%81%91%E6%B8%A1%E3%81%97%E7%B4%8D%E8%BB%8A%EF%BC%81JD1%EF%BC%81%E8%AA%BF%E5%AD%90%E8%89%AF%E5%A5%BD%EF%BC%81%E5%A4%A7%E9%98%AA%E5%BA%9C%E7%99%BA HTTP/1.1" 200 0 "-" "Mozilla/5.0 AppleWebKit/537.36 (KHTML, like Gecko; compatible; bingbot/2.0; +http://www.bing.com/bingbot.htm) Chrome/116.0.1938.76 Safari/537.36"
52.167.144.161 - - [29/Apr/2025:07:53:50 -0400] "GET /?o=09823189730900&channel=413258&from=blog.php%3Fid%3D1897309-29716%26name%3D%E7%B4%AB%E8%89%B2%E3%81%AE%E3%82%B3%E3%83%BC%E3%83%88%E3%80%80%E3%82%B7%E3%83%A7%E3%83%BC%E3%83%AB%EF%BC%88%E3%83%94%E3%83%B3%E3%82%AF%E8%A3%8F%E5%9C%B0%EF%BC%89%E3%80%80%E9%9B%A8%E7%94%A8%E3%82%B3%E3%83%BC%E3%83%88%E3%80%80%E5%92%8C%E8%A3%85%E3%82%B3%E3%83%BC%E3%83%88%E3%80%80%E3%82%A2%E3%83%B3%E3%83%86%E3%82%A3%E3%83%BC%E3%82%AF HTTP/1.1" 200 0 "-" "Mozilla/5.0 AppleWebKit/537.36 (KHTML, like Gecko; compatible; bingbot/2.0; +http://www.bing.com/bingbot.htm) Chrome/116.0.1938.76 Safari/537.36"
66.249.79.1 - - [29/Apr/2025:07:54:23 -0400] "GET /?o=1189773289600&channel=12094b&from=category-info.php%3Fid%3D732896-6596%26name%3DSeagate+ST3500418AS+500+GB+%E3%83%8F%E3%83%BC%E3%83%89+%E3%83%89%E3%83%A9%E3%82%A4%E3%83%96+%E4%B8%A6%E8%A1%8C%E8%BC%B8%E5%85%A5%E5%93%81 HTTP/1.1" 200 54416 "-" "Mozilla/5.0 (Linux; Android 6.0.1; Nexus 5X Build/MMB29P) AppleWebKit/537.36 (KHTML, like Gecko) Chrome/135.0.7049.95 Mobile Safari/537.36 (compatible; Googlebot/2.1; +http://www.google.com/bot.html)"
66.249.79.8 - - [29/Apr/2025:07:54:54 -0400] "GET /?o=29221170948804&channel=f0ce86&from=jp.php%3Fid%3D1709488-17350%26name%3DUNDER+ARMOUR+%E3%83%88%E3%83%AC%E3%83%BC%E3%83%8B%E3%83%B3%E3%82%B0T%E3%82%B7%E3%83%A3%E3%83%84+%E3%83%AC%E3%83%83%E3%83%89%E3%80%80%E3%82%B3%E3%83%B3%E3%83%97%E3%83%AC%E3%83%83%E3%82%B7%E3%83%A7%E3%83%B3SM HTTP/1.1" 200 53033 "-" "Mozilla/5.0 (Linux; Android 6.0.1; Nexus 5X Build/MMB29P) AppleWebKit/537.36 (KHTML, like Gecko) Chrome/135.0.7049.95 Mobile Safari/537.36 (compatible; Googlebot/2.1; +http://www.google.com/bot.html)"
66.249.79.2 - - [29/Apr/2025:07:55:18 -0400] "GET /?o=18497161410002&channel=fd459c&from=brands.php%3Fid%3D1614100-1585%26name%3D%E3%80%90%E6%96%B0%E5%93%81%E6%9C%AA%E4%BD%BF%E7%94%A8%E3%80%91%E3%80%90%E3%83%95%E3%83%AB%E3%83%A9%E3%80%91%E3%83%8F%E3%83%B3%E3%83%89%E3%83%90%E3%83%83%E3%82%B0%E3%80%80%E3%83%86%E3%83%83%E3%82%B5%E3%80%80BTK4TES+VT0000 HTTP/1.1" 200 54000 "-" "Mozilla/5.0 (Linux; Android 6.0.1; Nexus 5X Build/MMB29P) AppleWebKit/537.36 (KHTML, like Gecko) Chrome/135.0.7049.114 Mobile Safari/537.36 (compatible; Googlebot/2.1; +http://www.google.com/bot.html)"
207.46.13.107 - - [29/Apr/2025:07:55:53 -0400] "GET /?o=01326180684401&channel=9d0e01&from=goods.php%3Fid%3D1806844-20288%26name%3D%E3%82%B5%E3%83%8B+%E5%86%AC+%E3%82%B0%E3%83%AD%E3%83%BC%E3%83%96+%E5%86%AC%E5%AF%BE%E7%AD%96+%E3%82%A6%E3%82%A4%E3%83%B3%E3%83%89%E3%83%96%E3%83%AC%E3%83%BC%E3%82%AB%E3%83%BC+%E3%83%A1%E3%83%B3%E3%82%BA+%E8%A3%8F%E8%B5%B7%E6%AF%9B+%E3%83%95%E3%83%AA%E3%83%BC%E3%82%B9+%E3%82%B8%E3%83%A7%E3%82%AC%E3%83%BC%E3%83%91%E3%83%B3%E3%83%84+%E3%83%B3%E3%83%91%E3%83%B3%E3%83%84+%E3%82%B0%E3%83%AA%E3%83%BC%E3%83%B3+%E3%83%81%E3%83%8E%E3%82%B7%E3%83%A7%E3%83%BC%E3%83%84+%E3%83%90%E3%82%B9%E3%82%B1%E3%83%83 HTTP/1.1" 200 0 "-" "Mozilla/5.0 AppleWebKit/537.36 (KHTML, like Gecko; compatible; bingbot/2.0; +http://www.bing.com/bingbot.htm) Chrome/116.0.1938.76 Safari/537.36"
66.249.79.1 - - [29/Apr/2025:07:56:07 -0400] "GET /?o=3069132326204&channel=b212f6&from=category-info.php%3Fid%3D323262-3711%26name%3DPUMA+%E3%83%AC%E3%83%87%E3%82%A3%E3%83%BC%E3%82%B9+%E3%83%91%E3%83%AC%E3%83%AB%E3%83%A2+%E3%82%A8%E3%83%AC%E3%83%99%E3%83%BC%E3%82%BF+%E3%82%B9%E3%83%8B%E3%83%BC%E3%82%AB%E3%83%BC HTTP/1.1" 200 52943 "-" "Mozilla/5.0 (Linux; Android 6.0.1; Nexus 5X Build/MMB29P) AppleWebKit/537.36 (KHTML, like Gecko) Chrome/135.0.7049.95 Mobile Safari/537.36 (compatible; Googlebot/2.1; +http://www.google.com/bot.html)"
207.46.13.107 - - [29/Apr/2025:07:56:14 -0400] "GET /wp-includes__c454f3a/SimplePie/library/SimplePie/Content/?ND HTTP/1.1" 200 646 "-" "Mozilla/5.0 AppleWebKit/537.36 (KHTML, like Gecko; compatible; bingbot/2.0; +http://www.bing.com/bingbot.htm) Chrome/116.0.1938.76 Safari/537.36"
