66.249.79.2 - - [29/Apr/2025:08:21:24 -0400] "GET /?o=4653949995402&channel=00d95f&from=info.php%3Fid%3D499954-16019%26name%3D%E8%BB%8A%E3%82%AB%E3%83%BC%E3%83%9C%E3%83%B3%E3%83%95%E3%83%AD%E3%83%B3%E3%83%88%E3%83%90%E3%83%B3%E3%83%91%E3%83%BC%E3%82%B9%E3%83%9D%E3%82%A4%E3%83%A9%E3%83%BC%E3%83%AA%E3%83%83%E3%83%97%E4%B8%8B%E5%8D%8A%E8%BA%AB%E3%82%AD%E3%83%83%E3%83%88%E3%82%B9%E3%83%97%E3%83%AA%E3%83%83%E3%82%BF%E3%83%BC%E3%82%AC%E3%83%BC%E3%83%89+CS+%E3%82%B9%E3%82%BF%E3%82%A4%E3%83%AB%E3%82%AA%E3%83%BC%E3%83%88%E3%82%A2%E3%82%AF%E3%82%BB%E3%82%B5%E3%83%AA%E3%83%BC+BMW+F80+M3+F HTTP/1.1" 200 55301 "-" "Mozilla/5.0 (Linux; Android 6.0.1; Nexus 5X Build/MMB29P) AppleWebKit/537.36 (KHTML, like Gecko) Chrome/135.0.7049.95 Mobile Safari/537.36 (compatible; Googlebot/2.1; +http://www.google.com/bot.html)"
66.249.79.1 - - [29/Apr/2025:08:21:26 -0400] "GET /?o=78244123163300&channel=d7e2ea&from=product.php%3Fid%3D1231633-9023%26name%3D%E2%98%85%E3%82%B8%E3%83%A2%E3%83%86%E3%82%A3%E5%89%B2%E3%81%82%E3%82%8A%E2%98%85+%E3%83%80%E3%82%A4%E3%82%AD%E3%83%B3%E3%80%80+%E3%82%A8%E3%82%A2%E3%82%B3%E3%83%B3++2.2kw+17%E5%B9%B4%E8%A3%BD+%E5%AE%A4%E5%86%85%E6%A9%9F%E5%88%86%E8%A7%A3%E6%B4%97%E6%B5%84+SJ5324 HTTP/1.1" 200 55279 "-" "Mozilla/5.0 (Linux; Android 6.0.1; Nexus 5X Build/MMB29P) AppleWebKit/537.36 (KHTML, like Gecko) Chrome/135.0.7049.114 Mobile Safari/537.36 (compatible; Googlebot/2.1; +http://www.google.com/bot.html)"
66.249.79.8 - - [29/Apr/2025:08:21:31 -0400] "GET /?o=2739499165300&channel=9dfa3b&from=product.php%3Fid%3D991653-9007%26name%3D%E3%82%A8%E3%82%A4%E3%83%97%E3%80%80%E3%83%AC%E3%82%B9%E3%83%88%E3%82%A2%E3%83%99%E3%83%BC%E3%82%B9 HTTP/1.1" 200 52227 "-" "Mozilla/5.0 (Linux; Android 6.0.1; Nexus 5X Build/MMB29P) AppleWebKit/537.36 (KHTML, like Gecko) Chrome/135.0.7049.95 Mobile Safari/537.36 (compatible; Googlebot/2.1; +http://www.google.com/bot.html)"
66.249.79.8 - - [29/Apr/2025:08:21:37 -0400] "GET /?o=0290466501101&channel=35a69e&from=form.php%3Fid%3D665011-19312%26name%3Dnishikawa%E3%80%90%E8%A5%BF%E5%B7%9D%E3%80%91+SEVENDAYS+%E3%81%A8%E3%82%8D%E3%81%B5%E3%82%8F+%E5%90%88%E7%B9%8A%E8%82%8C%E6%8E%9B%E3%81%91%E5%B8%83%E5%9B%A3+%E3%82%B7%E3%83%B3%E3%82%B0%E3%83%AB+%E6%B4%97%E3%81%88%E3%82%8B+%E3%81%AA%E3%82%81%E3%82%89%E3%81%8B%E3%81%AA+%E3%81%A8%E3%82%8D%E3%81%91%E3%82%8B%E6%8E%9B%E3%81%91%E5%BF%83%E5%9C%B0+%E8%82%8C%E6%B2%BF%E3%81%84%E3%81%8C%E8%89%AF HTTP/1.1" 200 53645 "-" "Mozilla/5.0 (Linux; Android 6.0.1; Nexus 5X Build/MMB29P) AppleWebKit/537.36 (KHTML, like Gecko) Chrome/135.0.7049.95 Mobile Safari/537.36 (compatible; Googlebot/2.1; +http://www.google.com/bot.html)"
40.77.167.48 - - [29/Apr/2025:08:21:46 -0400] "GET /?o=18336105193100&channel=10ad0d&from=form.php%3Fid%3D1051931-7914%26name%3D%E3%83%9B%E3%83%BC%E3%83%A0%E3%82%AC%E3%83%AC%E3%83%BC%E3%82%B8%E3%81%AE%E4%BF%AE%E5%BE%A9%E3%81%AE%E3%81%9F%E3%82%81%E3%81%AE%E9%9B%BB%E6%B0%97%E3%83%89%E3%83%AA%E3%83%AB%E3%83%8F%E3%82%A4%E3%83%91%E3%83%AF%E3%83%BC%E6%87%90%E4%B8%AD%E9%9B%BB%E7%81%AF%E3%82%A4%E3%83%B3%E3%83%91%E3%82%AF%E3%83%88%E3%83%89%E3%83%AA%E3%83%AB HTTP/1.1" 200 0 "-" "Mozilla/5.0 AppleWebKit/537.36 (KHTML, like Gecko; compatible; bingbot/2.0; +http://www.bing.com/bingbot.htm) Chrome/116.0.1938.76 Safari/537.36"
66.249.79.1 - - [29/Apr/2025:08:22:03 -0400] "GET /?o=43520171631002&channel=e0564d&from=product.php%3Fid%3D1716310-27786%26name%3D%5BJINZIJINYU%5D+%E3%82%BB%E3%82%AF%E3%82%B7%E3%83%BC+%E3%83%A9%E3%83%B3%E3%82%B8%E3%82%A7%E3%83%AA%E3%83%BC+%E9%BB%92%E9%95%B7%E8%A2%96%E3%83%AC%E3%83%BC%E3%82%B9%E3%82%B7%E3%83%BC%E3%82%B9%E3%83%AB%E3%83%BC%E3%82%B8%E3%83%A3%E3%83%B3%E3%83%97%E3%82%B9%E3%83%BC%E3%83%84%E5%A5%B3%E6%80%A7%E3%82%BB%E3%82%AF%E3%82%B7%E3%83%BC%E3%81%AA%E3%83%AF%E3%83%B3%E3%82%B7%E3%83%A7%E3%83%AB%E3%83%80%E3%83%BC%E3%82%BB%E3%82%AF%E3%82%B7%E3%83%BC%E3%81%AA%E3%83%91%E3%82%B8%E3%83%A3%E3%83%9E HTTP/1.1" 200 53359 "-" "Mozilla/5.0 (Linux; Android 6.0.1; Nexus 5X Build/MMB29P) AppleWebKit/537.36 (KHTML, like Gecko) Chrome/135.0.7049.95 Mobile Safari/537.36 (compatible; Googlebot/2.1; +http://www.google.com/bot.html)"
66.249.79.1 - - [29/Apr/2025:08:22:12 -0400] "GET /?o=26019189391206&channel=1782b8&from=product.php%3Fid%3D1893912-29681%26name%3D%E3%83%95%E3%83%A9%E3%83%A1%E3%83%B3%E3%82%B3+%E3%83%8E%E3%83%BC%E3%82%B9%E3%83%AA%E3%83%BC%E3%83%96+%E3%83%99%E3%83%AD%E3%82%A2%E3%83%96%E3%83%A9%E3%82%A6%E3%82%B9+%E3%83%96%E3%83%A9%E3%83%83%E3%82%AF+S%E3%83%BBM%E3%83%BBL%E3%82%B5%E3%82%A4%E3%82%BA+J3051bk-flamenco HTTP/1.1" 200 52974 "-" "Mozilla/5.0 (Linux; Android 6.0.1; Nexus 5X Build/MMB29P) AppleWebKit/537.36 (KHTML, like Gecko) Chrome/135.0.7049.95 Mobile Safari/537.36 (compatible; Googlebot/2.1; +http://www.google.com/bot.html)"
66.249.79.1 - - [29/Apr/2025:08:22:14 -0400] "GET /?o=1208451539100&channel=0d6513&from=shared.php%3Fid%3D515391-4665%26name%3D%EF%BC%BC5%28%E6%B0%B4%29%E6%9C%80%E5%A4%A7%E3%83%9D%E3%82%A4%E3%83%B3%E3%83%8816%E5%80%8D%EF%BC%8F+%E9%87%8E%E7%90%83+%E3%83%A4%E3%83%8A%E3%82%BB+%E6%9C%A8%E8%A3%BD+%E3%83%90%E3%83%83%E3%83%88+%E9%AB%98%E6%A0%A1%E9%87%8E%E7%90%83+%E7%A1%AC%E5%BC%8F+%E7%A1%AC%E5%BC%8F%E6%9C%A8%E8%A3%BD%E3%83%90%E3%83%83%E3%83%88+%E9%AB%98%E6%A0%A1%E9%87%8E%E7%90%83+MAPLE+HARD+YHM%E3%82%B7%E3%83%AA%E3%83%BC%E3%82%BA+%E3%83%A1%E3%82%A4%E3%83%97%E3%83%AB+%E3%82%BB%E3%83%9F%E3%83%88%E3%83%83%E3%83%97%E3%83%90%E3%83%A9%E3%83%B3%E3%82%B9+BFJ%E3%83%9E%E3%83%BC%E3%82%AF%E5%85%A5 HTTP/1.1" 200 54892 "-" "Mozilla/5.0 (Linux; Android 6.0.1; Nexus 5X Build/MMB29P) AppleWebKit/537.36 (KHTML, like Gecko) Chrome/135.0.7049.95 Mobile Safari/537.36 (compatible; Googlebot/2.1; +http://www.google.com/bot.html)"
66.249.79.8 - - [29/Apr/2025:08:22:20 -0400] "GET /?o=80812169523502&channel=21fbd8&from=blog.php%3Fid%3D1695235-16294%26name%3D%E3%82%A8%E3%83%86%E3%80%80%E6%99%82%E8%A8%88 HTTP/1.1" 200 52327 "-" "Mozilla/5.0 (Linux; Android 6.0.1; Nexus 5X Build/MMB29P) AppleWebKit/537.36 (KHTML, like Gecko) Chrome/135.0.7049.114 Mobile Safari/537.36 (compatible; Googlebot/2.1; +http://www.google.com/bot.html)"
66.249.79.8 - - [29/Apr/2025:08:22:53 -0400] "GET /?o=14027161748600&channel=b1f68e&from=product.php%3Fid%3D1617486-144%26name%3D%E3%80%90%E9%80%81%E6%96%99%E7%84%A1%E6%96%99%E3%80%91+%E7%B4%94%E6%AD%A3%E4%BA%A4%E6%8F%9B%E5%BC%8F+%E3%82%B3%E3%83%B3%E3%83%93%E3%82%B9%E3%83%86%E3%82%A2%E3%83%AA%E3%83%B3%E3%82%B0+%E3%82%A8%E3%83%96%E3%83%AA%E3%82%A3%E3%83%AF%E3%82%B4%E3%83%B3+DA17W+H27%2F2%E3%80%9C++%E3%83%8F%E3%83%B3%E3%83%89%E3%83%AB+%E9%BB%92%E6%9C%A8%E7%9B%AE+%E8%8C%B6%E6%9C%A8%E7%9B%AE+%E3%83%94%E3%82%A2%E3%83%8E%E3%83%96%E3%83%A9%E3%83%83%E3%82%AF%E3%80%90%E3%82%B3%E3%83%96%E4%BB%98%E3%81%8D HTTP/1.1" 200 55659 "-" "Mozilla/5.0 (Linux; Android 6.0.1; Nexus 5X Build/MMB29P) AppleWebKit/537.36 (KHTML, like Gecko) Chrome/135.0.7049.95 Mobile Safari/537.36 (compatible; Googlebot/2.1; +http://www.google.com/bot.html)"
40.77.167.48 - - [29/Apr/2025:08:23:15 -0400] "GET /?o=13725145168002&channel=e58494&from=blog.php%3Fid%3D1451680-11223%26name%3D%E5%B0%8F%E5%A3%B2%E5%BA%97%E3%81%AE%E3%83%81%E3%82%A7%E3%83%83%E3%82%AF%E3%82%A2%E3%82%A6%E3%83%88%E3%82%AB%E3%82%A6%E3%83%B3%E3%82%BF%E3%83%BC%E3%83%86%E3%83%BC%E3%83%96%E3%83%AB%E3%80%81%E5%8F%97%E4%BB%98%E3%83%87%E3%82%B9%E3%82%AF%E3%81%AE%E3%83%95%E3%83%AD%E3%83%B3%E3%83%88%E3%82%AB%E3%82%A6%E3%83%B3%E3%82%BF%E3%83%BC%E3%83%86%E3%83%BC%E3%83%96%E3%83%AB%E3%80%81%E3%82%AD%E3%83%A3%E3%83%93%E3%83%8D%E3%83%83%E3%83%88%E4%BB%98%E3%81%8D%E3%80%81%E5%B0%8F%E5%A3%B2%E5%BA%97%E3%81%AE%E3%82%AB%E3%82%A6%E3%83%B3%E3%82%BF%E3%83%BC%E3%80%81%E3%83%AD%E3%83%93%E3%83%BC%E3%80%81%E7%BE%8E%E5%AE%B9 HTTP/1.1" 200 0 "-" "Mozilla/5.0 AppleWebKit/537.36 (KHTML, like Gecko; compatible; bingbot/2.0; +http://www.bing.com/bingbot.htm) Chrome/116.0.1938.76 Safari/537.36"
66.249.79.1 - - [29/Apr/2025:08:23:45 -0400] "GET /?o=9517216849506&channel=cc439e&from=category-info.php%3Fid%3D168495-9608%26name%3DPLCPDM+128+%E3%82%AD%E3%83%BC+OEM+%E3%82%AD%E3%83%BC%E3%82%AD%E3%83%A3%E3%83%83%E3%83%97+%E3%83%97%E3%83%A9%E3%83%A0+%E3%83%96%E3%83%AD%E3%83%83%E3%82%B5%E3%83%A0+%E3%82%AD%E3%83%BC%E3%82%AD%E3%83%A3%E3%83%83%E3%83%97+%E3%82%BB%E3%83%83%E3%83%88+%E3%82%B2%E3%83%BC%E3%83%A0+%E3%83%A1%E3%82%AB%E3%83%8B%E3%82%AB%E3%83%AB+%E3%82%AD%E3%83%BC%E3%83%9C%E3%83%BC%E3%83%89+%E3%82%AD%E3%83%BC%E3%82%B9%E3%82%A4 HTTP/1.1" 200 53361 "-" "Mozilla/5.0 (Linux; Android 6.0.1; Nexus 5X Build/MMB29P) AppleWebKit/537.36 (KHTML, like Gecko) Chrome/135.0.7049.95 Mobile Safari/537.36 (compatible; Googlebot/2.1; +http://www.google.com/bot.html)"
207.46.13.86 - - [29/Apr/2025:08:23:56 -0400] "GET /wp-includes__c454f3a/sodium_compat/namespaced/Core/Curve25519/Ge/Precomp.php HTTP/1.1" 403 1242 "-" "Mozilla/5.0 AppleWebKit/537.36 (KHTML, like Gecko; compatible; bingbot/2.0; +http://www.bing.com/bingbot.htm) Chrome/116.0.1938.76 Safari/537.36"
40.77.167.7 - - [29/Apr/2025:08:24:10 -0400] "GET /?o=05550120446000&channel=ed5ca1&from=form.php%3Fid%3D1204460-11383%26name%3D%E3%82%B9%E3%83%8E%E3%83%BC%E3%83%9C%E3%83%BC%E3%83%89%E3%82%B1%E3%83%BC%E3%82%B9 HTTP/1.1" 200 0 "-" "Mozilla/5.0 AppleWebKit/537.36 (KHTML, like Gecko; compatible; bingbot/2.0; +http://www.bing.com/bingbot.htm) Chrome/116.0.1938.76 Safari/537.36"
66.249.79.2 - - [29/Apr/2025:08:24:14 -0400] "GET /?o=0837375841406&channel=e7e035&from=product.php%3Fid%3D758414-3178%26name%3D%E7%BE%8E%E5%93%81+Louis+Vuitton+%E3%83%B4%E3%82%A3%E3%83%88%E3%83%B3+%E3%82%A8%E3%83%A9%E3%82%B9%E3%83%86%E3%82%A3%E3%83%83%E3%82%AF%E3%83%BB%E3%83%AB%E3%82%A4%E3%83%BC%E3%82%BA+%E3%83%98%E3%82%A2%E3%82%B4%E3%83%A0 HTTP/1.1" 200 52161 "-" "Mozilla/5.0 (Linux; Android 6.0.1; Nexus 5X Build/MMB29P) AppleWebKit/537.36 (KHTML, like Gecko) Chrome/135.0.7049.95 Mobile Safari/537.36 (compatible; Googlebot/2.1; +http://www.google.com/bot.html)"
66.249.79.1 - - [29/Apr/2025:08:24:25 -0400] "GET /?o=80711170371804&channel=a3c0df&from=news.php%3Fid%3D1703718-27649%26name%3D%E8%BB%8A%E8%BC%89%E6%8F%9B%E6%B0%97%E3%83%95%E3%82%A1%E3%83%B3+3%E5%80%8B%E3%82%BB%E3%83%83%E3%83%88+USB%E3%82%BF%E3%82%A4%E3%83%97+2%E8%89%B2+%E8%BB%8A%E7%94%A8%E6%8E%92%E6%B0%97%E3%83%95%E3%82%A1%E3%83%B3+%E8%BB%8A%E8%BC%89+%E3%83%95%E3%82%A1%E3%83%B3+%E8%BB%8A%E7%94%A8%E6%8E%92%E6%B0%97+%E6%8F%9B%E6%B0%97%E6%89%87+%E8%BB%8A%E5%86%85%E6%8F%9B%E6%B0%97+%E7%A9%BA%E6%B0%97%E6%B8%85%E6%B5%84%E6%A9%9F+%E6%B6%88%E8%87%AD+%E7%86%B1%E6%B0%97%E6%8E%92%E5%87%BA+%E8%BB%8A%E7%94%A8%E5%86%B7%E6%88%BF%E5%93%81+%E7%9C%81%E3%82%A8%E3%83%8D+%E8%BB%8A%E8%BC%89+%E7%A9%BA%E8%AA%BF+%E6%9A%91%E3%81%95%E5%AF%BE%E7%AD%96+%E3%82%AB%E3%83%BC%E7%94%A8%E5%93%81+%E5%8F%96%E3%82%8A%E4%BB%98%E3%81%91%E7%B0%A1%E5%8D%98+%E8%87%AD%E3%81%84+%E7%86%B1%E6%B0%97+%E9%AB%98%E9%80%9F+%E9%9B%A8%E5%A4%A9+%E9%A3%B2%E9%A3%9F+%E3%82%BF%E3%83%90%E3%82%B3 HTTP/1.1" 200 54880 "-" "Mozilla/5.0 (Linux; Android 6.0.1; Nexus 5X Build/MMB29P) AppleWebKit/537.36 (KHTML, like Gecko) Chrome/135.0.7049.95 Mobile Safari/537.36 (compatible; Googlebot/2.1; +http://www.google.com/bot.html)"
66.249.79.1 - - [29/Apr/2025:08:24:27 -0400] "GET /?o=2183082106003&channel=3d5ceb&from=brands.php%3Fid%3D821060-7168%26name%3DHERMES+%E3%82%A8%E3%83%AB%E3%83%A1%E3%82%B9+%E3%82%B7%E3%82%A7%E3%83%BC%E3%83%8C%E3%83%80%E3%83%B3%E3%82%AF%E3%83%AB+%E3%83%95%E3%83%A9%E3%83%83%E3%83%88+%E3%82%B5%E3%83%B3%E3%83%80%E3%83%AB+%E3%83%A9%E3%83%90%E3%83%BC HTTP/1.1" 200 53725 "-" "Mozilla/5.0 (Linux; Android 6.0.1; Nexus 5X Build/MMB29P) AppleWebKit/537.36 (KHTML, like Gecko) Chrome/135.0.7049.95 Mobile Safari/537.36 (compatible; Googlebot/2.1; +http://www.google.com/bot.html)"
188.166.246.9 - - [29/Apr/2025:08:25:05 -0400] "GET /wp-content/uploads/2023/11/BOCORAN-TOGEL-HONGKONG1-5.png HTTP/1.1" 200 0 "-" "Mozilla/5.0 (Linux; Android 10; K) AppleWebKit/537.36 (KHTML, like Gecko) Chrome/122.0.0.0 Mobile Safari/537.36"
66.249.79.2 - - [29/Apr/2025:08:25:25 -0400] "GET /?o=8041176545223&channel=8d672e&from=brands.php%3Fid%3D765452-1515%26name%3D%E3%80%90%E6%98%A5SALE%2F%E3%83%95%E3%82%A9%E3%83%BC%E3%83%9E%E3%83%AB%2F%E5%85%A5%E5%8D%92%2F%E3%83%9E%E3%83%9E%E3%82%B9%E3%83%BC%E3%83%84%E3%80%91%E7%84%A1%E5%9C%B0%E3%83%84%E3%82%A3%E3%83%BC%E3%83%89%E3%83%AF%E3%83%B3%E3%83%94%E3%83%BC%E3%82%B9 HTTP/1.1" 200 54281 "-" "Mozilla/5.0 (Linux; Android 6.0.1; Nexus 5X Build/MMB29P) AppleWebKit/537.36 (KHTML, like Gecko) Chrome/135.0.7049.95 Mobile Safari/537.36 (compatible; Googlebot/2.1; +http://www.google.com/bot.html)"
66.249.79.2 - - [29/Apr/2025:08:26:11 -0400] "GET /?o=90791133448100&channel=a45d0e&from=jp.php%3Fid%3D1334481-21383%26name%3D%E3%80%90%E4%B8%A6%E5%93%81%E3%80%91%E3%83%91%E3%83%8A%E3%82%BD%E3%83%8B%E3%83%83%E3%82%AF+4K+%E3%83%93%E3%83%87%E3%82%AA%E3%82%AB%E3%83%A1%E3%83%A9+VX992M+64GB+%E5%85%89%E5%AD%A620%E5%80%8D%E3%82%BA%E3%83%BC%E3%83%A0+%E3%82%AB%E3%82%AB%E3%82%AA%E3%83%96%E3%83%A9%E3%82%A6%E3%83%B3+HC-VX992M-T HTTP/1.1" 200 56803 "-" "Mozilla/5.0 (Linux; Android 6.0.1; Nexus 5X Build/MMB29P) AppleWebKit/537.36 (KHTML, like Gecko) Chrome/135.0.7049.95 Mobile Safari/537.36 (compatible; Googlebot/2.1; +http://www.google.com/bot.html)"
66.249.79.1 - - [29/Apr/2025:08:26:24 -0400] "GET /?o=79807185372304&channel=811db9&from=jp.php%3Fid%3D1853723-17761%26name%3D%5BYammkia%5D+%E3%82%B3%E3%83%B3%E3%83%97%E3%83%AC%E3%83%83%E3%82%B7%E3%83%A7%E3%83%B3%E3%82%BF%E3%82%A4%E3%83%84+%E3%83%A1%E3%83%B3%E3%82%BA+%E3%82%B9%E3%83%9D%E3%83%BC%E3%83%84%E3%82%BF%E3%82%A4%E3%83%84+%E6%B0%B4%E9%99%B8%E4%B8%A1%E7%94%A8+%E9%81%8B%E5%8B%95+%E3%83%A9%E3%83%B3%E3%83%8B%E3%83%B3%E3%82%B0%E3%82%A6%E3%82%A7%E3%82%A2+%E3%82%B7%E3%83%B3%E3%83%97%E3%83%AB+UV%E3%82%AB%E3%83%83%E3%83%88+%E7%AD%8B%E3%83%88%E3%83%AC HTTP/1.1" 200 53863 "-" "Mozilla/5.0 (Linux; Android 6.0.1; Nexus 5X Build/MMB29P) AppleWebKit/537.36 (KHTML, like Gecko) Chrome/135.0.7049.95 Mobile Safari/537.36 (compatible; Googlebot/2.1; +http://www.google.com/bot.html)"
66.249.79.8 - - [29/Apr/2025:08:26:39 -0400] "GET /?o=8013453719400&channel=b36b64&from=category-info.php%3Fid%3D537194-17563%26name%3D%E9%99%90%E7%95%8C%E3%82%92%E8%B6%85%E3%81%88%E3%81%97%E8%80%85+%E9%AD%94%E4%BA%BA%E3%83%96%E3%82%A6%3A%E7%B4%94%E7%B2%8B+SR%E2%98%85+FB04-094+%E3%83%91%E3%83%A9%E3%83%AC%E3%83%AB%E3%80%804%E6%9E%9A%E3%82%BB%E3%83%83%E3%83%88 HTTP/1.1" 200 53662 "-" "Mozilla/5.0 (Linux; Android 6.0.1; Nexus 5X Build/MMB29P) AppleWebKit/537.36 (KHTML, like Gecko) Chrome/135.0.7049.95 Mobile Safari/537.36 (compatible; Googlebot/2.1; +http://www.google.com/bot.html)"
66.249.79.1 - - [29/Apr/2025:08:27:19 -0400] "GET /?o=43192195584701&channel=c46aa3&from=blog.php%3Fid%3D1955847-27622%26name%3D%E3%82%A6%E3%82%A3%E3%83%B3%E3%83%89%E3%83%96%E3%83%AC%E3%83%BC%E3%82%AB%E3%83%BC+%E3%82%AD%E3%83%83%E3%82%BA+%E8%A3%8F%E8%B5%B7%E6%AF%9B+%E3%83%91%E3%83%B3%E3%83%80+%E3%83%91%E3%83%BC%E3%82%AB%E3%83%BC+%E3%83%AB%E3%83%83%E3%82%AF%E3%83%90%E3%82%A4%E3%83%9F%E3%83%8B+%E9%98%B2%E5%AF%92+%E3%82%A2%E3%82%A6%E3%82%BF%E3%83%BC+%E5%A5%B3%E3%81%AE%E5%AD%90+%E3%83%9E%E3%82%A6%E3%83%B3%E3%83%86%E3%83%B3%E3%82%B8%E3%83%A3%E3%82%B1%E3%83%83%E3%83%88+%E3%83%AC%E3%83%87%E3%82%A3%E3%83%BC%E3%82%B9+%E3%82%AA%E3%83%93 HTTP/1.1" 200 53965 "-" "Mozilla/5.0 (Linux; Android 6.0.1; Nexus 5X Build/MMB29P) AppleWebKit/537.36 (KHTML, like Gecko) Chrome/135.0.7049.95 Mobile Safari/537.36 (compatible; Googlebot/2.1; +http://www.google.com/bot.html)"
54.210.152.179 - - [29/Apr/2025:08:27:38 -0400] "GET /wp-includes__c454f3a/Text/Diff/Renderer/inline.php HTTP/1.1" 403 1242 "-" "Mozilla/5.0 AppleWebKit/537.36 (KHTML, like Gecko; compatible; Amazonbot/0.1; +https://developer.amazon.com/support/amazonbot) Chrome/119.0.6045.214 Safari/537.36"
100.29.63.24 - - [29/Apr/2025:08:27:43 -0400] "GET /wp-includes__c454f3a/css/dist/commands/?ND HTTP/1.1" 200 873 "-" "Mozilla/5.0 AppleWebKit/537.36 (KHTML, like Gecko; compatible; Amazonbot/0.1; +https://developer.amazon.com/support/amazonbot) Chrome/119.0.6045.214 Safari/537.36"
52.204.89.12 - - [29/Apr/2025:08:27:46 -0400] "GET /wp-includes__c454f3a/sodium_compat/src/Core32/SecretStream/ HTTP/1.1" 200 819 "-" "Mozilla/5.0 AppleWebKit/537.36 (KHTML, like Gecko; compatible; Amazonbot/0.1; +https://developer.amazon.com/support/amazonbot) Chrome/119.0.6045.214 Safari/537.36"
35.171.117.160 - - [29/Apr/2025:08:27:51 -0400] "GET /wp-includes__c454f3a/Requests/src/Requests.php HTTP/1.1" 403 1242 "-" "Mozilla/5.0 AppleWebKit/537.36 (KHTML, like Gecko; compatible; Amazonbot/0.1; +https://developer.amazon.com/support/amazonbot) Chrome/119.0.6045.214 Safari/537.36"
18.232.36.1 - - [29/Apr/2025:08:27:55 -0400] "GET /wp-includes__c454f3a/SimplePie/src/Cache/CallableNameFilter.php HTTP/1.1" 403 1242 "-" "Mozilla/5.0 AppleWebKit/537.36 (KHTML, like Gecko; compatible; Amazonbot/0.1; +https://developer.amazon.com/support/amazonbot) Chrome/119.0.6045.214 Safari/537.36"
100.29.34.97 - - [29/Apr/2025:08:27:58 -0400] "GET /wp-includes__c454f3a/SimplePie/src/Content/?ND HTTP/1.1" 200 788 "-" "Mozilla/5.0 AppleWebKit/537.36 (KHTML, like Gecko; compatible; Amazonbot/0.1; +https://developer.amazon.com/support/amazonbot) Chrome/119.0.6045.214 Safari/537.36"
3.212.86.97 - - [29/Apr/2025:08:28:03 -0400] "GET /wp-includes__c454f3a/js/tinymce/plugins/link/ HTTP/1.1" 200 832 "-" "Mozilla/5.0 AppleWebKit/537.36 (KHTML, like Gecko; compatible; Amazonbot/0.1; +https://developer.amazon.com/support/amazonbot) Chrome/119.0.6045.214 Safari/537.36"
66.249.79.1 - - [29/Apr/2025:08:28:03 -0400] "GET /?o=44241145064405&channel=20f22e&from=jp.php%3Fid%3D1450644-1572%26name%3D%E7%BE%8E%E5%93%81%E3%80%80Rolex+DATEJUST+%E3%83%87%E3%82%A4%E3%83%88%E3%82%B8%E3%83%A3%E3%82%B9%E3%83%88%E3%80%80%E3%83%AC%E3%83%87%E3%82%A3%E3%83%BC%E3%82%B9%E3%80%80%E3%82%B4%E3%83%BC%E3%83%AB%E3%83%89%E3%80%80%E3%82%B3%E3%83%B3%E3%83%93 HTTP/1.1" 200 53425 "-" "Mozilla/5.0 (Linux; Android 6.0.1; Nexus 5X Build/MMB29P) AppleWebKit/537.36 (KHTML, like Gecko) Chrome/135.0.7049.95 Mobile Safari/537.36 (compatible; Googlebot/2.1; +http://www.google.com/bot.html)"
66.249.79.8 - - [29/Apr/2025:08:28:48 -0400] "GET /?o=9997016661504&channel=622fde&from=blog.php%3Fid%3D166615-9537%26name%3DJ.+PRESS+AOYAMA+%E3%82%B3%E3%83%83%E3%83%88%E3%83%B3%E3%82%B8%E3%83%A3%E3%82%B1%E3%83%83%E3%83%88+34+%E3%83%80%E3%83%BC%E3%82%AF%E3%83%8D%E3%82%A4%E3%83%93%E3%83%BC HTTP/1.1" 200 50923 "-" "Mozilla/5.0 (Linux; Android 6.0.1; Nexus 5X Build/MMB29P) AppleWebKit/537.36 (KHTML, like Gecko) Chrome/135.0.7049.95 Mobile Safari/537.36 (compatible; Googlebot/2.1; +http://www.google.com/bot.html)"
66.249.79.1 - - [29/Apr/2025:08:29:11 -0400] "GET /?o=9803121918900&channel=e1083c&from=brands.php%3Fid%3D219189-2058%26name%3D%E3%82%B5%E3%83%9E%E3%83%BC%E3%82%A6%E3%82%A9%E3%83%BC%E3%82%BA%C3%97XLARGE+%E3%82%B3%E3%83%A9%E3%83%9CT HTTP/1.1" 200 53046 "-" "Mozilla/5.0 (Linux; Android 6.0.1; Nexus 5X Build/MMB29P) AppleWebKit/537.36 (KHTML, like Gecko) Chrome/135.0.7049.114 Mobile Safari/537.36 (compatible; Googlebot/2.1; +http://www.google.com/bot.html)"
66.249.79.8 - - [29/Apr/2025:08:29:54 -0400] "GET /?o=86029103576204&channel=9f69e2&from=pin.php%3Fid%3D1035762-1611%26name%3D%E2%96%BD%E9%B4%BB%E2%96%BD+%E6%B8%85%E6%9C%9D%E6%99%82%E4%BB%A3+%E3%83%9E%E3%83%B3%E3%83%A2%E3%82%B9%E5%BD%AB+%E9%BE%8D%E7%B4%8B%E6%B0%B4%E6%B4%97+%E6%99%82%E4%BB%A3%E7%89%A9+%E4%B8%AD%E5%9B%BD%E5%8F%A4%E7%BE%8E%E8%A1%93+%E9%AA%A8%E8%91%A3%E5%93%81 HTTP/1.1" 200 53945 "-" "Mozilla/5.0 (Linux; Android 6.0.1; Nexus 5X Build/MMB29P) AppleWebKit/537.36 (KHTML, like Gecko) Chrome/135.0.7049.95 Mobile Safari/537.36 (compatible; Googlebot/2.1; +http://www.google.com/bot.html)"
52.167.144.168 - - [29/Apr/2025:08:29:57 -0400] "GET /?o=9389983417600&channel=784356&from=jp.php%3Fid%3D834176-671%26name%3D%E3%82%BF%E3%82%AB%E3%82%AE+JL336AN+%E8%9B%87%E5%8F%A3%E4%B8%80%E4%BD%93%E5%9E%8B%E6%B5%84%E6%B0%B4%E5%99%A8+%E3%81%BF%E3%81%9A%E5%B7%A5%E6%88%BF+%E3%82%AF%E3%83%AA%E3%83%BC%E3%83%B3%E3%82%B7%E3%83%AA%E3%83%BC%E3%82%BA+%E3%82%B7%E3%83%B3%E3%82%B0%E3%83%AB%E3%83%AC%E3%83%90%E3%83%BC%E6%B7%B7%E5%90%88%E6%A0%93+%E5%A3%81%E5%87%BA%E3%81%97%E6%B7%B7%E5%90%88%E6%B0%B4%E6%A0%93%EF%BC%88%E5%9B%BA%E5%AE%9A%E5%9E%8B%EF%BC%89+%E4%B8%80%E8%88%AC%E5%9C%B0%E7%94%A8 HTTP/1.1" 200 0 "-" "Mozilla/5.0 AppleWebKit/537.36 (KHTML, like Gecko; compatible; bingbot/2.0; +http://www.bing.com/bingbot.htm) Chrome/116.0.1938.76 Safari/537.36"
66.249.79.2 - - [29/Apr/2025:08:30:02 -0400] "GET /?o=70783105593407&channel=c4ff9b&from=shop.php%3Fid%3D1055934-6279%26name%3DHERMES+%E3%82%A8%E3%83%AB%E3%83%A1%E3%82%B9+%E3%83%91%E3%83%B3%E3%83%84%EF%BC%88%E3%81%9D%E3%81%AE%E4%BB%96%EF%BC%89+38%28S%E4%BD%8D%29+%E9%BB%92+%E3%80%90%E5%8F%A4%E7%9D%80%E3%80%91%E3%80%90%E4%B8%AD%E5%8F%A4%E3%80%91 HTTP/1.1" 200 54154 "-" "Mozilla/5.0 (Linux; Android 6.0.1; Nexus 5X Build/MMB29P) AppleWebKit/537.36 (KHTML, like Gecko) Chrome/135.0.7049.114 Mobile Safari/537.36 (compatible; Googlebot/2.1; +http://www.google.com/bot.html)"
66.249.79.8 - - [29/Apr/2025:08:30:08 -0400] "GET /?o=5040192825201&channel=bc6615&from=goods.php%3Fid%3D928252-6282%26name%3D%E3%83%90%E3%82%A4%E3%82%AF%E7%94%A8%E3%83%96%E3%83%AC%E3%83%BC%E3%82%AD%E3%83%87%E3%82%A3%E3%82%B9%E3%82%AF%E3%83%AD%E3%83%BC%E3%82%BF%E3%83%BC+R1200+GS+RS+RT+R+13-19%E7%94%A8+R1200+R+RS%E7%94%A8+%E3%82%B9%E3%83%9D%E3%83%BC%E3%83%84GS%E7%94%A8+K50%E7%94%A8 HTTP/1.1" 200 53861 "-" "Mozilla/5.0 (Linux; Android 6.0.1; Nexus 5X Build/MMB29P) AppleWebKit/537.36 (KHTML, like Gecko) Chrome/135.0.7049.95 Mobile Safari/537.36 (compatible; Googlebot/2.1; +http://www.google.com/bot.html)"
66.249.73.129 - - [29/Apr/2025:08:30:13 -0400] "GET /?o=92279119262604&channel=a36829&from=form.php%3Fid%3D1192626-781%26name%3D%E3%80%90%E3%82%AF%E3%83%BC%E3%83%9D%E3%83%B3%E3%81%A73000%E5%86%86OFF%E3%80%91%E3%83%AB%E3%83%8A%E3%83%AA%E3%82%BA%E3%83%A0+%E8%85%B8%E3%81%BE%E3%81%A7%E5%B1%8A%E3%81%8F+%E3%83%A9%E3%82%AF%E3%83%88%E3%83%95%E3%82%A7%E3%83%AA%E3%83%B3+90%E6%97%A5%E5%88%86%281%E6%97%A53%E7%B2%92%29%C3%973%E8%A2%8B+%E8%91%89%E9%85%B8+%E8%85%B8%E6%B4%BB+%E8%85%B8%E6%BA%B6%E6%80%A7+%E3%82%B5%E3%83%97%E3%83%AA%E3%83%A1%E3%83%B3%E3%83%88+%E3%83%A1%E3%83%8B%E3%82%B3%E3%83%B3 HTTP/1.1" 200 53044 "-" "Mozilla/5.0 (Linux; Android 6.0.1; Nexus 5X Build/MMB29P) AppleWebKit/537.36 (KHTML, like Gecko) Chrome/135.0.7049.95 Mobile Safari/537.36 (compatible; Googlebot/2.1; +http://www.google.com/bot.html)"
40.77.167.7 - - [29/Apr/2025:08:30:19 -0400] "GET /?o=164496688604&channel=3576af&from=jp.php%3Fid%3D66886-5453%26name%3DLED+%E3%82%B5%E3%82%A4%E3%83%89%E3%82%A6%E3%82%A4%E3%83%B3%E3%82%AB%E3%83%BC+%E3%83%80%E3%83%83%E3%82%B8+Ram+1500+2013+2014+2015+2016+2017+2018+2+%E3%83%94%E3%83%BC%E3%82%B9%2F%E3%83%9A%E3%82%A2%E8%BB%8A%E3%81%AE HTTP/1.1" 200 0 "-" "Mozilla/5.0 AppleWebKit/537.36 (KHTML, like Gecko; compatible; bingbot/2.0; +http://www.bing.com/bingbot.htm) Chrome/116.0.1938.76 Safari/537.36"
66.249.73.128 - - [29/Apr/2025:08:30:34 -0400] "GET /?o=7986992028602&channel=2a1885&from=jp.php%3Fid%3D920286-2162%26name%3Djoy%E6%A7%98%E5%B0%82%E7%94%A8%E2%9C%B4%EF%B8%8E HTTP/1.1" 200 53649 "-" "Mozilla/5.0 (Linux; Android 6.0.1; Nexus 5X Build/MMB29P) AppleWebKit/537.36 (KHTML, like Gecko) Chrome/135.0.7049.95 Mobile Safari/537.36 (compatible; Googlebot/2.1; +http://www.google.com/bot.html)"
66.249.73.128 - - [29/Apr/2025:08:31:22 -0400] "GET /?o=25001147023816&channel=cd4d02&from=shared.php%3Fid%3D1470238-10056%26name%3D%E3%83%95%E3%83%AC%E3%83%87%E3%83%AA%E3%82%B7%E3%82%A2%E3%80%801P%E3%82%BD%E3%83%95%E3%82%A1%E3%83%BC%E3%80%80%E7%BE%8E%E5%93%81%E2%AD%90%EF%B8%8E HTTP/1.1" 200 54406 "-" "Mozilla/5.0 (Linux; Android 6.0.1; Nexus 5X Build/MMB29P) AppleWebKit/537.36 (KHTML, like Gecko) Chrome/135.0.7049.95 Mobile Safari/537.36 (compatible; Googlebot/2.1; +http://www.google.com/bot.html)"
52.167.144.203 - - [29/Apr/2025:08:31:37 -0400] "GET /?o=0426818668207&channel=a8456b&from=brands.php%3Fid%3D186682-10176%26name%3D%E5%B2%A9%E5%B4%8E%E7%B5%B5%E9%87%8C%E3%80%81%E3%80%90%E6%98%9F%E3%80%91%E3%80%81%E5%B8%8C%E5%B0%91%E3%81%AA%E9%A1%8D%E8%A3%85%E7%94%A8%E7%94%BB%E9%9B%86%E3%82%88%E3%82%8A%E3%80%81%E7%8A%B6%E6%85%8B%E8%89%AF%E5%A5%BD%E3%80%81%E6%96%B0%E5%93%81%E9%A1%8D%E8%A3%85%E4%BB%98%E3%80%81%E6%97%A5%E6%9C%AC%E4%BA%BA%E7%94%BB%E5%AE%B6%E3%80%81%E9%80%81%E6%96%99%E8%BE%BC%E3%81%BF HTTP/1.1" 200 0 "-" "Mozilla/5.0 AppleWebKit/537.36 (KHTML, like Gecko; compatible; bingbot/2.0; +http://www.bing.com/bingbot.htm) Chrome/116.0.1938.76 Safari/537.36"
207.46.13.127 - - [29/Apr/2025:08:31:57 -0400] "GET /?o=14590147619301&channel=76f1cd&from=jp.php%3Fid%3D1476193-10535%26name%3D%E8%A1%8C%E7%81%AF+%E4%BA%AC%E8%A1%8C%E7%81%AF+%E3%81%82%E3%82%93%E3%81%A9%E3%82%93+LED%E3%83%A9%E3%83%B3%E3%83%97%E5%BC%8F%E4%BA%AC%E8%A1%8C%E7%81%AF+%E7%9C%8B%E6%9D%BF+%E5%92%8C%E9%A2%A8%E7%9C%8B%E6%9D%BF+%E5%B1%8B%E5%A4%96%E7%94%A8%E8%A1%8C%E7%81%AF%E7%9C%8B%E6%9D%BF+M%E3%82%B5%E3%82%A4%E3%82%BA+H505mm+%E3%82%B9%E3%82%BF%E3%83%B3%E3%83%89%E7%9C%8B%E6%9D%BF+%E9%9B%BB%E9%A3%BE%E7%9C%8B%E6%9D%BF+%E5%92%8C%E9%A2%A8%E3%82%BF HTTP/1.1" 200 0 "-" "Mozilla/5.0 AppleWebKit/537.36 (KHTML, like Gecko; compatible; bingbot/2.0; +http://www.bing.com/bingbot.htm) Chrome/116.0.1938.76 Safari/537.36"
66.249.73.128 - - [29/Apr/2025:08:32:00 -0400] "GET /?o=7541097952000&channel=a6cefb&from=brands.php%3Fid%3D979520-22426%26name%3D%E7%8C%AB%E3%83%99%E3%83%83%E3%83%89+%E9%AB%98%E5%BA%8A%E7%8C%AB%E3%83%99%E3%83%83%E3%83%89%E5%AE%B6%E5%85%B7%E3%82%B9%E3%82%BF%E3%82%A4%E3%83%AB%E3%83%9A%E3%83%83%E3%83%88%E3%83%99%E3%83%83%E3%83%89%E9%AB%98%E5%BA%8A%E7%8C%AB%E3%83%99%E3%83%83%E3%83%89%E3%83%9A%E3%83%83%E3%83%88%E6%9C%A8%E8%A3%BD%E3%83%95%E3%83%AC%E3%83%BC%E3%83%A0%E3%83%99%E3%83%83%E3%83%89%28%E8%A4%90%E8%89%B2%2C50x37.5x39cm%29 HTTP/1.1" 200 55437 "-" "Mozilla/5.0 (Linux; Android 6.0.1; Nexus 5X Build/MMB29P) AppleWebKit/537.36 (KHTML, like Gecko) Chrome/135.0.7049.95 Mobile Safari/537.36 (compatible; Googlebot/2.1; +http://www.google.com/bot.html)"
66.249.73.128 - - [29/Apr/2025:08:32:37 -0400] "GET /?o=0339837692300&channel=53f50a&from=goods.php%3Fid%3D376923-14898%26name%3D%E3%83%9F%E3%82%BA%E3%83%8E+MIZUNO+%E8%BB%9F%E5%BC%8F%E7%94%A8%E3%82%B0%E3%83%AD%E3%83%BC%E3%83%90%E3%83%AB%E3%82%A8%E3%83%AA%E3%83%BC%E3%83%88+%E3%83%97%E3%83%AD%E3%83%95%E3%82%A7%E3%83%83%E3%82%B7%E3%83%A7%E3%83%8A%E3%83%AB%E3%82%BB%E3%83%AC%E3%82%AF%E3%82%B7%E3%83%A7%E3%83%B3+%E7%B4%85%E6%9E%97%E5%9E%8B%EF%BC%8F%E3%82%B5%E3%82%A4%E3%82%BA9+%E9%87%8E%E7%90%83+%E4%B8%80%E8%88%AC+%E8%BB%9F%E5%BC%8F+%E3%82%B0%E3%83%A9%E3%83%96+%E3%82%B0%E3%83%AD%E3%83%BC%E3%83%96 HTTP/1.1" 200 55325 "-" "Mozilla/5.0 (Linux; Android 6.0.1; Nexus 5X Build/MMB29P) AppleWebKit/537.36 (KHTML, like Gecko) Chrome/135.0.7049.95 Mobile Safari/537.36 (compatible; Googlebot/2.1; +http://www.google.com/bot.html)"
66.249.73.128 - - [29/Apr/2025:08:33:20 -0400] "GET /?o=29200171392307&channel=e0564d&from=form.php%3Fid%3D1713923-27786%26name%3D%5BJINZIJINYU%5D+%E3%82%BB%E3%82%AF%E3%82%B7%E3%83%BC%E3%83%A9%E3%83%B3%E3%82%B8%E3%82%A7%E3%83%AA%E3%83%BC+%E3%83%99%E3%83%93%E3%83%BC%E3%83%89%E3%83%BC%E3%83%AB+%E3%83%9B%E3%83%AB%E3%82%BF%E3%83%BC%E3%83%8D%E3%83%83%E3%82%AF%E4%B8%AD%E7%A9%BA%E3%83%90%E3%83%83%E3%82%AF%E3%83%AC%E3%82%B9%E3%82%AC%E3%83%BC%E3%82%BF%E3%83%BC%E3%82%BB%E3%82%AF%E3%82%B7%E3%83%BC%E3%81%AA%E3%83%AC%E3%83%BC%E3%82%B9%E3%81%AE%E3%83%9C%E3%83%87%E3%82%A3%E3%82%B9%E3%83%BC%E3%83%84%E3%81%AB%E3%81%AF HTTP/1.1" 200 53529 "-" "Mozilla/5.0 (Linux; Android 6.0.1; Nexus 5X Build/MMB29P) AppleWebKit/537.36 (KHTML, like Gecko) Chrome/135.0.7049.95 Mobile Safari/537.36 (compatible; Googlebot/2.1; +http://www.google.com/bot.html)"
66.249.73.128 - - [29/Apr/2025:08:33:21 -0400] "GET /?o=1672118173803&channel=ec80d7&from=goods.php%3Fid%3D181738-3736%26name%3D%E5%B1%B1%E5%9F%8E+YAMASHIRO+RD-901USEDBK%2F3XL+RADARM+%E3%83%A9%E3%82%A4%E3%83%87%E3%82%A3%E3%83%B3%E3%82%B0%E3%82%B8%E3%83%BC%E3%83%B3%E3%82%BA+USED+BLACK+3XL+RD901USEDBK%2F3XL HTTP/1.1" 200 54499 "-" "Mozilla/5.0 (Linux; Android 6.0.1; Nexus 5X Build/MMB29P) AppleWebKit/537.36 (KHTML, like Gecko) Chrome/135.0.7049.95 Mobile Safari/537.36 (compatible; Googlebot/2.1; +http://www.google.com/bot.html)"
66.249.73.129 - - [29/Apr/2025:08:33:57 -0400] "GET /?o=7013828790300&channel=44c626&from=jp.php%3Fid%3D287903-3488%26name%3D%E3%83%AB%E3%82%B9%E3%83%84%E3%83%AA%E3%82%BE%E3%83%BC%E3%83%88%E3%82%B9%E3%82%AD%E3%83%BC%E5%A0%B4%E3%83%AA%E3%83%95%E3%83%88%E5%88%B8 HTTP/1.1" 200 53596 "-" "Mozilla/5.0 (Linux; Android 6.0.1; Nexus 5X Build/MMB29P) AppleWebKit/537.36 (KHTML, like Gecko) Chrome/135.0.7049.114 Mobile Safari/537.36 (compatible; Googlebot/2.1; +http://www.google.com/bot.html)"
66.249.73.130 - - [29/Apr/2025:08:34:02 -0400] "GET /?o=1830243535802&channel=58ee0a&from=shop.php%3Fid%3D435358-16104%26name%3D%E3%82%B5%E3%83%B3%E3%83%91%E3%83%A9%E3%82%BD%E3%83%AB+%E3%82%A2%E3%83%B3%E3%83%96%E3%83%AC%E3%83%A9+%E3%82%AC%E3%83%BC%E3%83%87%E3%83%B3+9%E3%83%95%E3%82%A3%E3%83%BC%E3%83%88+%E3%83%91%E3%83%86%E3%82%A3%E3%82%AA%E3%83%86%E3%83%BC%E3%83%96%E3%83%AB+%E3%82%AC%E3%83%BC%E3%83%87%E3%83%B3%E3%83%91%E3%83%A9%E3%82%BD%E3%83%AB+%E5%82%BE%E6%96%9C%E3%81%A8%E3%82%AF%E3%83%A9%E3%83%B3%E3%82%AF%E4%BB%98%E3%81%8D+%E5%B1%8B%E5%A4%96%E3%80%81%E3%83%93%E3%83%BC%E3%83%81+%E5%95%86%E6%A5%AD%E3%82%A4%E3%83%99%E3%83%B3%E3%83%88 HTTP/1.1" 200 54243 "-" "Mozilla/5.0 (Linux; Android 6.0.1; Nexus 5X Build/MMB29P) AppleWebKit/537.36 (KHTML, like Gecko) Chrome/135.0.7049.95 Mobile Safari/537.36 (compatible; Googlebot/2.1; +http://www.google.com/bot.html)"
66.249.73.128 - - [29/Apr/2025:08:34:09 -0400] "GET /?o=96801193529900&channel=5876f3&from=info.php%3Fid%3D1935299-22969%26name%3D%E6%B5%AE%E8%BC%AA+%E6%B5%AE%E3%81%8D%E8%BC%AA+%E3%83%8F%E3%83%BC%E3%83%88+%E6%B5%AE%E3%81%8D+%E8%BC%AA+%E5%AD%90%E4%BE%9B+%E6%B8%B8%E6%B3%B3%E5%9C%88+%E3%83%97%E3%83%BC%E3%83%AB+%E3%83%9C%E3%83%BC%E3%83%88+%E6%B5%AE%E3%81%8D%E8%BC%AA+%E5%A4%A7%E4%BA%BA%E7%94%A8+%E3%83%93%E3%83%BC%E3%83%81%E3%82%B0%E3%83%83%E3%82%BA+%E6%B5%AE%E3%81%8D%E8%BC%AA+%E5%AD%90%E4%BE%9B%E7%94%A8+%E6%B5%AE%E3%81%8D%E8%BC%AA+%E5%8F%96%E3%81%A3%E6%89%8B%E4%BB%98%E3%81%8D+%E3%83%97%E3%83%BC HTTP/1.1" 200 55287 "-" "Mozilla/5.0 (Linux; Android 6.0.1; Nexus 5X Build/MMB29P) AppleWebKit/537.36 (KHTML, like Gecko) Chrome/135.0.7049.114 Mobile Safari/537.36 (compatible; Googlebot/2.1; +http://www.google.com/bot.html)"
66.249.73.128 - - [29/Apr/2025:08:34:42 -0400] "GET /?o=9299841502702&channel=25a64e&from=pin.php%3Fid%3D415027-4974%26name%3DSUCCESS+WALK%28Wacoal+%29%28%E3%82%B5%E3%82%AF%E3%82%BB%E3%82%B9%E3%82%A6%E3%82%A9%E3%83%BC%E3%82%AF%28%E3%83%AF%E3%82%B3%E3%83%BC%E3%83%AB%29%29+%E3%83%91%E3%83%B3%E3%83%97%E3%82%B9+23+1%2F2+EE+%E3%83%AC%E3%83%87%E3%82%A3%E3%83%BC%E3%82%B9+-+%E3%83%80%E3%83%BC%E3%82%AF%E3%82%B0%E3%83%AA%E3%83%BC%E3%83%B3%C3%97%E3%83%96%E3%83%A9%E3%82%A6%E3%83%B3+%E3%83%AA%E3%83%9C%E3%83%B3 HTTP/1.1" 200 53534 "-" "Mozilla/5.0 (Linux; Android 6.0.1; Nexus 5X Build/MMB29P) AppleWebKit/537.36 (KHTML, like Gecko) Chrome/135.0.7049.95 Mobile Safari/537.36 (compatible; Googlebot/2.1; +http://www.google.com/bot.html)"
66.249.73.130 - - [29/Apr/2025:08:35:10 -0400] "GET /?o=1721579412508&channel=7f3b40&from=info.php%3Fid%3D794125-18506%26name%3D%E3%82%AA%E3%83%BC%E3%83%88%E3%83%90%E3%82%A4%E3%83%81%E3%82%A7%E3%83%BC%E3%83%B3%E3%83%96%E3%83%AC%E3%83%BC%E3%82%AB%E3%83%BC%E3%83%84%E3%83%BC%E3%83%AB%E9%AB%98%E5%BC%B7%E5%BA%A6%E9%8B%BC%E7%B0%A1%E5%8D%98%E3%82%AA%E3%82%A4%E3%83%AB%E3%82%B7%E3%83%BC%E3%83%AB%E3%83%81%E3%82%A7%E3%83%BC%E3%83%B3%E5%88%86%E8%A7%A3%E9%99%A4%E5%8E%BB HTTP/1.1" 200 53560 "-" "Mozilla/5.0 (Linux; Android 6.0.1; Nexus 5X Build/MMB29P) AppleWebKit/537.36 (KHTML, like Gecko) Chrome/135.0.7049.114 Mobile Safari/537.36 (compatible; Googlebot/2.1; +http://www.google.com/bot.html)"
66.249.73.129 - - [29/Apr/2025:08:35:16 -0400] "GET /?o=75012110290302&channel=2fde2c&from=blog.php%3Fid%3D1102903-8764%26name%3D%E3%82%B8%E3%82%A7%E3%83%A9%E3%83%BC%E3%83%88+%E3%83%94%E3%82%B1%E3%80%90%E3%82%B9%E3%83%BC%E3%83%91%E3%83%BC%E3%83%9E%E3%83%AA%E3%82%AA%E3%82%B3%E3%83%A9%E3%83%9C%E3%80%91+%E3%83%A8%E3%83%83%E3%82%B7%E3%83%BC+%E3%83%91%E3%83%BC%E3%82%AB%26%E3%82%B7%E3%83%A7%E3%83%BC%E3%83%88%E3%83%91%E3%83%B3%E3%83%84 HTTP/1.1" 200 54393 "-" "Mozilla/5.0 (Linux; Android 6.0.1; Nexus 5X Build/MMB29P) AppleWebKit/537.36 (KHTML, like Gecko) Chrome/135.0.7049.114 Mobile Safari/537.36 (compatible; Googlebot/2.1; +http://www.google.com/bot.html)"
66.249.73.128 - - [29/Apr/2025:08:35:23 -0400] "GET /?o=5199765035405&channel=eff1cb&from=category-info.php%3Fid%3D650354-6041%26name%3D%E3%83%9D%E3%83%B3%E3%83%86%E3%83%B4%E3%82%A7%E3%82%AD%E3%82%AA+%E3%82%AF%E3%83%AD%E3%82%B9+%E3%83%80%E3%82%A4%E3%83%A4%E3%83%A2%E3%83%B3%E3%83%89+%E3%83%8D%E3%83%83%E3%82%AF%E3%83%AC%E3%82%B9+0.04CT HTTP/1.1" 200 54575 "-" "Mozilla/5.0 (Linux; Android 6.0.1; Nexus 5X Build/MMB29P) AppleWebKit/537.36 (KHTML, like Gecko) Chrome/135.0.7049.114 Mobile Safari/537.36 (compatible; Googlebot/2.1; +http://www.google.com/bot.html)"
66.249.73.128 - - [29/Apr/2025:08:35:24 -0400] "GET /?o=55140190359503&channel=8a0316&from=category-info.php%3Fid%3D1903595-29736%26name%3D%E8%A8%B3%E3%81%82%E3%82%8ASEIKO+%E3%82%BB%E3%82%A4%E3%82%B3%E3%83%BC%E3%83%AD%E3%83%BC%E3%83%89%E3%83%9E%E3%83%81%E3%83%83%E3%82%AF5601-9000+%E3%82%B8%E3%83%A3%E3%83%B3%E3%82%AF HTTP/1.1" 200 52034 "-" "Mozilla/5.0 (Linux; Android 6.0.1; Nexus 5X Build/MMB29P) AppleWebKit/537.36 (KHTML, like Gecko) Chrome/135.0.7049.95 Mobile Safari/537.36 (compatible; Googlebot/2.1; +http://www.google.com/bot.html)"
66.249.73.128 - - [29/Apr/2025:08:35:25 -0400] "GET /?o=0437720026400&channel=a9879b&from=article.php%3Fid%3D200264-6884%26name%3D%E6%B1%8E%E7%94%A8%E4%BA%A4%E6%8F%9B%E7%94%A8%E3%82%B9%E3%82%AF%E3%83%AA%E3%83%BC%E3%83%B3+%E3%83%8E%E3%83%BC%E3%83%88%E3%83%91%E3%82%BD%E3%82%B3%E3%83%B3+LCD+%E3%82%B9%E3%82%AF%E3%83%AA%E3%83%BC%E3%83%B3+%E3%83%87%E3%82%A3%E3%82%B9%E3%83%97%E3%83%AC%E3%82%A4%E9%81%A9%E7%94%A8%E3%81%99%E3%82%8B+For+ASUS+F52+F52A+F52Q+15. HTTP/1.1" 200 54434 "-" "Mozilla/5.0 (Linux; Android 6.0.1; Nexus 5X Build/MMB29P) AppleWebKit/537.36 (KHTML, like Gecko) Chrome/135.0.7049.114 Mobile Safari/537.36 (compatible; Googlebot/2.1; +http://www.google.com/bot.html)"
66.249.73.128 - - [29/Apr/2025:08:36:08 -0400] "GET /?o=83897136517903&channel=3f3446&from=product.php%3Fid%3D1365179-800%26name%3DUSED+TOSHIBA+%E6%9D%B1%E8%8A%9D+%E3%83%89%E3%83%A9%E3%83%A0%E5%BC%8F%E6%B4%97%E6%BF%AF%E6%A9%9F+TW-Z96A2ML+%E6%B4%97%E6%BF%AF%E5%AE%B9%E9%87%8F%EF%BC%99kg+2015%E5%B9%B4%E8%A3%BD+%E5%8B%95%E4%BD%9C%E6%9C%AA%E7%A2%BA%E8%AA%8D+%E6%9C%AA%E6%B8%85%E6%8E%83+%E7%8F%BE%E7%8A%B6%E6%B8%A1%E3%81%97+%E7%8F%BE%E5%9C%B0%E5%BC%95%E3%81%8D%E5%8F%96%E3%82%8A+%E8%87%AA%E5%8A%9B%E6%90%AC%E9%80%81%E5%8F%AF%E8%83%BD%E3%81%AA%E6%96%B9%E3%81%AE%E3%81%BF+%E6%9C%80%E5%88%9D%E3%81%AE%E3%81%8A%E5%95%8F%E3%81%84%E5%90%88%E3%82%8F%E3%81%9B%E3%83%A1%E3%83%83%E3%82%BB%E3%83%BC%E3%82%B8%E3%81%AB%E9%81%8B%E6%90%AC%E7%94%A8%E3%81%AE%E8%BB%8A%E7%A8%AE%E3%82%92%E8%A8%98%E5%85%A5%E3%81%8F%E3%81%A0%E3%81%95%E3%81%84 HTTP/1.1" 200 54690 "-" "Mozilla/5.0 (Linux; Android 6.0.1; Nexus 5X Build/MMB29P) AppleWebKit/537.36 (KHTML, like Gecko) Chrome/135.0.7049.95 Mobile Safari/537.36 (compatible; Googlebot/2.1; +http://www.google.com/bot.html)"
66.249.73.128 - - [29/Apr/2025:08:36:13 -0400] "GET /?o=9442652442804&channel=061ea6&from=article.php%3Fid%3D524428-17373%26name%3D%E3%82%A2%E3%83%B3%E3%83%80%E3%83%BC%E3%82%A2%E3%83%BC%E3%83%9E%E3%83%BC%E3%83%8F%E3%83%BC%E3%83%95%E3%83%91%E3%83%B3%E3%83%84%E3%83%A1%E3%83%B3%E3%82%BAS+M%E9%BB%92 HTTP/1.1" 200 54893 "-" "Mozilla/5.0 (Linux; Android 6.0.1; Nexus 5X Build/MMB29P) AppleWebKit/537.36 (KHTML, like Gecko) Chrome/135.0.7049.95 Mobile Safari/537.36 (compatible; Googlebot/2.1; +http://www.google.com/bot.html)"
85.208.96.206 - - [29/Apr/2025:08:36:37 -0400] "GET /bocoran-togel-toto-macau-23-00-kamis-28-desember-2023/ HTTP/1.1" 200 0 "-" "Mozilla/5.0 (compatible; SemrushBot/7~bl; +http://www.semrush.com/bot.html)"
66.249.73.128 - - [29/Apr/2025:08:36:56 -0400] "GET /?o=67749123850703&channel=82f6a7&from=product.php%3Fid%3D1238507-24288%26name%3D%E3%82%AF%E3%83%AA%E3%82%B9%E3%83%9E%E3%82%B9%E3%83%84%E3%83%AA%E3%83%BC%E7%94%A8%E3%83%9A%E3%83%83%E3%83%88%E3%83%95%E3%82%A9%E3%83%88%E3%82%AA%E3%83%BC%E3%83%8A%E3%83%A1%E3%83%B3%E3%83%88+-+%E3%82%AF%E3%83%AA%E3%82%B9%E3%83%9E%E3%82%B9%E3%83%87%E3%82%B3%E3%83%AC%E3%83%BC%E3%82%B7%E3%83%A7%E3%83%B3%E3%83%9A%E3%83%B3%E3%83%80%E3%83%B3%E3%83%88+%7C+%E3%82%AF%E3%83%AA%E3%82%B9%E3%83%9E%E3%82%B9%E3%83%89%E3%83%83%E3%82%B0%E3%82%AA%E3%83%BC%E3%83%8A%E3%83%A1%E3%83%B3%E3%83%88%E3%83%9A%E3%83%B3%E3%83%80%E3%83%B3%E3%83%88+%E3%83%9A%E3%83%83 HTTP/1.1" 200 53891 "-" "Mozilla/5.0 (Linux; Android 6.0.1; Nexus 5X Build/MMB29P) AppleWebKit/537.36 (KHTML, like Gecko) Chrome/135.0.7049.95 Mobile Safari/537.36 (compatible; Googlebot/2.1; +http://www.google.com/bot.html)"
66.249.73.129 - - [29/Apr/2025:08:37:46 -0400] "GET /?o=20139127947502&channel=402fda&from=pin.php%3Fid%3D1279475-19186%26name%3D%E3%80%90%E7%A2%BA%E8%AA%8D%E7%94%A8%E3%80%91%E3%80%90%E3%83%9F%E3%83%8B%E3%83%81%E3%83%A5%E3%82%A2%E3%80%91%E9%A1%8D%E5%85%A5%E3%82%8A%E3%83%9D%E3%82%B9%E3%82%BF%E3%83%BC%E2%9C%BD%E6%A2%9F%E2%9C%BDhandmade HTTP/1.1" 200 54296 "-" "Mozilla/5.0 (Linux; Android 6.0.1; Nexus 5X Build/MMB29P) AppleWebKit/537.36 (KHTML, like Gecko) Chrome/135.0.7049.95 Mobile Safari/537.36 (compatible; Googlebot/2.1; +http://www.google.com/bot.html)"
207.46.13.116 - - [29/Apr/2025:08:37:52 -0400] "GET /?o=9522965564600&channel=cf8690&from=pin.php%3Fid%3D655646-6635%26name%3DGORE-TEX+%E3%83%9C%E3%82%A2%E3%82%B7%E3%83%A7%E3%83%BC%E3%83%88%E3%83%96%E3%83%BC%E3%83%84+%E3%82%B0%E3%83%AC%E3%83%BC+%E5%AE%8C%E5%85%A8%E9%98%B2%E6%B0%B4+24.5+EEE+%E6%97%A5%E6%9C%AC%E8%A3%BD HTTP/1.1" 200 0 "-" "Mozilla/5.0 AppleWebKit/537.36 (KHTML, like Gecko; compatible; bingbot/2.0; +http://www.bing.com/bingbot.htm) Chrome/116.0.1938.76 Safari/537.36"
207.46.13.127 - - [29/Apr/2025:08:37:58 -0400] "GET /?o=205226126801&channel=b711ab&from=product.php%3Fid%3D61268-4891%26name%3D%E3%80%90%E3%81%8A%E5%A2%93%E3%83%BB%E9%A6%99%E7%82%89%E3%80%91%E3%82%B0%E3%83%AC%E3%83%BC%E5%BE%A1%E5%BD%B1%E7%9F%B3%E8%A7%92%E9%A6%99%E7%82%89%E3%80%82%E5%8F%A4%E3%81%84%E9%A6%99%E7%82%89%E3%82%92%E6%89%8B%E8%BB%BD%E3%81%AB%E4%BA%A4%E6%8F%9B%E3%80%82%E4%BD%BF%E3%81%84%E3%82%84%E3%81%99%E3%81%84%E3%82%B5%E3%82%A4%E3%82%BA%E3%82%92%E8%BF%BD%E6%B1%82%E3%81%97%E3%81%BE%E3%81%97%E3%81%9F%E3%80%82%E9%96%93%E5%8F%A324%E3%82%BB%E3%83%B3%E3%83%81%E3%80%81%E5%A5%A5%E8%A1%8C%E3%81%8D15%E3%82%BB%E3%83%B3%E3%83%81%E3%80%82%E7%85%99%E6%8A%9C%E3%81%8D%E7%A9%B4%E4%BB%98 HTTP/1.1" 200 0 "-" "Mozilla/5.0 AppleWebKit/537.36 (KHTML, like Gecko; compatible; bingbot/2.0; +http://www.bing.com/bingbot.htm) Chrome/116.0.1938.76 Safari/537.36"
207.46.13.127 - - [29/Apr/2025:08:38:00 -0400] "GET /?o=0820897949100&channel=d45ae8&from=shared.php%3Fid%3D979491-22426%26name%3D%E7%8C%AB%E3%83%99%E3%83%83%E3%83%89+%E3%83%9A%E3%83%83%E3%83%88%E7%8C%AB%E3%83%8D%E3%82%B9%E7%94%B0%E3%82%93%E3%81%A6%E9%9B%B2%E3%81%A8%E5%86%AC%E3%81%AE%E7%8C%AB%E3%81%AE%E3%82%B4%E3%83%9F%E3%81%AE%E5%B7%A3%E5%86%AC%E3%81%AE%E3%83%8D%E3%83%83%E3%83%88%E3%83%AC%E3%83%83%E3%83%89%E3%82%AD%E3%83%A3%E3%83%83%E3%83%88%E3%83%99%E3%83%83%E3%83%89%E7%8A%AC%E3%81%AE%E3%82%BD%E3%83%95%E3%82%A1%E3%83%BC%E3%81%AE%E5%8F%96%E3%82%8A%E5%A4%96%E3%81%97%E5%8F%AF%E8%83%BD%E3%81%A7%E6%B4%97%E3%81%88%E3%82%8B%E3%83%9A%E3%83%83%E3%83%88%E3%81%AE%E4%BE%9B%E7%B5%A6%28%E9%9D%92%2CM HTTP/1.1" 200 0 "-" "Mozilla/5.0 AppleWebKit/537.36 (KHTML, like Gecko; compatible; bingbot/2.0; +http://www.bing.com/bingbot.htm) Chrome/116.0.1938.76 Safari/537.36"
66.249.73.128 - - [29/Apr/2025:08:38:27 -0400] "GET /?o=808151361020&channel=c17781&from=shared.php%3Fid%3D13610-1796%26name%3DBIRKENSTOCK+%2F+%E3%83%93%E3%83%AB%E3%82%B1%E3%83%B3%E3%82%B7%E3%83%A5%E3%83%88%E3%83%83%E3%82%AF+Exclusive+TOKIO HTTP/1.1" 200 52083 "-" "Mozilla/5.0 (Linux; Android 6.0.1; Nexus 5X Build/MMB29P) AppleWebKit/537.36 (KHTML, like Gecko) Chrome/135.0.7049.114 Mobile Safari/537.36 (compatible; Googlebot/2.1; +http://www.google.com/bot.html)"
66.249.73.129 - - [29/Apr/2025:08:38:27 -0400] "GET /?o=7804274131001&channel=1ee0dc&from=article.php%3Fid%3D741310-15771%26name%3D%E3%83%A4%E3%83%9E%E3%83%8F%E3%83%93%E3%83%BC%E3%83%8E%E3%83%90%E3%82%A4%E3%82%AF%E3%81%A7%E3%81%99%E3%80%82 HTTP/1.1" 200 53749 "-" "Mozilla/5.0 (Linux; Android 6.0.1; Nexus 5X Build/MMB29P) AppleWebKit/537.36 (KHTML, like Gecko) Chrome/135.0.7049.95 Mobile Safari/537.36 (compatible; Googlebot/2.1; +http://www.google.com/bot.html)"
66.249.73.128 - - [29/Apr/2025:08:39:10 -0400] "GET /?o=62432181557003&channel=a286db&from=shared.php%3Fid%3D1815570-5751%26name%3D%E8%B6%B3%E5%A0%B4%E5%8F%B0+%E8%84%9A%E7%AB%8B+%E5%B9%85%E5%BA%83+%E3%83%AF%E3%82%A4%E3%83%89+%E3%82%A2%E3%83%AB%E3%83%9F+%E8%BB%BD%E3%81%84+%E6%8A%98%E3%82%8A%E3%81%9F%E3%81%9F%E3%81%BF+%E6%B4%97%E8%BB%8A+SUV+%E8%80%90%E8%8D%B7%E9%87%8D150kg+%E5%AE%8C%E6%88%90%E5%93%81+out-EEX-KYA20+%E3%82%A2%E3%82%A6%E3%83%88%E3%83%AC%E3%83%83%E3%83%88 HTTP/1.1" 200 52812 "-" "Mozilla/5.0 (Linux; Android 6.0.1; Nexus 5X Build/MMB29P) AppleWebKit/537.36 (KHTML, like Gecko) Chrome/135.0.7049.95 Mobile Safari/537.36 (compatible; Googlebot/2.1; +http://www.google.com/bot.html)"
66.249.73.129 - - [29/Apr/2025:08:39:27 -0400] "GET /?o=598177130306&channel=fd459c&from=pin.php%3Fid%3D71303-1585%26name%3D%E3%80%90%E3%82%B8%E3%83%A3%E3%83%B3%E3%82%AF%E5%93%81%E3%80%91%E3%83%AB%E3%82%A4%E3%83%BB%E3%83%B4%E3%82%A3%E3%83%88%E3%83%B3+%E3%82%B5%E3%83%B3%E3%82%AF%E3%83%AB%E3%83%BC+GM+%E3%83%AC%E3%83%87%E3%82%A3%E3%83%BC%E3%82%B9+%E3%80%90%E4%B8%AD%E5%8F%A4%E3%80%91 HTTP/1.1" 200 53437 "-" "Mozilla/5.0 (Linux; Android 6.0.1; Nexus 5X Build/MMB29P) AppleWebKit/537.36 (KHTML, like Gecko) Chrome/135.0.7049.95 Mobile Safari/537.36 (compatible; Googlebot/2.1; +http://www.google.com/bot.html)"
66.249.73.128 - - [29/Apr/2025:08:39:56 -0400] "GET /?o=974772564501&channel=3a3bac&from=form.php%3Fid%3D25645-2653%26name%3D%E5%B7%A5%E6%88%BF%E3%80%80%E6%A5%94%E3%80%80%E8%8A%B1%E6%A2%A8%E7%B4%85%E7%99%BD%E3%81%93%E3%81%B6%E6%9D%A2%E3%82%B7%E3%83%A3%E3%83%BC%E3%83%97%E3%83%9A%E3%83%B3%E3%82%B7%E3%83%AB%E3%80%800.5%E3%83%9F%E3%83%AA+%E3%81%8A%E3%81%BE%E3%81%91%E4%BB%98%E3%81%8D HTTP/1.1" 200 53458 "-" "Mozilla/5.0 (Linux; Android 6.0.1; Nexus 5X Build/MMB29P) AppleWebKit/537.36 (KHTML, like Gecko) Chrome/135.0.7049.95 Mobile Safari/537.36 (compatible; Googlebot/2.1; +http://www.google.com/bot.html)"
66.249.73.128 - - [29/Apr/2025:08:40:01 -0400] "GET /?o=95980141870203&channel=3210e9&from=info.php%3Fid%3D1418702-20818%26name%3DCGOLDENWALL+M33-M39%E3%83%9D%E3%83%B3%E3%83%97%E4%BB%98%E3%83%8A%E3%83%83%E3%83%88%E3%82%B9%E3%83%97%E3%83%AA%E3%83%83%E3%82%BF%E3%83%BC+%E6%B2%B9%E5%9C%A7%E5%BC%8F%E3%83%8A%E3%83%83%E3%83%88%E3%83%96%E3%83%AC%E3%83%BC%E3%82%AB%E3%83%BC+%28HHQ-5060%E3%81%AE%E3%81%BF%29 HTTP/1.1" 200 54567 "-" "Mozilla/5.0 (Linux; Android 6.0.1; Nexus 5X Build/MMB29P) AppleWebKit/537.36 (KHTML, like Gecko) Chrome/135.0.7049.114 Mobile Safari/537.36 (compatible; Googlebot/2.1; +http://www.google.com/bot.html)"
40.77.167.14 - - [29/Apr/2025:08:40:20 -0400] "GET /?o=64909136490209&channel=32baac&from=info.php%3Fid%3D1364902-1509%26name%3D%E3%80%8A%E8%BF%BD%E5%8A%A0%E3%80%8B%E3%80%90LOURMARIN%2F%E3%83%AB%E3%83%BC%E3%83%AB%E3%83%9E%E3%83%A9%E3%83%B3%E3%80%91%E3%83%AC%E3%83%BC%E3%83%A8%E3%83%B3%2F%E9%BA%BB%E3%83%91%E3%83%95%E3%82%B9%E3%83%AA%E3%83%BC%E3%83%96%E3%83%96%E3%83%A9%E3%82%A6%E3%82%B9 HTTP/1.1" 200 0 "-" "Mozilla/5.0 AppleWebKit/537.36 (KHTML, like Gecko; compatible; bingbot/2.0; +http://www.bing.com/bingbot.htm) Chrome/116.0.1938.76 Safari/537.36"
66.249.73.129 - - [29/Apr/2025:08:40:21 -0400] "GET /css_9ab0ca8ef175136410d4b7375b02bd19/_public_bundle_sp.bundle.min HTTP/1.1" 200 62457 "https://bocorantogeljitu.co/?o=974772564501&channel=3a3bac&from=form.php%3Fid%3D25645-2653%26name%3D%E5%B7%A5%E6%88%BF%E3%80%80%E6%A5%94%E3%80%80%E8%8A%B1%E6%A2%A8%E7%B4%85%E7%99%BD%E3%81%93%E3%81%B6%E6%9D%A2%E3%82%B7%E3%83%A3%E3%83%BC%E3%83%97%E3%83%9A%E3%83%B3%E3%82%B7%E3%83%AB%E3%80%800.5%E3%83%9F%E3%83%AA+%E3%81%8A%E3%81%BE%E3%81%91%E4%BB%98%E3%81%8D" "Mozilla/5.0 (Linux; Android 6.0.1; Nexus 5X Build/MMB29P) AppleWebKit/537.36 (KHTML, like Gecko) Chrome/134.0.6998.165 Mobile Safari/537.36 (compatible; Googlebot/2.1; +http://www.google.com/bot.html)"
66.249.73.128 - - [29/Apr/2025:08:40:46 -0400] "GET /?o=2866970066005&channel=f7ae1b&from=pin.php%3Fid%3D700660-19776%26name%3D%E3%80%90SEASKY%E3%80%91+IP11KB+%E3%83%96%E3%83%A9%E3%83%83%E3%82%AF+%E9%A1%94%E6%96%99+2%E5%80%8B%E3%82%BB%E3%83%83%E3%83%88+%E5%A4%A7%E5%AE%B9%E9%87%8F+%E3%82%A8%E3%83%97%E3%82%BD%E3%83%B3%E3%83%97%E3%83%AA%E3%83%B3%E3%82%BF%E3%83%BC%E7%94%A8+%E4%BA%92%E6%8F%9B%E3%82%A4%E3%83%B3%E3%82%AF%E3%83%91%E3%83%83%E3%82%AF+ISO9001%E8%AA%8D%E8%A8%BC%E5%B7%A5%E5%A0%B4 HTTP/1.1" 200 53208 "-" "Mozilla/5.0 (Linux; Android 6.0.1; Nexus 5X Build/MMB29P) AppleWebKit/537.36 (KHTML, like Gecko) Chrome/135.0.7049.95 Mobile Safari/537.36 (compatible; Googlebot/2.1; +http://www.google.com/bot.html)"
66.249.73.130 - - [29/Apr/2025:08:41:32 -0400] "GET /?o=2479711675906&channel=eb0cc3&from=article.php%3Fid%3D116759-7710%26name%3D%E7%B1%83%E5%B3%B0%E6%96%8E+%E4%BD%9C+%E5%BE%A1%E6%89%80%E7%B1%A0+%E5%B9%B3%E5%AE%89+%E7%AB%B9%E7%B7%A8+%E5%85%B1%E7%AE%B1+%E5%85%B1%E5%B8%83+%E8%8C%B6%E7%B1%A0+%E5%BE%A1%E6%89%80%E7%AF%AD+%E8%8C%B6%E9%81%93%E5%85%B7+%E7%AB%B9%E5%B7%A5%E8%8A%B8+%E5%8F%8E%E7%B4%8D%E7%AE%B1+%E7%B7%A8%E3%81%BF+%E5%8F%8E%E7%B4%8D%E3%81%8B%E3%81%94+%E7%9C%9F%E4%BD%9C%E4%BF%9D%E8%A8%BC HTTP/1.1" 200 55524 "-" "Mozilla/5.0 (Linux; Android 6.0.1; Nexus 5X Build/MMB29P) AppleWebKit/537.36 (KHTML, like Gecko) Chrome/135.0.7049.95 Mobile Safari/537.36 (compatible; Googlebot/2.1; +http://www.google.com/bot.html)"
52.167.144.216 - - [29/Apr/2025:08:41:37 -0400] "GET /?o=8210292151600&channel=c47d1a&from=blog.php%3Fid%3D921516-5665%26name%3D%E5%84%AA%E8%89%AF%E9%85%8D%E9%80%81+Chromecast+with+GoogleTV+4K%E3%83%A2%E3%83%87%E3%83%AB+%E3%82%AF%E3%83%AD%E3%83%BC%E3%83%A0%E3%82%AD%E3%83%A3%E3%82%B9%E3%83%88 HTTP/1.1" 200 0 "-" "Mozilla/5.0 AppleWebKit/537.36 (KHTML, like Gecko; compatible; bingbot/2.0; +http://www.bing.com/bingbot.htm) Chrome/116.0.1938.76 Safari/537.36"
66.249.73.128 - - [29/Apr/2025:08:42:08 -0400] "GET /?o=9082669835102&channel=48dc1c&from=shared.php%3Fid%3D698351-912%26name%3D%E3%80%87%E3%80%90%E6%9C%AA%E4%BD%BF%E7%94%A8%E3%80%91%E3%83%9E%E3%82%AD%E3%82%BF+Makita+XGT10+A-74859+40Vmax+%E3%83%91%E3%83%AF%E3%83%BC%E3%82%BD%E3%83%BC%E3%82%B9%E3%82%AD%E3%83%83%E3%83%88+%E3%83%90%E3%83%83%E3%83%86%E3%83%AA+BL4080F%C3%972+%E5%85%85%E9%9B%BB%E5%99%A8+DC40RB+%E3%83%9E%E3%83%83%E3%82%AF%E3%83%91%E3%83%83%E3%82%AF%E3%82%BF%E3%82%A4%E3%83%973%E3%80%90%E4%B8%AD%E5%8F%A4%E3%80%91 HTTP/1.1" 200 56387 "-" "Mozilla/5.0 (Linux; Android 6.0.1; Nexus 5X Build/MMB29P) AppleWebKit/537.36 (KHTML, like Gecko) Chrome/135.0.7049.95 Mobile Safari/537.36 (compatible; Googlebot/2.1; +http://www.google.com/bot.html)"
207.46.13.116 - - [29/Apr/2025:08:42:09 -0400] "GET /?o=11990168092802&channel=b72824&from=pin.php%3Fid%3D1680928-27238%26name%3D%E3%82%B2%E3%83%BC%E3%82%B8%E6%B8%AC%E5%AE%9A%E3%83%96%E3%83%AD%E3%83%83%E3%82%AF%E3%80%81+%E7%B2%BE%E5%AF%86+10+%E3%83%9F%E3%83%AA%E3%83%A1%E3%83%BC%E3%83%88%E3%83%AB+20+%E3%83%9F%E3%83%AA%E3%83%A1%E3%83%BC%E3%83%88%E3%83%AB+30+%E3%83%9F%E3%83%AA%E3%83%A1%E3%83%BC%E3%83%88%E3%83%AB+40+%E3%83%9F%E3%83%AA%E3%83%A1%E3%83%BC%E3%83%88%E3%83%AB+50+%E3%83%9F%E3%83%AA%E3%83%A1%E3%83%BC%E3%83%88%E3%83%AB+10 HTTP/1.1" 200 0 "-" "Mozilla/5.0 AppleWebKit/537.36 (KHTML, like Gecko; compatible; bingbot/2.0; +http://www.bing.com/bingbot.htm) Chrome/116.0.1938.76 Safari/537.36"
66.249.73.128 - - [29/Apr/2025:08:42:13 -0400] "GET /?o=19132134390604&channel=59ad7f&from=brands.php%3Fid%3D1343906-8933%26name%3D%E3%80%90%E5%B8%8C%E5%B0%91%E3%80%91%E9%89%84%E9%81%93%E3%83%95%E3%82%A1%E3%83%B3%E3%80%801977%E5%B9%B411%E6%9C%88%E5%8F%B7%E3%80%80%E4%BA%A4%E5%8F%8B%E7%A4%BE%E7%99%BA%E8%A1%8C%E3%80%80%E5%9B%B3%E9%9D%A2%E3%80%80%E3%83%80%E3%82%A4%E3%83%A4%E4%BB%98%E3%81%8D%E3%80%80%E5%9B%BD%E9%89%84+%E3%81%8B%E3%82%89%E3%81%BE%E3%81%9B HTTP/1.1" 200 52337 "-" "Mozilla/5.0 (Linux; Android 6.0.1; Nexus 5X Build/MMB29P) AppleWebKit/537.36 (KHTML, like Gecko) Chrome/135.0.7049.95 Mobile Safari/537.36 (compatible; Googlebot/2.1; +http://www.google.com/bot.html)"
52.167.144.216 - - [29/Apr/2025:08:42:38 -0400] "GET /?o=71097104102600&channel=7a5f3d&from=article.php%3Fid%3D1041026-2433%26name%3D%E3%83%87%E3%83%A5%E3%82%A8%E3%83%9E+%E9%9B%BB%E7%A3%81%E9%AD%94%E5%A4%A9%E3%82%A4%E3%82%A8%E3%82%B9%E3%83%BB%E3%82%B6%E3%83%8A%E3%83%89%E3%82%A5+SR+ART12+4%2F5 HTTP/1.1" 200 0 "-" "Mozilla/5.0 AppleWebKit/537.36 (KHTML, like Gecko; compatible; bingbot/2.0; +http://www.bing.com/bingbot.htm) Chrome/116.0.1938.76 Safari/537.36"
66.249.73.128 - - [29/Apr/2025:08:42:47 -0400] "GET /?o=37098149023503&channel=1efad4&from=brands.php%3Fid%3D1490235-25858%26name%3D%28%E5%8F%96%E5%AF%84%E3%81%9B+1%E6%9C%88%E6%9C%AB%E9%A0%83%E3%83%A1%E3%83%BC%E3%82%AB%E3%83%BC%E7%94%9F%E7%94%A3%E4%BA%88%E5%AE%9A%29+%E3%80%80%E2%98%85%E3%82%B7%E3%83%9E%E3%83%8E+%E3%80%80FT-521W+%E3%80%80%E3%83%AA%E3%83%9F%E3%83%86%E3%83%83%E3%83%89%E3%83%97%E3%83%AD+%E3%82%B8%E3%82%AA%E3%83%AD%E3%83%83%E3%82%AF+%E7%BE%8A%E6%AF%9B%E3%83%94%E3%83%B3%E3%83%95%E3%82%A7%E3%83%AB%E3%83%88+%28%E4%B8%AD%E5%89%B2%29+%E3%80%80%E3%83%96%E3%83%A9%E3%83%83%E3%82%AF+%E3%80%80L HTTP/1.1" 200 52152 "-" "Mozilla/5.0 (Linux; Android 6.0.1; Nexus 5X Build/MMB29P) AppleWebKit/537.36 (KHTML, like Gecko) Chrome/135.0.7049.114 Mobile Safari/537.36 (compatible; Googlebot/2.1; +http://www.google.com/bot.html)"
