66.249.73.128 - - [29/Apr/2025:13:50:48 -0400] "GET /?o=7402528803802&channel=8cc173&from=article.php%3Fid%3D288038-6667%26name%3D%E8%83%B8%E4%BB%98%E3%81%8D%E5%AF%9D%E5%85%B73%E6%9E%9A%E3%80%81%E7%89%B9%E5%A4%A7%E3%82%B5%E3%82%A4%E3%82%BA%E3%80%81%E5%A4%8F%E3%81%AE%E3%82%A8%E3%82%A2%E3%82%B3%E3%83%B3%E3%80%81%E6%B4%97%E6%BF%AF%E6%A9%9F%E6%B4%97%E3%81%84%E3%82%A8%E3%82%A2%E3%82%B3%E3%83%B3%E3%82%AB%E3%83%90%E3%83%BC+-+%E8%96%84%E3%81%8416%E3%82%A4%E3%83%B3%E3%83%81%E3%81%AE%E5%BA%8A%E7%9D%80%288%2C79+%2A+91+%26%2334%3B-%E3%82%AD%E3%83%AB%E3%83%88 HTTP/1.1" 200 54314 "-" "Mozilla/5.0 (Linux; Android 6.0.1; Nexus 5X Build/MMB29P) AppleWebKit/537.36 (KHTML, like Gecko) Chrome/135.0.7049.95 Mobile Safari/537.36 (compatible; Googlebot/2.1; +http://www.google.com/bot.html)"
18.97.9.175 - - [29/Apr/2025:13:50:57 -0400] "GET /erek-erek-74-di-buku-mimpi-bergambar-lengkap/ HTTP/1.1" 200 0 "-" "CCBot/2.0 (https://commoncrawl.org/faq/)"
66.249.73.130 - - [29/Apr/2025:13:51:24 -0400] "GET /?o=24970197829310&channel=d6d6d5&from=info.php%3Fid%3D1978293-10656%26name%3D%E5%A4%A7%E5%88%A4%E3%82%B9%E3%83%88%E3%83%BC%E3%83%AB%E3%80%80857%E3%80%80%E7%9D%80%E7%89%A9%E3%80%80%E3%82%A4%E3%83%99%E3%83%B3%E3%83%88%E3%80%80%E3%83%AC%E3%83%BC%E3%82%B9%E3%80%80%E9%BB%92%E3%80%80%E3%82%B7%E3%83%A7%E3%83%BC%E3%83%AB%E3%80%80%E3%80%80%E3%83%91%E3%83%BC%E3%83%86%E3%82%A3%E3%83%BC%E3%80%80%E3%83%AD%E3%83%B3%E3%82%B0 HTTP/1.1" 200 54282 "-" "Mozilla/5.0 (Linux; Android 6.0.1; Nexus 5X Build/MMB29P) AppleWebKit/537.36 (KHTML, like Gecko) Chrome/135.0.7049.95 Mobile Safari/537.36 (compatible; Googlebot/2.1; +http://www.google.com/bot.html)"
66.249.73.129 - - [29/Apr/2025:13:51:42 -0400] "GET /?o=8775823085003&channel=705d5a&from=article.php%3Fid%3D230850-11577%26name%3DDAIWA+TLX027+%E3%83%A9%E3%82%A4%E3%83%88%E3%82%B9%E3%83%9D%E3%83%BC%E3%83%84+%E3%83%96%E3%83%AB%E3%83%BC%E3%83%9F%E3%83%A9%E3%83%BC HTTP/1.1" 200 52456 "-" "Mozilla/5.0 (Linux; Android 6.0.1; Nexus 5X Build/MMB29P) AppleWebKit/537.36 (KHTML, like Gecko) Chrome/135.0.7049.95 Mobile Safari/537.36 (compatible; Googlebot/2.1; +http://www.google.com/bot.html)"
18.97.9.175 - - [29/Apr/2025:13:51:46 -0400] "GET /tag/angka-jitu/ HTTP/1.1" 200 0 "-" "CCBot/2.0 (https://commoncrawl.org/faq/)"
66.249.73.128 - - [29/Apr/2025:13:52:00 -0400] "GET /?o=8832916988608&channel=b2465c&from=form.php%3Fid%3D169886-6272%26name%3D%E3%82%B7%E3%83%B3%E3%82%B0%E3%83%AB+%E3%82%B7%E3%83%A7%E3%83%BC%E3%83%88+%E3%83%99%E3%83%83%E3%83%89+%E3%83%9E%E3%83%83%E3%83%88%E3%83%AC%E3%82%B9+%E3%82%BB%E3%83%83%E3%83%88+%E3%83%9D%E3%82%B1%E3%83%83%E3%83%88%E3%82%B3%E3%82%A4%E3%83%AB+%E3%82%B7%E3%83%A7%E3%83%BC%E3%83%88%E4%B8%88+%E5%BC%95%E3%81%8D%E5%87%BA%E3%81%97+%E5%8F%8E%E7%B4%8D%E4%BB%98%E3%81%8D%E3%83%99%E3%83%83%E3%83%89+%E5%AE%AE%E4%BB%98+%E6%A3%9A+%E3%83%9E%E3%83%83%E3%83%88+%E5%8F%8E%E7%B4%8D%E3%83%99%E3%83%83%E3%83%89+%E3%83%99%E3%83%83%E3%83%89%E3%82%BB%E3%83%83%E3%83%88+%E9%80%81%E6%96%99%E7%84%A1%E6%96%99 HTTP/1.1" 200 53913 "-" "Mozilla/5.0 (Linux; Android 6.0.1; Nexus 5X Build/MMB29P) AppleWebKit/537.36 (KHTML, like Gecko) Chrome/135.0.7049.95 Mobile Safari/537.36 (compatible; Googlebot/2.1; +http://www.google.com/bot.html)"
66.249.73.129 - - [29/Apr/2025:13:52:16 -0400] "GET /?o=5796047089203&channel=5ca04c&from=brands.php%3Fid%3D470892-4980%26name%3DSAINT+LAURENT+PARIS+%E3%82%B5%E3%83%B3%E3%83%AD%E3%83%BC%E3%83%A9%E3%83%B3+%E3%83%90%E3%83%83%E3%82%AF%E3%83%91%E3%83%83%E3%82%AF+%E3%82%B7%E3%83%86%E3%82%A3 HTTP/1.1" 200 52609 "-" "Mozilla/5.0 (Linux; Android 6.0.1; Nexus 5X Build/MMB29P) AppleWebKit/537.36 (KHTML, like Gecko) Chrome/135.0.7049.95 Mobile Safari/537.36 (compatible; Googlebot/2.1; +http://www.google.com/bot.html)"
66.249.73.128 - - [29/Apr/2025:13:52:26 -0400] "GET /?o=28719178889106&channel=455c9e&from=shared.php%3Fid%3D1788891-22447%26name%3DTEHAUX+50%E5%80%8B+%E3%83%86%E3%83%BC%E3%83%A9%E3%83%BC%E3%82%BD%E3%83%BC%E3%82%A4%E3%83%B3%E3%82%B0%E3%83%84%E3%83%BC%E3%83%AB+%E3%82%B8%E3%83%83%E3%83%91%E3%83%BC%E3%82%B9%E3%83%A9%E3%82%A4%E3%83%80%E3%83%BC%E4%BA%A4%E6%8F%9B+%E3%83%90%E3%83%83%E3%82%B0%E3%82%84%E8%B2%A1%E5%B8%83%E3%81%AE%E3%82%B8%E3%83%83%E3%83%91%E3%83%BC+%E3%83%9F%E3%82%B7%E3%83%B3+%E5%A3%8A%E3%82%8C%E3%81%9F%E3%82%B8%E3%83%83%E3%83%91%E3%83%BC%E3%83%97%E3%83%AB%E3%81%AE%E4%BA%A4%E6%8F%9B+%E8%A1%A3 HTTP/1.1" 200 52954 "-" "Mozilla/5.0 (Linux; Android 6.0.1; Nexus 5X Build/MMB29P) AppleWebKit/537.36 (KHTML, like Gecko) Chrome/135.0.7049.95 Mobile Safari/537.36 (compatible; Googlebot/2.1; +http://www.google.com/bot.html)"
18.97.9.175 - - [29/Apr/2025:13:52:32 -0400] "GET /bocoran-togel-toto-macau-22-00-jumat-12-januari-2024/ HTTP/1.1" 200 0 "-" "CCBot/2.0 (https://commoncrawl.org/faq/)"
66.249.73.128 - - [29/Apr/2025:13:52:50 -0400] "GET /?o=3593028534500&channel=fd459c&from=category-info.php%3Fid%3D285345-1585%26name%3DLOUIS+VUITTON+%E3%83%90%E3%83%83%E3%82%B0 HTTP/1.1" 200 53479 "-" "Mozilla/5.0 (Linux; Android 6.0.1; Nexus 5X Build/MMB29P) AppleWebKit/537.36 (KHTML, like Gecko) Chrome/135.0.7049.95 Mobile Safari/537.36 (compatible; Googlebot/2.1; +http://www.google.com/bot.html)"
66.249.73.128 - - [29/Apr/2025:13:53:10 -0400] "GET /?o=22046112481900&channel=950ee5&from=news.php%3Fid%3D1124819-13818%26name%3D6x%2F%E3%82%BB%E3%83%83%E3%83%88+4+%E3%81%A7+1+%E5%A4%9A%E8%89%B2%E3%83%9C%E3%83%BC%E3%83%AB%E3%83%9A%E3%83%B3%E6%A0%BC%E7%B4%8D%E5%BC%8F%E3%83%9C%E3%83%BC%E3%83%AB%E3%83%9A%E3%83%B3+1.0+%E3%83%9F%E3%83%AA%E3%83%A1%E3%83%BC%E3%83%88%E3%83%AB%E3%82%B7%E3%83%A3%E3%83%88%E3%83%AB%E3%83%9A%E3%83%B3%E7%AD%86%E8%A8%98%E3%83%9A%E3%83%B3%E3%82%AA%E3%83%95%E3%82%A3%E3%82%B9%E5%AD%A6%E7%94%A8%E5%93%81 HTTP/1.1" 200 52771 "-" "Mozilla/5.0 (Linux; Android 6.0.1; Nexus 5X Build/MMB29P) AppleWebKit/537.36 (KHTML, like Gecko) Chrome/135.0.7049.95 Mobile Safari/537.36 (compatible; Googlebot/2.1; +http://www.google.com/bot.html)"
52.54.15.103 - - [29/Apr/2025:13:53:12 -0400] "GET /wp-includes__c454f3a/sodium_compat/src/Core/BLAKE2b.php HTTP/1.1" 403 1242 "-" "Mozilla/5.0 AppleWebKit/537.36 (KHTML, like Gecko; compatible; Amazonbot/0.1; +https://developer.amazon.com/support/amazonbot) Chrome/119.0.6045.214 Safari/537.36"
100.28.57.133 - - [29/Apr/2025:13:53:15 -0400] "GET /wp-includes__c454f3a/Requests/src/?SA HTTP/1.1" 200 1785 "-" "Mozilla/5.0 AppleWebKit/537.36 (KHTML, like Gecko; compatible; Amazonbot/0.1; +https://developer.amazon.com/support/amazonbot) Chrome/119.0.6045.214 Safari/537.36"
18.97.9.175 - - [29/Apr/2025:13:53:15 -0400] "GET /tag/bocoran-togel-toto-macau-16-00-wib-terkini/page/2/ HTTP/1.1" 200 0 "-" "CCBot/2.0 (https://commoncrawl.org/faq/)"
44.215.231.15 - - [29/Apr/2025:13:53:19 -0400] "GET /wp-includes__c454f3a/css/dist/edit-post/?SA HTTP/1.1" 200 1319 "-" "Mozilla/5.0 AppleWebKit/537.36 (KHTML, like Gecko; compatible; Amazonbot/0.1; +https://developer.amazon.com/support/amazonbot) Chrome/119.0.6045.214 Safari/537.36"
34.225.243.131 - - [29/Apr/2025:13:53:23 -0400] "GET /wp-includes__c454f3a/Requests/src/Exception/ HTTP/1.1" 200 1293 "-" "Mozilla/5.0 AppleWebKit/537.36 (KHTML, like Gecko; compatible; Amazonbot/0.1; +https://developer.amazon.com/support/amazonbot) Chrome/119.0.6045.214 Safari/537.36"
44.212.131.50 - - [29/Apr/2025:13:53:32 -0400] "GET /wp-includes__c454f3a/SimplePie/src/Cache/NameFilter.php HTTP/1.1" 403 1242 "-" "Mozilla/5.0 AppleWebKit/537.36 (KHTML, like Gecko; compatible; Amazonbot/0.1; +https://developer.amazon.com/support/amazonbot) Chrome/119.0.6045.214 Safari/537.36"
66.249.73.129 - - [29/Apr/2025:13:53:40 -0400] "GET /?o=8189091076403&channel=eff1cb&from=product.php%3Fid%3D910764-6041%26name%3D%E3%82%A2%E3%82%AC%E3%83%83%E3%83%88+%E4%B8%80%E7%B2%92%E3%83%80%E3%82%A4%E3%83%A4+%E3%83%8D%E3%83%83%E3%82%AF%E3%83%AC%E3%82%B9+%E3%83%9A%E3%83%B3%E3%83%80%E3%83%B3%E3%83%88+K18+0.05ct+%E3%82%B4%E3%83%BC%E3%83%AB%E3%83%89 HTTP/1.1" 200 54868 "-" "Mozilla/5.0 (Linux; Android 6.0.1; Nexus 5X Build/MMB29P) AppleWebKit/537.36 (KHTML, like Gecko) Chrome/135.0.7049.95 Mobile Safari/537.36 (compatible; Googlebot/2.1; +http://www.google.com/bot.html)"
18.97.9.175 - - [29/Apr/2025:13:54:00 -0400] "GET /bocoran-togel-jitu-beijing-rabu-15-november-2023/ HTTP/1.1" 200 0 "-" "CCBot/2.0 (https://commoncrawl.org/faq/)"
66.249.73.130 - - [29/Apr/2025:13:54:07 -0400] "GET /?o=0309255706304&channel=0ec43d&from=pin.php%3Fid%3D557063-17918%26name%3D%E8%80%81%E7%9C%BC%E9%8F%A1%E3%80%80%E3%82%B7%E3%83%8B%E3%82%A2%E3%82%B0%E3%83%A9%E3%82%B9+%E7%BD%AE%E3%81%8D%E5%BF%98%E3%82%8C%E7%84%A1%E3%81%97%E3%80%80%E7%A3%81%E7%9F%B3%E7%9D%80%E8%84%B1+%E5%BD%A2%E7%8A%B6%E8%A8%98%E6%86%B6%E3%83%AD%E3%83%BC%E3%83%97%E5%BC%8F+%E9%BB%92%E3%80%80%2B3.0 HTTP/1.1" 200 52908 "-" "Mozilla/5.0 (Linux; Android 6.0.1; Nexus 5X Build/MMB29P) AppleWebKit/537.36 (KHTML, like Gecko) Chrome/135.0.7049.95 Mobile Safari/537.36 (compatible; Googlebot/2.1; +http://www.google.com/bot.html)"
66.249.73.128 - - [29/Apr/2025:13:54:16 -0400] "GET /?o=19771106376200&channel=60c6fd&from=blog.php%3Fid%3D1063762-5372%26name%3D%5B%E3%83%9E%E3%82%B9%E3%83%92%E3%82%A6%5D+%E3%83%A8%E3%83%BC%E3%83%AD%E3%83%83%E3%83%91%E3%81%A8%E3%82%A2%E3%83%A1%E3%83%AA%E3%82%AB%E3%81%AE%E8%A3%85%E9%A3%BE%E5%93%81%E5%A4%8F%E3%82%B4%E3%83%BC%E3%83%AB%E3%83%87%E3%83%B3%E3%82%B7%E3%83%AB%E3%83%90%E3%83%BC%E3%83%A1%E3%83%83%E3%82%B7%E3%83%A5%E3%83%81%E3%82%A7%E3%83%BC%E3%83%B3%E3%83%96%E3%83%A9%E3%82%B8%E3%83%A3%E3%83%BC%E3%83%9C%E3%83%87%E3%82%A3%E3%83%81%E3%82%A7%E3%83%BC%E3%83%B3%E8%A1%A3%E9%A1%9E%E4%BB%98%E5%B1%9E%E5%93%81%E3%83%99%E3%83%AA%E3%83%BC%E3%82%B8%E3%83%A5%E3%82%A8%E3%83%AA%E3%83%BC HTTP/1.1" 200 54637 "-" "Mozilla/5.0 (Linux; Android 6.0.1; Nexus 5X Build/MMB29P) AppleWebKit/537.36 (KHTML, like Gecko) Chrome/135.0.7049.95 Mobile Safari/537.36 (compatible; Googlebot/2.1; +http://www.google.com/bot.html)"
66.249.73.128 - - [29/Apr/2025:13:54:41 -0400] "GET /?o=21500147235708&channel=37126a&from=blog.php%3Fid%3D1472357-15368%26name%3D%E3%82%B7%E3%83%AA%E3%82%B3%E3%83%B3%E8%A3%BD%E6%B0%B7%E7%9A%BF+%E5%A4%A7%E5%AE%B9%E9%87%8F+32%2F64%E5%80%8B%E7%94%A8+%E8%93%8B%E4%BB%98%E3%81%8D+%E8%A7%92%E6%B0%B7%E3%83%88%E3%83%AC%E3%83%BC+%E7%B0%A1%E5%8D%98%E5%8F%96%E3%82%8A%E5%87%BA%E3%81%97+%E3%82%B3%E3%83%B3%E3%83%91%E3%82%AF%E3%83%88%E5%8F%8E%E7%B4%8D+%E9%A3%B2%E6%96%99%E8%AA%BF%E7%90%86%E7%94%A8 HTTP/1.1" 200 54353 "-" "Mozilla/5.0 (Linux; Android 6.0.1; Nexus 5X Build/MMB29P) AppleWebKit/537.36 (KHTML, like Gecko) Chrome/135.0.7049.95 Mobile Safari/537.36 (compatible; Googlebot/2.1; +http://www.google.com/bot.html)"
66.249.73.128 - - [29/Apr/2025:13:54:44 -0400] "GET /?o=01285165913808&channel=c5bde4&from=category-info.php%3Fid%3D1659138-27031%26name%3DFlame+Diffuser%E3%80%81Flame+Himidifier%2C+7%E8%89%B2%E3%81%AE%E3%83%87%E3%82%A3%E3%83%95%E3%83%A5%E3%83%BC%E3%82%B6%E3%83%BC%2C+%E9%9D%99%E3%81%8B%E3%81%AA%E3%82%AA%E3%82%A4%E3%83%AB%E3%82%A2%E3%83%AD%E3%83%9E%E3%82%BB%E3%83%A9%E3%83%94%E3%83%BC%E3%81%AE%E9%A6%99%E3%82%8A%E3%81%AE%E3%81%82%E3%82%8B%E3%83%9E%E3%82%B7 HTTP/1.1" 200 53504 "-" "Mozilla/5.0 (Linux; Android 6.0.1; Nexus 5X Build/MMB29P) AppleWebKit/537.36 (KHTML, like Gecko) Chrome/135.0.7049.95 Mobile Safari/537.36 (compatible; Googlebot/2.1; +http://www.google.com/bot.html)"
18.97.9.175 - - [29/Apr/2025:13:54:44 -0400] "GET /tag/buku-erek-erek-77/ HTTP/1.1" 200 0 "-" "CCBot/2.0 (https://commoncrawl.org/faq/)"
157.55.39.202 - - [29/Apr/2025:13:54:58 -0400] "GET /?o=0856116520800&channel=9e2cfe&from=pin.php%3Fid%3D165208-9478%26name%3D%E2%89%AA%E6%97%A5%E6%9C%AC%E7%B7%91%E5%8D%81%E5%AD%97%E7%A4%BE%E2%89%AB%E3%83%90%E3%83%AA%E3%82%B1%E3%83%BC%E3%83%89%E3%82%B9%E3%82%BF%E3%83%B3%E3%83%89%E3%80%80%E4%B8%A1%E9%9D%A2%E8%A1%A8%E7%A4%BA HTTP/1.1" 200 0 "-" "Mozilla/5.0 AppleWebKit/537.36 (KHTML, like Gecko; compatible; bingbot/2.0; +http://www.bing.com/bingbot.htm) Chrome/116.0.1938.76 Safari/537.36"
66.249.73.130 - - [29/Apr/2025:13:55:06 -0400] "GET /?o=4188531976000&channel=9d71c1&from=article.php%3Fid%3D319760-4337%26name%3DSONY%28%E3%82%BD%E3%83%8B%E3%83%BC%29+%CE%B1+NEX-5N+%28%E3%83%96%E3%83%A9%E3%83%83%E3%82%AF%29+%E9%AD%9A%E7%9C%BC%E3%83%AC%E3%83%B3%E3%82%BA%E4%BB%98%E3%81%8D HTTP/1.1" 200 54721 "-" "Mozilla/5.0 (Linux; Android 6.0.1; Nexus 5X Build/MMB29P) AppleWebKit/537.36 (KHTML, like Gecko) Chrome/135.0.7049.95 Mobile Safari/537.36 (compatible; Googlebot/2.1; +http://www.google.com/bot.html)"
66.249.73.128 - - [29/Apr/2025:13:55:16 -0400] "GET /?o=7829936139604&channel=a9879b&from=product.php%3Fid%3D361396-6884%26name%3DOEM+LCD+Screen+for+Microsoft+Surface+Book+2+1806+13.5+inch+with+Di HTTP/1.1" 200 52765 "-" "Mozilla/5.0 (Linux; Android 6.0.1; Nexus 5X Build/MMB29P) AppleWebKit/537.36 (KHTML, like Gecko) Chrome/135.0.7049.114 Mobile Safari/537.36 (compatible; Googlebot/2.1; +http://www.google.com/bot.html)"
18.97.9.175 - - [29/Apr/2025:13:55:24 -0400] "GET /tag/jackpot-togel-singapore/ HTTP/1.1" 200 0 "-" "CCBot/2.0 (https://commoncrawl.org/faq/)"
66.249.73.128 - - [29/Apr/2025:13:56:01 -0400] "GET /?o=0921159921708&channel=72e804&from=shop.php%3Fid%3D599217-3003%26name%3D%E3%82%B9%E3%82%AB%E3%83%BC%E3%83%88+%E3%83%97%E3%83%AA%E3%83%BC%E3%83%84%E3%83%8B%E3%83%83%E3%83%88%E3%82%B9%E3%82%AB%E3%83%BC%E3%83%88+%E3%83%AC%E3%83%87%E3%82%A3%E3%83%BC%E3%82%B9 HTTP/1.1" 200 53695 "-" "Mozilla/5.0 (Linux; Android 6.0.1; Nexus 5X Build/MMB29P) AppleWebKit/537.36 (KHTML, like Gecko) Chrome/135.0.7049.95 Mobile Safari/537.36 (compatible; Googlebot/2.1; +http://www.google.com/bot.html)"
18.97.9.175 - - [29/Apr/2025:13:56:04 -0400] "GET /arti-mimpi-orang-meninggal/ HTTP/1.1" 200 0 "-" "CCBot/2.0 (https://commoncrawl.org/faq/)"
66.249.73.129 - - [29/Apr/2025:13:56:11 -0400] "GET /?o=2416977193305&channel=449151&from=blog.php%3Fid%3D771933-20656%26name%3DNUSITOU+50+%E5%80%8B+%E6%98%86%E8%99%AB+%E3%83%8D%E3%83%83%E3%83%88+%E8%A2%8B+%E9%87%8E%E8%8F%9C+%E8%A2%8B+%E5%B7%AE%E3%81%99+%E3%83%A1%E3%83%83%E3%82%B7%E3%83%A5+%E8%A2%8B+%E6%9E%9C%E7%89%A9+%E6%9C%A8+%E3%83%8D%E3%83%83%E3%83%88+%E3%83%8D%E3%83%83%E3%83%88+%E8%A2%8B+%E3%83%8D%E3%83%83%E3%83%88+%E9%87%8E%E8%8F%9C%E7%94%A8+%E5%BA%AD+%E3%83%A1%E3%83%83%E3%82%B7%E3%83%A5+%E6%9E%9C%E7%89%A9 HTTP/1.1" 200 52954 "-" "Mozilla/5.0 (Linux; Android 6.0.1; Nexus 5X Build/MMB29P) AppleWebKit/537.36 (KHTML, like Gecko) Chrome/135.0.7049.95 Mobile Safari/537.36 (compatible; Googlebot/2.1; +http://www.google.com/bot.html)"
66.249.73.128 - - [29/Apr/2025:13:56:41 -0400] "GET /?o=08911116740203&channel=7cbdb4&from=jp.php%3Fid%3D1167402-8433%26name%3D%E5%AD%90%E4%BE%9B%E4%B9%97%E3%81%9B+%E9%9B%BB%E5%8B%95%E8%87%AA%E8%BB%A2%E8%BB%8A+YAMAHA+2019%E5%B9%B4%E8%B3%BC%E5%85%A5 HTTP/1.1" 200 54600 "-" "Mozilla/5.0 (Linux; Android 6.0.1; Nexus 5X Build/MMB29P) AppleWebKit/537.36 (KHTML, like Gecko) Chrome/135.0.7049.95 Mobile Safari/537.36 (compatible; Googlebot/2.1; +http://www.google.com/bot.html)"
18.97.9.175 - - [29/Apr/2025:13:56:44 -0400] "GET /bocoran-togel-toto-macau-22-00-rabu-8-november-2023/ HTTP/1.1" 200 0 "-" "CCBot/2.0 (https://commoncrawl.org/faq/)"
66.249.73.128 - - [29/Apr/2025:13:56:45 -0400] "GET /css_9ab0ca8ef175136410d4b7375b02bd19/_public_bundle_sp.bundle.min HTTP/1.1" 200 62470 "https://bocorantogeljitu.co/?o=08911116740203&channel=7cbdb4&from=jp.php%3Fid%3D1167402-8433%26name%3D%E5%AD%90%E4%BE%9B%E4%B9%97%E3%81%9B+%E9%9B%BB%E5%8B%95%E8%87%AA%E8%BB%A2%E8%BB%8A+YAMAHA+2019%E5%B9%B4%E8%B3%BC%E5%85%A5" "Mozilla/5.0 (Linux; Android 6.0.1; Nexus 5X Build/MMB29P) AppleWebKit/537.36 (KHTML, like Gecko) Chrome/134.0.6998.165 Mobile Safari/537.36 (compatible; Googlebot/2.1; +http://www.google.com/bot.html)"
52.167.144.22 - - [29/Apr/2025:13:56:46 -0400] "GET /?o=1958286770702&channel=3a544a&from=blog.php%3Fid%3D867707-1633%26name%3DSWAROVSKI%E3%80%80%E3%82%B9%E3%83%AF%E3%83%AD%E3%83%95%E3%82%B9%E3%82%AD%E3%83%BC+%E3%83%91%E3%83%BC%E3%83%AB%E8%B2%9D+%E3%82%B7%E3%82%A7%E3%83%AB+%E7%9C%9F%E7%8F%A0%E3%80%80%E3%83%91%E3%83%BC%E3%83%AB%E3%80%80%E7%9C%9F%E7%8F%A0 HTTP/1.1" 200 0 "-" "Mozilla/5.0 AppleWebKit/537.36 (KHTML, like Gecko; compatible; bingbot/2.0; +http://www.bing.com/bingbot.htm) Chrome/116.0.1938.76 Safari/537.36"
207.46.13.116 - - [29/Apr/2025:13:57:08 -0400] "GET /?o=38995174279903&channel=1eb002&from=brands.php%3Fid%3D1742799-14107%26name%3DVINTORKY+%E3%82%B3%E3%82%B3%E3%83%8A%E3%83%83%E3%83%84%E3%81%AE%E6%AE%BB%E3%81%AE%E3%82%AD%E3%83%BC%E3%83%9C%E3%82%A6%E3%83%AB+%E3%83%8A%E3%83%81%E3%83%A5%E3%83%A9%E3%83%AB%E3%82%B9%E3%82%BF%E3%82%A4%E3%83%AB%E3%81%AE%E8%A3%85%E9%A3%BE%E3%83%9C%E3%82%A6%E3%83%AB+%E3%82%B3%E3%82%B3%E3%83%8A%E3%83%83%E3%83%84%E3%83%9C%E3%82%A6%E3%83%AB+%E3%82%AD%E3%83%BC%E3%83%81%E3%82%A7%E3%83%BC%E3%83%B3+%E3%82%B3%E3%83%B3%E3%83%86%E3%83%8A+%E3%83%87%E3%82%B9%E3%82%AF%E3%83%88%E3%83%83%E3%83%97 HTTP/1.1" 200 0 "-" "Mozilla/5.0 AppleWebKit/537.36 (KHTML, like Gecko; compatible; bingbot/2.0; +http://www.bing.com/bingbot.htm) Chrome/116.0.1938.76 Safari/537.36"
66.249.73.130 - - [29/Apr/2025:13:57:09 -0400] "GET /?o=91857136518201&channel=e89a8a&from=goods.php%3Fid%3D1365182-110%26name%3D50%E7%B3%BB%E3%83%A9%E3%83%96%E3%83%95%E3%82%A9%E3%83%BC+%E3%82%B9%E3%82%AD%E3%83%BC%26%E3%82%B9%E3%83%8E%E3%83%BC%E3%83%9C%E3%83%BC%E3%83%89%E3%82%A2%E3%82%BF%E3%83%83%E3%83%81%E3%83%A1%E3%83%B3%E3%83%88+%E3%83%88%E3%83%A8%E3%82%BF+MXAA54+MXAA52+AXAH54+AXAH52+50rav4+TOYOTA HTTP/1.1" 200 55334 "-" "Mozilla/5.0 (Linux; Android 6.0.1; Nexus 5X Build/MMB29P) AppleWebKit/537.36 (KHTML, like Gecko) Chrome/135.0.7049.95 Mobile Safari/537.36 (compatible; Googlebot/2.1; +http://www.google.com/bot.html)"
66.249.73.128 - - [29/Apr/2025:13:57:23 -0400] "GET /?o=0780497093401&channel=ac0c99&from=pin.php%3Fid%3D970934-2398%26name%3D%E5%8D%8A%E5%B9%85%E5%B8%AF+%E7%BE%8E%E5%93%81+%E5%84%AA%E5%93%81+%E8%8F%B1+%E7%B4%BA%E8%89%B2+%E5%8C%96%E7%B9%8A+%E3%80%90%E4%B8%AD%E5%8F%A4%E3%80%91 HTTP/1.1" 200 55241 "-" "Mozilla/5.0 (Linux; Android 6.0.1; Nexus 5X Build/MMB29P) AppleWebKit/537.36 (KHTML, like Gecko) Chrome/135.0.7049.95 Mobile Safari/537.36 (compatible; Googlebot/2.1; +http://www.google.com/bot.html)"
18.97.9.175 - - [29/Apr/2025:13:57:26 -0400] "GET /tag/erek-erek-14/ HTTP/1.1" 200 0 "-" "CCBot/2.0 (https://commoncrawl.org/faq/)"
66.249.73.128 - - [29/Apr/2025:13:57:34 -0400] "GET /?o=0937966075805&channel=fa3838&from=article.php%3Fid%3D660758-15108%26name%3DHIKARI+%E3%82%BD%E3%83%95%E3%82%A1%E5%BA%A7%E6%A4%85%E5%AD%90+%E3%83%94%E3%82%B0%E3%83%AC%E3%83%83%E3%83%88Jr+%E3%83%91%E3%83%83%E3%83%81%E3%83%AF%E3%83%BC%E3%82%AF%2F%E3%83%9D%E3%82%B1%E3%83%83%E3%83%88%E3%82%B3%E3%82%A4%E3%83%AB%E4%BB%95%E6%A7%98+%E3%83%95%E3%82%A7%E3%83%9F HTTP/1.1" 200 53939 "-" "Mozilla/5.0 (Linux; Android 6.0.1; Nexus 5X Build/MMB29P) AppleWebKit/537.36 (KHTML, like Gecko) Chrome/135.0.7049.95 Mobile Safari/537.36 (compatible; Googlebot/2.1; +http://www.google.com/bot.html)"
18.97.9.175 - - [29/Apr/2025:13:58:06 -0400] "GET /tag/erek-erek-18-2d-3d-4d/ HTTP/1.1" 200 0 "-" "CCBot/2.0 (https://commoncrawl.org/faq/)"
66.249.73.129 - - [29/Apr/2025:13:58:09 -0400] "GET /?o=9009193147804&channel=979aa8&from=shared.php%3Fid%3D931478-10061%26name%3DCustom+Accents+PVC%E3%83%8F%E3%83%B3%E3%82%AE%E3%83%B3%E3%82%B0%E3%83%95%E3%82%A1%E3%82%A4%E3%83%AB%E3%83%AC%E3%83%BC%E3%83%AB+1%2F2%E5%BC%95%E3%81%8D%E5%87%BA%E3%81%97%E3%82%B5%E3%82%A4%E3%83%89%E7%94%A8+%E9%95%B7%E3%81%952%E3%83%95%E3%82%A3%E3%83%BC%E3%83%88+%E3%83%96%E3%83%A9%E3%83%83%E3%82%AF+%28%E3%83%9A%E3%82%A2%E3%81%A7%E8%B2%A9%E5%A3%B2%29+2 HTTP/1.1" 200 54333 "-" "Mozilla/5.0 (Linux; Android 6.0.1; Nexus 5X Build/MMB29P) AppleWebKit/537.36 (KHTML, like Gecko) Chrome/135.0.7049.95 Mobile Safari/537.36 (compatible; Googlebot/2.1; +http://www.google.com/bot.html)"
66.249.73.128 - - [29/Apr/2025:13:58:16 -0400] "GET /?o=89825116713903&channel=7cbdb4&from=info.php%3Fid%3D1167139-8433%26name%3D%E2%AD%90%EF%B8%8F%E4%B8%AD%E9%87%8E%E5%8C%BA%E6%89%8B%E6%B8%A1%E3%81%97%E2%AD%90%EF%B8%8F+YAMAHA+PAS+7.5AH+26%E3%82%A4%E3%83%B3%E3%83%81+3%E6%AE%B5 HTTP/1.1" 200 53165 "-" "Mozilla/5.0 (Linux; Android 6.0.1; Nexus 5X Build/MMB29P) AppleWebKit/537.36 (KHTML, like Gecko) Chrome/135.0.7049.114 Mobile Safari/537.36 (compatible; Googlebot/2.1; +http://www.google.com/bot.html)"
66.249.73.129 - - [29/Apr/2025:13:58:18 -0400] "GET /?o=94900172087702&channel=9c3b1b&from=pin.php%3Fid%3D1720877-9207%26name%3D%E3%83%AC%E3%82%B8%E3%82%A7%E3%83%B3%E3%83%89%E3%82%A2%E3%83%8B%E3%83%A1%E3%82%B7%E3%83%AA%E3%83%BC%E3%82%BA%2F+%E3%82%BF%E3%82%A4%E3%83%A0%E3%83%9C%E3%82%AB%E3%83%B3%E3%82%B7%E3%83%AA%E3%83%BC%E3%82%BA+%E3%83%A4%E3%83%83%E3%82%BF%E3%83%BC%E3%83%9E%E3%83%B3%3A+%E3%83%89%E3%83%AD%E3%83%B3%E3%82%B8%E3%83%A7+1%2F4+%E3%82%B9%E3%82%BF%E3%83%81%E3%83%A5%E3%83%BC+%E3%83%96%E3%83%AA%E3%83%83%E3%83%84%E3%82%A6%E3%82%A7%E3%82%A4+%E6%96%B0%E5%93%81+%E6%9C%AA%E9%96%8B%E5%B0%81 HTTP/1.1" 200 54891 "-" "Mozilla/5.0 (Linux; Android 6.0.1; Nexus 5X Build/MMB29P) AppleWebKit/537.36 (KHTML, like Gecko) Chrome/135.0.7049.95 Mobile Safari/537.36 (compatible; Googlebot/2.1; +http://www.google.com/bot.html)"
18.97.9.175 - - [29/Apr/2025:13:58:43 -0400] "GET /paito-sgp-bocoran-togel-jitu/ HTTP/1.1" 200 0 "-" "CCBot/2.0 (https://commoncrawl.org/faq/)"
66.249.73.128 - - [29/Apr/2025:13:58:55 -0400] "GET /?o=7189950068112&channel=6f22f4&from=blog.php%3Fid%3D500681-10410%26name%3D%E3%83%9F%E3%83%AC%E3%83%BC+Millet+%E3%83%86%E3%82%A3%E3%83%95%E3%82%A9%E3%83%B3+50000+%E3%82%A6%E3%82%A9%E3%83%BC%E3%83%A0+%E3%82%B9%E3%83%88%E3%83%AC%E3%83%83%E3%83%81+%E3%83%91%E3%83%B3%E3%83%84+MIV02034+%E3%83%A6%E3%83%8B%E3%82%BB%E3%83%83%E3%82%AF%E3%82%B9 HTTP/1.1" 200 53589 "-" "Mozilla/5.0 (Linux; Android 6.0.1; Nexus 5X Build/MMB29P) AppleWebKit/537.36 (KHTML, like Gecko) Chrome/135.0.7049.95 Mobile Safari/537.36 (compatible; Googlebot/2.1; +http://www.google.com/bot.html)"
66.249.73.129 - - [29/Apr/2025:13:59:10 -0400] "GET /?o=19281180698000&channel=299b5c&from=shared.php%3Fid%3D1806980-20288%26name%3D%E3%83%A1%E3%83%B3%E3%82%BA+%E3%83%91%E3%83%B3%E3%83%84+s%E3%82%B5%E3%82%A4%E3%82%BA+%E3%83%A1%E3%83%B3%E3%82%BA+%E3%82%B9%E3%83%A9%E3%83%83%E3%82%AF%E3%82%B9+%E5%A4%8F+%E3%82%AB%E3%83%BC%E3%82%B4%E3%83%91%E3%83%B3%E3%83%84+%E3%83%95%E3%82%A3%E3%83%83%E3%83%88%E3%83%8D%E3%82%B9+%E8%82%A1%E4%B8%8B65+%E3%83%A1%E3%83%B3%E3%82%BA+%E3%83%91%E3%83%B3%E3%83%84+7+%E3%83%95+%E3%83%96%E3%83%A9%E3%82%B7+%E3%82%B8%E3%83%A3%E3%83%BC%E3%82%B8+%E7%B6%BF HTTP/1.1" 200 55171 "-" "Mozilla/5.0 (Linux; Android 6.0.1; Nexus 5X Build/MMB29P) AppleWebKit/537.36 (KHTML, like Gecko) Chrome/135.0.7049.114 Mobile Safari/537.36 (compatible; Googlebot/2.1; +http://www.google.com/bot.html)"
18.97.9.175 - - [29/Apr/2025:13:59:20 -0400] "GET /erek-erek-21-di-buku-mimpi-bergambar-lengkap/ HTTP/1.1" 200 0 "-" "CCBot/2.0 (https://commoncrawl.org/faq/)"
66.249.73.129 - - [29/Apr/2025:13:59:34 -0400] "GET /?o=72994162937302&channel=316189&from=news.php%3Fid%3D1629373-3051%26name%3D%E6%9C%80%E7%B5%82%E5%80%A4%E4%B8%8B%E3%81%92%EF%BC%81%E6%97%A9%E3%81%84%E3%82%82%E3%81%AE%E5%8B%9D%E3%81%A1%E2%98%86miu++miu%E9%95%B7%E8%B2%A1%E5%B8%83%E3%83%94%E3%83%B3%E3%82%AF HTTP/1.1" 200 55266 "-" "Mozilla/5.0 (Linux; Android 6.0.1; Nexus 5X Build/MMB29P) AppleWebKit/537.36 (KHTML, like Gecko) Chrome/135.0.7049.95 Mobile Safari/537.36 (compatible; Googlebot/2.1; +http://www.google.com/bot.html)"
66.249.73.128 - - [29/Apr/2025:13:59:55 -0400] "GET /?o=27826198078103&channel=5c53ba&from=product.php%3Fid%3D1980781-22978%26name%3D%E3%81%B2%E3%81%AA%E7%A5%AD%E3%82%8A+%E7%BE%BD%E5%AD%90%E6%9D%BF%E9%A3%BE%E3%82%8A+%E6%A1%9C HTTP/1.1" 200 55180 "-" "Mozilla/5.0 (Linux; Android 6.0.1; Nexus 5X Build/MMB29P) AppleWebKit/537.36 (KHTML, like Gecko) Chrome/135.0.7049.95 Mobile Safari/537.36 (compatible; Googlebot/2.1; +http://www.google.com/bot.html)"
18.97.9.175 - - [29/Apr/2025:14:00:00 -0400] "GET /tag/rumus-togel-beijing/ HTTP/1.1" 200 0 "-" "CCBot/2.0 (https://commoncrawl.org/faq/)"
185.191.171.5 - - [29/Apr/2025:14:00:04 -0400] "GET /robots.txt HTTP/1.1" 200 89 "-" "Mozilla/5.0 (compatible; SemrushBot/7~bl; +http://www.semrush.com/bot.html)"
185.191.171.5 - - [29/Apr/2025:14:00:05 -0400] "GET /bocoran-togel-jitu-hk-sabtu-23-desember-2023/ HTTP/1.1" 200 0 "-" "Mozilla/5.0 (compatible; SemrushBot/7~bl; +http://www.semrush.com/bot.html)"
66.249.73.129 - - [29/Apr/2025:14:00:28 -0400] "GET /?o=05720127340406&channel=c4ff9b&from=category-info.php%3Fid%3D1273404-6279%26name%3D%E3%80%90%E4%B8%AD%E5%8F%A4%E3%80%91%E3%82%A4%E3%83%83%E3%82%BB%E3%82%A4%E3%83%9F%E3%83%A4%E3%82%B1+ISSEY+MIYAKE+2023%E5%B9%B4%E7%A7%8B%E5%86%AC+%E3%83%95%E3%83%AC%E3%82%A2+%E3%82%B9%E3%83%A9%E3%83%83%E3%82%AF%E3%82%B9%E3%83%91%E3%83%B3%E3%83%84+%E3%82%B0%E3%83%AA%E3%83%BC%E3%83%B3%E3%80%90%E3%82%B5%E3%82%A4%E3%82%BA%E8%A1%A8%E8%A8%98%E3%81%AA%E3%81%97%EF%BC%88L%E4%BD%8D%EF%BC%89%E3%80%91%E3%80%90%E3%83%AC%E3%83%87%E3%82%A3%E3%83%BC%E3%82%B9%E3%80%91 HTTP/1.1" 200 53487 "-" "Mozilla/5.0 (Linux; Android 6.0.1; Nexus 5X Build/MMB29P) AppleWebKit/537.36 (KHTML, like Gecko) Chrome/135.0.7049.95 Mobile Safari/537.36 (compatible; Googlebot/2.1; +http://www.google.com/bot.html)"
66.249.73.130 - - [29/Apr/2025:14:00:31 -0400] "GET /?o=90111115688505&channel=3d5ceb&from=news.php%3Fid%3D1156885-7168%26name%3D%E3%80%90%E8%A8%B3%E3%82%A2%E3%83%AA%E5%A4%A7%E7%89%B9%E4%BE%A1%E3%80%91%E3%83%95%E3%83%AB%E3%83%A9%E3%80%80%E3%82%B5%E3%82%A4%E3%82%BA38%E3%80%80%E3%82%B5%E3%83%B3%E3%83%80%E3%83%AB%E3%80%80%E3%82%B9%E3%82%BF%E3%83%83%E3%82%BA%E3%80%80%E9%BB%92 HTTP/1.1" 200 53966 "-" "Mozilla/5.0 (Linux; Android 6.0.1; Nexus 5X Build/MMB29P) AppleWebKit/537.36 (KHTML, like Gecko) Chrome/135.0.7049.95 Mobile Safari/537.36 (compatible; Googlebot/2.1; +http://www.google.com/bot.html)"
18.97.9.175 - - [29/Apr/2025:14:00:42 -0400] "GET /tag/bocoran-angka-togel/ HTTP/1.1" 200 0 "-" "CCBot/2.0 (https://commoncrawl.org/faq/)"
66.249.73.128 - - [29/Apr/2025:14:01:06 -0400] "GET /?o=77167145095910&channel=e93da0&from=product.php%3Fid%3D1450959-10083%26name%3D%E3%82%AC%E3%83%A9%E3%82%B9%E3%80%80%E3%83%80%E3%82%A4%E3%83%8B%E3%83%B3%E3%82%B0%E3%83%86%E3%83%BC%E3%83%96%E3%83%AB%E3%80%80%E6%9C%BA%E3%80%80%E9%BB%92%E3%80%80%E3%83%96%E3%83%A9%E3%83%83%E3%82%AF%E3%80%80%E3%81%8A%E3%81%97%E3%82%83%E3%82%8C%E3%80%80%E3%83%93%E3%83%B3%E3%83%86%E3%83%BC%E3%82%B8%E3%80%80%E3%82%A4%E3%83%B3%E3%83%86%E3%83%AA%E3%82%A2 HTTP/1.1" 200 53948 "-" "Mozilla/5.0 (Linux; Android 6.0.1; Nexus 5X Build/MMB29P) AppleWebKit/537.36 (KHTML, like Gecko) Chrome/135.0.7049.95 Mobile Safari/537.36 (compatible; Googlebot/2.1; +http://www.google.com/bot.html)"
185.68.184.73 - - [29/Apr/2025:14:01:18 -0400] "GET /erek-erek-41-di-buku-mimpi-bergambar-lengkap/ HTTP/1.0" 200 0 "https://bocorantogeljitu.co/erek-erek-41-di-buku-mimpi-bergambar-lengkap/" "Mozilla/5.0 (Windows NT 6.1; Win64; x64) AppleWebKit/537.36 (KHTML, like Gecko) Chrome/103.0.0.0 Safari/537.36"
185.68.184.73 - - [29/Apr/2025:14:01:20 -0400] "GET / HTTP/1.0" 200 0 "https://bocorantogeljitu.co/" "Mozilla/5.0 (Windows NT 6.1; Win64; x64) AppleWebKit/537.36 (KHTML, like Gecko) Chrome/103.0.0.0 Safari/537.36"
18.97.9.175 - - [29/Apr/2025:14:01:23 -0400] "GET /bocoran-togel-jitu-toto-macau-kamis-28-september-2023/ HTTP/1.1" 200 0 "-" "CCBot/2.0 (https://commoncrawl.org/faq/)"
66.249.73.129 - - [29/Apr/2025:14:01:43 -0400] "GET /?o=07930181917203&channel=282c7b&from=news.php%3Fid%3D1819172-3363%26name%3D%E3%80%904%E6%9C%881%E6%97%A5%E9%99%90%E5%AE%9AP10%E5%80%8D%E3%80%91%E4%BC%B8%E3%81%B3%E3%83%8D%E3%82%B3%E3%81%AE%E3%83%98%E3%82%A2%E3%82%AF%E3%83%AA%E3%83%83%E3%83%97+1%E5%80%8B+%E3%82%B4%E3%83%BC%E3%83%AB%E3%83%89+%2F%E3%82%A2%E3%82%AF%E3%82%BB%E3%82%B5%E3%83%AA%E3%83%BC%E5%9C%9F%E5%8F%B0+%E3%83%9F%E3%83%BC%E3%83%AB%E7%9A%BF+%E3%82%BB%E3%83%83%E3%83%86%E3%82%A3%E3%83%B3%E3%82%B0%E5%8F%B0%E5%BA%A7+%E3%82%A4%E3%82%A8%E3%83%AD%E3%83%BC+%E3%83%AC%E3%82%B8%E3%83%B3%E3%83%91%E3%83%BC%E3%83%84+%E3%83%A1%E3%82%BF%E3%83%AB%E3%83%91%E3%83%BC%E3%83%84+%E3%83%98%E3%82%A2%E3%83%94%E3%83%B3+%E7%8C%AB+%E3%81%AD%E3%81%93+%E3%82%AD%E3%83%A3%E3%83%83%E3%83%88 HTTP/1.1" 200 54314 "-" "Mozilla/5.0 (Linux; Android 6.0.1; Nexus 5X Build/MMB29P) AppleWebKit/537.36 (KHTML, like Gecko) Chrome/135.0.7049.95 Mobile Safari/537.36 (compatible; Googlebot/2.1; +http://www.google.com/bot.html)"
185.191.171.4 - - [29/Apr/2025:14:01:56 -0400] "GET /bocoran-togel-jitu-hk-jumat-06-oktober-2023/ HTTP/1.1" 200 0 "-" "Mozilla/5.0 (compatible; SemrushBot/7~bl; +http://www.semrush.com/bot.html)"
18.97.9.175 - - [29/Apr/2025:14:02:04 -0400] "GET /bocoran-togel-toto-macau-19-00-rabu-8-november-2023/ HTTP/1.1" 200 0 "-" "CCBot/2.0 (https://commoncrawl.org/faq/)"
66.249.73.130 - - [29/Apr/2025:14:02:09 -0400] "GET /?o=9810762504501&channel=71b68b&from=shared.php%3Fid%3D625045-57%26name%3D%E3%83%AD%E3%83%B3%E3%83%8F%E3%83%BC%E3%83%9E%E3%83%B3%E2%99%A117FW+PRE+LOOK+%E6%8E%B2%E8%BC%89+%E5%88%BA%E7%B9%8D%E3%82%B9%E3%82%AB%E3%83%BC%E3%83%88%E3%83%91%E3%83%B3%E3%83%84 HTTP/1.1" 200 53435 "-" "Mozilla/5.0 (Linux; Android 6.0.1; Nexus 5X Build/MMB29P) AppleWebKit/537.36 (KHTML, like Gecko) Chrome/135.0.7049.114 Mobile Safari/537.36 (compatible; Googlebot/2.1; +http://www.google.com/bot.html)"
77.75.76.160 - - [29/Apr/2025:14:02:09 -0400] "GET /tag/angka-main-46/ HTTP/1.1" 200 0 "-" "Mozilla/5.0 (compatible; SeznamBot/4.0; +https://o-seznam.cz/napoveda/vyhledavani/en/seznambot-crawler/)"
66.249.73.128 - - [29/Apr/2025:14:02:15 -0400] "GET /?o=48968137625203&channel=54d3f2&from=form.php%3Fid%3D1376252-1790%26name%3D%E3%82%AD%E3%83%A3%E3%83%AD%E3%82%A6%E3%82%A7%E3%82%A4+%E7%94%A8%E4%BA%92%E6%8F%9B+%E3%82%B9%E3%83%AA%E3%83%BC%E3%83%96%E4%BB%98%E3%81%8D%E3%82%B7%E3%83%A3%E3%83%95%E3%83%88+Fujikura+%E3%83%95%E3%82%B8%E3%82%AF%E3%83%A9+AIR+SPEEDER+%E3%82%A8%E3%82%A2%E3%82%B9%E3%83%94%E3%83%BC%E3%83%80%E3%83%BC+%5BAi+SMOKE%2FPARADYM%5D+%E3%82%B4%E3%83%AB%E3%83%95%E3%82%B7%E3%83%A3%E3%83%95%E3%83%88+%EF%BC%88%E3%82%B9%E3%83%AA%E3%83%BC%E3%83%96%E3%82%B7%E3%83%A3%E3%83%95%E3%83%88+%E3%82%B9%E3%83%AA%E3%83%BC%E3%83%96%E8%A3%85%E7%9D%80%E3%82%B7%E3%83%A3%E3%83%95%E3%83%88+%E3%83%89%E3%83%A9%E3%82%A4%E3%83%90%E3%83%BC+%E3%82%B9%E3%83%AA%E3%83%BC%E3%83%96%E4%BB%98%E3%82%B7%E3%83%A3%E3%83%95%E3%83%88%EF%BC%89 HTTP/1.1" 200 54580 "-" "Mozilla/5.0 (Linux; Android 6.0.1; Nexus 5X Build/MMB29P) AppleWebKit/537.36 (KHTML, like Gecko) Chrome/135.0.7049.95 Mobile Safari/537.36 (compatible; Googlebot/2.1; +http://www.google.com/bot.html)"
66.249.73.129 - - [29/Apr/2025:14:02:18 -0400] "GET /?o=21060171745301&channel=cca694&from=blog.php%3Fid%3D1717453-21688%26name%3D%E3%80%90%E6%96%B0%E5%93%81%E3%80%91%E8%96%AC%E7%94%A8%E3%82%AD%E3%83%AC%E3%82%A4%E3%82%AD%E3%83%AC%E3%82%A4+%E3%83%8F%E3%83%B3%E3%83%89%E3%82%BD%E3%83%BC%E3%83%97+%E8%A9%B0%E6%9B%BF+%E3%83%95%E3%83%AD%E3%83%BC%E3%83%A9%E3%83%AB%E3%82%BD%E3%83%BC%E3%83%97450ml+%C3%973 HTTP/1.1" 200 53959 "-" "Mozilla/5.0 (Linux; Android 6.0.1; Nexus 5X Build/MMB29P) AppleWebKit/537.36 (KHTML, like Gecko) Chrome/135.0.7049.114 Mobile Safari/537.36 (compatible; Googlebot/2.1; +http://www.google.com/bot.html)"
18.97.9.175 - - [29/Apr/2025:14:02:45 -0400] "GET /?o=90892151684807&channel=9917b4&from=info.php%3Fid%3D1516848-1755%26name%3DJeunet+%E3%83%94%E3%83%B3%E3%82%AF%E3%82%B5%E3%83%95%E3%82%A1%E3%82%A4%E3%82%A2+%E3%83%80%E3%82%A4%E3%83%A4%E3%83%A2%E3%83%B3%E3%83%89+%E3%83%9A%E3%83%B3%E3%83%80%E3%83%B3%E3%83%88%E3%83%88%E3%83%83%E3%83%97+K18YG+%E3%83%AC%E3%83%87%E3%82%A3%E3%83%BC%E3%82%B9 HTTP/1.1" 200 0 "-" "CCBot/2.0 (https://commoncrawl.org/faq/)"
66.249.73.128 - - [29/Apr/2025:14:02:52 -0400] "GET /?o=7149639037500&channel=9429e7&from=blog.php%3Fid%3D390375-6323%26name%3D%E3%83%AA%E3%83%9C%E3%83%BC%E3%83%B3%E3%83%89%E3%83%BC%E3%83%AB+%E8%B5%A4%E3%81%A1%E3%82%83%E3%82%93%E4%BA%BA%E5%BD%A2+%E3%83%99%E3%83%93%E3%83%BC%E3%83%89%E3%83%BC%E3%83%AB+%E6%B5%B7%E5%A4%96%E3%83%89%E3%83%BC%E3%83%AB+%E3%83%AA%E3%82%A2%E3%83%AB+%E3%83%8F%E3%83%B3%E3%83%89%E3%83%A1%E3%82%A4%E3%83%89+%E9%AB%98%E7%B4%9A+%E6%9C%8D+%E8%A1%A3%E8%A3%85%E4%BB%98%E3%81%8D+%E3%81%8B%E3%82%8F%E3%81%84%E3%81%84+%E5%AF%9D%E9%A1%94+%E4%B9%B3%E5%85%90+%E7%94%B7%E3%81%AE%E5%AD%90 HTTP/1.1" 200 54749 "-" "Mozilla/5.0 (Linux; Android 6.0.1; Nexus 5X Build/MMB29P) AppleWebKit/537.36 (KHTML, like Gecko) Chrome/135.0.7049.95 Mobile Safari/537.36 (compatible; Googlebot/2.1; +http://www.google.com/bot.html)"
207.46.13.54 - - [29/Apr/2025:14:02:59 -0400] "GET /?o=19732146871602&channel=15431b&from=pin.php%3Fid%3D1468716-25669%26name%3Dregalo+%E3%83%AB%E3%83%BC%E3%83%97%E3%82%BF%E3%82%AA%E3%83%AB+%E5%90%8D%E5%89%8D%E5%85%A5%E3%82%8A+34x34cm+%E5%90%B8%E6%B0%B4%E9%80%9F%E4%B9%BE+%E3%83%9E%E3%82%A4%E3%82%AF%E3%83%AD%E3%83%95%E3%82%A1%E3%82%A4%E3%83%90%E3%83%BC+%E7%94%B7%E3%81%AE%E5%AD%90+%E5%A5%B3%E3%81%AE%E5%AD%90+%E4%BF%9D%E8%82%B2%E5%9C%92+%E5%B9%BC%E7%A8%9A%E5%9C%92+%E9%80%9A%E5%9C%92+%E3%82%BF%E3%82%B0%E5%85%A5%E3%82%8A HTTP/1.1" 200 0 "-" "Mozilla/5.0 AppleWebKit/537.36 (KHTML, like Gecko; compatible; bingbot/2.0; +http://www.bing.com/bingbot.htm) Chrome/116.0.1938.76 Safari/537.36"
18.97.9.175 - - [29/Apr/2025:14:03:24 -0400] "GET /arti-mimpi/ HTTP/1.1" 200 0 "-" "CCBot/2.0 (https://commoncrawl.org/faq/)"
66.249.73.129 - - [29/Apr/2025:14:03:29 -0400] "GET /?o=7010838482802&channel=8cd45e&from=pin.php%3Fid%3D384828-4140%26name%3D%E6%A0%BC%E5%AE%89%E3%80%80%E3%83%9B%E3%83%B3%E3%83%80++%E3%83%88%E3%83%87%E3%82%A3%E3%80%80%E4%BA%BA%E6%B0%97%E3%82%B7%E3%83%AB%E3%83%90%E3%83%BC%E3%80%804%E3%82%B9%E3%83%88%E4%BD%8E%E7%87%83%E8%B2%BB%E3%80%80%E3%82%BB%E3%83%AB1%E7%99%BA%E5%A7%8B%E5%8B%95 HTTP/1.1" 200 52407 "-" "Mozilla/5.0 (Linux; Android 6.0.1; Nexus 5X Build/MMB29P) AppleWebKit/537.36 (KHTML, like Gecko) Chrome/135.0.7049.95 Mobile Safari/537.36 (compatible; Googlebot/2.1; +http://www.google.com/bot.html)"
66.249.73.130 - - [29/Apr/2025:14:03:30 -0400] "GET /?o=2783583358803&channel=48bc4f&from=jp.php%3Fid%3D833588-8304%26name%3D%E3%83%96%E3%83%AA%E3%82%B8%E3%82%B9%E3%83%88%E3%83%B3+22%E3%82%A4%E3%83%B3%E3%83%81+%E5%AD%90%E4%BE%9B%E7%94%A8+%E8%87%AA%E8%BB%A2%E8%BB%8A HTTP/1.1" 200 53608 "-" "Mozilla/5.0 (Linux; Android 6.0.1; Nexus 5X Build/MMB29P) AppleWebKit/537.36 (KHTML, like Gecko) Chrome/135.0.7049.95 Mobile Safari/537.36 (compatible; Googlebot/2.1; +http://www.google.com/bot.html)"
207.46.13.54 - - [29/Apr/2025:14:03:38 -0400] "GET /?o=6610698169303&channel=0f991b&from=goods.php%3Fid%3D981693-2866%26name%3D%E5%8F%B8%E6%B3%95%E6%9B%B8%E5%A3%AB%E3%83%86%E3%82%AD%E3%82%B9%E3%83%88+%E3%83%96%E3%83%AC%E3%82%A4%E3%82%AF%E3%82%B9%E3%83%AB%E3%83%BC+%E6%9C%AA%E8%A3%81%E6%96%AD+LEC+2022%E5%B9%B4 HTTP/1.1" 200 0 "-" "Mozilla/5.0 AppleWebKit/537.36 (KHTML, like Gecko; compatible; bingbot/2.0; +http://www.bing.com/bingbot.htm) Chrome/116.0.1938.76 Safari/537.36"
66.249.73.128 - - [29/Apr/2025:14:04:00 -0400] "GET /?o=7639298543302&channel=a3dc17&from=brands.php%3Fid%3D985433-1816%26name%3D%E3%82%A2%E3%83%AB%E3%83%9F%E3%83%9B%E3%82%A4%E3%83%BC%E3%83%AB%E3%80%8080%E7%B3%BB%E3%83%8E%E3%82%A2.+%E3%83%B4%E3%82%A9%E3%82%AF%E3%82%B7%E3%83%BC.%E3%82%BB%E3%83%AC%E3%83%8A%E3%81%AA%E3%81%A9%E3%80%80195-65-15 HTTP/1.1" 200 53269 "-" "Mozilla/5.0 (Linux; Android 6.0.1; Nexus 5X Build/MMB29P) AppleWebKit/537.36 (KHTML, like Gecko) Chrome/135.0.7049.95 Mobile Safari/537.36 (compatible; Googlebot/2.1; +http://www.google.com/bot.html)"
18.97.9.175 - - [29/Apr/2025:14:03:59 -0400] "GET /erek-erek-82-di-buku-mimpi-bergambar-lengkap/ HTTP/1.1" 200 0 "-" "CCBot/2.0 (https://commoncrawl.org/faq/)"
66.249.73.128 - - [29/Apr/2025:14:04:28 -0400] "GET /?o=1538027938501&channel=c78a62&from=shop.php%3Fid%3D279385-2391%26name%3D%E3%80%90SANYO%E3%80%91+%E3%82%B5%E3%83%B3%E3%83%A8%E3%83%BC+%E3%82%BF%E3%83%86%E5%9E%8B%E5%86%B7%E5%87%8D%E3%82%B9%E3%83%88%E3%83%83%E3%82%AB%E3%83%BC+SCR-T98+100V+98L+%E4%B8%AD%E5%8F%A4+%E5%8B%95%E4%BD%9C%E5%93%81+Y0320 HTTP/1.1" 200 52825 "-" "Mozilla/5.0 (Linux; Android 6.0.1; Nexus 5X Build/MMB29P) AppleWebKit/537.36 (KHTML, like Gecko) Chrome/135.0.7049.95 Mobile Safari/537.36 (compatible; Googlebot/2.1; +http://www.google.com/bot.html)"
18.97.9.175 - - [29/Apr/2025:14:04:37 -0400] "GET /tag/erek-erek-00/ HTTP/1.1" 200 0 "-" "CCBot/2.0 (https://commoncrawl.org/faq/)"
185.191.171.13 - - [29/Apr/2025:14:04:42 -0400] "GET /bocoran-togel-sgp-minggu-7-januari-2024/ HTTP/1.1" 200 0 "-" "Mozilla/5.0 (compatible; SemrushBot/7~bl; +http://www.semrush.com/bot.html)"
52.167.144.219 - - [29/Apr/2025:14:04:45 -0400] "GET /?o=56613152998101&channel=339ea9&from=article.php%3Fid%3D1529981-5625%26name%3D%E5%A4%9A%E7%9B%AE%E7%9A%84%E3%83%8A%E3%82%A4%E3%83%B3%E3%83%81%E3%83%A3%E3%83%B3%E3%83%90%E3%83%BC%E3%82%B9%E3%83%88%E3%83%BC%E3%83%96%E3%83%99%E3%83%BC%E3%82%B9%E6%8F%90%E4%BE%9B%E5%9D%87%E4%B8%80%E3%81%AA%E7%86%B1%E9%85%8D%E4%BF%A1%E7%B0%A1%E5%8D%98%E3%81%AA%E3%83%A1%E3%83%B3%E3%83%86%E3%83%8A%E3%83%B3%E3%82%B9%E3%82%AC%E3%82%B9%E7%82%8A%E9%A3%AF%E5%99%A8%E3%82%AD%E3%83%83%E3%83%81%E3%83%B3%E3%82%A2%E3%82%AF%E3%82%BB%E3%82%B5%E3%83%AA%E3%83%BC HTTP/1.1" 200 0 "-" "Mozilla/5.0 AppleWebKit/537.36 (KHTML, like Gecko; compatible; bingbot/2.0; +http://www.bing.com/bingbot.htm) Chrome/116.0.1938.76 Safari/537.36"
85.208.96.194 - - [29/Apr/2025:14:05:01 -0400] "GET /bocoran-togel-jitu-sdy-kamis-12-oktober-2023/ HTTP/1.1" 200 0 "-" "Mozilla/5.0 (compatible; SemrushBot/7~bl; +http://www.semrush.com/bot.html)"
66.249.73.129 - - [29/Apr/2025:14:05:01 -0400] "GET /?o=70269153511105&channel=c0caea&from=blog.php%3Fid%3D1535111-8524%26name%3D%3A%E5%8D%B3%E6%B1%BA%E3%80%90%E5%8F%A4%E9%83%BD%E4%BA%AC%E9%83%BD%E3%80%91%E3%80%8C%E9%BB%92%E6%BC%86%E5%BC%93%E3%81%A8%E7%9F%A2%E7%AD%92%E3%81%9D%E3%81%AE%E4%BB%96%E4%BB%98%E5%B1%9E%E5%93%81B-408%E3%80%8D%E6%AD%A6%E5%85%B7%E3%83%BB%E5%88%80%E3%83%BB%E9%8E%A7%E3%83%BB%E7%9F%A2%E5%B1%8F%E9%A2%A8%E3%83%BB%E7%9F%A2%E8%A5%96%E3%83%BB%E7%AB%B9%E7%9F%A2%E3%83%BB%E7%9F%A2%E3%83%BB%E5%BC%93%E7%9F%A2%E3%83%BB%E9%89%84%E7%A0%B2%E3%80%9D%E6%AD%A6%E3%80%9F HTTP/1.1" 200 54316 "-" "Mozilla/5.0 (Linux; Android 6.0.1; Nexus 5X Build/MMB29P) AppleWebKit/537.36 (KHTML, like Gecko) Chrome/135.0.7049.114 Mobile Safari/537.36 (compatible; Googlebot/2.1; +http://www.google.com/bot.html)"
66.249.73.128 - - [29/Apr/2025:14:05:06 -0400] "GET /?o=03300135725303&channel=1ee0dc&from=pin.php%3Fid%3D1357253-15771%26name%3D%E2%98%86%E3%81%94%E6%88%90%E7%B4%84%E2%98%86%E3%83%9E%E3%82%B8%E3%82%A7%E3%82%B9%E3%83%86%E3%82%A3C%EF%BC%8835%EF%BC%89 HTTP/1.1" 200 53833 "-" "Mozilla/5.0 (Linux; Android 6.0.1; Nexus 5X Build/MMB29P) AppleWebKit/537.36 (KHTML, like Gecko) Chrome/135.0.7049.95 Mobile Safari/537.36 (compatible; Googlebot/2.1; +http://www.google.com/bot.html)"
18.97.9.175 - - [29/Apr/2025:14:05:19 -0400] "GET /2023/10/17/erek-erek-22-di-buku-mimpi-bergambar-lengkap/ HTTP/1.1" 200 0 "-" "CCBot/2.0 (https://commoncrawl.org/faq/)"
66.249.73.128 - - [29/Apr/2025:14:05:53 -0400] "GET /?o=07255194865008&channel=0d6015&from=form.php%3Fid%3D1948650-24687%26name%3D%5BILIUEND%5D+%E3%83%8A%E3%83%83%E3%83%97%E3%82%B5%E3%83%83%E3%82%AF+%E3%82%AF%E3%83%AD%E3%83%9F+%E3%82%B8%E3%83%A0%E3%82%B5%E3%83%83%E3%82%AF+%E5%A4%A7%E5%AE%B9%E9%87%8F+%E3%83%97%E3%83%BC%E3%83%AB%E3%83%90%E3%83%83%E3%82%AF+%E5%B7%BE%E7%9D%80%E3%83%90%E3%83%83%E3%82%AF+%E3%82%B9%E3%83%9D%E3%83%BC%E3%83%84%E3%83%90%E3%83%83%E3%82%AF+%E4%BD%93%E6%93%8D%E6%9C%8D%E5%85%A5%E3%82%8C+%E9%98%B2%E6%B0%B4+%E8%BB%BD%E9%87%8F+%E3%83%A1%E3%83%B3 HTTP/1.1" 200 53162 "-" "Mozilla/5.0 (Linux; Android 6.0.1; Nexus 5X Build/MMB29P) AppleWebKit/537.36 (KHTML, like Gecko) Chrome/135.0.7049.95 Mobile Safari/537.36 (compatible; Googlebot/2.1; +http://www.google.com/bot.html)"
66.249.73.128 - - [29/Apr/2025:14:05:58 -0400] "GET /?o=6176140041264&channel=8d672e&from=blog.php%3Fid%3D400412-1515%26name%3D%E2%89%AA%E4%BA%88%E7%B4%84%E2%89%ABDENIM+DELIGHT%2F%E3%83%87%E3%83%8B%E3%83%A0%E3%83%87%E3%83%A9%E3%82%A4%E3%83%88+%E3%82%BB%E3%83%AB%E3%82%A6%E3%82%A3%E3%83%83%E3%83%81%E3%83%87%E3%83%8B%E3%83%A0%E3%83%AF%E3%82%A4%E3%83%89%E3%82%B8%E3%83%BC%E3%83%B3%E3%82%BA HTTP/1.1" 200 51229 "-" "Mozilla/5.0 (Linux; Android 6.0.1; Nexus 5X Build/MMB29P) AppleWebKit/537.36 (KHTML, like Gecko) Chrome/135.0.7049.95 Mobile Safari/537.36 (compatible; Googlebot/2.1; +http://www.google.com/bot.html)"
18.97.9.175 - - [29/Apr/2025:14:06:02 -0400] "GET /bocoran-togel-jitu-hk-jumat-29-desember-2023/ HTTP/1.1" 200 0 "-" "CCBot/2.0 (https://commoncrawl.org/faq/)"
66.249.73.130 - - [29/Apr/2025:14:06:34 -0400] "GET /?o=20882127750600&channel=641ff0&from=brands.php%3Fid%3D1277506-16657%26name%3D%E3%82%AA%E3%83%87%E3%82%A3%E3%83%AD%E3%83%B3%E3%83%BB%E3%83%AB%E3%83%89%E3%83%B3%E3%80%81%E3%80%90%E9%87%8E%E3%81%AE%E8%8A%B1%E3%80%91%E3%80%81%E5%B8%8C%E5%B0%91%E3%81%AA%E9%A1%8D%E8%A3%85%E7%94%A8%E7%94%BB%E9%9B%86%E3%82%88%E3%82%8A%E3%80%81%E6%96%B0%E5%93%81%E9%A1%8D%E8%A3%85%E4%BB%98%E3%80%81%E7%8A%B6%E6%85%8B%E8%89%AF%E5%A5%BD%E3%80%81%E9%80%81%E6%96%99%E8%BE%BC%E3%81%BF%E3%80%81Odilon+Redon HTTP/1.1" 200 55059 "-" "Mozilla/5.0 (Linux; Android 6.0.1; Nexus 5X Build/MMB29P) AppleWebKit/537.36 (KHTML, like Gecko) Chrome/135.0.7049.95 Mobile Safari/537.36 (compatible; Googlebot/2.1; +http://www.google.com/bot.html)"
18.97.9.175 - - [29/Apr/2025:14:06:42 -0400] "GET /bocoran-togel-toto-macau-16-00-jumat-29-desember-2023/ HTTP/1.1" 200 0 "-" "CCBot/2.0 (https://commoncrawl.org/faq/)"
207.46.13.160 - - [29/Apr/2025:14:06:58 -0400] "GET /?o=7895044960200&channel=5b1bcc&from=form.php%3Fid%3D449602-11172%26name%3D%E3%83%9B%E3%83%AB%E3%83%84+%E8%A3%9C%E4%BF%AE%E7%94%A8%E3%83%91%E3%83%86+%E7%AD%86%E3%81%AC%E3%82%8A%E3%83%91%E3%83%86+%E3%82%BF%E3%83%83%E3%83%81%E3%82%A2%E3%83%83%E3%83%97%E3%83%91%E3%83%86+20ml+Holts+MH989+%E5%B0%8F%E3%82%AD%E3%82%BA%E7%94%A8 HTTP/1.1" 200 0 "-" "Mozilla/5.0 AppleWebKit/537.36 (KHTML, like Gecko; compatible; bingbot/2.0; +http://www.bing.com/bingbot.htm) Chrome/116.0.1938.76 Safari/537.36"
66.249.73.129 - - [29/Apr/2025:14:07:06 -0400] "GET /?o=5131775015405&channel=ee12b8&from=news.php%3Fid%3D750154-4379%26name%3D%E3%80%90%E9%95%B7%E6%9C%9F%E4%BF%9D%E7%AE%A1%E5%93%81%E3%80%91%E5%8D%9A%E5%A4%9A%E4%BA%BA%E5%BD%A2+%E4%B8%89%E4%BA%BA%E7%A6%8F%E5%8A%A9+%E6%88%B8%E7%95%91%E8%8C%82%E5%9B%9B%E9%83%8E%E4%BD%9C+%E7%AE%B1%E4%BB%98 HTTP/1.1" 200 53058 "-" "Mozilla/5.0 (Linux; Android 6.0.1; Nexus 5X Build/MMB29P) AppleWebKit/537.36 (KHTML, like Gecko) Chrome/135.0.7049.95 Mobile Safari/537.36 (compatible; Googlebot/2.1; +http://www.google.com/bot.html)"
66.249.73.128 - - [29/Apr/2025:14:07:15 -0400] "GET /?o=8305342910500&channel=cf3bbf&from=goods.php%3Fid%3D429105-15984%26name%3DOLYMPUS+XA+Electronic+Flash+A11+%E3%82%AA%E3%83%AA%E3%83%B3%E3%83%91%E3%82%B9+%E3%82%B3%E3%83%B3%E3%83%91%E3%82%AF%E3%83%88%E3%82%AB%E3%83%A1%E3%83%A9+35mm+%E3%83%95%E3%82%A3%E3%83%AB%E3%83%A0%E3%82%AB%E3%83%A1%E3%83%A9+Y1 HTTP/1.1" 200 55698 "-" "Mozilla/5.0 (Linux; Android 6.0.1; Nexus 5X Build/MMB29P) AppleWebKit/537.36 (KHTML, like Gecko) Chrome/135.0.7049.114 Mobile Safari/537.36 (compatible; Googlebot/2.1; +http://www.google.com/bot.html)"
18.97.9.175 - - [29/Apr/2025:14:07:23 -0400] "GET /tag/buku-erek-erek-34/ HTTP/1.1" 200 0 "-" "CCBot/2.0 (https://commoncrawl.org/faq/)"
18.97.9.175 - - [29/Apr/2025:14:08:01 -0400] "GET /tag/tafsir-mimpi-12/ HTTP/1.1" 200 0 "-" "CCBot/2.0 (https://commoncrawl.org/faq/)"
207.46.13.160 - - [29/Apr/2025:14:08:39 -0400] "GET /?o=9738246596705&channel=7cfb47&from=product.php%3Fid%3D465967-1641%26name%3D%E5%8D%81%E4%BA%8C%E5%A4%A9%E3%83%BB%E6%A1%A7%E6%9C%A8%E8%A3%BD%E3%83%BB%E7%B4%B0%E5%AF%86%E5%BD%AB%E3%83%BB%E5%BD%A9%E7%B9%AA%E3%83%BB%E6%A2%B5%E5%A4%A9%E3%83%BB%E6%A5%B5%E5%BD%A9%E8%89%B2%E3%83%BB%E8%B2%B4%E9%87%8D%E7%89%A9%E5%93%81%E3%83%BB%E4%BB%8F%E5%83%8F HTTP/1.1" 200 0 "-" "Mozilla/5.0 AppleWebKit/537.36 (KHTML, like Gecko; compatible; bingbot/2.0; +http://www.bing.com/bingbot.htm) Chrome/116.0.1938.76 Safari/537.36"
18.97.9.175 - - [29/Apr/2025:14:08:39 -0400] "GET /bocoran-togel-jitu-sdy-minggu-31-desember-2023/ HTTP/1.1" 200 0 "-" "CCBot/2.0 (https://commoncrawl.org/faq/)"
66.249.73.130 - - [29/Apr/2025:14:08:45 -0400] "GET /?o=00022179252601&channel=36c92c&from=brands.php%3Fid%3D1792526-28829%26name%3DIpetboom+%E3%83%8D%E3%82%A4%E3%83%AB%E3%83%87%E3%82%A3%E3%82%B9%E3%83%97%E3%83%AC%E3%82%A4%E3%83%9C%E3%83%BC%E3%83%89+%E3%83%8D%E3%82%A4%E3%83%AB%E3%82%AB%E3%83%A9%E3%83%BC%E3%83%9C%E3%83%BC%E3%83%89+%E3%83%8D%E3%82%A4%E3%83%AB%E3%82%A2%E3%83%BC%E3%83%88%E3%83%87%E3%82%A3%E3%82%B9%E3%83%97%E3%83%AC%E3%82%A4%E3%82%AB%E3%83%BC%E3%83%89+%E3%83%8D%E3%82%A4%E3%83%AB%E3%82%A2%E3%83%BC%E3%83%88%E3%83%97%E3%83%AC%E3%83%BC%E3%83%88+%E3%83%8D%E3%82%A4%E3%83%AB%E3%82%A2%E3%83%BC%E3%83%88%E7%94%A8 HTTP/1.1" 200 53684 "-" "Mozilla/5.0 (Linux; Android 6.0.1; Nexus 5X Build/MMB29P) AppleWebKit/537.36 (KHTML, like Gecko) Chrome/135.0.7049.95 Mobile Safari/537.36 (compatible; Googlebot/2.1; +http://www.google.com/bot.html)"
18.97.9.175 - - [29/Apr/2025:14:09:17 -0400] "GET /tag/ramalan-togel-toto-macau-terkini/ HTTP/1.1" 200 0 "-" "CCBot/2.0 (https://commoncrawl.org/faq/)"
66.249.73.128 - - [29/Apr/2025:14:09:32 -0400] "GET /?o=148257966305&channel=8d00bb&from=pin.php%3Fid%3D79663-6249%26name%3D%E3%82%B3%E3%83%BC%E3%83%81%E3%82%B7%E3%83%A7%E3%83%AB%E3%83%80%E3%83%BC%E3%83%90%E3%83%83%E3%82%AF HTTP/1.1" 200 52648 "-" "Mozilla/5.0 (Linux; Android 6.0.1; Nexus 5X Build/MMB29P) AppleWebKit/537.36 (KHTML, like Gecko) Chrome/135.0.7049.114 Mobile Safari/537.36 (compatible; Googlebot/2.1; +http://www.google.com/bot.html)"
207.46.13.160 - - [29/Apr/2025:14:09:49 -0400] "GET /?o=8179021172002&channel=f8e8db&from=pin.php%3Fid%3D211720-1342%26name%3D%E5%8C%A0%E3%83%90%E3%82%A4%E3%82%AF%E3%82%AB%E3%83%90%E3%83%BC+%E3%82%BF%E3%82%AF%E3%83%9F%E3%83%90%E3%82%A4%E3%82%AF%E3%82%AB%E3%83%90%E3%83%BC+%E3%80%90%E5%8C%A0-%E3%81%9F%E3%81%8F%E3%81%BF-%E3%80%91%E5%8C%A0%E3%83%90%E3%82%A4%E3%82%AF%E3%82%AB%E3%83%90%E3%83%BCVer.2+%E3%80%90LL%E3%80%91+%E3%83%90%E3%82%A4%E3%82%AF%E3%82%AB%E3%83%90%E3%83%BC+%E4%BF%9D%E7%AE%A1%E3%83%BB%E7%9B%97%E9%9B%A3%E9%98%B2%E6%AD%A2%E7%94%A8%E5%93%81 HTTP/1.1" 200 0 "-" "Mozilla/5.0 AppleWebKit/537.36 (KHTML, like Gecko; compatible; bingbot/2.0; +http://www.bing.com/bingbot.htm) Chrome/116.0.1938.76 Safari/537.36"
18.97.9.175 - - [29/Apr/2025:14:09:55 -0400] "GET /tag/arti-mimpi-69/ HTTP/1.1" 200 0 "-" "CCBot/2.0 (https://commoncrawl.org/faq/)"
66.249.73.129 - - [29/Apr/2025:14:10:04 -0400] "GET /?o=91038117535903&channel=d8999c&from=shared.php%3Fid%3D1175359-5946%26name%3D%E3%83%91%E3%82%A6%E3%83%91%E3%83%88%E3%83%AD%E3%83%BC%E3%83%AB%E3%83%97%E3%83%AB%E3%83%90%E3%83%83%E3%82%AF%E3%82%AB%E3%83%BC9%E7%A8%AE%E3%83%AD%E3%83%9C%E3%82%AB%E3%83%BC%E3%83%9D%E3%83%AA%E3%83%BC%E6%96%B0%E5%93%81%E5%8F%AF%E6%84%9B%E3%81%84%E5%AD%90%E4%BE%9B%E7%8E%A9%E5%85%B7%E8%AA%95%E7%94%9F%E6%97%A5%E3%83%97%E3%83%AC%E3%82%BC%E3%83%B3%E3%83%88 HTTP/1.1" 200 55648 "-" "Mozilla/5.0 (Linux; Android 6.0.1; Nexus 5X Build/MMB29P) AppleWebKit/537.36 (KHTML, like Gecko) Chrome/135.0.7049.114 Mobile Safari/537.36 (compatible; Googlebot/2.1; +http://www.google.com/bot.html)"
18.97.9.175 - - [29/Apr/2025:14:10:35 -0400] "GET /erek-erek-88-di-buku-mimpi-bergambar-lengkap/ HTTP/1.1" 200 0 "-" "CCBot/2.0 (https://commoncrawl.org/faq/)"
18.97.9.175 - - [29/Apr/2025:14:11:12 -0400] "GET /?o=8932187432400&channel=ce8cef&from=brands.php%3Fid%3D874324-9543%26name%3D70%27s+US.ARMY+M65+field+pant HTTP/1.1" 200 0 "-" "CCBot/2.0 (https://commoncrawl.org/faq/)"
184.73.195.18 - - [29/Apr/2025:14:11:36 -0400] "GET /wp-includes__c454f3a/images/crystal/?SD HTTP/1.1" 200 1414 "-" "Mozilla/5.0 AppleWebKit/537.36 (KHTML, like Gecko; compatible; Amazonbot/0.1; +https://developer.amazon.com/support/amazonbot) Chrome/119.0.6045.214 Safari/537.36"
35.173.38.202 - - [29/Apr/2025:14:11:41 -0400] "GET /wp-includes__c454f3a/SimplePie/library/SimplePie/?ND HTTP/1.1" 200 1720 "-" "Mozilla/5.0 AppleWebKit/537.36 (KHTML, like Gecko; compatible; Amazonbot/0.1; +https://developer.amazon.com/support/amazonbot) Chrome/119.0.6045.214 Safari/537.36"
18.214.186.220 - - [29/Apr/2025:14:11:45 -0400] "GET /wp-includes__c454f3a/sodium_compat/src/Core32/ChaCha20/ HTTP/1.1" 200 866 "-" "Mozilla/5.0 AppleWebKit/537.36 (KHTML, like Gecko; compatible; Amazonbot/0.1; +https://developer.amazon.com/support/amazonbot) Chrome/119.0.6045.214 Safari/537.36"
184.73.195.18 - - [29/Apr/2025:14:11:47 -0400] "GET /wp-includes__c454f3a/js/dist/?SD HTTP/1.1" 200 4723 "-" "Mozilla/5.0 AppleWebKit/537.36 (KHTML, like Gecko; compatible; Amazonbot/0.1; +https://developer.amazon.com/support/amazonbot) Chrome/119.0.6045.214 Safari/537.36"
18.97.9.175 - - [29/Apr/2025:14:11:50 -0400] "GET /tag/bonus-togel-beijing/ HTTP/1.1" 200 0 "-" "CCBot/2.0 (https://commoncrawl.org/faq/)"
52.2.58.41 - - [29/Apr/2025:14:11:52 -0400] "GET /wp-includes__c454f3a/js/tinymce/skins/lightgray/ HTTP/1.1" 200 944 "-" "Mozilla/5.0 AppleWebKit/537.36 (KHTML, like Gecko; compatible; Amazonbot/0.1; +https://developer.amazon.com/support/amazonbot) Chrome/119.0.6045.214 Safari/537.36"
52.7.33.248 - - [29/Apr/2025:14:11:56 -0400] "GET /wp-includes__c454f3a/js/tinymce/plugins/media/ HTTP/1.1" 200 832 "-" "Mozilla/5.0 AppleWebKit/537.36 (KHTML, like Gecko; compatible; Amazonbot/0.1; +https://developer.amazon.com/support/amazonbot) Chrome/119.0.6045.214 Safari/537.36"
18.97.9.175 - - [29/Apr/2025:14:12:30 -0400] "GET /erek-erek-03-di-buku-mimpi-bergambar-lengkap/ HTTP/1.1" 200 0 "-" "CCBot/2.0 (https://commoncrawl.org/faq/)"
66.249.73.130 - - [29/Apr/2025:14:12:38 -0400] "GET /?o=4201750486707&channel=8b7f09&from=shared.php%3Fid%3D504867-14973%26name%3D%E3%82%B7%E3%83%A7%E3%83%83%E3%82%AF%E3%82%A2%E3%83%96%E3%82%BD%E3%83%BC%E3%83%90%E3%83%BC%E3%83%AA%E3%82%A2%E3%82%B5%E3%82%B9%E3%83%9A%E3%83%B3%E3%82%B7+270+%E3%83%9F%E3%83%AA%E3%83%A1%E3%83%BC%E3%83%88%E3%83%AB+280+%E3%83%9F%E3%83%AA%E3%83%A1%E3%83%BC%E3%83%88%E3%83%AB+290+%E3%83%9F%E3%83%AA%E3%83%A1%E3%83%BC%E3%83%88%E3%83%AB%E3%82%B7%E3%83%A7%E3%83%83%E3%82%AF%E3%82%A2%E3%83%96%E3%82%BD%E3%83%BC%E3%83%90%E3%83%BC%2F%E3%82%B5%E3%82%B9%E3%83%9A%E3%83%B3%E3%82%B7 HTTP/1.1" 200 52953 "-" "Mozilla/5.0 (Linux; Android 6.0.1; Nexus 5X Build/MMB29P) AppleWebKit/537.36 (KHTML, like Gecko) Chrome/135.0.7049.95 Mobile Safari/537.36 (compatible; Googlebot/2.1; +http://www.google.com/bot.html)"
