66.249.73.128 - - [29/Apr/2025:13:30:27 -0400] "GET /?o=82195114858404&channel=e714ad&from=article.php%3Fid%3D1148584-18255%26name%3D%E5%9B%9B%E5%9B%BD%E5%8C%96%E6%88%90+%E3%83%90%E3%83%AA%E3%83%A5%E3%83%BC%E3%82%A2%E3%82%B3%E3%83%BCA2%E5%9E%8B+%E3%83%9A%E3%83%83%E3%83%88%E3%82%AC%E3%83%BC%E3%83%89%E3%82%BF%E3%82%A4%E3%83%97+%E7%89%87%E9%96%8B%E3%81%8D+340S+%E3%80%8E%E3%82%AB%E3%83%BC%E3%82%B2%E3%83%BC%E3%83%88+%E4%BC%B8%E7%B8%AE%E9%96%80%E6%89%89%E3%80%8F+%E3%83%96%E3%83%A9%E3%83%83%E3%82%AF%E3%81%A4%E3%82%84%E6%B6%88%E3%81%97 HTTP/1.1" 200 53852 "-" "Mozilla/5.0 (Linux; Android 6.0.1; Nexus 5X Build/MMB29P) AppleWebKit/537.36 (KHTML, like Gecko) Chrome/135.0.7049.95 Mobile Safari/537.36 (compatible; Googlebot/2.1; +http://www.google.com/bot.html)"
101.46.0.185 - - [29/Apr/2025:13:30:30 -0400] "GET /tag/buku-mimpi-02/b'https://bocorantogeljitu.co/tag/buku-mimpi-02/' HTTP/1.1" 200 0 "https://bocorantogeljitu.co/tag/buku-mimpi-02/" "Mozilla/5.0 (Macintosh; Intel Mac OS X 10_15_7) AppleWebKit/537.36 (KHTML, like Gecko) Chrome/134.0.0.0 Safari/537.36"
66.249.73.128 - - [29/Apr/2025:13:30:39 -0400] "GET /?o=4529867095902&channel=915b9e&from=jp.php%3Fid%3D670959-3717%26name%3D%E3%82%A8%E3%82%A4%E3%83%97%E3%80%80%E3%83%9E%E3%83%95%E3%83%A9%E3%83%BC HTTP/1.1" 200 54091 "-" "Mozilla/5.0 (Linux; Android 6.0.1; Nexus 5X Build/MMB29P) AppleWebKit/537.36 (KHTML, like Gecko) Chrome/135.0.7049.95 Mobile Safari/537.36 (compatible; Googlebot/2.1; +http://www.google.com/bot.html)"
77.75.76.160 - - [29/Apr/2025:13:30:58 -0400] "GET /tag/erek-erek-29-2d-3d-4d/ HTTP/1.1" 200 0 "-" "Mozilla/5.0 (compatible; SeznamBot/4.0; +https://o-seznam.cz/napoveda/vyhledavani/en/seznambot-crawler/)"
18.97.9.175 - - [29/Apr/2025:13:30:58 -0400] "GET /?o=1177222064902&channel=4a25aa&from=info.php%3Fid%3D220649-2667%26name%3DApple+iPhone+8+64G+%E6%9C%AC%E4%BD%93+%E7%BE%8E%E5%93%81 HTTP/1.1" 200 0 "-" "CCBot/2.0 (https://commoncrawl.org/faq/)"
66.249.73.129 - - [29/Apr/2025:13:31:27 -0400] "GET /?o=7719836962608&channel=f11e2f&from=jp.php%3Fid%3D369626-1220%26name%3D%E3%82%B8%E3%83%83%E3%83%9D%E3%83%BC%E6%B5%B7%E4%B8%8A%E8%87%AA%E8%A1%9B%E9%9A%8A%E6%BD%9C%E6%B0%B4%E8%89%A6SS-596%E3%81%8F%E3%82%8D%E3%81%97%E3%81%8A HTTP/1.1" 200 52701 "-" "Mozilla/5.0 (Linux; Android 6.0.1; Nexus 5X Build/MMB29P) AppleWebKit/537.36 (KHTML, like Gecko) Chrome/135.0.7049.95 Mobile Safari/537.36 (compatible; Googlebot/2.1; +http://www.google.com/bot.html)"
66.249.73.130 - - [29/Apr/2025:13:31:27 -0400] "GET /?o=98329193521805&channel=5876f3&from=pin.php%3Fid%3D1935218-22969%26name%3D%E5%AE%89%E5%85%A8%E3%81%A7%E7%92%B0%E5%A2%83%E3%81%AB%E5%84%AA%E3%81%97%E3%81%84%E5%8E%9A%E6%89%8B%E3%81%AEPVC%E7%B4%A0%E6%9D%90%E3%81%A7%E3%80%81%E8%A4%87%E6%95%B0%E3%81%AE%E6%8A%BC%E3%81%97%E5%87%BA%E3%81%97%E3%81%AB%E8%80%90%E6%80%A7%E3%81%8C%E3%81%82%E3%82%8A%E3%81%BE%E3%81%99%E3%80%82%E8%86%A8%E3%82%89%E3%81%BE%E3%81%9B%E3%82%8B%E3%83%99%E3%83%93%E3%83%BC%E5%B9%BC%E5%85%90%E7%94%A8%E3%82%B9%E3%82%A4%E3%83%9F%E3%83%B3%E3%82%B0%E3%83%97%E3%83%BC%E3%83%AB%E3%80%82%E5%8F%8E%E7%B4%8D%E3%82%84%E6%8C%81%E3%81%A1%E9%81%8B%E3%81%B3%E3%81%8C%E7%B0%A1%E5%8D%98%E3%80%82 HTTP/1.1" 200 55397 "-" "Mozilla/5.0 (Linux; Android 6.0.1; Nexus 5X Build/MMB29P) AppleWebKit/537.36 (KHTML, like Gecko) Chrome/135.0.7049.95 Mobile Safari/537.36 (compatible; Googlebot/2.1; +http://www.google.com/bot.html)"
18.97.9.175 - - [29/Apr/2025:13:31:35 -0400] "GET /tag/angka-pelarian-96/ HTTP/1.1" 200 0 "-" "CCBot/2.0 (https://commoncrawl.org/faq/)"
66.249.73.129 - - [29/Apr/2025:13:31:53 -0400] "GET /?o=39939195112708&channel=f98c61&from=pin.php%3Fid%3D1951127-30232%26name%3DELENCAREDUE+%E3%82%A8%E3%83%AC%E3%83%B3%E3%82%AB%E3%83%BC%E3%83%AC%E3%83%87%E3%83%A5%E3%82%A8%E3%80%80%E3%83%8E%E3%83%BC%E3%82%AB%E3%83%A9%E3%83%BC%E3%80%80%E3%82%AD%E3%83%AB%E3%83%86%E3%82%A3%E3%83%B3%E3%82%B0%E3%80%80%E3%82%B8%E3%83%A3%E3%82%B1%E3%83%83%E3%83%88 HTTP/1.1" 200 52319 "-" "Mozilla/5.0 (Linux; Android 6.0.1; Nexus 5X Build/MMB29P) AppleWebKit/537.36 (KHTML, like Gecko) Chrome/135.0.7049.95 Mobile Safari/537.36 (compatible; Googlebot/2.1; +http://www.google.com/bot.html)"
18.97.9.175 - - [29/Apr/2025:13:32:13 -0400] "GET /tag/syair-togel-toto-macau-13-00-wib/ HTTP/1.1" 200 0 "-" "CCBot/2.0 (https://commoncrawl.org/faq/)"
157.55.39.194 - - [29/Apr/2025:13:32:25 -0400] "GET /?o=9989534598900&channel=2f29b7&from=news.php%3Fid%3D345989-12289%26name%3D%E3%83%98%E3%82%A2%E3%83%94%E3%83%BC%E3%82%B9%E2%91%A0%E3%80%80%E3%83%80%E3%83%BC%E3%82%AF%E3%83%96%E3%83%A9%E3%82%A6%E3%83%B3%E5%89%8D%E9%AB%AA%E4%BB%98%E3%81%8D%E9%A0%AD%E9%A0%82%E9%83%A8%E3%82%A6%E3%82%A3%E3%83%83%E3%82%B0 HTTP/1.1" 200 0 "-" "Mozilla/5.0 AppleWebKit/537.36 (KHTML, like Gecko; compatible; bingbot/2.0; +http://www.bing.com/bingbot.htm) Chrome/116.0.1938.76 Safari/537.36"
66.249.73.128 - - [29/Apr/2025:13:32:33 -0400] "GET /?o=5836627676601&channel=942bcb&from=form.php%3Fid%3D276766-1568%26name%3D%E3%83%80%E3%83%96%E3%83%AB%E3%83%95%E3%82%A7%E3%82%A4%E3%82%B9%E3%80%80%E3%82%B0%E3%83%AC%E3%83%BC HTTP/1.1" 200 53761 "-" "Mozilla/5.0 (Linux; Android 6.0.1; Nexus 5X Build/MMB29P) AppleWebKit/537.36 (KHTML, like Gecko) Chrome/135.0.7049.114 Mobile Safari/537.36 (compatible; Googlebot/2.1; +http://www.google.com/bot.html)"
66.249.73.128 - - [29/Apr/2025:13:32:41 -0400] "GET /?o=2069488119002&channel=fdfb26&from=product.php%3Fid%3D881190-1026%26name%3Dmizuno+P1GA250137+MORELIA+II+JAPAN+%E3%83%A2%E3%83%AC%E3%83%AA%E3%82%A22+%E3%82%B8%E3%83%A3%E3%83%91%E3%83%B3+%5B%E3%83%9F%E3%82%BA%E3%83%8E%E3%83%BB%E3%82%B5%E3%83%83%E3%82%AB%E3%83%BC%E3%82%B9%E3%83%91%E3%82%A4%E3%82%AF%E3%83%BB%E3%82%AB%E3%83%B3%E3%82%AC%E3%83%AB%E3%83%BC%E7%9A%AE%E9%9D%A9%E3%83%BB%E3%83%8E%E3%83%BC%E3%83%9E%E3%83%AB%E3%82%B9%E3%83%86%E3%83%83%E3%83%81%E3%83%BB%E3%82%B7%E3%83%A7%E3%83%BC%E3%83%88%E3%82%BF%E3%83%B3%E3%83%BB%E3%83%A2%E3%83%AC%E3%83%AA%E3%82%A2%E3%82%B9%E3%83%86%E3%83%BC%E3%82%B7%E3%83%A7%E3%83%B3%E9%99%90%E5%AE%9A%E3%83%A2%E3%83%87%E3%83%AB%E3%83%BB%E9%99%90%E5%AE%9A%E3%82%AB%E3%83%A9%E3%83%BC%E3%83%BBFRONTIER+PACK%5D HTTP/1.1" 200 54166 "-" "Mozilla/5.0 (Linux; Android 6.0.1; Nexus 5X Build/MMB29P) AppleWebKit/537.36 (KHTML, like Gecko) Chrome/135.0.7049.95 Mobile Safari/537.36 (compatible; Googlebot/2.1; +http://www.google.com/bot.html)"
18.97.9.175 - - [29/Apr/2025:13:32:49 -0400] "GET /bocoran-togel-toto-macau-23-00/page/2/ HTTP/1.1" 200 0 "-" "CCBot/2.0 (https://commoncrawl.org/faq/)"
66.249.73.130 - - [29/Apr/2025:13:33:05 -0400] "GET /?o=90741183853801&channel=0c2b9a&from=goods.php%3Fid%3D1838538-17937%26name%3D%E3%83%91%E3%83%8A%E3%82%BD%E3%83%8B%E3%83%83%E9%9B%BB%E5%8B%95%E6%AD%AF%E3%83%96%E3%83%A9%E3%82%B7%E6%9B%BF%E3%81%88%E3%83%96%E3%83%A9%E3%82%B7+4%E6%9C%AC%E3%82%BB%E3%83%83%E3%83%88+EW0800 HTTP/1.1" 200 53971 "-" "Mozilla/5.0 (Linux; Android 6.0.1; Nexus 5X Build/MMB29P) AppleWebKit/537.36 (KHTML, like Gecko) Chrome/135.0.7049.95 Mobile Safari/537.36 (compatible; Googlebot/2.1; +http://www.google.com/bot.html)"
66.249.73.128 - - [29/Apr/2025:13:33:14 -0400] "GET /?o=2326712590700&channel=6428ab&from=info.php%3Fid%3D125907-8053%26name%3D%E3%81%AF%E3%81%97%E3%81%94+%E4%BC%B8%E7%B8%AE+3.5m+%E3%83%8F%E3%82%B7%E3%82%B4+%E6%A2%AF%E5%AD%90+150kg+%E8%87%AA%E5%8B%95%E3%83%AD%E3%83%83%E3%82%AF%E3%82%B9%E3%83%A9%E3%82%A4%E3%83%89%E5%BC%8F+82 HTTP/1.1" 200 52958 "-" "Mozilla/5.0 (Linux; Android 6.0.1; Nexus 5X Build/MMB29P) AppleWebKit/537.36 (KHTML, like Gecko) Chrome/135.0.7049.95 Mobile Safari/537.36 (compatible; Googlebot/2.1; +http://www.google.com/bot.html)"
66.249.73.128 - - [29/Apr/2025:13:33:21 -0400] "GET /?o=7263829688004&channel=42dc97&from=shop.php%3Fid%3D296880-2065%26name%3D%E3%80%90%E8%A3%9C%E5%84%9F%E5%AF%BE%E8%B1%A1+%E5%8F%96%E4%BB%98%E5%AF%BE%E8%B1%A1%E3%80%91%E9%80%81%E6%96%99%E7%84%A1%E6%96%99+ALL+SEASON+MAXX+AS1+225%2F45R18+95H+XL+1%E6%9C%AC%E4%BE%A1%E6%A0%BC+%E6%96%B0%E5%93%81%E3%82%AA%E3%83%BC%E3%83%AB%E3%82%B7%E3%83%BC%E3%82%BA%E3%83%B3%E3%82%BF%E3%82%A4%E3%83%A4+%E3%83%80%E3%83%B3%E3%83%AD%E3%83%83%E3%83%97+DUNLOP+%E3%82%AA%E3%83%BC%E3%83%AB%E3%82%B7%E3%83%BC%E3%82%BA%E3%83%B3+%E3%83%9E%E3%83%83%E3%82%AF%E3%82%B9+%E3%82%A8%E3%83%BC%E3%82%A8%E3%82%B9%E3%83%AF%E3%83%B3 HTTP/1.1" 200 55972 "-" "Mozilla/5.0 (Linux; Android 6.0.1; Nexus 5X Build/MMB29P) AppleWebKit/537.36 (KHTML, like Gecko) Chrome/135.0.7049.95 Mobile Safari/537.36 (compatible; Googlebot/2.1; +http://www.google.com/bot.html)"
18.97.9.175 - - [29/Apr/2025:13:33:25 -0400] "GET /bocoran-togel-toto-macau-00-00-sabtu-16-desember-2023/ HTTP/1.1" 200 0 "-" "CCBot/2.0 (https://commoncrawl.org/faq/)"
66.249.73.128 - - [29/Apr/2025:13:33:43 -0400] "GET /?o=9572760922101&channel=4892ba&from=shop.php%3Fid%3D609221-18618%26name%3D%E6%9D%B1%E4%BA%AC%E3%83%A1%E3%83%88%E3%83%AD%E5%AE%8C%E5%85%A8%E3%83%87%E3%83%BC%E3%82%BFDVDBOOK+%E9%8A%80%E5%BA%A7%E7%B7%9A1000%E7%B3%BB%E6%B5%85%E8%8D%89%EF%BD%9E%E6%B8%8B%E8%B0%B7%E3%81%AE%E5%89%8D%E9%9D%A2%E5%B1%95%E6%9C%9BDVD%E4%BB%98 HTTP/1.1" 200 54709 "-" "Mozilla/5.0 (Linux; Android 6.0.1; Nexus 5X Build/MMB29P) AppleWebKit/537.36 (KHTML, like Gecko) Chrome/135.0.7049.95 Mobile Safari/537.36 (compatible; Googlebot/2.1; +http://www.google.com/bot.html)"
18.97.9.175 - - [29/Apr/2025:13:33:59 -0400] "GET /erek-erek-95-di-buku-mimpi-bergambar-lengkap/ HTTP/1.1" 200 0 "-" "CCBot/2.0 (https://commoncrawl.org/faq/)"
66.249.73.129 - - [29/Apr/2025:13:34:15 -0400] "GET /?o=14315157646703&channel=4f51cc&from=article.php%3Fid%3D1576467-26380%26name%3DGPNVG-18%E5%9B%9B%E7%9C%BC+%E3%83%87%E3%82%B8%E3%82%BF%E3%83%AB+%E3%83%8A%E3%82%A4%E3%83%88%E3%83%93%E3%82%B8%E3%83%A7%E3%83%B3 HTTP/1.1" 200 54687 "-" "Mozilla/5.0 (Linux; Android 6.0.1; Nexus 5X Build/MMB29P) AppleWebKit/537.36 (KHTML, like Gecko) Chrome/135.0.7049.95 Mobile Safari/537.36 (compatible; Googlebot/2.1; +http://www.google.com/bot.html)"
18.97.9.175 - - [29/Apr/2025:13:34:36 -0400] "GET /tag/situs-prediksi-togel/ HTTP/1.1" 200 0 "-" "CCBot/2.0 (https://commoncrawl.org/faq/)"
66.249.73.129 - - [29/Apr/2025:13:34:49 -0400] "GET /?o=6959236294007&channel=54d3f2&from=product.php%3Fid%3D362940-1790%26name%3D%E3%80%90%E4%B8%AD%E5%8F%A4%E3%80%91%E3%83%86%E3%83%BC%E3%83%A9%E3%83%BC%E3%83%A1%E3%82%A4%E3%83%89%E3%80%80SIM%E3%80%80SIM+%E3%83%9E%E3%83%83%E3%82%AF%E3%82%B9+%E3%83%AC%E3%82%B9%E3%82%AD%E3%83%A5%E3%83%BC+%E3%83%A6%E3%83%BC%E3%83%86%E3%82%A3%E3%83%AA%E3%83%86%E3%82%A3+TENSEI+BLUE+TM60%E3%80%80%3Cbr%3E%E3%80%90U5%E3%80%91%3Cbr%3E%E3%82%B7%E3%83%A3%E3%83%95%E3%83%88%EF%BC%9ATENSEI+BLUE+TM60%3Cbr%3ECD%E3%83%A9%E3%83%B3%E3%82%AF%E3%80%80%E3%83%95%E3%83%AC%E3%83%83%E3%82%AF%E3%82%B9S%E3%80%80%E7%94%B7%E6%80%A7%E7%94%A8+%E3%83%A1%E3%83%B3%E3%82%BA%E7%94%A8%E3%80%80%E5%8F%B3%E7%94%A8 HTTP/1.1" 200 55094 "-" "Mozilla/5.0 (Linux; Android 6.0.1; Nexus 5X Build/MMB29P) AppleWebKit/537.36 (KHTML, like Gecko) Chrome/135.0.7049.114 Mobile Safari/537.36 (compatible; Googlebot/2.1; +http://www.google.com/bot.html)"
66.249.73.129 - - [29/Apr/2025:13:35:01 -0400] "GET /?o=1219898371201&channel=239c05&from=shop.php%3Fid%3D983712-5338%26name%3D%E3%80%90+2020+%E7%A6%8F%E8%A2%8B+%E3%80%91%E3%80%8A%E3%83%A9%E3%82%B7%E3%83%83%E3%83%88%E3%80%8B+%E3%82%B9%E3%83%9A%E3%82%B7%E3%83%A3%E3%83%AB%E3%82%BB%E3%83%83%E3%83%88+++%E2%80%BB%E3%83%88%E3%83%BC%E3%83%88+%E3%83%90%E3%83%83%E3%82%B0%E3%81%AE%E3%81%BF HTTP/1.1" 200 54578 "-" "Mozilla/5.0 (Linux; Android 6.0.1; Nexus 5X Build/MMB29P) AppleWebKit/537.36 (KHTML, like Gecko) Chrome/135.0.7049.95 Mobile Safari/537.36 (compatible; Googlebot/2.1; +http://www.google.com/bot.html)"
18.97.9.175 - - [29/Apr/2025:13:35:13 -0400] "GET /bocoran-togel-jitu-toto-macau-minggu-15-oktober-2023/ HTTP/1.1" 200 0 "-" "CCBot/2.0 (https://commoncrawl.org/faq/)"
66.249.73.129 - - [29/Apr/2025:13:35:27 -0400] "GET /?o=2412154119005&channel=3d5ceb&from=jp.php%3Fid%3D541190-7168%26name%3D%E3%83%8A%E3%82%A4%E3%82%AD++NIKE%E3%82%A2%E3%82%AF%E3%82%A2%E3%83%AA%E3%83%95%E3%83%88+AQUALIFT+SC+%E3%82%B9%E3%83%8B%E3%83%BC%E3%82%AB%E3%83%BC HTTP/1.1" 200 53249 "-" "Mozilla/5.0 (Linux; Android 6.0.1; Nexus 5X Build/MMB29P) AppleWebKit/537.36 (KHTML, like Gecko) Chrome/135.0.7049.114 Mobile Safari/537.36 (compatible; Googlebot/2.1; +http://www.google.com/bot.html)"
66.249.73.128 - - [29/Apr/2025:13:35:29 -0400] "GET /?o=2959624326300&channel=2adf4b&from=news.php%3Fid%3D243263-1745%26name%3D%E3%80%90V-08PHLD8%E3%80%91%E4%B8%89%E8%8F%B1+24%E6%99%82%E9%96%93%E3%83%91%E3%82%A4%E3%83%97%E7%94%A8%E3%83%95%E3%82%A1%E3%83%B3+%E8%A7%92%E5%BD%A2%E6%A0%BC%E5%AD%90%E3%82%B0%E3%83%AA%E3%83%AB+%E6%B9%BF%E5%BA%A6%E3%82%BB%E3%83%B3%E3%82%B5%E3%83%BC%E3%82%BF%E3%82%A4%E3%83%97+V-08PHLD7%E5%BE%8C%E7%B6%99%E6%A9%9F%E7%A8%AE+MITSUBISHI HTTP/1.1" 200 56262 "-" "Mozilla/5.0 (Linux; Android 6.0.1; Nexus 5X Build/MMB29P) AppleWebKit/537.36 (KHTML, like Gecko) Chrome/135.0.7049.95 Mobile Safari/537.36 (compatible; Googlebot/2.1; +http://www.google.com/bot.html)"
66.249.73.128 - - [29/Apr/2025:13:35:44 -0400] "GET /?o=88758104497704&channel=92c276&from=info.php%3Fid%3D1044977-21160%26name%3D%E3%80%90%E7%84%A1%E6%96%AD%E9%A7%90%E8%BB%8A+%E7%BD%B0%E9%87%91+3%E4%B8%87%E5%86%86+%E9%A7%90%E8%BB%8A%E7%A6%81%E6%AD%A2+%E9%A7%90%E5%81%9C%E8%BB%8A%E7%A6%81%E6%AD%A2+%E7%9C%8B%E6%9D%BF%E3%80%91%E5%B1%8B%E5%A4%96+%E9%98%B2%E6%B0%B4+%E3%83%97%E3%83%AC%E3%83%BC%E3%83%88+%E6%9D%BF+%E3%83%97%E3%83%AC%E3%83%BC%E3%83%88%E7%9C%8B%E6%9D%BF+%E3%83%97%E3%83%AC%E3%83%BC%E3%83%88%E3%82%BF%E3%82%A4%E8%A1%A8%E7%A4%BA+%E3%83%95%E3%82%A7%E3%83%B3%E3%82%B9+%E6%9F%B5+%E6%A8%99%E7%A4%BA HTTP/1.1" 200 53510 "-" "Mozilla/5.0 (Linux; Android 6.0.1; Nexus 5X Build/MMB29P) AppleWebKit/537.36 (KHTML, like Gecko) Chrome/135.0.7049.95 Mobile Safari/537.36 (compatible; Googlebot/2.1; +http://www.google.com/bot.html)"
18.97.9.175 - - [29/Apr/2025:13:35:51 -0400] "GET /bocoran-togel-toto-macau-22-00-rabu-6-desember-2023/ HTTP/1.1" 200 0 "-" "CCBot/2.0 (https://commoncrawl.org/faq/)"
66.249.73.130 - - [29/Apr/2025:13:36:20 -0400] "GET /?o=7618642806700&channel=912525&from=shop.php%3Fid%3D428067-2666%26name%3DiPhone11+128GB HTTP/1.1" 200 53356 "-" "Mozilla/5.0 (Linux; Android 6.0.1; Nexus 5X Build/MMB29P) AppleWebKit/537.36 (KHTML, like Gecko) Chrome/135.0.7049.95 Mobile Safari/537.36 (compatible; Googlebot/2.1; +http://www.google.com/bot.html)"
18.97.9.175 - - [29/Apr/2025:13:36:28 -0400] "GET /bocoran-togel-jitu-hk-sabtu-9-desember-2023/ HTTP/1.1" 200 0 "-" "CCBot/2.0 (https://commoncrawl.org/faq/)"
66.249.73.129 - - [29/Apr/2025:13:37:02 -0400] "GET /?o=18632194765400&channel=aaae51&from=news.php%3Fid%3D1947654-8813%26name%3Dcam-in+%E3%82%AB%E3%83%A1%E3%83%A9%E3%82%B9%E3%83%88%E3%83%A9%E3%83%83%E3%83%97+%E3%82%A4%E3%82%BF%E3%83%AA%E3%82%A2%E3%83%B3%E3%83%AC%E3%82%B6%E3%83%BC+LCS-073%E3%82%B7%E3%83%AA%E3%83%BC%E3%82%BA+%E3%83%96%E3%83%A9%E3%83%83%E3%82%AF+%C3%97+%E3%83%AC%E3%83%83%E3%83%89+125cm+LCS-073202 HTTP/1.1" 200 56955 "-" "Mozilla/5.0 (Linux; Android 6.0.1; Nexus 5X Build/MMB29P) AppleWebKit/537.36 (KHTML, like Gecko) Chrome/135.0.7049.95 Mobile Safari/537.36 (compatible; Googlebot/2.1; +http://www.google.com/bot.html)"
18.97.9.175 - - [29/Apr/2025:13:37:02 -0400] "GET /bocoran-togel-toto-macau-22-00-senin-25-desember-2023/ HTTP/1.1" 200 0 "-" "CCBot/2.0 (https://commoncrawl.org/faq/)"
66.249.73.128 - - [29/Apr/2025:13:37:23 -0400] "GET /?o=7219388657102&channel=f94fa2&from=article.php%3Fid%3D886571-6653%26name%3DALEXIA+STAM+%E3%82%B3%E3%83%BC%E3%83%87%E3%82%A3%E3%83%AD%E3%82%A4%E3%80%80%E3%83%AF%E3%82%A4%E3%83%89%E3%83%91%E3%83%B3%E3%83%84%E3%80%80%E6%96%B0%E5%93%81 HTTP/1.1" 200 52176 "-" "Mozilla/5.0 (Linux; Android 6.0.1; Nexus 5X Build/MMB29P) AppleWebKit/537.36 (KHTML, like Gecko) Chrome/135.0.7049.95 Mobile Safari/537.36 (compatible; Googlebot/2.1; +http://www.google.com/bot.html)"
18.97.9.175 - - [29/Apr/2025:13:37:36 -0400] "GET /?o=20582126244706&channel=ac0c99&from=form.php%3Fid%3D1262447-2398%26name%3D%E5%B0%8F%E7%B4%8B+%E8%BA%AB%E4%B8%88150cm+%E8%A3%84%E4%B8%8860.5cm+S+%E8%A2%B7+%E7%B4%AC%E5%9C%B0+%E9%B3%A5%E7%8D%A3%E6%88%AF%E7%94%BB+%E6%96%87%E5%AD%97%E6%96%87+%E9%BB%92+%E6%AD%A3%E7%B5%B9+%E9%80%B8%E5%93%81+%E3%80%90%E4%B8%AD%E5%8F%A4%E3%80%91+msp70 HTTP/1.1" 200 0 "-" "CCBot/2.0 (https://commoncrawl.org/faq/)"
66.249.73.128 - - [29/Apr/2025:13:37:42 -0400] "GET /?o=26387185226705&channel=c94978&from=shared.php%3Fid%3D1852267-29351%26name%3DESports+Pioneering+Cloth+Pad%E3%82%B2%E3%83%BC%E3%83%A0%E3%83%9E%E3%82%A6%E3%82%B9%E3%83%91%E3%83%83%E3%83%89%E3%83%A9%E3%83%90%E3%83%BC%E3%83%99%E3%83%BC%E3%82%B9%E3%83%9E%E3%82%A6%E3%82%B9%E3%83%91%E3%83%83%E3%83%89%E6%AD%A3%E7%A2%BA%E3%81%AA%E5%88%B6%E5%BE%A1480x400x4mm HTTP/1.1" 200 54311 "-" "Mozilla/5.0 (Linux; Android 6.0.1; Nexus 5X Build/MMB29P) AppleWebKit/537.36 (KHTML, like Gecko) Chrome/135.0.7049.95 Mobile Safari/537.36 (compatible; Googlebot/2.1; +http://www.google.com/bot.html)"
18.215.112.101 - - [29/Apr/2025:13:37:43 -0400] "GET /wp-includes__c454f3a/sodium_compat/namespaced/Core/XChaCha20.php HTTP/1.1" 403 1242 "-" "Mozilla/5.0 AppleWebKit/537.36 (KHTML, like Gecko; compatible; Amazonbot/0.1; +https://developer.amazon.com/support/amazonbot) Chrome/119.0.6045.214 Safari/537.36"
50.19.79.213 - - [29/Apr/2025:13:37:48 -0400] "GET /wp-includes__c454f3a/js/dist/script-modules/?ND HTTP/1.1" 200 853 "-" "Mozilla/5.0 AppleWebKit/537.36 (KHTML, like Gecko; compatible; Amazonbot/0.1; +https://developer.amazon.com/support/amazonbot) Chrome/119.0.6045.214 Safari/537.36"
184.73.35.182 - - [29/Apr/2025:13:37:52 -0400] "GET /wp-includes__c454f3a/Text/Diff/Engine/native.php HTTP/1.1" 403 1242 "-" "Mozilla/5.0 AppleWebKit/537.36 (KHTML, like Gecko; compatible; Amazonbot/0.1; +https://developer.amazon.com/support/amazonbot) Chrome/119.0.6045.214 Safari/537.36"
54.225.181.161 - - [29/Apr/2025:13:37:55 -0400] "GET /wp-includes__c454f3a/sodium_compat/src/?MD HTTP/1.1" 200 1415 "-" "Mozilla/5.0 AppleWebKit/537.36 (KHTML, like Gecko; compatible; Amazonbot/0.1; +https://developer.amazon.com/support/amazonbot) Chrome/119.0.6045.214 Safari/537.36"
3.215.221.125 - - [29/Apr/2025:13:38:01 -0400] "GET /wp-includes__c454f3a/sodium_compat/src/Core32/Poly1305/ HTTP/1.1" 200 818 "-" "Mozilla/5.0 AppleWebKit/537.36 (KHTML, like Gecko; compatible; Amazonbot/0.1; +https://developer.amazon.com/support/amazonbot) Chrome/119.0.6045.214 Safari/537.36"
34.197.28.78 - - [29/Apr/2025:13:38:05 -0400] "GET /wp-includes__c454f3a/sodium_compat/src/Core32/Curve25519/ HTTP/1.1" 200 930 "-" "Mozilla/5.0 AppleWebKit/537.36 (KHTML, like Gecko; compatible; Amazonbot/0.1; +https://developer.amazon.com/support/amazonbot) Chrome/119.0.6045.214 Safari/537.36"
66.249.73.130 - - [29/Apr/2025:13:38:09 -0400] "GET /?o=01779175180604&channel=dee385&from=category-info.php%3Fid%3D1751806-22620%26name%3D%E3%83%91%E3%82%B8%E3%83%A3%E3%83%9E+%E3%83%87%E3%83%83%E3%83%89%E3%83%90%E3%82%A4%E3%83%87%E3%82%A4%E3%83%A9%E3%82%A4%E3%83%88+Dead+By+Daylight+%E5%AD%90%E4%BE%9B%E6%9C%8D+%E3%82%AD%E3%83%83%E3%82%BA+%E3%83%91%E3%82%B8%E3%83%A3%E3%83%9E+2%E7%82%B9%E3%82%BB%E3%83%83%E3%83%88+%E9%95%B7%E8%A2%96+%E9%95%B7%E3%82%BA%E3%83%9C%E3%83%B3+%E4%B8%8A%E4%B8%8B%E3%82%BB%E3%83%83%E3%83%88 HTTP/1.1" 200 53719 "-" "Mozilla/5.0 (Linux; Android 6.0.1; Nexus 5X Build/MMB29P) AppleWebKit/537.36 (KHTML, like Gecko) Chrome/135.0.7049.95 Mobile Safari/537.36 (compatible; Googlebot/2.1; +http://www.google.com/bot.html)"
18.97.9.175 - - [29/Apr/2025:13:38:10 -0400] "GET /bocoran-togel-jitu-hk-jumat-8-desember-2023/ HTTP/1.1" 200 0 "-" "CCBot/2.0 (https://commoncrawl.org/faq/)"
66.249.73.129 - - [29/Apr/2025:13:38:20 -0400] "GET /?o=58790194514106&channel=47e44b&from=brands.php%3Fid%3D1945141-23872%26name%3D%E7%8C%AB%E3%82%AD%E3%83%A3%E3%83%AA%E3%83%BC%E3%83%90%E3%83%83%E3%82%B0+%E3%83%9A%E3%83%83%E3%83%88%E3%82%AD%E3%83%A3%E3%83%AA%E3%83%BC%E3%83%90%E3%83%83%E3%82%B0+%E3%82%AD%E3%83%A3%E3%83%AA%E3%83%BC%E3%83%AA%E3%83%A5%E3%83%83%E3%82%AF+%E4%B8%88%E5%A4%AB+%E9%80%9A%E6%B0%97%E6%80%A7+%E5%A4%A7%E5%AE%B9%E9%87%8F+%E3%81%8A%E5%87%BA%E3%81%8B%E3%81%91+%E5%8F%8E%E7%B4%8D%E4%BE%BF%E5%88%A9+%E9%80%9A%E9%99%A2+%E6%97%85%E8%A1%8C+%E6%8A%98%E3%82%8A%E3%81%9F%E3%81%9F%E3%81%BF%E5%BC%8F+%E9%80%9A%E6%B0%97%E6%80%A7 HTTP/1.1" 200 54198 "-" "Mozilla/5.0 (Linux; Android 6.0.1; Nexus 5X Build/MMB29P) AppleWebKit/537.36 (KHTML, like Gecko) Chrome/135.0.7049.95 Mobile Safari/537.36 (compatible; Googlebot/2.1; +http://www.google.com/bot.html)"
18.97.9.175 - - [29/Apr/2025:13:38:43 -0400] "GET /tag/buku-mimpi-62/ HTTP/1.1" 200 0 "-" "CCBot/2.0 (https://commoncrawl.org/faq/)"
52.167.144.19 - - [29/Apr/2025:13:39:13 -0400] "GET /?o=9217182120000&channel=6a588c&from=shop.php%3Fid%3D821200-7168%26name%3D%E3%83%9C%E3%83%83%E3%83%86%E3%82%AC%E3%83%B4%E3%82%A7%E3%83%8D%E3%82%BF++LIDO+%E3%82%B6%E3%83%BB%E3%83%AA%E3%83%89+%E3%82%A4%E3%83%B3%E3%83%88%E3%83%AC%E3%83%81%E3%83%A3%E3%83%BC%E3%83%88%E3%82%B9%E3%82%AF%E3%82%A8%E3%82%A2%E3%83%88%E3%82%A5%E3%83%AC%E3%82%B6%E3%83%BC%E3%82%B5%E3%83%B3%E3%83%80%E3%83%AB+%E3%83%AC%E3%83%87%E3%82%A3%E3%83%BC%E3%82%B9+36.5 HTTP/1.1" 200 0 "-" "Mozilla/5.0 AppleWebKit/537.36 (KHTML, like Gecko; compatible; bingbot/2.0; +http://www.bing.com/bingbot.htm) Chrome/116.0.1938.76 Safari/537.36"
18.97.9.175 - - [29/Apr/2025:13:39:25 -0400] "GET /tag/erek-erek-09/ HTTP/1.1" 200 0 "-" "CCBot/2.0 (https://commoncrawl.org/faq/)"
157.55.39.194 - - [29/Apr/2025:13:39:48 -0400] "GET /?o=36090132266406&channel=60e7a4&from=blog.php%3Fid%3D1322664-24714%26name%3DRalondbey%E3%82%A8%E3%83%9D%E3%82%AD%E3%82%B7%E6%A8%B9%E8%84%82%E5%9E%8B+%E9%8B%B3%E9%80%A0%E7%94%A8%E6%A8%B9%E8%84%82%E3%82%B7%E3%83%AA%E3%82%B3%E3%83%B3%E5%9E%8B%E5%A4%A7%E5%9E%8B%E5%AE%B6%E5%85%B7%E7%94%A8%E4%B8%88%E5%A4%AB%E3%81%AA%E3%82%B7%E3%83%AA%E3%82%B3%E3%83%B3%E6%A8%B9%E8%84%82%E5%9E%8B%E3%80%82%E3%82%A8%E3%83%9D%E3%82%AD%E3%82%B7%E3%82%AD%E3%83%A3%E3%82%B9%E3%83%88%E7%94%A8%E3%80%82%E3%82%B8%E3%83%A5%E3%82%A8%E3%83%AA%E3%83%BC%E7%9A%BF%E3%83%88%E3%83%AC%E3%82%A4%E8%A3%BD%E4%BD%9C%E7%94%A8%E3%80%82 HTTP/1.1" 200 0 "-" "Mozilla/5.0 AppleWebKit/537.36 (KHTML, like Gecko; compatible; bingbot/2.0; +http://www.bing.com/bingbot.htm) Chrome/116.0.1938.76 Safari/537.36"
18.97.9.175 - - [29/Apr/2025:13:40:16 -0400] "GET /erek-erek-42-di-buku-mimpi-bergambar-lengkap/ HTTP/1.1" 200 0 "-" "CCBot/2.0 (https://commoncrawl.org/faq/)"
66.249.73.130 - - [29/Apr/2025:13:40:29 -0400] "GET /?o=92907168437102&channel=6b5132&from=info.php%3Fid%3D1684371-18757%26name%3DHuobo+DJI+Mavic+Mini+2+%2FMavic+Air+2%2FMini+3+PRO%E3%83%9C%E3%83%87%E3%82%A3%E5%8F%8E%E7%B4%8D%E3%83%90%E3%83%83%E3%82%B0%2B%E3%83%AA%E3%83%A2%E3%82%B3%E3%83%B3%E5%8F%8E%E7%B4%8D%E3%83%90%E3%83%83%E3%82%B0%E3%80%81%E3%82%B3 HTTP/1.1" 200 52338 "-" "Mozilla/5.0 (Linux; Android 6.0.1; Nexus 5X Build/MMB29P) AppleWebKit/537.36 (KHTML, like Gecko) Chrome/135.0.7049.95 Mobile Safari/537.36 (compatible; Googlebot/2.1; +http://www.google.com/bot.html)"
18.97.9.175 - - [29/Apr/2025:13:41:00 -0400] "GET /tag/bocoran-togel/page/2/ HTTP/1.1" 200 0 "-" "CCBot/2.0 (https://commoncrawl.org/faq/)"
66.249.73.128 - - [29/Apr/2025:13:41:15 -0400] "GET /?o=5556613320302&channel=14ee2a&from=news.php%3Fid%3D133203-1797%26name%3D%E3%80%90%E6%9C%80%E5%A4%A71000%E5%86%86OFF%E3%82%AF%E3%83%BC%E3%83%9D%E3%83%B3%E3%80%91+%E3%83%AA%E3%83%BC%E3%83%90%E3%82%A4%E3%82%B9+LEVIS+%E3%83%87%E3%83%8B%E3%83%A0+%E3%83%91%E3%83%B3%E3%83%84+%E3%82%B8%E3%83%BC%E3%83%B3%E3%82%BA+%E3%82%B8%E3%83%BC%E3%83%91%E3%83%B3+%E3%82%B7%E3%83%AB%E3%83%90%E3%83%BC%E3%82%BF%E3%83%96+%E3%83%A1%E3%83%B3%E3%82%BA+%E3%83%90%E3%82%AE%E3%83%BC%E3%82%AB%E3%83%BC%E3%83%9A%E3%83%B3%E3%82%BF%E3%83%BC+SILVERTAB+BUGGY+CARPENTER+BAG+SECURE+%E3%83%9F%E3%83%87%E3%82%A3%E3%82%A2%E3%83%A0+%E3%82%A4%E3%83%B3%E3%83%87%E3%82%A3%E3%82%B4+A74890000 HTTP/1.1" 200 55304 "-" "Mozilla/5.0 (Linux; Android 6.0.1; Nexus 5X Build/MMB29P) AppleWebKit/537.36 (KHTML, like Gecko) Chrome/135.0.7049.95 Mobile Safari/537.36 (compatible; Googlebot/2.1; +http://www.google.com/bot.html)"
66.249.73.129 - - [29/Apr/2025:13:41:16 -0400] "GET /?o=0687152935408&channel=21ff45&from=info.php%3Fid%3D529354-1696%26name%3D%E2%98%8510%EF%BC%85%E5%89%B2%E5%BC%95%EF%BC%81%E5%B9%B4%E6%9C%AB%E3%82%BB%E3%83%BC%E3%83%AB+%E5%AF%BE%E8%B1%A1%E5%93%81+%E2%98%85%E6%9D%B1%E4%BA%AC%E3%82%AA%E3%83%AA%E3%83%B3%E3%83%94%E3%83%83%E3%82%AF+1964%E5%B9%B4+%E8%A8%98%E5%BF%B5%E5%93%81+%E8%A8%98%E5%BF%B5%E3%82%AA%E3%83%96%E3%82%B8%E3%82%A7+%E3%82%A2%E3%83%B3%E3%83%86%E3%82%A3%E3%83%BC%E3%82%AF HTTP/1.1" 200 54719 "-" "Mozilla/5.0 (Linux; Android 6.0.1; Nexus 5X Build/MMB29P) AppleWebKit/537.36 (KHTML, like Gecko) Chrome/135.0.7049.95 Mobile Safari/537.36 (compatible; Googlebot/2.1; +http://www.google.com/bot.html)"
66.249.73.129 - - [29/Apr/2025:13:41:24 -0400] "GET /?o=94994149615400&channel=73615c&from=form.php%3Fid%3D1496154-4668%26name%3D%E3%82%B9%E3%83%8B%E3%83%BC%E3%82%AB%E3%83%BC+%E3%82%B9%E3%83%86%E3%82%A3%E3%83%AB%E3%83%9E%E3%83%BC%E3%83%86%E3%82%A3%E3%83%B3+%E3%83%80%E3%83%96%E3%83%AB+WP+%E3%83%90%E3%82%A4%E3%82%AF+%E3%82%B7%E3%83%A5%E3%83%BC%E3%82%BA+Stylmartin+DOUBLE+WP HTTP/1.1" 200 53861 "-" "Mozilla/5.0 (Linux; Android 6.0.1; Nexus 5X Build/MMB29P) AppleWebKit/537.36 (KHTML, like Gecko) Chrome/135.0.7049.114 Mobile Safari/537.36 (compatible; Googlebot/2.1; +http://www.google.com/bot.html)"
18.97.9.175 - - [29/Apr/2025:13:41:39 -0400] "GET /bocoran-togel-jitu-hk-selasa-26-september-2023/ HTTP/1.1" 200 0 "-" "CCBot/2.0 (https://commoncrawl.org/faq/)"
66.249.73.128 - - [29/Apr/2025:13:41:48 -0400] "GET /?o=59782186579207&channel=82ef28&from=product.php%3Fid%3D1865792-20752%26name%3DBaby%E5%85%AC%E6%96%87+%E3%83%AA%E3%83%A5%E3%83%83%E3%82%AF HTTP/1.1" 200 52418 "-" "Mozilla/5.0 (Linux; Android 6.0.1; Nexus 5X Build/MMB29P) AppleWebKit/537.36 (KHTML, like Gecko) Chrome/135.0.7049.95 Mobile Safari/537.36 (compatible; Googlebot/2.1; +http://www.google.com/bot.html)"
52.167.144.217 - - [29/Apr/2025:13:41:58 -0400] "GET /?o=77058180110504&channel=bf6464&from=blog.php%3Fid%3D1801105-6735%26name%3DParliky+%E3%82%B0%E3%83%AB%E3%83%BC%E3%83%AA%E3%83%B3%E3%82%B0%E3%83%96%E3%83%83%E3%82%AF%E3%83%9E%E3%83%BC%E3%82%AF+%E8%AA%AD%E6%9B%B8%E7%94%A8%E3%81%AE%E3%83%96%E3%83%83%E3%82%AF%E3%83%9B%E3%83%AB%E3%83%80%E3%83%BC+%E3%82%AF%E3%83%AA%E3%83%83%E3%83%97%E3%83%96%E3%83%83%E3%82%AF%E3%83%A9%E3%82%A4%E3%83%88+%E8%AA%AD%E6%9B%B8%E5%8F%B0+%E5%85%85%E9%9B%BB%E5%BC%8F%E3%83%A9%E3%83%B3%E3%83%97+%E6%9C%AC%E6%A3%9A+%E3%82%B9%E3%83%88%E3%83%BC%E3%83%B3+%E3%83%9D%E3%83%BC%E3%82%BF HTTP/1.1" 200 0 "-" "Mozilla/5.0 AppleWebKit/537.36 (KHTML, like Gecko; compatible; bingbot/2.0; +http://www.bing.com/bingbot.htm) Chrome/116.0.1938.76 Safari/537.36"
157.55.39.194 - - [29/Apr/2025:13:42:16 -0400] "GET /?o=20198179899900&channel=6e5f96&from=news.php%3Fid%3D1798999-946%26name%3D%E4%B8%AD%E5%8F%A4%E3%82%B3%E3%83%AC%E3%82%AF%E3%82%B7%E3%83%A7%E3%83%B3%E3%82%AB%E3%83%BC%E3%83%89%28%E7%94%B7%E6%80%A7%29+%E7%BE%8E+%E5%B0%91%E5%B9%B4%2F%E6%B5%AE%E6%89%80%E9%A3%9B%E8%B2%B4%2F%E3%80%8C%E3%82%B5%E3%83%9E%E3%82%B9%E3%83%86%E3%83%A9%E3%82%A4%E3%83%96+THE+FUTURE%E3%80%8D%E3%82%AA%E3%83%95%E3%82%A3%E3%82%B7%E3%83%A3%E3%83%AB%E3%82%B0%E3%83%83%E3%82%BA+%E3%82%AF%E3%83%AA%E3%82%A2%E3%82%AB%E3%83%BC%E3%83%89 HTTP/1.1" 200 0 "-" "Mozilla/5.0 AppleWebKit/537.36 (KHTML, like Gecko; compatible; bingbot/2.0; +http://www.bing.com/bingbot.htm) Chrome/116.0.1938.76 Safari/537.36"
66.249.73.129 - - [29/Apr/2025:13:42:25 -0400] "GET /?o=9833264928301&channel=250f8c&from=article.php%3Fid%3D649283-2244%26name%3D%E8%A8%B3%E3%81%82%E3%82%8A+%E6%96%B0%E5%93%81+Canon+CRG-041H+%E3%82%AD%E3%83%A3%E3%83%8E%E3%83%B3+%E3%83%88%E3%83%8A%E3%83%BC+%E3%82%AB%E3%83%BC%E3%83%88%E3%83%AA%E3%83%83%E3%82%B8+%E3%83%91%E3%82%BD%E3%82%B3%E3%83%B3+%E5%91%A8%E8%BE%BA%E6%A9%9F%E5%99%A8+PC%E3%82%B5%E3%83%97%E3%83%A9%E3%82%A4+%E6%B6%88%E8%80%97%E5%93%81+%E3%83%97%E3%83%AA%E3%83%B3%E3%82%BF%E3%83%BC+%E3%83%A1%E3%83%BC%E3%82%AB%E3%83%BC+%E7%B4%94%E6%AD%A3+%E9%80%81%E6%96%99%E7%84%A1%E6%96%99+4549292072532+Satera+MF521dw+LBP312i HTTP/1.1" 200 54498 "-" "Mozilla/5.0 (Linux; Android 6.0.1; Nexus 5X Build/MMB29P) AppleWebKit/537.36 (KHTML, like Gecko) Chrome/135.0.7049.114 Mobile Safari/537.36 (compatible; Googlebot/2.1; +http://www.google.com/bot.html)"
18.97.9.175 - - [29/Apr/2025:13:42:37 -0400] "GET /tag/angka-mimpi-93/ HTTP/1.1" 200 0 "-" "CCBot/2.0 (https://commoncrawl.org/faq/)"
66.249.73.129 - - [29/Apr/2025:13:43:18 -0400] "GET /?o=02207179687000&channel=7aaa26&from=form.php%3Fid%3D1796870-11865%26name%3D%E3%82%B7%E3%83%A3%E3%83%84%E3%80%80%E9%95%B7%E8%A2%96%E3%80%80Nollys HTTP/1.1" 200 52428 "-" "Mozilla/5.0 (Linux; Android 6.0.1; Nexus 5X Build/MMB29P) AppleWebKit/537.36 (KHTML, like Gecko) Chrome/135.0.7049.114 Mobile Safari/537.36 (compatible; Googlebot/2.1; +http://www.google.com/bot.html)"
18.97.9.175 - - [29/Apr/2025:13:43:24 -0400] "GET /tag/nomor-gaya-baru-13/ HTTP/1.1" 200 0 "-" "CCBot/2.0 (https://commoncrawl.org/faq/)"
66.249.73.129 - - [29/Apr/2025:13:43:32 -0400] "GET /?o=46759130744600&channel=e8a899&from=form.php%3Fid%3D1307446-49%26name%3D%E2%98%85P10%E5%80%8D%E2%98%8525%E6%97%A5%E9%99%90%E5%AE%9A%E2%98%85+Pioneer+%E3%83%91%E3%82%A4%E3%82%AA%E3%83%8B%E3%82%A2+%E3%83%87%E3%82%A3%E3%82%B9%E3%83%97%E3%83%AC%E3%82%A4%E3%82%AA%E3%83%BC%E3%83%87%E3%82%A3%E3%82%AA+FH-6500DVD+6.8%E3%82%A4%E3%83%B3%E3%83%81+2DIN+CD+DVD+USB+Bluetooth+iPod+iPhone+AUX+DSP+%E3%82%AB%E3%83%AD%E3%83%83%E3%83%84%E3%82%A7%E3%83%AA%E3%82%A2 HTTP/1.1" 200 57460 "-" "Mozilla/5.0 (Linux; Android 6.0.1; Nexus 5X Build/MMB29P) AppleWebKit/537.36 (KHTML, like Gecko) Chrome/135.0.7049.114 Mobile Safari/537.36 (compatible; Googlebot/2.1; +http://www.google.com/bot.html)"
66.249.73.129 - - [29/Apr/2025:13:43:33 -0400] "GET /?o=5249036604201&channel=e97add&from=info.php%3Fid%3D366042-5003%26name%3D%E3%82%A8%E3%83%AB%E3%83%A1%E3%82%B9+%E3%83%96%E3%83%AC%E3%82%B9%E3%83%AC%E3%83%83%E3%83%88+-+%E3%83%AC%E3%82%B6%E3%83%BC%C3%97%E9%87%91%E5%B1%9E%E7%B4%A0%E6%9D%90 HTTP/1.1" 200 54400 "-" "Mozilla/5.0 (Linux; Android 6.0.1; Nexus 5X Build/MMB29P) AppleWebKit/537.36 (KHTML, like Gecko) Chrome/135.0.7049.114 Mobile Safari/537.36 (compatible; Googlebot/2.1; +http://www.google.com/bot.html)"
66.249.73.128 - - [29/Apr/2025:13:43:44 -0400] "GET /?o=7888055821207&channel=7f9d03&from=article.php%3Fid%3D558212-14222%26name%3DSEWACC+1%E3%82%BB%E3%83%83%E3%83%88+%E6%89%87%E5%BD%A2%E3%83%96%E3%83%A9%E3%82%B73%E6%9C%AC+%E3%83%95%E3%82%A1%E3%83%B3+%E5%A1%97%E6%96%99+%E5%B9%BC%E5%85%90+%E3%83%9D%E3%82%B9%E3%82%BF%E3%83%BC+%E3%82%B9%E3%83%86%E3%83%B3%E3%82%B7%E3%83%AB%E6%8F%8F%E7%94%BB%E3%83%96%E3%83%A9%E3%82%B7+%E6%B2%B9%E7%B5%B5%E3%83%9A%E3%83%B3+%E3%82%AC%E3%83%83%E3%82%B7%E3%83%A5%E7%B5%B5%E7%AD%86+%E3%82%AC%E3%83%83%E3%82%B7%E3%83%A5%E7%94%A8%E3%83%9A%E3%82%A4%E3%83%B3 HTTP/1.1" 200 53348 "-" "Mozilla/5.0 (Linux; Android 6.0.1; Nexus 5X Build/MMB29P) AppleWebKit/537.36 (KHTML, like Gecko) Chrome/135.0.7049.95 Mobile Safari/537.36 (compatible; Googlebot/2.1; +http://www.google.com/bot.html)"
66.249.73.128 - - [29/Apr/2025:13:44:27 -0400] "GET /?o=9797830641002&channel=afd1b0&from=info.php%3Fid%3D306410-3001%26name%3D%E7%B6%BE%E9%A6%99%E6%A7%98%E5%B0%82%E7%94%A8%E3%83%9A%E3%83%BC%E3%82%B8%E3%80%90%E7%BE%8E%E5%93%81%E3%80%91%E3%82%B9%E3%83%8E%E3%83%BC%E3%83%9C%E3%83%BC%E3%83%89%E3%83%96%E3%83%BC%E3%83%84%E3%80%8023.0cm++%E3%83%AC%E3%83%87%E3%82%A3%E3%83%BC%E3%82%B9 HTTP/1.1" 200 52404 "-" "Mozilla/5.0 (Linux; Android 6.0.1; Nexus 5X Build/MMB29P) AppleWebKit/537.36 (KHTML, like Gecko) Chrome/135.0.7049.114 Mobile Safari/537.36 (compatible; Googlebot/2.1; +http://www.google.com/bot.html)"
18.97.9.175 - - [29/Apr/2025:13:44:52 -0400] "GET /erek-erek-45-di-buku-mimpi-bergambar-lengkap/ HTTP/1.1" 200 0 "-" "CCBot/2.0 (https://commoncrawl.org/faq/)"
18.97.9.175 - - [29/Apr/2025:13:46:05 -0400] "GET /bocoran-togel-hk-kamis-11-januari-2024/ HTTP/1.1" 200 0 "-" "CCBot/2.0 (https://commoncrawl.org/faq/)"
207.46.13.18 - - [29/Apr/2025:13:46:27 -0400] "GET /?o=6229953345900&channel=cc72e8&from=pin.php%3Fid%3D533459-5703%26name%3D%E4%B8%8D%E4%BA%8C%E8%B2%BF%E6%98%93%28Fujiboeki%29+%E3%83%AA%E3%83%93%E3%83%B3%E3%82%B0%E5%8F%8E%E7%B4%8D+%E3%83%A9%E3%83%B3%E3%83%89%E3%82%BB%E3%83%AB%E3%83%A9%E3%83%83%E3%82%AF+%E5%AD%90%E4%BE%9B%E7%94%A8+%E5%B9%8558%C3%97%E5%A5%A5%E8%A1%8C34%C3%97%E9%AB%98%E3%81%9592cm+%E3%83%8A%E3%83%81%E3%83%A5%E3%83%A9%E3%83%AB+%E3%83%8F%E3%83%B3%E3%82%AC%E3%83%BC%E3%83%A9%E3%83%83%E3%82%AF+%E6%9B%B8%E9%A1%9E%E5%8F%8E%E7%B4%8D+%E6%9C%AC HTTP/1.1" 200 0 "-" "Mozilla/5.0 AppleWebKit/537.36 (KHTML, like Gecko; compatible; bingbot/2.0; +http://www.bing.com/bingbot.htm) Chrome/116.0.1938.76 Safari/537.36"
66.249.73.130 - - [29/Apr/2025:13:46:29 -0400] "GET /?o=91723105963403&channel=3c0c0f&from=news.php%3Fid%3D1059634-18415%26name%3D%E3%83%8D%E3%82%AF%E3%82%BF%E3%82%A4%E3%83%94%E3%83%B3+2%E6%9E%9A%E3%82%BB%E3%83%83%E3%83%88+%E5%91%AA%E8%A1%93%E5%BB%BB%E6%88%A6+%E4%B8%A1%E9%9D%A2%E5%AE%BF%E5%84%BA+%E3%82%BF%E3%82%A4%E3%83%94%E3%83%B3+%E3%83%A1%E3%83%B3%E3%82%BA+%E9%AB%98%E7%B4%9A+%E3%82%BF%E3%82%A4%E3%82%BF%E3%83%83%E3%82%AF+%E3%83%94%E3%83%B3+%E3%82%BF%E3%82%A4%E3%82%AF%E3%83%AA%E3%83%83%E3%83%97+%E3%83%8D%E3%82%AF%E3%82%BF%E3%82%A4%E3%82%AF%E3%83%AA%E3%83%83%E3%83%97+%E3%82%A2%E3%82%AF%E3%82%BB%E3%82%B5%E3%83%AA%E3%83%BC HTTP/1.1" 200 51871 "-" "Mozilla/5.0 (Linux; Android 6.0.1; Nexus 5X Build/MMB29P) AppleWebKit/537.36 (KHTML, like Gecko) Chrome/135.0.7049.95 Mobile Safari/537.36 (compatible; Googlebot/2.1; +http://www.google.com/bot.html)"
52.167.144.183 - - [29/Apr/2025:13:46:56 -0400] "GET /wp-includes__c454f3a/css/dist/preferences/?SA HTTP/1.1" 200 701 "-" "Mozilla/5.0 AppleWebKit/537.36 (KHTML, like Gecko; compatible; bingbot/2.0; +http://www.bing.com/bingbot.htm) Chrome/116.0.1938.76 Safari/537.36"
66.249.73.128 - - [29/Apr/2025:13:47:11 -0400] "GET /?o=59749187172301&channel=4c139a&from=form.php%3Fid%3D1871723-6591%26name%3DNSR50+%E3%83%81%E3%82%A7%E3%83%BC%E3%83%B3%E3%82%B9%E3%83%A9%E3%82%A4%E3%83%80%E3%83%BC+%E5%9C%A8%E5%BA%AB%E6%9C%89+%E5%8D%B3%E7%B4%8D+%E3%83%9B%E3%83%B3%E3%83%80+%E7%B4%94%E6%AD%A3+%E6%96%B0%E5%93%81+%E3%83%90%E3%82%A4%E3%82%AF+%E9%83%A8%E5%93%81+%E3%83%A2%E3%83%B3%E3%82%AD%E3%83%BCR+%E8%BB%8A%E6%A4%9C+Genuine+NSR80+%E3%83%A2%E3%83%B3%E3%82%AD%E3%83%BCRT HTTP/1.1" 200 52664 "-" "Mozilla/5.0 (Linux; Android 6.0.1; Nexus 5X Build/MMB29P) AppleWebKit/537.36 (KHTML, like Gecko) Chrome/135.0.7049.95 Mobile Safari/537.36 (compatible; Googlebot/2.1; +http://www.google.com/bot.html)"
66.249.73.128 - - [29/Apr/2025:13:47:21 -0400] "GET /?o=7368784517601&channel=6f3991&from=category-info.php%3Fid%3D845176-1401%26name%3D%5B%E5%85%B1%E6%A0%84%E8%A3%BD%E8%8C%B6%5DMJB+%E3%83%89%E3%83%AA%E3%83%83%E3%83%97%E3%82%B3%E3%83%BC%E3%83%92%E3%83%BC%E3%83%90%E3%83%A9%E3%82%A8%E3%83%86%E3%82%A3%E3%83%91%E3%83%83%E3%82%AF+25%E8%A2%8B%E5%85%A5%E3%82%8A%285%E7%A8%AE%E9%A1%9Ex5%29x12%E5%80%8B HTTP/1.1" 200 55525 "-" "Mozilla/5.0 (Linux; Android 6.0.1; Nexus 5X Build/MMB29P) AppleWebKit/537.36 (KHTML, like Gecko) Chrome/135.0.7049.95 Mobile Safari/537.36 (compatible; Googlebot/2.1; +http://www.google.com/bot.html)"
66.249.73.129 - - [29/Apr/2025:13:47:23 -0400] "GET /?o=51095149030100&channel=7c10a3&from=news.php%3Fid%3D1490301-19872%26name%3DNike+Air+Max+%E3%82%B4%E3%83%AB%E3%83%95%E3%82%B7%E3%83%A5%E3%83%BC%E3%82%BA HTTP/1.1" 200 53200 "-" "Mozilla/5.0 (Linux; Android 6.0.1; Nexus 5X Build/MMB29P) AppleWebKit/537.36 (KHTML, like Gecko) Chrome/135.0.7049.95 Mobile Safari/537.36 (compatible; Googlebot/2.1; +http://www.google.com/bot.html)"
66.249.73.129 - - [29/Apr/2025:13:47:24 -0400] "GET /?o=19628161967400&channel=8cd45e&from=pin.php%3Fid%3D1619674-4140%26name%3D%E3%83%9B%E3%83%B3%E3%83%80%E3%80%80%E3%82%B8%E3%83%A3%E3%82%A4%E3%83%ADUP++%E3%83%9F%E3%83%8B%E3%82%AB%E3%83%BC%E7%99%BB%E9%8C%B2%E3%80%802%E3%82%B9%E3%83%88%E3%80%80%E3%82%B9%E3%83%9A%E3%82%A2%E3%82%A8%E3%83%B3%E3%82%B8%E3%83%B3%E4%BA%88%E5%82%99%E3%83%91%E3%83%BC%E3%83%84%E4%BB%98%E3%81%8D%E3%80%80%E3%82%A4%E3%82%A8%E3%83%AD%E3%83%BC%E3%81%8B%E3%82%8F%E3%81%84%E3%81%84%EF%BC%81 HTTP/1.1" 200 54826 "-" "Mozilla/5.0 (Linux; Android 6.0.1; Nexus 5X Build/MMB29P) AppleWebKit/537.36 (KHTML, like Gecko) Chrome/135.0.7049.95 Mobile Safari/537.36 (compatible; Googlebot/2.1; +http://www.google.com/bot.html)"
66.249.73.128 - - [29/Apr/2025:13:47:24 -0400] "GET /?o=9829274700402&channel=982359&from=product.php%3Fid%3D747004-9614%26name%3D%E9%9B%BB%E5%8B%95%E3%83%91%E3%83%AF%E3%83%BC%E3%83%90%E3%83%83%E3%82%AF%E3%83%89%E3%82%A2%E7%94%A8+%E3%83%95%E3%83%83%E3%83%88%E3%82%BB%E3%83%B3%E3%82%B5%E3%83%BC%E3%82%AD%E3%83%83%E3%83%88+%E3%83%8F%E3%83%B3%E3%82%BA%E3%83%95%E3%83%AA%E3%83%BC%E3%81%A7%E3%83%AA%E3%82%A2%E3%82%B2%E3%83%BC%E3%83%88%E3%82%92%E9%96%8B%E9%96%89+%E8%B6%B3%E3%82%92%E3%81%8B%E3%81%96%E3%81%99%E3%81%A0%E3%81%91%E3%81%A7%E3%83%88%E3%83%A9%E3%83%B3%E3%82%AF%E3%82%92%E9%96%8B%E3%81%91%E9%96%89%E3%82%81%E3%81%A7%E3%81%8D%E3%81%BE%E3%81%99+Links HTTP/1.1" 200 53984 "-" "Mozilla/5.0 (Linux; Android 6.0.1; Nexus 5X Build/MMB29P) AppleWebKit/537.36 (KHTML, like Gecko) Chrome/135.0.7049.95 Mobile Safari/537.36 (compatible; Googlebot/2.1; +http://www.google.com/bot.html)"
66.249.73.129 - - [29/Apr/2025:13:47:25 -0400] "GET /?o=60701114604200&channel=a55a5f&from=goods.php%3Fid%3D1146042-21469%26name%3D%E5%B0%82%E7%94%A8 HTTP/1.1" 200 54041 "-" "Mozilla/5.0 (Linux; Android 6.0.1; Nexus 5X Build/MMB29P) AppleWebKit/537.36 (KHTML, like Gecko) Chrome/135.0.7049.95 Mobile Safari/537.36 (compatible; Googlebot/2.1; +http://www.google.com/bot.html)"
66.249.73.128 - - [29/Apr/2025:13:47:27 -0400] "GET /?o=4262757222100&channel=0a4d5d&from=product.php%3Fid%3D572221-18190%26name%3DNcSTAR+VISM+%E3%82%AD%E3%83%A3%E3%83%AA%E3%83%BC%E3%83%8F%E3%83%B3%E3%83%89%E3%83%AB+%E3%83%AC%E3%83%BC%E3%83%AB+%E3%83%89%E3%83%83%E3%83%88%E3%82%B5%E3%82%A4%E3%83%88%E3%80%90%E5%AE%9F%E7%89%A9%E3%80%91 HTTP/1.1" 200 54546 "-" "Mozilla/5.0 (Linux; Android 6.0.1; Nexus 5X Build/MMB29P) AppleWebKit/537.36 (KHTML, like Gecko) Chrome/135.0.7049.95 Mobile Safari/537.36 (compatible; Googlebot/2.1; +http://www.google.com/bot.html)"
18.97.9.175 - - [29/Apr/2025:13:47:31 -0400] "GET /erek-erek-19-di-buku-mimpi-bergambar-lengkap/ HTTP/1.1" 200 0 "-" "CCBot/2.0 (https://commoncrawl.org/faq/)"
66.249.73.129 - - [29/Apr/2025:13:47:33 -0400] "GET /?o=0981786384900&channel=bb030f&from=article.php%3Fid%3D863849-66%26name%3D%E3%82%B4%E3%83%BC%E3%83%89%E3%83%B3%E3%83%9F%E3%83%A9%E3%83%BC+%E7%AB%8B%E4%BD%93%E3%83%A9%E3%83%90%E3%83%BC%E3%83%9E%E3%83%83%E3%83%88+S700%2FS710+1%E5%8F%B0%E3%82%BB%E3%83%83%E3%83%88 HTTP/1.1" 200 54763 "-" "Mozilla/5.0 (Linux; Android 6.0.1; Nexus 5X Build/MMB29P) AppleWebKit/537.36 (KHTML, like Gecko) Chrome/135.0.7049.95 Mobile Safari/537.36 (compatible; Googlebot/2.1; +http://www.google.com/bot.html)"
66.249.73.129 - - [29/Apr/2025:13:47:45 -0400] "GET /?o=57839165715605&channel=efc091&from=article.php%3Fid%3D1657156-17426%26name%3Diplusmile+4%E5%80%8B+%E9%A0%91%E4%B8%88%E3%81%AA%E3%82%AD%E3%83%A3%E3%82%B9%E3%82%BF%E3%83%BC+%E3%83%AD%E3%83%BC%E3%83%A9%E3%83%BC+%E5%BA%97+%E6%A4%85%E5%AD%90%E3%82%AD%E3%83%A3%E3%82%B9%E3%82%BF%E3%83%BC%E3%83%9B%E3%82%A4%E3%83%BC%E3%83%AB+%E3%83%AA%E3%83%88%E3%83%A9%E3%82%AF%E3%82%BF%E3%83%96%E3%83%AB+%E5%BA%83%E8%91%89%E6%A8%B9+%E5%B9%B9+%E3%82%A4%E3%82%B9+%E3%83%81%E3%82%A7%E3%82%A2+%E3%82%B7%E3%83%A7%E3%83%83%E3%83%94 HTTP/1.1" 200 50686 "-" "Mozilla/5.0 (Linux; Android 6.0.1; Nexus 5X Build/MMB29P) AppleWebKit/537.36 (KHTML, like Gecko) Chrome/135.0.7049.95 Mobile Safari/537.36 (compatible; Googlebot/2.1; +http://www.google.com/bot.html)"
66.249.73.129 - - [29/Apr/2025:13:47:51 -0400] "GET /?o=37847151259305&channel=8f1245&from=brands.php%3Fid%3D1512593-3173%26name%3D18574+%E4%B8%8D%E4%BA%8C%E8%B2%BF%E6%98%93+%E3%83%87%E3%82%B9%E3%82%AF%28%E5%B9%851000%C3%97%E5%A5%A5%E8%A1%8C560%C3%97%E9%AB%98%E3%81%95720mm%E3%83%BB%E3%83%96%E3%83%A9%E3%82%A6%E3%83%B3%29+%E3%82%AF%E3%83%AC%E3%83%90%E3%83%BC+%E5%8F%8E%E7%B4%8D%E4%BB%98%E3%81%8D%E3%83%87%E3%82%B9%E3%82%AF+%E3%83%86%E3%83%AC%E3%83%AF%E3%83%BC%E3%82%AF+%5B18574%E3%83%95%E3%82%B8%E3%83%9C%E3%82%A6%E3%82%A8%E3%82%AD%5D HTTP/1.1" 200 53323 "-" "Mozilla/5.0 (Linux; Android 6.0.1; Nexus 5X Build/MMB29P) AppleWebKit/537.36 (KHTML, like Gecko) Chrome/135.0.7049.95 Mobile Safari/537.36 (compatible; Googlebot/2.1; +http://www.google.com/bot.html)"
66.249.73.129 - - [29/Apr/2025:13:47:59 -0400] "GET /?o=9322178728105&channel=35ce6f&from=shared.php%3Fid%3D787281-6970%26name%3D%E3%82%BB%E3%83%AC%E3%83%96%E3%83%AC%E3%83%BC%E3%82%B7%E3%83%A7%E3%83%B3%E3%83%9B%E3%83%86%E3%83%AB%E3%80%80%E3%82%A2%E3%83%A1%E3%83%8B%E3%83%86%E3%82%A3%E3%80%80%E6%AD%AF%E3%83%96%E3%83%A9%E3%82%B7%E3%80%80%E3%82%B9%E3%83%AA%E3%83%83%E3%83%91%E3%80%80%E6%97%85%E8%A1%8C HTTP/1.1" 200 53393 "-" "Mozilla/5.0 (Linux; Android 6.0.1; Nexus 5X Build/MMB29P) AppleWebKit/537.36 (KHTML, like Gecko) Chrome/135.0.7049.95 Mobile Safari/537.36 (compatible; Googlebot/2.1; +http://www.google.com/bot.html)"
66.249.73.128 - - [29/Apr/2025:13:48:14 -0400] "GET /?o=2817928541608&channel=fd459c&from=brands.php%3Fid%3D285416-1585%26name%3DVivienne+Westwood+%2F+%E3%83%B4%E3%82%A3%E3%83%B4%E3%82%A3%E3%82%A2%E3%83%B3%E3%82%A6%E3%82%A8%E3%82%B9%E3%83%88%E3%82%A6%E3%83%83%E3%83%89+%E2%96%A0+%E3%82%AA%E3%83%BC%E3%83%96+%E3%82%B7%E3%83%A7%E3%83%AB%E3%83%80%E3%83%BC%E3%83%90%E3%83%83%E3%82%B0+%E3%83%AC%E3%82%B6%E3%83%BC+%E3%83%94%E3%83%B3%E3%82%AF+%E3%83%90%E3%83%83%E3%82%B0+%2F+%E3%83%90%E3%83%83%E3%82%AF+%2F+BAG+%2F+%E9%9E%84+%2F+%E3%82%AB%E3%83%90%E3%83%B3+%E3%83%96%E3%83%A9%E3%83%B3%E3%83%89+%E4%B8%AD%E5%8F%A4+%5B0990007700%5D HTTP/1.1" 200 53919 "-" "Mozilla/5.0 (Linux; Android 6.0.1; Nexus 5X Build/MMB29P) AppleWebKit/537.36 (KHTML, like Gecko) Chrome/135.0.7049.95 Mobile Safari/537.36 (compatible; Googlebot/2.1; +http://www.google.com/bot.html)"
66.249.73.128 - - [29/Apr/2025:13:48:20 -0400] "GET /?o=41024119637002&channel=9dfa3b&from=category-info.php%3Fid%3D1196370-9007%26name%3D%E3%83%9F%E3%83%AA%E3%82%BF%E3%83%AA%E3%83%BC%E4%BB%95%E6%A7%98%E3%80%80%E3%83%90%E3%83%BC%E3%83%87%E3%82%A3%E3%83%BC90 HTTP/1.1" 200 53761 "-" "Mozilla/5.0 (Linux; Android 6.0.1; Nexus 5X Build/MMB29P) AppleWebKit/537.36 (KHTML, like Gecko) Chrome/135.0.7049.95 Mobile Safari/537.36 (compatible; Googlebot/2.1; +http://www.google.com/bot.html)"
66.249.73.128 - - [29/Apr/2025:13:48:21 -0400] "GET /?o=1090247413301&channel=d71bc0&from=blog.php%3Fid%3D474133-9613%26name%3D%E3%83%A9%E3%83%BC%E3%82%B9%E3%83%AD%E3%83%BC%E3%83%BB%E3%83%A1%E3%83%89%E3%83%8B%E3%83%A3%E3%83%B3%E3%82%B9%E3%82%AD%E3%82%A4%E3%80%81%E6%9F%B3%E3%81%A8%E7%89%9B%E3%80%81%E5%B8%8C%E5%B0%91%E7%94%BB%E9%9B%86%E7%94%BB%E3%80%81%E6%96%B0%E5%93%81%E9%A1%8D%E8%A3%85%E4%BB%98%E3%80%81mai HTTP/1.1" 200 54375 "-" "Mozilla/5.0 (Linux; Android 6.0.1; Nexus 5X Build/MMB29P) AppleWebKit/537.36 (KHTML, like Gecko) Chrome/135.0.7049.95 Mobile Safari/537.36 (compatible; Googlebot/2.1; +http://www.google.com/bot.html)"
18.97.9.175 - - [29/Apr/2025:13:48:24 -0400] "GET /tag/live-draw-toto-macau-00-00-wib/ HTTP/1.1" 200 0 "-" "CCBot/2.0 (https://commoncrawl.org/faq/)"
66.249.73.128 - - [29/Apr/2025:13:48:25 -0400] "GET /?o=19030154310701&channel=afd1b0&from=category-info.php%3Fid%3D1543107-3001%26name%3DSPOX+%E3%82%B9%E3%83%8E%E3%83%BC%E3%83%9C%E3%83%BC%E3%83%89+%E3%82%A6%E3%82%A7%E3%82%A2+L%E3%82%B5%E3%82%A4%E3%82%BA HTTP/1.1" 200 52749 "-" "Mozilla/5.0 (Linux; Android 6.0.1; Nexus 5X Build/MMB29P) AppleWebKit/537.36 (KHTML, like Gecko) Chrome/135.0.7049.95 Mobile Safari/537.36 (compatible; Googlebot/2.1; +http://www.google.com/bot.html)"
66.249.73.128 - - [29/Apr/2025:13:48:26 -0400] "GET /?o=8773083501401&channel=643116&from=article.php%3Fid%3D835014-3638%26name%3D%E3%80%90%E5%90%8A%E7%85%A7%E6%98%8E%E3%80%91%E3%82%AF%E3%83%AA%E3%82%B9%E3%82%BF%E3%83%AB+%E3%82%B7%E3%83%A3%E3%83%B3%E3%83%87%E3%83%AA%E3%82%A2%EF%BC%BBMona%E3%80%80%E3%83%A2%E3%83%8A%EF%BC%886%E7%81%AF%EF%BC%89%EF%BC%BD%EF%BC%9CE12%2F%E6%B0%B4%E9%9B%B7%E5%9E%8B%EF%BC%9E HTTP/1.1" 200 52749 "-" "Mozilla/5.0 (Linux; Android 6.0.1; Nexus 5X Build/MMB29P) AppleWebKit/537.36 (KHTML, like Gecko) Chrome/135.0.7049.95 Mobile Safari/537.36 (compatible; Googlebot/2.1; +http://www.google.com/bot.html)"
66.249.73.128 - - [29/Apr/2025:13:48:53 -0400] "GET /?o=992072023600&channel=2a1885&from=category-info.php%3Fid%3D20236-2162%26name%3DNIKE+x+SACAI+x+CLOT+LD+waffle+24.5cm HTTP/1.1" 200 54105 "-" "Mozilla/5.0 (Linux; Android 6.0.1; Nexus 5X Build/MMB29P) AppleWebKit/537.36 (KHTML, like Gecko) Chrome/135.0.7049.95 Mobile Safari/537.36 (compatible; Googlebot/2.1; +http://www.google.com/bot.html)"
66.249.73.128 - - [29/Apr/2025:13:48:57 -0400] "GET /?o=00649157572004&channel=1a35f8&from=news.php%3Fid%3D1575720-10494%26name%3D%E3%80%90%E6%95%B0%E9%87%8F%E9%99%90%E5%AE%9A%E3%80%91%E7%9B%AE%E5%87%BA%E3%81%97%E5%B8%BD+%E9%98%B2%E5%AF%92+%E8%A3%8F%E8%B5%B7%E6%AF%9B+%E9%98%B2%E9%A2%A8+%E4%BF%9D%E6%B8%A9+%E5%86%AC%E7%94%A8+%E3%81%8B%E3%82%82%E3%81%99+%E6%81%AF%E8%8B%A6%E3%81%97%E3%81%8F%E3%81%AA%E3%81%84+%E4%BC%B8%E7%B8%AE%E6%80%A7+%E6%9A%96%E3%81%8B%E3%81%84+%E3%83%8D%E3%83%83%E3%82%AF%E3%82%A6%E3%82%A9%E3%83%BC%E3%83%9E%E3%83%BC+%E3%83%95%E3%82%A7%E3%82%A4%E3%82%B9%E3%83%9E%E3%82%B9%E3%82%AF+%E3%83%90%E3%82%A4%E3%82%AF+%E8%87%AA%E8%BB%A2%E8%BB%8A+%E3%83%90%E3%83%A9%E3%82%AF%E3%83%A9%E3%83%90+%E3%82%B9%E3%82%AD%E3%83%BC+%E3%82%B9%E3%83%8E%E3%83%BC%E3%83%9C%E3%83%BC%E3%83%89+%E7%99%BB%E5%B1%B1+ROCKBROS+%E3%82%B9%E3%83%9D%E3%83%BC%E3%83%84+%E3%82%A2%E3%82%A6%E3%83%88%E3%83%89%E3%82%A2+%E7%94%B7%E5%A5%B3%E5%85%BC%E7%94%A8 HTTP/1.1" 200 53850 "-" "Mozilla/5.0 (Linux; Android 6.0.1; Nexus 5X Build/MMB29P) AppleWebKit/537.36 (KHTML, like Gecko) Chrome/135.0.7049.95 Mobile Safari/537.36 (compatible; Googlebot/2.1; +http://www.google.com/bot.html)"
66.249.73.129 - - [29/Apr/2025:13:49:18 -0400] "GET /?o=8547039669605&channel=ad1fe0&from=shared.php%3Fid%3D396696-5221%26name%3D%E3%82%A2%E3%83%87%E3%82%A3%E3%83%80%E3%82%B9%EF%BC%88adidas%EF%BC%89%EF%BC%88%E3%83%A1%E3%83%B3%E3%82%BA%EF%BC%89%E3%83%8F%E3%83%BC%E3%83%89%E3%82%B3%E3%83%BC%E3%83%88%E7%94%A8+%E3%83%86%E3%83%8B%E3%82%B9%E3%82%B7%E3%83%A5%E3%83%BC%E3%82%BA+%E3%83%90%E3%83%AA%E3%82%B1%E3%83%BC%E3%83%89+ID1548 HTTP/1.1" 200 53961 "-" "Mozilla/5.0 (Linux; Android 6.0.1; Nexus 5X Build/MMB29P) AppleWebKit/537.36 (KHTML, like Gecko) Chrome/135.0.7049.95 Mobile Safari/537.36 (compatible; Googlebot/2.1; +http://www.google.com/bot.html)"
66.249.73.128 - - [29/Apr/2025:13:49:19 -0400] "GET /?o=079102224216&channel=8d672e&from=info.php%3Fid%3D22242-1515%26name%3DORCIVAL%28%E3%82%AA%E3%83%BC%E3%82%B7%E3%83%90%E3%83%AB%29+%E3%82%B9%E3%83%AA%E3%83%BC%E3%83%96%E3%83%AC%E3%82%B9%E3%81%A1%E3%81%B3%E8%A1%BF%E3%82%B7%E3%83%A3%E3%83%84%28OR-B0360YLM%29 HTTP/1.1" 200 53182 "-" "Mozilla/5.0 (Linux; Android 6.0.1; Nexus 5X Build/MMB29P) AppleWebKit/537.36 (KHTML, like Gecko) Chrome/135.0.7049.95 Mobile Safari/537.36 (compatible; Googlebot/2.1; +http://www.google.com/bot.html)"
66.249.73.128 - - [29/Apr/2025:13:49:28 -0400] "GET /?o=1010039353200&channel=f3594f&from=brands.php%3Fid%3D393532-10473%26name%3Dxd446%E3%83%87%E3%82%A3%E3%82%BA%E3%83%8B%E3%83%BC+%E7%BE%8E%E5%A5%B3%E3%81%A8%E9%87%8E%E7%8D%A3+Beauty+and+the+Beast+%E3%83%99%E3%83%AB+Belle+%E3%83%97%E3%83%AA%E3%83%B3%E3%82%BB%E3%82%B9+%E3%83%AF%E3%83%B3%E3%83%94%E3%83%BC%E3%82%B9+%E3%83%89%E3%83%AC%E3%82%B9+%E3%83%8F%E3%83%AD%E3%82%A6%E3%82%A3%E3%83%B3+%E3%82%A4%E3%83%99%E3%83%B3%E3%83%88%E4%BB%AE%E8%A3%85+%E3%82%B3%E3%82%B9%E3%83%97%E3%83%AC%E8%A1%A3%E8%A3%85 HTTP/1.1" 200 54928 "-" "Mozilla/5.0 (Linux; Android 6.0.1; Nexus 5X Build/MMB29P) AppleWebKit/537.36 (KHTML, like Gecko) Chrome/135.0.7049.95 Mobile Safari/537.36 (compatible; Googlebot/2.1; +http://www.google.com/bot.html)"
207.46.13.18 - - [29/Apr/2025:13:49:37 -0400] "GET /?o=1055267589900&channel=cd1f92&from=shop.php%3Fid%3D675899-638%26name%3D%E3%82%BF%E3%83%81%E3%82%A6%E3%82%AA+X+%5BTACHIUO+X%5D%E3%80%80M-180%E3%80%80154409%E3%80%80%E3%83%80%E3%82%A4%E3%83%AF+%E8%88%B9%E7%AB%BF HTTP/1.1" 200 0 "-" "Mozilla/5.0 AppleWebKit/537.36 (KHTML, like Gecko; compatible; bingbot/2.0; +http://www.bing.com/bingbot.htm) Chrome/116.0.1938.76 Safari/537.36"
18.97.9.175 - - [29/Apr/2025:13:49:59 -0400] "GET /bocoran-togel-toto-macau-19-00-jumat-3-november-2023/ HTTP/1.1" 200 0 "-" "CCBot/2.0 (https://commoncrawl.org/faq/)"
66.249.73.129 - - [29/Apr/2025:13:50:06 -0400] "GET /?o=1709686205805&channel=239c05&from=news.php%3Fid%3D862058-5338%26name%3D%E2%98%85%E6%9C%80%E7%B5%82%E5%80%A4%E4%B8%8B%E2%98%85PRADA+%E3%83%97%E3%83%A9%E3%83%80+%E3%83%88%E3%83%BC%E3%83%88%E3%83%90%E3%83%83%E3%82%B0++%E3%82%AE%E3%83%A3%E3%82%B6%E3%83%BC+%E3%83%96%E3%83%A9%E3%83%83%E3%82%AF+%E3%82%B7%E3%83%A7%E3%83%AB%E3%83%80%E3%83%BC HTTP/1.1" 200 54163 "-" "Mozilla/5.0 (Linux; Android 6.0.1; Nexus 5X Build/MMB29P) AppleWebKit/537.36 (KHTML, like Gecko) Chrome/135.0.7049.95 Mobile Safari/537.36 (compatible; Googlebot/2.1; +http://www.google.com/bot.html)"
66.249.73.128 - - [29/Apr/2025:13:50:16 -0400] "GET /?o=83171187265107&channel=fd459c&from=category-info.php%3Fid%3D1872651-1585%26name%3DHERMES+%E3%83%9F%E3%83%8B%E3%83%AA%E3%83%B3%E3%83%87%E3%82%A3%E3%83%AD%E3%83%BC%E3%82%BA%E3%82%B7%E3%83%A7%E3%83%83%E3%82%AD%E3%83%B3%E3%82%B0 HTTP/1.1" 200 53957 "-" "Mozilla/5.0 (Linux; Android 6.0.1; Nexus 5X Build/MMB29P) AppleWebKit/537.36 (KHTML, like Gecko) Chrome/135.0.7049.95 Mobile Safari/537.36 (compatible; Googlebot/2.1; +http://www.google.com/bot.html)"
66.249.73.128 - - [29/Apr/2025:13:50:36 -0400] "GET /?o=1998048832505&channel=0f2e43&from=blog.php%3Fid%3D488325-1809%26name%3D%E3%80%90%E6%9B%B4%E6%96%B0%E3%80%91PZ%E3%82%BF%E3%83%BC%E3%83%9CDA64W%E3%82%A8%E3%83%96%E3%83%AA%E3%82%A3%E3%80%80E%E9%9B%A3%E3%81%82%E3%82%8A%E3%80%80%E8%BB%8A%E9%AB%98%E8%AA%BFRSR HTTP/1.1" 200 51929 "-" "Mozilla/5.0 (Linux; Android 6.0.1; Nexus 5X Build/MMB29P) AppleWebKit/537.36 (KHTML, like Gecko) Chrome/135.0.7049.95 Mobile Safari/537.36 (compatible; Googlebot/2.1; +http://www.google.com/bot.html)"
