66.249.73.129 - - [29/Apr/2025:16:54:50 -0400] "GET /css_9ab0ca8ef175136410d4b7375b02bd19/_public_bundle_sp.bundle.min HTTP/1.1" 200 62470 "https://bocorantogeljitu.co/?o=98953152186205&channel=72c08f&from=brands.php%3Fid%3D1521862-25860%26name%3D%E3%82%AF%E3%83%A9%E3%83%B3%E3%82%AF%E3%82%B7%E3%83%A3%E3%83%95%E3%83%88%E3%83%9D%E3%82%B8%E3%82%B7%E3%83%A7%E3%83%B3%E3%82%BB%E3%83%B3%E3%82%B5%E3%83%BC%E3%80%81%E3%83%92%E3%83%A5%E3%83%B3%E3%83%80%E3%82%A4%E3%82%A2%E3%82%AF%E3%82%BB%E3%83%B3%E3%83%88%E7%94%A8%E3%80%81%E3%82%AD%E3%82%A2%E3%83%AA%E3%82%AA%E7%94%A8+39180-22600%E3%80%8139180-26900%E3%80%81PC531%E3%80%81" "Mozilla/5.0 (Linux; Android 6.0.1; Nexus 5X Build/MMB29P) AppleWebKit/537.36 (KHTML, like Gecko) Chrome/134.0.6998.165 Mobile Safari/537.36 (compatible; Googlebot/2.1; +http://www.google.com/bot.html)"
66.249.73.128 - - [29/Apr/2025:16:54:59 -0400] "GET /?o=83190179616608&channel=8a6308&from=shop.php%3Fid%3D1796166-2745%26name%3D%E5%B7%A8%E5%8C%A0%E3%80%80%E9%88%B4%E6%9C%A8%E4%BA%94%E9%83%8E%E3%80%80%E9%BB%84%E7%80%AC%E6%88%B8%E3%80%80%E8%95%A8%E6%96%87%E6%A7%98+%E3%81%90%E3%81%84%E5%91%91%E3%81%BF HTTP/1.1" 200 52676 "-" "Mozilla/5.0 (Linux; Android 6.0.1; Nexus 5X Build/MMB29P) AppleWebKit/537.36 (KHTML, like Gecko) Chrome/135.0.7049.95 Mobile Safari/537.36 (compatible; Googlebot/2.1; +http://www.google.com/bot.html)"
66.249.73.128 - - [29/Apr/2025:16:55:06 -0400] "GET /?o=7212566156801&channel=2016d7&from=article.php%3Fid%3D661568-12858%26name%3D%E6%B0%B4%E6%97%8F%E9%A4%A8%E7%B7%91%E8%89%B2%E3%81%AE%E6%A4%8D%E7%89%A9%E3%82%BF%E3%83%B3%E3%82%AF%E8%A3%85%E9%A3%BE%E7%94%A8%E3%83%97%E3%83%A9%E3%82%B9%E3%83%81%E3%83%83%E3%82%AF%E4%BA%BA%E5%B7%A5%E9%AD%9A%E6%A4%8D%E7%89%A9%E9%A3%BE%E3%82%8A%E9%A3%BE%E3%82%8Abetta+Hideout%E9%9D%9E%E6%9C%89%E6%AF%92%E5%AE%89%E5%85%A8 HTTP/1.1" 200 53434 "-" "Mozilla/5.0 (Linux; Android 6.0.1; Nexus 5X Build/MMB29P) AppleWebKit/537.36 (KHTML, like Gecko) Chrome/135.0.7049.95 Mobile Safari/537.36 (compatible; Googlebot/2.1; +http://www.google.com/bot.html)"
66.249.73.129 - - [29/Apr/2025:16:55:07 -0400] "GET /?o=5774631685711&channel=0558a3&from=shared.php%3Fid%3D316857-3138%26name%3D%E3%82%A8%E3%83%B4%E3%82%A1%E3%83%B3%E3%82%B2%E3%83%AA%E3%82%AA%E3%83%B3%E3%80%80%E5%88%9D%E5%8F%B7%E6%A9%9F+%E3%82%A8%E3%82%AF%E3%82%B9%E3%83%88%E3%83%A9%E3%83%90%E3%83%BC%E3%82%B8%E3%83%A7%E3%83%B3%E3%80%80%E3%83%AA%E3%83%9A%E3%82%A4%E3%83%B3%E3%83%88%E3%83%90%E3%83%BC%E3%82%B8%E3%83%A7%E3%83%B3+%E3%81%BE%E3%81%A8%E3%82%81%E3%80%80%E3%83%95%E3%82%A3%E3%82%AE%E3%83%A5%E3%82%A2%E3%80%80%E6%B5%B7%E6%B4%8B%E5%A0%82+%E3%82%A8%E3%83%B4%E3%82%A1%E5%88%9D%E5%8F%B7%E6%A9%9F++%E5%B1%B1%E5%8F%A3%E5%8B%9D%E4%B9%85 HTTP/1.1" 200 54902 "-" "Mozilla/5.0 (Linux; Android 6.0.1; Nexus 5X Build/MMB29P) AppleWebKit/537.36 (KHTML, like Gecko) Chrome/135.0.7049.95 Mobile Safari/537.36 (compatible; Googlebot/2.1; +http://www.google.com/bot.html)"
172.190.230.70 - - [29/Apr/2025:16:55:09 -0400] "GET /wp-content/uploads/2023/11/BOCORAN-TOGEL-TOTO-MACAU-00.00-26-150x150.jpg HTTP/1.1" 200 0 "-" "Mozilla/5.0 (Windows NT 10.0; Win64; x64) AppleWebKit/537.36 (KHTML, like Gecko) Chrome/109.0.0.0 Safari/537.36"
172.190.230.70 - - [29/Apr/2025:16:55:10 -0400] "GET /wp-content/uploads/2023/11/BOCORAN-TOGEL-TOTO-MACAU-00.00-26-150x150.jpg HTTP/1.1" 200 0 "-" "Mozilla/5.0 (Windows NT 10.0; Win64; x64) AppleWebKit/537.36 (KHTML, like Gecko) Chrome/109.0.0.0 Safari/537.36"
172.190.230.70 - - [29/Apr/2025:16:55:10 -0400] "GET /wp-content/uploads/2023/11/BOCORAN-TOGEL-TOTO-MACAU-00.00-26-150x150.jpg HTTP/1.1" 200 0 "-" "Mozilla/5.0 (Windows NT 10.0; Win64; x64) AppleWebKit/537.36 (KHTML, like Gecko) Chrome/109.0.0.0 Safari/537.36"
66.249.73.129 - - [29/Apr/2025:16:55:13 -0400] "GET /?o=85790117276600&channel=4da31d&from=form.php%3Fid%3D1172766-51%26name%3D%E7%B4%94%E9%87%91+%E3%82%B7%E3%83%A5%E3%83%8A%E3%82%A6%E3%82%B6%E3%83%BC+%E3%83%AC%E3%83%87%E3%82%A3%E3%83%BC%E3%82%B9+%E3%82%B4%E3%83%BC%E3%83%AB%E3%83%89+%E7%8A%AC%E3%83%A2%E3%83%81%E3%83%BC%E3%83%95+%E3%83%9A%E3%83%B3%E3%83%80%E3%83%B3%E3%83%88%E3%83%88%E3%83%83%E3%83%97+%E3%83%9A%E3%83%B3%E3%83%80%E3%83%B3%E3%83%88+24%E9%87%91+24k+%E3%83%86%E3%83%AA%E3%82%A2%E7%B3%BB+%E3%82%B4%E3%83%BC%E3%83%AB%E3%83%89+k24+40cm+%E3%81%84%E3%81%AC+%E3%82%A4%E3%83%8C+%E3%82%A2%E3%83%8B%E3%83%9E%E3%83%AB+%E5%8B%95%E7%89%A9+%E5%A5%B3%E6%80%A7+%E3%83%97%E3%83%AC%E3%82%BC%E3%83%B3%E3%83%88+%E5%BD%BC%E5%A5%B3+%E5%A6%BB+%E8%B4%88%E3%82%8A%E7%89%A9+%E8%A8%98%E5%BF%B5%E6%97%A5+%E3%81%8A%E7%A5%9D%E3%81%84+%E3%82%AE%E3%83%95%E3%83%88+%E5%A4%A7%E4%BA%BA+%E3%81%8A%E3%81%97%E3%82%83%E3%82%8C+%E4%BA%BA%E6%B0%97+%E6%99%AE%E6%AE%B5%E4%BD%BF%E3%81%84 HTTP/1.1" 200 56019 "-" "Mozilla/5.0 (Linux; Android 6.0.1; Nexus 5X Build/MMB29P) AppleWebKit/537.36 (KHTML, like Gecko) Chrome/135.0.7049.95 Mobile Safari/537.36 (compatible; Googlebot/2.1; +http://www.google.com/bot.html)"
66.249.73.128 - - [29/Apr/2025:16:55:20 -0400] "GET /?o=8424682793401&channel=1640c6&from=pin.php%3Fid%3D827934-1641%26name%3D%E3%80%90%E6%9C%AC%E7%89%A9%E5%87%BA%E5%93%81%E3%80%91%E4%BA%AC%E9%83%BD%E8%8C%B6%E4%BA%BA%E3%81%AE200%28%E8%AA%AC%E6%98%8E%E6%96%87%E5%BF%85%E8%AA%AD%EF%BC%89%E4%BB%8F%E6%95%99%E7%BE%8E%E8%A1%93+%E6%9C%A8%E9%80%A0+%E6%97%A5%E8%93%AE%E5%9D%90%E5%83%8F+%E6%97%A5%E8%93%AE%E4%B8%8A%E4%BA%BA%E5%9D%90%E5%83%8F+%E6%97%A5%E8%93%AE%E4%B8%8A%E4%BA%BA+%E6%9C%A8%E5%BD%AB+%E5%9D%90%E5%83%8F+%E5%BA%A7%E5%83%8F+%E6%BC%86%E7%AE%94+%E4%BB%8F%E5%83%8F+%E5%8F%B0%E5%BA%A7+%E9%87%91%E7%AE%94+%E4%BB%8F%E6%95%99+%E6%97%A5%E8%93%AE%E5%AE%97 HTTP/1.1" 200 56544 "-" "Mozilla/5.0 (Linux; Android 6.0.1; Nexus 5X Build/MMB29P) AppleWebKit/537.36 (KHTML, like Gecko) Chrome/135.0.7049.95 Mobile Safari/537.36 (compatible; Googlebot/2.1; +http://www.google.com/bot.html)"
66.249.73.128 - - [29/Apr/2025:16:55:26 -0400] "GET /?o=2614370253907&channel=acbbc9&from=product.php%3Fid%3D702539-8755%26name%3D%E3%82%B9%E3%83%8E%E3%83%BC%E3%83%9C%E3%83%BC%E3%83%89+%E9%9D%B4+24-25+SALOMON+%E3%82%B5%E3%83%AD%E3%83%A2%E3%83%B3+IVY+BOA+SJ+BOA+%E3%82%A2%E3%82%A4%E3%83%93%E3%83%BC%E3%83%9C%E3%82%A2+%E3%83%80%E3%83%96%E3%83%AB%E3%83%9C%E3%82%A2+%E3%82%B0%E3%83%A9%E3%83%88%E3%83%AA HTTP/1.1" 200 54289 "-" "Mozilla/5.0 (Linux; Android 6.0.1; Nexus 5X Build/MMB29P) AppleWebKit/537.36 (KHTML, like Gecko) Chrome/135.0.7049.95 Mobile Safari/537.36 (compatible; Googlebot/2.1; +http://www.google.com/bot.html)"
207.46.13.155 - - [29/Apr/2025:16:55:34 -0400] "GET /?o=9102575022600&channel=ac9f3a&from=brands.php%3Fid%3D750226-1628%26name%3D%E4%B8%AD%E5%8F%A4%E3%83%95%E3%82%A3%E3%82%AE%E3%83%A5%E3%82%A2+S.H.Figuarts+%E5%AD%AB%E6%82%9F%E9%A3%AF-%E6%88%A6%E9%97%98%E6%9C%8D-+%E3%80%8C%E3%83%89%E3%83%A9%E3%82%B4%E3%83%B3%E3%83%9C%E3%83%BC%E3%83%ABZ%E3%80%8D+%E9%AD%82%E3%82%A6%E3%82%A7%E3%83%96%E5%95%86%E5%BA%97%E9%99%90%E5%AE%9A HTTP/1.1" 200 0 "-" "Mozilla/5.0 AppleWebKit/537.36 (KHTML, like Gecko; compatible; bingbot/2.0; +http://www.bing.com/bingbot.htm) Chrome/116.0.1938.76 Safari/537.36"
66.249.73.128 - - [29/Apr/2025:16:55:35 -0400] "GET /?o=87929147637605&channel=202ed0&from=form.php%3Fid%3D1476376-936%26name%3D%E3%80%90%E7%BE%8E%E5%93%81%E3%83%BB2021%E5%B9%B4%E8%A3%BD%E3%80%91DAIKIN%E6%9C%80%E4%B8%8A%E4%BD%8D%E3%83%A2%E3%83%87%E3%83%AB+%E7%A9%BA%E6%B0%97%E6%B8%85%E6%B5%84%E6%A9%9F++MCK70YJ-T HTTP/1.1" 200 51339 "-" "Mozilla/5.0 (Linux; Android 6.0.1; Nexus 5X Build/MMB29P) AppleWebKit/537.36 (KHTML, like Gecko) Chrome/135.0.7049.95 Mobile Safari/537.36 (compatible; Googlebot/2.1; +http://www.google.com/bot.html)"
66.249.73.128 - - [29/Apr/2025:16:55:41 -0400] "GET /?o=4271643469602&channel=20e811&from=pin.php%3Fid%3D434696-13578%26name%3D%E3%83%99%E3%83%BC%E3%82%B7%E3%83%83%E3%82%AF+%E3%82%B9%E3%82%A4%E3%83%A0%E3%82%B4%E3%83%BC%E3%82%B0%E3%83%AB+%E5%A4%A7%E4%BA%BA%E7%94%A8+%E6%B0%B4%E6%B3%B3+%E3%82%B4%E3%83%BC%E3%82%B0%E3%83%AB+%E3%83%80%E3%82%A4%E3%83%93%E3%83%B3%E3%82%B0%E3%82%B4%E3%83%BC%E3%82%B0%E3%83%AB+%E8%B6%85%E5%BA%83%E8%A6%96%E9%87%8E%E8%A7%92+%E3%83%80%E3%82%A4%E3%83%93%E3%83%B3%E3%82%B0%E3%82%B4%E3%83%BC%E3%82%B0%E3%83%AB+%E3%83%93%E3%83%BC%E3%83%81 HTTP/1.1" 200 54625 "-" "Mozilla/5.0 (Linux; Android 6.0.1; Nexus 5X Build/MMB29P) AppleWebKit/537.36 (KHTML, like Gecko) Chrome/135.0.7049.95 Mobile Safari/537.36 (compatible; Googlebot/2.1; +http://www.google.com/bot.html)"
207.46.13.155 - - [29/Apr/2025:16:55:44 -0400] "GET /?o=10271143386104&channel=c485be&from=pin.php%3Fid%3D1433861-17384%26name%3D%E5%AE%89%E5%BF%83%E3%81%AE%E6%97%A5%E6%9C%AC%E3%83%96%E3%83%A9%E3%83%B3%E3%83%89+Fesco+%E3%83%95%E3%82%A7%E3%82%B9%E3%82%B3+%E3%83%AF%E3%82%A4%E3%83%91%E3%83%BC%E6%9B%BF%E3%81%88%E3%82%B4%E3%83%A0+%E3%82%B0%E3%83%A9%E3%83%95%E3%82%A1%E3%82%A4%E3%83%88+%E3%83%95%E3%83%AD%E3%83%B3%E3%83%88%E5%B7%A6%E5%8F%B32%E6%9C%AC%E3%82%BB%E3%83%83%E3%83%88+MAZDA+%E3%83%9E%E3%83%84%E3%83%80+%E3%83%87%E3%83%9F%E3%82%AA+DW3W%2FDW5W+1999.12%EF%BD%9E2002.7+PR-50%2FPR-40 HTTP/1.1" 200 0 "-" "Mozilla/5.0 AppleWebKit/537.36 (KHTML, like Gecko; compatible; bingbot/2.0; +http://www.bing.com/bingbot.htm) Chrome/116.0.1938.76 Safari/537.36"
66.249.73.128 - - [29/Apr/2025:16:55:46 -0400] "GET /?o=6819999676702&channel=cf8690&from=news.php%3Fid%3D996767-6635%26name%3D%E3%82%A2%E3%83%B3%E3%83%86%E3%83%97%E3%83%AA%E3%83%9E++%E3%83%96%E3%83%BC%E3%83%84+%E3%83%96%E3%83%A9%E3%83%83%E3%82%AF++ANTEPRIMA+%E3%83%AC%E3%83%BC%E3%82%B9%E3%82%A2%E3%83%83%E3%83%97+ANTEPRIMA HTTP/1.1" 200 54086 "-" "Mozilla/5.0 (Linux; Android 6.0.1; Nexus 5X Build/MMB29P) AppleWebKit/537.36 (KHTML, like Gecko) Chrome/135.0.7049.95 Mobile Safari/537.36 (compatible; Googlebot/2.1; +http://www.google.com/bot.html)"
66.249.73.129 - - [29/Apr/2025:16:55:55 -0400] "GET /?o=15798101387504&channel=d84e17&from=brands.php%3Fid%3D1013875-998%26name%3D%E3%80%90%E8%8B%AB%E5%B0%8F%E7%89%A7%E3%83%90%E3%83%8A%E3%83%8A%E3%80%91ZT+AMP%2F%E3%82%BC%E3%83%83%E3%83%88%E3%83%86%E3%82%A3%E3%83%BC%E3%82%A2%E3%83%B3%E3%83%97+LBG2+%E3%82%AE%E3%82%BF%E3%83%BC%E3%82%A2%E3%83%B3%E3%83%97+%E3%82%B3%E3%83%B3%E3%83%9C%E3%82%BF%E3%82%A4%E3%83%97+%E3%83%A9%E3%83%B3%E3%83%81%E3%83%9C%E3%83%83%E3%82%AF%E3%82%B9+%E5%B0%8F%E5%9E%8B+%E6%9C%80%E5%A4%A7%E5%87%BA%E5%8A%9B200W+%E6%8C%81%E3%81%A1%E9%81%8B%E3%81%B3%E3%83%90%E3%83%83%E3%82%B0%E4%BB%98%E3%81%8D%E2%99%AA HTTP/1.1" 200 53055 "-" "Mozilla/5.0 (Linux; Android 6.0.1; Nexus 5X Build/MMB29P) AppleWebKit/537.36 (KHTML, like Gecko) Chrome/135.0.7049.95 Mobile Safari/537.36 (compatible; Googlebot/2.1; +http://www.google.com/bot.html)"
66.249.73.128 - - [29/Apr/2025:16:55:56 -0400] "GET /?o=20578115269501&channel=4dddbd&from=article.php%3Fid%3D1152695-16295%26name%3DGuttertongs+%E2%80%93+The+Complete%E6%A8%8BMaintance%E3%81%A8%E3%82%B1%E3%82%A2%E3%83%84%E3%83%BC%E3%83%ABthat+Almost+Makes%E6%A8%8B%E3%82%AF%E3%83%AA%E3%83%BC%E3%83%8B%E3%83%B3%E3%82%B0 HTTP/1.1" 200 54062 "-" "Mozilla/5.0 (Linux; Android 6.0.1; Nexus 5X Build/MMB29P) AppleWebKit/537.36 (KHTML, like Gecko) Chrome/135.0.7049.95 Mobile Safari/537.36 (compatible; Googlebot/2.1; +http://www.google.com/bot.html)"
66.249.73.129 - - [29/Apr/2025:16:56:02 -0400] "GET /?o=7885618818407&channel=49bc93&from=shop.php%3Fid%3D188184-4129%26name%3D%E3%80%90%E4%B8%AD%E5%8F%A4%E3%80%91%5BFIG%5D+%E3%83%80%E3%83%96%E3%83%AB%E3%83%81%E3%83%A3%E3%83%B3%E3%82%B9%E8%B3%9E+C.C.+%E3%83%97%E3%83%AC%E3%83%9F%E3%82%A2%E3%83%A0+%E3%82%B9%E3%83%9A%E3%82%B7%E3%83%A3%E3%83%AB%E3%83%AC%E3%82%B8%E3%83%B3%E3%82%AD%E3%83%A3%E3%82%B9%E3%83%88%E3%82%AD%E3%83%83%E3%83%88+%E3%82%B3%E3%83%BC%E3%83%89%E3%82%AE%E3%82%A2%E3%82%B9+%E5%8F%8D%E9%80%86%E3%81%AE%E3%83%AB%E3%83%AB%E3%83%BC%E3%82%B7%E3%83%A5R2+%E4%B8%80%E7%95%AA%E3%81%8F%E3%81%98%E3%83%97%E3%83%AC%E3%83%9F%E3%82%A2%E3%83%A0 HTTP/1.1" 200 53551 "-" "Mozilla/5.0 (Linux; Android 6.0.1; Nexus 5X Build/MMB29P) AppleWebKit/537.36 (KHTML, like Gecko) Chrome/135.0.7049.95 Mobile Safari/537.36 (compatible; Googlebot/2.1; +http://www.google.com/bot.html)"
66.249.73.128 - - [29/Apr/2025:16:56:07 -0400] "GET /?o=97094148120303&channel=7fd7bd&from=article.php%3Fid%3D1481203-5704%26name%3D%E9%A3%9F%E5%99%A8%E6%A3%9A+%E3%81%8A%E3%81%97%E3%82%83%E3%82%8C+%E5%9B%BD%E7%94%A3+%E5%B9%85120+%E3%83%AC%E3%83%B3%E3%82%B8%E5%8F%B0+%E3%82%AD%E3%83%83%E3%83%81%E3%83%B3%E5%8F%8E%E7%B4%8D+%E3%82%B9%E3%83%A9%E3%82%A4%E3%83%89%E3%82%AB%E3%82%A6%E3%83%B3%E3%82%BF%E3%83%BC+%E5%BC%95%E3%81%8D%E5%87%BA%E3%81%97%E5%8F%8E%E7%B4%8D+%E8%80%90%E9%9C%87%E3%83%A9%E3%83%83%E3%83%81%E4%BB%98%E3%81%8D+%E5%A4%A7%E7%90%86%E7%9F%B3%E6%9F%84+%E9%96%8B%E6%A2%B1%E8%A8%AD%E7%BD%AE%E7%84%A1%E6%96%99+%E3%82%AD%E3%83%83%E3%83%81%E3%83%B3%E3%82%AB%E3%82%A6%E3%83%B3%E3%82%BF%E3%83%BC HTTP/1.1" 200 54948 "-" "Mozilla/5.0 (Linux; Android 6.0.1; Nexus 5X Build/MMB29P) AppleWebKit/537.36 (KHTML, like Gecko) Chrome/135.0.7049.95 Mobile Safari/537.36 (compatible; Googlebot/2.1; +http://www.google.com/bot.html)"
66.249.73.129 - - [29/Apr/2025:16:56:07 -0400] "GET /?o=7303946715203&channel=cb9ed6&from=product.php%3Fid%3D467152-10119%26name%3D%5BGoods+Land%5D+%E3%80%90+%E5%AE%A4%E5%86%85%E7%94%A8+%E3%80%91+%E3%82%B9%E3%83%AA%E3%83%83%E3%83%91+%E3%83%AB%E3%83%BC%E3%83%A0%E3%82%B7%E3%83%A5%E3%83%BC%E3%82%BA+%E3%82%B5%E3%83%B3%E3%83%80%E3%83%AB+%E9%BA%BB+%E9%80%9A%E6%B0%97%E6%80%A7+%E3%83%AC%E3%83%87%E3%82%A3%E3%83%BC%E3%82%B9+%E3%83%A1%E3%83%B3%E3%82%BA+%E5%89%8D%E9%96%8B%E3%81%8D+%5B%E4%B8%A6%E8%A1%8C%E8%BC%B8%E5%85%A5%E5%93%81%5D HTTP/1.1" 200 55617 "-" "Mozilla/5.0 (Linux; Android 6.0.1; Nexus 5X Build/MMB29P) AppleWebKit/537.36 (KHTML, like Gecko) Chrome/135.0.7049.95 Mobile Safari/537.36 (compatible; Googlebot/2.1; +http://www.google.com/bot.html)"
20.15.133.165 - - [29/Apr/2025:16:56:09 -0400] "GET /robots.txt HTTP/1.1" 200 72 "-" "Mozilla/5.0 AppleWebKit/537.36 (KHTML, like Gecko; compatible; bingbot/2.0; +http://www.bing.com/bingbot.htm) Chrome/116.0.1938.76 Safari/537.36"
20.15.133.165 - - [29/Apr/2025:16:56:09 -0400] "GET /robots.txt HTTP/1.1" 200 72 "-" "Mozilla/5.0 AppleWebKit/537.36 (KHTML, like Gecko; compatible; bingbot/2.0; +http://www.bing.com/bingbot.htm) Chrome/116.0.1938.76 Safari/537.36"
66.249.73.128 - - [29/Apr/2025:16:56:16 -0400] "GET /?o=8726365854400&channel=391c02&from=shop.php%3Fid%3D658544-1802%26name%3D%E2%AD%90%EF%B8%8F%E9%80%81%E6%96%99%E8%BE%BC%E3%81%BF%EF%BC%81%E2%AD%90%EF%B8%8F+j-45++INSPIRED+BY+GIBSON HTTP/1.1" 200 54519 "-" "Mozilla/5.0 (Linux; Android 6.0.1; Nexus 5X Build/MMB29P) AppleWebKit/537.36 (KHTML, like Gecko) Chrome/135.0.7049.95 Mobile Safari/537.36 (compatible; Googlebot/2.1; +http://www.google.com/bot.html)"
20.15.133.174 - - [29/Apr/2025:16:56:21 -0400] "GET /wp-includes__c454f3a/rest-api/fields/class-wp-rest-term-meta-fields.php HTTP/1.1" 403 1242 "-" "Mozilla/5.0 AppleWebKit/537.36 (KHTML, like Gecko; compatible; bingbot/2.0; +http://www.bing.com/bingbot.htm) Chrome/116.0.1938.76 Safari/537.36"
66.249.73.128 - - [29/Apr/2025:16:56:23 -0400] "GET /?o=115731332301&channel=0ab6b2&from=article.php%3Fid%3D13323-937%26name%3D%E6%96%B0%E5%93%81%E6%9C%AA%E4%BD%BF%E7%94%A8%E3%80%80%E5%8A%A0%E6%B9%BF+%E7%A9%BA%E6%B0%97%E6%B8%85%E6%B5%84%E6%A9%9F+SHARP+%E3%82%B7%E3%83%A3%E3%83%BC%E3%83%97+KC-G40-W HTTP/1.1" 200 52592 "-" "Mozilla/5.0 (Linux; Android 6.0.1; Nexus 5X Build/MMB29P) AppleWebKit/537.36 (KHTML, like Gecko) Chrome/135.0.7049.95 Mobile Safari/537.36 (compatible; Googlebot/2.1; +http://www.google.com/bot.html)"
66.249.73.128 - - [29/Apr/2025:16:56:25 -0400] "GET /?o=25455108991702&channel=b048fc&from=article.php%3Fid%3D1089917-21479%26name%3D%E8%87%AA%E5%8B%95%E9%BA%BB%E9%9B%80%E5%8D%93%E3%80%80AMOSKONG HTTP/1.1" 200 53474 "-" "Mozilla/5.0 (Linux; Android 6.0.1; Nexus 5X Build/MMB29P) AppleWebKit/537.36 (KHTML, like Gecko) Chrome/135.0.7049.95 Mobile Safari/537.36 (compatible; Googlebot/2.1; +http://www.google.com/bot.html)"
172.190.230.70 - - [29/Apr/2025:16:56:26 -0400] "GET /wp-content/uploads/2023/11/BOCORAN-TOGEL-TOTO-MACAU-23.00-27-150x150.jpg HTTP/1.1" 200 0 "-" "Mozilla/5.0 (Windows NT 10.0; Win64; x64) AppleWebKit/537.36 (KHTML, like Gecko) Chrome/109.0.0.0 Safari/537.36"
172.190.230.70 - - [29/Apr/2025:16:56:26 -0400] "GET /wp-content/uploads/2023/11/BOCORAN-TOGEL-TOTO-MACAU-23.00-27-150x150.jpg HTTP/1.1" 200 0 "-" "Mozilla/5.0 (Windows NT 10.0; Win64; x64) AppleWebKit/537.36 (KHTML, like Gecko) Chrome/109.0.0.0 Safari/537.36"
172.190.230.70 - - [29/Apr/2025:16:56:27 -0400] "GET /wp-content/uploads/2023/11/BOCORAN-TOGEL-TOTO-MACAU-22.00-17-150x150.jpg HTTP/1.1" 200 0 "-" "Mozilla/5.0 (Windows NT 10.0; Win64; x64) AppleWebKit/537.36 (KHTML, like Gecko) Chrome/109.0.0.0 Safari/537.36"
172.190.230.70 - - [29/Apr/2025:16:56:27 -0400] "GET /wp-content/uploads/2023/11/BOCORAN-TOGEL-TOTO-MACAU-23.00-27-150x150.jpg HTTP/1.1" 200 0 "-" "Mozilla/5.0 (Windows NT 10.0; Win64; x64) AppleWebKit/537.36 (KHTML, like Gecko) Chrome/109.0.0.0 Safari/537.36"
172.190.230.70 - - [29/Apr/2025:16:56:27 -0400] "GET /wp-content/uploads/2023/11/BOCORAN-TOGEL-TOTO-MACAU-22.00-17-150x150.jpg HTTP/1.1" 200 0 "-" "Mozilla/5.0 (Windows NT 10.0; Win64; x64) AppleWebKit/537.36 (KHTML, like Gecko) Chrome/109.0.0.0 Safari/537.36"
172.190.230.70 - - [29/Apr/2025:16:56:28 -0400] "GET /wp-content/uploads/2023/11/BOCORAN-TOGEL-TOTO-MACAU-22.00-17-150x150.jpg HTTP/1.1" 200 0 "-" "Mozilla/5.0 (Windows NT 10.0; Win64; x64) AppleWebKit/537.36 (KHTML, like Gecko) Chrome/109.0.0.0 Safari/537.36"
66.249.73.128 - - [29/Apr/2025:16:56:33 -0400] "GET /?o=70741184743102&channel=236600&from=shop.php%3Fid%3D1847431-164%26name%3D%E3%83%A6%E3%83%8B%E3%82%BB%E3%83%83%E3%82%AF%E3%82%B9%E3%83%92%E3%83%83%E3%83%97%E3%82%B5%E3%83%BC%E3%82%AF%E3%83%AB%E3%83%AB%E3%83%BC%E3%83%97%E6%8A%B5%E6%8A%97%E3%83%90%E3%83%B3%E3%83%89%E3%83%99%E3%83%AB%E3%83%88%E3%83%88%E3%83%AC%E3%83%BC%E3%83%8B%E3%83%B3%E3%82%B0%E3%82%A8%E3%82%AF%E3%82%B5%E3%82%B5%E3%82%A4%E3%82%BA%E3%83%AC%E3%83%83%E3%82%B0%E5%A4%AA%E3%82%82%E3%82%82%E5%B0%BB%E5%B0%BB%E3%82%B9%E3%82%AF%E3%83%83%E3%83%86%E3%82%A3%E3%83%B3%E3%82%B0%E3%82%B9%E3%83%9D%E3%83%BC%E3%83%84%E3%82%B8%E3%83%A0%E6%A9%9F%E5%99%A8 HTTP/1.1" 200 54922 "-" "Mozilla/5.0 (Linux; Android 6.0.1; Nexus 5X Build/MMB29P) AppleWebKit/537.36 (KHTML, like Gecko) Chrome/135.0.7049.95 Mobile Safari/537.36 (compatible; Googlebot/2.1; +http://www.google.com/bot.html)"
66.249.73.128 - - [29/Apr/2025:16:56:40 -0400] "GET /?o=9222316390300&channel=46d4a4&from=article.php%3Fid%3D163903-6920%26name%3DNCT+2020+%E3%82%B8%E3%83%A7%E3%83%B3%E3%82%A6+%E3%82%B9%E3%83%9A%E3%82%B7%E3%83%A3%E3%83%AB%E3%82%A4%E3%83%A4%E3%83%BC%E3%83%96%E3%83%83%E3%82%AF%E3%82%AB%E3%83%BC%E3%83%89+RESONANCE HTTP/1.1" 200 52043 "-" "Mozilla/5.0 (Linux; Android 6.0.1; Nexus 5X Build/MMB29P) AppleWebKit/537.36 (KHTML, like Gecko) Chrome/135.0.7049.95 Mobile Safari/537.36 (compatible; Googlebot/2.1; +http://www.google.com/bot.html)"
172.190.230.70 - - [29/Apr/2025:16:56:44 -0400] "GET /wp-content/uploads/2023/11/BOCORAN-TOGEL-BEIJING-20-150x150.jpg HTTP/1.1" 200 0 "-" "Mozilla/5.0 (Windows NT 10.0; Win64; x64) AppleWebKit/537.36 (KHTML, like Gecko) Chrome/109.0.0.0 Safari/537.36"
172.190.230.70 - - [29/Apr/2025:16:56:44 -0400] "GET /wp-content/uploads/2023/11/BOCORAN-TOGEL-BEIJING-20-150x150.jpg HTTP/1.1" 200 0 "-" "Mozilla/5.0 (Windows NT 10.0; Win64; x64) AppleWebKit/537.36 (KHTML, like Gecko) Chrome/109.0.0.0 Safari/537.36"
172.190.230.70 - - [29/Apr/2025:16:56:45 -0400] "GET /wp-content/uploads/2023/11/BOCORAN-TOGEL-BEIJING-20-150x150.jpg HTTP/1.1" 200 0 "-" "Mozilla/5.0 (Windows NT 10.0; Win64; x64) AppleWebKit/537.36 (KHTML, like Gecko) Chrome/109.0.0.0 Safari/537.36"
172.190.230.70 - - [29/Apr/2025:16:56:47 -0400] "GET /wp-content/uploads/2023/11/BOCORAN-TOGEL-TOTO-MACAU-19.00-27-150x150.jpg HTTP/1.1" 200 0 "-" "Mozilla/5.0 (Windows NT 10.0; Win64; x64) AppleWebKit/537.36 (KHTML, like Gecko) Chrome/109.0.0.0 Safari/537.36"
172.190.230.70 - - [29/Apr/2025:16:56:47 -0400] "GET /wp-content/uploads/2023/11/BOCORAN-TOGEL-TOTO-MACAU-19.00-27-150x150.jpg HTTP/1.1" 200 0 "-" "Mozilla/5.0 (Windows NT 10.0; Win64; x64) AppleWebKit/537.36 (KHTML, like Gecko) Chrome/109.0.0.0 Safari/537.36"
172.190.230.70 - - [29/Apr/2025:16:56:48 -0400] "GET /wp-content/uploads/2023/11/BOCORAN-TOGEL-TOTO-MACAU-19.00-27-150x150.jpg HTTP/1.1" 200 0 "-" "Mozilla/5.0 (Windows NT 10.0; Win64; x64) AppleWebKit/537.36 (KHTML, like Gecko) Chrome/109.0.0.0 Safari/537.36"
66.249.73.128 - - [29/Apr/2025:16:56:49 -0400] "GET /?o=08892125056503&channel=01ac46&from=news.php%3Fid%3D1250565-7296%26name%3D%E3%80%90%E7%9C%9F%E4%BD%9C%E3%80%91%E3%80%90%E9%A2%A8%E8%BB%8A%E3%80%91%E4%B8%AD%E5%9B%BD+%E9%8E%AE%E6%B1%9F+%E9%87%91%E5%B1%B1+%E6%B1%9F%E5%A4%A9%E5%AF%BA+%E8%B0%B7%E5%A3%B0%E6%B3%95%E5%B8%AB+%E3%80%8C%E8%87%B3%E5%BE%B3%E8%A6%81%E9%81%93%E3%80%8D%E2%97%8E%E8%82%89%E7%AD%86%E7%B4%99%E6%9C%AC%E2%97%8E1938%E5%B9%B4%E4%BD%9C+%E6%B0%91%E5%9B%BD%E6%99%82%E4%BB%A3+%E4%B8%AD%E5%9B%BD%E7%94%BB HTTP/1.1" 200 56972 "-" "Mozilla/5.0 (Linux; Android 6.0.1; Nexus 5X Build/MMB29P) AppleWebKit/537.36 (KHTML, like Gecko) Chrome/135.0.7049.95 Mobile Safari/537.36 (compatible; Googlebot/2.1; +http://www.google.com/bot.html)"
66.249.73.128 - - [29/Apr/2025:16:56:54 -0400] "GET /?o=09570162260700&channel=282c7b&from=article.php%3Fid%3D1622607-3363%26name%3D%E3%80%8C%E5%8C%A0%E3%80%8D%E6%A3%92%E9%87%9D%E3%82%BB%E3%83%83%E3%83%88II%E3%80%90%E7%B7%A8%E3%81%BF%E7%89%A9%E7%94%A8%E5%93%81%E3%80%91 HTTP/1.1" 200 55352 "-" "Mozilla/5.0 (Linux; Android 6.0.1; Nexus 5X Build/MMB29P) AppleWebKit/537.36 (KHTML, like Gecko) Chrome/135.0.7049.95 Mobile Safari/537.36 (compatible; Googlebot/2.1; +http://www.google.com/bot.html)"
66.249.73.129 - - [29/Apr/2025:16:57:01 -0400] "GET /?o=87302192761102&channel=8348ad&from=article.php%3Fid%3D1927611-27204%26name%3DHEALEEP+20+%E5%80%8B+L%E5%9E%8B%E8%A3%9C%E4%BF%AE%E3%83%97%E3%83%AC%E3%83%BC%E3%83%88+%E3%82%B3%E3%83%BC%E3%83%8A%E3%83%BC%E3%82%B3%E3%83%BC%E3%83%89+%E3%82%B3%E3%83%BC%E3%83%8A%E3%83%BC%E3%83%96%E3%83%AC%E3%83%BC%E3%82%B9+%E8%A7%92%E3%81%8B%E3%81%A3%E3%81%93+%E7%9A%BF+%E3%83%A1%E3%83%B3%E3%83%87%E3%82%A3%E3%83%B3%E3%82%B0%E3%83%97%E3%83%AC%E3%83%BC%E3%83%88+%E8%A7%92%E5%BA%A6%E4%BB%98%E3%81%8D%E3%82%B3%E3%83%BC%E3%83%8A%E3%83%BC%E3%83%96 HTTP/1.1" 200 54696 "-" "Mozilla/5.0 (Linux; Android 6.0.1; Nexus 5X Build/MMB29P) AppleWebKit/537.36 (KHTML, like Gecko) Chrome/135.0.7049.95 Mobile Safari/537.36 (compatible; Googlebot/2.1; +http://www.google.com/bot.html)"
66.249.73.129 - - [29/Apr/2025:16:57:09 -0400] "GET /?o=15131193208900&channel=09b069&from=shop.php%3Fid%3D1932089-1239%26name%3D%E6%96%B0%E3%81%97%E3%81%84%E3%82%B7%E3%82%B9%E3%83%86%E3%83%A0%E3%83%98%E3%83%AB%E3%83%A1%E3%83%83%E3%83%88%E3%83%93%E3%83%87%E3%82%AA%E3%83%A1%E3%83%BC%E3%82%BF%E3%83%BC%E3%80%81%E3%82%AA%E3%83%BC%E3%83%88%E3%83%90%E3%82%A4%E3%83%98%E3%83%AB%E3%83%A1%E3%83%83%E3%83%88%E3%82%AB%E3%83%A1%E3%83%A9%E3%80%81+bluetooth+%E3%82%B7%E3%82%B9%E3%83%86%E3%83%A0%E3%83%98%E3%83%AB%E3%83%A1%E3%83%83%E3%83%88%E3%83%95%E3%83%AA%E3%83%83%E3%83%97%E3%83%98%E3%83%AB%E3%83%A1%E3%83%83%E3%83%88%E3%82%B9%E3%83%94%E3%83%BC HTTP/1.1" 200 55137 "-" "Mozilla/5.0 (Linux; Android 6.0.1; Nexus 5X Build/MMB29P) AppleWebKit/537.36 (KHTML, like Gecko) Chrome/135.0.7049.95 Mobile Safari/537.36 (compatible; Googlebot/2.1; +http://www.google.com/bot.html)"
172.190.230.70 - - [29/Apr/2025:16:57:15 -0400] "GET /wp-content/uploads/2023/11/BOCORAN-TOGEL-TOTO-MACAU-16.00-18-150x150.jpg HTTP/1.1" 200 0 "-" "Mozilla/5.0 (Windows NT 10.0; Win64; x64) AppleWebKit/537.36 (KHTML, like Gecko) Chrome/109.0.0.0 Safari/537.36"
172.190.230.70 - - [29/Apr/2025:16:57:16 -0400] "GET /wp-content/uploads/2023/11/BOCORAN-TOGEL-TOTO-MACAU-16.00-18-150x150.jpg HTTP/1.1" 200 0 "-" "Mozilla/5.0 (Windows NT 10.0; Win64; x64) AppleWebKit/537.36 (KHTML, like Gecko) Chrome/109.0.0.0 Safari/537.36"
66.249.73.128 - - [29/Apr/2025:16:57:16 -0400] "GET /?o=38712151528702&channel=27eec7&from=brands.php%3Fid%3D1515287-1998%26name%3DDJI+Pocket+2+Creator+Combo HTTP/1.1" 200 53744 "-" "Mozilla/5.0 (Linux; Android 6.0.1; Nexus 5X Build/MMB29P) AppleWebKit/537.36 (KHTML, like Gecko) Chrome/135.0.7049.95 Mobile Safari/537.36 (compatible; Googlebot/2.1; +http://www.google.com/bot.html)"
172.190.230.70 - - [29/Apr/2025:16:57:16 -0400] "GET /wp-content/uploads/2023/11/BOCORAN-TOGEL-TOTO-MACAU-16.00-18-150x150.jpg HTTP/1.1" 200 0 "-" "Mozilla/5.0 (Windows NT 10.0; Win64; x64) AppleWebKit/537.36 (KHTML, like Gecko) Chrome/109.0.0.0 Safari/537.36"
66.249.73.128 - - [29/Apr/2025:16:57:22 -0400] "GET /?o=86815153465200&channel=edfc44&from=info.php%3Fid%3D1534652-17231%26name%3D%E3%80%90%E6%BC%86%E5%99%A8%E3%83%BB%E8%92%94%E7%B5%B5%E3%80%91%E9%87%91%E8%92%94%E7%B5%B5%E3%81%AE%E4%B8%89%E6%96%B9%E3%81%A8%E4%B8%89%E3%81%A4%E7%B5%84%E7%9B%83%E3%81%AE%E3%82%BB%E3%83%83%E3%83%88+%E5%B1%B1%E6%B0%B4%E6%96%87+%E6%9D%BE%E6%96%87+%E6%A2%A8%E5%9C%B0+%E5%90%88%E3%82%8F%E3%81%9B%E7%AE%B1+%E3%83%87%E3%82%A3%E3%82%B9%E3%83%97%E3%83%AC%E3%82%A4%E7%94%A8%E5%93%81+%E3%82%A4%E3%83%B3%E3%83%86%E3%83%AA%E3%82%A2%E7%94%A8%E5%93%81+%E9%AA%A8%E8%91%A3%E5%93%81+%E3%82%A2%E3%83%B3%E3%83%86%E3%82%A3%E3%83%BC%E3%82%AF HTTP/1.1" 200 57573 "-" "Mozilla/5.0 (Linux; Android 6.0.1; Nexus 5X Build/MMB29P) AppleWebKit/537.36 (KHTML, like Gecko) Chrome/135.0.7049.95 Mobile Safari/537.36 (compatible; Googlebot/2.1; +http://www.google.com/bot.html)"
66.249.73.128 - - [29/Apr/2025:16:57:29 -0400] "GET /?o=4280141451505&channel=bb030f&from=info.php%3Fid%3D414515-66%26name%3D%E3%83%80%E3%82%A4%E3%83%8F%E3%83%84+%E3%82%A2%E3%83%88%E3%83%AC%E3%83%BC+S700%E7%B3%BB+%E5%BA%8A%E5%BC%B5%E3%82%8A+%E3%82%AD%E3%83%83%E3%83%88+%E3%82%A2%E3%83%94%E3%83%88%E3%83%B3%E5%90%88%E6%9D%BF+%E3%83%95%E3%83%AB%E3%82%B5%E3%82%A4%E3%82%BA+%E8%8D%B7%E5%AE%A4+%E5%85%A8%E9%9D%A2+%E7%B0%A1%E5%8D%98%E8%A8%AD%E7%BD%AE+%E9%AB%98%E8%80%90%E4%B9%85+%E5%BA%8A+%E6%9D%BF+%E3%82%AB%E3%82%B9%E3%82%BF%E3%83%A0+%E3%83%91%E3%83%BC%E3%83%84+%E8%BB%8A%E4%B8%AD%E6%B3%8A+%E5%86%85%E8%A3%85+%E3%83%91%E3%83%8D%E3%83%AB+%E3%83%A9%E3%82%B2%E3%83%83%E3%82%B8 HTTP/1.1" 200 55280 "-" "Mozilla/5.0 (Linux; Android 6.0.1; Nexus 5X Build/MMB29P) AppleWebKit/537.36 (KHTML, like Gecko) Chrome/135.0.7049.95 Mobile Safari/537.36 (compatible; Googlebot/2.1; +http://www.google.com/bot.html)"
172.190.230.70 - - [29/Apr/2025:16:57:29 -0400] "GET /wp-content/uploads/2023/11/BOCORAN-TOGEL-TOTO-MACAU-22.00-25-150x150.jpg HTTP/1.1" 200 0 "-" "Mozilla/5.0 (Windows NT 10.0; Win64; x64) AppleWebKit/537.36 (KHTML, like Gecko) Chrome/109.0.0.0 Safari/537.36"
66.249.73.128 - - [29/Apr/2025:16:57:30 -0400] "GET /?o=08829105480308&channel=b37abe&from=pin.php%3Fid%3D1054803-493%26name%3D%E6%9D%B1%E8%8A%9D+%E3%82%AD%E3%83%A3%E3%83%8B%E3%82%B9%E3%82%BF%E3%83%BC%E6%8E%83%E9%99%A4%E6%A9%9F+%E3%82%B5%E3%82%A4%E3%82%AF%E3%83%AD%E3%83%B3%E5%BC%8F+%E6%8E%83%E9%99%A4%E6%A9%9F+%E3%82%B5%E3%82%A4%E3%82%AF%E3%83%AD%E3%83%B3%E3%82%AF%E3%83%AA%E3%83%BC%E3%83%8A%E3%83%BC+%E3%83%88%E3%83%AB%E3%83%8D%E3%82%AA+%E3%83%9F%E3%83%8B+%E8%87%AA%E8%B5%B0%E5%BC%8F%E3%83%98%E3%83%83%E3%83%89+TORNEO+mini+%E3%82%B0%E3%83%A9%E3%83%B3%E3%83%AC%E3%83%83%E3%83%89+TOSHIBA+VC-CF31%EF%BC%88R%EF%BC%89 HTTP/1.1" 200 54824 "-" "Mozilla/5.0 (Linux; Android 6.0.1; Nexus 5X Build/MMB29P) AppleWebKit/537.36 (KHTML, like Gecko) Chrome/135.0.7049.95 Mobile Safari/537.36 (compatible; Googlebot/2.1; +http://www.google.com/bot.html)"
172.190.230.70 - - [29/Apr/2025:16:57:30 -0400] "GET /wp-content/uploads/2023/11/BOCORAN-TOGEL-TOTO-MACAU-22.00-25-150x150.jpg HTTP/1.1" 200 0 "-" "Mozilla/5.0 (Windows NT 10.0; Win64; x64) AppleWebKit/537.36 (KHTML, like Gecko) Chrome/109.0.0.0 Safari/537.36"
172.190.230.70 - - [29/Apr/2025:16:57:30 -0400] "GET /wp-content/uploads/2023/11/BOCORAN-TOGEL-TOTO-MACAU-22.00-25-150x150.jpg HTTP/1.1" 200 0 "-" "Mozilla/5.0 (Windows NT 10.0; Win64; x64) AppleWebKit/537.36 (KHTML, like Gecko) Chrome/109.0.0.0 Safari/537.36"
66.249.73.128 - - [29/Apr/2025:16:57:37 -0400] "GET /?o=2555719677100&channel=42dc97&from=shop.php%3Fid%3D196771-2065%26name%3DSSM-W7.0+%E3%83%87%E3%83%BC%E3%82%BF%E3%82%B7%E3%82%B9%E3%83%86%E3%83%A0+%E3%82%B9%E3%83%BC%E3%83%91%E3%83%BC%E3%82%B9%E3%83%AA%E3%83%A0AHD%E3%83%A2%E3%83%8B%E3%82%BF%E3%83%BC+7%E3%82%A4%E3%83%B3%E3%83%81%E8%BB%8A%E8%BC%89%E3%83%A2%E3%83%8B%E3%82%BF%E3%83%BC+Data+system HTTP/1.1" 200 57219 "-" "Mozilla/5.0 (Linux; Android 6.0.1; Nexus 5X Build/MMB29P) AppleWebKit/537.36 (KHTML, like Gecko) Chrome/135.0.7049.95 Mobile Safari/537.36 (compatible; Googlebot/2.1; +http://www.google.com/bot.html)"
66.249.73.129 - - [29/Apr/2025:16:57:44 -0400] "GET /?o=12497129469205&channel=1dcef6&from=goods.php%3Fid%3D1294692-2347%26name%3D%E3%80%90%E8%81%9A%E5%AF%B3%E9%BD%8B%2A%E5%92%8C%E7%94%B0%E7%8E%89%E7%B2%BE%E5%BD%AB%2A%E7%99%BD%E8%8F%9C%2A%E3%80%91%E7%BD%AE%E7%89%A9+%E8%B3%9E%E7%89%A9+%E8%B6%85%E7%BE%8E%E5%93%81+%E5%A4%A7%E5%90%89+%E4%B8%AD%E5%9B%BD%E5%8F%A4%E7%BE%8E%E8%A1%93+%E7%A8%80%E5%B0%91%E7%8F%8D%E5%93%8120300 HTTP/1.1" 200 55402 "-" "Mozilla/5.0 (Linux; Android 6.0.1; Nexus 5X Build/MMB29P) AppleWebKit/537.36 (KHTML, like Gecko) Chrome/135.0.7049.95 Mobile Safari/537.36 (compatible; Googlebot/2.1; +http://www.google.com/bot.html)"
172.190.230.70 - - [29/Apr/2025:16:57:50 -0400] "GET /wp-content/uploads/2023/11/BOCORAN-TOGEL-TOTO-MACAU-22.00-16-150x150.jpg HTTP/1.1" 200 0 "-" "Mozilla/5.0 (Windows NT 10.0; Win64; x64) AppleWebKit/537.36 (KHTML, like Gecko) Chrome/109.0.0.0 Safari/537.36"
172.190.230.70 - - [29/Apr/2025:16:57:50 -0400] "GET /wp-content/uploads/2023/11/BOCORAN-TOGEL-TOTO-MACAU-22.00-16-150x150.jpg HTTP/1.1" 200 0 "-" "Mozilla/5.0 (Windows NT 10.0; Win64; x64) AppleWebKit/537.36 (KHTML, like Gecko) Chrome/109.0.0.0 Safari/537.36"
66.249.73.128 - - [29/Apr/2025:16:57:51 -0400] "GET /?o=1632679104602&channel=7cbdb4&from=blog.php%3Fid%3D791046-8433%26name%3D%E3%83%A4%E3%83%9E%E3%83%8F+PAS+Kiss+miniXL+2015%E5%B9%B4%E3%83%A2%E3%83%87%E3%83%AB HTTP/1.1" 200 53975 "-" "Mozilla/5.0 (Linux; Android 6.0.1; Nexus 5X Build/MMB29P) AppleWebKit/537.36 (KHTML, like Gecko) Chrome/135.0.7049.95 Mobile Safari/537.36 (compatible; Googlebot/2.1; +http://www.google.com/bot.html)"
172.190.230.70 - - [29/Apr/2025:16:57:51 -0400] "GET /wp-content/uploads/2023/11/BOCORAN-TOGEL-TOTO-MACAU-22.00-16-150x150.jpg HTTP/1.1" 200 0 "-" "Mozilla/5.0 (Windows NT 10.0; Win64; x64) AppleWebKit/537.36 (KHTML, like Gecko) Chrome/109.0.0.0 Safari/537.36"
66.249.73.129 - - [29/Apr/2025:16:57:59 -0400] "GET /?o=579752751908&channel=e2687f&from=shared.php%3Fid%3D27519-2801%26name%3D%E3%83%99%E3%82%B9%E3%83%91+%E3%82%B9%E3%83%A2%E3%83%BC%E3%83%AB%E7%94%A83Way%E3%83%AA%E3%82%A2%E3%82%AD%E3%83%A3%E3%83%AA%E3%82%A2 HTTP/1.1" 200 53192 "-" "Mozilla/5.0 (Linux; Android 6.0.1; Nexus 5X Build/MMB29P) AppleWebKit/537.36 (KHTML, like Gecko) Chrome/135.0.7049.95 Mobile Safari/537.36 (compatible; Googlebot/2.1; +http://www.google.com/bot.html)"
66.249.73.128 - - [29/Apr/2025:16:58:07 -0400] "GET /?o=05739114234601&channel=42dc97&from=blog.php%3Fid%3D1142346-2065%26name%3DCLEAR+WORLD%2F%E3%82%AF%E3%83%AA%E3%82%A2%E3%83%AF%E3%83%BC%E3%83%AB%E3%83%89+%E3%83%AA%E3%82%A2%E3%83%95%E3%82%A9%E3%82%B0%E3%83%A9%E3%83%B3%E3%83%97+WRX+STI%2FWRX+S4+VAB%2FVAG++%E3%83%95%E3%82%A9%E3%82%B0%E3%83%A9%E3%83%B3%E3%83%97+%E3%83%AC%E3%83%83%E3%83%89%E3%83%AC%E3%83%B3%E3%82%BA+RFF-01 HTTP/1.1" 200 56003 "-" "Mozilla/5.0 (Linux; Android 6.0.1; Nexus 5X Build/MMB29P) AppleWebKit/537.36 (KHTML, like Gecko) Chrome/135.0.7049.95 Mobile Safari/537.36 (compatible; Googlebot/2.1; +http://www.google.com/bot.html)"
66.249.73.128 - - [29/Apr/2025:16:58:08 -0400] "GET /?o=4862871139001&channel=eff1cb&from=jp.php%3Fid%3D711390-6041%26name%3D%E3%82%B8%E3%83%A5%E3%82%A8%E3%83%AA%E3%83%BC+%E3%83%91%E3%83%BC%E3%83%AB+%E3%83%8D%E3%83%83%E3%82%AF%E3%83%AC%E3%82%B9+%E3%83%8D%E3%83%83%E3%82%AF%E3%83%AC%E3%82%B9 HTTP/1.1" 200 55587 "-" "Mozilla/5.0 (Linux; Android 6.0.1; Nexus 5X Build/MMB29P) AppleWebKit/537.36 (KHTML, like Gecko) Chrome/135.0.7049.95 Mobile Safari/537.36 (compatible; Googlebot/2.1; +http://www.google.com/bot.html)"
172.190.230.70 - - [29/Apr/2025:16:58:12 -0400] "GET /wp-content/uploads/2023/11/BOCORAN-TOGEL-TOTO-MACAU-13.00-19-150x150.jpg HTTP/1.1" 200 0 "-" "Mozilla/5.0 (Windows NT 10.0; Win64; x64) AppleWebKit/537.36 (KHTML, like Gecko) Chrome/109.0.0.0 Safari/537.36"
172.190.230.70 - - [29/Apr/2025:16:58:12 -0400] "GET /wp-content/uploads/2023/11/BOCORAN-TOGEL-TOTO-MACAU-13.00-19-150x150.jpg HTTP/1.1" 200 0 "-" "Mozilla/5.0 (Windows NT 10.0; Win64; x64) AppleWebKit/537.36 (KHTML, like Gecko) Chrome/109.0.0.0 Safari/537.36"
172.190.230.70 - - [29/Apr/2025:16:58:13 -0400] "GET /wp-content/uploads/2023/11/BOCORAN-TOGEL-TOTO-MACAU-13.00-19-150x150.jpg HTTP/1.1" 200 0 "-" "Mozilla/5.0 (Windows NT 10.0; Win64; x64) AppleWebKit/537.36 (KHTML, like Gecko) Chrome/109.0.0.0 Safari/537.36"
66.249.73.128 - - [29/Apr/2025:16:58:14 -0400] "GET /?o=19896154323600&channel=92e974&from=shared.php%3Fid%3D1543236-21880%26name%3DFitech+%E6%8A%95%E3%81%92%E3%82%8B%E6%B6%88%E7%81%AB%E7%94%A8%E5%85%B7+2%E6%9C%AC%E3%82%BB%E3%83%83%E3%83%88+%E6%9C%AA%E4%BD%BF%E7%94%A8+2028%2C2029 HTTP/1.1" 200 52193 "-" "Mozilla/5.0 (Linux; Android 6.0.1; Nexus 5X Build/MMB29P) AppleWebKit/537.36 (KHTML, like Gecko) Chrome/135.0.7049.95 Mobile Safari/537.36 (compatible; Googlebot/2.1; +http://www.google.com/bot.html)"
66.249.73.128 - - [29/Apr/2025:16:58:17 -0400] "GET /?o=7843921609401&channel=3655f0&from=brands.php%3Fid%3D216094-11083%26name%3DTOD%27S+%E3%82%B4%E3%83%B3%E3%83%9F%E3%83%BC%E3%83%8B+%E3%83%89%E3%83%A9%E3%82%A4%E3%83%93%E3%83%B3%E3%82%B0%E3%82%B7%E3%83%A5%E3%83%BC%E3%82%BA++%E3%82%B0%E3%83%AC%E3%83%BC+%E6%97%A5%E6%9C%AC%E9%99%90%E5%AE%9A+7+1%2F2 HTTP/1.1" 200 52700 "-" "Mozilla/5.0 (Linux; Android 6.0.1; Nexus 5X Build/MMB29P) AppleWebKit/537.36 (KHTML, like Gecko) Chrome/135.0.7049.114 Mobile Safari/537.36 (compatible; Googlebot/2.1; +http://www.google.com/bot.html)"
66.249.73.128 - - [29/Apr/2025:16:58:21 -0400] "GET /?o=81181169465201&channel=6fb94a&from=article.php%3Fid%3D1694652-3903%26name%3D%5BnewNE%5D+%E3%83%93%E3%83%83%E3%82%B0%E3%82%B7%E3%83%AB%E3%82%A8%E3%83%83%E3%83%88+%E3%82%B9%E3%82%A6%E3%82%A7%E3%83%83%E3%83%88+%E3%83%AC%E3%83%87%E3%82%A3%E3%83%BC%E3%82%B9+%E3%83%97%E3%83%AB%E3%82%AA%E3%83%BC%E3%83%90%E3%83%BC+%E3%82%86%E3%81%A3%E3%81%9F%E3%82%8A+%E3%82%AB%E3%82%B8%E3%83%A5%E3%82%A2%E3%83%AB+%E4%BD%93%E5%9E%8B%E3%82%AB%E3%83%90%E3%83%BC+%E3%83%88%E3%83%83%E3%83%97%E3%82%B9+%E6%98%A5+%E7%A7%8B HTTP/1.1" 200 55364 "-" "Mozilla/5.0 (Linux; Android 6.0.1; Nexus 5X Build/MMB29P) AppleWebKit/537.36 (KHTML, like Gecko) Chrome/135.0.7049.95 Mobile Safari/537.36 (compatible; Googlebot/2.1; +http://www.google.com/bot.html)"
66.249.73.128 - - [29/Apr/2025:16:58:29 -0400] "GET /?o=91642153306606&channel=2a1885&from=category-info.php%3Fid%3D1533066-2162%26name%3D%E2%98%85%E5%B8%8C%E5%B0%91%E3%80%9020th+Anniversary%E3%80%91New+Balance+W991ANI HTTP/1.1" 200 52871 "-" "Mozilla/5.0 (Linux; Android 6.0.1; Nexus 5X Build/MMB29P) AppleWebKit/537.36 (KHTML, like Gecko) Chrome/135.0.7049.95 Mobile Safari/537.36 (compatible; Googlebot/2.1; +http://www.google.com/bot.html)"
66.249.73.128 - - [29/Apr/2025:16:58:32 -0400] "GET /?o=9642428208012&channel=c02fdd&from=jp.php%3Fid%3D282080-12870%26name%3D%E7%BE%8E%E5%AE%B9+%E8%84%B1%E6%AF%9B%E5%99%A8+%E3%83%95%E3%82%B8%E3%83%86%E3%83%AC%E3%83%93+%E3%83%8E%E3%83%B3%E3%82%B9%E3%83%88%E3%83%83%E3%83%97+%E3%81%84%E3%81%84%E3%82%82%E3%81%AE%E3%83%97%E3%83%AC%E3%83%9F%E3%82%A2%E3%83%A0+%E8%84%B1%E6%AF%9B+%E3%83%95%E3%82%A7%E3%82%A4%E3%82%B9+%E5%85%89%E7%BE%8E%E5%AE%B9%E5%99%A8+%E3%83%A0%E3%83%80%E6%AF%9B%E5%87%A6%E7%90%86+%E5%A5%B3%E6%80%A7+%E7%94%B7%E6%80%A7+%E3%83%A0%E3%83%80%E6%AF%9B%E3%82%B1%E3%82%A2+%E5%85%89%E7%BE%8E%E5%AE%B9+%E3%83%80%E3%83%96%E3%83%AB%E3%82%A8%E3%83%94+%E3%83%AB%E3%83%9F%E3%83%8A%E3%82%B9%E3%83%9C%E3%83%BC%E3%83%86+AR1992 HTTP/1.1" 200 54472 "-" "Mozilla/5.0 (Linux; Android 6.0.1; Nexus 5X Build/MMB29P) AppleWebKit/537.36 (KHTML, like Gecko) Chrome/135.0.7049.95 Mobile Safari/537.36 (compatible; Googlebot/2.1; +http://www.google.com/bot.html)"
66.249.73.129 - - [29/Apr/2025:16:58:38 -0400] "GET /?o=3703195777903&channel=afd1b0&from=news.php%3Fid%3D957779-3001%26name%3D%E3%82%B8%E3%83%A5%E3%83%8B%E3%82%A2+%E3%82%B9%E3%83%8E%E3%83%BC%E3%83%9C%E3%83%BC%E3%83%89+130cm++%E3%83%96%E3%83%BC%E3%83%8425cm+%E3%83%93%E3%83%B3%E3%83%87%E3%82%A3%E3%83%B3%E3%82%B0+3%E3%82%BB%E3%83%83%E3%83%88 HTTP/1.1" 200 52631 "-" "Mozilla/5.0 (Linux; Android 6.0.1; Nexus 5X Build/MMB29P) AppleWebKit/537.36 (KHTML, like Gecko) Chrome/135.0.7049.95 Mobile Safari/537.36 (compatible; Googlebot/2.1; +http://www.google.com/bot.html)"
66.249.73.129 - - [29/Apr/2025:16:58:48 -0400] "GET /?o=77921148604403&channel=44471b&from=pin.php%3Fid%3D1486044-25851%26name%3D%5B%EF%BC%B1ixingzhe%5D+%E5%BC%B5%E3%82%8C%E3%82%8B+%E7%84%A1%E6%96%99%E9%85%8D%E9%80%81+%E3%83%AC%E3%83%87%E3%82%A3%E3%83%BC%E3%82%B9+%E3%83%95%E3%82%A1%E3%83%83%E3%82%B7%E3%83%A7%E3%83%B3+%E3%82%BB%E3%82%AF%E3%82%B7%E3%83%BC+%E3%83%B4%E3%82%A3%E3%83%B3%E3%83%86%E3%83%BC%E3%82%B8+%E3%82%A2%E3%83%B3%E3%83%80%E3%83%BC%E3%83%90%E3%82%B9%E3%83%88+%E3%82%B3%E3%83%AB%E3%82%BB%E3%83%83%E3%83%88+%E3%83%93%E3%82%B9%E3%83%81%E3%82%A7+%E3%82%A6%E3%82%A8%E3%82%B9%E3%83%88 HTTP/1.1" 200 55630 "-" "Mozilla/5.0 (Linux; Android 6.0.1; Nexus 5X Build/MMB29P) AppleWebKit/537.36 (KHTML, like Gecko) Chrome/135.0.7049.95 Mobile Safari/537.36 (compatible; Googlebot/2.1; +http://www.google.com/bot.html)"
66.249.73.128 - - [29/Apr/2025:16:58:59 -0400] "GET /?o=9121153640100&channel=56fbb9&from=category-info.php%3Fid%3D536401-7287%26name%3D%E3%82%BB%E3%83%A9%E3%83%9F%E3%83%BC%E3%83%AB+IH%E5%AF%BE%E5%BF%9C+%E8%A1%8C%E5%B9%B3%E9%8D%8B+18cm+HC-568+%E3%83%91%E3%83%BC%E3%83%AB%E9%87%91%E5%B1%9E HTTP/1.1" 200 54242 "-" "Mozilla/5.0 (Linux; Android 6.0.1; Nexus 5X Build/MMB29P) AppleWebKit/537.36 (KHTML, like Gecko) Chrome/135.0.7049.95 Mobile Safari/537.36 (compatible; Googlebot/2.1; +http://www.google.com/bot.html)"
172.190.230.70 - - [29/Apr/2025:16:59:07 -0400] "GET /wp-content/uploads/2023/11/BOCORAN-TOGEL-SYDNEY-25-150x150.png HTTP/1.1" 200 0 "-" "Mozilla/5.0 (Windows NT 10.0; Win64; x64) AppleWebKit/537.36 (KHTML, like Gecko) Chrome/109.0.0.0 Safari/537.36"
172.190.230.70 - - [29/Apr/2025:16:59:08 -0400] "GET /wp-content/uploads/2023/11/BOCORAN-TOGEL-SYDNEY-25-150x150.png HTTP/1.1" 200 0 "-" "Mozilla/5.0 (Windows NT 10.0; Win64; x64) AppleWebKit/537.36 (KHTML, like Gecko) Chrome/109.0.0.0 Safari/537.36"
66.249.73.129 - - [29/Apr/2025:16:59:08 -0400] "GET /?o=41509121907200&channel=868935&from=form.php%3Fid%3D1219072-14134%26name%3D%E3%80%90%E6%A8%A1%E5%86%99%E3%80%91%E3%80%8E%E6%B0%B4%E6%88%B8%E5%85%89%E5%9C%80%E5%85%AC%E3%80%8F%E7%AD%86%EF%BC%88%E4%BC%9D%E6%9D%A5%EF%BC%89%2F%E7%B4%99%E6%9C%AC%E6%8E%9B%E8%BB%B8+%E8%82%89%E7%AD%86%E6%97%A5%E6%9C%AC%E7%94%BB+%E2%80%9C%E7%99%BD%E6%A2%85%E9%B3%A9%E5%9B%B3%E2%80%9D%E3%80%80%EF%BC%9C231101002%EF%BC%9E HTTP/1.1" 200 56557 "-" "Mozilla/5.0 (Linux; Android 6.0.1; Nexus 5X Build/MMB29P) AppleWebKit/537.36 (KHTML, like Gecko) Chrome/135.0.7049.95 Mobile Safari/537.36 (compatible; Googlebot/2.1; +http://www.google.com/bot.html)"
172.190.230.70 - - [29/Apr/2025:16:59:08 -0400] "GET /wp-content/uploads/2023/11/BOCORAN-TOGEL-SYDNEY-25-150x150.png HTTP/1.1" 200 0 "-" "Mozilla/5.0 (Windows NT 10.0; Win64; x64) AppleWebKit/537.36 (KHTML, like Gecko) Chrome/109.0.0.0 Safari/537.36"
66.249.73.129 - - [29/Apr/2025:16:59:08 -0400] "GET /?o=39089145733800&channel=f696d9&from=article.php%3Fid%3D1457338-8021%26name%3D%E9%9B%BB%E5%AD%90%E3%83%94%E3%82%A2%E3%83%8E HTTP/1.1" 200 53384 "-" "Mozilla/5.0 (Linux; Android 6.0.1; Nexus 5X Build/MMB29P) AppleWebKit/537.36 (KHTML, like Gecko) Chrome/135.0.7049.95 Mobile Safari/537.36 (compatible; Googlebot/2.1; +http://www.google.com/bot.html)"
66.249.73.129 - - [29/Apr/2025:16:59:17 -0400] "GET /?o=8116696672600&channel=afda50&from=news.php%3Fid%3D966726-3802%26name%3D%E2%91%A1%E2%99%A6%EF%B8%8FEJ1088%E7%95%AA%E3%82%A8%E3%82%B9%E3%82%B1%E3%82%A4%E3%82%B8%E3%83%A3%E3%83%91%E3%83%B3%E6%B6%B2%E6%99%B6%E3%83%86%E3%83%AC%E3%83%93 HTTP/1.1" 200 60424 "-" "Mozilla/5.0 (Linux; Android 6.0.1; Nexus 5X Build/MMB29P) AppleWebKit/537.36 (KHTML, like Gecko) Chrome/135.0.7049.95 Mobile Safari/537.36 (compatible; Googlebot/2.1; +http://www.google.com/bot.html)"
172.190.230.70 - - [29/Apr/2025:16:59:24 -0400] "GET /wp-content/uploads/2023/11/BOCORAN-TOGEL-SYDNEY-16-150x150.png HTTP/1.1" 200 0 "-" "Mozilla/5.0 (Windows NT 10.0; Win64; x64) AppleWebKit/537.36 (KHTML, like Gecko) Chrome/109.0.0.0 Safari/537.36"
172.190.230.70 - - [29/Apr/2025:16:59:24 -0400] "GET /wp-content/uploads/2023/11/BOCORAN-TOGEL-SYDNEY-16-150x150.png HTTP/1.1" 200 0 "-" "Mozilla/5.0 (Windows NT 10.0; Win64; x64) AppleWebKit/537.36 (KHTML, like Gecko) Chrome/109.0.0.0 Safari/537.36"
172.190.230.70 - - [29/Apr/2025:16:59:25 -0400] "GET /wp-content/uploads/2023/11/BOCORAN-TOGEL-SYDNEY-16-150x150.png HTTP/1.1" 200 0 "-" "Mozilla/5.0 (Windows NT 10.0; Win64; x64) AppleWebKit/537.36 (KHTML, like Gecko) Chrome/109.0.0.0 Safari/537.36"
66.249.73.128 - - [29/Apr/2025:16:59:25 -0400] "GET /?o=9668875063100&channel=3e03c5&from=blog.php%3Fid%3D750631-3547%26name%3DFURUTA+%E3%83%95%E3%83%AB%E3%82%BF+20%E4%B8%96%E7%B4%80%E6%BC%AB%E7%94%BB%E5%AE%B6%E3%82%B3%E3%83%AC%E3%82%AF%E3%82%B7%E3%83%A7%E3%83%B3%E3%82%BB%E3%83%83%E3%83%88 HTTP/1.1" 200 54967 "-" "Mozilla/5.0 (Linux; Android 6.0.1; Nexus 5X Build/MMB29P) AppleWebKit/537.36 (KHTML, like Gecko) Chrome/135.0.7049.95 Mobile Safari/537.36 (compatible; Googlebot/2.1; +http://www.google.com/bot.html)"
66.249.73.128 - - [29/Apr/2025:16:59:31 -0400] "GET /?o=78629137994009&channel=9f69e2&from=article.php%3Fid%3D1379940-1611%26name%3D%E3%80%90%E7%93%8F%E3%80%91%E5%92%8C%E7%94%B0%E7%8E%89+%E7%99%BD%E7%8E%89%E5%BD%AB+%E9%8F%A4%E7%A9%BA%E4%B8%80%E5%93%81%E6%B8%85%E5%BB%89%E7%AD%86%E7%AD%92+%E6%B8%85%E6%99%82%E4%BB%A3+%E6%A5%B5%E7%B4%B0%E5%B7%A5+%E6%89%8B%E5%BD%AB%E3%82%8A+%E7%BD%AE%E7%89%A9+%E8%B3%9E%E7%89%A9+%E4%B8%AD%E5%9B%BD%E5%8F%A4%E7%BE%8E%E8%A1%93+%E9%AA%A8%E8%91%A3%E5%93%81+%E8%94%B5%E5%87%BA HTTP/1.1" 200 53709 "-" "Mozilla/5.0 (Linux; Android 6.0.1; Nexus 5X Build/MMB29P) AppleWebKit/537.36 (KHTML, like Gecko) Chrome/135.0.7049.95 Mobile Safari/537.36 (compatible; Googlebot/2.1; +http://www.google.com/bot.html)"
66.249.73.128 - - [29/Apr/2025:16:59:38 -0400] "GET /?o=3697826981605&channel=b8d2ac&from=shared.php%3Fid%3D269816-2478%26name%3D%E3%82%AB%E3%82%A4%E3%83%AB%E6%A7%98%E5%B0%82%E7%94%A8%E3%80%80%E6%A5%B5%E4%B8%8A%E5%93%81%E3%82%B9%E3%83%9A%E3%82%B7%E3%83%A3%E3%83%A9%E3%82%A4%E3%82%BA%E3%83%89%E3%80%80%E3%82%BF%E3%83%BC%E3%83%9E%E3%83%83%E3%82%AFSL7+pro+Di2+12s HTTP/1.1" 200 52490 "-" "Mozilla/5.0 (Linux; Android 6.0.1; Nexus 5X Build/MMB29P) AppleWebKit/537.36 (KHTML, like Gecko) Chrome/135.0.7049.95 Mobile Safari/537.36 (compatible; Googlebot/2.1; +http://www.google.com/bot.html)"
172.190.230.70 - - [29/Apr/2025:16:59:41 -0400] "GET /wp-content/uploads/2023/11/BOCORAN-TOGEL-TOTO-MACAU-19.00-18-150x150.jpg HTTP/1.1" 200 0 "-" "Mozilla/5.0 (Windows NT 10.0; Win64; x64) AppleWebKit/537.36 (KHTML, like Gecko) Chrome/109.0.0.0 Safari/537.36"
172.190.230.70 - - [29/Apr/2025:16:59:41 -0400] "GET /wp-content/uploads/2023/11/BOCORAN-TOGEL-TOTO-MACAU-23.00-22-150x150.jpg HTTP/1.1" 200 0 "-" "Mozilla/5.0 (Windows NT 10.0; Win64; x64) AppleWebKit/537.36 (KHTML, like Gecko) Chrome/109.0.0.0 Safari/537.36"
172.190.230.70 - - [29/Apr/2025:16:59:42 -0400] "GET /wp-content/uploads/2023/11/BOCORAN-TOGEL-TOTO-MACAU-19.00-18-150x150.jpg HTTP/1.1" 200 0 "-" "Mozilla/5.0 (Windows NT 10.0; Win64; x64) AppleWebKit/537.36 (KHTML, like Gecko) Chrome/109.0.0.0 Safari/537.36"
172.190.230.70 - - [29/Apr/2025:16:59:42 -0400] "GET /wp-content/uploads/2023/11/BOCORAN-TOGEL-TOTO-MACAU-23.00-22-150x150.jpg HTTP/1.1" 200 0 "-" "Mozilla/5.0 (Windows NT 10.0; Win64; x64) AppleWebKit/537.36 (KHTML, like Gecko) Chrome/109.0.0.0 Safari/537.36"
172.190.230.70 - - [29/Apr/2025:16:59:42 -0400] "GET /wp-content/uploads/2023/11/BOCORAN-TOGEL-TOTO-MACAU-19.00-18-150x150.jpg HTTP/1.1" 200 0 "-" "Mozilla/5.0 (Windows NT 10.0; Win64; x64) AppleWebKit/537.36 (KHTML, like Gecko) Chrome/109.0.0.0 Safari/537.36"
172.190.230.70 - - [29/Apr/2025:16:59:42 -0400] "GET /wp-content/uploads/2023/11/BOCORAN-TOGEL-TOTO-MACAU-23.00-22-150x150.jpg HTTP/1.1" 200 0 "-" "Mozilla/5.0 (Windows NT 10.0; Win64; x64) AppleWebKit/537.36 (KHTML, like Gecko) Chrome/109.0.0.0 Safari/537.36"
66.249.73.128 - - [29/Apr/2025:16:59:46 -0400] "GET /?o=8215965362804&channel=6e5403&from=jp.php%3Fid%3D653628-3821%26name%3D%E8%A2%B1%E7%B4%97+%E3%82%B7%E3%83%AB%E3%82%AF+%E4%BC%9D%E7%B5%B1%E5%B7%A5%E8%8A%B8+%E6%97%A5%E6%9C%AC%E8%A3%BD+%E4%BA%AC%E9%83%BD+%E8%A5%BF%E9%99%A3%E7%B9%94+%E7%B6%B4+%E3%81%B5%E3%81%8F%E3%81%95+%E6%85%B6%E5%BC%94%E4%B8%A1%E7%94%A8+%E5%9C%B0%E7%B4%8B+%EF%BD%9C+%E7%B5%90%E5%A9%9A%E5%BC%8F+%E8%91%AC%E5%BC%8F+%E7%94%B7%E6%80%A7+%E5%A5%B3%E6%80%A7+%E5%B0%B1%E8%81%B7%E7%A5%9D%E3%81%84+%E7%B5%90%E5%A9%9A%E7%A5%9D%E3%81%84+%E5%86%A0%E5%A9%9A%E8%91%AC%E7%A5%AD+%E6%AF%8D%E3%81%AE%E6%97%A5+%E7%88%B6%E3%81%AE%E6%97%A5+%E3%82%AE%E3%83%95%E3%83%88+%E3%83%97%E3%83%AC%E3%82%BC%E3%83%B3%E3%83%88 HTTP/1.1" 200 54144 "-" "Mozilla/5.0 (Linux; Android 6.0.1; Nexus 5X Build/MMB29P) AppleWebKit/537.36 (KHTML, like Gecko) Chrome/135.0.7049.95 Mobile Safari/537.36 (compatible; Googlebot/2.1; +http://www.google.com/bot.html)"
66.249.73.129 - - [29/Apr/2025:16:59:52 -0400] "GET /?o=90918161826606&channel=cf8690&from=shared.php%3Fid%3D1618266-6635%26name%3D%E3%83%97%E3%83%A9%E3%83%80%EF%BC%8FPRADA+%E3%83%96%E3%83%BC%E3%83%86%E3%82%A3+%E3%82%B7%E3%83%A7%E3%83%BC%E3%83%88%E3%83%96%E3%83%BC%E3%83%84+%E3%82%B7%E3%83%A5%E3%83%BC%E3%82%BA+%E9%9D%B4+%E3%83%AC%E3%83%87%E3%82%A3%E3%83%BC%E3%82%B9+%E5%A5%B3%E6%80%A7+%E5%A5%B3%E6%80%A7%E7%94%A8%E3%83%AC%E3%82%B6%E3%83%BC+%E9%9D%A9+%E6%9C%AC%E9%9D%A9+%E3%83%96%E3%83%A9%E3%83%83%E3%82%AF+%E9%BB%92++1P521A+%E3%82%B7%E3%83%A7%E3%83%BC%E3%83%88%E3%83%96%E3%83%BC%E3%83%84+%E3%82%B5%E3%82%A4%E3%83%89%E3%82%B8%E3%83%83%E3%83%97 HTTP/1.1" 200 53934 "-" "Mozilla/5.0 (Linux; Android 6.0.1; Nexus 5X Build/MMB29P) AppleWebKit/537.36 (KHTML, like Gecko) Chrome/135.0.7049.95 Mobile Safari/537.36 (compatible; Googlebot/2.1; +http://www.google.com/bot.html)"
40.77.167.235 - - [29/Apr/2025:16:59:55 -0400] "GET /?o=39517190331703&channel=2e7f94&from=shop.php%3Fid%3D1903317-10828%26name%3D%E3%83%9F%E3%83%A9%E3%83%BC+%E3%82%B3%E3%83%B3%E3%83%91%E3%82%AF%E3%83%88%E3%83%9F%E3%83%A9%E3%83%BC+%E6%8A%98%E3%82%8A%E3%81%9F%E3%81%9F%E3%81%BF+%E3%82%B9%E3%83%AA%E3%83%A0+%E9%8F%A1+%E3%82%B5%E3%83%A1+%E9%AE%AB+%E6%B5%B7+%E3%81%95%E3%81%8B%E3%81%AA+%E6%B5%B7%E3%81%AE%E7%94%9F%E3%81%8D%E7%89%A9+02%EF%BC%9A%E3%83%94%E3%83%B3%E3%82%AF HTTP/1.1" 200 0 "-" "Mozilla/5.0 AppleWebKit/537.36 (KHTML, like Gecko; compatible; bingbot/2.0; +http://www.bing.com/bingbot.htm) Chrome/116.0.1938.76 Safari/537.36"
66.249.73.130 - - [29/Apr/2025:17:00:00 -0400] "GET /?o=9789416564002&channel=8afefb&from=brands.php%3Fid%3D165640-349%26name%3D%E3%82%AA%E3%83%BC%E3%83%87%E3%83%AA%E3%83%83%E3%82%AF+6%E7%95%B3%E3%80%9C8%E7%95%B3%E7%94%A8+LED%E3%82%B7%E3%83%BC%E3%83%AA%E3%83%B3%E3%82%B0%E3%83%A9%E3%82%A4%E3%83%88%28%E3%82%AB%E3%83%81%E3%83%83%E3%83%88%E5%BC%8F%29+ODELIC+SH8285LDR+%E8%BF%94%E5%93%81%E7%A8%AE%E5%88%A5A HTTP/1.1" 200 56196 "-" "Mozilla/5.0 (Linux; Android 6.0.1; Nexus 5X Build/MMB29P) AppleWebKit/537.36 (KHTML, like Gecko) Chrome/135.0.7049.95 Mobile Safari/537.36 (compatible; Googlebot/2.1; +http://www.google.com/bot.html)"
66.249.73.129 - - [29/Apr/2025:17:00:07 -0400] "GET /?o=29200177436901&channel=36e396&from=product.php%3Fid%3D1774369-26794%26name%3DL%E2%80%99OCCITAN%E3%80%80%E3%83%AD%E3%82%AF%E3%82%B7%E3%82%BF%E3%83%B3%E3%80%80%E3%83%95%E3%82%A1%E3%82%A4%E3%83%96%E3%83%8F%E3%83%BC%E3%83%96%E3%82%B9+R+%E3%83%98%E3%82%A2+%E3%83%9F%E3%83%AB%E3%82%AF%E3%82%BB%E3%83%A9%E3%83%A0 HTTP/1.1" 200 54152 "-" "Mozilla/5.0 (Linux; Android 6.0.1; Nexus 5X Build/MMB29P) AppleWebKit/537.36 (KHTML, like Gecko) Chrome/135.0.7049.95 Mobile Safari/537.36 (compatible; Googlebot/2.1; +http://www.google.com/bot.html)"
66.249.73.129 - - [29/Apr/2025:17:00:08 -0400] "GET /?o=41404137964500&channel=915b9e&from=news.php%3Fid%3D1379645-3717%26name%3D%E3%83%88%E3%83%A8%E3%82%BF%E3%80%80%E3%82%B7%E3%82%A8%E3%83%8A%E3%80%80%E3%83%86%E3%82%A4%E3%83%B3%E3%80%80RX-1+%E8%BB%8A%E9%AB%98%E8%AA%BF HTTP/1.1" 200 54370 "-" "Mozilla/5.0 (Linux; Android 6.0.1; Nexus 5X Build/MMB29P) AppleWebKit/537.36 (KHTML, like Gecko) Chrome/135.0.7049.95 Mobile Safari/537.36 (compatible; Googlebot/2.1; +http://www.google.com/bot.html)"
66.249.73.128 - - [29/Apr/2025:17:00:15 -0400] "GET /?o=2082282961801&channel=cb66ce&from=blog.php%3Fid%3D829618-21225%26name%3D%E3%83%99%E3%83%93%E3%83%BC%E7%94%9A%E5%85%B5%E8%A1%9B%E3%80%8080 HTTP/1.1" 200 53827 "-" "Mozilla/5.0 (Linux; Android 6.0.1; Nexus 5X Build/MMB29P) AppleWebKit/537.36 (KHTML, like Gecko) Chrome/135.0.7049.95 Mobile Safari/537.36 (compatible; Googlebot/2.1; +http://www.google.com/bot.html)"
52.167.144.185 - - [29/Apr/2025:17:00:17 -0400] "GET /?o=42011195238800&channel=de2bf1&from=brands.php%3Fid%3D1952388-23512%26name%3D%E3%80%90%E6%96%B0%E5%93%81%E5%8D%B3%E7%B4%8D%E3%80%91%5B1.5m%2F150cm%5D%E3%83%8A%E3%82%A4%E3%83%AD%E3%83%B3%E3%83%A1%E3%83%83%E3%82%B7%E3%83%A5%E3%82%B1%E3%83%BC%E3%83%96%E3%83%ABiPhone%E7%94%A8+%E5%85%85%E9%9B%BB%E3%82%B1%E3%83%BC%E3%83%96%E3%83%AB+USB%E3%82%B1%E3%83%BC%E3%83%96%E3%83%AB+iPhone+iPad+iPod+%E3%83%9B%E3%83%AF%E3%82%A4%E3%83%88%2F%E7%99%BD HTTP/1.1" 200 0 "-" "Mozilla/5.0 AppleWebKit/537.36 (KHTML, like Gecko; compatible; bingbot/2.0; +http://www.bing.com/bingbot.htm) Chrome/116.0.1938.76 Safari/537.36"
