66.249.69.161 - - [30/Apr/2025:08:47:13 -0400] "GET /?o=9048185592407&channel=e24033&from=blog.php%3Fid%3D855924-14608%26name%3D%E3%82%B7%E3%83%A3%E3%83%AF%E3%83%BC%E3%83%89%E3%82%A2%E3%83%8F%E3%83%B3%E3%83%89%E3%83%AB%E3%80%81%E3%83%89%E3%82%A2%E3%83%97%E3%83%AB%E3%83%8F%E3%83%B3%E3%83%89%E3%83%AB%E3%80%81%E5%9B%9B%E8%A7%92%E5%BD%A2%E3%83%A9%E3%83%80%E3%83%BC%E3%83%97%E3%83%AB%E3%83%8F%E3%83%B3%E3%83%89%E3%83%AB%2F%E3%83%97%E3%83%83%E3%82%B7%E3%83%A5%E3%83%97%E3%83%AB%E3%82%B9%E3%83%86%E3%83%B3%E3%83%AC%E3%82%B9%E9%8B%BC%E3%83%89%E3%82%A2%E3%83%8F%E3%83%B3%E3%83%89%E3%83%AB%E3%80%81%E7%8E%84%E9%96%A2%2F%E3%82%B7%E3%83%A3%E3%83%AF%E3%83%BC%2F%E6%9C%A8%2F%E3%82%AC%E3%83%A9%E3%82%B9%2F HTTP/1.1" 200 53616 "-" "Mozilla/5.0 (Linux; Android 6.0.1; Nexus 5X Build/MMB29P) AppleWebKit/537.36 (KHTML, like Gecko) Chrome/135.0.7049.95 Mobile Safari/537.36 (compatible; Googlebot/2.1; +http://www.google.com/bot.html)"
66.249.69.173 - - [30/Apr/2025:08:47:14 -0400] "GET /?o=0712777498712&channel=e55181&from=pin.php%3Fid%3D774987-3031%26name%3D%E3%83%91%E3%83%B3%E3%83%84+%E3%80%8CWEB%E9%99%90%E5%AE%9A+Wardrobe+DAILY+MINIMAL%E3%80%8D%E3%83%80%E3%83%96%E3%83%AB%E3%82%AF%E3%83%AD%E3%82%B9+%E3%82%BF%E3%83%83%E3%82%AF%E3%83%AF%E3%82%A4%E3%83%89%E3%82%B9%E3%83%88%E3%83%AC%E3%83%BC%E3%83%88%E3%83%91%E3%83%B3%E3%83%84+-%E3%82%A6%E3%82%A9%E3%83%83%E3%82%B7%E3%83%A3%E3%83%96%E3%83%AB-+%E3%83%AC%E3%83%87%E3%82%A3%E3%83%BC%E3%82%B9 HTTP/1.1" 200 52051 "-" "Mozilla/5.0 (Linux; Android 6.0.1; Nexus 5X Build/MMB29P) AppleWebKit/537.36 (KHTML, like Gecko) Chrome/135.0.7049.95 Mobile Safari/537.36 (compatible; Googlebot/2.1; +http://www.google.com/bot.html)"
66.249.69.160 - - [30/Apr/2025:08:47:14 -0400] "GET /?o=1758373578804&channel=ed3d60&from=jp.php%3Fid%3D735788-3180%26name%3D%E3%82%B8%E3%83%A7%E3%83%BC%E3%83%80%E3%83%B3%EF%BC%88JORDAN%EF%BC%89%EF%BC%88%E3%83%A1%E3%83%B3%E3%82%BA%EF%BC%89%E3%82%B9%E3%83%8B%E3%83%BC%E3%82%AB%E3%83%BC+%E3%83%9E%E3%83%83%E3%82%AF%E3%82%B9+%E3%82%AA%E3%83%BC%E3%83%A9+6+FQ8298-601 HTTP/1.1" 200 54192 "-" "Mozilla/5.0 (Linux; Android 6.0.1; Nexus 5X Build/MMB29P) AppleWebKit/537.36 (KHTML, like Gecko) Chrome/135.0.7049.95 Mobile Safari/537.36 (compatible; Googlebot/2.1; +http://www.google.com/bot.html)"
66.249.69.162 - - [30/Apr/2025:08:47:18 -0400] "GET /?o=32057183995200&channel=88a22d&from=form.php%3Fid%3D1839952-29268%26name%3D%E3%83%98%E3%82%A2%E3%82%B4%E3%83%A0%E3%80%8010%E6%9C%AC%E3%80%80%E3%81%8A%E8%8A%B1%E3%80%80%E3%83%99%E3%83%93%E3%83%BC%E3%80%80%E8%B5%A4%E3%81%A1%E3%82%83%E3%82%93%E3%80%80%E3%82%AD%E3%83%83%E3%82%BA%E3%80%80%E5%AD%90%E4%BE%9B%E3%80%80%E9%AB%AA%E3%82%B4%E3%83%A0%E3%80%80%E9%AB%AA%E7%95%99%E3%82%81%E3%80%80%E9%AB%AA%E9%A3%BE%E3%82%8A HTTP/1.1" 200 53901 "-" "Mozilla/5.0 (Linux; Android 6.0.1; Nexus 5X Build/MMB29P) AppleWebKit/537.36 (KHTML, like Gecko) Chrome/135.0.7049.95 Mobile Safari/537.36 (compatible; Googlebot/2.1; +http://www.google.com/bot.html)"
18.97.14.80 - - [30/Apr/2025:08:47:38 -0400] "GET /?o=04302169760603&channel=cf4390&from=pin.php%3Fid%3D1697606-2920%26name%3D%E3%83%90%E3%83%AA%E5%B1%B1%E3%80%80195%2F80R15+LT+107%2F105L%E3%83%96%E3%83%AA%E3%83%82%E3%82%B9%E3%83%88%E3%83%B3%E3%82%A8%E3%82%B3%E3%83%94%E3%82%A2+BRIDGESTONE+ECOPIA+RD-613+4%E6%9C%AC+%E3%83%8F%E3%82%A4%E3%82%A8%E3%83%BC%E3%82%B9+NV350%E3%82%AD%E3%83%A3%E3%83%A9%E3%83%90%E3%83%B3 HTTP/1.1" 200 0 "-" "CCBot/2.0 (https://commoncrawl.org/faq/)"
66.249.69.160 - - [30/Apr/2025:08:48:16 -0400] "GET /?o=82071176846311&channel=347748&from=shared.php%3Fid%3D1768463-15786%26name%3D%E3%80%90%E3%82%B8%E3%83%A3%E3%83%B3%E3%82%AF%E5%93%81%E3%80%91SwitchBot%E5%8A%A0%E6%B9%BF%E5%99%A8%E3%80%80%E8%B6%85%E9%9F%B3%E6%B3%A2%E5%BC%8F HTTP/1.1" 200 52208 "-" "Mozilla/5.0 (Linux; Android 6.0.1; Nexus 5X Build/MMB29P) AppleWebKit/537.36 (KHTML, like Gecko) Chrome/135.0.7049.95 Mobile Safari/537.36 (compatible; Googlebot/2.1; +http://www.google.com/bot.html)"
66.249.69.173 - - [30/Apr/2025:08:48:21 -0400] "GET /?o=10482131100307&channel=a6dd7e&from=article.php%3Fid%3D1311003-8303%26name%3DBARNEYS+NEW+YORK+%E3%83%AC%E3%82%B6%E3%83%BC+ID%E3%82%B1%E3%83%BC%E3%82%B9+%E3%82%B0%E3%83%AC%E3%83%BC%E3%82%B8%E3%83%A5 HTTP/1.1" 200 54638 "-" "Mozilla/5.0 (Linux; Android 6.0.1; Nexus 5X Build/MMB29P) AppleWebKit/537.36 (KHTML, like Gecko) Chrome/135.0.7049.95 Mobile Safari/537.36 (compatible; Googlebot/2.1; +http://www.google.com/bot.html)"
18.97.14.80 - - [30/Apr/2025:08:48:21 -0400] "GET /?o=5992058186801&channel=bd1fe1&from=info.php%3Fid%3D581868-18285%26name%3D%E3%83%80%E3%82%A4%E3%82%AB%E3%83%83%E3%83%88%E3%82%B9%E3%83%86%E3%83%83%E3%82%AB%E3%83%BC+%E3%82%AD%E3%82%AD+%E3%81%93%E3%81%8E%E3%81%BF%E3%82%85%E3%82%93+%E3%82%A6%E3%82%A3%E3%83%83%E3%82%B7%E3%83%A5%E3%83%9F%E3%83%BC%E3%83%A1%E3%83%AB+3%E6%9E%9A%E3%82%BB%E3%83%83%E3%83%88 HTTP/1.1" 200 0 "-" "CCBot/2.0 (https://commoncrawl.org/faq/)"
66.249.69.173 - - [30/Apr/2025:08:48:22 -0400] "GET /?o=50518156715203&channel=e41184&from=jp.php%3Fid%3D1567152-1024%26name%3D%E3%82%A6%E3%82%A4%E3%83%AB%E3%82%BD%E3%83%B3%EF%BC%88Wilson%EF%BC%89%EF%BC%88%E3%83%A1%E3%83%B3%E3%82%BA%EF%BC%89%E7%A1%AC%E5%BC%8F%E7%94%A8%E3%82%B0%E3%83%A9%E3%83%96+%E5%86%85%E9%87%8E%E6%89%8B%E7%94%A8+%E9%87%8E%E7%90%83%E3%82%B0%E3%83%AD%E3%83%BC%E3%83%96+%E4%B8%80%E8%88%AC+WS+DUAL+D5%E5%9E%8B+WBW102040 HTTP/1.1" 200 53224 "-" "Mozilla/5.0 (Linux; Android 6.0.1; Nexus 5X Build/MMB29P) AppleWebKit/537.36 (KHTML, like Gecko) Chrome/135.0.7049.95 Mobile Safari/537.36 (compatible; Googlebot/2.1; +http://www.google.com/bot.html)"
52.167.144.183 - - [30/Apr/2025:08:48:26 -0400] "GET /?o=38174684900&channel=784db1&from=blog.php%3Fid%3D6849-1028%26name%3D%E3%80%90%E4%B8%AD%E5%8F%A4%E3%80%91N%E3%82%B2%E3%83%BC%E3%82%B8+KATO%28%E3%82%AB%E3%83%88%E3%83%BC%29+10-1206+%3Cbr%3E223%E7%B3%BB6000%E7%95%AA%E5%8F%B0+4%E4%B8%A1%E5%A2%97%E7%B5%90%E3%82%BB%E3%83%83%E3%83%88+%3Cbr%3E%E3%80%90A%C2%B4%E3%80%91+%3Cbr%3E%E2%80%BB%E3%82%B9%E3%83%AA%E3%83%BC%E3%83%96%E5%82%B7%E3%81%BF HTTP/1.1" 200 0 "-" "Mozilla/5.0 AppleWebKit/537.36 (KHTML, like Gecko; compatible; bingbot/2.0; +http://www.bing.com/bingbot.htm) Chrome/116.0.1938.76 Safari/537.36"
66.249.69.173 - - [30/Apr/2025:08:48:32 -0400] "GET /?o=13683106456500&channel=b24357&from=category-info.php%3Fid%3D1064565-1634%26name%3D%E3%82%AB%E3%83%97%E3%82%B3%E3%83%B3%E3%83%95%E3%82%A3%E3%82%AE%E3%83%A5%E3%82%A2%E3%83%93%E3%83%AB%E3%83%80%E3%83%BC+%E3%82%AF%E3%83%AA%E3%82%A8%E3%82%A4%E3%82%BF%E3%83%BC%E3%82%BA%E3%83%A2%E3%83%87%E3%83%AB+%E7%81%AB%E7%AB%9C+%E3%83%AA%E3%82%AA%E3%83%AC%E3%82%A6%E3%82%B9+%E5%BE%A9%E5%88%BB%E7%89%88 HTTP/1.1" 200 52714 "-" "Mozilla/5.0 (Linux; Android 6.0.1; Nexus 5X Build/MMB29P) AppleWebKit/537.36 (KHTML, like Gecko) Chrome/135.0.7049.95 Mobile Safari/537.36 (compatible; Googlebot/2.1; +http://www.google.com/bot.html)"
66.249.69.173 - - [30/Apr/2025:08:48:38 -0400] "GET /?o=20217186715906&channel=fde264&from=goods.php%3Fid%3D1867159-11690%26name%3DPHENOFICE+%E3%82%B6%E3%82%AF%E3%83%AD%E3%81%AE%E9%96%8B%E6%9E%9C%E5%99%A8+%E3%83%9E%E3%83%B3%E3%82%B4%E3%83%BC+%E3%83%88%E3%83%9E%E3%83%88%E3%83%AA%E3%83%A0%E3%83%BC%E3%83%90%E3%83%BC+%E3%83%95%E3%83%AB%E3%83%BC%E3%83%84%E3%82%B3%E3%82%A2%E3%83%A9%E3%83%BC+%E3%83%AC%E3%83%A2%E3%83%B3%E3%82%B9%E3%82%AF%E3%82%A4%E3%83%BC%E3%82%B6+%E3%82%B8%E3%83%A5%E3%83%BC%E3%82%B5%E3%83%BC+%E3%83%95%E3%83%AB%E3%83%BC%E3%83%84%E3%83%94%E3%83%83%E3%83%88%E3%81%AE%E5%BD%AB%E5%88%BB HTTP/1.1" 200 54703 "-" "Mozilla/5.0 (Linux; Android 6.0.1; Nexus 5X Build/MMB29P) AppleWebKit/537.36 (KHTML, like Gecko) Chrome/135.0.7049.95 Mobile Safari/537.36 (compatible; Googlebot/2.1; +http://www.google.com/bot.html)"
66.249.69.173 - - [30/Apr/2025:08:48:52 -0400] "GET /?o=9783814946400&channel=2623cb&from=shop.php%3Fid%3D149464-9006%26name%3D%E3%82%A8%E3%83%AA%E3%83%9F%E3%83%8D%E3%83%BC%E3%82%BF%E3%83%BC125%E3%80%82%E6%9C%80%E7%B5%82%E5%9E%8B%E3%80%82BN125A%E3%80%82%E7%A8%8B%E5%BA%A6%E8%89%AF%E5%A5%BD%E3%80%82 HTTP/1.1" 200 53204 "-" "Mozilla/5.0 (Linux; Android 6.0.1; Nexus 5X Build/MMB29P) AppleWebKit/537.36 (KHTML, like Gecko) Chrome/135.0.7049.95 Mobile Safari/537.36 (compatible; Googlebot/2.1; +http://www.google.com/bot.html)"
66.249.69.173 - - [30/Apr/2025:08:48:57 -0400] "GET /?o=3563074539706&channel=0840a7&from=brands.php%3Fid%3D745397-7412%26name%3D%E3%83%99%E3%83%83%E3%83%89%E3%81%AB%E5%BA%A7%E3%81%A3%E3%81%A6%E3%83%90%E3%83%83%E3%82%AF%E3%83%AC%E3%82%B9%E3%83%88%E6%9E%95%E3%82%92%E8%AA%AD%E3%82%80%E3%81%9F%E3%82%81%E3%81%AE%E3%83%90%E3%83%83%E3%82%AF%E6%9E%95%2C%E6%BC%AB%E7%94%BB%E3%81%AE%E8%AA%AD%E6%9B%B8%E6%9E%95%E3%83%99%E3%83%83%E3%83%89%E3%82%B5%E3%82%A4%E3%83%89%E3%82%AF%E3%83%83%E3%82%B7%E3%83%A7%E3%83%B3+-+%E4%BA%BA%E9%96%93%E5%B7%A5%E5%AD%A6%E3%81%AB%E5%9F%BA%E3%81%A5%E3%81%84%E3%81%9F%E3%83%90%E3%83%83%E3%82%AF%E3%82%B5%E3%83%9D%E3%83%BC%E3%83%88%E3%80%81%E5%AE%B6%E3%80%81%E8%BB%8A%E3%80%81 HTTP/1.1" 200 55188 "-" "Mozilla/5.0 (Linux; Android 6.0.1; Nexus 5X Build/MMB29P) AppleWebKit/537.36 (KHTML, like Gecko) Chrome/135.0.7049.95 Mobile Safari/537.36 (compatible; Googlebot/2.1; +http://www.google.com/bot.html)"
18.97.14.80 - - [30/Apr/2025:08:48:59 -0400] "GET /?o=11171161021302&channel=d1f370&from=brands.php%3Fid%3D1610213-1564%26name%3D%E4%BA%BA%E5%BD%A2+%E7%90%83%E4%BD%93%E9%96%A2%E7%AF%80%E4%BA%BA%E5%BD%A2+BJD HTTP/1.1" 200 0 "-" "CCBot/2.0 (https://commoncrawl.org/faq/)"
66.249.69.173 - - [30/Apr/2025:08:49:02 -0400] "GET /?o=75544170734600&channel=45c0c9&from=pin.php%3Fid%3D1707346-14226%26name%3D%E3%82%AA%E3%83%BC%E3%83%88%E3%83%90%E3%82%A4+%E4%BA%A4%E6%8F%9B%E7%94%A8%E3%83%9C%E3%83%AB%E3%83%88%E3%81%A8%E3%83%8A%E3%83%83%E3%83%88+%E3%82%BB%E3%83%83%E3%83%88+%E3%83%89%E3%82%A5%E3%82%AB%E3%83%86%E3%82%A3%E3%81%AE%E5%A0%B4%E5%90%88+959+Panigale+2016+%E7%94%A8+%E3%82%AA%E3%83%BC%E3%83%88%E3%83%90%E3%82%A4%E3%83%95%E3%82%A7%E3%82%A2%E3%83%AA%E3%83%B3%E3%82%B0%E3%83%9C%E3%83%87%E3%82%A3%E3%83%9C%E3%83%AB HTTP/1.1" 200 55940 "-" "Mozilla/5.0 (Linux; Android 6.0.1; Nexus 5X Build/MMB29P) AppleWebKit/537.36 (KHTML, like Gecko) Chrome/135.0.7049.95 Mobile Safari/537.36 (compatible; Googlebot/2.1; +http://www.google.com/bot.html)"
66.249.69.160 - - [30/Apr/2025:08:49:07 -0400] "GET /?o=22752116399500&channel=2a6795&from=goods.php%3Fid%3D1163995-979%26name%3D%E3%80%90%E3%83%97%E3%83%AC%E3%83%9F%E3%82%A2%E3%83%A0%E3%81%AA%E6%97%A5%E6%9B%9C%E6%97%A5%E3%81%AF%E3%81%8A%E8%B2%B7%E3%81%84%E5%BE%97%EF%BC%81LYP%E4%BC%9A%E5%93%A1%E3%81%AF%E9%99%90%E5%AE%9A%E3%83%9D%E3%82%A4%E3%83%B3%E3%83%88%2B%EF%BC%92%EF%BC%85%EF%BC%81%E3%80%91INAX+%E6%B8%A9%E6%B0%B4%E6%B4%97%E6%B5%84%E4%BE%BF%E5%BA%A7+%E3%82%B7%E3%83%A3%E3%83%AF%E3%83%BC%E3%83%88%E3%82%A4%E3%83%AC+New+PASSO+CW-EA24A+BW1+%E3%83%94%E3%83%A5%E3%82%A2%E3%83%9B%E3%83%AF%E3%82%A4%E3%83%88 HTTP/1.1" 200 56056 "-" "Mozilla/5.0 (Linux; Android 6.0.1; Nexus 5X Build/MMB29P) AppleWebKit/537.36 (KHTML, like Gecko) Chrome/135.0.7049.95 Mobile Safari/537.36 (compatible; Googlebot/2.1; +http://www.google.com/bot.html)"
66.249.69.173 - - [30/Apr/2025:08:49:08 -0400] "GET /?o=56060149161500&channel=d555a2&from=category-info.php%3Fid%3D1491615-5263%26name%3D%E8%88%B9%E9%87%91%E5%BA%AB+%E5%AE%B6%E7%B4%8B%E5%85%A5%E3%82%8A+%E4%B8%89%E3%81%A4%E6%9F%8F+%E6%99%82%E4%BB%A3%E7%AE%AA%E7%AC%A5+%E8%88%B9%E7%AE%AA%E7%AC%A5+%E8%88%B9%E9%87%91%E5%BA%AB+%E8%88%9F%E7%AE%AA%E7%AC%A5+%E5%B8%B3%E5%A0%B4%E7%AE%AA%E7%AC%A5+%E9%8A%AD%E7%AE%B1 HTTP/1.1" 200 54719 "-" "Mozilla/5.0 (Linux; Android 6.0.1; Nexus 5X Build/MMB29P) AppleWebKit/537.36 (KHTML, like Gecko) Chrome/135.0.7049.95 Mobile Safari/537.36 (compatible; Googlebot/2.1; +http://www.google.com/bot.html)"
54.36.148.145 - - [30/Apr/2025:08:49:17 -0400] "GET /robots.txt HTTP/1.1" 200 0 "-" "Mozilla/5.0 (compatible; AhrefsBot/7.0; +http://ahrefs.com/robot/)"
66.249.69.173 - - [30/Apr/2025:08:49:18 -0400] "GET /?o=097946153603&channel=97db1d&from=form.php%3Fid%3D61536-4940%26name%3D%E5%B1%8B%E5%A4%96%E3%83%90%E3%82%B9%E3%82%B1%E3%83%83%E3%83%88%E3%83%9C%E3%83%BC%E3%83%AB%E3%83%AA%E3%83%90%E3%82%A6%E3%83%B3%E3%83%80%E3%83%BC%E3%83%8D%E3%83%83%E3%83%88%E8%AA%BF%E6%95%B4%E5%8F%AF%E8%83%BD%E3%81%AA%E9%AB%98%E3%81%95%E3%80%81%E6%8A%98%E3%82%8A%E3%81%9F%E3%81%9F%E3%81%BF%E5%8F%AF%E8%83%BD%E3%81%AA%E3%82%B7%E3%83%A7%E3%83%83%E3%83%88%E3%82%A8%E3%82%A4%E3%83%89%E3%83%88%E3%83%AC%E3%83%BC%E3%83%8A%E3%83%BC%E3%83%95%E3%83%AD%E3%82%A2%E3%82%B9%E3%82%BF%E3%83%B3%E3%83%87%E3%82%A3%E3%83%B3%E3%82%B0%E3%80%81%E3%83%91%E3%83%BC%E3%82%AF%2F%E3%83%A4%E3%83%BC%E3%83%89%2F HTTP/1.1" 200 53364 "-" "Mozilla/5.0 (Linux; Android 6.0.1; Nexus 5X Build/MMB29P) AppleWebKit/537.36 (KHTML, like Gecko) Chrome/135.0.7049.95 Mobile Safari/537.36 (compatible; Googlebot/2.1; +http://www.google.com/bot.html)"
66.249.69.173 - - [30/Apr/2025:08:49:29 -0400] "GET /?o=8851960778503&channel=e7d91b&from=article.php%3Fid%3D607785-3742%26name%3D%E3%83%90%E3%82%A4%E3%82%BF%E3%83%AA%E3%83%95%E3%83%88Panasonic+EH-SR85-K+BLACK HTTP/1.1" 200 53933 "-" "Mozilla/5.0 (Linux; Android 6.0.1; Nexus 5X Build/MMB29P) AppleWebKit/537.36 (KHTML, like Gecko) Chrome/135.0.7049.95 Mobile Safari/537.36 (compatible; Googlebot/2.1; +http://www.google.com/bot.html)"
52.167.144.174 - - [30/Apr/2025:08:49:36 -0400] "GET /?o=70131105051702&channel=be1758&from=info.php%3Fid%3D1050517-11728%26name%3DReclite+%E3%82%AB%E3%82%AF%E3%83%86%E3%83%AB%E3%82%B7%E3%82%A7%E3%83%BC%E3%82%AB%E3%83%BC%E3%82%BB%E3%83%83%E3%83%88+15%E3%83%94%E3%83%BC%E3%82%B9+304%E3%82%B9%E3%83%86%E3%83%B3%E3%83%AC%E3%82%B9%E3%82%B9%E3%83%81%E3%83%BC%E3%83%AB+%E3%83%90%E3%83%BC%E3%83%86%E3%83%B3%E3%83%80%E3%83%BC+%E3%83%89%E3%83%AA%E3%83%B3%E3%82%AF%E3%83%9F%E3%82%AD%E3%82%B5%E3%83%BC%E3%82%AD%E3%83%83%E3%83%88+26%E3%82%AA%E3%83%B3%E3%82%B9+%E3%83%91 HTTP/1.1" 200 0 "-" "Mozilla/5.0 AppleWebKit/537.36 (KHTML, like Gecko; compatible; bingbot/2.0; +http://www.bing.com/bingbot.htm) Chrome/116.0.1938.76 Safari/537.36"
18.97.14.80 - - [30/Apr/2025:08:49:37 -0400] "GET /?o=17976192446802&channel=26329e&from=info.php%3Fid%3D1924468-7030%26name%3DHUITI%C3%88ME+SPORTS+STUDIO+L+%E3%83%91%E3%83%BC%E3%83%97%E3%83%AB+%E3%82%BB%E3%83%BC%E3%82%BF%E3%83%BC HTTP/1.1" 200 0 "-" "CCBot/2.0 (https://commoncrawl.org/faq/)"
20.121.190.99 - - [30/Apr/2025:08:49:49 -0400] "GET /wp-content/uploads/2023/10/BOCORAN-TOGEL-SYDNEY-3.png HTTP/1.1" 200 0 "-" "Mozilla/5.0 (Windows NT 10.0; Win64; x64) AppleWebKit/537.36 (KHTML, like Gecko) Chrome/109.0.0.0 Safari/537.36"
20.121.190.99 - - [30/Apr/2025:08:49:50 -0400] "GET /wp-content/uploads/2023/10/BOCORAN-TOGEL-SYDNEY-3.png HTTP/1.1" 200 0 "-" "Mozilla/5.0 (Windows NT 10.0; Win64; x64) AppleWebKit/537.36 (KHTML, like Gecko) Chrome/109.0.0.0 Safari/537.36"
20.121.190.99 - - [30/Apr/2025:08:49:50 -0400] "GET /wp-content/uploads/2023/10/BOCORAN-TOGEL-SYDNEY-3.png HTTP/1.1" 200 0 "-" "Mozilla/5.0 (Windows NT 10.0; Win64; x64) AppleWebKit/537.36 (KHTML, like Gecko) Chrome/109.0.0.0 Safari/537.36"
20.121.190.99 - - [30/Apr/2025:08:49:54 -0400] "GET /wp-content/uploads/2023/10/Erek-Erek-22.png HTTP/1.1" 200 0 "-" "Mozilla/5.0 (Windows NT 10.0; Win64; x64) AppleWebKit/537.36 (KHTML, like Gecko) Chrome/109.0.0.0 Safari/537.36"
20.121.190.99 - - [30/Apr/2025:08:49:55 -0400] "GET /wp-content/uploads/2023/10/Erek-Erek-22.png HTTP/1.1" 200 0 "-" "Mozilla/5.0 (Windows NT 10.0; Win64; x64) AppleWebKit/537.36 (KHTML, like Gecko) Chrome/109.0.0.0 Safari/537.36"
20.121.190.99 - - [30/Apr/2025:08:49:55 -0400] "GET /wp-content/uploads/2023/10/Erek-Erek-22.png HTTP/1.1" 200 0 "-" "Mozilla/5.0 (Windows NT 10.0; Win64; x64) AppleWebKit/537.36 (KHTML, like Gecko) Chrome/109.0.0.0 Safari/537.36"
66.249.69.173 - - [30/Apr/2025:08:50:00 -0400] "GET /?o=83721164607100&channel=49e111&from=blog.php%3Fid%3D1646071-26831%26name%3D%E4%BF%AE%E6%AD%A3%E3%83%86%E3%83%BC%E3%83%97%E3%80%80%E3%83%A2%E3%83%B3%E3%82%B9%E3%82%BF%E3%83%BC%E3%82%BA%E3%82%A4%E3%83%B3%E3%82%AF%E3%82%B3%E3%83%A9%E3%83%9C HTTP/1.1" 200 53400 "-" "Mozilla/5.0 (Linux; Android 6.0.1; Nexus 5X Build/MMB29P) AppleWebKit/537.36 (KHTML, like Gecko) Chrome/135.0.7049.95 Mobile Safari/537.36 (compatible; Googlebot/2.1; +http://www.google.com/bot.html)"
66.249.69.173 - - [30/Apr/2025:08:50:01 -0400] "GET /?o=78500145243403&channel=0b6dda&from=article.php%3Fid%3D1452434-20916%26name%3D%E3%80%8E%E9%A4%A8%E8%94%B5%E7%8F%8D%E5%93%81+%E6%98%8E+%E5%AE%A3%E5%BE%B7%E5%B9%B4%E8%A3%BD%E6%AC%BE+%E5%8F%A4%E9%99%B6%E7%93%B7%E5%93%81+%E9%9D%92%E8%8A%B1+%E9%BE%8D%E7%B4%8B+%E7%8E%89%E5%A3%BA%E6%98%A5%E7%93%B6%E3%80%8F%E7%BD%AE%E7%89%A9+%E8%B3%9E%E7%89%A9+%E8%B2%B4%E9%87%8D%E7%89%A9%E5%93%81+%E5%8F%8E%E8%94%B5%E5%93%81+%E4%B8%AD%E5%9B%BD%E5%8F%A4%E7%BE%8E%E8%A1%93 HTTP/1.1" 200 55968 "-" "Mozilla/5.0 (Linux; Android 6.0.1; Nexus 5X Build/MMB29P) AppleWebKit/537.36 (KHTML, like Gecko) Chrome/135.0.7049.95 Mobile Safari/537.36 (compatible; Googlebot/2.1; +http://www.google.com/bot.html)"
18.97.14.80 - - [30/Apr/2025:08:50:15 -0400] "GET /?o=2732914206900&channel=219cef&from=jp.php%3Fid%3D142069-8776%26name%3D200%E7%B3%BB%E3%83%8F%E3%82%A4%E3%82%A8%E3%83%BC%E3%82%B9+%E3%83%86%E3%83%BC%E3%83%AB%E3%83%A9%E3%82%A4%E3%83%88LED+%E3%83%A9%E3%83%B3%E3%83%97%E3%83%88%E3%83%AA%E3%83%97%E3%83%AB%E3%83%95%E3%82%A1%E3%82%A4%E3%83%90%E3%83%BC+%E3%82%B7%E3%83%BC%E3%82%B1%E3%83%B3%E3%82%B7%E3%83%A3%E3%83%AB HTTP/1.1" 200 0 "-" "CCBot/2.0 (https://commoncrawl.org/faq/)"
66.249.69.173 - - [30/Apr/2025:08:50:16 -0400] "GET /?o=2809992640206&channel=247b2a&from=info.php%3Fid%3D926402-8361%26name%3D%E9%B4%9B%E9%B4%A6%E9%A6%99%E7%82%89+%E6%96%87%E9%8E%AE+%E7%BD%AE%E7%89%A9+%E8%8C%B6%E9%81%93%E5%85%B7+%E9%A6%99%E7%82%89+%E9%8B%B3%E9%8A%85%E8%A3%BD%E9%87%91%E5%B1%9E%E5%B7%A5%E8%8A%B8+%E9%8A%98%E6%9C%89+%E8%8C%B6%E9%81%93%E5%85%B7+%E8%8C%B6%E5%AE%A4+%E3%81%8A%E9%A6%99+%E3%82%A4%E3%83%B3%E3%83%86%E3%83%AA%E3%82%A2+%E3%82%A2%E3%83%B3%E3%83%86%E3%82%A3%E3%83%BC%E3%82%AF+%E3%83%AC%E3%83%88%E3%83%AD%E3%80%80%E6%99%82%E4%BB%A3%E7%89%A9+%E5%B0%8F%E9%81%93%E5%85%B7%E3%80%9080i3364%E3%80%91 HTTP/1.1" 200 56137 "-" "Mozilla/5.0 (Linux; Android 6.0.1; Nexus 5X Build/MMB29P) AppleWebKit/537.36 (KHTML, like Gecko) Chrome/135.0.7049.114 Mobile Safari/537.36 (compatible; Googlebot/2.1; +http://www.google.com/bot.html)"
66.249.69.173 - - [30/Apr/2025:08:50:36 -0400] "GET /?o=22957184566605&channel=a7fac4&from=brands.php%3Fid%3D1845666-4033%26name%3D%E6%9C%AC%E6%97%A5%E5%80%A4%E4%B8%8B%E3%81%92%E3%80%80%E7%BE%8E%E5%93%81%E3%80%80%E5%BB%83%E7%9B%A4%E3%80%80%E3%83%8E%E3%83%AA%E3%82%BF%E3%82%B1%E3%80%80%E3%83%94%E3%82%AF%E3%82%B7%E3%83%BC%E3%83%89%E3%83%AA%E3%83%BC%E3%83%A0%E3%80%80%EF%BC%95%E5%AE%A2%E3%82%BB%E3%83%83%E3%83%88 HTTP/1.1" 200 53352 "-" "Mozilla/5.0 (Linux; Android 6.0.1; Nexus 5X Build/MMB29P) AppleWebKit/537.36 (KHTML, like Gecko) Chrome/135.0.7049.95 Mobile Safari/537.36 (compatible; Googlebot/2.1; +http://www.google.com/bot.html)"
66.249.69.173 - - [30/Apr/2025:08:50:40 -0400] "GET /?o=861032513005&channel=cc0fdc&from=shared.php%3Fid%3D25130-2425%26name%3D%E3%83%90%E3%82%A4%E3%82%AF%E5%BE%8C%E9%83%A8%E5%BA%A7%E5%B8%AD%E3%82%AB%E3%83%90%E3%83%BC+%E3%82%AA%E3%83%BC%E3%83%88%E3%83%90%E3%82%A4%E3%82%B7%E3%83%BC%E3%83%88%E3%83%AA%E3%82%A2%E3%83%94%E3%83%AA%E3%82%AA%E3%83%B3%E5%8A%A9%E6%89%8B%E5%B8%AD%E3%83%AA%E3%82%A2%E3%82%B7%E3%83%BC%E3%83%88+Assy+%E3%82%B9%E3%82%BA%E3%82%AD+GSX-R600+GSX-R+750+K6+K HTTP/1.1" 200 54568 "-" "Mozilla/5.0 (Linux; Android 6.0.1; Nexus 5X Build/MMB29P) AppleWebKit/537.36 (KHTML, like Gecko) Chrome/135.0.7049.95 Mobile Safari/537.36 (compatible; Googlebot/2.1; +http://www.google.com/bot.html)"
66.249.69.173 - - [30/Apr/2025:08:51:10 -0400] "GET /?o=7112768540006&channel=8d672e&from=news.php%3Fid%3D685400-1515%26name%3D%E3%80%90%E3%81%94%E5%A5%BD%E8%A9%95%E3%81%AB%E3%81%A4%E3%81%8D%E8%BF%BD%E5%8A%A0%E7%94%9F%E7%94%A3%E3%83%BB%E3%82%BB%E3%83%83%E3%83%88%E3%82%A2%E3%83%83%E3%83%97%E5%AF%BE%E5%BF%9C%E3%83%BB%E6%B4%97%E3%81%88%E3%82%8B%E3%80%91%E3%83%A9%E3%82%A4%E3%83%88%E3%82%B5%E3%83%86%E3%83%B3%E3%83%97%E3%83%AA%E3%83%BC%E3%83%84+%E3%82%B9%E3%82%AB%E3%83%BC%E3%83%88 HTTP/1.1" 200 54026 "-" "Mozilla/5.0 (Linux; Android 6.0.1; Nexus 5X Build/MMB29P) AppleWebKit/537.36 (KHTML, like Gecko) Chrome/135.0.7049.95 Mobile Safari/537.36 (compatible; Googlebot/2.1; +http://www.google.com/bot.html)"
66.249.69.160 - - [30/Apr/2025:08:51:53 -0400] "GET /?o=2858328427003&channel=0168e9&from=info.php%3Fid%3D284270-6215%26name%3D%5BMrjitor%5D+%E3%83%AC%E3%83%87%E3%82%A3%E3%83%BC%E3%82%B9%E3%82%BB%E3%82%AF%E3%82%B7%E3%83%BC%E3%82%B9%E3%83%BC%E3%83%84%E3%83%80%E3%83%96%E3%83%AB%E3%83%96%E3%83%AC%E3%82%B9%E3%83%88%E3%82%B8%E3%83%A3%E3%82%B1%E3%83%83%E3%83%88%E3%82%B9%E3%83%AA%E3%83%BC%E3%83%9C%E3%82%BF%E3%83%B3%E3%83%99%E3%82%B9%E3%83%88%E3%81%A8%E3%82%B9%E3%82%AB%E3%83%BC%E3%83%88%E3%83%87%E3%82%A3%E3%83%8A%E3%83%BC%E5%AE%B4%E4%BC%9A%E3%81%AE%E6%9C%8D%E8%A3%85 HTTP/1.1" 200 52345 "-" "Mozilla/5.0 (Linux; Android 6.0.1; Nexus 5X Build/MMB29P) AppleWebKit/537.36 (KHTML, like Gecko) Chrome/135.0.7049.95 Mobile Safari/537.36 (compatible; Googlebot/2.1; +http://www.google.com/bot.html)"
52.167.144.220 - - [30/Apr/2025:08:51:56 -0400] "GET /?o=77126131776401&channel=3e6873&from=news.php%3Fid%3D1317764-9998%26name%3D%E7%87%83%E6%96%99%E3%82%A4%E3%83%B3%E3%82%B8%E3%82%A7%E3%82%AF%E3%82%BF%E3%83%BC%E3%83%8E%E3%82%BA%E3%83%AB+0444021024+%E6%8E%92%E6%B0%97%E6%B6%B2+%28DEF%29+%E3%83%A2%E3%82%B8%E3%83%A5%E3%83%BC%E3%83%AB%E5%B0%BF%E7%B4%A0%E3%82%A4%E3%83%B3%E3%82%B8%E3%82%A7%E3%82%AF%E3%82%BF%E3%83%BC%E3%83%8E%E3%82%BA%E3%83%AB+%E3%81%9F%E3%82%81%E3%81%AB+E350+%E3%81%9F%E3%82%81%E3%81%AB+G HTTP/1.1" 200 0 "-" "Mozilla/5.0 AppleWebKit/537.36 (KHTML, like Gecko; compatible; bingbot/2.0; +http://www.bing.com/bingbot.htm) Chrome/116.0.1938.76 Safari/537.36"
18.97.14.80 - - [30/Apr/2025:08:51:56 -0400] "GET /?o=0577139618000&channel=a2da23&from=jp.php%3Fid%3D396180-4145%26name%3D%E3%82%A4%E3%82%BF%E3%83%AB%E3%82%B8%E3%82%A7%E3%83%83%E3%83%88%2A%E3%83%95%E3%82%A9%E3%83%BC%E3%83%9F%E3%83%A5%E3%83%A9125%2A%E3%82%A4%E3%82%BF%E3%83%AA%E3%82%A2%E8%BB%8A%2A909km%2A%E4%BD%8E%E8%B5%B0%E8%A1%8C%2AWAKO%27S%E3%82%AA%E3%82%A4%E3%83%AB%2A%E4%B8%8B%E5%8F%96%E3%82%8A%E9%85%8D%E9%80%81%E3%82%82%E5%8F%AF%E8%83%BD%E3%81%A7%E3%81%99%EF%BC%81 HTTP/1.1" 200 0 "-" "CCBot/2.0 (https://commoncrawl.org/faq/)"
66.249.69.161 - - [30/Apr/2025:08:52:03 -0400] "GET /?o=07311163452802&channel=de863a&from=goods.php%3Fid%3D1634528-6987%26name%3D%E3%83%9D%E3%83%BC%E3%82%BF%E3%83%96%E3%83%AB+%E3%83%AC%E3%82%B3%E3%83%BC%E3%83%80%E3%83%BC+X5+256GB+%E9%AB%98%E8%A7%A3%E5%83%8F+FHD+1080P+%E3%82%AB%E3%83%A1%E3%83%A9+%E9%8C%B2%E7%94%BB+%E5%86%99%E7%9C%9F+%E9%8C%B2%E9%9F%B3+%E5%86%8D%E7%94%9F+Web%E3%82%AB%E3%83%A1%E3%83%A9+USB%E3%83%A1%E3%83%A2%E3%83%AA+%E7%B4%84 HTTP/1.1" 200 53649 "-" "Mozilla/5.0 (Linux; Android 6.0.1; Nexus 5X Build/MMB29P) AppleWebKit/537.36 (KHTML, like Gecko) Chrome/135.0.7049.95 Mobile Safari/537.36 (compatible; Googlebot/2.1; +http://www.google.com/bot.html)"
66.249.69.160 - - [30/Apr/2025:08:52:19 -0400] "GET /?o=2893784818801&channel=4b82f9&from=pin.php%3Fid%3D848188-16506%26name%3D%E3%80%90%E7%89%B9%E4%BE%A1%E3%80%91%E3%80%80%E2%89%AA%E3%80%80%E3%80%80%E3%83%9E%E3%83%AB%E3%82%AF%E3%83%BB%E3%82%B7%E3%83%A3%E3%82%AC%E3%83%BC%E3%83%AB%E3%80%80%E3%80%80%E2%89%AB%E3%80%80%E3%80%80%E3%82%AA%E3%83%AA%E3%82%B8%E3%83%8A%E3%83%AB%E3%83%AA%E3%83%88%E3%82%B0%E3%83%A9%E3%83%95%E3%80%90%E7%9F%B3%E7%89%88%E7%94%BB%E3%80%91%E3%80%80%E3%80%80%E3%80%801960%E5%B9%B4%E3%80%80%E3%80%80%E3%80%80VISION+OF+PARIS%E3%80%80%E3%80%80%E3%80%80MARC%E3%80%80CHAGALL HTTP/1.1" 200 56072 "-" "Mozilla/5.0 (Linux; Android 6.0.1; Nexus 5X Build/MMB29P) AppleWebKit/537.36 (KHTML, like Gecko) Chrome/135.0.7049.95 Mobile Safari/537.36 (compatible; Googlebot/2.1; +http://www.google.com/bot.html)"
66.249.69.173 - - [30/Apr/2025:08:52:32 -0400] "GET /?o=99797158936903&channel=c8348d&from=jp.php%3Fid%3D1589369-1791%26name%3D%E5%B9%B3%E5%92%8C%E5%B1%8B%E6%9C%AC%E5%BA%97%E2%96%A0%E6%A5%B5%E4%B8%8A%E3%80%80%E7%94%B7%E6%80%A7%E3%80%80%E4%BA%BA%E9%96%93%E5%9B%BD%E5%AE%9D%E3%80%80%E7%94%B2%E7%94%B0%E7%B6%8F%E9%83%8E%E3%80%80%E7%B2%BE%E5%A5%BD%E4%BB%99%E5%8F%B0%E5%B9%B3%E3%80%80%E8%A1%8C%E7%81%AF%E8%A2%B4%E3%80%80%E7%B8%9E%E3%80%80%E9%80%B8%E5%93%81%E3%80%80CYAA1056s5 HTTP/1.1" 200 54419 "-" "Mozilla/5.0 (Linux; Android 6.0.1; Nexus 5X Build/MMB29P) AppleWebKit/537.36 (KHTML, like Gecko) Chrome/135.0.7049.95 Mobile Safari/537.36 (compatible; Googlebot/2.1; +http://www.google.com/bot.html)"
18.97.14.80 - - [30/Apr/2025:08:52:37 -0400] "GET /?o=02745183222803&channel=692e93&from=blog.php%3Fid%3D1832228-29193%26name%3D%E2%91%B1%E3%83%AA%E3%83%BC%E3%83%AB%E4%BB%98%E3%81%8D%E3%83%A9%E3%83%B3%E3%83%89%E3%82%BB%E3%83%AB%E3%82%AD%E3%83%BC%E3%82%B1%E3%83%BC%E3%82%B9+%E5%9B%BA%E5%AE%9A%E3%83%99%E3%83%AB%E3%83%88%E4%BB%98%E3%81%8D+%28%E3%82%B9%E3%82%BF%E3%83%BC%E3%83%80%E3%82%B9%E3%83%88%E3%80%81%E3%83%91%E3%83%BC%E3%83%97%E3%83%AB%29 HTTP/1.1" 200 0 "-" "CCBot/2.0 (https://commoncrawl.org/faq/)"
66.249.69.173 - - [30/Apr/2025:08:52:45 -0400] "GET /?o=2770816179109&channel=894f50&from=info.php%3Fid%3D161791-5982%26name%3D18%E9%87%91+%E3%83%9A%E3%83%B3%E3%83%80%E3%83%B3%E3%83%88%E3%83%88%E3%83%83%E3%83%97+K18+%E3%83%81%E3%83%A3%E3%83%BC%E3%83%A0+%E3%83%98%E3%83%83%E3%83%89%E3%81%AE%E3%81%BF+%E3%83%AC%E3%83%87%E3%82%A3%E3%83%BC%E3%82%B9+%E4%B8%80%E7%B2%92%E3%83%80%E3%82%A4%E3%83%A4+%E3%83%89%E3%83%AD%E3%83%83%E3%83%97+%E6%B6%99%E5%9E%8B+%E3%83%80%E3%82%A4%E3%83%A4%E3%83%A2%E3%83%B3%E3%83%89+%E5%9C%B0%E9%87%91+%E3%82%B4%E3%83%BC%E3%83%AB%E3%83%89 HTTP/1.1" 200 53812 "-" "Mozilla/5.0 (Linux; Android 6.0.1; Nexus 5X Build/MMB29P) AppleWebKit/537.36 (KHTML, like Gecko) Chrome/135.0.7049.95 Mobile Safari/537.36 (compatible; Googlebot/2.1; +http://www.google.com/bot.html)"
168.235.203.223 - - [30/Apr/2025:08:53:11 -0400] "GET /page/2/ HTTP/1.1" 200 0 "-" "Mozilla/5.0 (Linux; U; Android 10; en-US; M2006C3LG Build/QP1A.190711.020) AppleWebKit/537.36 (KHTML, like Gecko) Version/4.0 Chrome/123.0.6312.80 UCBrowser/14.3.8.1352 Mobile Safari/537.36"
66.249.69.160 - - [30/Apr/2025:08:53:13 -0400] "GET /?o=9185177495318&channel=729d3d&from=info.php%3Fid%3D774953-3023%26name%3D%E3%83%91%E3%83%B3%E3%83%84+%E3%83%87%E3%83%8B%E3%83%A0+%E3%82%B8%E3%83%BC%E3%83%B3%E3%82%BA+%E3%83%95%E3%82%A7%E3%83%BC%E3%83%89%E3%83%87%E3%83%8B%E3%83%A0%E3%82%A4%E3%83%BC%E3%82%B8%E3%83%BC%E3%83%91%E3%83%B3%E3%83%84+%E3%83%AC%E3%83%87%E3%82%A3%E3%83%BC%E3%82%B9 HTTP/1.1" 200 53661 "-" "Mozilla/5.0 (Linux; Android 6.0.1; Nexus 5X Build/MMB29P) AppleWebKit/537.36 (KHTML, like Gecko) Chrome/135.0.7049.95 Mobile Safari/537.36 (compatible; Googlebot/2.1; +http://www.google.com/bot.html)"
66.249.69.160 - - [30/Apr/2025:08:53:19 -0400] "GET /?o=32579179355400&channel=88e236&from=brands.php%3Fid%3D1793554-22118%26name%3D%E6%96%B0%E5%93%81%E6%9C%AA%E4%BD%BF%E7%94%A8+ANYCOLOR+%E3%81%AB%E3%81%98%E3%81%95%E3%82%93%E3%81%98+VTuber++%E5%89%A3%E6%8C%81%E5%88%80%E4%B9%9F+%E3%82%B3%E3%82%B9%E3%83%97%E3%83%AC%E8%A1%A3%E8%A3%85+%E3%82%B3%E3%82%B9%E3%83%81%E3%83%A5%E3%83%BC%E3%83%A0+%E3%82%B3%E3%82%B9%E3%83%97%E3%83%AC%E8%A1%A3%E8%A3%85+%E3%83%8F%E3%83%AD%E3%82%A6%E3%82%A3%E3%83%B3+%E3%82%AF%E3%83%AA%E3%82%B9%E3%83%9E%E3%82%B9+%E5%8F%AF%E6%84%9B%E3%81%84+%E5%A4%89%E8%A3%85+%E4%BB%AE%E8%A3%85+%E8%88%9E%E5%8F%B0%E6%9C%8D+%E6%BC%94%E5%87%BA%E6%9C%8D+%E5%A4%A7%E4%BA%BA+%E5%AD%90%E4%BE%9B+cosplay HTTP/1.1" 200 55524 "-" "Mozilla/5.0 (Linux; Android 6.0.1; Nexus 5X Build/MMB29P) AppleWebKit/537.36 (KHTML, like Gecko) Chrome/135.0.7049.95 Mobile Safari/537.36 (compatible; Googlebot/2.1; +http://www.google.com/bot.html)"
66.249.69.173 - - [30/Apr/2025:08:53:42 -0400] "GET /?o=5006867481306&channel=432bee&from=info.php%3Fid%3D674813-10201%26name%3DTRQ+4%E3%83%94%E3%83%BC%E3%82%B9+%E3%82%B9%E3%83%88%E3%83%A9%E3%83%83%E3%83%88%E3%82%B9%E3%83%97%E3%83%AA%E3%83%B3%E3%82%B0%E3%82%A2%E3%82%BB%E3%83%B3%E3%83%96%E3%83%AA%26amp%3B%E3%82%B7%E3%83%A7%E3%83%83%E3%82%AF%E3%82%A2%E3%83%96%E3%82%BD%E3%83%BC%E3%83%90%E3%83%BC%E3%82%AD%E3%83%83%E3%83%88+%E3%83%95%E3%82%A9%E3%83%BC%E3%83%89%E3%83%95%E3%82%A9%E3%83%BC%E3%82%AB%E3%82%B9%E7%94%A8 HTTP/1.1" 200 53985 "-" "Mozilla/5.0 (Linux; Android 6.0.1; Nexus 5X Build/MMB29P) AppleWebKit/537.36 (KHTML, like Gecko) Chrome/135.0.7049.95 Mobile Safari/537.36 (compatible; Googlebot/2.1; +http://www.google.com/bot.html)"
18.97.14.80 - - [30/Apr/2025:08:53:51 -0400] "GET /?o=75892104838304&channel=041209&from=info.php%3Fid%3D1048383-7173%26name%3D%E6%96%B0%E5%93%81%E3%80%80%E3%82%B9%E3%83%AA%E5%82%B7%E6%9C%89%E3%80%80%E6%8A%98%E3%82%8A%E3%81%9F%E3%81%9F%E3%81%BF%E8%87%AA%E8%BB%A2%E8%BB%8A%E3%80%80%E3%82%B7%E3%83%9E%E3%83%8E6%E6%AE%B5%E3%82%AE%E3%82%A2 HTTP/1.1" 200 0 "-" "CCBot/2.0 (https://commoncrawl.org/faq/)"
66.249.69.173 - - [30/Apr/2025:08:53:58 -0400] "GET /?o=88800184131301&channel=4d551d&from=news.php%3Fid%3D1841313-29273%26name%3D%E3%80%90%E6%96%B0%E5%93%81%E3%83%BB%E6%9C%AA%E4%BD%BF%E7%94%A8%E3%80%91%E6%A1%83%E8%8A%99%E8%8A%AD%E8%95%BE%E6%A1%83%E6%A1%83%E6%89%93%E3%83%AD%E3%83%AA%E3%83%BC%E3%82%BF%E4%B8%89%E7%82%B9%E3%82%BB%E3%83%83%E3%83%88+%E5%84%AA%E9%9B%85%E3%81%A7%E3%82%B4%E3%82%B7%E3%83%83%E3%82%AF%E3%81%AA%E3%83%87%E3%82%B6%E3%82%A4%E3%83%B3%E3%80%81%E3%82%AA%E3%83%95%E3%82%B7%E3%83%A7%E3%83%AB%E3%83%80%E3%83%BC%EF%BC%86%E3%83%AA%E3%83%9C%E3%83%B3%E8%A3%85%E9%A3%BE%E4%BB%98%E3%81%8D%E3%80%81%E3%83%95%E3%83%AA%E3%83%AB%EF%BC%86%E8%93%AC%E8%93%AC%E3%82%B9%E3%82%AB%E3%83%BC%E3%83%88%E3%81%8C%E7%89%B9%E5%BE%B4%E3%81%AE%E3%83%AD%E3%83%9E%E3%83%B3%E3%83%86%E3%82%A3%E3%83%83%E3%82%AF%E3%82%B9%E3%82%BF%E3%82%A4%E3%83%AB%E3%80%81%E7%89%B9%E5%88%A5%E3%81%AA%E3%82%A4%E3%83%99%E3%83%B3%E3%83%88%E3%81%AB%E6%9C%80%E9%81%A9%E3%81%AA%E3%83%AD%E3%83%AA%E3%83%BC%E3%82%BF%E3%83%95%E3%82%A1%E3%83%83%E3%82%B7%E3%83%A7%E3%83%B3 HTTP/1.1" 200 54216 "-" "Mozilla/5.0 (Linux; Android 6.0.1; Nexus 5X Build/MMB29P) AppleWebKit/537.36 (KHTML, like Gecko) Chrome/135.0.7049.95 Mobile Safari/537.36 (compatible; Googlebot/2.1; +http://www.google.com/bot.html)"
40.77.167.235 - - [30/Apr/2025:08:50:46 -0400] "GET /?o=0792028021101&channel=da8435&from=form.php%3Fid%3D280211-12859%26name%3D%E6%B0%B4%E6%97%8F%E9%A4%A8+CO2+%E3%83%AC%E3%82%AE%E3%83%A5%E3%83%AC%E3%83%BC%E3%82%BF%E3%83%BC+%E9%9B%BB%E7%A3%81%E3%83%90%E3%83%96%E3%83%AB%E3%82%AB%E3%82%A6%E3%83%B3%E3%82%BF%E3%83%BC+CO2+%E5%88%B6%E5%BE%A1%E3%82%B7%E3%82%B9%E3%83%86%E3%83%A0%E5%8F%8D%E5%BF%9C%E9%98%B2%E6%B0%B4%E6%B0%B4%E6%A7%BD+CO2+%E6%B8%9B%E5%9C%A7%E5%BC%81%28G5-8%29 HTTP/1.1" 200 0 "-" "Mozilla/5.0 AppleWebKit/537.36 (KHTML, like Gecko; compatible; bingbot/2.0; +http://www.bing.com/bingbot.htm) Chrome/116.0.1938.76 Safari/537.36"
66.249.69.173 - - [30/Apr/2025:08:50:55 -0400] "GET /?o=0041896911604&channel=3d5ceb&from=brands.php%3Fid%3D969116-7168%26name%3Danuans+%E3%82%AA%E3%83%BC%E3%83%97%E3%83%B3%E3%83%88%E3%82%A5%E3%82%A8%E3%82%B3%E3%83%AC%E3%82%B6%E3%83%BC%E3%82%B5%E3%83%B3%E3%83%80%E3%83%AB+%E3%83%99%E3%83%BC%E3%82%B8%E3%83%A5 HTTP/1.1" 200 53869 "-" "Mozilla/5.0 (Linux; Android 6.0.1; Nexus 5X Build/MMB29P) AppleWebKit/537.36 (KHTML, like Gecko) Chrome/135.0.7049.95 Mobile Safari/537.36 (compatible; Googlebot/2.1; +http://www.google.com/bot.html)"
66.249.69.173 - - [30/Apr/2025:08:50:57 -0400] "GET /?o=24522180581210&channel=eff5b3&from=jp.php%3Fid%3D1805812-15202%26name%3D%E5%B8%8C%E5%B0%91%E3%80%80DAKS+%E3%83%80%E3%83%83%E3%82%AF%E3%82%B9%E3%80%80%E3%83%A1%E3%82%AC%E3%83%8D%E3%83%95%E3%83%AC%E3%83%BC%E3%83%A0%E3%80%80%E3%83%B4%E3%82%A3%E3%83%B3%E3%83%86%E3%83%BC%E3%82%B8 HTTP/1.1" 200 51972 "-" "Mozilla/5.0 (Linux; Android 6.0.1; Nexus 5X Build/MMB29P) AppleWebKit/537.36 (KHTML, like Gecko) Chrome/135.0.7049.95 Mobile Safari/537.36 (compatible; Googlebot/2.1; +http://www.google.com/bot.html)"
18.97.14.80 - - [30/Apr/2025:08:51:02 -0400] "GET /?o=81405121649801&channel=300b87&from=blog.php%3Fid%3D1216498-813%26name%3DTGK+Fine+%E3%83%97%E3%83%A9%E4%BA%8C%E6%96%B9%E3%82%B3%E3%83%83%E3%82%AF+13mm HTTP/1.1" 200 0 "-" "CCBot/2.0 (https://commoncrawl.org/faq/)"
66.249.69.160 - - [30/Apr/2025:08:54:03 -0400] "GET /?o=2337323415503&channel=476301&from=info.php%3Fid%3D234155-7894%26name%3D%E6%9C%A8%E5%B7%A5%E7%94%A8%E3%83%86%E3%83%BC%E3%83%96%E3%83%AB%E3%82%BD%E3%83%BC%E3%80%81+%E3%83%9F%E3%83%8B%E3%83%86%E3%83%BC%E3%83%96%E3%83%AB%E3%83%91%E3%83%8D%E3%83%AB%E3%82%BD%E3%83%BC%E6%9C%A8%E5%B7%A5%E9%9B%BB%E5%8B%95%E5%B0%8F%E5%9E%8B%E3%83%99%E3%83%B3%E3%83%81%E3%82%BD%E3%83%BC%E6%89%8B%E4%BD%9C%E3%82%8A+DIY+%E8%B6%A3%E5%91%B3%E3%83%A2%E3%83%87%E3%83%AB%E5%B7%A5%E8%8A%B8%E5%93%81%E5%88%87%E5%89%8A%E5%B7%A5%E5%85%B7+775+%E3%83%A2%E3%83%BC%E3%82%BF%E3%83%BC+63 HTTP/1.1" 200 54288 "-" "Mozilla/5.0 (Linux; Android 6.0.1; Nexus 5X Build/MMB29P) AppleWebKit/537.36 (KHTML, like Gecko) Chrome/135.0.7049.95 Mobile Safari/537.36 (compatible; Googlebot/2.1; +http://www.google.com/bot.html)"
18.97.14.80 - - [30/Apr/2025:08:54:43 -0400] "GET /?o=68659135641600&channel=54cabd&from=brands.php%3Fid%3D1356416-13538%26name%3D2013%E3%81%A1%E3%82%87%E3%81%8F%E3%83%9E%E3%82%AC%E3%80%80%E6%98%9F%E5%90%8D%E7%BE%8E%E6%B4%A5%E7%B4%80%E3%82%B3%E3%82%B9%E3%83%81%E3%83%A5%E3%83%BC%E3%83%A003 HTTP/1.1" 200 0 "-" "CCBot/2.0 (https://commoncrawl.org/faq/)"
66.249.69.161 - - [30/Apr/2025:08:55:00 -0400] "GET /?o=5245671259601&channel=f1a225&from=info.php%3Fid%3D712596-19912%26name%3D%E9%BB%92%E3%83%AC%E3%82%B6%E3%83%BC+%E3%83%99%E3%83%AB%E3%83%88+%E3%83%A1%E3%82%BF%E3%83%AB%E3%83%90%E3%83%83%E3%82%AF%E3%83%AB HTTP/1.1" 200 54808 "-" "Mozilla/5.0 (Linux; Android 6.0.1; Nexus 5X Build/MMB29P) AppleWebKit/537.36 (KHTML, like Gecko) Chrome/135.0.7049.95 Mobile Safari/537.36 (compatible; Googlebot/2.1; +http://www.google.com/bot.html)"
18.97.14.80 - - [30/Apr/2025:08:55:25 -0400] "GET /?o=01207188143200&channel=3a2d8a&from=news.php%3Fid%3D1881432-24054%26name%3D%E4%BA%AC%E9%83%BD%E6%A9%98%E9%AB%98%E7%AD%89%E5%AD%A6%E6%A0%A1%E3%80%80%E7%AC%AC56%E5%9B%9E%E5%AE%9A%E6%9C%9F%E6%BC%94%E5%A5%8F%E4%BC%9A%E3%83%91%E3%83%B3%E3%83%95%E3%83%AC%E3%83%83%E3%83%88 HTTP/1.1" 200 0 "-" "CCBot/2.0 (https://commoncrawl.org/faq/)"
66.249.69.173 - - [30/Apr/2025:08:55:30 -0400] "GET /?o=0910721684702&channel=17e955&from=brands.php%3Fid%3D216847-3628%26name%3D%E4%BB%AE%E9%9D%A2%E3%83%A9%E3%82%A4%E3%83%80%E3%83%BC+%E3%82%AF%E3%82%A6%E3%82%AC+%E3%82%A2%E3%82%AE%E3%83%88+%E9%BE%8D%E9%A8%8E+%E5%B9%B3%E6%88%90+%E6%98%AD%E5%92%8C+%E3%83%95%E3%82%A3%E3%82%AE%E3%83%A5%E3%82%A2+%E3%82%AC%E3%82%B7%E3%83%A3%E3%83%9D%E3%83%B3+%E3%82%BD%E3%83%95%E3%83%93+%E5%BD%93%E6%99%82%E5%93%81+%E5%A4%A7%E9%87%8F+%E3%81%BE%E3%81%A8%E3%82%81+%E3%83%A9%E3%82%A4%E3%83%89%E3%82%B7%E3%83%A5%E3%83%BC%E3%82%BF%E3%83%BC HTTP/1.1" 200 53841 "-" "Mozilla/5.0 (Linux; Android 6.0.1; Nexus 5X Build/MMB29P) AppleWebKit/537.36 (KHTML, like Gecko) Chrome/135.0.7049.95 Mobile Safari/537.36 (compatible; Googlebot/2.1; +http://www.google.com/bot.html)"
18.97.14.80 - - [30/Apr/2025:08:56:15 -0400] "GET /?o=32917140594402&channel=ac1d8a&from=brands.php%3Fid%3D1405944-1648%26name%3D%E3%82%B5%E3%82%A4%E3%82%AF%E3%83%AD%E3%83%B3%E3%82%B8%E3%83%A7%E3%83%BC+KUFC+01+%E3%82%AD%E3%83%B3%E8%82%89%E3%83%9E%E3%83%B3%E3%82%AD%E3%83%B3%E8%82%89%E3%82%B9%E3%82%B0%E3%83%AB+%E5%8E%9F%E4%BD%9C+%E7%B7%91%E3%83%95%E3%82%A7%E3%82%A4%E3%82%B9+Ver.+%E6%96%B0%E5%93%81%E6%9C%AA%E9%96%8B%E5%B0%81 HTTP/1.1" 200 0 "-" "CCBot/2.0 (https://commoncrawl.org/faq/)"
40.77.167.131 - - [30/Apr/2025:08:56:55 -0400] "GET /?o=14271120607200&channel=d2538a&from=form.php%3Fid%3D1206072-11216%26name%3DComp+Bind+Technology+%E9%98%B2%E6%B0%B4%E3%82%AB%E3%83%90%E3%83%BC+%E3%82%A8%E3%82%A2%E3%82%B3%E3%83%B3%E3%82%B7%E3%82%B9%E3%83%86%E3%83%A0%E3%83%A6%E3%83%8B%E3%83%83%E3%83%88+%E3%83%AC%E3%83%8E%E3%83%83%E3%82%AF%E3%82%B9%E3%83%A1%E3%83%AA%E3%83%83%E3%83%88%E3%83%A2%E3%83%87%E3%83%AB+13ACX-030+%E3%83%96%E3%83%A9%E3%83%83 HTTP/1.1" 200 0 "-" "Mozilla/5.0 AppleWebKit/537.36 (KHTML, like Gecko; compatible; bingbot/2.0; +http://www.bing.com/bingbot.htm) Chrome/116.0.1938.76 Safari/537.36"
18.97.14.80 - - [30/Apr/2025:08:57:03 -0400] "GET /?o=8229134548300&channel=035c37&from=category-info.php%3Fid%3D345483-3114%26name%3D%E6%9C%80%E7%B5%82%E5%80%A4%E4%B8%8B%E3%81%92+Secret+Honey+%E3%82%BB%E3%83%83%E3%83%88%E3%82%A2%E3%83%83%E3%83%97+%E3%83%96%E3%83%A9%E3%83%83%E3%82%AF+%E9%87%8F%E7%94%A3%E5%9E%8B HTTP/1.1" 200 0 "-" "CCBot/2.0 (https://commoncrawl.org/faq/)"
66.249.69.160 - - [30/Apr/2025:08:57:05 -0400] "GET /?o=199968472701&channel=d09a2d&from=news.php%3Fid%3D84727-6377%26name%3D%E8%B6%B3%E8%B8%8F%E3%81%BF%E3%83%9F%E3%82%B7%E3%83%B3%E3%80%80%E7%B6%B2%E7%9B%AE%E3%83%9F%E3%82%B7%E3%83%B3%E8%84%9A%E3%80%80%E3%83%9F%E3%82%B7%E3%83%B3%E5%8F%B0%E3%80%80%E3%83%86%E3%83%BC%E3%83%96%E3%83%AB%E8%84%9A%E3%80%80%E3%82%A2%E3%83%B3%E3%83%86%E3%82%A3%E3%83%BC%E3%82%AF%E3%80%80%E3%83%AC%E3%83%88%E3%83%AD HTTP/1.1" 200 51782 "-" "Mozilla/5.0 (Linux; Android 6.0.1; Nexus 5X Build/MMB29P) AppleWebKit/537.36 (KHTML, like Gecko) Chrome/135.0.7049.95 Mobile Safari/537.36 (compatible; Googlebot/2.1; +http://www.google.com/bot.html)"
66.249.69.173 - - [30/Apr/2025:08:57:14 -0400] "GET /?o=28129172664807&channel=4c19b8&from=category-info.php%3Fid%3D1726648-27998%26name%3DOnuuzivl+%E8%88%B9%E3%81%AE%E3%81%8A%E3%82%82%E3%81%A1%E3%82%83%E3%81%AE%E4%B9%97%E3%82%8A%E7%89%A9%E3%80%81%E3%82%AF%E3%83%AB%E3%83%BC%E3%82%BA%E8%88%B9%E3%81%AE%E3%81%8A%E3%82%82%E3%81%A1%E3%82%83+-+%E5%85%89%E3%81%A8%E9%9F%B3%E3%81%AE%E9%9B%BB%E5%8B%95%E3%81%8A%E3%82%82%E3%81%A1%E3%82%83%E3%83%9C%E3%83%BC%E3%83%88%2C%E3%83%A9%E3%82%A4%E3%83%88%E3%82%B5%E3%82%A6%E3%83%B3%E3%83%89%E8%88%B9%E3%81%8A%E3%82%82%E3%81%A1%E3%82%83%E3%80%81%E9%96%8B%E7%99%BA%E9%9F%B3%E6%A5%BD%E3%83%A9%E3%82%A4 HTTP/1.1" 200 54357 "-" "Mozilla/5.0 (Linux; Android 6.0.1; Nexus 5X Build/MMB29P) AppleWebKit/537.36 (KHTML, like Gecko) Chrome/135.0.7049.95 Mobile Safari/537.36 (compatible; Googlebot/2.1; +http://www.google.com/bot.html)"
66.249.69.173 - - [30/Apr/2025:08:57:19 -0400] "GET /?o=40014170320705&channel=08e8e9&from=pin.php%3Fid%3D1703207-27636%26name%3D%EF%BC%A6%EF%BD%85%EF%BD%8E%EF%BD%94%EF%BD%85%EF%BD%85%EF%BD%92+%E9%9B%BB%E6%B0%97%E3%83%89%E3%83%AA%E3%83%AB%E5%88%87%E6%96%AD%E3%82%B9%E3%82%BF%E3%83%B3%E3%83%89%E3%83%89%E3%83%AA%E3%83%AB%E5%88%87%E6%96%AD%E3%83%96%E3%83%A9%E3%82%B1%E3%83%83%E3%83%88%E3%82%B3%E3%83%B3%E3%83%90%E3%83%BC%E3%82%BF%E3%83%BC%E5%AE%B6%E5%BA%AD%E7%94%A8%E4%BE%BF%E5%88%A9%E3%81%AA%E9%87%91%E5%B1%9E%E6%91%A9%E8%80%97%E7%B2%89%E7%A0%95%E3%83%9B%E3%82%A4%E3%83%BC%E3%83%AB%E3%81%A7%E8%80%90%E6%80%A7%2C+%E3%83%94%E3%83%B3%E3%82%AF%E3%81%AE%E3%83%87%E3%82%A3%E3%82%B9%E3%82%AF HTTP/1.1" 200 52861 "-" "Mozilla/5.0 (Linux; Android 6.0.1; Nexus 5X Build/MMB29P) AppleWebKit/537.36 (KHTML, like Gecko) Chrome/135.0.7049.95 Mobile Safari/537.36 (compatible; Googlebot/2.1; +http://www.google.com/bot.html)"
18.97.14.80 - - [30/Apr/2025:08:57:43 -0400] "GET /?o=76765169569101&channel=be4e85&from=blog.php%3Fid%3D1695691-10726%26name%3D%E4%B8%83%E4%BA%94%E4%B8%89%E7%94%A8%E3%80%80%E8%A2%8B%E5%B8%AF%E3%80%80%E8%A5%BF%E9%99%A3%E7%B9%94%E3%80%80%E6%AD%A3%E7%B5%B9%E3%80%80%E6%9C%B1%E8%89%B2 HTTP/1.1" 200 0 "-" "CCBot/2.0 (https://commoncrawl.org/faq/)"
52.167.144.220 - - [30/Apr/2025:08:57:47 -0400] "GET /?o=02907132750104&channel=6c375c&from=form.php%3Fid%3D1327501-20687%26name%3DR5589A%E3%80%90%E3%83%93%E3%83%B3%E3%83%86%E3%83%BC%E3%82%B8%E3%80%91TAKARA+%E6%97%A5%E6%9C%AC%E3%82%B5%E3%83%B3%E3%83%A9%E3%82%A4%E3%82%BA+%E3%82%B8%E3%83%A3%E3%82%A4%E3%82%A2%E3%83%B3%E3%83%88%E3%82%B4%E3%83%BC%E3%82%B0+%E5%B7%A8%E4%BA%BA%E3%82%B4%E3%83%BC%E3%82%B0+%E3%82%BF%E3%82%AB%E3%83%A9+%E3%82%BD%E3%83%95%E3%83%93+%E3%83%87%E3%83%83%E3%83%88%E3%82%B9%E3%83%88%E3%83%83%E3%82%AF+%E6%9C%AA%E4%BD%BF%E7%94%A8+%E9%95%B7%E6%9C%9F%E4%BF%9D%E7%AE%A1%E5%93%81 HTTP/1.1" 200 0 "-" "Mozilla/5.0 AppleWebKit/537.36 (KHTML, like Gecko; compatible; bingbot/2.0; +http://www.bing.com/bingbot.htm) Chrome/116.0.1938.76 Safari/537.36"
40.77.167.131 - - [30/Apr/2025:08:58:11 -0400] "GET /?o=31478132521706&channel=ead97d&from=shop.php%3Fid%3D1325217-2662%26name%3D%E3%80%90%E3%83%AC%E3%82%A2%E3%80%91%E7%91%9E%E6%B3%89+%E7%90%89%E7%90%83%E6%B3%A1%E7%9B%9B+%E5%8F%A4%E9%85%92+%E7%90%89%E7%90%83%E3%82%AC%E3%83%A9%E3%82%B9%E4%B8%80%E5%8D%87+%E6%A9%99+43%E5%BA%A6+1800ml+%E7%91%9E%E6%B3%89%E9%85%92%E9%80%A0 HTTP/1.1" 200 0 "-" "Mozilla/5.0 AppleWebKit/537.36 (KHTML, like Gecko; compatible; bingbot/2.0; +http://www.bing.com/bingbot.htm) Chrome/116.0.1938.76 Safari/537.36"
18.97.14.80 - - [30/Apr/2025:08:58:22 -0400] "GET /?o=2392885962200&channel=eff1cb&from=form.php%3Fid%3D859622-6041%26name%3DChristian+Dior+%E3%83%8D%E3%83%83%E3%82%AF%E3%83%AC%E3%82%B9+Dior%E3%83%AD%E3%82%B4+%E3%83%A9%E3%82%A4%E3%83%B3%E3%82%B9%E3%83%88%E3%83%BC%E3%83%B3+%E3%82%B7%E3%83%AB%E3%83%90%E3%83%BC HTTP/1.1" 200 0 "-" "CCBot/2.0 (https://commoncrawl.org/faq/)"
66.249.69.173 - - [30/Apr/2025:08:58:29 -0400] "GET /?o=50215125839800&channel=20f871&from=blog.php%3Fid%3D1258398-15635%26name%3DNISSAN+%28%E6%97%A5%E7%94%A3%29+%E7%B4%94%E6%AD%A3%E9%83%A8%E5%93%81+%E3%83%9E%E3%83%84%E3%83%88+%E3%83%AA%E3%83%A4+%E3%83%95%E3%83%AD%E3%82%A2+NV200+%E3%83%90%E3%83%8D%E3%83%83%E3%83%88+%E5%93%81%E7%95%AA74906-WV50A HTTP/1.1" 200 55029 "-" "Mozilla/5.0 (Linux; Android 6.0.1; Nexus 5X Build/MMB29P) AppleWebKit/537.36 (KHTML, like Gecko) Chrome/135.0.7049.95 Mobile Safari/537.36 (compatible; Googlebot/2.1; +http://www.google.com/bot.html)"
66.249.69.161 - - [30/Apr/2025:08:59:01 -0400] "GET /?o=88938198215901&channel=42f6c2&from=blog.php%3Fid%3D1982159-28865%26name%3D%E3%82%A8%E3%83%AB%E3%82%B4+%E6%8A%B1%E3%81%A3%E3%81%93%E7%B4%90+%E8%85%B0%E3%83%90%E3%83%83%E3%82%AF%E3%83%AB%E3%81%AE%E3%81%BF HTTP/1.1" 200 53521 "-" "Mozilla/5.0 (Linux; Android 6.0.1; Nexus 5X Build/MMB29P) AppleWebKit/537.36 (KHTML, like Gecko) Chrome/135.0.7049.95 Mobile Safari/537.36 (compatible; Googlebot/2.1; +http://www.google.com/bot.html)"
18.97.14.80 - - [30/Apr/2025:08:59:01 -0400] "GET /?o=67199162233400&channel=966bac&from=article.php%3Fid%3D1622334-19174%26name%3DRocstor+Y10N014-B1+Ergoreach+Ew1+%E3%83%97%E3%83%AC%E3%83%9F%E3%82%A2%E3%83%A0+%E3%83%87%E3%83%A5%E3%82%A2%E3%83%AB%E3%82%A8%E3%83%AB%E3%82%B4%E3%83%8E%E3%83%9F%E3%82%AF%E3%82%B9+%E3%83%A2%E3%83%8B%E3%82%BF%E3%83%BC%E3%82%A2%E3%83%BC%E3%83%A0+%E6%9C%80%E5%A4%A72%E3%81%A4%E3%81%AE27 HTTP/1.1" 200 0 "-" "CCBot/2.0 (https://commoncrawl.org/faq/)"
66.249.69.160 - - [30/Apr/2025:08:59:15 -0400] "GET /?o=4271851539207&channel=b2e139&from=goods.php%3Fid%3D515392-5174%26name%3D%E3%82%A2%E3%83%87%E3%82%A3%E3%83%80%E3%82%B9+%E3%82%B4%E3%83%AB%E3%83%95%E3%82%B7%E3%83%A5%E3%83%BC%E3%82%BA+%E3%82%B3%E3%83%BC%E3%83%89%E3%82%AB%E3%82%AA%E3%82%B9+BOA+%E3%83%95%E3%83%83%E3%83%88%E3%82%A6%E3%82%A7%E3%82%A2+%E3%83%9B%E3%83%AF%E3%82%A4%E3%83%88%2F%E3%82%B3%E3%82%A2%E3%83%96%E3%83%A9%E3%83%83%E3%82%AF%2F%E3%83%93%E3%83%BC%E3%83%A0%E3%82%A4%E3%82%A8%E3%83%AD%E3%83%BC HTTP/1.1" 200 53376 "-" "Mozilla/5.0 (Linux; Android 6.0.1; Nexus 5X Build/MMB29P) AppleWebKit/537.36 (KHTML, like Gecko) Chrome/135.0.7049.95 Mobile Safari/537.36 (compatible; Googlebot/2.1; +http://www.google.com/bot.html)"
66.249.69.160 - - [30/Apr/2025:08:59:16 -0400] "GET /?o=3031991522602&channel=49e10f&from=info.php%3Fid%3D915226-1852%26name%3DMIKIMOTO+%E3%83%99%E3%83%93%E3%83%BC%E3%83%91%E3%83%BC%E3%83%AB+%E3%83%94%E3%82%A2%E3%82%B9+%E7%8F%BE%E8%A1%8C%E5%93%81+K18+%E3%83%9B%E3%83%AF%E3%82%A4%E3%83%88%E3%82%B4%E3%83%BC%E3%83%AB%E3%83%89 HTTP/1.1" 200 53887 "-" "Mozilla/5.0 (Linux; Android 6.0.1; Nexus 5X Build/MMB29P) AppleWebKit/537.36 (KHTML, like Gecko) Chrome/135.0.7049.114 Mobile Safari/537.36 (compatible; Googlebot/2.1; +http://www.google.com/bot.html)"
66.249.69.173 - - [30/Apr/2025:08:59:41 -0400] "GET /?o=51992153239804&channel=914e05&from=goods.php%3Fid%3D1532398-2455%26name%3D%E2%98%85%E2%98%85%E2%98%85%E3%80%80%EF%BC%91%EF%BC%99%EF%BC%92%EF%BC%97%E3%80%80%E3%82%A2%E3%83%B3%E3%83%86%E3%82%A3%E3%83%BC%E3%82%AF%E3%83%89%E3%83%BC%E3%83%AB%E3%80%80%E7%94%B7%E3%81%AE%E5%AD%90%E3%80%80%E2%98%85%E2%98%85%E2%98%85%E3%80%80%E4%BA%BA%E5%BD%A2 HTTP/1.1" 200 55087 "-" "Mozilla/5.0 (Linux; Android 6.0.1; Nexus 5X Build/MMB29P) AppleWebKit/537.36 (KHTML, like Gecko) Chrome/135.0.7049.95 Mobile Safari/537.36 (compatible; Googlebot/2.1; +http://www.google.com/bot.html)"
18.97.14.80 - - [30/Apr/2025:08:59:41 -0400] "GET /?o=8279874839500&channel=7ad0cc&from=blog.php%3Fid%3D748395-8823%26name%3D%28K43%29%E3%83%88%E3%83%AA%E3%83%97%E3%83%AB%E3%83%95%E3%83%83%E3%82%AF+25%E6%9C%AC+%E3%83%96%E3%83%A9%E3%83%83%E3%82%AF+%238 HTTP/1.1" 200 0 "-" "CCBot/2.0 (https://commoncrawl.org/faq/)"
66.249.69.173 - - [30/Apr/2025:08:59:52 -0400] "GET /?o=170809790303&channel=1a4561&from=shop.php%3Fid%3D97903-6832%26name%3D%E3%82%B5%E3%83%A0%E3%82%BD%E3%83%8A%E3%82%A4%E3%83%88+%E3%82%B9%E3%83%BC%E3%83%84%E3%82%B1%E3%83%BC%E3%82%B9+%E3%82%AD%E3%83%A3%E3%83%AA%E3%83%BC%E3%82%B1%E3%83%BC%E3%82%B9+%E3%82%B3%E3%82%B9%E3%83%A2%E3%83%A9%E3%82%A4%E3%83%88+36L+%E6%A9%9F%E5%86%85+%E8%B5%A4 HTTP/1.1" 200 53647 "-" "Mozilla/5.0 (Linux; Android 6.0.1; Nexus 5X Build/MMB29P) AppleWebKit/537.36 (KHTML, like Gecko) Chrome/135.0.7049.95 Mobile Safari/537.36 (compatible; Googlebot/2.1; +http://www.google.com/bot.html)"
66.249.69.160 - - [30/Apr/2025:09:00:11 -0400] "GET /?o=082015136510&channel=7d15c7&from=article.php%3Fid%3D51365-4208%26name%3D%E3%83%A2%E3%83%A2%E3%83%8A%E3%83%81%E3%83%A5%E3%83%A9%E3%83%AB+COMO+%E3%83%AD%E3%83%BC%E3%83%86%E3%83%BC%E3%83%96%E3%83%AB+L HTTP/1.1" 200 53826 "-" "Mozilla/5.0 (Linux; Android 6.0.1; Nexus 5X Build/MMB29P) AppleWebKit/537.36 (KHTML, like Gecko) Chrome/135.0.7049.114 Mobile Safari/537.36 (compatible; Googlebot/2.1; +http://www.google.com/bot.html)"
18.97.14.80 - - [30/Apr/2025:09:00:21 -0400] "GET /?o=8180812456405&channel=d6f48b&from=shop.php%3Fid%3D124564-553%26name%3D%E4%B8%AD%E5%8F%A4+%E5%8F%B3%E7%94%A8+PING+%E3%83%94%E3%83%B3+G430+MAX+%E3%83%95%E3%82%A7%E3%82%A2%E3%82%A6%E3%82%A7%E3%82%A4%E3%82%A6%E3%83%83%E3%83%89+TOUR+2.0+CHROME+75+5W+%E3%83%95%E3%83%AC%E3%83%83%E3%82%AF%E3%82%B9S HTTP/1.1" 200 0 "-" "CCBot/2.0 (https://commoncrawl.org/faq/)"
66.249.69.173 - - [30/Apr/2025:09:00:53 -0400] "GET /?o=1287157266103&channel=eff1cb&from=goods.php%3Fid%3D572661-6041%26name%3D%E3%82%B7%E3%83%A7%E3%83%91%E3%83%BC%E3%83%AB+%E3%83%8F%E3%83%83%E3%83%94%E3%83%BC%E3%83%80%E3%82%A4%E3%83%A4%E3%83%A2%E3%83%B3%E3%83%89+%E3%82%AF%E3%83%AD%E3%82%B9+%E3%83%8D%E3%83%83%E3%82%AF%E3%83%AC%E3%82%B9+%EF%BC%8812470769%EF%BC%89 HTTP/1.1" 200 53951 "-" "Mozilla/5.0 (Linux; Android 6.0.1; Nexus 5X Build/MMB29P) AppleWebKit/537.36 (KHTML, like Gecko) Chrome/135.0.7049.95 Mobile Safari/537.36 (compatible; Googlebot/2.1; +http://www.google.com/bot.html)"
66.249.69.160 - - [30/Apr/2025:09:01:02 -0400] "GET /?o=87818165261303&channel=a5e910&from=pin.php%3Fid%3D1652613-26904%26name%3D%E3%83%A4%E3%83%9E%E3%83%8F%E7%94%A8+XP500+XP+500+2000+2001+2002+2003-2011+%E3%82%AA%E3%83%BC%E3%83%88%E3%83%90%E3%82%A4%E3%83%8F%E3%83%B3%E3%83%89%E3%83%AB%E3%83%90%E3%83%BC%E3%82%A8%E3%83%B3%E3%83%89%E9%87%8D%E9%87%8F%E3%83%8F%E3%83%B3%E3%83%89%E3%83%AB%E3%83%90%E3%83%BC%E3%82%B0 HTTP/1.1" 200 52589 "-" "Mozilla/5.0 (Linux; Android 6.0.1; Nexus 5X Build/MMB29P) AppleWebKit/537.36 (KHTML, like Gecko) Chrome/135.0.7049.95 Mobile Safari/537.36 (compatible; Googlebot/2.1; +http://www.google.com/bot.html)"
18.97.14.80 - - [30/Apr/2025:09:01:03 -0400] "GET /?o=7790585012800&channel=9129a8&from=shared.php%3Fid%3D850128-5763%26name%3D%E6%97%AD%E9%A2%A8%E9%98%B2%28af%29+%E3%83%90%E3%82%A4%E3%82%AF+%E5%A4%96%E8%A3%85+%E9%A2%A8%E9%98%B2%E3%83%BB%E3%82%B9%E3%82%AF%E3%83%AA%E3%83%BC%E3%83%B3%E3%83%BB%E3%83%90%E3%82%A4%E3%82%B6%E3%83%BC+CUB-F3-C+%E3%82%A6%E3%82%A4%E3%83%B3%E3%83%89%E3%82%B7%E3%83%BC%E3%83%AB%E3%83%89+%E3%82%AF%E3%83%AA%E3%82%A2+%E3%82%AF%E3%83%AD%E3%82%B9%E3%82%AB%E3%83%96110%5B2022.04%E3%80%9C%5D%288BJ-JA60%29 HTTP/1.1" 200 0 "-" "CCBot/2.0 (https://commoncrawl.org/faq/)"
34.194.165.45 - - [30/Apr/2025:09:01:04 -0400] "GET /wp-includes__c454f3a/sodium_compat/namespaced/Core/Curve25519/?SA HTTP/1.1" 200 908 "-" "Mozilla/5.0 AppleWebKit/537.36 (KHTML, like Gecko; compatible; Amazonbot/0.1; +https://developer.amazon.com/support/amazonbot) Chrome/119.0.6045.214 Safari/537.36"
44.209.187.99 - - [30/Apr/2025:09:01:09 -0400] "GET /wp-includes__c454f3a/css/dist/nux/?NA HTTP/1.1" 200 863 "-" "Mozilla/5.0 AppleWebKit/537.36 (KHTML, like Gecko; compatible; Amazonbot/0.1; +https://developer.amazon.com/support/amazonbot) Chrome/119.0.6045.214 Safari/537.36"
52.0.105.244 - - [30/Apr/2025:09:01:12 -0400] "GET /wp-includes__c454f3a/Requests/src/Utility/InputValidator.php HTTP/1.1" 403 1242 "-" "Mozilla/5.0 AppleWebKit/537.36 (KHTML, like Gecko; compatible; Amazonbot/0.1; +https://developer.amazon.com/support/amazonbot) Chrome/119.0.6045.214 Safari/537.36"
34.225.87.80 - - [30/Apr/2025:09:01:16 -0400] "GET /wp-includes__c454f3a/Requests/src/Transport/?MA HTTP/1.1" 200 865 "-" "Mozilla/5.0 AppleWebKit/537.36 (KHTML, like Gecko; compatible; Amazonbot/0.1; +https://developer.amazon.com/support/amazonbot) Chrome/119.0.6045.214 Safari/537.36"
66.249.69.160 - - [30/Apr/2025:09:01:25 -0400] "GET /?o=54000111107408&channel=002459&from=blog.php%3Fid%3D1111074-12407%26name%3D%E2%97%8F%E5%A4%A7%E6%8C%AF%E3%82%8A%28W9.2%29%E3%80%80%E6%9C%AA%E4%BD%BF%E7%94%A8%E3%80%80%E6%97%A5%E6%9C%AC%E6%A9%8B%E3%81%AE%E7%BE%8E%E8%A1%93%E5%95%86%E5%80%8B%E5%B1%95%E3%81%AB%E3%81%A6%E8%B3%BC%E5%85%A5%E2%97%8F+%E3%80%90%E3%83%9E%E3%83%83%E3%82%B8%E3%83%A7%E3%83%BC%E3%83%AC%E7%BE%8E%E8%A1%93%E3%80%91+%E5%B7%9D%E7%80%AC%E5%BF%8D+%E9%BB%92%E8%A7%B4+%E5%85%B1%E7%AE%B1%E3%80%80%E6%97%A5%E6%9C%AC%E9%99%B6%E7%A3%81%E5%8D%94%E4%BC%9A%E8%B3%9E%E9%87%91%E8%B3%9E%E3%80%80%28%E6%A4%9C%29+%E9%9D%92%E7%A3%81%E7%9B%83%E3%81%90%E3%81%84%E5%91%91 HTTP/1.1" 200 55355 "-" "Mozilla/5.0 (Linux; Android 6.0.1; Nexus 5X Build/MMB29P) AppleWebKit/537.36 (KHTML, like Gecko) Chrome/135.0.7049.95 Mobile Safari/537.36 (compatible; Googlebot/2.1; +http://www.google.com/bot.html)"
