52.167.144.183 - - [30/Apr/2025:08:43:47 -0400] "GET /?o=01003190788102&channel=05afdf&from=shop.php%3Fid%3D1907881-19123%26name%3D%EF%BC%A6%EF%BD%85%EF%BD%8E%EF%BD%94%EF%BD%85%EF%BD%85%EF%BD%92+%E3%83%88%E3%82%A4%E3%83%AC%E3%83%83%E3%83%88%E3%83%9A%E3%83%BC%E3%83%91%E3%83%BC%E3%83%9B%E3%83%AB%E3%83%80%E3%83%BC%E3%83%86%E3%82%A3%E3%83%83%E3%82%B7%E3%83%A5%E3%83%9B%E3%83%AB%E3%83%80%E3%83%BC%E3%83%87%E3%82%A3%E3%82%B9%E3%83%9A%E3%83%B3%E3%82%B5%E3%83%BC%E3%83%90%E3%82%B9%E3%83%AB%E3%83%BC%E3%83%A0%E3%83%86%E3%82%A3%E3%83%83%E3%82%B7%E3%83%A5%E3%83%9C%E3%83%83%E3%82%AF%E3%82%B9%E3%83%A9%E3%83%83%E3%82%AF%E7%94%A8%E6%B4%97%E9%9D%A2%E6%89%80%2C+%E7%99%BD HTTP/1.1" 200 0 "-" "Mozilla/5.0 AppleWebKit/537.36 (KHTML, like Gecko; compatible; bingbot/2.0; +http://www.bing.com/bingbot.htm) Chrome/116.0.1938.76 Safari/537.36"
66.249.69.173 - - [30/Apr/2025:08:46:06 -0400] "GET /?o=04334120151801&channel=1b03d3&from=news.php%3Fid%3D1201518-7194%26name%3D%E3%80%90%E9%AB%98%E7%B4%9A%E3%80%91%E5%A4%A9%E7%84%B6%E3%82%B9%E3%83%BC%E3%83%91%E3%83%BC%E3%82%BB%E3%83%96%E3%83%B3+%E3%83%AA%E3%83%B3%E3%82%B0+s925+16.2%2A10mm HTTP/1.1" 200 53154 "-" "Mozilla/5.0 (Linux; Android 6.0.1; Nexus 5X Build/MMB29P) AppleWebKit/537.36 (KHTML, like Gecko) Chrome/135.0.7049.95 Mobile Safari/537.36 (compatible; Googlebot/2.1; +http://www.google.com/bot.html)"
66.249.69.160 - - [30/Apr/2025:08:46:07 -0400] "GET /?o=6601980733700&channel=7d7d4b&from=blog.php%3Fid%3D807337-2410%26name%3D%E9%96%A2%E8%A5%BF%E3%82%B8%E3%83%A3%E3%83%8B%E3%83%BC%E3%82%BAJr.+2017%E3%82%AF%E3%83%AA%E3%83%91%E3%80%80%E3%83%81%E3%82%B1%E3%83%83%E3%83%88%E3%83%95%E3%82%A1%E3%82%A4%E3%83%AB HTTP/1.1" 200 52245 "-" "Mozilla/5.0 (Linux; Android 6.0.1; Nexus 5X Build/MMB29P) AppleWebKit/537.36 (KHTML, like Gecko) Chrome/135.0.7049.95 Mobile Safari/537.36 (compatible; Googlebot/2.1; +http://www.google.com/bot.html)"
66.249.69.161 - - [30/Apr/2025:08:46:08 -0400] "GET /?o=7702828479618&channel=391c02&from=form.php%3Fid%3D284796-1802%26name%3DCat%27s+eye+CE%E3%83%BC800.%28%E5%B7%AE%E5%88%A5%E5%8C%96%E6%9C%80%E9%AB%98%E7%B4%9A%E6%9D%90%E6%96%99%E4%BD%BF%E7%94%A8%29 HTTP/1.1" 200 52155 "-" "Mozilla/5.0 (Linux; Android 6.0.1; Nexus 5X Build/MMB29P) AppleWebKit/537.36 (KHTML, like Gecko) Chrome/135.0.7049.95 Mobile Safari/537.36 (compatible; Googlebot/2.1; +http://www.google.com/bot.html)"
66.249.69.161 - - [30/Apr/2025:08:46:09 -0400] "GET /?o=32098100487403&channel=3a544a&from=shop.php%3Fid%3D1004874-1633%26name%3D%E3%80%90%E9%80%81%E6%96%99%E7%84%A1%E6%96%99%EF%BC%81%E3%80%91%E3%82%A4%E3%83%B3%E3%83%86%E3%83%AA%E3%82%A2%E3%81%AB%E6%9C%80%E9%81%A9+%E7%8D%85%E5%AD%90%E3%81%AE%E7%BD%AE%E7%89%A9+%E3%82%B4%E3%83%BC%E3%83%AB%E3%83%89%E3%83%A1%E3%83%83%E3%82%AD+%E3%83%AF%E3%82%A4%E3%83%89%E5%85%A8%E9%95%B740%E3%82%BB%E3%83%B3%E3%83%81+%E9%87%8D%E9%87%8F1%E3%82%AD%E3%83%AD+%E5%A4%A7%E8%BF%AB%E5%8A%9B+%E3%82%B4%E3%83%BC%E3%83%AB%E3%83%89%E3%83%A9%E3%82%A4%E3%82%AA%E3%83%B3+%E5%8D%93%E4%B8%8A+%E7%BD%AE%E7%89%A9+%E5%AE%89%E3%81%84+%E5%8C%97%E6%AC%A7 HTTP/1.1" 200 55413 "-" "Mozilla/5.0 (Linux; Android 6.0.1; Nexus 5X Build/MMB29P) AppleWebKit/537.36 (KHTML, like Gecko) Chrome/135.0.7049.95 Mobile Safari/537.36 (compatible; Googlebot/2.1; +http://www.google.com/bot.html)"
66.249.69.162 - - [30/Apr/2025:08:46:10 -0400] "GET /?o=0329725553203&channel=f139af&from=news.php%3Fid%3D255532-100%26name%3D%E3%82%AC%E3%82%AA%E3%83%8A+GAONA+%E3%81%93%E3%82%8C%E3%82%A8%E3%82%A8%E3%82%84%E3%82%93+GA-RG013+%E6%B0%B4%E6%A0%93%E6%9F%B1+%E3%82%B9%E3%83%86%E3%83%B3%E3%83%AC%E3%82%B9+%28%E4%B8%8B%E7%B5%A6%E6%B0%B4+%E7%AB%8B%E6%B0%B4%E6%A0%93+%E3%82%AC%E3%83%BC%E3%83%87%E3%83%B3+%E8%A7%92%E5%9E%8B+%E3%83%98%E3%82%A2%E3%83%A9%E3%82%A4%E3%83%B3+1200mm%29+KAKUDAI+%E3%82%AB%E3%82%AF%E3%83%80%E3%82%A4 HTTP/1.1" 200 56025 "-" "Mozilla/5.0 (Linux; Android 6.0.1; Nexus 5X Build/MMB29P) AppleWebKit/537.36 (KHTML, like Gecko) Chrome/135.0.7049.95 Mobile Safari/537.36 (compatible; Googlebot/2.1; +http://www.google.com/bot.html)"
66.249.69.161 - - [30/Apr/2025:08:46:10 -0400] "GET /?o=9209772741103&channel=c0caea&from=article.php%3Fid%3D727411-8524%26name%3D%5B%E9%8D%9B%E5%86%B6%E5%B1%8B%E6%95%B7%5D%E5%88%80%E5%89%A3%E7%BE%8E%E8%A1%93%2F%E6%B1%9F%E6%88%B8%E6%9C%9F%2F%E9%89%84%E4%BB%81%2F%E9%89%84%E5%9C%B0%E9%87%91%E8%B1%A1%E5%B5%8C%E9%9B%B2%E9%BE%8D%E5%9B%B3%E6%9C%A8%E7%93%9C%E5%BD%A2%E9%8D%94%2F153%EF%BD%87%2FK-759%28%E6%A4%9C%E7%B4%A2%29%E9%AA%A8%E8%91%A3%2F%E9%8D%94%2F%E9%90%94%2F%E6%97%A5%E6%9C%AC%E5%88%80%2F%E5%88%80%E8%A3%85%E5%85%B7%2F%E7%B8%81%E9%A0%AD%2F%E7%9B%AE%E8%B2%AB HTTP/1.1" 200 55212 "-" "Mozilla/5.0 (Linux; Android 6.0.1; Nexus 5X Build/MMB29P) AppleWebKit/537.36 (KHTML, like Gecko) Chrome/135.0.7049.95 Mobile Safari/537.36 (compatible; Googlebot/2.1; +http://www.google.com/bot.html)"
66.249.69.161 - - [30/Apr/2025:08:46:11 -0400] "GET /?o=49492144487007&channel=1640c6&from=jp.php%3Fid%3D1444870-1641%26name%3D%E4%BB%8F%E6%95%99%E7%BE%8E%E8%A1%93%E3%80%80%E6%A2%B5%E5%AD%97+%E3%80%80%E6%A0%B9%E6%9D%A5%E3%80%80%E9%A6%99%E5%90%88%E4%BB%8F%E3%80%80%E6%87%90%E4%B8%AD%E4%BB%8F%E3%80%80%E5%8B%A2%E8%87%B3%E8%8F%A9%E8%96%A9%E3%80%80%E6%B1%9F%E6%88%B8%E6%99%82%E4%BB%A3 HTTP/1.1" 200 53247 "-" "Mozilla/5.0 (Linux; Android 6.0.1; Nexus 5X Build/MMB29P) AppleWebKit/537.36 (KHTML, like Gecko) Chrome/135.0.7049.95 Mobile Safari/537.36 (compatible; Googlebot/2.1; +http://www.google.com/bot.html)"
66.249.69.173 - - [30/Apr/2025:08:46:12 -0400] "GET /?o=58105169587701&channel=ee10f1&from=info.php%3Fid%3D1695877-27486%26name%3D%E6%BC%AB%E7%94%BB%E3%82%BB%E3%83%83%E3%83%88+%E2%91%A0 HTTP/1.1" 200 53506 "-" "Mozilla/5.0 (Linux; Android 6.0.1; Nexus 5X Build/MMB29P) AppleWebKit/537.36 (KHTML, like Gecko) Chrome/135.0.7049.95 Mobile Safari/537.36 (compatible; Googlebot/2.1; +http://www.google.com/bot.html)"
66.249.69.161 - - [30/Apr/2025:08:46:12 -0400] "GET /?o=98547156056305&channel=cfbe6d&from=brands.php%3Fid%3D1560563-6082%26name%3D%E3%80%90%E7%BE%8E%E5%93%81%E3%80%91LARDINI++%E3%82%B5%E3%83%9E%E3%83%BC%E3%82%B9%E3%83%BC%E3%83%84%E3%80%80%E3%82%B8%E3%83%A3%E3%82%B1%E3%83%83%E3%83%88%E3%80%80%E3%83%91%E3%83%B3%E3%83%84 HTTP/1.1" 200 53350 "-" "Mozilla/5.0 (Linux; Android 6.0.1; Nexus 5X Build/MMB29P) AppleWebKit/537.36 (KHTML, like Gecko) Chrome/135.0.7049.95 Mobile Safari/537.36 (compatible; Googlebot/2.1; +http://www.google.com/bot.html)"
18.97.14.80 - - [30/Apr/2025:08:46:13 -0400] "GET /?o=2003128400301&channel=e7cb3f&from=shared.php%3Fid%3D284003-7582%26name%3DKOYORAD+%E3%83%A9%E3%82%B8%E3%82%A8%E3%83%BC%E3%82%BF%E3%83%BC+16400-21071+%28%E3%83%B4%E3%82%A3%E3%83%83%E3%83%84+%E3%82%A4%E3%82%B9%E3%83%88+%E3%83%97%E3%83%AD%E3%83%9C%E3%83%83%E3%82%AF%E3%82%B9+%EF%BC%B7%EF%BD%89%EF%BC%AC%EF%BC%AC+%E3%82%B5%E3%82%A4%E3%83%95%E3%82%A1+%E3%83%97%E3%83%A9%E3%83%83%E3%83%84+%E3%82%B5%E3%82%AF%E3%82%B7%E3%83%BC%E3%83%89+%EF%BD%82 HTTP/1.1" 200 0 "-" "CCBot/2.0 (https://commoncrawl.org/faq/)"
66.249.69.160 - - [30/Apr/2025:08:46:13 -0400] "GET /?o=82794198384002&channel=c7829a&from=shop.php%3Fid%3D1983840-21120%26name%3DTORY+BURCH+%E3%83%8B%E3%83%83%E3%83%88+%E3%82%BB%E3%83%BC%E3%82%BF%E3%83%BC+%E3%83%9C%E3%83%BC%E3%83%80%E3%83%BC+%E5%8D%8A%E8%A2%96+%E9%87%91%E3%83%9C%E3%82%BF%E3%83%B3+%E3%83%AD%E3%82%B4+XS HTTP/1.1" 200 53394 "-" "Mozilla/5.0 (Linux; Android 6.0.1; Nexus 5X Build/MMB29P) AppleWebKit/537.36 (KHTML, like Gecko) Chrome/135.0.7049.95 Mobile Safari/537.36 (compatible; Googlebot/2.1; +http://www.google.com/bot.html)"
66.249.69.173 - - [30/Apr/2025:08:46:14 -0400] "GET /?o=7507899311603&channel=7cbdb4&from=form.php%3Fid%3D993116-8433%26name%3D%E9%9B%BB%E5%8B%95%E8%87%AA%E8%BB%A2%E8%BB%8A%E3%80%80Panasonic+0 HTTP/1.1" 200 55188 "-" "Mozilla/5.0 (Linux; Android 6.0.1; Nexus 5X Build/MMB29P) AppleWebKit/537.36 (KHTML, like Gecko) Chrome/135.0.7049.95 Mobile Safari/537.36 (compatible; Googlebot/2.1; +http://www.google.com/bot.html)"
66.249.69.161 - - [30/Apr/2025:08:46:15 -0400] "GET /?o=81119156442412&channel=c2d5fa&from=shop.php%3Fid%3D1564424-918%26name%3D%E3%80%90%EF%BE%8E%EF%BE%9F%EF%BD%B2%EF%BE%9D%EF%BE%84%E6%9C%80%E5%A4%A713%E5%80%8D%E3%80%91%E6%9D%B1%E8%8A%9D+TOSHIBA+dynabook+B553+%E7%AC%AC3%E4%B8%96%E4%BB%A3+Core+i5+%E3%83%A1%E3%83%A2%E3%83%AA+8GB+%E6%96%B0%E5%93%81SSD+256GB+%E3%83%8E%E3%83%BC%E3%83%88%E3%83%91%E3%82%BD%E3%82%B3%E3%83%B3+%E3%83%86%E3%83%B3%E3%82%AD%E3%83%BC%E6%90%AD%E8%BC%89+DVD-ROM+15.6%E3%82%A4%E3%83%B3%E3%83%81+%E5%A4%A7%E7%94%BB%E9%9D%A2+Wifi+Office%E4%BB%98+%E4%B8%AD%E5%8F%A4+%E3%83%91%E3%82%BD%E3%82%B3%E3%83%B3+%E4%B8%AD%E5%8F%A4PC+%E4%B8%AD%E5%8F%A4%E3%83%8E%E3%83%BC%E3%83%88%E3%83%91%E3%82%BD%E3%82%B3%E3%83%B3+%E3%83%93%E3%82%B8%E3%83%8D%E3%82%B9%E3%83%8E%E3%83%BC%E3%83%88PC+Windows11+Windows10 HTTP/1.1" 200 54864 "-" "Mozilla/5.0 (Linux; Android 6.0.1; Nexus 5X Build/MMB29P) AppleWebKit/537.36 (KHTML, like Gecko) Chrome/135.0.7049.95 Mobile Safari/537.36 (compatible; Googlebot/2.1; +http://www.google.com/bot.html)"
66.249.69.161 - - [30/Apr/2025:08:46:16 -0400] "GET /?o=76907121598300&channel=d114a2&from=info.php%3Fid%3D1215983-21725%26name%3D%E8%87%AA%E5%8B%95%E8%BB%8A%E3%82%A6%E3%82%A3%E3%83%B3%E3%83%89%E3%82%A6+%E3%83%AC%E3%82%AE%E3%83%A5%E3%83%AC%E3%83%BC%E3%82%BF%E3%83%BC+93867658+Compatible+With+Opel+For+Vivaro+2014+201 HTTP/1.1" 200 54380 "-" "Mozilla/5.0 (Linux; Android 6.0.1; Nexus 5X Build/MMB29P) AppleWebKit/537.36 (KHTML, like Gecko) Chrome/135.0.7049.95 Mobile Safari/537.36 (compatible; Googlebot/2.1; +http://www.google.com/bot.html)"
66.249.69.173 - - [30/Apr/2025:08:46:16 -0400] "GET /?o=72581136088612&channel=cb1059&from=shared.php%3Fid%3D1360886-1513%26name%3D%E2%98%86%23%E6%96%AD%E8%88%8D%E7%A6%BB.%E6%A7%98%E5%B0%82%E7%94%A8%E5%95%86%E5%93%81%E2%98%86%E3%81%94%E8%B3%BC%E5%85%A5%E3%81%82%E3%82%8A%E3%81%8C%E3%81%A8%E3%81%86%E3%81%94%E3%81%96%E3%81%84%E3%81%BE%E3%81%99%2A%5C%28%5Eo%5E%29%2F%2A HTTP/1.1" 200 52922 "-" "Mozilla/5.0 (Linux; Android 6.0.1; Nexus 5X Build/MMB29P) AppleWebKit/537.36 (KHTML, like Gecko) Chrome/135.0.7049.95 Mobile Safari/537.36 (compatible; Googlebot/2.1; +http://www.google.com/bot.html)"
66.249.69.161 - - [30/Apr/2025:08:46:17 -0400] "GET /?o=96839183874800&channel=e4d017&from=info.php%3Fid%3D1838748-21083%26name%3DNIKE+%E3%83%8A%E3%82%A4%E3%82%AD+%E3%82%A8%E3%82%A2%E3%82%BA%E3%83%BC%E3%83%A0%E3%83%86%E3%83%B3%E3%83%9D%E3%83%8D%E3%82%AF%E3%82%B9%E3%83%88%EF%BC%85+%E3%82%B0%E3%83%AC%E3%83%BC+26.0cm+%E3%82%A8%E3%82%A2%E3%83%91%E3%83%B3%E3%82%AF%E7%84%A1 HTTP/1.1" 200 52938 "-" "Mozilla/5.0 (Linux; Android 6.0.1; Nexus 5X Build/MMB29P) AppleWebKit/537.36 (KHTML, like Gecko) Chrome/135.0.7049.95 Mobile Safari/537.36 (compatible; Googlebot/2.1; +http://www.google.com/bot.html)"
66.249.69.162 - - [30/Apr/2025:08:46:19 -0400] "GET /?o=29899154401506&channel=129cff&from=blog.php%3Fid%3D1544015-17324%26name%3D%E3%82%A8%E3%83%AC%E3%82%AC%E3%83%B3%E3%83%88+%E3%83%95%E3%83%AB%E3%83%91%E3%83%BC%E3%83%AB+%E3%83%98%E3%83%83%E3%83%89%E3%83%90%E3%83%B3%E3%83%89+%E3%83%97%E3%83%AA%E3%83%B3%E3%82%BB%E3%82%B9+%E3%83%98%E3%83%83%E3%83%89%E3%83%94%E3%83%BC%E3%82%B9+%E3%83%9A%E3%83%BC%E3%82%B8%E3%82%A7%E3%83%B3%E3%83%88+%E3%83%97%E3%83%AD%E3%83%A0+%E3%83%91%E3%83%BC%E3%83%86%E3%82%A3%E3%83%BC+%E3%82%A6%E3%82%A7%E3%83%87%E3%82%A3%E3%83%B3%E3%82%B0+%E3%83%99%E3%83%BC%E3%83%AB+%E8%8A%B1%E5%AB%81+%E3%83%88%E3%82%A5%E3%83%BC HTTP/1.1" 200 54493 "-" "Mozilla/5.0 (Linux; Android 6.0.1; Nexus 5X Build/MMB29P) AppleWebKit/537.36 (KHTML, like Gecko) Chrome/135.0.7049.95 Mobile Safari/537.36 (compatible; Googlebot/2.1; +http://www.google.com/bot.html)"
66.249.69.162 - - [30/Apr/2025:08:46:19 -0400] "GET /?o=89126110672206&channel=665efe&from=article.php%3Fid%3D1106722-2806%26name%3D%E3%83%8F%E3%82%A4%E3%82%AC%E3%83%BC%E5%85%AC%E5%BC%8F+%E3%82%B9%E3%82%AB%E3%83%AA%E3%83%95%E3%82%A1%E3%82%A4%E3%83%A4+%E8%8A%9D%E7%AE%A1%E7%90%86%E6%A9%9F+%E3%82%B3%E3%83%BC%E3%83%89%E5%BC%8F+%E3%82%A8%E3%82%A2%E3%83%AC%E3%83%BC%E3%82%B7%E3%83%A7%E3%83%B3+%E3%82%B5%E3%83%83%E3%83%81%E3%83%B3%E3%82%B0+HG-EMHGB32+1%E5%B9%B4%E4%BF%9D%E8%A8%BC HTTP/1.1" 200 54471 "-" "Mozilla/5.0 (Linux; Android 6.0.1; Nexus 5X Build/MMB29P) AppleWebKit/537.36 (KHTML, like Gecko) Chrome/135.0.7049.95 Mobile Safari/537.36 (compatible; Googlebot/2.1; +http://www.google.com/bot.html)"
66.249.69.162 - - [30/Apr/2025:08:46:21 -0400] "GET /?o=82530143278602&channel=8fd929&from=shared.php%3Fid%3D1432786-8842%26name%3D%E8%87%AA%E5%8B%95%E3%83%91%E3%83%AF%E3%83%BC%E3%82%B9%E3%83%86%E3%82%A2%E3%83%AA%E3%83%B3%E3%82%B0%E3%83%9D%E3%83%B3%E3%83%97%E4%BA%92%E6%8F%9B%E3%83%9B%E3%83%B3%E3%83%80%E3%82%A2%E3%82%B3%E3%83%BC%E3%83%89+1990+1991+1992+1993+%E4%BA%A4%E6%8F%9B+56110-PT0-050+%E2%80%8B%E2%80%8B561 HTTP/1.1" 200 54684 "-" "Mozilla/5.0 (Linux; Android 6.0.1; Nexus 5X Build/MMB29P) AppleWebKit/537.36 (KHTML, like Gecko) Chrome/135.0.7049.95 Mobile Safari/537.36 (compatible; Googlebot/2.1; +http://www.google.com/bot.html)"
66.249.69.161 - - [30/Apr/2025:08:46:21 -0400] "GET /?o=69611150487001&channel=57c4fa&from=pin.php%3Fid%3D1504870-17911%26name%3DBOTANICAL+HOT+GEL+%E3%83%9C%E3%83%87%E3%82%A3%E3%83%9E%E3%83%83%E3%82%B5%E3%83%BC%E3%82%B8%E3%82%B8%E3%82%A7%E3%83%AB+100g HTTP/1.1" 200 53930 "-" "Mozilla/5.0 (Linux; Android 6.0.1; Nexus 5X Build/MMB29P) AppleWebKit/537.36 (KHTML, like Gecko) Chrome/135.0.7049.95 Mobile Safari/537.36 (compatible; Googlebot/2.1; +http://www.google.com/bot.html)"
66.249.69.173 - - [30/Apr/2025:08:46:22 -0400] "GET /?o=9367156973703&channel=78f1c2&from=info.php%3Fid%3D569737-18112%26name%3D5701h5%E3%80%90%E8%8B%B1%E5%9B%BD%E2%98%86%E3%82%B5%E3%82%A4%E3%83%89%E3%83%90%E3%82%A4%E3%82%B5%E3%82%A4%E3%83%89+%E3%82%AC%E3%83%A9%E3%82%B9+%E3%82%AD%E3%83%A3%E3%83%93%E3%83%8D%E3%83%83%E3%83%88+%E3%83%A9%E3%82%A4%E3%83%86%E3%82%A3%E3%83%B3%E3%82%B0+%E3%83%93%E3%83%A5%E3%83%BC%E3%83%AD%E3%83%BC+%E3%83%87%E3%82%B9%E3%82%AF+%E3%83%96%E3%83%83%E3%82%AF%E3%82%B1%E3%83%BC%E3%82%B9+%E3%82%B5%E3%82%A4%E3%83%89%E3%83%9C%E3%83%BC%E3%83%89%E3%80%91%E3%82%A4%E3%82%AE%E3%83%AA%E3%82%B9+%E3%82%A2%E3%83%B3%E3%83%86%E3%82%A3%E3%83%BC%E3%82%AF HTTP/1.1" 200 55185 "-" "Mozilla/5.0 (Linux; Android 6.0.1; Nexus 5X Build/MMB29P) AppleWebKit/537.36 (KHTML, like Gecko) Chrome/135.0.7049.95 Mobile Safari/537.36 (compatible; Googlebot/2.1; +http://www.google.com/bot.html)"
66.249.69.162 - - [30/Apr/2025:08:46:23 -0400] "GET /?o=5260192702507&channel=694680&from=info.php%3Fid%3D927025-21968%26name%3D%E3%82%B3%E3%83%BC%E3%83%89%E4%BB%98%E3%81%8D%E3%82%B0%E3%83%A9%E3%82%B9%E3%83%88%E3%83%AA%E3%83%9E%E3%83%BC%E3%80%81%E5%AE%B6%E5%BA%AD%E7%94%A8%E8%8A%9D%E7%94%9F%E3%83%88%E3%83%AA%E3%83%9E%E3%83%BC%E3%80%81%E3%82%B3%E3%83%B3%E3%83%91%E3%82%AF%E3%83%88%E3%83%8F%E3%83%B3%E3%83%89%E3%83%98%E3%83%AB%E3%83%89%E3%82%AC%E3%83%BC%E3%83%87%E3%83%B3%E3%83%A2%E3%82%A2%E3%80%81%E8%8D%89%E5%88%88%E3%82%8A%E3%83%AD%E3%83%BC%E3%83%97%E4%BB%98%E3%81%8D%E3%80%81320+mm+%E5%88%87%E6%96%AD%E3%82%A8%E3%83%AA%E3%82%A2%E3%80%81550 HTTP/1.1" 200 53888 "-" "Mozilla/5.0 (Linux; Android 6.0.1; Nexus 5X Build/MMB29P) AppleWebKit/537.36 (KHTML, like Gecko) Chrome/135.0.7049.95 Mobile Safari/537.36 (compatible; Googlebot/2.1; +http://www.google.com/bot.html)"
66.249.69.160 - - [30/Apr/2025:08:46:23 -0400] "GET /?o=84818101403700&channel=3d3cfb&from=blog.php%3Fid%3D1014037-2063%26name%3D%E3%83%87%E3%83%A5%E3%82%BD%E3%83%BC%E3%83%AB+%E3%83%AC%E3%82%AF%E3%83%88%E3%83%90%E3%82%B9%E3%82%B1%E3%83%83%E3%83%88+M HTTP/1.1" 200 55377 "-" "Mozilla/5.0 (Linux; Android 6.0.1; Nexus 5X Build/MMB29P) AppleWebKit/537.36 (KHTML, like Gecko) Chrome/135.0.7049.95 Mobile Safari/537.36 (compatible; Googlebot/2.1; +http://www.google.com/bot.html)"
66.249.69.163 - - [30/Apr/2025:08:46:24 -0400] "GET /?o=9175837628000&channel=45eca0&from=category-info.php%3Fid%3D376280-2811%26name%3D%E6%A5%AD%E5%8B%99%E7%94%A8+%E3%83%97%E3%83%AD%E4%BB%95%E6%A7%98+%E3%82%A4%E3%83%AB%E3%83%9F%E3%83%8D%E3%83%BC%E3%82%B7%E3%83%A7%E3%83%B3%E3%83%A9%E3%82%A4%E3%83%88+LED+100%E7%90%83+10m+RGB%E3%83%AC%E3%82%A4%E3%83%B3%E3%83%9C%E3%83%BC%E3%83%A9%E3%82%A4%E3%83%88+%E8%87%AA%E5%8B%95%E5%A4%89%E8%89%B2%28%E9%80%9F%E3%81%84%E5%A4%89%E5%8C%96%29+%E5%B1%8B%E5%A4%96+%E9%98%B2%E9%9B%A8+%E9%80%A3%E7%B5%90%E5%8F%AF HTTP/1.1" 200 54466 "-" "Mozilla/5.0 (Linux; Android 6.0.1; Nexus 5X Build/MMB29P) AppleWebKit/537.36 (KHTML, like Gecko) Chrome/135.0.7049.95 Mobile Safari/537.36 (compatible; Googlebot/2.1; +http://www.google.com/bot.html)"
66.249.69.161 - - [30/Apr/2025:08:46:25 -0400] "GET /?o=2876712944802&channel=6dd258&from=brands.php%3Fid%3D129448-114%26name%3D%E3%82%B7%E3%83%9C%E3%83%AC%E3%83%BC+4+%E5%80%8B%E8%BB%8A+TPMS+%E3%82%BF%E3%82%A4%E3%83%A4%E3%82%A8%E3%82%A2%E5%9C%A7%E3%82%BB%E3%83%B3%E3%82%B5%E3%83%BC%E3%82%B7%E3%82%B9%E3%83%86%E3%83%A0%E3%82%AD%E3%83%A3%E3%83%87%E3%83%A9%E3%83%83%E3%82%AF+ATS+CTS+%E3%82%AB%E3%83%9E%E3%83%AD HTTP/1.1" 200 54157 "-" "Mozilla/5.0 (Linux; Android 6.0.1; Nexus 5X Build/MMB29P) AppleWebKit/537.36 (KHTML, like Gecko) Chrome/135.0.7049.95 Mobile Safari/537.36 (compatible; Googlebot/2.1; +http://www.google.com/bot.html)"
66.249.69.161 - - [30/Apr/2025:08:46:25 -0400] "GET /?o=9980190161500&channel=9100f3&from=product.php%3Fid%3D901615-17855%26name%3D%E3%82%A4%E3%83%B3%E3%82%AF%E3%82%B8%E3%82%A7%E3%83%83%E3%83%88%E6%99%AE%E9%80%9A%E7%B4%99+914mmx50m+2%E6%9C%AC%E5%85%A5+105%CE%BCm+2%E3%82%A4%E3%83%B3%E3%83%81%E7%B4%99%E7%AE%A1+WF485 HTTP/1.1" 200 53782 "-" "Mozilla/5.0 (Linux; Android 6.0.1; Nexus 5X Build/MMB29P) AppleWebKit/537.36 (KHTML, like Gecko) Chrome/135.0.7049.95 Mobile Safari/537.36 (compatible; Googlebot/2.1; +http://www.google.com/bot.html)"
66.249.69.160 - - [30/Apr/2025:08:46:27 -0400] "GET /?o=8185931676900&channel=8cd45e&from=blog.php%3Fid%3D316769-4140%26name%3D%E3%82%BA%E3%83%BC%E3%83%9E%E3%83%BC HTTP/1.1" 200 53811 "-" "Mozilla/5.0 (Linux; Android 6.0.1; Nexus 5X Build/MMB29P) AppleWebKit/537.36 (KHTML, like Gecko) Chrome/135.0.7049.95 Mobile Safari/537.36 (compatible; Googlebot/2.1; +http://www.google.com/bot.html)"
66.249.69.161 - - [30/Apr/2025:08:46:28 -0400] "GET /?o=8688480005600&channel=d7e2ea&from=form.php%3Fid%3D800056-9023%26name%3D%E3%82%A8%E3%82%A2%E3%82%B3%E3%83%B3 HTTP/1.1" 200 52595 "-" "Mozilla/5.0 (Linux; Android 6.0.1; Nexus 5X Build/MMB29P) AppleWebKit/537.36 (KHTML, like Gecko) Chrome/135.0.7049.95 Mobile Safari/537.36 (compatible; Googlebot/2.1; +http://www.google.com/bot.html)"
66.249.69.161 - - [30/Apr/2025:08:46:28 -0400] "GET /?o=57030171520903&channel=45cebf&from=jp.php%3Fid%3D1715209-26526%26name%3D%E7%AD%8F%E3%83%AA%E3%83%BC%E3%83%AB+%E3%82%A4%E3%82%AB%E3%83%80%E3%83%AA%E3%83%BC%E3%83%AB+%E3%83%8C%E3%83%81+%E3%82%AF%E3%83%AD%E3%83%80%E3%82%A4+%E3%82%AB%E3%82%BB%E9%87%A3%E3%82%8A+%E7%AD%8F%E9%87%A3%E3%82%8A+%E3%83%89%E3%83%A9%E3%82%B0%E6%A9%9F%E8%83%BD+%E5%8F%B3%E3%83%8F%E3%83%B3%E3%83%89%E3%83%AB HTTP/1.1" 200 53778 "-" "Mozilla/5.0 (Linux; Android 6.0.1; Nexus 5X Build/MMB29P) AppleWebKit/537.36 (KHTML, like Gecko) Chrome/135.0.7049.95 Mobile Safari/537.36 (compatible; Googlebot/2.1; +http://www.google.com/bot.html)"
66.249.69.173 - - [30/Apr/2025:08:46:29 -0400] "GET /?o=00598126682902&channel=4da31d&from=news.php%3Fid%3D1266829-51%26name%3DHARIO+%E3%83%8F%E3%83%AA%E3%82%AA+K10+%E3%83%94%E3%82%A2%E3%82%B9+%E3%83%96%E3%83%AB%E3%83%BC%E3%83%A0+K10+HAA-BL-001P-K10 HTTP/1.1" 200 55389 "-" "Mozilla/5.0 (Linux; Android 6.0.1; Nexus 5X Build/MMB29P) AppleWebKit/537.36 (KHTML, like Gecko) Chrome/135.0.7049.95 Mobile Safari/537.36 (compatible; Googlebot/2.1; +http://www.google.com/bot.html)"
66.249.69.161 - - [30/Apr/2025:08:46:30 -0400] "GET /?o=8858927139100&channel=c23ac9&from=shop.php%3Fid%3D271391-12750%26name%3DCompatible+With+A6+R8+RS7+S6+S7+H-ID+%E5%A4%89%E6%8F%9B%E3%82%AD%E3%83%83%E3%83%88%E3%82%AD%E3%82%BB%E3%83%8E%E3%83%B3%E3%83%90%E3%83%A9%E3%82%B9%E3%83%88%E3%83%98%E3%83%83%E3%83%89%E3%83%A9%E3%83%B3%E3%83%97%E9%9A%A0%E3%81%97%E5%88%B6%E5%BE%A1%E3%83%A2%E3%82%B8%E3%83%A5%E3%83%BC%E3%83%AB HTTP/1.1" 200 55089 "-" "Mozilla/5.0 (Linux; Android 6.0.1; Nexus 5X Build/MMB29P) AppleWebKit/537.36 (KHTML, like Gecko) Chrome/135.0.7049.95 Mobile Safari/537.36 (compatible; Googlebot/2.1; +http://www.google.com/bot.html)"
66.249.69.161 - - [30/Apr/2025:08:46:30 -0400] "GET /?o=79003174113008&channel=e4626f&from=brands.php%3Fid%3D1741130-1799%26name%3DS1000RR%28k67%29+%E4%B8%AD%E5%9B%BD%E8%A3%BD%E3%82%AB%E3%82%A6%E3%83%AB%E3%82%BB%E3%83%83%E3%83%88%E3%80%80%E3%82%A6%E3%82%A3%E3%83%B3%E3%82%B0%E3%83%AC%E3%83%83%E3%83%88%E8%87%AA%E4%BD%9C%E3%82%A2%E3%83%B3%E3%83%80%E3%83%BC%E3%82%AB%E3%82%A6%E3%83%AB%E4%BB%98 HTTP/1.1" 200 53390 "-" "Mozilla/5.0 (Linux; Android 6.0.1; Nexus 5X Build/MMB29P) AppleWebKit/537.36 (KHTML, like Gecko) Chrome/135.0.7049.95 Mobile Safari/537.36 (compatible; Googlebot/2.1; +http://www.google.com/bot.html)"
66.249.69.173 - - [30/Apr/2025:08:46:31 -0400] "GET /?o=6770965662011&channel=b941d6&from=goods.php%3Fid%3D656620-3163%26name%3D%E4%BC%B8%E9%95%B7%E5%BC%8F%E3%83%80%E3%82%A4%E3%83%8B%E3%83%B3%E3%82%B0%E3%83%86%E3%83%BC%E3%83%96%E3%83%AB3%E7%82%B9%E3%82%BB%E3%83%83%E3%83%88+%28DT%E3%83%AD%E3%83%94%E3%82%A22DBR%2FDC%E3%83%AD%E3%83%94%E3%82%A22%29+%E3%83%8B%E3%83%88%E3%83%AA+%E3%80%90%E7%8E%84%E9%96%A2%E5%85%88%E8%BF%84%E7%B4%8D%E5%93%81%E3%80%91+%E3%80%905%E5%B9%B4%E4%BF%9D%E8%A8%BC%E3%80%91 HTTP/1.1" 200 55606 "-" "Mozilla/5.0 (Linux; Android 6.0.1; Nexus 5X Build/MMB29P) AppleWebKit/537.36 (KHTML, like Gecko) Chrome/135.0.7049.95 Mobile Safari/537.36 (compatible; Googlebot/2.1; +http://www.google.com/bot.html)"
66.249.69.164 - - [30/Apr/2025:08:46:32 -0400] "GET /?o=5275115205619&channel=df31e7&from=goods.php%3Fid%3D152056-2919%26name%3D%E3%83%80%E3%82%A4%E3%83%8B%E3%83%B3%E3%82%B0%E3%83%86%E3%83%BC%E3%83%96%E3%83%AB+%E7%9B%B4%E5%BE%84110cm+%E9%A3%9F%E5%8D%93%E6%9C%BA+%E4%B8%B8%E5%9E%8B+%E4%B8%B8%E3%81%84+%E5%86%86%E5%BD%A2+%E5%86%86%E5%8D%93+4%E4%BA%BA%E6%8E%9B%E3%81%91+%E6%9C%A8%E8%A3%BD+%E5%A4%A9%E7%84%B6%E6%9C%A8+%E3%82%AA%E3%83%BC%E3%82%AF+%E3%82%A6%E3%83%83%E3%83%89+%E3%82%B9%E3%83%81%E3%83%BC%E3%83%AB+%E3%82%A2%E3%82%A4%E3%82%A2%E3%83%B3+3%E6%9C%AC%E8%84%9A+%E3%83%AA%E3%83%93%E3%83%B3%E3%82%B0+%E3%81%8A%E3%81%97%E3%82%83%E3%82%8C+%E5%8C%97%E6%AC%A7+%E5%92%8C%E3%83%A2%E3%83%80%E3%83%B3+%E3%82%AB%E3%83%95%E3%82%A7%E9%A2%A8+%E3%82%B7%E3%83%B3%E3%83%97%E3%83%AB+%E3%82%A4%E3%83%B3%E3%83%80%E3%82%B9%E3%83%88%E3%83%AA%E3%82%A2%E3%83%AB+%E3%83%8A%E3%83%81%E3%83%A5%E3%83%A9%E3%83%AB+%E3%83%96%E3%83%A9%E3%82%A6%E3%83%B3+form+%E6%9D%B1%E8%B0%B7 HTTP/1.1" 200 55214 "-" "Mozilla/5.0 (Linux; Android 6.0.1; Nexus 5X Build/MMB29P) AppleWebKit/537.36 (KHTML, like Gecko) Chrome/135.0.7049.95 Mobile Safari/537.36 (compatible; Googlebot/2.1; +http://www.google.com/bot.html)"
52.167.144.183 - - [30/Apr/2025:08:46:32 -0400] "GET /?o=2768954268701&channel=49cd8f&from=shop.php%3Fid%3D542687-11997%26name%3DBLACK+COMME+des+GARCONS+%E3%83%99%E3%82%B9%E3%83%88+XL+%E7%99%BD+%E3%80%90%E5%8F%A4%E7%9D%80%E3%80%91%E3%80%90%E4%B8%AD%E5%8F%A4%E3%80%91 HTTP/1.1" 200 0 "-" "Mozilla/5.0 AppleWebKit/537.36 (KHTML, like Gecko; compatible; bingbot/2.0; +http://www.bing.com/bingbot.htm) Chrome/116.0.1938.76 Safari/537.36"
66.249.69.160 - - [30/Apr/2025:08:46:32 -0400] "GET /?o=5774371058504&channel=aed48c&from=brands.php%3Fid%3D710585-19869%26name%3D%E9%BB%84%E6%9C%A8+%E6%B8%85%E4%BB%A3+%E8%8B%A6%E8%A1%8C%E5%83%A7+%E5%94%90%E7%89%A9 HTTP/1.1" 200 54609 "-" "Mozilla/5.0 (Linux; Android 6.0.1; Nexus 5X Build/MMB29P) AppleWebKit/537.36 (KHTML, like Gecko) Chrome/135.0.7049.95 Mobile Safari/537.36 (compatible; Googlebot/2.1; +http://www.google.com/bot.html)"
66.249.69.165 - - [30/Apr/2025:08:46:33 -0400] "GET /?o=98821185570201&channel=4da31d&from=jp.php%3Fid%3D1855702-51%26name%3D%E3%82%B7%E3%83%B3%E3%83%97%E3%83%AB%E3%83%AA%E3%83%96%E3%83%98%E3%82%A2%E3%83%90%E3%83%B3%E3%83%89 HTTP/1.1" 200 54694 "-" "Mozilla/5.0 (Linux; Android 6.0.1; Nexus 5X Build/MMB29P) AppleWebKit/537.36 (KHTML, like Gecko) Chrome/135.0.7049.95 Mobile Safari/537.36 (compatible; Googlebot/2.1; +http://www.google.com/bot.html)"
66.249.69.164 - - [30/Apr/2025:08:46:33 -0400] "GET /?o=2661884041303&channel=2623cb&from=jp.php%3Fid%3D840413-9006%26name%3DKAWASAKIZZR250 HTTP/1.1" 200 52837 "-" "Mozilla/5.0 (Linux; Android 6.0.1; Nexus 5X Build/MMB29P) AppleWebKit/537.36 (KHTML, like Gecko) Chrome/135.0.7049.95 Mobile Safari/537.36 (compatible; Googlebot/2.1; +http://www.google.com/bot.html)"
66.249.69.161 - - [30/Apr/2025:08:46:35 -0400] "GET /?o=0225075350500&channel=ec80d7&from=article.php%3Fid%3D753505-3736%26name%3DPuig+20100N+%3Cbr%3EPHB19+FRONT+AXLE+SLIDER+%3Cbr%3ETRIUMPH+DAYTONA+675+%2806-16%29+%3Cbr%3EDAYTONA+675+R+%2811-16%29+%3Cbr%3ESPEED+TRIPLE+1050+%2811-15%29+%3Cbr%3ESPEED+TRIPLE+1050+R+%2812-15%29+%3Cbr%3E%E3%83%97%E3%83%BC%E3%83%81+%E3%82%B9%E3%83%A9%E3%82%A4%E3%83%80%E3%83%BC+%E3%83%91%E3%83%83%E3%83%89 HTTP/1.1" 200 57211 "-" "Mozilla/5.0 (Linux; Android 6.0.1; Nexus 5X Build/MMB29P) AppleWebKit/537.36 (KHTML, like Gecko) Chrome/135.0.7049.95 Mobile Safari/537.36 (compatible; Googlebot/2.1; +http://www.google.com/bot.html)"
52.167.144.174 - - [30/Apr/2025:08:46:36 -0400] "GET /wp-includes__c454f3a/Text/Diff/Engine/?ND HTTP/1.1" 200 729 "-" "Mozilla/5.0 AppleWebKit/537.36 (KHTML, like Gecko; compatible; bingbot/2.0; +http://www.bing.com/bingbot.htm) Chrome/116.0.1938.76 Safari/537.36"
66.249.69.161 - - [30/Apr/2025:08:46:37 -0400] "GET /?o=137893723806&channel=7bd09e&from=article.php%3Fid%3D37238-2992%26name%3D%E3%83%A9%E3%82%B0+%E3%83%87%E3%82%BC%E3%83%AB%E3%83%88%E3%80%80%E3%83%8B%E3%83%88%E3%83%AA%E3%80%80%E3%83%A1%E3%83%BC%E3%82%AB%E3%83%BC%E7%9B%B4%E9%80%81%E3%83%BB%E9%80%81%E6%96%99%E7%84%A1%E6%96%99 HTTP/1.1" 200 54710 "-" "Mozilla/5.0 (Linux; Android 6.0.1; Nexus 5X Build/MMB29P) AppleWebKit/537.36 (KHTML, like Gecko) Chrome/135.0.7049.95 Mobile Safari/537.36 (compatible; Googlebot/2.1; +http://www.google.com/bot.html)"
66.249.69.163 - - [30/Apr/2025:08:46:38 -0400] "GET /?o=90407156347611&channel=645a3a&from=shop.php%3Fid%3D1563476-4190%26name%3DNESTO%EF%BC%88%E3%83%8D%E3%82%B9%E3%83%88%EF%BC%89+LIMIT+2%EF%BC%88%E3%83%AA%E3%83%9F%E3%83%83%E3%83%88+2%EF%BC%89+2024%E5%B9%B4%E3%83%A2%E3%83%87%E3%83%AB+%E8%87%AA%E8%BB%A2%E8%BB%8A+%E3%82%AF%E3%83%AD%E3%82%B9%E3%83%90%E3%82%A4%E3%82%AF+%E9%80%9A%E5%8B%A4%E9%80%9A%E5%AD%A6%E3%81%AB+%E3%82%B5%E3%82%A4%E3%82%AF%E3%83%AA%E3%83%B3%E3%82%B0%E3%80%90%E5%BA%97%E9%A0%AD%E5%8F%97%E5%8F%96%E9%80%81%E6%96%99%E7%84%A1%E6%96%99%E3%80%91 HTTP/1.1" 200 54608 "-" "Mozilla/5.0 (Linux; Android 6.0.1; Nexus 5X Build/MMB29P) AppleWebKit/537.36 (KHTML, like Gecko) Chrome/135.0.7049.95 Mobile Safari/537.36 (compatible; Googlebot/2.1; +http://www.google.com/bot.html)"
66.249.69.163 - - [30/Apr/2025:08:46:41 -0400] "GET /?o=9922451355303&channel=71b68b&from=pin.php%3Fid%3D513553-57%26name%3D%E3%83%90%E3%83%AB%E3%83%BC%E3%83%B3%E3%83%91%E3%83%B3%E3%83%84%E3%80%80%E3%83%9A%E3%83%81%E3%83%91%E3%83%B3%E3%83%84%E3%80%80%E3%83%8F%E3%83%B3%E3%83%89%E3%83%A1%E3%82%A4%E3%83%89%E3%80%80%E3%83%8A%E3%83%81%E3%83%A5%E3%83%A9%E3%83%AB%E6%9C%8D%E3%81%AE%E3%81%8A%E5%A5%BD%E3%81%8D%E3%81%AA%E6%96%B9%E3%81%AB%E2%80%A6%E8%89%B2%E8%A6%8B%E6%9C%AC HTTP/1.1" 200 52833 "-" "Mozilla/5.0 (Linux; Android 6.0.1; Nexus 5X Build/MMB29P) AppleWebKit/537.36 (KHTML, like Gecko) Chrome/135.0.7049.95 Mobile Safari/537.36 (compatible; Googlebot/2.1; +http://www.google.com/bot.html)"
66.249.69.173 - - [30/Apr/2025:08:46:42 -0400] "GET /?o=70646136809600&channel=11fb71&from=info.php%3Fid%3D1368096-571%26name%3D%E3%83%9B%E3%83%B3%E3%83%80+%E3%82%A2%E3%82%AF%E3%83%86%E3%82%A3+%E3%83%88%E3%83%A9%E3%83%83%E3%82%AF+HA3+HA4+%E3%82%AA%E3%83%AB%E3%82%BF%E3%83%8D%E3%83%BC%E3%82%BF%E3%83%BC+%E3%83%80%E3%82%A4%E3%83%8A%E3%83%A2+%E3%82%B3%E3%82%A2%E8%BF%94%E5%8D%B4%E4%B8%8D%E8%A6%81+%E3%83%AA%E3%83%93%E3%83%AB%E3%83%88+%E8%BB%8A%E7%A8%AE%E5%B0%82%E7%94%A8%E8%A8%AD%E8%A8%88+18%E6%99%82%E3%81%BE%E3%81%A7%E5%8D%B3%E6%97%A5%E7%99%BA%E9%80%81+31100-PZ3-013 HTTP/1.1" 200 53220 "-" "Mozilla/5.0 (Linux; Android 6.0.1; Nexus 5X Build/MMB29P) AppleWebKit/537.36 (KHTML, like Gecko) Chrome/135.0.7049.95 Mobile Safari/537.36 (compatible; Googlebot/2.1; +http://www.google.com/bot.html)"
66.249.69.173 - - [30/Apr/2025:08:46:43 -0400] "GET /?o=07417198391000&channel=c7829a&from=shared.php%3Fid%3D1983910-21120%26name%3DMURUA+%E3%83%84%E3%82%A4%E3%82%B9%E3%83%88%E3%83%AF%E3%83%B3%E3%82%B7%E3%83%A7%E3%83%AB%E3%83%8B%E3%83%83%E3%83%88+%E3%83%91%E3%83%BC%E3%83%97%E3%83%AB HTTP/1.1" 200 53252 "-" "Mozilla/5.0 (Linux; Android 6.0.1; Nexus 5X Build/MMB29P) AppleWebKit/537.36 (KHTML, like Gecko) Chrome/135.0.7049.95 Mobile Safari/537.36 (compatible; Googlebot/2.1; +http://www.google.com/bot.html)"
66.249.69.164 - - [30/Apr/2025:08:46:45 -0400] "GET /?o=5682095058104&channel=a4eab9&from=article.php%3Fid%3D950581-22266%26name%3D%E3%83%95%E3%82%A1%E3%82%A4%E3%83%AB%E3%82%B1%E3%83%BC%E3%82%B9+%E8%90%8C%E3%81%88+%E5%8C%97%E6%A5%B5%E7%86%8A+%E3%83%9A%E3%83%B3%E3%82%AE%E3%83%B3%E6%9F%84+%E5%8F%8E%E7%B4%8D%E3%83%90%E3%83%83%E3%82%B0+%E3%83%95%E3%82%A1%E3%82%B9%E3%83%8A%E3%83%BC+%E5%A4%A7%E5%AE%B9%E9%87%8F+%E6%89%8B%E6%8F%90%E3%81%92+%E3%82%B1%E3%83%BC%E3%82%B9%E3%83%95%E3%82%A1%E3%82%A4%E3%83%AB+%E6%89%8B%E6%8F%90%E3%81%92+%E8%B3%87%E6%96%99%E8%A2%8B+A4+B4+%E6%9B%B8%E9%A1%9E%E8%A2%8B HTTP/1.1" 200 53100 "-" "Mozilla/5.0 (Linux; Android 6.0.1; Nexus 5X Build/MMB29P) AppleWebKit/537.36 (KHTML, like Gecko) Chrome/135.0.7049.95 Mobile Safari/537.36 (compatible; Googlebot/2.1; +http://www.google.com/bot.html)"
66.249.69.173 - - [30/Apr/2025:08:46:45 -0400] "GET /?o=1288610436408&channel=73b683&from=category-info.php%3Fid%3D104364-2183%26name%3D%E3%83%9E%E3%83%B3%E3%83%88+MAN.TO+%E3%82%B3%E3%82%A4%E3%83%B3%E3%83%AD%E3%83%BC%E3%83%95%E3%82%A1%E3%83%BC+%E3%83%80%E3%83%BC%E3%82%AF%E3%83%96%E3%83%A9%E3%82%A6%E3%83%B3+ALBERTO+%E9%9D%A9%E9%9D%B4+%E6%9C%AC%E9%9D%A9+%E3%83%AC%E3%82%B6%E3%83%BC++%E3%83%AD%E3%83%BC%E3%83%95%E3%82%A1%E3%83%BC+%E3%83%89%E3%83%AC%E3%82%B9%E3%82%B7%E3%83%A5%E3%83%BC%E3%82%BA+%E3%83%AC%E3%82%B6%E3%83%BC%E3%82%BD%E3%83%BC%E3%83%AB+%E3%83%A1%E3%83%B3%E3%82%BA+%E3%83%93%E3%82%B8%E3%83%8D%E3%82%B9+%E3%82%AB%E3%82%B8%E3%83%A5%E3%82%A2%E3%83%AB+%E3%82%A4%E3%82%BF%E3%83%AA%E3%82%A2+%E3%83%A1%E3%83%B3%E3%82%BA%E9%9D%B4+%E6%AD%A9%E3%81%8D%E3%82%84%E3%81%99%E3%81%84+%E3%82%B7%E3%83%B3%E3%83%97%E3%83%AB+%E3%80%90%E9%80%81%E6%96%99%E7%84%A1%E6%96%99%E3%80%91 HTTP/1.1" 200 57045 "-" "Mozilla/5.0 (Linux; Android 6.0.1; Nexus 5X Build/MMB29P) AppleWebKit/537.36 (KHTML, like Gecko) Chrome/135.0.7049.95 Mobile Safari/537.36 (compatible; Googlebot/2.1; +http://www.google.com/bot.html)"
66.249.69.162 - - [30/Apr/2025:08:46:47 -0400] "GET /?o=1279241650500&channel=de4c8e&from=blog.php%3Fid%3D416505-7628%26name%3DPanasonic+%E3%83%91%E3%83%8A%E3%82%BD%E3%83%8B%E3%83%83%E3%82%AF+%E3%83%98%E3%82%A2%E3%83%BC%E3%83%89%E3%83%A9%E3%82%A4%E3%83%A4%E3%83%BC%E3%83%8A%E3%83%8E%E3%82%B1%E3%82%A2+EH-NE5C-W HTTP/1.1" 200 54848 "-" "Mozilla/5.0 (Linux; Android 6.0.1; Nexus 5X Build/MMB29P) AppleWebKit/537.36 (KHTML, like Gecko) Chrome/135.0.7049.95 Mobile Safari/537.36 (compatible; Googlebot/2.1; +http://www.google.com/bot.html)"
66.249.69.162 - - [30/Apr/2025:08:46:48 -0400] "GET /?o=0291281357902&channel=5d4588&from=info.php%3Fid%3D813579-1022%26name%3D%E3%82%B2%E3%83%83%E3%83%88%E3%83%A9%E3%82%A4%E3%83%B3%E3%83%90%E3%83%83%E3%83%88%E3%80%80%E3%83%9F%E3%83%8E%E3%83%AB%E3%83%9E%E3%83%B3%E3%80%80%E3%83%9F%E3%83%BC%E3%83%88%E5%8A%9B%E3%82%A2%E3%83%83%E3%83%97%E2%80%BC%EF%B8%8F HTTP/1.1" 200 53499 "-" "Mozilla/5.0 (Linux; Android 6.0.1; Nexus 5X Build/MMB29P) AppleWebKit/537.36 (KHTML, like Gecko) Chrome/135.0.7049.95 Mobile Safari/537.36 (compatible; Googlebot/2.1; +http://www.google.com/bot.html)"
66.249.69.173 - - [30/Apr/2025:08:46:48 -0400] "GET /?o=709791797603&channel=e1083c&from=product.php%3Fid%3D17976-2058%26name%3D%E3%80%90%E4%B8%AD%E5%8F%A4%E3%80%91%E3%82%B7%E3%83%A5%E3%83%97%E3%83%AA%E3%83%BC%E3%83%A0+Supreme+2024%E5%B9%B4%E6%98%A5%E5%A4%8F+Black+Cat+Tee+%E3%82%B3%E3%83%83%E3%83%88%E3%83%B3+%E3%82%AF%E3%83%AB%E3%83%BC%E3%83%8D%E3%83%83%E3%82%AF+%E5%8D%8A%E8%A2%96%EF%BC%B4%E3%82%B7%E3%83%A3%E3%83%84+%E3%83%9B%E3%83%AF%E3%82%A4%E3%83%88%E3%80%90%E3%82%B5%E3%82%A4%E3%82%BAL%E3%80%91%E3%80%90%E3%83%A1%E3%83%B3%E3%82%BA%E3%80%91 HTTP/1.1" 200 53538 "-" "Mozilla/5.0 (Linux; Android 6.0.1; Nexus 5X Build/MMB29P) AppleWebKit/537.36 (KHTML, like Gecko) Chrome/135.0.7049.95 Mobile Safari/537.36 (compatible; Googlebot/2.1; +http://www.google.com/bot.html)"
66.249.69.161 - - [30/Apr/2025:08:46:49 -0400] "GET /?o=194774250700&channel=91f979&from=form.php%3Fid%3D42507-3570%26name%3D14%E3%83%BB16%E3%83%BB20%E3%82%AA%E3%83%B3%E3%82%B9%E5%85%B1%E9%80%9A%E5%B9%B3%E3%83%95%E3%82%BF%E7%A9%B4%E4%BB%98%E3%81%8D%EF%BC%A4%EF%BC%A698%E3%80%80%E3%83%95%E3%82%B8%E3%83%97%E3%83%A9%E3%82%AB%E3%83%83%E3%83%97%E5%B0%82%E7%94%A8%E3%80%801%E3%82%B1%E3%83%BC%E3%82%B9%EF%BC%882000%E5%80%8B%EF%BC%89 HTTP/1.1" 200 54341 "-" "Mozilla/5.0 (Linux; Android 6.0.1; Nexus 5X Build/MMB29P) AppleWebKit/537.36 (KHTML, like Gecko) Chrome/135.0.7049.95 Mobile Safari/537.36 (compatible; Googlebot/2.1; +http://www.google.com/bot.html)"
66.249.69.167 - - [30/Apr/2025:08:46:50 -0400] "GET /?o=25227111078002&channel=eaab56&from=form.php%3Fid%3D1110780-13197%26name%3D%E2%98%85%E3%80%90%E9%80%B8%E5%93%81%E5%A0%82%E3%80%91%E2%98%85+%E5%88%9D%E4%BB%A3+%E4%BB%81%E6%B8%85+%E6%9B%B8%E3%81%8D%E8%BE%BC%E3%81%BF%E6%9C%89%E3%82%8A+%E5%A3%B7+%E5%A3%BA+%E5%9B%9B%E3%81%A4%E8%80%B3+%E4%BA%AC%E7%84%BC+%E4%BE%9B%E7%AE%B1+%E7%BE%8E%E5%93%81+%E7%8F%8D+%E6%98%AD%E5%92%8C%E3%83%AC%E3%83%88%E3%83%AD+%E7%8F%8D%E5%93%81+%E9%80%B8%E5%93%81+%E7%BE%8E%E5%93%81+%E7%B6%BA%E9%BA%97%E7%9B%AE+%E9%A3%BE%E3%82%8A%E7%BD%AE%E7%89%A9+%E7%B8%81%E8%B5%B7%E7%89%A9+%E9%87%8E%E3%80%85%E6%9D%91%E5%9B%BD%E5%AE%9D%E7%B4%9A HTTP/1.1" 200 55839 "-" "Mozilla/5.0 (Linux; Android 6.0.1; Nexus 5X Build/MMB29P) AppleWebKit/537.36 (KHTML, like Gecko) Chrome/135.0.7049.95 Mobile Safari/537.36 (compatible; Googlebot/2.1; +http://www.google.com/bot.html)"
66.249.69.167 - - [30/Apr/2025:08:46:51 -0400] "GET /?o=082553435606&channel=e6e2ff&from=shop.php%3Fid%3D34356-3108%26name%3DRUIRUEBOUTIQUE%E3%83%AB%E3%82%A4%E3%83%AB%E3%82%A8%E3%83%96%E3%83%86%E3%82%A3%E3%83%83%E3%82%AF%E3%82%BB%E3%83%83%E3%83%88%E3%82%A2%E3%83%83%E3%83%97A509172160M HTTP/1.1" 200 52652 "-" "Mozilla/5.0 (Linux; Android 6.0.1; Nexus 5X Build/MMB29P) AppleWebKit/537.36 (KHTML, like Gecko) Chrome/135.0.7049.95 Mobile Safari/537.36 (compatible; Googlebot/2.1; +http://www.google.com/bot.html)"
66.249.69.160 - - [30/Apr/2025:08:46:52 -0400] "GET /?o=00091111758603&channel=eff1cb&from=jp.php%3Fid%3D1117586-6041%26name%3D%E2%98%85Noa%E6%A7%98%E3%80%80%E5%B0%82%E7%94%A8%E3%83%9A%E3%83%BC%E3%82%B8%E2%98%85 HTTP/1.1" 200 53951 "-" "Mozilla/5.0 (Linux; Android 6.0.1; Nexus 5X Build/MMB29P) AppleWebKit/537.36 (KHTML, like Gecko) Chrome/135.0.7049.95 Mobile Safari/537.36 (compatible; Googlebot/2.1; +http://www.google.com/bot.html)"
66.249.69.164 - - [30/Apr/2025:08:46:52 -0400] "GET /?o=0073781006802&channel=88b70d&from=goods.php%3Fid%3D810068-3134%26name%3D%E3%82%AA%E3%82%AB%E3%83%A0%E3%83%A9+%E3%82%B3%E3%83%B3%E3%83%86%E3%83%83%E3%82%B5%E3%82%BB%E3%82%B3%E3%83%B3%E3%83%80%3Cbr%3ECC41GR+CC41YR+%E3%83%8F%E3%82%A4%E3%83%90%E3%83%83%E3%82%AF%3Cbr%3E%E5%9B%BA%E5%AE%9A%E8%82%98+%E3%82%B7%E3%83%AB%E3%83%90%E3%83%BC%E3%83%95%E3%83%AC%E3%83%BC%E3%83%A0+%E3%83%96%E3%83%A9%E3%83%83%E3%82%AF%E3%83%9C%E3%83%87%E3%82%A3%3Cbr%3E%E5%BA%A7%EF%BC%9A%E3%83%A1%E3%83%83%E3%82%B7%E3%83%A5+%E3%83%8A%E3%82%A4%E3%83%AD%E3%83%B3%E3%82%AD%E3%83%A3%E3%82%B9%E3%82%BF%E3%83%BC+%E3%82%A6%E3%83%AC%E3%82%BF%E3%83%B3%E3%82%AD%E3%83%A3%E3%82%B9%E3%82%BF%E3%83%BC+%E5%AE%8C%E6%88%90%E5%93%81+%E3%82%AA%E3%83%95%E3%82%A3%E3%82%B9%E3%83%81%E3%82%A7%E3%82%A2+%E3%83%86%E3%83%AC%E3%83%AF%E3%83%BC%E3%82%AF+%E5%9C%A8%E5%AE%85%E3%83%AF%E3%83%BC%E3%82%AF+%E5%9C%A8%E5%AE%85%E5%8B%A4%E5%8B%99+%E3%83%AF%E3%83%BC%E3%82%AF%E3%83%81%E3%82%A7%E3%82%A2+PC%E3%83%81%E3%82%A7%E3%82%A2+OA%E3%83%81%E3%82%A7%E3%82%A2 HTTP/1.1" 200 54995 "-" "Mozilla/5.0 (Linux; Android 6.0.1; Nexus 5X Build/MMB29P) AppleWebKit/537.36 (KHTML, like Gecko) Chrome/135.0.7049.95 Mobile Safari/537.36 (compatible; Googlebot/2.1; +http://www.google.com/bot.html)"
18.97.14.80 - - [30/Apr/2025:08:46:53 -0400] "GET /?o=94651120584100&channel=d353a7&from=product.php%3Fid%3D1205841-16011%26name%3D%EF%BC%B4%EF%BC%A1%EF%BC%AD%EF%BC%B2%EF%BC%AF%EF%BC%AE%E3%80%80%EF%BC%A5%EF%BC%91%EF%BC%95%EF%BC%90%EF%BC%8D%EF%BC%95%EF%BC%90%EF%BC%90%EF%BD%8D%EF%BD%8D%E3%80%80%EF%BC%A6%EF%BC%95%EF%BC%8D%EF%BC%96%EF%BC%8E%EF%BC%97%EF%BC%A4%EF%BC%A9%EF%BC%A9%EF%BC%A9%EF%BC%A9%E3%80%80%EF%BC%A1%EF%BC%90%EF%BC%95%EF%BC%97 HTTP/1.1" 200 0 "-" "CCBot/2.0 (https://commoncrawl.org/faq/)"
66.249.69.168 - - [30/Apr/2025:08:46:54 -0400] "GET /?o=8482855793801&channel=e04539&from=jp.php%3Fid%3D557938-17952%26name%3Diplusmile+1+%E3%82%BB%E3%83%83%E3%83%88+%E3%82%B7%E3%83%AB%E3%82%AF+%E3%83%9D%E3%83%AA%E3%82%A8%E3%82%B9%E3%83%86%E3%83%AB%E5%88%BA%E7%B9%8D%E7%B3%B8+%E3%83%9D%E3%83%AA%E3%82%A8%E3%82%B9%E3%83%86%E3%83%AB%E7%B3%B8%E3%82%B9%E3%83%97%E3%83%BC%E3%83%AB+%E3%81%AA%E7%B3%B8+%E9%87%91%E5%B1%9E%E8%A3%BD%E3%81%AE%E3%83%9F%E3%82%B7%E3%83%B3%E7%B3%B8+%E3%83%9D%E3%83%AA%E3%82%A8%E3%82%B9%E3%83%86%E3%83%AB%E4%B8%8B%E7%B3%B8+%E5%A4%A7%E4%BA%BA%E3%81%AE HTTP/1.1" 200 54204 "-" "Mozilla/5.0 (Linux; Android 6.0.1; Nexus 5X Build/MMB29P) AppleWebKit/537.36 (KHTML, like Gecko) Chrome/135.0.7049.95 Mobile Safari/537.36 (compatible; Googlebot/2.1; +http://www.google.com/bot.html)"
66.249.69.161 - - [30/Apr/2025:08:46:54 -0400] "GET /?o=5716739004704&channel=e9fc95&from=article.php%3Fid%3D390047-1646%26name%3DP.O.P+LIMITED+EDITION+%E3%82%AB%E3%82%AF+%E3%83%97%E3%83%AC%E3%83%90%E3%83%B3%E9%99%90%E5%AE%9A+%E3%83%AF%E3%83%B3%E3%83%94%E3%83%BC%E3%82%B9 HTTP/1.1" 200 55120 "-" "Mozilla/5.0 (Linux; Android 6.0.1; Nexus 5X Build/MMB29P) AppleWebKit/537.36 (KHTML, like Gecko) Chrome/135.0.7049.95 Mobile Safari/537.36 (compatible; Googlebot/2.1; +http://www.google.com/bot.html)"
66.249.69.167 - - [30/Apr/2025:08:46:56 -0400] "GET /?o=76977140478800&channel=5b7e63&from=category-info.php%3Fid%3D1404788-1628%26name%3D%E3%82%B0%E3%83%83%E3%83%89%E3%82%B9%E3%83%9E%E3%82%A4%E3%83%AB%E3%82%AB%E3%83%B3%E3%83%91%E3%83%8B%E3%83%BC+%E7%AB%88%E9%96%80%E7%82%AD%E6%B2%BB%E9%83%8E+%E3%83%92%E3%83%8E%E3%82%AB%E3%83%9F%E7%A5%9E%E6%A5%BD+%E5%86%86%E8%88%9E+amazon%E9%99%90%E5%AE%9A+%E9%AC%BC%E6%BB%85%E3%81%AE%E5%88%83 HTTP/1.1" 200 55747 "-" "Mozilla/5.0 (Linux; Android 6.0.1; Nexus 5X Build/MMB29P) AppleWebKit/537.36 (KHTML, like Gecko) Chrome/135.0.7049.95 Mobile Safari/537.36 (compatible; Googlebot/2.1; +http://www.google.com/bot.html)"
66.249.69.166 - - [30/Apr/2025:08:46:58 -0400] "GET /?o=79676144474204&channel=9f69e2&from=pin.php%3Fid%3D1444742-1611%26name%3D%2A%E7%8F%8D%E5%93%81%E6%97%A7%E8%94%B5%2A+%E9%9B%8D%E6%AD%A3%E5%85%83%E5%B9%B4%E8%A3%BD+%E5%A3%BD%E5%B1%B1%E7%9F%B3+%E7%94%B0%E9%BB%84%E7%9F%B3%E9%9B%95%E5%88%BB+%E4%BA%94%E9%BE%8D%E6%88%B2%E7%8F%A0%E6%93%BA%E4%BB%B6+%E5%A4%A9%E7%84%B6%E7%9F%B3+%E7%A8%80%E5%B0%91%E7%8F%8D%E5%93%81+S1016 HTTP/1.1" 200 54586 "-" "Mozilla/5.0 (Linux; Android 6.0.1; Nexus 5X Build/MMB29P) AppleWebKit/537.36 (KHTML, like Gecko) Chrome/135.0.7049.95 Mobile Safari/537.36 (compatible; Googlebot/2.1; +http://www.google.com/bot.html)"
66.249.69.162 - - [30/Apr/2025:08:46:58 -0400] "GET /?o=27098172015403&channel=9f1791&from=form.php%3Fid%3D1720154-23598%26name%3D%E3%83%96%E3%83%A9%E3%82%A4%E3%83%80%E3%83%AB+3%E7%82%B9%E3%82%BB%E3%83%83%E3%83%88+%E3%82%A6%E3%82%A7%E3%83%87%E3%82%A3%E3%83%B3%E3%82%B0+%E8%8A%B1%E5%AB%81+%E3%83%86%E3%82%A3%E3%82%A2%E3%83%A9+%E3%83%8D%E3%83%83%E3%82%AF%E3%83%AC%E3%82%B9+%E3%82%A4%E3%83%A4%E3%83%AA%E3%83%B3%E3%82%B0 HTTP/1.1" 200 53562 "-" "Mozilla/5.0 (Linux; Android 6.0.1; Nexus 5X Build/MMB29P) AppleWebKit/537.36 (KHTML, like Gecko) Chrome/135.0.7049.95 Mobile Safari/537.36 (compatible; Googlebot/2.1; +http://www.google.com/bot.html)"
66.249.69.163 - - [30/Apr/2025:08:47:00 -0400] "GET /?o=7681021804607&channel=a9081f&from=pin.php%3Fid%3D218046-7951%26name%3D%E7%8F%BE%E4%BB%A3%E7%9A%84%E3%81%AA%E3%82%AF%E3%83%AA%E3%82%B9%E3%82%BF%E3%83%AB%E3%82%B7%E3%83%A3%E3%83%B3%E3%83%87%E3%83%AA%E3%82%A2%E3%80%81%E3%83%80%E3%82%A4%E3%83%8B%E3%83%B3%E3%82%B0%E3%83%AB%E3%83%BC%E3%83%A0%2F%E3%83%AA%E3%83%93%E3%83%B3%E3%82%B0%E3%83%AB%E3%83%BC%E3%83%A0%2F%E3%83%99%E3%83%83%E3%83%89%E3%83%AB%E3%83%BC%E3%83%A0%E7%94%A8%E3%81%AE%E3%83%A6%E3%83%8B%E3%83%BC%E3%82%AF%E3%81%AA%E3%83%87%E3%82%B6%E3%82%A4%E3%83%B3%E3%81%AE%E3%83%A2%E3%83%80%E3%83%B3%E3%81%A7%E8%B1%AA%E8%8F%AF%E3%81%AA%E3%83%9A%E3%83%B3%E3%83%80%E3%83%B3%E3%83%88%E3%83%A9%E3%82%A4%E3%83%88 HTTP/1.1" 200 54819 "-" "Mozilla/5.0 (Linux; Android 6.0.1; Nexus 5X Build/MMB29P) AppleWebKit/537.36 (KHTML, like Gecko) Chrome/135.0.7049.95 Mobile Safari/537.36 (compatible; Googlebot/2.1; +http://www.google.com/bot.html)"
66.249.69.161 - - [30/Apr/2025:08:47:01 -0400] "GET /?o=1028997900401&channel=d1ee61&from=goods.php%3Fid%3D979004-3066%26name%3D%E6%AF%8D%E6%80%A7 HTTP/1.1" 200 54649 "-" "Mozilla/5.0 (Linux; Android 6.0.1; Nexus 5X Build/MMB29P) AppleWebKit/537.36 (KHTML, like Gecko) Chrome/135.0.7049.95 Mobile Safari/537.36 (compatible; Googlebot/2.1; +http://www.google.com/bot.html)"
185.245.105.171 - - [30/Apr/2025:08:47:01 -0400] "GET /bocoran-togel-toto-macau-23-00-senin-15-januari-2024/ HTTP/1.0" 200 0 "https://bocorantogeljitu.co/bocoran-togel-toto-macau-23-00-senin-15-januari-2024/" "Mozilla/5.0 (Windows NT 10.0; Win64; x64) AppleWebKit/537.36 (KHTML, like Gecko) Chrome/129.0.0.0 Safari/537.36"
66.249.69.165 - - [30/Apr/2025:08:47:02 -0400] "GET /?o=74608196241407&channel=d470c0&from=shared.php%3Fid%3D1962414-14998%26name%3D%E7%A9%BA%E8%AA%BF%E9%A2%A8%E7%A5%9E%E6%9C%8D+%E3%83%95%E3%83%AB%E3%83%8F%E3%83%BC%E3%83%8D%E3%82%B9%E7%94%A8%E3%83%99%E3%82%B9%E3%83%88+KU91490G+%E7%B6%BF100%25+%E3%82%B5%E3%83%B3%E3%82%A8%E3%82%B9+UV%E3%82%AB%E3%83%83%E3%83%88+%E3%83%95%E3%82%A1%E3%83%B3%E4%BB%98%E3%81%8D%E3%82%A6%E3%82%A7%E3%82%A2+%E4%BD%9C%E6%A5%AD%E7%9D%80+%E4%BD%9C%E6%A5%AD%E6%9C%8D+%E6%9C%8D%E3%81%AE%E3%81%BF+20 HTTP/1.1" 200 54722 "-" "Mozilla/5.0 (Linux; Android 6.0.1; Nexus 5X Build/MMB29P) AppleWebKit/537.36 (KHTML, like Gecko) Chrome/135.0.7049.95 Mobile Safari/537.36 (compatible; Googlebot/2.1; +http://www.google.com/bot.html)"
185.245.105.171 - - [30/Apr/2025:08:47:02 -0400] "GET / HTTP/1.0" 200 0 "https://bocorantogeljitu.co/" "Mozilla/5.0 (Windows NT 10.0; Win64; x64) AppleWebKit/537.36 (KHTML, like Gecko) Chrome/129.0.0.0 Safari/537.36"
66.249.69.160 - - [30/Apr/2025:08:47:03 -0400] "GET /?o=9970479933403&channel=7b65c6&from=shared.php%3Fid%3D799334-20917%26name%3D%E3%82%AA%E3%83%BC%E3%83%AB%E3%83%89%E3%83%8E%E3%83%AA%E3%82%BF%E3%82%B1+%E3%82%A2%E3%83%BC%E3%83%AB%E3%83%87%E3%82%B3%E3%83%A1%E3%83%AB%E3%83%98%E3%83%B3%E3%82%BF%E3%83%83%E3%83%81%E3%83%97%E3%83%AC%E3%83%BC%E3%83%883%E6%9E%9A%E3%82%BB%E3%83%83%E3%83%88+U3441 HTTP/1.1" 200 54461 "-" "Mozilla/5.0 (Linux; Android 6.0.1; Nexus 5X Build/MMB29P) AppleWebKit/537.36 (KHTML, like Gecko) Chrome/135.0.7049.95 Mobile Safari/537.36 (compatible; Googlebot/2.1; +http://www.google.com/bot.html)"
66.249.69.161 - - [30/Apr/2025:08:47:04 -0400] "GET /?o=02301198486702&channel=3a5ccd&from=shop.php%3Fid%3D1984867-30524%26name%3D%E3%80%90%E6%95%B0%E9%87%8F%E9%99%90%E5%AE%9A%E3%80%91%E4%B8%8D%E4%BA%8C%E8%B2%BF%E6%98%93%28Fujiboeki%29+%E6%8A%98%E3%82%8A%E3%81%9F%E3%81%9F%E3%81%BF%E6%A4%85%E5%AD%90+%E8%B8%8F%E3%81%BF%E5%8F%B0+%E3%82%B9%E3%83%86%E3%83%83%E3%83%97+%E5%B9%8532.5%C3%97%E5%A5%A5%E8%A1%8C25.5%C3%97%E9%AB%98%E3%81%9522cm+%E3%82%AB%E3%83%BC%E3%82%AD+%E3%82%A2%E3%82%A6%E3%83%88%E3%83%89%E3%82%A2+%E3%82%B3%E3%83%B3%E3%83%91%E3%82%AF%E3%83%88+%E3%82%B9%E3%83%84%E3%83%BC%E3%83%AB+%E8%80%90%E8%8D%B7%E9%87%8D150kg+86073 HTTP/1.1" 200 52692 "-" "Mozilla/5.0 (Linux; Android 6.0.1; Nexus 5X Build/MMB29P) AppleWebKit/537.36 (KHTML, like Gecko) Chrome/135.0.7049.95 Mobile Safari/537.36 (compatible; Googlebot/2.1; +http://www.google.com/bot.html)"
52.167.144.183 - - [30/Apr/2025:08:47:04 -0400] "GET /?o=35796106308800&channel=ccb568&from=product.php%3Fid%3D1063088-2642%26name%3D%5BYj6x%5D+%E3%83%AC%E3%83%87%E3%82%A3%E3%83%BC%E3%82%B9+%E5%8F%AF%E6%84%9B%E3%81%84+%E3%82%B7%E3%83%A7%E3%83%BC%E3%83%88%E3%83%96%E3%83%BC%E3%83%84+%E5%8E%9A%E5%BA%95+%E3%81%8A%E5%AC%A2%E6%A7%98%E9%A2%A8+%E3%83%AD%E3%83%AA%E3%83%BC%E3%82%BF+%E3%82%B7%E3%83%A5%E3%83%BC%E3%82%BA+%E3%83%8F%E3%82%A4%E3%83%92%E3%83%BC%E3%83%AB+%E3%83%AC%E3%83%87%E3%82%A3%E3%83%BC%E3%82%B9%E3%83%96%E3%83%BC%E3%83%84+%E3%82%B7%E3%83%A7%E3%83%BC%E3%83%88+%E3%83%96%E3%83%BC%E3%83%84 HTTP/1.1" 200 0 "-" "Mozilla/5.0 AppleWebKit/537.36 (KHTML, like Gecko; compatible; bingbot/2.0; +http://www.bing.com/bingbot.htm) Chrome/116.0.1938.76 Safari/537.36"
66.249.69.160 - - [30/Apr/2025:08:47:05 -0400] "GET /?o=3992128530002&channel=fd459c&from=pin.php%3Fid%3D285300-1585%26name%3DMICHAEL+KORS++JESSIE+%E3%83%9F%E3%83%87%E3%82%A3%E3%82%A2%E3%83%A0+MK+%E3%83%95%E3%83%A9%E3%83%83%E3%83%97%E3%82%B7%E3%83%A7%E3%83%AB%E3%83%80%E3%83%BC HTTP/1.1" 200 54662 "-" "Mozilla/5.0 (Linux; Android 6.0.1; Nexus 5X Build/MMB29P) AppleWebKit/537.36 (KHTML, like Gecko) Chrome/135.0.7049.95 Mobile Safari/537.36 (compatible; Googlebot/2.1; +http://www.google.com/bot.html)"
66.249.69.160 - - [30/Apr/2025:08:47:07 -0400] "GET /?o=6093059159100&channel=3332d9&from=product.php%3Fid%3D591591-3011%26name%3D%E3%83%AF%E3%83%B3%E3%83%94%E3%83%BC%E3%82%B9+%E3%80%8CWEB%E9%99%90%E5%AE%9A%E3%80%8D%E3%82%B7%E3%83%A7%E3%83%AB%E3%83%80%E3%83%BC%E3%83%AA%E3%83%9C%E3%83%B3%E3%83%AF%E3%83%B3%E3%83%94%E3%83%BC%E3%82%B9+%E3%83%AC%E3%83%87%E3%82%A3%E3%83%BC%E3%82%B9 HTTP/1.1" 200 53253 "-" "Mozilla/5.0 (Linux; Android 6.0.1; Nexus 5X Build/MMB29P) AppleWebKit/537.36 (KHTML, like Gecko) Chrome/135.0.7049.95 Mobile Safari/537.36 (compatible; Googlebot/2.1; +http://www.google.com/bot.html)"
66.249.69.161 - - [30/Apr/2025:08:47:09 -0400] "GET /?o=8996647253401&channel=e1083c&from=blog.php%3Fid%3D472534-2058%26name%3DFOG++Essentials+Reflective+Logo+T-Shirt HTTP/1.1" 200 53532 "-" "Mozilla/5.0 (Linux; Android 6.0.1; Nexus 5X Build/MMB29P) AppleWebKit/537.36 (KHTML, like Gecko) Chrome/135.0.7049.95 Mobile Safari/537.36 (compatible; Googlebot/2.1; +http://www.google.com/bot.html)"
66.249.69.162 - - [30/Apr/2025:08:47:09 -0400] "GET /?o=7179087476501&channel=7cbdb4&from=brands.php%3Fid%3D874765-8433%26name%3D%E3%81%8A%E8%B2%B7%E3%81%84%E5%BE%97%E2%9D%97%EF%B8%8F%E3%83%91%E3%83%8A%E3%82%BD%E3%83%8B%E3%83%83%E3%82%AF%E3%82%AE%E3%83%A5%E3%83%83%E3%83%88%E3%83%9F%E3%83%8B%E3%80%80%E5%AD%90%E4%BE%9B%E4%B9%97%E3%81%9B%E9%9B%BB%E5%8B%95%E8%87%AA%E8%BB%A2%E8%BB%8A HTTP/1.1" 200 54731 "-" "Mozilla/5.0 (Linux; Android 6.0.1; Nexus 5X Build/MMB29P) AppleWebKit/537.36 (KHTML, like Gecko) Chrome/135.0.7049.95 Mobile Safari/537.36 (compatible; Googlebot/2.1; +http://www.google.com/bot.html)"
66.249.69.163 - - [30/Apr/2025:08:47:11 -0400] "GET /?o=3778163426805&channel=9ff415&from=shop.php%3Fid%3D634268-903%26name%3DCHROME+HEARTS%28%E3%82%AF%E3%83%AD%E3%83%A0%E3%83%8F%E3%83%BC%E3%83%84%29+%E3%82%B5%E3%82%A4%E3%82%BA%3A18.0inch+NECKCHAIN+R18+%E3%83%AD%E3%83%BC%E3%83%AB%E3%83%81%E3%82%A7%E3%83%BC%E3%83%B3+%E3%82%B7%E3%83%AB%E3%83%90%E3%83%BC%E3%83%8D%E3%83%83%E3%82%AF%E3%83%AC%E3%82%B9+18inch+%E3%82%B7%E3%83%AB%E3%83%90%E3%83%BC%E3%80%90%E4%B8%AD%E5%8F%A4%E3%80%91%E3%80%90%E7%A8%8B%E5%BA%A6B%E3%80%91%E3%80%90%E3%82%AB%E3%83%A9%E3%83%BC%E3%82%B7%E3%83%AB%E3%83%90%E3%83%BC%E3%80%91%E3%80%90%E5%8F%96%E6%89%B1%E5%BA%97%E8%88%97%E5%90%8D%E5%8F%A4%E5%B1%8B%E3%80%91 HTTP/1.1" 200 55393 "-" "Mozilla/5.0 (Linux; Android 6.0.1; Nexus 5X Build/MMB29P) AppleWebKit/537.36 (KHTML, like Gecko) Chrome/135.0.7049.95 Mobile Safari/537.36 (compatible; Googlebot/2.1; +http://www.google.com/bot.html)"
66.249.69.163 - - [30/Apr/2025:08:47:12 -0400] "GET /?o=64721179808600&channel=c0a9db&from=pin.php%3Fid%3D1798086-27163%26name%3D%E2%97%BC%EF%B8%8E%E3%82%BB%E3%83%83%E3%83%88%E3%82%82%E8%B2%A9%E5%A3%B2%E4%B8%AD%E3%80%80hmb%E3%82%B5%E3%83%97%E3%83%AA%E3%80%80HMB%E3%82%A2%E3%82%B9%E3%83%AA%E3%83%BC%E3%83%88%E3%82%B4%E3%83%BC%E3%83%AB%E3%83%89 HTTP/1.1" 200 53530 "-" "Mozilla/5.0 (Linux; Android 6.0.1; Nexus 5X Build/MMB29P) AppleWebKit/537.36 (KHTML, like Gecko) Chrome/135.0.7049.95 Mobile Safari/537.36 (compatible; Googlebot/2.1; +http://www.google.com/bot.html)"
52.167.144.162 - - [30/Apr/2025:08:47:13 -0400] "GET /?o=2177239301102&channel=c2d5fa&from=form.php%3Fid%3D393011-918%26name%3D%E5%BE%80%E5%BE%A9%E9%80%81%E6%96%99%E8%BE%BC%EF%BC%81%E3%83%91%E3%82%BD%E3%82%B3%E3%83%B3%E3%83%AC%E3%83%B3%E3%82%BF%E3%83%AB%3Cbr%3EB5+i5+16G%E3%83%A2%E3%83%87%E3%83%AB%3Cbr%3ECore+i5%2F16G%2FSSD%2F%E3%82%AB%E3%83%A1%E3%83%A9%E4%BB%98%E3%81%8D%EF%BC%881%E9%80%B1%E9%96%93%E3%83%AC%E3%83%B3%E3%82%BF%E3%83%AB%EF%BC%89%3Cbr%3E%E3%80%90Office2019%E3%82%BB%E3%83%83%E3%83%88%E3%80%91%E3%82%A4%E3%83%B3%E3%82%B9%E3%83%88%E3%83%BC%E3%83%AB%E6%B8%88%3Cbr%3E%E3%80%90%E6%A9%9F%E7%A8%AE%E3%81%AF%E5%BD%93%E5%BA%97%E3%81%8A%E3%81%BE%E3%81%8B%E3%81%9B%E3%81%A7%E3%81%99%E3%80%91 HTTP/1.1" 200 0 "-" "Mozilla/5.0 AppleWebKit/537.36 (KHTML, like Gecko; compatible; bingbot/2.0; +http://www.bing.com/bingbot.htm) Chrome/116.0.1938.76 Safari/537.36"
