66.249.69.163 - - [30/Apr/2025:08:04:16 -0400] "GET /?o=02896101953701&channel=2a62dd&from=product.php%3Fid%3D1019537-4144%26name%3D%E3%82%AB%E3%83%A0%E3%83%AA50%E5%89%8D%E6%9C%9F%E3%83%95%E3%83%AD%E3%83%B3%E3%83%88%E3%83%90%E3%83%B3%E3%83%91%E3%83%BC%E3%83%95%E3%82%A7%E3%83%B3%E3%83%80%E3%83%BC HTTP/1.1" 200 54853 "-" "Mozilla/5.0 (Linux; Android 6.0.1; Nexus 5X Build/MMB29P) AppleWebKit/537.36 (KHTML, like Gecko) Chrome/135.0.7049.114 Mobile Safari/537.36 (compatible; Googlebot/2.1; +http://www.google.com/bot.html)"
66.249.69.163 - - [30/Apr/2025:08:04:17 -0400] "GET /?o=0853746341800&channel=8dd174&from=news.php%3Fid%3D463418-5893%26name%3D%E3%80%90%E3%82%AA%E3%83%97%E3%82%B7%E3%83%A7%E3%83%B3%E3%80%91%E4%BA%BA%E5%B7%A5%E6%9C%A8%E3%83%9C%E3%83%BC%E3%83%80%E3%83%BC%E3%83%95%E3%82%A7%E3%83%B3%E3%82%B9%E7%94%A8+%E5%9F%BA%E6%9C%AC%E3%82%BB%E3%83%83%E3%83%88%28%E3%83%95%E3%82%A7%E3%83%B3%E3%82%B94%E6%9E%9A%29aks30221+%E3%80%90%E3%83%95%E3%82%A7%E3%83%B3%E3%82%B9%E7%94%A8%E3%82%AA%E3%83%97%E3%82%B7%E3%83%A7%E3%83%B3+%E6%97%AD%E8%88%88%E9%80%B2%E3%80%91 HTTP/1.1" 200 57883 "-" "Mozilla/5.0 (Linux; Android 6.0.1; Nexus 5X Build/MMB29P) AppleWebKit/537.36 (KHTML, like Gecko) Chrome/135.0.7049.95 Mobile Safari/537.36 (compatible; Googlebot/2.1; +http://www.google.com/bot.html)"
66.249.69.160 - - [30/Apr/2025:08:04:20 -0400] "GET /?o=1114299351502&channel=0480a5&from=jp.php%3Fid%3D993515-9025%26name%3D%E3%82%AD%E3%83%83%E3%83%81%E3%83%B3%E3%82%AB%E3%82%A6%E3%83%B3%E3%82%BF%E3%83%BC+%E3%82%AB%E3%83%83%E3%83%97%E3%83%9C%E3%83%BC%E3%83%89 HTTP/1.1" 200 53088 "-" "Mozilla/5.0 (Linux; Android 6.0.1; Nexus 5X Build/MMB29P) AppleWebKit/537.36 (KHTML, like Gecko) Chrome/135.0.7049.95 Mobile Safari/537.36 (compatible; Googlebot/2.1; +http://www.google.com/bot.html)"
66.249.69.161 - - [30/Apr/2025:08:04:21 -0400] "GET /?o=87790176927401&channel=1696bf&from=goods.php%3Fid%3D1769274-14237%26name%3D%E3%82%B3%E3%82%B9%E3%83%A1%E3%83%87%E3%82%B3%E3%83%AB%E3%83%86+%E3%83%9E%E3%83%AB%E3%82%BB%E3%83%AB%E3%83%AF%E3%83%B3%E3%83%80%E3%83%BC%E3%82%B9+2023+%E6%9C%AA%E4%BD%BF%E7%94%A8 HTTP/1.1" 200 52883 "-" "Mozilla/5.0 (Linux; Android 6.0.1; Nexus 5X Build/MMB29P) AppleWebKit/537.36 (KHTML, like Gecko) Chrome/135.0.7049.95 Mobile Safari/537.36 (compatible; Googlebot/2.1; +http://www.google.com/bot.html)"
66.249.69.161 - - [30/Apr/2025:08:04:22 -0400] "GET /?o=97003176101606&channel=2bec99&from=shop.php%3Fid%3D1761016-28504%26name%3D%E3%82%B3%E3%83%B3%E3%82%BF%E3%82%AF%E3%83%88%E3%82%B1%E3%83%BC%E3%82%B9+%E3%83%9F%E3%83%A9%E3%83%BC%E4%BB%98%E3%81%8D+%E3%83%88%E3%82%A4%E3%83%97%E3%83%BC%E3%83%89%E3%83%AB+%E7%8A%AC+%E3%82%B3%E3%83%B3%E3%83%91%E3%82%AF%E3%83%88 HTTP/1.1" 200 53697 "-" "Mozilla/5.0 (Linux; Android 6.0.1; Nexus 5X Build/MMB29P) AppleWebKit/537.36 (KHTML, like Gecko) Chrome/135.0.7049.95 Mobile Safari/537.36 (compatible; Googlebot/2.1; +http://www.google.com/bot.html)"
66.249.69.162 - - [30/Apr/2025:08:04:23 -0400] "GET /?o=93276103305606&channel=fb5ade&from=pin.php%3Fid%3D1033056-3824%26name%3D%E3%83%88%E3%83%AC%E3%83%BC%E3%83%8A%E3%83%BC+%E3%82%B9%E3%82%A6%E3%82%A7%E3%83%83%E3%83%88+%E5%88%A5%E6%B3%A8+DAMAGED+ORDINARY+OVERHEAD+%E3%83%A1%E3%83%B3%E3%82%BA HTTP/1.1" 200 52502 "-" "Mozilla/5.0 (Linux; Android 6.0.1; Nexus 5X Build/MMB29P) AppleWebKit/537.36 (KHTML, like Gecko) Chrome/135.0.7049.95 Mobile Safari/537.36 (compatible; Googlebot/2.1; +http://www.google.com/bot.html)"
66.249.69.160 - - [30/Apr/2025:08:04:24 -0400] "GET /?o=28184126093206&channel=323fd5&from=shop.php%3Fid%3D1260932-14849%26name%3D%E3%82%B5%E3%83%83%E3%82%AB%E3%83%BC%E9%9B%91%E8%AA%8C%E4%BB%98%E9%8C%B2%E3%83%9D%E3%82%B9%E3%82%BF%E3%83%BC%E3%80%80%E6%97%A5%E6%9C%AC%E4%BB%A3%E8%A1%A8%E9%81%B8%E6%89%8B%E3%80%8016%E6%9E%9A HTTP/1.1" 200 52864 "-" "Mozilla/5.0 (Linux; Android 6.0.1; Nexus 5X Build/MMB29P) AppleWebKit/537.36 (KHTML, like Gecko) Chrome/135.0.7049.95 Mobile Safari/537.36 (compatible; Googlebot/2.1; +http://www.google.com/bot.html)"
66.249.69.161 - - [30/Apr/2025:08:04:25 -0400] "GET /?o=7311697548806&channel=4aceaa&from=product.php%3Fid%3D975488-8072%26name%3DATMOS+%E3%82%B8%E3%83%A3%E3%82%AC%E3%83%BC%E3%83%BB%E3%83%AB%E3%82%AF%E3%83%AB%E3%83%88 HTTP/1.1" 200 53233 "-" "Mozilla/5.0 (Linux; Android 6.0.1; Nexus 5X Build/MMB29P) AppleWebKit/537.36 (KHTML, like Gecko) Chrome/135.0.7049.95 Mobile Safari/537.36 (compatible; Googlebot/2.1; +http://www.google.com/bot.html)"
66.249.69.173 - - [30/Apr/2025:08:04:26 -0400] "GET /?o=77884189414005&channel=73b683&from=shared.php%3Fid%3D1894140-2183%26name%3D%E3%80%902%E6%9C%8819%E6%97%A5%28%E6%B0%B4%29%E7%99%BA%E5%A3%B2%E3%80%91+SALOMON+ACS+PRO+GTX+%E3%80%90GORE-TEX%E3%80%91+%E3%82%B5%E3%83%AD%E3%83%A2%E3%83%B3+ACS+%E3%83%97%E3%83%AD+%E3%82%B4%E3%82%A2%E3%83%86%E3%83%83%E3%82%AF%E3%82%B9+%E3%83%A1%E3%83%B3%E3%82%BA+%E3%82%B9%E3%83%8B%E3%83%BC%E3%82%AB%E3%83%BC+%E3%83%AD%E3%83%BC%E3%82%AB%E3%83%83%E3%83%88+ROASTED+CLAY%2FBLACK%2FRUM+RAISIN+%E3%83%96%E3%83%A9%E3%82%A6%E3%83%B3+L47736400 HTTP/1.1" 200 55205 "-" "Mozilla/5.0 (Linux; Android 6.0.1; Nexus 5X Build/MMB29P) AppleWebKit/537.36 (KHTML, like Gecko) Chrome/135.0.7049.95 Mobile Safari/537.36 (compatible; Googlebot/2.1; +http://www.google.com/bot.html)"
66.249.69.161 - - [30/Apr/2025:08:04:28 -0400] "GET /?o=23413145102604&channel=ad1889&from=brands.php%3Fid%3D1451026-1703%26name%3D%E3%83%9E%E3%82%AD%E3%82%BF+%E5%85%85%E9%9B%BB%E5%BC%8F%E3%83%96%E3%83%AD%E3%83%AF+MUB184DRGX+18V+6.0Ah%E3%83%90%E3%83%83%E3%83%86%E3%83%AA2%E5%80%8B%E3%83%BB%E5%85%85%E9%9B%BB%E5%99%A8%E4%BB%98 HTTP/1.1" 200 54685 "-" "Mozilla/5.0 (Linux; Android 6.0.1; Nexus 5X Build/MMB29P) AppleWebKit/537.36 (KHTML, like Gecko) Chrome/135.0.7049.95 Mobile Safari/537.36 (compatible; Googlebot/2.1; +http://www.google.com/bot.html)"
66.249.69.160 - - [30/Apr/2025:08:04:29 -0400] "GET /?o=81097143906203&channel=5f1ebc&from=pin.php%3Fid%3D1439062-1874%26name%3D%E3%83%87%E3%82%A3%E3%83%8E%E3%82%B9+%E3%82%AC%E3%83%BC%E3%83%87%E3%83%8B%E3%83%B3%E3%82%B0%E7%94%A8%E5%93%81+%E3%82%A8%E3%82%AF%E3%82%B9%E3%83%86%E3%83%AA%E3%82%A2+%E3%83%95%E3%82%A7%E3%83%B3%E3%82%B9+%E3%83%A9%E3%83%86%E3%82%A3%E3%82%B9+%E3%83%88%E3%83%AC%E3%83%AA%E3%82%B9+%E3%83%97%E3%83%A9%E3%83%B3%E3%82%BF%E3%83%BC%E5%8F%B0%E4%BB%98%E3%81%8D+%E8%83%8C%E6%99%AF%E3%81%AB%E3%81%AA%E3%82%8B%E3%83%AD%E3%83%BC%E3%83%95%E3%82%A7%E3%83%B3%E3%82%B9+2%E9%80%A3 HTTP/1.1" 200 54170 "-" "Mozilla/5.0 (Linux; Android 6.0.1; Nexus 5X Build/MMB29P) AppleWebKit/537.36 (KHTML, like Gecko) Chrome/135.0.7049.95 Mobile Safari/537.36 (compatible; Googlebot/2.1; +http://www.google.com/bot.html)"
66.249.69.160 - - [30/Apr/2025:08:04:30 -0400] "GET /?o=9368986281804&channel=316189&from=article.php%3Fid%3D862818-3051%26name%3D%E3%82%A8%E3%83%AB%E3%83%A1%E3%82%B9+%E3%82%AF%E3%83%AA%E3%83%83%E3%82%AF12+%E3%82%B3%E3%83%B3%E3%83%91%E3%82%AF%E3%83%88%E3%82%A6%E3%82%A9%E3%83%AC%E3%83%83%E3%83%88+2%E3%81%A4%E6%8A%98%E8%B2%A1%E5%B8%83+%EF%BC%8812461040%EF%BC%89 HTTP/1.1" 200 54614 "-" "Mozilla/5.0 (Linux; Android 6.0.1; Nexus 5X Build/MMB29P) AppleWebKit/537.36 (KHTML, like Gecko) Chrome/135.0.7049.95 Mobile Safari/537.36 (compatible; Googlebot/2.1; +http://www.google.com/bot.html)"
66.249.69.161 - - [30/Apr/2025:08:04:31 -0400] "GET /?o=78212141013801&channel=e93da0&from=shop.php%3Fid%3D1410138-10083%26name%3D%E3%83%80%E3%82%A4%E3%83%8B%E3%83%B3%E3%82%B0%E3%83%86%E3%83%BC%E3%83%96%E3%83%AB HTTP/1.1" 200 53918 "-" "Mozilla/5.0 (Linux; Android 6.0.1; Nexus 5X Build/MMB29P) AppleWebKit/537.36 (KHTML, like Gecko) Chrome/135.0.7049.95 Mobile Safari/537.36 (compatible; Googlebot/2.1; +http://www.google.com/bot.html)"
66.249.69.160 - - [30/Apr/2025:08:04:33 -0400] "GET /?o=504473654901&channel=22562a&from=news.php%3Fid%3D36549-334%26name%3D%E3%82%B3%E3%83%A2+%E6%AF%8E%E6%97%A5%E3%82%AF%E3%83%AD%E3%83%AF%E3%83%83%E3%82%B5%E3%83%B3+%E6%AF%8E%E6%97%A5+%E3%82%AF%E3%83%AD%E3%83%AF%E3%83%83%E3%82%B5%E3%83%B3+%E6%9C%9D%E9%A3%9F+%E9%96%93%E9%A3%9F+como+%E5%B8%B8%E6%B8%A9+%E4%BF%9D%E5%AD%98+%E3%83%91%E3%83%B3+%E9%95%B7%E6%9C%9F%E4%BF%9D%E5%AD%98+38g+%E3%83%AD%E3%83%B3%E3%82%B0%E3%83%A9%E3%82%A4%E3%83%95%E3%83%91%E3%83%B3+160%E5%80%8B HTTP/1.1" 200 54983 "-" "Mozilla/5.0 (Linux; Android 6.0.1; Nexus 5X Build/MMB29P) AppleWebKit/537.36 (KHTML, like Gecko) Chrome/135.0.7049.95 Mobile Safari/537.36 (compatible; Googlebot/2.1; +http://www.google.com/bot.html)"
66.249.69.160 - - [30/Apr/2025:08:04:33 -0400] "GET /?o=19603113478602&channel=a0631a&from=jp.php%3Fid%3D1134786-8220%26name%3D%E7%9B%9B%E3%82%8A%E7%9A%BF+%E5%A4%A7%E7%9A%BF HTTP/1.1" 200 54576 "-" "Mozilla/5.0 (Linux; Android 6.0.1; Nexus 5X Build/MMB29P) AppleWebKit/537.36 (KHTML, like Gecko) Chrome/135.0.7049.95 Mobile Safari/537.36 (compatible; Googlebot/2.1; +http://www.google.com/bot.html)"
66.249.69.162 - - [30/Apr/2025:08:04:35 -0400] "GET /?o=37964171582101&channel=225088&from=pin.php%3Fid%3D1715821-23710%26name%3DATHLETA+%E3%83%94%E3%82%B9%E3%83%86+%E3%82%A6%E3%82%A3%E3%83%B3%E3%83%89%E3%83%96%E3%83%AC%E3%83%BC%E3%82%AB%E3%83%BC+%E9%BB%92 HTTP/1.1" 200 54093 "-" "Mozilla/5.0 (Linux; Android 6.0.1; Nexus 5X Build/MMB29P) AppleWebKit/537.36 (KHTML, like Gecko) Chrome/135.0.7049.95 Mobile Safari/537.36 (compatible; Googlebot/2.1; +http://www.google.com/bot.html)"
66.249.69.160 - - [30/Apr/2025:08:04:36 -0400] "GET /?o=08705113972008&channel=862fed&from=jp.php%3Fid%3D1139720-919%26name%3D%E3%82%AA%E3%83%B3%E3%83%A8%E3%83%8D+%E3%82%A8%E3%82%A2%E3%83%96%E3%83%AC%E3%82%A4%E3%82%AF%E3%82%B8%E3%83%A3%E3%82%B1%E3%83%83%E3%83%88+%E3%83%A1%E3%83%B3%E3%82%BA+%E9%95%B7%E8%A2%96+%E5%85%A82%E8%89%B2++S-XO HTTP/1.1" 200 53398 "-" "Mozilla/5.0 (Linux; Android 6.0.1; Nexus 5X Build/MMB29P) AppleWebKit/537.36 (KHTML, like Gecko) Chrome/135.0.7049.95 Mobile Safari/537.36 (compatible; Googlebot/2.1; +http://www.google.com/bot.html)"
66.249.69.160 - - [30/Apr/2025:08:04:36 -0400] "GET /?o=6521092390001&channel=1640c6&from=pin.php%3Fid%3D923900-1641%26name%3D%E2%97%86%E3%80%90%E4%BB%8F%E6%95%99%E7%BE%8E%E8%A1%93%E3%83%BB%E4%BB%8F%E5%83%8F%E3%80%91%E6%97%A5%E8%93%AE%E5%AE%97%E3%83%BB%E5%8E%A8%E5%AD%90%E5%85%A5%E3%82%8A%E6%97%A5%E8%93%AE%E8%81%96%E4%BA%BA%E5%83%8F%E3%83%BB%E4%B8%89%E5%AE%9D%E5%B0%8A%E3%83%BB%E7%B5%8C%E5%85%B8%E5%B7%BB%E7%89%A9%E2%97%86 HTTP/1.1" 200 55352 "-" "Mozilla/5.0 (Linux; Android 6.0.1; Nexus 5X Build/MMB29P) AppleWebKit/537.36 (KHTML, like Gecko) Chrome/135.0.7049.95 Mobile Safari/537.36 (compatible; Googlebot/2.1; +http://www.google.com/bot.html)"
66.249.69.162 - - [30/Apr/2025:08:04:37 -0400] "GET /?o=38422197328801&channel=f78cf8&from=shared.php%3Fid%3D1973288-9355%26name%3D%E3%80%90%E6%96%B0%E5%93%81%E3%83%BB7%E5%96%B6%E6%A5%AD%E6%97%A5%E4%BB%A5%E5%86%85%E7%99%BA%E9%80%81%E3%80%91%E3%82%A4%E3%83%9E%E3%82%AA%E3%82%B3%E3%83%BC%E3%83%9D%E3%83%AC%E3%83%BC%E3%82%B7%E3%83%A7%E3%83%B3+%E3%82%86%E3%82%8B%E3%81%BE%E3%82%8A+IMAO+NDT38X1.5-M16+%E4%B8%B8%E3%83%91%E3%82%A4%E3%83%97%E7%94%A8%E3%82%B8%E3%83%A7%E3%82%A4%E3%83%B3%E3%83%88+NDT38X1.5M16%E3%80%90%E6%B2%96%E7%B8%84%E9%9B%A2%E5%B3%B6%E8%B2%A9%E5%A3%B2%E4%B8%8D%E5%8F%AF%E3%80%91 HTTP/1.1" 200 55630 "-" "Mozilla/5.0 (Linux; Android 6.0.1; Nexus 5X Build/MMB29P) AppleWebKit/537.36 (KHTML, like Gecko) Chrome/135.0.7049.95 Mobile Safari/537.36 (compatible; Googlebot/2.1; +http://www.google.com/bot.html)"
66.249.69.160 - - [30/Apr/2025:08:04:38 -0400] "GET /?o=20762118215601&channel=391c02&from=info.php%3Fid%3D1182156-1802%26name%3DSquier+%E9%80%81%E6%96%99%E8%BE%BC+Fender+%E3%83%95%E3%82%A7%E3%83%B3%E3%83%80%E3%83%BC+%E3%82%B9%E3%83%88%E3%83%A9%E3%83%88+%E3%82%AE%E3%82%BF%E3%83%BC+%E3%83%A9%E3%83%BC%E3%82%B8%E3%83%98%E3%83%83%E3%83%89 HTTP/1.1" 200 53532 "-" "Mozilla/5.0 (Linux; Android 6.0.1; Nexus 5X Build/MMB29P) AppleWebKit/537.36 (KHTML, like Gecko) Chrome/135.0.7049.95 Mobile Safari/537.36 (compatible; Googlebot/2.1; +http://www.google.com/bot.html)"
66.249.69.163 - - [30/Apr/2025:08:04:39 -0400] "GET /?o=82552103800200&channel=bb4ec4&from=pin.php%3Fid%3D1038002-6614%26name%3D%E3%82%A2%E3%83%AB%E3%83%9E%E3%83%BC%E3%83%8B%E3%80%81%E3%82%B8%E3%83%A7%E3%83%AB%E3%82%B8%E3%82%AA%E3%82%A2%E3%83%AB%E3%83%9E%E3%83%BC%E3%83%8B%E3%80%81%E3%82%A2%E3%83%AB%E3%83%9E%E3%83%BC%E3%83%8B%E3%82%B8%E3%83%A5%E3%83%8B%E3%82%A2%E3%80%81%E3%83%A9%E3%83%AB%E3%83%95%E3%83%AD%E3%83%BC%E3%83%AC%E3%83%B3%E3%80%81%E3%83%80%E3%82%A6%E3%83%B3 HTTP/1.1" 200 51503 "-" "Mozilla/5.0 (Linux; Android 6.0.1; Nexus 5X Build/MMB29P) AppleWebKit/537.36 (KHTML, like Gecko) Chrome/135.0.7049.95 Mobile Safari/537.36 (compatible; Googlebot/2.1; +http://www.google.com/bot.html)"
66.249.69.162 - - [30/Apr/2025:08:04:40 -0400] "GET /?o=9000126707003&channel=f25aff&from=goods.php%3Fid%3D267070-8784%26name%3D%E3%82%AA%E3%83%BC%E3%83%88%E3%83%90%E3%82%A4%E3%81%AE%E3%83%90%E3%83%83%E3%82%AF%E3%83%AC%E3%82%B9%E3%83%88+%E3%83%95%E3%82%A9%E3%83%AB%E3%83%84%E3%82%A1+350+2021-2023+%E3%82%AA%E3%83%BC%E3%83%88%E3%83%90%E3%82%A4%E5%BE%8C%E9%83%A8%E5%8A%A9%E6%89%8B%E5%B8%AD%E8%83%8C%E3%82%82%E3%81%9F%E3%82%8C%E3%82%AF%E3%83%83%E3%82%B7%E3%83%A7%E3%83%B3%E3%83%AA%E3%82%A2%E3%83%AC%E3%82%B9%E3%83%88%E3%83%91%E3%83%83%E3%83%89+%E3%83%95%E3%82%A9%E3%83%AB%E3%83%84%E3%82%A1 HTTP/1.1" 200 52485 "-" "Mozilla/5.0 (Linux; Android 6.0.1; Nexus 5X Build/MMB29P) AppleWebKit/537.36 (KHTML, like Gecko) Chrome/135.0.7049.95 Mobile Safari/537.36 (compatible; Googlebot/2.1; +http://www.google.com/bot.html)"
66.249.69.173 - - [30/Apr/2025:08:04:40 -0400] "GET /?o=22071434004&channel=4da31d&from=info.php%3Fid%3D4340-51%26name%3D%E3%80%90%E4%B8%AD%E5%8F%A4%E3%80%91+%E3%83%80%E3%82%A4%E3%83%A4%E3%83%A2%E3%83%B3%E3%83%89+%E3%83%AA%E3%83%B3%E3%82%B0+%E3%83%AC%E3%83%87%E3%82%A3%E3%83%BC%E3%82%B9+Pt900+11%E5%8F%B7+1.00ct+2.4g+%E3%83%97%E3%83%A9%E3%83%81%E3%83%8A+%E6%8C%87%E8%BC%AA+%E3%82%A4%E3%83%8B%E3%82%B7%E3%83%A3%E3%83%AB%E5%88%BB%E5%8D%B0%E5%85%A5%E3%82%8A HTTP/1.1" 200 55153 "-" "Mozilla/5.0 (Linux; Android 6.0.1; Nexus 5X Build/MMB29P) AppleWebKit/537.36 (KHTML, like Gecko) Chrome/135.0.7049.95 Mobile Safari/537.36 (compatible; Googlebot/2.1; +http://www.google.com/bot.html)"
66.249.69.161 - - [30/Apr/2025:08:04:41 -0400] "GET /?o=87427141560307&channel=4aceaa&from=goods.php%3Fid%3D1415603-8072%26name%3D%E2%98%85%E8%89%AF%E5%93%81%E2%98%85LUMITIME+%E3%83%AB%E3%83%9F%E3%82%BF%E3%82%A4%E3%83%A0+%E7%94%B0%E6%9D%91%E9%9B%BB%E6%A9%9F+%E5%85%89%E3%83%87%E3%82%B8%E3%82%BF%E3%83%AB%E6%99%82%E8%A8%88+KT-10N HTTP/1.1" 200 53169 "-" "Mozilla/5.0 (Linux; Android 6.0.1; Nexus 5X Build/MMB29P) AppleWebKit/537.36 (KHTML, like Gecko) Chrome/135.0.7049.95 Mobile Safari/537.36 (compatible; Googlebot/2.1; +http://www.google.com/bot.html)"
66.249.69.162 - - [30/Apr/2025:08:04:42 -0400] "GET /?o=7117156658202&channel=ded4f7&from=jp.php%3Fid%3D566582-17898%26name%3D%E3%80%90%E5%92%8C%E3%80%91%289074%29%E3%80%80%E6%99%82%E4%BB%A3%E5%8F%A4%E4%BD%9C%E3%80%80%E6%B1%9F%E6%88%B8%E3%80%80%E5%8F%A4%E4%BC%8A%E4%B8%87%E9%87%8C%E8%89%B2%E7%B5%B5%E8%91%A1%E8%90%84%E6%A0%97%E9%BC%A0%E6%96%87%E5%A4%A7%E7%9A%BF%E3%80%80%E5%8F%A4%E4%BC%8A%E4%B8%87%E9%87%8C%E7%9A%BF HTTP/1.1" 200 54300 "-" "Mozilla/5.0 (Linux; Android 6.0.1; Nexus 5X Build/MMB29P) AppleWebKit/537.36 (KHTML, like Gecko) Chrome/135.0.7049.95 Mobile Safari/537.36 (compatible; Googlebot/2.1; +http://www.google.com/bot.html)"
66.249.69.164 - - [30/Apr/2025:08:04:43 -0400] "GET /?o=4921884802202&channel=5d9b2e&from=category-info.php%3Fid%3D848022-13116%26name%3Dd+%E6%B0%B8%E7%A6%845%E5%B9%B4%E5%A4%A7%E5%BE%B3%E5%AF%BA%E9%BB%92%E5%A1%97%E7%9B%A5%E3%80%801562%E5%B9%B4%E3%80%80%E5%AE%A4%E7%94%BA%E6%99%82%E4%BB%A3%E3%80%80%E6%BC%86%E5%B7%A5%E3%80%80%2F%E6%96%B9%E4%B8%88%E5%8D%97%E5%BA%AD%E3%80%80%E5%8B%85%E4%BD%BF%E9%96%80%E3%80%80%E7%B7%8F%E8%A6%8B%E9%99%A2+%E9%BE%8D%E5%AE%9D%E5%B1%B1+%E9%87%91%E6%AF%9B%E9%96%A3+%E5%A4%A7%E5%BE%B3%E5%AF%BA%E3%80%80%E5%AE%97%E5%B3%B0%E5%A6%99%E8%B6%85%E3%80%80%E5%A4%A7%E7%87%88%E5%9B%BD%E5%B8%AB%E3%80%80%E5%A1%94%E9%A0%AD%E9%BE%8D%E5%85%89%E9%99%A2%E5%AF%86%E5%BA%B5 HTTP/1.1" 200 55197 "-" "Mozilla/5.0 (Linux; Android 6.0.1; Nexus 5X Build/MMB29P) AppleWebKit/537.36 (KHTML, like Gecko) Chrome/135.0.7049.95 Mobile Safari/537.36 (compatible; Googlebot/2.1; +http://www.google.com/bot.html)"
66.249.69.162 - - [30/Apr/2025:08:04:43 -0400] "GET /?o=94211102089802&channel=78f1c2&from=form.php%3Fid%3D1020898-18112%26name%3D%E8%8A%B1%E3%81%AE%E5%BD%AB%E5%88%BB%E3%81%8C%E3%81%82%E3%82%8B%E3%83%8D%E3%82%B3%28%E7%8C%AB%29%E8%84%9A%E3%82%AB%E3%83%83%E3%83%97%E3%83%9C%E3%83%BC%E3%83%89%2F%E3%82%AD%E3%83%A3%E3%83%93%E3%83%8D%E3%83%83%E3%83%88%2F%E9%A3%BE%E3%82%8A%E6%A3%9A%2F%E9%A3%9F%E5%99%A8%E6%A3%9A%2F%E5%BA%97%E8%88%97%E4%BB%80%E5%99%A8%2F%E3%83%87%E3%82%A3%E3%82%B9%E3%83%97%E3%83%AC%E3%82%A4%2F%E3%82%A4%E3%83%B3%E3%83%86%E3%83%AA%E3%82%A2%2F%E3%83%95%E3%83%A9%E3%83%B3%E3%82%B9%E3%82%A2%E3%83%B3%E3%83%86%E3%82%A3%E3%83%BC%E3%82%AF%E5%AE%B6%E5%85%B7%2FA-1816-C HTTP/1.1" 200 55848 "-" "Mozilla/5.0 (Linux; Android 6.0.1; Nexus 5X Build/MMB29P) AppleWebKit/537.36 (KHTML, like Gecko) Chrome/135.0.7049.95 Mobile Safari/537.36 (compatible; Googlebot/2.1; +http://www.google.com/bot.html)"
66.249.69.161 - - [30/Apr/2025:08:04:44 -0400] "GET /?o=88604182379602&channel=ba3841&from=info.php%3Fid%3D1823796-25137%26name%3D%E3%83%AC%E3%83%87%E3%82%A3%E3%83%BC%E3%82%B9+%E3%82%BA%E3%83%9C%E3%83%B3+%E6%98%A5+-+%E5%A5%B3%E6%80%A7%E3%82%AB%E3%82%B8%E3%83%A5%E3%82%A2%E3%83%AB%E3%83%8F%E3%82%A4%E3%82%A6%E3%82%A8%E3%82%B9%E3%83%88%E3%83%81%E3%82%A7%E3%83%83%E3%82%AF%E6%9F%84%E3%82%AF%E3%82%A9%E3%83%BC%E3%82%BF%E3%83%BC%E3%83%91%E3%83%B3%E3%83%84%E3%83%AC%E3%83%88%E3%83%AD%E3%82%B9%E3%83%88%E3%83%AC%E3%83%BC%E3%83%88%E3%83%AF%E3%82%A4%E3%83%89%E3%83%AC%E3%83%83%E3%82%B0%E3%83%91%E3%83%B3%E3%83%84+A+%E3%83%A9%E3%82%A4%E3%83%B3%E3%82%B7%E3%83%A7%E3%83%BC HTTP/1.1" 200 53958 "-" "Mozilla/5.0 (Linux; Android 6.0.1; Nexus 5X Build/MMB29P) AppleWebKit/537.36 (KHTML, like Gecko) Chrome/135.0.7049.95 Mobile Safari/537.36 (compatible; Googlebot/2.1; +http://www.google.com/bot.html)"
66.249.69.161 - - [30/Apr/2025:08:04:45 -0400] "GET /?o=77025126293603&channel=709735&from=info.php%3Fid%3D1262936-7638%26name%3D6ABM26+%E3%80%90%E6%9C%AA%E4%BD%BF%E7%94%A8%E3%80%91%E3%82%B9%E3%83%BC%E3%83%91%E3%83%BC%E5%AE%89%E7%9C%A0%E3%81%BE%E3%81%8F%E3%82%89+%E3%81%99%E3%82%84%E3%82%84%E3%81%8BDC%E3%83%90%E3%83%BC%E3%82%B8%E3%83%A7%E3%83%B302 HTTP/1.1" 200 53177 "-" "Mozilla/5.0 (Linux; Android 6.0.1; Nexus 5X Build/MMB29P) AppleWebKit/537.36 (KHTML, like Gecko) Chrome/135.0.7049.95 Mobile Safari/537.36 (compatible; Googlebot/2.1; +http://www.google.com/bot.html)"
66.249.69.162 - - [30/Apr/2025:08:04:46 -0400] "GET /?o=6416777055902&channel=fddda4&from=article.php%3Fid%3D770559-2082%26name%3D%E3%82%B8%E3%82%A7%E3%83%A9%E3%83%BC%E3%83%88%E3%83%94%E3%82%B1+gelato+pique+Chocolat%EF%BC%86Framboise+%E3%83%99%E3%83%93%E3%83%A2%E3%82%B3%E3%82%AB%E3%83%BC%E3%83%87%E3%82%A3%E3%82%AC%E3%83%B3+pwnt251028+%E3%82%B8%E3%82%A7%E3%83%A9%E3%83%94%E3%82%B1+%E3%83%90%E3%83%AC%E3%83%B3%E3%82%BF%E3%82%A4%E3%83%B3+%E3%83%AB%E3%83%BC%E3%83%A0%E3%82%A6%E3%82%A7%E3%82%A2+%E9%83%A8%E5%B1%8B%E7%9D%80+%E3%83%91%E3%82%B8%E3%83%A3%E3%83%9E+%E3%83%AC%E3%83%87%E3%82%A3%E3%83%BC%E3%82%B9+2025%E6%98%A5+%E3%82%AE%E3%83%95%E3%83%88+%E3%83%97%E3%83%AC%E3%82%BC%E3%83%B3%E3%83%88%E3%81%AB%E3%81%8A%E3%81%99%E3%81%99%E3%82%81+%E3%82%BB%E3%83%AC%E3%82%AF%E3%83%88%E3%82%B7%E3%83%A7%E3%83%83%E3%83%97%E3%83%A0%E3%83%BC HTTP/1.1" 200 56363 "-" "Mozilla/5.0 (Linux; Android 6.0.1; Nexus 5X Build/MMB29P) AppleWebKit/537.36 (KHTML, like Gecko) Chrome/135.0.7049.95 Mobile Safari/537.36 (compatible; Googlebot/2.1; +http://www.google.com/bot.html)"
66.249.69.165 - - [30/Apr/2025:08:04:47 -0400] "GET /?o=44989113515820&channel=e55181&from=jp.php%3Fid%3D1135158-3031%26name%3D%E3%83%91%E3%83%B3%E3%83%84+%E3%82%AC%E3%83%BC%E3%83%A1%E3%83%B3%E3%83%88%E3%83%80%E3%82%A4%E3%83%AF%E3%83%BC%E3%82%AF%E3%83%91%E3%83%B3%E3%83%84+%E3%83%AC%E3%83%87%E3%82%A3%E3%83%BC%E3%82%B9 HTTP/1.1" 200 53141 "-" "Mozilla/5.0 (Linux; Android 6.0.1; Nexus 5X Build/MMB29P) AppleWebKit/537.36 (KHTML, like Gecko) Chrome/135.0.7049.95 Mobile Safari/537.36 (compatible; Googlebot/2.1; +http://www.google.com/bot.html)"
66.249.69.162 - - [30/Apr/2025:08:04:48 -0400] "GET /?o=3790259416605&channel=239c05&from=shared.php%3Fid%3D594166-5338%26name%3D%E5%9B%BD%E5%86%85%E6%AD%A3%E8%A6%8F%E5%93%81%E3%83%AC%E3%82%B6%E3%83%BC%E3%83%AD%E3%82%B4MONCLER%E3%83%A2%E3%83%B3%E3%82%AF%E3%83%AC%E3%83%BC%E3%83%AB%E3%82%B8%E3%83%BC%E3%83%8B%E3%82%A2%E3%82%B9%E3%82%AD%E3%83%A3%E3%83%B3%E3%83%90%E3%82%B9%E3%83%88%E3%83%BC%E3%83%88%E3%83%90%E3%83%83%E3%82%AFS HTTP/1.1" 200 53738 "-" "Mozilla/5.0 (Linux; Android 6.0.1; Nexus 5X Build/MMB29P) AppleWebKit/537.36 (KHTML, like Gecko) Chrome/135.0.7049.95 Mobile Safari/537.36 (compatible; Googlebot/2.1; +http://www.google.com/bot.html)"
66.249.69.165 - - [30/Apr/2025:08:04:49 -0400] "GET /?o=1079793090800&channel=488858&from=pin.php%3Fid%3D930908-10668%26name%3DBenboo+%E3%83%89%E3%83%AD%E3%83%BC%E3%82%B9%E3%83%88%E3%83%AA%E3%83%B3%E3%82%B0%E3%81%AE%E9%96%89%E9%8E%96%E3%81%A8%E3%82%B3%E3%83%B3%E3%83%91%E3%82%AF%E3%83%88%E3%81%AA%E3%83%87%E3%82%B6%E3%82%A4%E3%83%B3%E3%82%92%E5%82%99%E3%81%88%E3%81%9F%E3%83%98%E3%82%A2%E3%83%89%E3%83%A9%E3%82%A4%E3%83%A4%E3%83%BC%E3%81%AE%E3%81%9F%E3%82%81%E3%81%AE%E6%97%85%E8%A1%8C%E3%83%9D%E3%83%BC%E3%83%81%2C+%E3%82%B0%E3%83%AC%E3%83%BC HTTP/1.1" 200 54223 "-" "Mozilla/5.0 (Linux; Android 6.0.1; Nexus 5X Build/MMB29P) AppleWebKit/537.36 (KHTML, like Gecko) Chrome/135.0.7049.95 Mobile Safari/537.36 (compatible; Googlebot/2.1; +http://www.google.com/bot.html)"
66.249.69.163 - - [30/Apr/2025:08:04:49 -0400] "GET /?o=38538122124602&channel=935473&from=info.php%3Fid%3D1221246-3392%26name%3DArtispro+%E3%82%A8%E3%82%A2%E3%82%B3%E3%83%B3%E5%AE%A4%E5%A4%96%E6%A9%9F%E3%82%AB%E3%83%90%E3%83%BC+%E3%82%A2%E3%83%AB%E3%83%9F%E8%A3%BD+%E3%83%AB%E3%83%BC%E3%83%90%E3%83%BC+%E3%83%A9%E3%83%83%E3%82%AF%E6%97%A5%E3%82%88%E3%81%91+%E7%9B%AE%E9%9A%A0%E3%81%97+%E7%9C%81%E3%82%A8%E3%83%8D+%E9%9B%A8%E9%9B%AA%E5%AF%BE%E7%AD%96+%E9%81%AE%E5%85%89+%E5%A4%9A%E8%82%89%E6%A3%9A+%E3%83%99%E3%83%A9%E3%83%B3%E3%83%80+%E7%B5%84%E7%AB%8B%E7%B0%A1%E5%8D%98 HTTP/1.1" 200 54126 "-" "Mozilla/5.0 (Linux; Android 6.0.1; Nexus 5X Build/MMB29P) AppleWebKit/537.36 (KHTML, like Gecko) Chrome/135.0.7049.95 Mobile Safari/537.36 (compatible; Googlebot/2.1; +http://www.google.com/bot.html)"
66.249.69.162 - - [30/Apr/2025:08:04:50 -0400] "GET /?o=19074132252006&channel=8cdc2d&from=form.php%3Fid%3D1322520-24714%26name%3DRalondbey%E3%82%A8%E3%83%9D%E3%82%AD%E3%82%B7%E6%A8%B9%E8%84%82%E5%9E%8B+%E9%8B%B3%E9%80%A0%E7%94%A8%E6%A8%B9%E8%84%82%E3%82%B7%E3%83%AA%E3%82%B3%E3%83%B3%E5%9E%8B%E3%82%B7%E3%83%AA%E3%82%B3%E3%83%B3%E3%82%AD%E3%83%A3%E3%83%B3%E3%83%89%E3%83%AB%E3%83%9B%E3%83%AB%E3%83%80%E3%83%BC%E5%9E%8B%E3%82%BB%E3%83%83%E3%83%88+%E8%A3%85%E9%A3%BE%E3%82%AD%E3%83%A3%E3%83%B3%E3%83%89%E3%83%AB%E3%83%9B%E3%83%AB%E3%83%80%E3%83%BC%E5%9E%8B+%E3%82%B7%E3%83%AA%E3%82%B3%E3%83%B3%E3%82%B5%E3%83%B3%E3%82%BF%E3%82%B5 HTTP/1.1" 200 54728 "-" "Mozilla/5.0 (Linux; Android 6.0.1; Nexus 5X Build/MMB29P) AppleWebKit/537.36 (KHTML, like Gecko) Chrome/135.0.7049.95 Mobile Safari/537.36 (compatible; Googlebot/2.1; +http://www.google.com/bot.html)"
66.249.69.163 - - [30/Apr/2025:08:04:50 -0400] "GET /?o=3145748339803&channel=fde8ce&from=brands.php%3Fid%3D483398-16966%26name%3DXuanxi%E3%83%AA%E3%82%A2%E3%83%89%E3%82%A2%E3%83%AA%E3%83%95%E3%83%88%E3%83%9D%E3%83%BC%E3%83%88Taiate%E3%83%9D%E3%83%BC%E3%83%88%E3%82%B9%E3%83%88%E3%83%A9%E3%83%83%E3%83%88%E3%83%89%E3%82%A2%E3%82%BB%E3%83%BC%E3%83%95%E3%82%B9%E3%83%88%E3%83%83%E3%83%91%E3%83%BC%E3%83%90%E3%83%83%E3%82%AF%E3%83%AA%E3%82%A2%E3%83%96%E3%83%BC%E3%83%84%E3%83%80%E3%83%B3%E3%83%91%E3%83%BC2006-2018 HTTP/1.1" 200 53568 "-" "Mozilla/5.0 (Linux; Android 6.0.1; Nexus 5X Build/MMB29P) AppleWebKit/537.36 (KHTML, like Gecko) Chrome/135.0.7049.95 Mobile Safari/537.36 (compatible; Googlebot/2.1; +http://www.google.com/bot.html)"
66.249.69.173 - - [30/Apr/2025:08:04:51 -0400] "GET /?o=7609696125804&channel=9668cc&from=shop.php%3Fid%3D961258-10268%26name%3D%E8%B2%AF%E6%B0%B4%E3%82%BF%E3%83%B3%E3%82%AF+%E8%A2%8B+%E3%82%AD%E3%83%A3%E3%83%AA%E3%82%A2+%E8%BE%B2%E5%A0%B4%E3%81%AE%E6%B0%B4%E3%82%BF%E3%83%B3%E3%82%AF%2C+%E5%B1%8B%E5%A4%96%E7%B7%8A%E6%80%A5%E4%BA%8B%E6%85%8B+%E8%B2%AF%E6%B0%B4%E5%AE%B9%E5%99%A8+%E9%9B%A8%E6%B0%B4%E3%82%B3%E3%83%AC%E3%82%AF%E3%82%BF%E3%83%BC%E3%83%96%E3%83%A9%E3%83%80%E3%83%BC+%E8%9B%87%E5%8F%A3%E4%BB%98%E3%81%8D%E3%80%81+Rv+%E3%82%AD%E3%83%A3%E3%83%B3%E3%83%94%E3%83%B3%E3%82%B0+%E3%82%AC%E3%83%BC%E3%83%87%E3%83%B3 HTTP/1.1" 200 53387 "-" "Mozilla/5.0 (Linux; Android 6.0.1; Nexus 5X Build/MMB29P) AppleWebKit/537.36 (KHTML, like Gecko) Chrome/135.0.7049.95 Mobile Safari/537.36 (compatible; Googlebot/2.1; +http://www.google.com/bot.html)"
66.249.69.173 - - [30/Apr/2025:08:04:52 -0400] "GET /?o=7134743464006&channel=20e811&from=pin.php%3Fid%3D434640-13578%26name%3D%E6%B3%B3%E3%81%90%E3%82%B4%E3%83%BC%E3%82%B0%E3%83%AB%E5%A4%A7%E4%BA%BA%E3%80%81%E5%AD%90%E4%BE%9B%E7%94%A8%E3%81%AE%E6%B3%B3%E3%81%8E%E3%82%B4%E3%83%BC%E3%82%B0%E3%83%AB%2C%E3%82%A2%E3%83%B3%E3%83%81%E3%83%95%E3%82%A9%E3%82%B0%E3%82%B9%E3%82%A4%E3%83%9F%E3%83%B3%E3%82%B0%E3%82%B4%E3%83%BC%E3%82%B0%E3%83%AB%E5%A4%A7%E4%BA%BA%E3%81%AE%E7%94%B7%E6%80%A7%E5%A5%B3%E6%80%A7+%7C+%E3%82%AF%E3%83%AA%E3%82%A2%E3%82%A2%E3%83%B3%E3%83%81%E3%83%95%E3%82%A9%E3%82%B0%E3%83%AC%E3%83%B3%E3%82%BA%E3%80%81%E3%82%AB%E3%83%A9%E3%83%95%E3%83%AB%E3%81%AA%E6%BC%8F%E3%82%8C%E3%81%AA HTTP/1.1" 200 52995 "-" "Mozilla/5.0 (Linux; Android 6.0.1; Nexus 5X Build/MMB29P) AppleWebKit/537.36 (KHTML, like Gecko) Chrome/135.0.7049.95 Mobile Safari/537.36 (compatible; Googlebot/2.1; +http://www.google.com/bot.html)"
66.249.69.160 - - [30/Apr/2025:08:04:53 -0400] "GET /?o=9952155970501&channel=3f3446&from=pin.php%3Fid%3D559705-800%26name%3D%3F%E5%AE%89%E5%BF%83%E3%81%AE%E5%88%86%E8%A7%A3%E6%B4%97%E6%B5%84%E6%B8%88%3F%E6%97%A5%E7%AB%8B+5.0Kg%E5%85%A8%E8%87%AA%E5%8B%95%E6%B4%97%E6%BF%AF%E6%A9%9F+NW-50F+%E6%B0%97%E3%81%8C%E4%BB%98%E3%81%84+2021%E5%B9%B4%E8%A3%BD+%E4%BF%9D%E8%A8%BC%E6%9C%89%E3%82%8A%E3%80%90%E6%84%9B%E5%8D%83142%E3%80%91 HTTP/1.1" 200 54271 "-" "Mozilla/5.0 (Linux; Android 6.0.1; Nexus 5X Build/MMB29P) AppleWebKit/537.36 (KHTML, like Gecko) Chrome/135.0.7049.95 Mobile Safari/537.36 (compatible; Googlebot/2.1; +http://www.google.com/bot.html)"
66.249.69.163 - - [30/Apr/2025:08:04:55 -0400] "GET /?o=31042132469007&channel=eff1cb&from=form.php%3Fid%3D1324690-6041%26name%3D%E3%83%8F%E3%83%AA%E3%83%BC%E3%82%A6%E3%82%A3%E3%83%B3%E3%82%B9%E3%83%88%E3%83%B3+HARRY+WINSTON+%E3%82%B5%E3%83%B3%E3%83%95%E3%83%A9%E3%83%AF%E3%83%BC+%E3%83%80%E3%82%A4%E3%83%A4%E3%83%8D%E3%83%83%E3%82%AF%E3%83%AC%E3%82%B9%E3%83%9F%E3%83%8B++Pt950+%E3%82%B8%E3%83%A5%E3%82%A8%E3%83%AA%E3%83%BC HTTP/1.1" 200 53316 "-" "Mozilla/5.0 (Linux; Android 6.0.1; Nexus 5X Build/MMB29P) AppleWebKit/537.36 (KHTML, like Gecko) Chrome/135.0.7049.95 Mobile Safari/537.36 (compatible; Googlebot/2.1; +http://www.google.com/bot.html)"
20.121.190.99 - - [30/Apr/2025:08:04:55 -0400] "GET /wp-content/uploads/2023/09/BOCORAN-TOGEL-SYDNEY-10.png HTTP/1.1" 200 0 "-" "Mozilla/5.0 (Windows NT 10.0; Win64; x64) AppleWebKit/537.36 (KHTML, like Gecko) Chrome/109.0.0.0 Safari/537.36"
20.121.190.99 - - [30/Apr/2025:08:04:55 -0400] "GET /wp-content/uploads/2023/09/BOCORAN-TOGEL-SYDNEY-10.png HTTP/1.1" 200 0 "-" "Mozilla/5.0 (Windows NT 10.0; Win64; x64) AppleWebKit/537.36 (KHTML, like Gecko) Chrome/109.0.0.0 Safari/537.36"
66.249.69.161 - - [30/Apr/2025:08:04:56 -0400] "GET /?o=48250134056008&channel=1dcef6&from=category-info.php%3Fid%3D1340560-2347%26name%3D%E3%80%90%E4%BB%81%E3%80%91%E3%80%8E%E7%BF%A1%E7%BF%A0%E8%A3%BD%E3%83%BB%E7%B4%B0%E5%AF%86%E5%BD%AB%E3%83%BB%E5%BD%8C%E5%8B%92%E4%BB%8F%E4%BB%8F%E5%85%AC%E3%83%9A%E3%83%B3%E3%83%80%E3%83%B3%E3%83%88+%E3%83%BB%E6%A0%B9%E4%BB%98%E3%83%BB%E8%A3%9D%E8%BA%AB%E5%85%B7%E3%80%8F%E6%A5%B5%E7%B4%B0%E5%B7%A5+%E5%8F%A4%E8%B3%9E%E7%89%A9+%E4%B8%AD%E5%9B%BD%E5%8F%A4%E7%8E%A9+%E5%8F%A4%E7%BE%8E%E8%A1%93+%E5%8F%A4%E7%BE%8E%E5%91%B3 HTTP/1.1" 200 54125 "-" "Mozilla/5.0 (Linux; Android 6.0.1; Nexus 5X Build/MMB29P) AppleWebKit/537.36 (KHTML, like Gecko) Chrome/135.0.7049.95 Mobile Safari/537.36 (compatible; Googlebot/2.1; +http://www.google.com/bot.html)"
20.121.190.99 - - [30/Apr/2025:08:04:56 -0400] "GET /wp-content/uploads/2023/09/BOCORAN-TOGEL-SYDNEY-10.png HTTP/1.1" 200 0 "-" "Mozilla/5.0 (Windows NT 10.0; Win64; x64) AppleWebKit/537.36 (KHTML, like Gecko) Chrome/109.0.0.0 Safari/537.36"
66.249.69.161 - - [30/Apr/2025:08:04:56 -0400] "GET /?o=3139963890000&channel=82c1c3&from=info.php%3Fid%3D638900-8919%26name%3D%E3%83%AD%E3%82%A8%E3%83%99%E3%80%80%E3%83%8F%E3%83%BC%E3%83%90%E3%83%AA%E3%82%A6%E3%83%A0%E3%80%80%E5%B7%BE%E7%9D%80%E3%83%9D%E3%83%BC%E3%83%81%E3%80%80%E3%83%9D%E3%83%BC%E3%83%81 HTTP/1.1" 200 54161 "-" "Mozilla/5.0 (Linux; Android 6.0.1; Nexus 5X Build/MMB29P) AppleWebKit/537.36 (KHTML, like Gecko) Chrome/135.0.7049.95 Mobile Safari/537.36 (compatible; Googlebot/2.1; +http://www.google.com/bot.html)"
20.121.190.99 - - [30/Apr/2025:08:04:56 -0400] "GET /wp-content/uploads/2023/10/728959bd0cf9f998db5742912714b07e.jpg HTTP/1.1" 200 0 "-" "Mozilla/5.0 (Windows NT 10.0; Win64; x64) AppleWebKit/537.36 (KHTML, like Gecko) Chrome/109.0.0.0 Safari/537.36"
20.121.190.99 - - [30/Apr/2025:08:04:57 -0400] "GET /wp-content/uploads/2023/10/728959bd0cf9f998db5742912714b07e.jpg HTTP/1.1" 200 0 "-" "Mozilla/5.0 (Windows NT 10.0; Win64; x64) AppleWebKit/537.36 (KHTML, like Gecko) Chrome/109.0.0.0 Safari/537.36"
66.249.69.173 - - [30/Apr/2025:08:04:57 -0400] "GET /?o=90019172558608&channel=e5a0e0&from=product.php%3Fid%3D1725586-21056%26name%3D%E7%94%B7%E6%80%A7%E7%94%A8%E3%81%AE%E3%83%AF%E3%83%BC%E3%82%AF%E3%82%A2%E3%82%A6%E3%83%88%E3%82%B0%E3%83%AD%E3%83%BC%E3%83%96%E3%80%81%E3%82%A6%E3%82%A7%E3%82%A4%E3%83%88%E3%83%88%E3%83%AC%E3%83%BC%E3%83%8B%E3%83%B3%E3%82%B0%E3%82%B0%E3%83%AD%E3%83%BC%E3%83%96+%E3%81%99%E3%82%8A%E3%81%8D%E3%82%8A+%7C+%E3%83%AA%E3%82%B9%E3%83%88%E3%83%A9%E3%83%83%E3%83%97%E3%82%B5%E3%83%9D%E3%83%BC%E3%83%88%E3%82%92%E5%82%99%E3%81%88%E3%81%9FPU%E3%83%AC%E3%82%B6%E3%83%BC%E9%87%8D%E9%87%8F%E6%8C%99%E3%81%92%E6%89%8B%E8%A2%8B+%7C+%E3%82%B8%E3%83%A0%E3%81%AE%E9%80%9A%E6%B0%97%E6%80%A7 HTTP/1.1" 200 53837 "-" "Mozilla/5.0 (Linux; Android 6.0.1; Nexus 5X Build/MMB29P) AppleWebKit/537.36 (KHTML, like Gecko) Chrome/135.0.7049.95 Mobile Safari/537.36 (compatible; Googlebot/2.1; +http://www.google.com/bot.html)"
20.121.190.99 - - [30/Apr/2025:08:04:57 -0400] "GET /wp-content/uploads/2023/10/728959bd0cf9f998db5742912714b07e.jpg HTTP/1.1" 200 0 "-" "Mozilla/5.0 (Windows NT 10.0; Win64; x64) AppleWebKit/537.36 (KHTML, like Gecko) Chrome/109.0.0.0 Safari/537.36"
66.249.69.165 - - [30/Apr/2025:08:04:58 -0400] "GET /?o=9827163167004&channel=10ed80&from=pin.php%3Fid%3D631670-4705%26name%3D%E5%92%8C%E8%A3%85+%E8%8D%89%E5%B1%A5%E3%83%90%E3%83%83%E3%82%B0%E3%82%BB%E3%83%83%E3%83%88+%E6%80%9D%E3%81%84%E3%81%93%E3%82%93+%E6%8C%AF%E8%A2%96+%E6%88%90%E4%BA%BA%E5%BC%8F+%E3%83%92%E3%83%BC%E3%83%AB+%E5%8E%9A%E5%BA%95+wzouribag64-5 HTTP/1.1" 200 53552 "-" "Mozilla/5.0 (Linux; Android 6.0.1; Nexus 5X Build/MMB29P) AppleWebKit/537.36 (KHTML, like Gecko) Chrome/135.0.7049.95 Mobile Safari/537.36 (compatible; Googlebot/2.1; +http://www.google.com/bot.html)"
66.249.69.164 - - [30/Apr/2025:08:04:59 -0400] "GET /?o=7219174428404&channel=9f69e2&from=article.php%3Fid%3D744284-1611%26name%3D%E2%97%86%E5%BE%A1%E6%B3%93%E8%BB%92%E2%97%86%E3%80%8E%E6%BC%A2%E6%9C%9D%E6%99%82%E4%BB%A3+%E9%AB%98%E5%8F%A4%E7%8E%89+%E5%92%8C%E7%94%B0%E7%8E%89%E5%BD%AB+%E8%83%A1%E4%BA%BA%E9%A8%8E%E9%A6%AC%E7%BD%AE%E7%89%A9+%E3%80%8F%E6%A5%B5%E7%B4%B0%E5%B7%A5%E3%83%BB%E5%8F%A4%E8%B3%9E%E7%89%A9%E3%83%BB%E4%B8%AD%E5%9B%BD%E5%8F%A4%E7%8E%A9%E3%83%BB%E4%B8%AD%E5%9B%BD%E5%8F%A4%E7%BE%8E%E8%A1%93 HTTP/1.1" 200 53926 "-" "Mozilla/5.0 (Linux; Android 6.0.1; Nexus 5X Build/MMB29P) AppleWebKit/537.36 (KHTML, like Gecko) Chrome/135.0.7049.95 Mobile Safari/537.36 (compatible; Googlebot/2.1; +http://www.google.com/bot.html)"
66.249.69.163 - - [30/Apr/2025:08:04:59 -0400] "GET /?o=64080131719206&channel=9679c2&from=article.php%3Fid%3D1317192-6368%26name%3D%E3%80%90%E9%80%81%E6%96%99%E7%84%A1%E6%96%99%E3%80%91%E3%81%93%E3%81%9F%E3%81%A4%E5%B8%83%E5%9B%A3+%2F+%EF%BC%92%E8%89%B2%E5%B1%95%E9%96%8B HTTP/1.1" 200 53105 "-" "Mozilla/5.0 (Linux; Android 6.0.1; Nexus 5X Build/MMB29P) AppleWebKit/537.36 (KHTML, like Gecko) Chrome/135.0.7049.95 Mobile Safari/537.36 (compatible; Googlebot/2.1; +http://www.google.com/bot.html)"
66.249.69.163 - - [30/Apr/2025:08:05:01 -0400] "GET /?o=1483730413410&channel=158615&from=brands.php%3Fid%3D304134-6478%26name%3D%E3%82%AD%E3%83%86%E3%82%A3%E3%80%80%E3%83%9A%E3%83%B3%E3%82%BB%E3%83%83%E3%83%88 HTTP/1.1" 200 52490 "-" "Mozilla/5.0 (Linux; Android 6.0.1; Nexus 5X Build/MMB29P) AppleWebKit/537.36 (KHTML, like Gecko) Chrome/135.0.7049.95 Mobile Safari/537.36 (compatible; Googlebot/2.1; +http://www.google.com/bot.html)"
66.249.69.160 - - [30/Apr/2025:08:05:02 -0400] "GET /?o=87898161347206&channel=d84ad3&from=brands.php%3Fid%3D1613472-1787%26name%3D%E3%80%90%E6%9C%80%E5%A4%A75000%E5%86%86%E3%82%AF%E3%83%BC%E3%83%9D%E3%83%B3%2823%E6%97%A52%E6%99%82%E3%81%BE%E3%81%A7%29%E3%80%91%3CBR%3E%E3%80%90%E3%82%A6%E3%83%83%E3%83%89%E5%BA%95%E6%9D%BF%E3%83%95%E3%83%AD%E3%83%B3%E3%83%88%E3%83%90%E3%82%B9%E3%82%B1%E3%83%83%E3%83%88%E6%90%AD%E8%BC%89%2F%E3%83%95%E3%83%AB%E3%82%AB%E3%82%B9%E3%82%BF%E3%83%A0%E5%AF%BE%E5%BF%9C%E3%80%91%3Cbr%3E%E3%83%93%E3%83%93S18%28VIVI+S18%29+%28BE-FSS832%29%3Cbr%3E18%E3%82%A4%E3%83%B3%E3%83%81%E5%B0%8F%E5%BE%84%E3%83%91%E3%83%8A%E3%82%BD%E3%83%8B%E3%83%83%E3%82%AF%E9%9B%BB%E5%8B%95%E3%82%A2%E3%82%B7%E3%82%B9%E3%83%88%E8%87%AA%E8%BB%A2%E8%BB%8A%3CBR%3E%E3%80%90%E9%80%81%E6%96%99%E3%83%97%E3%83%A9%E3%83%B3A%E3%80%91 HTTP/1.1" 200 56282 "-" "Mozilla/5.0 (Linux; Android 6.0.1; Nexus 5X Build/MMB29P) AppleWebKit/537.36 (KHTML, like Gecko) Chrome/135.0.7049.95 Mobile Safari/537.36 (compatible; Googlebot/2.1; +http://www.google.com/bot.html)"
66.249.69.161 - - [30/Apr/2025:08:05:03 -0400] "GET /?o=5220876306804&channel=bcb610&from=blog.php%3Fid%3D763068-19673%26name%3D12+%E5%80%8B%E3%81%AE%E3%83%9D%E3%83%AA%E3%82%A8%E3%82%B9%E3%83%86%E3%83%AB%E7%B9%8A%E7%B6%AD%E9%98%B2%E9%9F%B3%E5%A3%81%E3%83%91%E3%83%8D%E3%83%AB%E5%A3%81%E3%82%BF%E3%82%A4%E3%83%AB%E5%90%B8%E9%9F%B3%E3%83%91%E3%83%8D%E3%83%AB%E3%83%AA%E3%83%93%E3%83%B3%E3%82%B0%E3%83%AB%E3%83%BC%E3%83%A0%E3%82%B9%E3%82%BF%E3%82%B8%E3%82%AA%E3%81%AB%E9%81%A9%E3%81%97%E3%81%9F%E3%83%91%E3%83%83%E3%82%AF HTTP/1.1" 200 54448 "-" "Mozilla/5.0 (Linux; Android 6.0.1; Nexus 5X Build/MMB29P) AppleWebKit/537.36 (KHTML, like Gecko) Chrome/135.0.7049.95 Mobile Safari/537.36 (compatible; Googlebot/2.1; +http://www.google.com/bot.html)"
66.249.69.160 - - [30/Apr/2025:08:05:04 -0400] "GET /?o=12078119551400&channel=c075fb&from=category-info.php%3Fid%3D1195514-1540%26name%3DSTEAMBOAT+WILLIE+%E8%92%B8%E6%B0%97%E8%88%B9%E3%82%A6%E3%82%A3%E3%83%AA%E3%83%BC+%E3%83%95%E3%82%A3%E3%82%AE%E3%83%A5%E3%82%A2+%E7%BD%AE%E5%8F%B0%E3%81%AE%E3%81%BF+%E3%80%90%E4%B8%AD%E5%8F%A4%E3%80%91+%E3%83%93%E3%83%B3%E3%83%86%E3%83%BC%E3%82%B8+%E3%82%A6%E3%82%A9%E3%83%AB%E3%83%88%E3%83%87%E3%82%A3%E3%82%BA%E3%83%8B%E3%83%BC+Disney+%E3%82%B9%E3%82%BF%E3%83%B3%E3%83%89+%2F+59836 HTTP/1.1" 200 56123 "-" "Mozilla/5.0 (Linux; Android 6.0.1; Nexus 5X Build/MMB29P) AppleWebKit/537.36 (KHTML, like Gecko) Chrome/135.0.7049.95 Mobile Safari/537.36 (compatible; Googlebot/2.1; +http://www.google.com/bot.html)"
66.249.69.162 - - [30/Apr/2025:08:05:05 -0400] "GET /?o=9935965898809&channel=5ea93e&from=goods.php%3Fid%3D658988-4195%26name%3DPazdesign+%E3%83%95%E3%82%A3%E3%83%83%E3%82%B7%E3%83%B3%E3%82%B0+%E3%82%A6%E3%82%A7%E3%83%BC%E3%83%87%E3%82%A3%E3%83%B3%E3%82%B0+%E3%82%B8%E3%83%A3%E3%82%B1%E3%83%83%E3%83%88 HTTP/1.1" 200 52730 "-" "Mozilla/5.0 (Linux; Android 6.0.1; Nexus 5X Build/MMB29P) AppleWebKit/537.36 (KHTML, like Gecko) Chrome/135.0.7049.95 Mobile Safari/537.36 (compatible; Googlebot/2.1; +http://www.google.com/bot.html)"
66.249.69.173 - - [30/Apr/2025:08:05:06 -0400] "GET /?o=1211076884404&channel=9f69e2&from=info.php%3Fid%3D768844-1611%26name%3D8005.%E3%83%9F%E3%83%A3%E3%83%B3%E3%83%9E%E3%83%BC%E7%94%A3+%E3%83%92%E3%82%B9%E3%82%A4+%E7%BF%A1%E7%BF%A0+%E7%8E%89+%E6%AB%9B+%E3%82%AF%E3%82%B7+%E7%B4%8417.5%E3%82%BB%E3%83%B3%E3%83%81+%E5%9C%A8%E5%BA%AB%E5%87%A6%E5%88%86 HTTP/1.1" 200 54792 "-" "Mozilla/5.0 (Linux; Android 6.0.1; Nexus 5X Build/MMB29P) AppleWebKit/537.36 (KHTML, like Gecko) Chrome/135.0.7049.95 Mobile Safari/537.36 (compatible; Googlebot/2.1; +http://www.google.com/bot.html)"
66.249.69.160 - - [30/Apr/2025:08:05:06 -0400] "GET /?o=70725139158602&channel=cfbe6d&from=shop.php%3Fid%3D1391586-6082%26name%3D%E7%BE%8E%E5%93%81%E3%80%80%E3%82%B0%E3%83%AA%E3%83%BC%E3%83%B3%E3%83%AC%E3%83%BC%E3%83%99%E3%83%AB%E3%82%B8%E3%83%A3%E3%82%B1%E3%83%83%E3%83%88 HTTP/1.1" 200 52739 "-" "Mozilla/5.0 (Linux; Android 6.0.1; Nexus 5X Build/MMB29P) AppleWebKit/537.36 (KHTML, like Gecko) Chrome/135.0.7049.95 Mobile Safari/537.36 (compatible; Googlebot/2.1; +http://www.google.com/bot.html)"
66.249.69.161 - - [30/Apr/2025:08:05:07 -0400] "GET /?o=16727173927005&channel=78701c&from=jp.php%3Fid%3D1739270-27264%26name%3DWXQ%E3%82%B9%E3%83%9A%E3%82%A4%E3%83%B3%E8%A3%BD+%E3%83%91%E3%82%A8%E3%83%AA%E3%82%A2%E9%8D%8B+%E3%83%91%E3%82%A8%E3%83%AA%E3%82%A2%E3%83%91%E3%83%B3%E4%B8%A1%E8%80%B3+%E3%82%B3%E3%83%9E%E3%83%BC%E3%82%B7%E3%83%A3%E3%83%AB+%E3%83%95%E3%83%A9%E3%82%A4%E3%83%89%E3%83%81%E3%82%AD%E3%83%B3%E3%81%AE%E7%89%B9%E8%A3%BD%E3%83%97%E3%83%AC%E3%83%BC%E3%83%88+%E3%82%B5%E3%83%A9%E3%83%80%E3%83%91%E3%82%B9%E3%82%BF%E3%83%97%E3%83%AC%E3%83%BC%E3%83%88+%E9%89%84%E6%9D%BF+%E3%82%B9%E3%83%86%E3%83%B3%E3%83%AC%E3%82%B9%E9%8B%BC HTTP/1.1" 200 53839 "-" "Mozilla/5.0 (Linux; Android 6.0.1; Nexus 5X Build/MMB29P) AppleWebKit/537.36 (KHTML, like Gecko) Chrome/135.0.7049.95 Mobile Safari/537.36 (compatible; Googlebot/2.1; +http://www.google.com/bot.html)"
66.249.69.160 - - [30/Apr/2025:08:05:08 -0400] "GET /?o=38809194815400&channel=619d87&from=product.php%3Fid%3D1948154-22868%26name%3D%E3%83%90%E3%83%AB%E3%82%AD%E3%83%BC+%E3%82%B3%E3%83%83%E3%83%88%E3%83%B3%E3%83%9F%E3%83%83%E3%82%AF%E3%82%B9+%E3%83%99%E3%83%BC%E3%82%B8%E3%83%A5%EF%BC%86%E3%83%9B%E3%83%AF%E3%82%A4%E3%83%88+2%E7%8E%89+%E3%83%80%E3%82%A4%E3%82%BD%E3%83%BC%E3%80%802025%E6%98%A5%E5%A4%8F%E6%AF%9B%E7%B3%B8 HTTP/1.1" 200 54337 "-" "Mozilla/5.0 (Linux; Android 6.0.1; Nexus 5X Build/MMB29P) AppleWebKit/537.36 (KHTML, like Gecko) Chrome/135.0.7049.95 Mobile Safari/537.36 (compatible; Googlebot/2.1; +http://www.google.com/bot.html)"
66.249.69.160 - - [30/Apr/2025:08:05:09 -0400] "GET /?o=62041174457001&channel=d0e2cd&from=form.php%3Fid%3D1744570-19296%26name%3DGeneric+%E3%82%B9%E3%82%B1%E3%83%BC%E3%83%88%E3%83%96%E3%83%AC%E3%83%BC%E3%83%89%E3%82%AB%E3%83%90%E3%83%BC+%E3%82%A2%E3%82%A4%E3%82%B9%E3%82%B9%E3%82%B1%E3%83%BC%E3%83%88%E3%82%AC%E3%83%BC%E3%83%89+%E4%BF%9D%E8%AD%B7%E8%AA%BF%E7%AF%80%E5%8F%AF%E8%83%BD+%E3%82%A2%E3%82%A4%E3%82%B9%E3%82%B9%E3%82%B1%E3%83%BC%E3%83%88%E3%83%96%E3%83%AC%E3%83%BC%E3%83%89%E3%82%AB%E3%83%90%E3%83%BC+%E3%82%B9%E3%83%9D%E3%83%BC%E3%83%84%E3%83%95%E3%82%A3%E3%82%AE%E3%83%A5%E3%82%A2%E3%82%B9%E3%82%B1%E3%83%BC%E3%83%88 HTTP/1.1" 200 54420 "-" "Mozilla/5.0 (Linux; Android 6.0.1; Nexus 5X Build/MMB29P) AppleWebKit/537.36 (KHTML, like Gecko) Chrome/135.0.7049.95 Mobile Safari/537.36 (compatible; Googlebot/2.1; +http://www.google.com/bot.html)"
66.249.69.173 - - [30/Apr/2025:08:05:10 -0400] "GET /?o=53796150944600&channel=96a37c&from=shop.php%3Fid%3D1509446-6332%26name%3D%E3%80%90%E3%83%AA%E3%83%BC%E3%83%AA%E3%83%BC%EF%BC%86%E3%82%B7%E3%83%B3%E3%82%B7%E3%83%B3%E3%80%91%E6%AF%94%E5%8A%9B%E3%83%BB%E4%BB%99%E5%A5%B3+%E3%82%AD%E3%83%BC%E3%83%9B%E3%83%AB%E3%83%80%E3%83%BC%E3%82%BB%E3%83%83%E3%83%88%E3%80%80%E3%82%B8%E3%83%A3%E3%82%A4%E3%82%A2%E3%83%B3%E3%83%88%E3%83%91%E3%83%B3%E3%83%80+%E5%8A%9B%E5%8A%9B+%E7%9C%9F%E7%9C%9F+%E3%82%B7%E3%83%A3%E3%83%B3%E3%82%B7%E3%83%A3%E3%83%B3+%E9%A6%99%E9%A6%99+%E4%B8%8A%E9%87%8E%E5%8B%95%E7%89%A9%E5%9C%92+%E4%B8%AD%E5%9B%BD%E9%9B%85%E5%AE%89%E7%A2%A7%E5%B3%B0%E5%B3%A1 HTTP/1.1" 200 55401 "-" "Mozilla/5.0 (Linux; Android 6.0.1; Nexus 5X Build/MMB29P) AppleWebKit/537.36 (KHTML, like Gecko) Chrome/135.0.7049.95 Mobile Safari/537.36 (compatible; Googlebot/2.1; +http://www.google.com/bot.html)"
66.249.69.160 - - [30/Apr/2025:08:05:10 -0400] "GET /?o=0518830605602&channel=3a51a0&from=article.php%3Fid%3D306056-13247%26name%3D%E3%83%91%E3%83%8A%E3%82%BD%E3%83%8B%E3%83%83%E3%82%AF%E3%80%80Panasonic%E3%80%802019%E5%B9%B4%E8%A3%BD%E3%80%80%E5%85%A8%E8%87%AA%E5%8B%95%E6%B4%97%E6%BF%AF%E6%A9%9F%E3%80%807.0%E3%8E%8F HTTP/1.1" 200 53747 "-" "Mozilla/5.0 (Linux; Android 6.0.1; Nexus 5X Build/MMB29P) AppleWebKit/537.36 (KHTML, like Gecko) Chrome/135.0.7049.95 Mobile Safari/537.36 (compatible; Googlebot/2.1; +http://www.google.com/bot.html)"
66.249.69.161 - - [30/Apr/2025:08:05:11 -0400] "GET /?o=1960111637001&channel=eb0cc3&from=category-info.php%3Fid%3D116370-7710%26name%3DB14594+%E7%A6%8F%E7%94%B0%E8%8A%B3%E6%9C%97+%E8%80%81%E6%9D%BE%E9%A6%99%E7%9B%92%EF%BC%9A%E7%9C%9F%E4%BD%9C HTTP/1.1" 200 55619 "-" "Mozilla/5.0 (Linux; Android 6.0.1; Nexus 5X Build/MMB29P) AppleWebKit/537.36 (KHTML, like Gecko) Chrome/135.0.7049.95 Mobile Safari/537.36 (compatible; Googlebot/2.1; +http://www.google.com/bot.html)"
66.249.69.161 - - [30/Apr/2025:08:05:12 -0400] "GET /?o=46208128183008&channel=653432&from=article.php%3Fid%3D1281830-8312%26name%3D%E3%81%84%E3%81%99%E3%82%9E%E3%83%95%E3%82%A1%E3%82%A4%E3%83%96%E3%82%B9%E3%82%BF%E3%83%BC%E3%82%AE%E3%82%AC%E3%80%80R2.1%E3%80%9C%E7%94%A8+%E3%83%A2%E3%82%B1%E3%83%83%E3%83%88%E3%83%95%E3%83%A9%E3%83%AF%E3%83%BC%E3%80%80%E3%82%B3%E3%82%B9%E3%83%A2%E3%82%B9%E3%80%80%E3%83%8F%E3%83%B3%E3%83%89%E3%83%AB%E3%83%80%E3%83%83%E3%82%B7%E3%83%A5+%EF%BC%92%E7%82%B9%E3%82%BB%E3%83%83%E3%83%88%E3%80%80+%E3%83%96%E3%83%A9%E3%82%A6%E3%83%B3 HTTP/1.1" 200 52485 "-" "Mozilla/5.0 (Linux; Android 6.0.1; Nexus 5X Build/MMB29P) AppleWebKit/537.36 (KHTML, like Gecko) Chrome/135.0.7049.95 Mobile Safari/537.36 (compatible; Googlebot/2.1; +http://www.google.com/bot.html)"
66.249.69.161 - - [30/Apr/2025:08:05:12 -0400] "GET /?o=0956919856200&channel=42dc97&from=product.php%3Fid%3D198562-2065%26name%3D%E3%83%AC%E3%82%A4%E3%83%AB+%2F+LAILE+Beatrush+%E3%82%A2%E3%83%B3%E3%83%80%E3%83%BC%E3%83%91%E3%83%8D%E3%83%AB+%E3%82%A4%E3%83%B3%E3%83%97%E3%83%AC%E3%83%83%E3%82%B5+GRB+GVB+%E3%82%AF%E3%83%BC%E3%83%AA%E3%83%B3%E3%82%B0+%E3%82%A2%E3%83%AB%E3%83%9F+%E3%83%99%E3%83%B3%E3%83%81%E3%83%AC%E3%83%BC%E3%82%BF%E3%83%BC%E4%BB%98%E3%81%8D+S560200S HTTP/1.1" 200 57533 "-" "Mozilla/5.0 (Linux; Android 6.0.1; Nexus 5X Build/MMB29P) AppleWebKit/537.36 (KHTML, like Gecko) Chrome/135.0.7049.95 Mobile Safari/537.36 (compatible; Googlebot/2.1; +http://www.google.com/bot.html)"
66.249.69.173 - - [30/Apr/2025:08:05:13 -0400] "GET /?o=7152090691002&channel=57cb9d&from=shared.php%3Fid%3D906910-21924%26name%3D%E7%A9%8D%E3%82%93%E8%AA%AD%E6%9C%AC%E6%A3%9A+%E5%B9%8535%C3%97%E9%AB%98%E3%81%95130cm+%28%E3%82%B7%E3%83%AB%E3%83%90%E3%83%BC%29 HTTP/1.1" 200 51270 "-" "Mozilla/5.0 (Linux; Android 6.0.1; Nexus 5X Build/MMB29P) AppleWebKit/537.36 (KHTML, like Gecko) Chrome/135.0.7049.95 Mobile Safari/537.36 (compatible; Googlebot/2.1; +http://www.google.com/bot.html)"
66.249.69.173 - - [30/Apr/2025:08:05:14 -0400] "GET /?o=1169991355208&channel=d53226&from=blog.php%3Fid%3D913552-12884%26name%3D%E3%80%8C%E8%8B%A5%E3%81%84%E3%83%8C%E3%83%BC%E3%83%89%E3%80%8D%E3%80%81%E6%A3%AE%E6%9C%AC+%E8%8D%89%E4%BB%8B%E3%80%81%E5%8E%B3%E9%81%B8%E3%80%81%E5%B8%8C%E5%B0%91%E7%94%BB%E9%9B%86%E3%83%BB%E9%A1%8D%E8%A3%85%E3%80%81%E4%BA%BA%E7%89%A9%E7%94%BB%E3%80%81%E4%BA%BA%E6%B0%97%E4%BD%9C%E5%93%81%E3%80%81%E6%96%B0%E5%93%81%E9%A1%8D+%E3%80%81%E7%8A%B6%E6%85%8B%E8%89%AF%E5%A5%BD%E3%80%81%E9%80%81%E6%96%99%E7%84%A1%E6%96%99 HTTP/1.1" 200 53542 "-" "Mozilla/5.0 (Linux; Android 6.0.1; Nexus 5X Build/MMB29P) AppleWebKit/537.36 (KHTML, like Gecko) Chrome/135.0.7049.95 Mobile Safari/537.36 (compatible; Googlebot/2.1; +http://www.google.com/bot.html)"
66.249.69.173 - - [30/Apr/2025:08:05:14 -0400] "GET /?o=2178174283306&channel=b1367a&from=shared.php%3Fid%3D742833-2702%26name%3D%E5%8B%89%E5%BC%B7%E6%9C%BA%E5%AD%A6%E7%BF%92%E6%9C%BA%E5%AD%90%E4%BE%9B%E3%83%87%E3%82%B9%E3%82%AF%E3%83%81%E3%82%A7%E3%82%A2%E3%82%BB%E3%83%83%E3%83%88%E5%B0%8F%E5%AD%A6%E7%94%9F%E4%B8%AD%E5%AD%A6%E7%94%9F%E9%AB%98%E6%A0%A1%E7%94%9F%E5%A4%A7%E4%BA%BA%E3%81%8A%E3%81%97%E3%82%83%E3%82%8C%E5%8F%8E%E7%B4%8D%E6%9B%B8%E6%96%8E%E6%9C%BA%E3%83%91%E3%82%BD%E3%82%B3%E3%83%B3%E3%83%87%E3%82%B9%E3%82%AF%E3%82%AD%E3%83%83%E3%82%BA%E5%AE%B6%E5%85%B7 HTTP/1.1" 200 52500 "-" "Mozilla/5.0 (Linux; Android 6.0.1; Nexus 5X Build/MMB29P) AppleWebKit/537.36 (KHTML, like Gecko) Chrome/135.0.7049.95 Mobile Safari/537.36 (compatible; Googlebot/2.1; +http://www.google.com/bot.html)"
66.249.69.160 - - [30/Apr/2025:08:05:15 -0400] "GET /?o=8224057498802&channel=aa6902&from=product.php%3Fid%3D574988-2100%26name%3D%E2%98%85%E8%B6%85%E5%80%A4%E4%B8%8B%E3%81%92%E3%81%97%E3%81%BE%E3%81%97%E3%81%9F%EF%BC%81%E6%96%B0%E5%93%81%E6%9C%AA%E4%BD%BF%E7%94%A8%E3%80%81%E7%A0%B4%E6%A0%BC%E3%81%AE%EF%BC%93%2C%EF%BC%90%EF%BC%90%EF%BC%90%E5%86%86%EF%BC%81%E3%80%81%E3%82%B5%E3%82%A4%E3%82%BA%EF%BC%92%EF%BC%95.%EF%BC%95%E3%82%BB%E3%83%B3%E3%83%81%E3%80%82 HTTP/1.1" 200 53198 "-" "Mozilla/5.0 (Linux; Android 6.0.1; Nexus 5X Build/MMB29P) AppleWebKit/537.36 (KHTML, like Gecko) Chrome/135.0.7049.114 Mobile Safari/537.36 (compatible; Googlebot/2.1; +http://www.google.com/bot.html)"
66.249.69.161 - - [30/Apr/2025:08:05:16 -0400] "GET /?o=0159257598100&channel=8b7d45&from=shop.php%3Fid%3D575981-6232%26name%3DHotfield+%E3%83%80%E3%82%A4%E3%83%8F%E3%83%84+%E3%83%A0%E3%83%BC%E3%83%96+%E3%83%A0%E3%83%BC%E3%83%B4+%E3%82%AB%E3%82%B9%E3%82%BF%E3%83%A0+%E3%83%95%E3%83%AD%E3%82%A2%E3%83%9E%E3%83%83%E3%83%88+2WD%28LA100S%29+%2F+%E3%83%97%E3%83%AC%E3%83%BC%E3%83%B3%E3%82%B0%E3%83%AC%E3%83%BC HTTP/1.1" 200 55567 "-" "Mozilla/5.0 (Linux; Android 6.0.1; Nexus 5X Build/MMB29P) AppleWebKit/537.36 (KHTML, like Gecko) Chrome/135.0.7049.95 Mobile Safari/537.36 (compatible; Googlebot/2.1; +http://www.google.com/bot.html)"
66.249.69.162 - - [30/Apr/2025:08:05:18 -0400] "GET /?o=2247624724902&channel=88b70d&from=pin.php%3Fid%3D247249-3134%26name%3D%E3%82%B7%E3%83%A5%E3%83%BC%E3%82%BA%E3%83%AD%E3%83%83%E3%82%AB%E3%83%BC+9%E4%BA%BA%E7%94%A8+3%E5%88%973%E6%AE%B5+%E9%8D%B5%E3%81%AA%E3%81%97+%E9%9D%B4%E7%AE%B1+%E4%B8%8B%E9%A7%84%E7%AE%B1+%E3%82%AA%E3%83%95%E3%82%A3%E3%82%B9%E3%83%AD%E3%83%83%E3%82%AB%E3%83%BC+%E3%82%B7%E3%83%A5%E3%83%BC%E3%82%BA%E3%83%9C%E3%83%83%E3%82%AF%E3%82%B9+%E3%82%B7%E3%83%A5%E3%83%BC%E3%82%BA%E3%83%A9%E3%83%83%E3%82%AF+%E3%83%AD%E3%83%83%E3%82%AB%E3%83%BC+%E3%82%B7%E3%83%A5%E3%83%BC%E3%82%BA+%E3%82%B9%E3%83%81%E3%83%BC%E3%83%AB%E3%83%AD%E3%83%83%E3%82%AB%E3%83%BC+%E6%97%A5%E6%9C%AC%E8%A3%BD+SLC-M9-K2+LOOKIT+%E3%82%AA%E3%83%95%E3%82%A3%E3%82%B9%E5%AE%B6%E5%85%B7+%E3%82%A4%E3%83%B3%E3%83%86%E3%83%AA%E3%82%A2 HTTP/1.1" 200 56258 "-" "Mozilla/5.0 (Linux; Android 6.0.1; Nexus 5X Build/MMB29P) AppleWebKit/537.36 (KHTML, like Gecko) Chrome/135.0.7049.95 Mobile Safari/537.36 (compatible; Googlebot/2.1; +http://www.google.com/bot.html)"
66.249.69.160 - - [30/Apr/2025:08:05:19 -0400] "GET /?o=4912161936202&channel=ec80d7&from=jp.php%3Fid%3D619362-3736%26name%3Drizoma+%E3%83%AA%E3%82%BE%E3%83%9E+%E6%8A%B5%E6%8A%97%E3%82%AD%E3%83%83%E3%83%88+R+nine+T+1200+Pure+nineT+100+Years+Racer+Scrambler+Urban+GS+1200-Edition+40+nineT%EF%BC%8F5+BMW+%E3%81%9D%E3%81%AE%E4%BB%96%E3%82%A6%E3%82%A4%E3%83%B3%E3%82%AB%E3%83%BC%E3%82%AA%E3%83%97%E3%82%B7%E3%83%A7%E3%83%B3%E3%83%BB%E8%A3%9C%E4%BF%AE%E9%83%A8%E5%93%81+%E7%81%AF%E7%81%AB%E9%A1%9E+%E9%9B%BB%E8%A3%85%E7%B3%BB HTTP/1.1" 200 54603 "-" "Mozilla/5.0 (Linux; Android 6.0.1; Nexus 5X Build/MMB29P) AppleWebKit/537.36 (KHTML, like Gecko) Chrome/135.0.7049.95 Mobile Safari/537.36 (compatible; Googlebot/2.1; +http://www.google.com/bot.html)"
66.249.69.173 - - [30/Apr/2025:08:05:21 -0400] "GET /?o=810159898215&channel=ab83db&from=info.php%3Fid%3D98982-882%26name%3D%E3%83%89%E3%83%AC%E3%82%B9+%E3%80%8C%E3%81%8A%E5%91%BC%E3%81%B0%E3%82%8C%E3%83%89%E3%83%AC%E3%82%B9%E3%80%8D%E3%82%B9%E3%83%88%E3%83%A9%E3%82%A4%E3%83%97%E3%83%81%E3%83%A5%E3%83%BC%E3%83%AB%E3%83%89%E3%83%AC%E3%82%B9+%E3%83%AC%E3%83%87%E3%82%A3%E3%83%BC%E3%82%B9 HTTP/1.1" 200 53619 "-" "Mozilla/5.0 (Linux; Android 6.0.1; Nexus 5X Build/MMB29P) AppleWebKit/537.36 (KHTML, like Gecko) Chrome/135.0.7049.95 Mobile Safari/537.36 (compatible; Googlebot/2.1; +http://www.google.com/bot.html)"
66.249.69.160 - - [30/Apr/2025:08:05:21 -0400] "GET /?o=43811113659000&channel=6f062d&from=product.php%3Fid%3D1136590-8849%26name%3DGIANT+ESCAPE+R3%E3%80%80%E3%82%AF%E3%83%AD%E3%82%B9%E3%83%90%E3%82%A4%E3%82%AF HTTP/1.1" 200 52909 "-" "Mozilla/5.0 (Linux; Android 6.0.1; Nexus 5X Build/MMB29P) AppleWebKit/537.36 (KHTML, like Gecko) Chrome/135.0.7049.95 Mobile Safari/537.36 (compatible; Googlebot/2.1; +http://www.google.com/bot.html)"
66.249.69.160 - - [30/Apr/2025:08:05:23 -0400] "GET /?o=65213133056900&channel=0851e6&from=shared.php%3Fid%3D1330569-9975%26name%3D%E7%87%83%E6%96%99%E3%82%A4%E3%83%B3%E3%82%B8%E3%82%A7%E3%82%AF%E3%82%BF%E3%83%BC%E3%83%8E%E3%82%BA%E3%83%AB+%E3%83%95%E3%82%A9%E3%83%BC%E3%83%89+%E3%83%AC%E3%83%B3%E3%82%B8%E3%83%A3%E3%83%BC+2001-2004+4PCS+%E7%87%83%E6%96%99%E3%82%A4%E3%83%B3%E3%82%B8%E3%82%A7%E3%82%AF%E3%82%BF%E3%83%BC%E3%83%8E%E3%82%BA%E3%83%AB+0280156010+028 HTTP/1.1" 200 53950 "-" "Mozilla/5.0 (Linux; Android 6.0.1; Nexus 5X Build/MMB29P) AppleWebKit/537.36 (KHTML, like Gecko) Chrome/135.0.7049.95 Mobile Safari/537.36 (compatible; Googlebot/2.1; +http://www.google.com/bot.html)"
