52.167.144.159 - - [30/Apr/2025:09:01:27 -0400] "GET /?o=84790151815603&channel=c924fc&from=shared.php%3Fid%3D1518156-7194%26name%3DK18PG+%E3%83%80%E3%82%A4%E3%83%A4%E3%83%A2%E3%83%B3%E3%83%89+%E3%83%AA%E3%83%B3%E3%82%B0+0.35CT HTTP/1.1" 200 0 "-" "Mozilla/5.0 AppleWebKit/537.36 (KHTML, like Gecko; compatible; bingbot/2.0; +http://www.bing.com/bingbot.htm) Chrome/116.0.1938.76 Safari/537.36"
66.249.69.173 - - [30/Apr/2025:09:01:28 -0400] "GET /?o=1454425690100&channel=b03bfa&from=category-info.php%3Fid%3D256901-12397%26name%3DVERSUS+VERSACE+%E3%83%90%E3%83%83%E3%82%AF%E3%83%91%E3%83%83%E3%82%AF HTTP/1.1" 200 54276 "-" "Mozilla/5.0 (Linux; Android 6.0.1; Nexus 5X Build/MMB29P) AppleWebKit/537.36 (KHTML, like Gecko) Chrome/135.0.7049.114 Mobile Safari/537.36 (compatible; Googlebot/2.1; +http://www.google.com/bot.html)"
18.97.14.80 - - [30/Apr/2025:09:01:40 -0400] "GET /?o=2098455455500&channel=316189&from=goods.php%3Fid%3D554555-3051%26name%3D%E3%82%B0%E3%83%AC%E3%83%BC%E3%82%B8%E3%83%A5%E8%B2%A1%E5%B8%83%E7%BE%8E%E5%93%81 HTTP/1.1" 200 0 "-" "CCBot/2.0 (https://commoncrawl.org/faq/)"
66.249.69.173 - - [30/Apr/2025:09:01:42 -0400] "GET /?o=2456076955400&channel=a77bac&from=shared.php%3Fid%3D769554-13077%26name%3D%E8%87%AA%E5%8B%95%E8%BB%8A%E9%83%A8%E5%93%81+%E3%83%88%E3%83%A8%E3%82%BF+%E3%83%8F%E3%82%A4%E3%82%A8%E3%83%BC%E3%82%B9+200%E7%B3%BB+%E3%83%86%E3%83%BC%E3%83%AB%E3%83%A9%E3%83%B3%E3%83%97+4%E5%9E%8B+5%E5%9E%8B+%E3%83%95%E3%82%A3%E3%83%B3%E4%BB%98%E3%81%8D+%E7%B4%94%E6%AD%A3%E3%82%BF%E3%82%A4%E3%83%97+%E5%B7%A6%E5%8F%B3%E3%82%BB%E3%83%83%E3%83%88 HTTP/1.1" 200 52976 "-" "Mozilla/5.0 (Linux; Android 6.0.1; Nexus 5X Build/MMB29P) AppleWebKit/537.36 (KHTML, like Gecko) Chrome/135.0.7049.95 Mobile Safari/537.36 (compatible; Googlebot/2.1; +http://www.google.com/bot.html)"
195.2.84.178 - - [30/Apr/2025:09:01:56 -0400] "GET /arti-mimpi-menanam-padi-pertanda-datangnya-rezeki-dan-keberuntungan/ HTTP/1.0" 200 0 "https://bocorantogeljitu.co/arti-mimpi-menanam-padi-pertanda-datangnya-rezeki-dan-keberuntungan/" "Mozilla/5.0 (Windows NT 10.0; Win64; x64) AppleWebKit/537.36 (KHTML, like Gecko) Chrome/130.0.0.0 Safari/537.36 CCleaner/130.0.0.0"
195.2.84.178 - - [30/Apr/2025:09:01:57 -0400] "GET / HTTP/1.0" 200 0 "https://bocorantogeljitu.co/" "Mozilla/5.0 (Windows NT 10.0; Win64; x64) AppleWebKit/537.36 (KHTML, like Gecko) Chrome/130.0.0.0 Safari/537.36 CCleaner/130.0.0.0"
66.249.69.161 - - [30/Apr/2025:09:02:13 -0400] "GET /?o=1594194303704&channel=9c4f07&from=category-info.php%3Fid%3D943037-2333%26name%3D%E9%BA%BB%E3%81%AE%E5%AE%9F%E3%80%8010kg HTTP/1.1" 200 53656 "-" "Mozilla/5.0 (Linux; Android 6.0.1; Nexus 5X Build/MMB29P) AppleWebKit/537.36 (KHTML, like Gecko) Chrome/135.0.7049.95 Mobile Safari/537.36 (compatible; Googlebot/2.1; +http://www.google.com/bot.html)"
18.97.14.80 - - [30/Apr/2025:09:02:14 -0400] "GET /?o=8277939033708&channel=5862b8&from=news.php%3Fid%3D390337-15276%26name%3D%E8%B5%A4%E3%81%A1%E3%82%83%E3%82%93%E4%BA%BA%E5%BD%A2%E3%80%80%E3%81%AE%E3%82%93%E3%81%A1%E3%82%83%E3%82%93%E3%80%80%E3%83%99%E3%83%93%E3%83%BC%E3%83%89%E3%83%BC%E3%83%AB HTTP/1.1" 200 0 "-" "CCBot/2.0 (https://commoncrawl.org/faq/)"
52.167.144.210 - - [30/Apr/2025:09:02:46 -0400] "GET /?o=81717198822605&channel=2ec9f1&from=blog.php%3Fid%3D1988226-13042%26name%3D%5BMiutii%5D+%E3%82%AD%E3%83%83%E3%82%BA+%E3%83%95%E3%82%A3%E3%82%AE%E3%83%A5%E3%82%A2%E3%82%B9%E3%82%B1%E3%83%BC%E3%83%88+%E7%AB%B6%E6%8A%80%E7%94%A8+%E3%83%90%E3%83%AC%E3%82%A8%E3%83%89%E3%83%AC%E3%82%B9+%E9%95%B7%E8%A2%96+%E3%82%B9%E3%83%91%E3%83%B3%E3%82%B3%E3%83%BC%E3%83%AB+%E3%82%A2%E3%82%B7%E3%83%B3%E3%83%A1%E3%83%88%E3%83%AA%E3%83%BC+%E3%82%B9%E3%82%AB%E3%83%BC%E3%83%88+%E3%83%80%E3%83%B3%E3%82%B9%E3%82%B8%E3%83%A3%E3%83%BC%E3%82%B8+%E3%82%B9 HTTP/1.1" 200 0 "-" "Mozilla/5.0 AppleWebKit/537.36 (KHTML, like Gecko; compatible; bingbot/2.0; +http://www.bing.com/bingbot.htm) Chrome/116.0.1938.76 Safari/537.36"
40.77.167.14 - - [30/Apr/2025:09:02:48 -0400] "GET /?o=11310155118305&channel=df5b5e&from=info.php%3Fid%3D1551183-23062%26name%3Dneu_in%2F23ss%2Fshiring+sleeve+jacket%2FM%2F%E3%83%8A%E3%82%A4%E3%83%AD%E3%83%B3%2FKHK%2F23sspao02 HTTP/1.1" 200 0 "-" "Mozilla/5.0 AppleWebKit/537.36 (KHTML, like Gecko; compatible; bingbot/2.0; +http://www.bing.com/bingbot.htm) Chrome/116.0.1938.76 Safari/537.36"
18.97.14.80 - - [30/Apr/2025:09:02:50 -0400] "GET /?o=7595710659705&channel=a4aeea&from=info.php%3Fid%3D106597-7209%26name%3Dyushionmanna+%E6%84%9B%E3%81%99%E3%81%B9%E3%81%8D%E5%9C%B0+%E3%82%A2%E3%82%AF%E3%83%AA%E3%83%AB%E7%B5%B5%E7%94%BB HTTP/1.1" 200 0 "-" "CCBot/2.0 (https://commoncrawl.org/faq/)"
66.249.69.173 - - [30/Apr/2025:09:02:51 -0400] "GET /?o=87293101511009&channel=e95e65&from=goods.php%3Fid%3D1015110-3437%26name%3DROTA%E3%80%90%E3%83%AD%E3%83%BC%E3%82%BF%E3%80%91%E3%83%AF%E3%83%B3%E3%83%97%E3%83%AA%E3%83%BC%E3%83%84%E3%83%91%E3%83%B3%E3%83%84+291+2C+1945+195+%E3%82%B3%E3%83%83%E3%83%88%E3%83%B3+%E3%83%99%E3%83%BC%E3%82%B8%E3%83%A5 HTTP/1.1" 200 52880 "-" "Mozilla/5.0 (Linux; Android 6.0.1; Nexus 5X Build/MMB29P) AppleWebKit/537.36 (KHTML, like Gecko) Chrome/135.0.7049.95 Mobile Safari/537.36 (compatible; Googlebot/2.1; +http://www.google.com/bot.html)"
18.97.14.80 - - [30/Apr/2025:09:03:25 -0400] "GET /?o=9718925673200&channel=d2e0ab&from=category-info.php%3Fid%3D256732-6756%26name%3DKOTO+HP-H+%E3%82%B9%E3%83%A9%E3%82%A4%E3%83%89%E3%83%8F%E3%83%B3%E3%83%9E%E3%83%BC+%E6%B1%9F%E6%9D%B1%E7%94%A3%E6%A5%AD HTTP/1.1" 200 0 "-" "CCBot/2.0 (https://commoncrawl.org/faq/)"
66.249.69.160 - - [30/Apr/2025:09:03:48 -0400] "GET /?o=86152125322805&channel=a0a2bd&from=news.php%3Fid%3D1253228-3135%26name%3D%E3%82%AB%E3%82%A6%E3%83%81%E3%82%BD%E3%83%95%E3%82%A1+%E9%9D%A9%E5%BC%B5%E3%82%8A+2%E7%82%B9%E3%82%BB%E3%83%83%E3%83%88%28%E3%82%AB%E3%82%A6%E3%83%81%EF%BC%8B2P%29+%E3%83%96%E3%83%A9%E3%83%83%E3%82%AF+%E3%83%9B%E3%83%AF%E3%82%A4%E3%83%88+%E3%82%BD%E3%83%95%E3%82%A1++%E3%83%98%E3%83%83%E3%83%89%E3%83%AA%E3%82%AF%E3%83%A9%E3%82%A4%E3%83%8B%E3%83%B3%E3%82%B0+3%E4%BA%BA%E6%8E%9B%E3%81%91+%E3%82%BD%E3%83%95%E3%82%A1+%E3%83%A2%E3%83%80%E3%83%B3%E3%83%86%E3%82%A4%E3%82%B9%E3%83%88+%E3%83%A2%E3%83%80%E3%83%B3%E3%83%AA%E3%83%93%E3%83%B3%E3%82%B0+%E5%8C%97%E6%AC%A7%E3%83%86%E3%82%A4%E3%82%B9%E3%83%88++QOG-240+%E5%A4%A7%E5%9E%8B%E3%82%AB%E3%82%A6%E3%83%81%E3%82%BD%E3%83%95%E3%82%A1+%E5%8F%B3%E3%82%AB%E3%82%A6%E3%83%81+%E5%B7%A6%E3%82%AB%E3%82%A6%E3%83%81+%E9%AB%98%E7%B4%9A+++%E6%9C%AC%E9%9D%A9+%E3%83%AC%E3%82%B6%E3%83%BC+%E3%82%BD%E3%83%95%E3%82%A1+SOK+%E9%96%8B%E6%A2%B1%E8%A8%AD%E7%BD%AE%E9%85%8D%E9%80%81+K5 HTTP/1.1" 200 55562 "-" "Mozilla/5.0 (Linux; Android 6.0.1; Nexus 5X Build/MMB29P) AppleWebKit/537.36 (KHTML, like Gecko) Chrome/135.0.7049.95 Mobile Safari/537.36 (compatible; Googlebot/2.1; +http://www.google.com/bot.html)"
66.249.69.160 - - [30/Apr/2025:09:03:54 -0400] "GET /?o=7876552534804&channel=c16951&from=brands.php%3Fid%3D525348-17406%26name%3DVallein+%E3%83%9C%E3%83%83%E3%82%AF%E3%82%B9%E3%82%B7%E3%83%BC%E3%83%84+%E3%82%B7%E3%83%B3%E3%82%B0%E3%83%AB+%E6%8E%A5%E8%A7%A6%E5%86%B7%E6%84%9F+%E5%A4%8F%E7%94%A8+%E3%82%BB%E3%83%9F%E3%83%80%E3%83%96%E3%83%AB+%E3%83%80%E3%83%96%E3%83%AB+%E3%83%91%E3%83%83%E3%83%89%E4%B8%80%E4%BD%93%E5%9E%8B%E3%83%9C%E3%83%83%E3%82%AF%E3%82%B9%E3%82%B7%E3%83%BC%E3%83%84+%E5%90%B8%E6%B9%BF%E9%80%9F%E4%B9%BE+%E6%8A%97%E8%8F%8C%E9%98%B2%E8%87%AD+%E6%95%B7%E3%81%8D%E3%83%91 HTTP/1.1" 200 54012 "-" "Mozilla/5.0 (Linux; Android 6.0.1; Nexus 5X Build/MMB29P) AppleWebKit/537.36 (KHTML, like Gecko) Chrome/135.0.7049.95 Mobile Safari/537.36 (compatible; Googlebot/2.1; +http://www.google.com/bot.html)"
66.249.69.160 - - [30/Apr/2025:09:03:57 -0400] "GET /?o=28881194865504&channel=0d6015&from=blog.php%3Fid%3D1948655-24687%26name%3D%5B%E3%83%A4%E3%82%AA%E3%83%B4%E3%82%A7%E3%82%A4%E3%83%8D%E3%82%BF%E3%83%B3%5D+%E9%AC%BC%E7%81%AF%E3%81%AE%E5%86%B7%E5%BE%B9+%E3%82%B8%E3%83%A0%E3%82%B5%E3%83%83%E3%82%AF+%E3%83%8A%E3%83%83%E3%83%97%E3%82%B5%E3%83%83%E3%82%AF+%E5%B7%BE%E7%9D%80%E3%83%90%E3%83%83%E3%82%AF+%E3%82%B9%E3%83%9D%E3%83%BC%E3%83%84%E3%83%90%E3%83%83%E3%82%B0+%E3%83%97%E3%83%BC%E3%83%AB%E3%83%90%E3%83%83%E3%82%B0 HTTP/1.1" 200 54120 "-" "Mozilla/5.0 (Linux; Android 6.0.1; Nexus 5X Build/MMB29P) AppleWebKit/537.36 (KHTML, like Gecko) Chrome/135.0.7049.95 Mobile Safari/537.36 (compatible; Googlebot/2.1; +http://www.google.com/bot.html)"
18.97.14.80 - - [30/Apr/2025:09:03:57 -0400] "GET /?o=02029129929804&channel=c18a5e&from=pin.php%3Fid%3D1299298-3762%26name%3D4%E6%9C%AC+%E3%82%AA%E3%83%BC%E3%83%AB%E3%82%B7%E3%83%BC%E3%82%BA%E3%83%B3+225%2F55R19+103V+XL+%E3%83%94%E3%83%AC%E3%83%AA+%E3%83%81%E3%83%B3%E3%83%88%E3%82%A5%E3%83%A9%E3%83%BC%E3%83%88+%E3%82%AA%E3%83%BC%E3%83%AB%E3%82%B7%E3%83%BC%E3%82%BA%E3%83%B3+SF3+Cinturato+ALL+SEASON+SF3+SUV HTTP/1.1" 200 0 "-" "CCBot/2.0 (https://commoncrawl.org/faq/)"
66.249.69.160 - - [30/Apr/2025:09:04:22 -0400] "GET /?o=0742083574602&channel=32baac&from=pin.php%3Fid%3D835746-1509%26name%3D%E3%80%8A+%E3%82%B3%E3%83%83%E3%83%88%E3%83%B3+%E3%82%B9%E3%83%A0%E3%83%BC%E3%82%B9%E3%82%B9%E3%82%BF%E3%83%B3%E3%83%89+%E5%8D%8A%E8%A2%96+%E3%82%AB%E3%83%83%E3%83%88%E3%82%BD%E3%83%BC++%E3%80%8B%3Cbr%3E%E3%80%90+%E3%83%8A%E3%83%A9%E3%82%AB%E3%83%9F%E3%83%BC%E3%83%81%E3%82%A7+%E5%85%AC%E5%BC%8F%E3%80%91+%E3%83%AC%E3%83%87%E3%82%A3%E3%83%BC%E3%82%B9+%E3%83%88%E3%83%83%E3%83%97%E3%82%B9+%E3%83%96%E3%83%A9%E3%82%A6%E3%82%B9+%E3%82%B9%E3%82%BF%E3%83%B3%E3%83%89%E3%82%AB%E3%83%A9%E3%83%BC+%E7%B6%BF+100%25+%E3%82%B9%E3%83%88%E3%83%AC%E3%83%83%E3%83%81+%E3%83%8A%E3%83%A9+%E3%82%AB%E3%83%9F%E3%83%BC%E3%83%81%E3%82%A7+%E9%80%81%E6%96%99%E7%84%A1%E6%96%99 HTTP/1.1" 200 53136 "-" "Mozilla/5.0 (Linux; Android 6.0.1; Nexus 5X Build/MMB29P) AppleWebKit/537.36 (KHTML, like Gecko) Chrome/135.0.7049.95 Mobile Safari/537.36 (compatible; Googlebot/2.1; +http://www.google.com/bot.html)"
18.97.14.80 - - [30/Apr/2025:09:04:33 -0400] "GET /?o=6950210662207&channel=01ac46&from=shop.php%3Fid%3D106622-7296%26name%3Dys7040905%3B+%E5%AE%97sou+%E5%A4%A7%E5%BE%B3%E5%AF%BA%E3%80%80%E6%A3%AE%E6%B4%9E%E9%9B%B2%E7%AD%86%E3%80%80%E3%80%8C%E6%9D%BE%E6%A8%B9%E5%8D%83%E5%B9%B4%E7%BF%A0%E3%80%8D%E6%A8%AA%E7%89%A9%E3%80%80%E8%82%89%E7%AD%86%E7%B4%99%E6%9C%AC%E6%8E%9B%E8%BB%B8%EF%BC%88%E5%85%B1%E7%AE%B1%EF%BC%89%E3%80%90%E9%81%93%E3%80%91 HTTP/1.1" 200 0 "-" "CCBot/2.0 (https://commoncrawl.org/faq/)"
66.249.69.173 - - [30/Apr/2025:09:05:07 -0400] "GET /?o=65869110882604&channel=0b6e2e&from=category-info.php%3Fid%3D1108826-1842%26name%3D%E3%83%9F%E3%83%8B+%E3%82%AF%E3%83%BC%E3%83%91%E3%83%BC+%E3%82%AB%E3%83%83%E3%83%97%E3%83%9B%E3%83%AB%E3%83%80%E3%83%BC+%E3%82%A2%E3%82%AF%E3%82%BB%E3%82%B5%E3%83%AA%E3%83%BC%E8%BB%8A%E8%BC%89%E3%82%B9%E3%83%AA%E3%83%83%E3%83%97+%E9%98%B2%E6%B0%B4A-G+%E3%82%AB%E3%83%83%E3%83%97%E3%83%9B%E3%83%AB%E3%83%80%E3%83%BC%E5%A4%9A%E6%A9%9F%E8%83%BD%E3%83%87%E3%83%A5%E3%82%A2%E3%83%AB+houder+%E3%82%AA%E3%83%BC%E3%83%88%E3%82%A2%E3%82%AF%E3%82%BB%E3%82%B5%E3%83%AA%E3%83%BC HTTP/1.1" 200 54889 "-" "Mozilla/5.0 (Linux; Android 6.0.1; Nexus 5X Build/MMB29P) AppleWebKit/537.36 (KHTML, like Gecko) Chrome/135.0.7049.95 Mobile Safari/537.36 (compatible; Googlebot/2.1; +http://www.google.com/bot.html)"
18.97.14.80 - - [30/Apr/2025:09:05:09 -0400] "GET /?o=7900126877604&channel=7deb8f&from=jp.php%3Fid%3D268776-5257%26name%3D%E6%96%B0%E5%93%81%E3%80%80%E3%83%91%E3%83%8A%E3%82%BD%E3%83%8B%E3%83%83%E3%82%AF%E3%80%80%E3%83%93%E3%82%B9%E3%83%88%E3%83%AD%E3%80%80%E3%82%B9%E3%83%81%E3%83%BC%E3%83%A0%E3%82%AA%E3%83%BC%E3%83%96%E3%83%B3%E3%83%AC%E3%83%B3%E3%82%B8%E3%80%80%E3%83%9B%E3%83%AF%E3%82%A4%E3%83%88 HTTP/1.1" 200 0 "-" "CCBot/2.0 (https://commoncrawl.org/faq/)"
66.249.69.160 - - [30/Apr/2025:09:05:16 -0400] "GET /?o=4119621396102&channel=af484c&from=brands.php%3Fid%3D213961-4032%26name%3D%E3%82%B3%E3%83%A2%E3%83%AA%E3%83%AC%E3%83%BC%E3%83%A8%E3%83%B3%E3%82%AA%E3%83%B3%E3%83%96%E3%83%AC%E3%82%B7%E3%83%A3%E3%83%84 HTTP/1.1" 200 54371 "-" "Mozilla/5.0 (Linux; Android 6.0.1; Nexus 5X Build/MMB29P) AppleWebKit/537.36 (KHTML, like Gecko) Chrome/135.0.7049.95 Mobile Safari/537.36 (compatible; Googlebot/2.1; +http://www.google.com/bot.html)"
40.77.167.14 - - [30/Apr/2025:09:05:38 -0400] "GET /?o=398192254305&channel=83e226&from=shared.php%3Fid%3D22543-1743%26name%3DIWC+%E3%83%9D%E3%83%AB%E3%83%88%E3%82%AE%E3%83%BC%E3%82%BC+%E3%82%AF%E3%83%AD%E3%83%8E%E3%82%B0%E3%83%A9%E3%83%95+IW371480+%E3%83%A1%E3%83%B3%E3%82%BA+%E8%85%95%E6%99%82%E8%A8%88+%E3%82%B7%E3%83%AB%E3%83%90%E3%83%BC+K18RG+%E8%87%AA%E5%8B%95%E5%B7%BB%E3%81%8D+%E3%82%A4%E3%83%B3%E3%82%BF%E3%83%BC%E3%83%8A%E3%82%B7%E3%83%A7%E3%83%8A%E3%83%AB+%E3%82%A6%E3%82%A9%E3%83%83%E3%83%81+%E3%82%AB%E3%83%B3%E3%83%91%E3%83%8B%E3%83%BC+Portuguese+%E3%80%90%E4%B8%AD%E5%8F%A4%E3%80%91 HTTP/1.1" 200 0 "-" "Mozilla/5.0 AppleWebKit/537.36 (KHTML, like Gecko; compatible; bingbot/2.0; +http://www.bing.com/bingbot.htm) Chrome/116.0.1938.76 Safari/537.36"
18.97.14.80 - - [30/Apr/2025:09:05:45 -0400] "GET /?o=89607188680100&channel=a8ce9c&from=news.php%3Fid%3D1886801-9307%26name%3D%E3%83%97%E3%83%A9%E3%83%A2%E3%83%87%E3%83%AB+1%2F72+AV-8B+%E3%83%8F%E3%83%AA%E3%82%A2%E3%83%BCII+%E3%82%B3%E3%82%AF%E3%83%94%E3%83%83%E3%83%88+%E3%83%87%E3%82%A3%E3%83%86%E3%82%A3%E3%83%BC%E3%83%AB%E3%82%A2%E3%83%83%E3%83%97%E3%83%91%E3%83%BC%E3%83%84 HTTP/1.1" 200 0 "-" "CCBot/2.0 (https://commoncrawl.org/faq/)"
66.249.69.173 - - [30/Apr/2025:09:05:48 -0400] "GET /?o=23833187092203&channel=f507c5&from=pin.php%3Fid%3D1870922-10651%26name%3DIcon+Sports+F%E3%83%90%E3%83%AB%E3%82%BB%E3%83%AD%E3%83%8A+%E3%83%A1%E3%83%B3%E3%82%BA+%E3%83%97%E3%83%AB%E3%82%AA%E3%83%BC%E3%83%90%E3%83%BC+%E3%82%B9%E3%82%A6%E3%82%A7%E3%83%83%E3%83%88 HTTP/1.1" 200 53709 "-" "Mozilla/5.0 (Linux; Android 6.0.1; Nexus 5X Build/MMB29P) AppleWebKit/537.36 (KHTML, like Gecko) Chrome/135.0.7049.95 Mobile Safari/537.36 (compatible; Googlebot/2.1; +http://www.google.com/bot.html)"
66.249.69.173 - - [30/Apr/2025:09:05:57 -0400] "GET /?o=18980125415203&channel=2a1885&from=shared.php%3Fid%3D1254152-2162%26name%3DMaison+Margiela+%E3%82%B9%E3%83%8B%E3%83%BC%E3%82%AB%E3%83%BC+EU37%2823.5cm%E4%BD%8D%29+%E3%80%90%E5%8F%A4%E7%9D%80%E3%80%91%E3%80%90%E4%B8%AD%E5%8F%A4%E3%80%91 HTTP/1.1" 200 53732 "-" "Mozilla/5.0 (Linux; Android 6.0.1; Nexus 5X Build/MMB29P) AppleWebKit/537.36 (KHTML, like Gecko) Chrome/135.0.7049.95 Mobile Safari/537.36 (compatible; Googlebot/2.1; +http://www.google.com/bot.html)"
18.97.14.80 - - [30/Apr/2025:09:06:20 -0400] "GET /?o=2677073384108&channel=1f26fc&from=article.php%3Fid%3D733841-8667%26name%3D%E6%96%B0%E5%93%81%E6%9C%AA%E9%96%8B%E5%B0%81%E5%93%81%E3%80%80%E8%B6%85%E5%90%88%E9%87%91+MSN-04FF+%E3%82%B5%E3%82%B6%E3%83%93%E3%83%BC HTTP/1.1" 200 0 "-" "CCBot/2.0 (https://commoncrawl.org/faq/)"
66.249.69.160 - - [30/Apr/2025:09:06:51 -0400] "GET /?o=83882111550309&channel=3b4dd3&from=category-info.php%3Fid%3D1115503-2754%26name%3D%E3%82%A8%E3%83%AB%E3%82%B4%E3%83%88%E3%83%AD%E3%83%B3++Ergotron+WorkFit-TLE+%E3%82%B9%E3%82%BF%E3%83%B3%E3%83%89%E3%83%87%E3%82%B9%E3%82%AF HTTP/1.1" 200 52023 "-" "Mozilla/5.0 (Linux; Android 6.0.1; Nexus 5X Build/MMB29P) AppleWebKit/537.36 (KHTML, like Gecko) Chrome/135.0.7049.95 Mobile Safari/537.36 (compatible; Googlebot/2.1; +http://www.google.com/bot.html)"
66.249.69.173 - - [30/Apr/2025:09:06:56 -0400] "GET /?o=0602460276801&channel=f9b4b2&from=blog.php%3Fid%3D602768-14974%26name%3DJEIOC+%E3%83%96%E3%83%AC%E3%83%BC%E3%82%AD+%E3%82%AF%E3%83%A9%E3%83%83%E3%83%81+%E3%83%AC%E3%83%90%E3%83%BC%E3%81%AE%E4%BB%98%E5%B1%9E%E5%93%81%E3%81%AE%E3%82%AA%E3%83%BC%E3%83%88%E3%83%90%E3%82%A4CNC%E3%81%AE%E8%AA%BF%E7%AF%80%E5%8F%AF%E8%83%BD%E3%81%AA%E6%8A%98%E3%82%8B%E6%8B%A1%E5%BC%B5%E5%8F%AF%E8%83%BD%E3%81%AE%E3%81%9F%E3%82%81%E3%81%AE+%E3%83%99%E3%83%8D%E3%83%AA%E3%83%BB%E3%83%95%E3%82%A9%E3%83%BC+%E3%83%AC%E3%82%AA%E3%83%B3%E3%83%81%E3%83%BC%E3%83%8E+50 HTTP/1.1" 200 55458 "-" "Mozilla/5.0 (Linux; Android 6.0.1; Nexus 5X Build/MMB29P) AppleWebKit/537.36 (KHTML, like Gecko) Chrome/135.0.7049.95 Mobile Safari/537.36 (compatible; Googlebot/2.1; +http://www.google.com/bot.html)"
18.97.14.80 - - [30/Apr/2025:09:06:57 -0400] "GET /?o=1950142184404&channel=10ed80&from=blog.php%3Fid%3D421844-4705%26name%3D%E3%80%90%E6%96%B0%E5%93%81%E3%80%91%E6%8C%AF%E8%A2%96%E7%94%A8+%E8%8D%89%E5%B1%A5%E3%83%90%E3%83%83%E3%82%B0%E3%82%BB%E3%83%83%E3%83%88+24cm+%E5%8F%A4%E5%85%B8%E6%9F%84++02491 HTTP/1.1" 200 0 "-" "CCBot/2.0 (https://commoncrawl.org/faq/)"
66.249.69.160 - - [30/Apr/2025:09:06:58 -0400] "GET /?o=9091295196608&channel=b8d2ac&from=form.php%3Fid%3D951966-2478%26name%3D%E7%8C%AB%E3%81%A1%E3%82%83%E3%82%93%E6%A7%98%E5%B0%82%E7%94%A8+%E4%B8%8D%E7%94%A8%E6%84%8F HTTP/1.1" 200 51601 "-" "Mozilla/5.0 (Linux; Android 6.0.1; Nexus 5X Build/MMB29P) AppleWebKit/537.36 (KHTML, like Gecko) Chrome/135.0.7049.95 Mobile Safari/537.36 (compatible; Googlebot/2.1; +http://www.google.com/bot.html)"
66.249.69.161 - - [30/Apr/2025:09:07:19 -0400] "GET /?o=7262969695701&channel=6f22f4&from=info.php%3Fid%3D696957-10410%26name%3D%E3%82%B3%E3%83%AD%E3%83%B3%E3%83%93%E3%82%A2+Columbia+%E4%B8%AD%E7%B6%BF+%E3%83%91%E3%83%95%E3%82%A7%E3%82%AF%E3%83%88II%E3%83%95%E3%83%BC%E3%83%87%E3%83%83%E3%83%89%E3%82%B8%E3%83%A3%E3%82%B1%E3%83%83%E3%83%88+%E3%82%A2%E3%82%A6%E3%82%BF%E3%83%BC+%E3%82%A2%E3%82%A6%E3%83%88%E3%83%89%E3%82%A2+%E3%83%A1%E3%83%B3%E3%82%BA+WE2300-010 HTTP/1.1" 200 54971 "-" "Mozilla/5.0 (Linux; Android 6.0.1; Nexus 5X Build/MMB29P) AppleWebKit/537.36 (KHTML, like Gecko) Chrome/135.0.7049.95 Mobile Safari/537.36 (compatible; Googlebot/2.1; +http://www.google.com/bot.html)"
52.167.144.167 - - [30/Apr/2025:09:07:20 -0400] "GET /?o=0898290953901&channel=1bf2b4&from=category-info.php%3Fid%3D909539-1353%26name%3Dmakita%E3%80%80%E3%83%9E%E3%82%AD%E3%82%BF%E3%80%80DF012DSHX%E3%80%80%E5%85%85%E9%9B%BB%E5%BC%8F%E3%83%9A%E3%83%B3%E3%83%89%E3%83%A9%E3%82%A4%E3%83%90%E3%83%89%E3%83%AA%E3%83%AB%E3%80%80%E3%80%90%E9%9D%92%E3%80%91%E3%80%80%E3%83%90%E3%83%83%E3%83%86%E3%83%AABL0715%EF%BC%881.5Ah%EF%BC%89%C3%972%E6%9C%AC%E3%83%BB%E5%85%85%E9%9B%BB%E5%99%A8DC07SB%E3%83%BB%E3%82%A2%E3%83%AB%E3%83%9F%E3%82%B1%E3%83%BC%E3%82%B9%E4%BB%98 HTTP/1.1" 200 0 "-" "Mozilla/5.0 AppleWebKit/537.36 (KHTML, like Gecko; compatible; bingbot/2.0; +http://www.bing.com/bingbot.htm) Chrome/116.0.1938.76 Safari/537.36"
66.249.69.160 - - [30/Apr/2025:09:07:20 -0400] "GET /?o=39895175268212&channel=abb96f&from=category-info.php%3Fid%3D1752682-3203%26name%3D%E3%83%A8%E3%82%AC%E3%83%9E%E3%83%83%E3%83%8810MM%E5%B9%85160CM%E9%95%B7%E3%81%95200CM%E5%8F%8E%E7%B4%8D%E3%83%90%E3%83%B3%E3%83%89%E4%BB%98%E3%81%8D%E5%8F%8E%E7%B4%8D%E3%83%88%E3%83%AC%E3%83%BC%E3%83%8B%E3%83%B3%E3%82%B0%E3%83%9E%E3%83%83%E3%83%88%E5%A4%A7%E3%81%8D%E3%82%81%E3%82%B9%E3%83%9D%E3%83%BC%E3%83%84%E3%83%90%E3%83%83%E3%82%B02%E4%BA%BA%E7%94%A8%E5%A4%A7%E5%88%A4%E5%B9%85%E5%BA%83%E3%82%BB%E3%83%83%E3%83%88%E3%83%95%E3%82%A3%E3%83%83%E3%83%88%E3%83%8D%E3%82%B9%E3%82%A8%E3%82%AF%E3%82%B5%E3%82%B5%E3%82%A4%E3%82%BA%E3%83%A8%E3%82%AC HTTP/1.1" 200 55526 "-" "Mozilla/5.0 (Linux; Android 6.0.1; Nexus 5X Build/MMB29P) AppleWebKit/537.36 (KHTML, like Gecko) Chrome/135.0.7049.95 Mobile Safari/537.36 (compatible; Googlebot/2.1; +http://www.google.com/bot.html)"
66.249.69.173 - - [30/Apr/2025:09:07:21 -0400] "GET /?o=98707189856202&channel=47759e&from=jp.php%3Fid%3D1898562-4886%26name%3D%E3%80%90%E6%96%B0%E5%93%81%C3%972%E7%AE%B1%E3%80%91SUNTORY+%E3%83%AA%E3%83%95%E3%82%BF%E3%83%BC%E3%82%B8%E3%83%A5+%E7%99%BD%E3%81%B6%E3%81%A9%E3%81%86%E5%91%B3+20%E6%9C%AC HTTP/1.1" 200 53548 "-" "Mozilla/5.0 (Linux; Android 6.0.1; Nexus 5X Build/MMB29P) AppleWebKit/537.36 (KHTML, like Gecko) Chrome/135.0.7049.95 Mobile Safari/537.36 (compatible; Googlebot/2.1; +http://www.google.com/bot.html)"
66.249.69.161 - - [30/Apr/2025:09:07:23 -0400] "GET /?o=6461334118802&channel=1640c6&from=jp.php%3Fid%3D341188-1641%26name%3D%E4%BB%8F%E5%83%8F+%E9%BE%8D%E4%B9%97%E8%A6%B3%E9%9F%B3+%E8%A6%B3%E9%9F%B3%E5%83%8F+%E7%AB%8B%E5%83%8F+%E4%B9%9D%E9%BE%8D%E8%A6%B3%E9%9F%B3+%E9%A8%8E%E9%BE%8D%E8%A6%B3%E9%9F%B3+%E9%BE%8D%E4%B8%8A%E8%A6%B3%E9%9F%B3+%E4%BB%8F%E5%A3%87%E4%BB%8F%E5%83%8F+%E7%A5%88%E3%82%8B+%E5%8E%84%E9%99%A4%E3%81%91%E7%B7%8F%E9%AB%9839cm HTTP/1.1" 200 53820 "-" "Mozilla/5.0 (Linux; Android 6.0.1; Nexus 5X Build/MMB29P) AppleWebKit/537.36 (KHTML, like Gecko) Chrome/135.0.7049.95 Mobile Safari/537.36 (compatible; Googlebot/2.1; +http://www.google.com/bot.html)"
66.249.69.173 - - [30/Apr/2025:09:07:24 -0400] "GET /?o=2928769615600&channel=8531a5&from=shared.php%3Fid%3D696156-19716%26name%3D%E3%83%A6%E3%83%8B%E3%83%90+%E3%82%AB%E3%83%81%E3%83%A5%E3%83%BC%E3%82%B7%E3%83%A3+%E3%81%BE%E3%81%A8%E3%82%81%E5%A3%B2%E3%82%8A+%E3%82%BB%E3%83%83%E3%83%88%E5%A3%B2%E3%82%8A+7%E5%80%8B HTTP/1.1" 200 53808 "-" "Mozilla/5.0 (Linux; Android 6.0.1; Nexus 5X Build/MMB29P) AppleWebKit/537.36 (KHTML, like Gecko) Chrome/135.0.7049.95 Mobile Safari/537.36 (compatible; Googlebot/2.1; +http://www.google.com/bot.html)"
66.249.69.160 - - [30/Apr/2025:09:07:25 -0400] "GET /?o=7882991773101&channel=88ecad&from=form.php%3Fid%3D917731-13070%26name%3D%E6%A0%B9%E6%B4%A5%E7%BE%8E%E8%A1%93%E9%A4%A8+2025%E5%B9%B4+%E5%A3%81%E6%8E%9B%E3%81%91%E3%82%AB%E3%83%AC%E3%83%B3%E3%83%80%E3%83%BC+%E6%A0%B9%E6%B4%A5%E7%BE%8E%E8%A1%93%E9%A4%A8%E5%90%8D%E5%93%81%E9%81%B8+%E7%BE%8E%E8%A1%93%E5%93%81+%E5%8F%A4%E7%BE%8E%E8%A1%93 HTTP/1.1" 200 54559 "-" "Mozilla/5.0 (Linux; Android 6.0.1; Nexus 5X Build/MMB29P) AppleWebKit/537.36 (KHTML, like Gecko) Chrome/135.0.7049.95 Mobile Safari/537.36 (compatible; Googlebot/2.1; +http://www.google.com/bot.html)"
66.249.69.160 - - [30/Apr/2025:09:07:26 -0400] "GET /?o=4374449657408&channel=409e4a&from=category-info.php%3Fid%3D496574-17103%26name%3D%E7%89%B9%E6%92%B0%E5%AD%90%E4%BE%9B%E6%AD%A6%E8%80%85%E3%80%80%EF%BC%95%E6%9C%88%E4%BA%BA%E5%BD%A2%E3%80%80%E4%BA%BA%E5%BD%A2%E3%81%AE%E4%B9%85%E6%9C%88%E3%80%80%E4%B8%80%E5%BC%8F%E3%80%80%E3%80%80%E5%85%9C%E3%80%80%E7%94%B2%E5%86%91%E3%80%80%E7%B8%81%E8%B5%B7%E7%89%A9 HTTP/1.1" 200 53139 "-" "Mozilla/5.0 (Linux; Android 6.0.1; Nexus 5X Build/MMB29P) AppleWebKit/537.36 (KHTML, like Gecko) Chrome/135.0.7049.95 Mobile Safari/537.36 (compatible; Googlebot/2.1; +http://www.google.com/bot.html)"
66.249.69.173 - - [30/Apr/2025:09:07:29 -0400] "GET /?o=03199190061404&channel=4c1305&from=jp.php%3Fid%3D1900614-16282%26name%3D%E3%83%8E%E3%83%BC%E3%83%88%E3%83%91%E3%82%BD%E3%82%B3%E3%83%B3%E3%83%90%E3%83%83%E3%82%B0+%E3%83%99%E3%83%86%E3%82%A3%E3%81%A1%E3%82%83%E3%82%93+%E3%83%91%E3%82%BD%E3%82%B3%E3%83%B3%E3%82%B1%E3%83%BC%E3%82%B9+Pc%E3%83%90%E3%83%83%E3%82%B0+%E3%82%B3%E3%83%B3%E3%83%94%E3%83%A5%E3%83%BC%E3%82%BF%E3%83%BC%E3%83%90%E3%83%83%E3%82%B0+Pc%E5%8F%8E%E7%B4%8D+%E3%82%B7%E3%83%A7%E3%83%AB%E3%83%80%E3%83%BC%E4%BB%98%E3%81%8D+3way+%E8%82%A9%E6%8E%9B%E3%81%91+%E3%81%8A HTTP/1.1" 200 53413 "-" "Mozilla/5.0 (Linux; Android 6.0.1; Nexus 5X Build/MMB29P) AppleWebKit/537.36 (KHTML, like Gecko) Chrome/135.0.7049.95 Mobile Safari/537.36 (compatible; Googlebot/2.1; +http://www.google.com/bot.html)"
40.77.167.14 - - [30/Apr/2025:09:07:29 -0400] "GET /?o=55940152120202&channel=d71bc0&from=brands.php%3Fid%3D1521202-9613%26name%3D%E2%97%8E%E5%BA%83%E7%80%AC%E5%92%8C%E4%B9%8B%E3%80%8E%E9%80%86%E3%81%95%E5%AF%8C%E5%A3%AB%EF%BC%88F30%E5%8F%B7%EF%BC%89%E3%80%8F%E6%B2%B9%E7%B5%B5%E2%98%85%E9%A2%A8%E6%99%AF%E7%94%BB%E3%80%90%E6%96%B0%E5%93%81%E3%80%91 HTTP/1.1" 200 0 "-" "Mozilla/5.0 AppleWebKit/537.36 (KHTML, like Gecko; compatible; bingbot/2.0; +http://www.bing.com/bingbot.htm) Chrome/116.0.1938.76 Safari/537.36"
66.249.69.173 - - [30/Apr/2025:09:07:30 -0400] "GET /?o=1229864647903&channel=d555a2&from=jp.php%3Fid%3D646479-5263%26name%3D%E5%B1%8F%E9%A2%A8%EF%BC%88%E5%B0%8F%EF%BC%89%E3%80%80%E8%8A%B1%E6%9D%BF HTTP/1.1" 200 52568 "-" "Mozilla/5.0 (Linux; Android 6.0.1; Nexus 5X Build/MMB29P) AppleWebKit/537.36 (KHTML, like Gecko) Chrome/135.0.7049.95 Mobile Safari/537.36 (compatible; Googlebot/2.1; +http://www.google.com/bot.html)"
18.97.14.80 - - [30/Apr/2025:09:07:32 -0400] "GET /?o=0071325582104&channel=2a62dd&from=blog.php%3Fid%3D255821-4144%26name%3D%E3%80%90%E6%97%A9%E6%80%A5%E5%87%A6%E5%88%86%E5%93%81%E3%80%91%E3%82%B8%E3%83%A3%E3%83%B3%E3%82%AF%E3%82%B7%E3%83%A7%E3%83%B3%E3%83%97%E3%83%AD%E3%83%87%E3%83%A5%E3%83%BC%E3%82%B9%E3%83%9E%E3%83%95%E3%83%A9%E3%83%BC%E3%82%AB%E3%83%83%E3%82%BF%E3%83%BC HTTP/1.1" 200 0 "-" "CCBot/2.0 (https://commoncrawl.org/faq/)"
66.249.69.173 - - [30/Apr/2025:09:07:32 -0400] "GET /?o=9191766502100&channel=04b900&from=shared.php%3Fid%3D665021-19318%26name%3D%E3%83%9E%E3%83%83%E3%83%88%E3%83%AC%E3%82%B9%E3%83%97%E3%83%AD%E3%83%86%E3%82%AF%E3%82%BF%E3%83%BC%E9%98%B2%E6%B0%B4%E3%83%95%E3%82%A3%E3%83%83%E3%83%88%E3%83%99%E3%83%83%E3%83%89%E3%82%B7%E3%83%BC%E3%83%88%E3%82%B4%E3%83%A0%E3%83%90%E3%83%B3%E3%83%89%E3%83%9E%E3%83%83%E3%83%88%E3%83%AC%E3%82%B9%E3%82%AB%E3%83%90%E3%83%BC%E3%82%BD%E3%83%95%E3%83%88%E9%80%9A%E6%B0%97%E6%80%A7%E3%83%87%E3%82%A3%E3%83%BC%E3%83%97%E3%83%9D%E3%82%B1%E3%83%83%E3%83%88%E5%A4%A7%E4%BA%BA%E3%81%AE%E3%81%9F%E3%82%81%E3%81%AE HTTP/1.1" 200 53560 "-" "Mozilla/5.0 (Linux; Android 6.0.1; Nexus 5X Build/MMB29P) AppleWebKit/537.36 (KHTML, like Gecko) Chrome/135.0.7049.95 Mobile Safari/537.36 (compatible; Googlebot/2.1; +http://www.google.com/bot.html)"
66.249.69.173 - - [30/Apr/2025:09:07:33 -0400] "GET /?o=707079362003&channel=9a5840&from=form.php%3Fid%3D93620-6629%26name%3D%E6%96%B0%E5%93%81%E6%9C%AA%E4%BD%BF%E7%94%A8%E3%80%80%E6%8C%AF%E8%A2%96+%E3%80%80%E6%9C%AA%E4%BB%95%E7%AB%8B%E3%81%A6%E3%80%80+%E4%BB%AE%E7%B5%B5%E7%BE%BD+%E3%80%80%E6%BF%83%E7%B4%BA%E8%89%B2%E7%B3%BB%E3%80%80%E6%A2%85%E8%8A%B1%E3%80%80%E3%83%AA%E3%83%A1%E3%82%A4%E3%82%AF HTTP/1.1" 200 54017 "-" "Mozilla/5.0 (Linux; Android 6.0.1; Nexus 5X Build/MMB29P) AppleWebKit/537.36 (KHTML, like Gecko) Chrome/135.0.7049.95 Mobile Safari/537.36 (compatible; Googlebot/2.1; +http://www.google.com/bot.html)"
66.249.69.160 - - [30/Apr/2025:09:07:34 -0400] "GET /?o=1094286610206&channel=e15a65&from=brands.php%3Fid%3D866102-13786%26name%3D%5B%E3%82%A8%E3%83%BC%E3%82%B9%5D+%E3%82%B9%E3%83%BC%E3%83%84%E3%82%B1%E3%83%BC%E3%82%B9+%E3%82%AF%E3%83%AC%E3%82%B9%E3%82%BF+%E3%82%A8%E3%82%AD%E3%82%B9%E3%83%91%E3%83%B3%E3%83%89%E6%A9%9F%E8%83%BD%E4%BB%98+06318+93L+67cm+4.8kg+06318+02+%E3%83%96%E3%83%A9%E3%83%83%E3%82%AF HTTP/1.1" 200 54896 "-" "Mozilla/5.0 (Linux; Android 6.0.1; Nexus 5X Build/MMB29P) AppleWebKit/537.36 (KHTML, like Gecko) Chrome/135.0.7049.95 Mobile Safari/537.36 (compatible; Googlebot/2.1; +http://www.google.com/bot.html)"
66.249.69.173 - - [30/Apr/2025:09:07:35 -0400] "GET /?o=0406353596803&channel=9f69e2&from=news.php%3Fid%3D535968-1611%26name%3D%E3%80%8E%E6%BC%A2%E3%83%BB%E5%8F%A4%E5%92%8C%E7%94%B0%E7%8E%89%E3%83%BB%E9%AB%98%E5%8F%A4%E7%8E%89%E5%BD%AB%E3%83%BB%E6%A3%8B%E6%A8%82%E7%84%A1%E9%99%90%E4%B8%80%E5%A5%97%E3%83%BB%E7%BD%AE%E7%89%A9%E3%83%BB%E5%8F%8C%E8%89%B2%E7%8E%89%E3%80%8F%E6%A5%B5%E7%B4%B0%E5%B7%A5%E3%83%BB%E5%8F%A4%E8%B3%9E%E7%89%A9%E3%83%BB%E6%9D%B1%E6%B4%8B%E5%BD%AB%E5%88%BB%E3%83%BB%E4%B8%AD%E5%9B%BD%E5%8F%A4%E7%8E%A9%E3%83%BB%E4%B8%AD%E5%9B%BD%E5%8F%A4%E7%BE%8E%E8%A1%93 HTTP/1.1" 200 54088 "-" "Mozilla/5.0 (Linux; Android 6.0.1; Nexus 5X Build/MMB29P) AppleWebKit/537.36 (KHTML, like Gecko) Chrome/135.0.7049.95 Mobile Safari/537.36 (compatible; Googlebot/2.1; +http://www.google.com/bot.html)"
66.249.69.173 - - [30/Apr/2025:09:07:36 -0400] "GET /?o=7231831775808&channel=f849f3&from=news.php%3Fid%3D317758-1101%26name%3DSilk+Bow+Tie+%E3%81%BF%E3%81%9F%E3%81%A6+Paisley+Print HTTP/1.1" 200 53411 "-" "Mozilla/5.0 (Linux; Android 6.0.1; Nexus 5X Build/MMB29P) AppleWebKit/537.36 (KHTML, like Gecko) Chrome/135.0.7049.95 Mobile Safari/537.36 (compatible; Googlebot/2.1; +http://www.google.com/bot.html)"
66.249.69.173 - - [30/Apr/2025:09:07:37 -0400] "GET /?o=22878149794605&channel=6b843c&from=product.php%3Fid%3D1497946-23786%26name%3D%E3%82%B3%E3%83%83%E3%82%AF%E3%82%B7%E3%83%A3%E3%83%84+%E5%8D%8A%E8%A2%96+%E9%80%9A%E6%B0%97%E6%80%A7+%E5%A4%8F+%E3%82%B3%E3%83%83%E3%82%AF%E6%9C%8D+%E3%82%B3%E3%83%83%E3%82%AF%E3%82%A6%E3%82%A7%E3%82%A2+%E3%82%B3%E3%83%83%E3%82%AF%E3%82%B3%E3%83%BC%E3%83%88+%E3%83%88%E3%83%83%E3%83%97%E3%82%B9%EF%BC%8B%E3%82%A8%E3%83%97%E3%83%AD%E3%83%B3+%E5%8D%8A%E8%A2%96%2F%E4%B8%83%E5%88%86%E8%A2%96+%E8%AA%BF%E7%90%86%E7%94%A8+%E3%83%A6%E3%83%8B%E3%83%95%E3%82%A9%E3%83%BC%E3%83%A0+%E7%94%B7%E5%A5%B3%E5%85%BC%E7%94%A8+%E7%99%BD%E8%A1%A3+%E5%88%B6%E6%9C%8D+%E9%BB%92+%E9%A3%B2%E9%A3%9F%E5%BA%97+%E8%96%84%E6%89%8B+%E5%8E%A8%E6%88%BF%E6%9C%8D+%E8%AA%BF%E7%90%86%E7%99%BD%E8%A1%A3+%E3%83%A1%E3%83%B3%E3%82%BA+%E3%83%AC%E3%83%87%E3%82%A3%E3%83%BC+B2tM329 HTTP/1.1" 200 55471 "-" "Mozilla/5.0 (Linux; Android 6.0.1; Nexus 5X Build/MMB29P) AppleWebKit/537.36 (KHTML, like Gecko) Chrome/135.0.7049.95 Mobile Safari/537.36 (compatible; Googlebot/2.1; +http://www.google.com/bot.html)"
66.249.69.161 - - [30/Apr/2025:09:07:38 -0400] "GET /?o=20288117955804&channel=4da31d&from=news.php%3Fid%3D1179558-51%26name%3D%EF%BC%AB%EF%BC%91%EF%BC%98%E3%80%80%E3%83%80%E3%82%A4%E3%83%A4%E3%83%A2%E3%83%B3%E3%83%89%EF%BC%90%EF%BC%8E%EF%BC%91%EF%BC%90%EF%BD%83%EF%BD%94%E3%83%AA%E3%83%B3%E3%82%B0%E3%80%80%EF%BC%91%EF%BC%98%E9%87%91%E4%B8%80%E7%B2%92%E3%83%80%E3%82%A4%E3%83%A4%E3%83%A2%E3%83%B3%E3%83%89%E3%82%A8%E3%83%B3%E3%82%B2%E3%83%BC%E3%82%B8%E3%83%AA%E3%83%B3%E3%82%B0%E3%80%80%E3%83%9B%E3%83%AF%E3%82%A4%E3%83%88%E3%82%B4%E3%83%BC%E3%83%AB%E3%83%89%E3%83%BB%E3%83%94%E3%83%B3%E3%82%AF%E3%82%B4%E3%83%BC%E3%83%AB%E3%83%89%E3%83%BB%E3%82%A4%E3%82%A8%E3%83%AD%E3%83%BC%E3%82%B4%E3%83%BC%E3%83%AB%E3%83%89%E3%80%80%EF%BC%B0%EF%BC%B4%E3%80%80%E3%83%97%E3%83%A9%E3%83%81%E3%83%8A%E3%80%80%EF%BC%B0%EF%BC%B4%EF%BC%99%EF%BC%90%EF%BC%90%E3%80%80%EF%BC%B0%EF%BC%B4%EF%BC%99%EF%BC%95%EF%BC%90%E3%80%80%E3%82%B7%E3%83%B3%E3%83%97%E3%83%AB%E3%80%80%E3%83%97%E3%83%AC%E3%82%BC%E3%83%B3%E3%83%88%E3%80%80%E3%82%AE%E3%83%95%E3%83%88%E3%80%90%E9%80%81%E6%96%99%E7%84%A1%E6%96%99%E3%80%91 HTTP/1.1" 200 56738 "-" "Mozilla/5.0 (Linux; Android 6.0.1; Nexus 5X Build/MMB29P) AppleWebKit/537.36 (KHTML, like Gecko) Chrome/135.0.7049.95 Mobile Safari/537.36 (compatible; Googlebot/2.1; +http://www.google.com/bot.html)"
66.249.69.160 - - [30/Apr/2025:09:07:39 -0400] "GET /?o=3999533455402&channel=844838&from=goods.php%3Fid%3D334554-2083%26name%3D%E3%80%90%E9%80%81%E6%96%99%E7%84%A1%E6%96%99%E3%80%916%E6%9C%AC%E3%82%BB%E3%83%83%E3%83%88%2F1%E7%AE%B1+%E3%82%AB%E3%83%95%E3%82%A7%E3%83%BB%E3%82%AB%E3%83%99%E3%83%AB%E3%83%8D%5B2020%5D%E3%83%AA%E3%83%B3%E3%83%88%E3%83%B3%E3%83%BB%E3%83%91%E3%83%BC%E3%82%AF+%E8%B5%A4+750ml+Linton+Park+%5BCafe+Cabernet%5D+%E5%8D%97%E3%82%A2%E3%83%95%E3%83%AA%E3%82%AB%E5%85%B1%E5%92%8C%E5%9B%BD+%E8%B5%A4%E3%83%AF%E3%82%A4%E3%83%B3%E2%80%BB%E5%8C%97%E6%B5%B7%E9%81%93%E3%83%BB%E4%B9%9D%E5%B7%9E%E3%83%BB%E6%B2%96%E7%B8%84%E4%B8%80%E9%83%A8%E9%9B%A2%E5%B3%B6%E3%80%81%E3%82%AF%E3%83%BC%E3%83%AB%E4%BE%BF%E3%81%AF%E8%BF%BD%E5%8A%A0%E9%80%81%E6%96%99%E3%81%82%E3%82%8A%E2%80%BB%E3%83%AF%E3%82%A4%E3%83%B3%E7%A6%8F%E8%A2%8B HTTP/1.1" 200 54876 "-" "Mozilla/5.0 (Linux; Android 6.0.1; Nexus 5X Build/MMB29P) AppleWebKit/537.36 (KHTML, like Gecko) Chrome/135.0.7049.95 Mobile Safari/537.36 (compatible; Googlebot/2.1; +http://www.google.com/bot.html)"
66.249.69.173 - - [30/Apr/2025:09:07:40 -0400] "GET /?o=3721962708605&channel=af37aa&from=form.php%3Fid%3D627086-1094%26name%3D%E3%83%AC%E3%82%B8%E3%82%A7%E3%83%B3%E3%83%89%E3%82%A6%E3%82%A9%E3%83%BC%E3%82%AB%E3%83%BC+%E3%82%B9%E3%83%BC%E3%83%84%E3%82%B1%E3%83%BC%E3%82%B9+5507-57+3%E6%B3%8A%E3%80%9C5%E6%B3%8A+%E3%83%AF%E3%82%A4%E3%83%B3%E3%83%AC%E3%83%83%E3%83%89%E3%82%AB%E3%83%BC%E3%83%9C%E3%83%B3%E3%82%B7%E3%83%AB%E3%83%90%E3%83%BC HTTP/1.1" 200 55283 "-" "Mozilla/5.0 (Linux; Android 6.0.1; Nexus 5X Build/MMB29P) AppleWebKit/537.36 (KHTML, like Gecko) Chrome/135.0.7049.95 Mobile Safari/537.36 (compatible; Googlebot/2.1; +http://www.google.com/bot.html)"
66.249.69.161 - - [30/Apr/2025:09:07:43 -0400] "GET /?o=22501171097501&channel=d21ad7&from=news.php%3Fid%3D1710975-18333%26name%3D%E3%81%8A%E3%82%82%E3%81%A1%E3%82%83%E5%8F%8E%E7%B4%8D+%E3%83%8F%E3%83%B3%E3%83%A2%E3%83%83%E3%82%AF+%E5%90%8A%E3%82%8A%E4%B8%8B%E3%81%92+%E5%A3%81%E6%8E%9B%E3%81%91+%E3%83%8D%E3%83%83%E3%83%88+%E3%81%8A%E3%82%82%E3%81%A1%E3%82%83%E7%AE%B1+%E7%89%87%E4%BB%98%E3%81%91+%E3%81%AC%E3%81%84%E3%81%90%E3%82%8B%E3%81%BF+%E7%8E%A9%E5%85%B7+%E3%82%A4%E3%83%B3%E3%83%86%E3%83%AA%E3%82%A2+%E6%95%B4%E7%90%86%E6%95%B4%E9%A0%93+%E3%83%A9%E3%83%83%E3%82%AF+%E3%81%8A%E3%81%97%E3%82%83%E3%82%8C+%E3%83%8A%E3%83%81%E3%83%A5%E3%83%A9%E3%83%AB+%E3%81%99%E3%81%8D%E9%96%93%E5%8F%8E HTTP/1.1" 200 55498 "-" "Mozilla/5.0 (Linux; Android 6.0.1; Nexus 5X Build/MMB29P) AppleWebKit/537.36 (KHTML, like Gecko) Chrome/135.0.7049.95 Mobile Safari/537.36 (compatible; Googlebot/2.1; +http://www.google.com/bot.html)"
66.249.69.173 - - [30/Apr/2025:09:07:44 -0400] "GET /?o=437402557000&channel=3a3bac&from=article.php%3Fid%3D25570-2653%26name%3D%E6%96%87%E6%88%BF%E5%85%B7%E3%81%BE%E3%81%A8%E3%82%81%E5%A3%B2%E3%82%8A%E3%80%80%E3%83%90%E3%83%A9%E5%A3%B2%E3%82%8A%E5%8F%AF HTTP/1.1" 200 52278 "-" "Mozilla/5.0 (Linux; Android 6.0.1; Nexus 5X Build/MMB29P) AppleWebKit/537.36 (KHTML, like Gecko) Chrome/135.0.7049.95 Mobile Safari/537.36 (compatible; Googlebot/2.1; +http://www.google.com/bot.html)"
66.249.69.173 - - [30/Apr/2025:09:07:46 -0400] "GET /?o=71871146334801&channel=357c18&from=pin.php%3Fid%3D1463348-18651%26name%3D37%E5%9E%8B+HITACHI+Wooo+%E6%97%A5%E7%AB%8B+%E3%83%97%E3%83%A9%E3%82%BA%E3%83%9E%E3%83%86%E3%83%AC%E3%83%93+P37-HR01 HTTP/1.1" 200 54460 "-" "Mozilla/5.0 (Linux; Android 6.0.1; Nexus 5X Build/MMB29P) AppleWebKit/537.36 (KHTML, like Gecko) Chrome/135.0.7049.95 Mobile Safari/537.36 (compatible; Googlebot/2.1; +http://www.google.com/bot.html)"
66.249.69.161 - - [30/Apr/2025:09:07:47 -0400] "GET /?o=8884136572402&channel=611f39&from=form.php%3Fid%3D365724-14643%26name%3D%E6%96%B0%E5%93%81%E6%9C%AA%E4%BD%BF%E7%94%A8+Dior+%E3%82%AF%E3%83%AA%E3%82%B9%E3%83%9E%E3%82%B9%E3%82%B3%E3%83%95%E3%83%AC+%E3%83%87%E3%82%A3%E3%82%AA%E3%83%BC%E3%83%AB%E3%80%80%E3%83%9B%E3%83%AA%E3%83%87%E3%83%BC%E3%82%AA%E3%83%95%E3%82%A1%E3%83%BC HTTP/1.1" 200 54022 "-" "Mozilla/5.0 (Linux; Android 6.0.1; Nexus 5X Build/MMB29P) AppleWebKit/537.36 (KHTML, like Gecko) Chrome/135.0.7049.95 Mobile Safari/537.36 (compatible; Googlebot/2.1; +http://www.google.com/bot.html)"
66.249.69.161 - - [30/Apr/2025:09:07:48 -0400] "GET /?o=6822580273801&channel=4c3e36&from=info.php%3Fid%3D802738-322%26name%3D%E7%A1%AC%E5%BC%8F%E3%80%80%E5%86%85%E9%87%8E%E6%89%8B%E7%94%A8%E3%82%B0%E3%83%AD%E3%83%BC%E3%83%96 HTTP/1.1" 200 54817 "-" "Mozilla/5.0 (Linux; Android 6.0.1; Nexus 5X Build/MMB29P) AppleWebKit/537.36 (KHTML, like Gecko) Chrome/135.0.7049.95 Mobile Safari/537.36 (compatible; Googlebot/2.1; +http://www.google.com/bot.html)"
66.249.69.173 - - [30/Apr/2025:09:07:49 -0400] "GET /?o=8713911769403&channel=9b6931&from=category-info.php%3Fid%3D117694-7733%26name%3D%E3%82%B9%E3%83%86%E3%83%B3%E3%83%AC%E3%82%B9+%E5%90%88%E3%81%A3+%E6%BA%B6%E6%8E%A5%E9%87%91%E7%B6%B2+%E3%83%95%E3%82%A1%E3%82%A4%E3%83%B3%E3%83%A1%E3%83%83%E3%82%B7%E3%83%A5+%E3%83%AF%E3%82%A4%E3%83%A4%E3%83%BC%E3%83%A1%E3%83%83%E3%82%B7%E3%83%A5+SUS304+%E7%B7%9A%E5%BE%841.6mm+%E7%9B%AE%E9%96%8B%E3%81%8D48.4mm+%E3%83%94%E3%83%83%E3%83%8150mm+%E5%B9%851000mm+%E9%95%B7%E3%81%952m+%E6%BA%B6%E6%8E%A5%E7%B6%B2+%E3%83%AF%E3%82%A4%E3%83%A4%E3%83%BC%E3%83%8D%E3%83%83%E3%83%88+%E3%81%98%E3%82%83%E3%81%8B%E3%81%94+%E6%9F%B5 HTTP/1.1" 200 52950 "-" "Mozilla/5.0 (Linux; Android 6.0.1; Nexus 5X Build/MMB29P) AppleWebKit/537.36 (KHTML, like Gecko) Chrome/135.0.7049.95 Mobile Safari/537.36 (compatible; Googlebot/2.1; +http://www.google.com/bot.html)"
66.249.69.173 - - [30/Apr/2025:09:07:52 -0400] "GET /?o=90908113866600&channel=e1083c&from=brands.php%3Fid%3D1138666-2058%26name%3DRammellzee+Tag+Tee+Size+XL HTTP/1.1" 200 54026 "-" "Mozilla/5.0 (Linux; Android 6.0.1; Nexus 5X Build/MMB29P) AppleWebKit/537.36 (KHTML, like Gecko) Chrome/135.0.7049.95 Mobile Safari/537.36 (compatible; Googlebot/2.1; +http://www.google.com/bot.html)"
66.249.69.161 - - [30/Apr/2025:09:07:53 -0400] "GET /?o=81297104250103&channel=5e0bfe&from=category-info.php%3Fid%3D1042501-1557%26name%3D%E5%95%86%E8%AB%87%E6%B8%88%E3%81%BF%E3%81%A7%E3%81%99%E3%80%82%E3%80%80DAVOSA+SWISS+%E8%A3%8F%E3%82%B9%E3%82%B1%E3%83%AB%E3%83%88%E3%83%B3%E3%80%80%E6%89%8B%E5%B7%BB%E3%81%8D%E8%85%95%E6%99%82%E8%A8%88 HTTP/1.1" 200 53041 "-" "Mozilla/5.0 (Linux; Android 6.0.1; Nexus 5X Build/MMB29P) AppleWebKit/537.36 (KHTML, like Gecko) Chrome/135.0.7049.95 Mobile Safari/537.36 (compatible; Googlebot/2.1; +http://www.google.com/bot.html)"
66.249.69.173 - - [30/Apr/2025:09:07:53 -0400] "GET /?o=2069866084804&channel=dcbc49&from=form.php%3Fid%3D660848-17948%26name%3D%5Blisusut%5D+%E3%83%AD%E3%83%B3%E3%82%B0%E3%83%91%E3%83%B3%E3%83%84+%E3%82%AD%E3%83%83%E3%82%BA+%E7%94%B7%E3%81%AE%E5%AD%90+%E3%82%B8%E3%83%A5%E3%83%8B%E3%82%A2+%E9%95%B7%E3%82%BA%E3%83%9C%E3%83%B3+%E5%AD%90%E4%BE%9B%E6%9C%8D+%E3%82%B9%E3%82%A6%E3%82%A7%E3%83%83%E3%83%88%E3%83%91%E3%83%B3%E3%83%84+%E3%82%B9%E3%83%88%E3%83%AC%E3%83%83%E3%83%81+%E5%AD%90%E4%BE%9B%E6%9C%8D+%E5%A5%B3%E3%81%AE%E5%AD%90+%E9%95%B7%E3%82%BA%E3%83%9C%E3%83%B3 HTTP/1.1" 200 53810 "-" "Mozilla/5.0 (Linux; Android 6.0.1; Nexus 5X Build/MMB29P) AppleWebKit/537.36 (KHTML, like Gecko) Chrome/135.0.7049.95 Mobile Safari/537.36 (compatible; Googlebot/2.1; +http://www.google.com/bot.html)"
52.167.144.171 - - [30/Apr/2025:09:07:54 -0400] "GET /?o=78010109873603&channel=44a271&from=jp.php%3Fid%3D1098736-12970%26name%3D%E3%80%90%E3%83%AC%E3%82%A2%E3%80%91%E3%83%99%E3%83%8A%E3%83%B3%E5%85%B1%E5%92%8C%E5%9B%BD%E8%A3%BD%E3%80%80%E3%83%97%E3%83%AA%E3%83%B3%E3%82%BB%E3%82%B9%E3%83%81%E3%82%A7%E3%82%A2 HTTP/1.1" 200 0 "-" "Mozilla/5.0 AppleWebKit/537.36 (KHTML, like Gecko; compatible; bingbot/2.0; +http://www.bing.com/bingbot.htm) Chrome/116.0.1938.76 Safari/537.36"
66.249.69.161 - - [30/Apr/2025:09:07:54 -0400] "GET /?o=1702257727405&channel=d807d2&from=goods.php%3Fid%3D577274-8394%26name%3D%E6%AE%B5%E3%81%AE%E9%AB%98%E7%B4%9A%E3%82%AD%E3%83%A3%E3%83%83%E3%83%88%E3%83%9B%E3%83%BC%E3%83%A0+-+54+%E3%82%A4%E3%83%B3%E3%83%81%E3%81%AE%E9%A0%91%E4%B8%88%E3%81%AA%E3%82%AD%E3%83%A3%E3%83%83%E3%83%88%E3%82%B1%E3%83%BC%E3%82%B8%E3%80%812+%E3%81%A4%E3%81%AE%E5%82%BE%E6%96%9C%E8%B7%AF%E3%81%A8%E8%BB%8A%E8%BC%AA%E4%BB%98%E3%81%8D%E3%83%97%E3%83%A9%E3%83%83%E3%83%88%E3%83%95%E3%82%A9%E3%83%BC%E3%83%A0%E4%BB%98%E3%81%8D+-+%E3%83%95%E3%82%A7%E3%83%AC%E3%83%83%E3%83%88+%E3%83%97%E3%83%AC%E3%82%A4 HTTP/1.1" 200 55353 "-" "Mozilla/5.0 (Linux; Android 6.0.1; Nexus 5X Build/MMB29P) AppleWebKit/537.36 (KHTML, like Gecko) Chrome/135.0.7049.95 Mobile Safari/537.36 (compatible; Googlebot/2.1; +http://www.google.com/bot.html)"
66.249.69.173 - - [30/Apr/2025:09:07:56 -0400] "GET /?o=19117113875603&channel=e1083c&from=blog.php%3Fid%3D1138756-2058%26name%3D%5B%E9%80%81%E6%96%99%E8%BE%BC%5D+%E3%82%B6%E3%80%80%E3%83%8E%E3%83%BC%E3%82%B9%E3%83%95%E3%82%A7%E3%82%A4%E3%82%B9++%E3%83%88%E3%83%A9%E3%83%B3%E3%82%B9%E3%82%A2%E3%83%B3%E3%82%BF%E3%83%BC%E3%82%AF%E3%83%86%E3%82%A3%E3%82%AB+T%E3%82%B7%E3%83%A3%E3%83%84 HTTP/1.1" 200 53102 "-" "Mozilla/5.0 (Linux; Android 6.0.1; Nexus 5X Build/MMB29P) AppleWebKit/537.36 (KHTML, like Gecko) Chrome/135.0.7049.95 Mobile Safari/537.36 (compatible; Googlebot/2.1; +http://www.google.com/bot.html)"
66.249.69.160 - - [30/Apr/2025:09:07:58 -0400] "GET /?o=1690145336003&channel=58ee0a&from=goods.php%3Fid%3D453360-16104%26name%3DQarrazwyi+6%E3%83%95%E3%82%A3%E3%83%BC%E3%83%88+%E3%83%91%E3%83%86%E3%82%A3%E3%82%AA%E3%83%91%E3%83%A9%E3%82%BD%E3%83%AB%E3%80%81%E3%83%95%E3%83%AA%E3%83%B3%E3%82%B8%E4%BB%98%E3%81%8D%E3%83%91%E3%83%86%E3%82%A3%E3%82%AA%E3%83%91%E3%83%A9%E3%82%BD%E3%83%AB%E3%80%81%E3%83%8F%E3%83%AF%E3%82%A4%E8%AA%BF%E7%AF%80%E5%8F%AF%E8%83%BD%E3%81%AA%E3%83%93%E3%83%BC%E3%83%81%E3%83%91%E3%83%A9%E3%82%BD%E3%83%AB%E3%80%81%E3%83%91%E3%83%A9%E3%82%BD%E3%83%AB+%E3%83%93%E3%83%BC%E3%83%81%E3%83%91%E3%83%A9 HTTP/1.1" 200 54418 "-" "Mozilla/5.0 (Linux; Android 6.0.1; Nexus 5X Build/MMB29P) AppleWebKit/537.36 (KHTML, like Gecko) Chrome/135.0.7049.95 Mobile Safari/537.36 (compatible; Googlebot/2.1; +http://www.google.com/bot.html)"
66.249.69.163 - - [30/Apr/2025:09:07:59 -0400] "GET /?o=23704143205003&channel=a4d8c1&from=article.php%3Fid%3D1432050-17384%26name%3DPIAA+%E3%83%94%E3%82%A2+%E3%83%AF%E3%82%A4%E3%83%91%E3%83%BC%E6%9B%BF%E3%81%88%E3%82%B4%E3%83%A0+%E8%B6%85%E5%BC%B7%E5%8A%9B%E3%82%B7%E3%83%AA%E3%82%B3%E3%83%BC%E3%83%88+%E3%83%95%E3%83%AD%E3%83%B3%E3%83%882%E6%9C%AC%E3%82%BB%E3%83%83%E3%83%88+NISSAN+%E3%83%8B%E3%83%83%E3%82%B5%E3%83%B3+%E3%83%97%E3%83%AC%E3%83%BC%E3%83%AA%E3%83%BC+M11%2FNM11%2FHM11%2FHNM11+1988.9%E3%80%9C1994.12+SUR70%2FSUR55 HTTP/1.1" 200 54855 "-" "Mozilla/5.0 (Linux; Android 6.0.1; Nexus 5X Build/MMB29P) AppleWebKit/537.36 (KHTML, like Gecko) Chrome/135.0.7049.95 Mobile Safari/537.36 (compatible; Googlebot/2.1; +http://www.google.com/bot.html)"
66.249.69.161 - - [30/Apr/2025:09:08:02 -0400] "GET /?o=1768054671800&channel=eebae5&from=shop.php%3Fid%3D546718-17794%26name%3DJTB%E3%81%AE%E3%82%AB%E3%83%AC%E3%83%B3%E3%83%80%E3%83%BC+%E3%81%B5%E3%82%8F%E3%81%B5%E3%82%8F%E3%81%86%E3%81%95%E3%81%8E+2024+%E5%A3%81%E6%8E%9B%E3%81%91+%E5%8B%95%E7%89%A9+%28%E3%82%AB%E3%83%AC%E3%83%B3%E3%83%80%E3%83%BC2024%29 HTTP/1.1" 200 52849 "-" "Mozilla/5.0 (Linux; Android 6.0.1; Nexus 5X Build/MMB29P) AppleWebKit/537.36 (KHTML, like Gecko) Chrome/135.0.7049.95 Mobile Safari/537.36 (compatible; Googlebot/2.1; +http://www.google.com/bot.html)"
66.249.69.160 - - [30/Apr/2025:09:08:03 -0400] "GET /?o=87135125641405&channel=1354d0&from=category-info.php%3Fid%3D1256414-3132%26name%3DGG-C%2FHEIMISH-IG%2FOT+%E7%8E%84%E4%BA%BA%E5%BF%97%E5%90%91+%E3%82%B2%E3%83%BC%E3%83%9F%E3%83%B3%E3%82%B0%E3%83%81%E3%82%A7%E3%82%A2+Heimish%EF%BC%BB%E3%83%98%E3%82%A4%E3%83%9F%E3%83%83%E3%82%B7%E3%83%A5%EF%BC%BD+%E3%82%AA%E3%83%83%E3%83%88%E3%83%9E%E3%83%B3%E4%BB%98%E3%81%8D%EF%BC%88%E3%82%B0%E3%83%AC%E3%83%BC%EF%BC%89+GALAKURO+GAMING%E3%82%B7%E3%83%AA%E3%83%BC%E3%82%BA+%5BGGCHEIMISHIGOT%5D HTTP/1.1" 200 55190 "-" "Mozilla/5.0 (Linux; Android 6.0.1; Nexus 5X Build/MMB29P) AppleWebKit/537.36 (KHTML, like Gecko) Chrome/135.0.7049.95 Mobile Safari/537.36 (compatible; Googlebot/2.1; +http://www.google.com/bot.html)"
66.249.69.173 - - [30/Apr/2025:09:08:04 -0400] "GET /?o=82950189302607&channel=879c47&from=article.php%3Fid%3D1893026-26472%26name%3D%E3%83%81%E3%83%A5%E3%83%BC%E3%83%96%E3%83%AC%E3%82%B9%E3%82%BF%E3%82%A4%E3%83%A4%E3%83%90%E3%83%AB%E3%83%96%E3%82%B9%E3%83%86%E3%83%A0%E3%83%A2%E3%83%BC%E3%82%BF%E3%83%BC%E3%82%B5%E3%82%A4%E3%82%AF%E3%83%AB%E3%82%BF%E3%82%A4%E3%83%A4%E3%83%90%E3%83%AB%E3%83%96%E3%82%B9%E3%83%86%E3%83%A0%E3%82%A2%E3%83%AB%E3%83%9F%E3%83%8B%E3%82%A6%E3%83%A090%E5%BA%A6%E8%A7%92%E3%83%9B%E3%82%A4%E3%83%BC%E3%83%AB%E3%82%BF%E3%82%A4%E3%83%A4%E3%82%B9%E3%83%86%E3%83%A0%E4%BF%AE%E6%AD%A3%E3%82%A2%E3%82%AF%E3%82%BB%E3%82%B5%E3%83%AA HTTP/1.1" 200 52975 "-" "Mozilla/5.0 (Linux; Android 6.0.1; Nexus 5X Build/MMB29P) AppleWebKit/537.36 (KHTML, like Gecko) Chrome/135.0.7049.95 Mobile Safari/537.36 (compatible; Googlebot/2.1; +http://www.google.com/bot.html)"
66.249.69.160 - - [30/Apr/2025:09:08:04 -0400] "GET /?o=9286989902600&channel=25a64e&from=blog.php%3Fid%3D899026-4974%26name%3DChristian+Louboutin+%E3%83%94%E3%83%B3%E3%82%AF%E3%83%99%E3%83%BC%E3%82%B8%E3%83%A5%E3%83%91%E3%83%B3%E3%83%97%E3%82%B9 HTTP/1.1" 200 53175 "-" "Mozilla/5.0 (Linux; Android 6.0.1; Nexus 5X Build/MMB29P) AppleWebKit/537.36 (KHTML, like Gecko) Chrome/135.0.7049.95 Mobile Safari/537.36 (compatible; Googlebot/2.1; +http://www.google.com/bot.html)"
66.249.69.160 - - [30/Apr/2025:09:08:05 -0400] "GET /?o=12980147352201&channel=4920ae&from=article.php%3Fid%3D1473522-2569%26name%3D%E3%81%B5%E3%82%8B%E3%81%95%E3%81%A8%E7%B4%8D%E7%A8%8E+%E5%87%BA%E9%9B%B2%E5%B8%82+%E9%9D%9E%E5%B8%B8%E9%A3%9F10%E6%97%A5%E5%88%8630%E9%A3%9F%E3%80%905%E5%88%86%E3%81%A7%E3%81%A7%E3%81%8D%E3%82%8B%E3%82%A2%E3%83%AB%E3%83%95%E3%82%A1%E7%B1%B3%2B%E9%87%8E%E8%8F%9C%E3%82%B9%E3%83%BC%E3%83%97+%E5%8F%A9%E3%81%8D%E3%81%A4%E3%81%91+%E7%8E%84%E7%B1%B3%E3%82%BB%E3%83%83%E3%83%88%E3%80%91%E9%98%B2%E7%81%BD+%E5%82%99%E8%93%84%2F%E9%A3%9F%E7%89%A9%E3%82%A2%E3%83%AC%E3%83%AB%E3%82%AE%E3%83%BC%E5%AF%BE%E5%BF%9C HTTP/1.1" 200 55297 "-" "Mozilla/5.0 (Linux; Android 6.0.1; Nexus 5X Build/MMB29P) AppleWebKit/537.36 (KHTML, like Gecko) Chrome/135.0.7049.95 Mobile Safari/537.36 (compatible; Googlebot/2.1; +http://www.google.com/bot.html)"
66.249.70.101 - - [30/Apr/2025:09:08:06 -0400] "GET /?o=02297173052000&channel=b64722&from=article.php%3Fid%3D1730520-27250%26name%3D%E3%80%90+%E7%94%9F%E3%81%8D%E7%94%9F%E3%81%8D%E3%82%BE%E3%83%B3%E3%83%93%E3%83%BC%E3%82%BA%E6%A7%98+%E5%B0%82%E7%94%A8+%E3%80%91 HTTP/1.1" 200 53351 "-" "Mozilla/5.0 (Linux; Android 6.0.1; Nexus 5X Build/MMB29P) AppleWebKit/537.36 (KHTML, like Gecko) Chrome/135.0.7049.95 Mobile Safari/537.36 (compatible; Googlebot/2.1; +http://www.google.com/bot.html)"
18.97.14.80 - - [30/Apr/2025:09:08:06 -0400] "GET /?o=3339974921204&channel=b089ff&from=product.php%3Fid%3D749212-20377%26name%3D%E3%82%B2%E3%83%B3%E3%82%AC%E3%83%BC+%E3%83%A1%E3%82%BF%E3%83%A2%E3%83%B3+%E3%83%90%E3%83%83%E3%82%B0+%E3%83%9D%E3%83%BC%E3%83%81+%E3%82%BB%E3%83%83%E3%83%88%E3%80%80%E3%83%9D%E3%82%B1%E3%83%A2%E3%83%B3 HTTP/1.1" 200 0 "-" "CCBot/2.0 (https://commoncrawl.org/faq/)"
66.249.69.173 - - [30/Apr/2025:09:08:07 -0400] "GET /?o=0680411282800&channel=4f4017&from=goods.php%3Fid%3D112828-2091%26name%3D%E3%82%AB%E3%83%BC%E3%83%8F%E3%83%BC%E3%83%88%E3%80%80%E3%82%B5%E3%83%BC%E3%83%9E%E3%83%AB%E3%83%A9%E3%82%A4%E3%83%8A%E3%83%BC%E3%80%80%E3%83%95%E3%83%BC%E3%83%89%E3%82%B8%E3%83%A3%E3%82%B1%E3%83%83%E3%83%88 HTTP/1.1" 200 54340 "-" "Mozilla/5.0 (Linux; Android 6.0.1; Nexus 5X Build/MMB29P) AppleWebKit/537.36 (KHTML, like Gecko) Chrome/135.0.7049.95 Mobile Safari/537.36 (compatible; Googlebot/2.1; +http://www.google.com/bot.html)"
66.249.69.161 - - [30/Apr/2025:09:08:08 -0400] "GET /?o=0980639401206&channel=f92c6c&from=goods.php%3Fid%3D394012-541%26name%3DNTS44PBK-BK+Angel+Clover+%E3%82%A8%E3%83%B3%E3%82%B8%E3%82%A7%E3%83%AB%E3%82%AF%E3%83%AD%E3%83%BC%E3%83%90%E3%83%BC+%E3%82%BF%E3%82%A4%E3%83%A0%E3%82%AF%E3%83%A9%E3%83%95%E3%83%88%E3%82%BD%E3%83%BC%E3%83%A9%E3%83%BC+%E3%83%A1%E3%83%B3%E3%82%BA%E8%85%95%E6%99%82%E8%A8%88+%E5%9B%BD%E5%86%85%E6%AD%A3%E8%A6%8F%E5%93%81+%E9%80%81%E6%96%99%E7%84%A1%E6%96%99 HTTP/1.1" 200 53637 "-" "Mozilla/5.0 (Linux; Android 6.0.1; Nexus 5X Build/MMB29P) AppleWebKit/537.36 (KHTML, like Gecko) Chrome/135.0.7049.95 Mobile Safari/537.36 (compatible; Googlebot/2.1; +http://www.google.com/bot.html)"
66.249.69.161 - - [30/Apr/2025:09:08:08 -0400] "GET /?o=2774244327108&channel=f0e45f&from=jp.php%3Fid%3D443271-16199%26name%3D%E3%83%9E%E3%83%83%E3%83%89%E3%83%8F%E3%83%83%E3%82%BF%E3%83%BC+%E3%82%B3%E3%82%B9%E3%83%97%E3%83%AC+%E3%83%8F%E3%83%AD%E3%82%A6%E3%82%A3%E3%83%B3+%E3%83%87%E3%82%A3%E3%82%BA%E3%83%8B%E3%83%BC HTTP/1.1" 200 54085 "-" "Mozilla/5.0 (Linux; Android 6.0.1; Nexus 5X Build/MMB29P) AppleWebKit/537.36 (KHTML, like Gecko) Chrome/135.0.7049.95 Mobile Safari/537.36 (compatible; Googlebot/2.1; +http://www.google.com/bot.html)"
66.249.69.161 - - [30/Apr/2025:09:08:10 -0400] "GET /?o=4012847387001&channel=723201&from=category-info.php%3Fid%3D473870-9872%26name%3D%E9%A1%8D%E7%B8%81%E3%80%80%E6%B2%B9%E7%B5%B5%2F%E6%B2%B9%E5%BD%A9%E9%A1%8D%E7%B8%81+%E5%87%BA%E5%B1%95%E7%94%A8%E6%9C%A8%E8%A3%BD%E4%BB%AE%E7%B8%81+7300+P40%E5%8F%B7+%E3%82%B7%E3%83%AB%E3%83%90%E3%83%BC HTTP/1.1" 200 53364 "-" "Mozilla/5.0 (Linux; Android 6.0.1; Nexus 5X Build/MMB29P) AppleWebKit/537.36 (KHTML, like Gecko) Chrome/135.0.7049.95 Mobile Safari/537.36 (compatible; Googlebot/2.1; +http://www.google.com/bot.html)"
66.249.69.173 - - [30/Apr/2025:09:08:12 -0400] "GET /?o=9940397699707&channel=ea1e96&from=info.php%3Fid%3D976997-922%26name%3D%3Cbr%3EMSI%E3%80%80MPG+X870E+CARBON+WIFI%E3%80%80MPGX870ECARBONWIFI HTTP/1.1" 200 53071 "-" "Mozilla/5.0 (Linux; Android 6.0.1; Nexus 5X Build/MMB29P) AppleWebKit/537.36 (KHTML, like Gecko) Chrome/135.0.7049.95 Mobile Safari/537.36 (compatible; Googlebot/2.1; +http://www.google.com/bot.html)"
66.249.69.173 - - [30/Apr/2025:09:08:12 -0400] "GET /?o=98885119901000&channel=c7f7c9&from=news.php%3Fid%3D1199010-38%26name%3D%E3%83%88%E3%83%9F%E3%82%AB%E3%81%8F%E3%81%98+H%E8%B3%9E+N%E8%B3%9E+T%E8%B3%9E+%E3%83%9B%E3%83%B3%E3%83%80+S2000+%E6%97%A5%E7%94%A3+BNR32+%E3%83%88%E3%83%A8%E3%82%BF+%E3%82%B9%E3%83%BC%E3%83%97%E3%83%A9+%E3%80%806%E5%80%8B%E3%82%BB%E3%83%83%E3%83%88 HTTP/1.1" 200 53618 "-" "Mozilla/5.0 (Linux; Android 6.0.1; Nexus 5X Build/MMB29P) AppleWebKit/537.36 (KHTML, like Gecko) Chrome/135.0.7049.95 Mobile Safari/537.36 (compatible; Googlebot/2.1; +http://www.google.com/bot.html)"
66.249.69.173 - - [30/Apr/2025:09:08:13 -0400] "GET /?o=91808116050900&channel=6f062d&from=article.php%3Fid%3D1160509-8849%26name%3D5%E6%9C%8814%E6%97%A5%E3%81%BE%E3%81%A7%E5%8F%96%E3%82%8A%E7%BD%AE%E3%81%8D%E5%95%86%E8%AB%87%E4%B8%AD HTTP/1.1" 200 53842 "-" "Mozilla/5.0 (Linux; Android 6.0.1; Nexus 5X Build/MMB29P) AppleWebKit/537.36 (KHTML, like Gecko) Chrome/135.0.7049.95 Mobile Safari/537.36 (compatible; Googlebot/2.1; +http://www.google.com/bot.html)"
66.249.69.173 - - [30/Apr/2025:09:08:14 -0400] "GET /?o=9810129773400&channel=b55102&from=category-info.php%3Fid%3D297734-10095%26name%3Dbeaune+boucherottes+%E3%83%9C%E3%83%BC%E3%83%8C+%E3%83%96%E3%82%B7%E3%82%A7%E3%83%AD%E3%83%83%E3%83%88+1989 HTTP/1.1" 200 53180 "-" "Mozilla/5.0 (Linux; Android 6.0.1; Nexus 5X Build/MMB29P) AppleWebKit/537.36 (KHTML, like Gecko) Chrome/135.0.7049.114 Mobile Safari/537.36 (compatible; Googlebot/2.1; +http://www.google.com/bot.html)"
