185.191.171.9 - - [30/Apr/2025:10:17:25 -0400] "GET /?category=2ec03e&n=7119856902601 HTTP/1.1" 200 0 "-" "Mozilla/5.0 (compatible; SemrushBot/7~bl; +http://www.semrush.com/bot.html)"
157.55.39.194 - - [30/Apr/2025:10:17:58 -0400] "GET /?n=85339178543304&category=959555 HTTP/1.1" 200 27013 "-" "Mozilla/5.0 AppleWebKit/537.36 (KHTML, like Gecko; compatible; bingbot/2.0; +http://www.bing.com/bingbot.htm) Chrome/116.0.1938.76 Safari/537.36"
85.208.96.210 - - [30/Apr/2025:10:18:14 -0400] "GET /?category=5dabee&n=4886762608704 HTTP/1.1" 200 0 "-" "Mozilla/5.0 (compatible; SemrushBot/7~bl; +http://www.semrush.com/bot.html)"
85.208.96.202 - - [30/Apr/2025:10:18:16 -0400] "GET /?category=2b5427&n=97051172426003 HTTP/1.1" 200 0 "-" "Mozilla/5.0 (compatible; SemrushBot/7~bl; +http://www.semrush.com/bot.html)"
85.208.96.202 - - [30/Apr/2025:10:18:23 -0400] "GET /?category=4c125f&n=7270058811106 HTTP/1.1" 200 0 "-" "Mozilla/5.0 (compatible; SemrushBot/7~bl; +http://www.semrush.com/bot.html)"
85.208.96.208 - - [30/Apr/2025:10:18:26 -0400] "GET /?category=5da51a&n=6700797481700 HTTP/1.1" 200 0 "-" "Mozilla/5.0 (compatible; SemrushBot/7~bl; +http://www.semrush.com/bot.html)"
185.191.171.17 - - [30/Apr/2025:10:18:59 -0400] "GET /?category=74f294&n=70195181245504 HTTP/1.1" 200 0 "-" "Mozilla/5.0 (compatible; SemrushBot/7~bl; +http://www.semrush.com/bot.html)"
85.208.96.199 - - [30/Apr/2025:10:19:23 -0400] "GET /?category=7c2dd1&n=0232452195200 HTTP/1.1" 200 0 "-" "Mozilla/5.0 (compatible; SemrushBot/7~bl; +http://www.semrush.com/bot.html)"
185.191.171.18 - - [30/Apr/2025:10:19:36 -0400] "GET /?category=235181&n=75092189002411 HTTP/1.1" 200 0 "-" "Mozilla/5.0 (compatible; SemrushBot/7~bl; +http://www.semrush.com/bot.html)"
85.208.96.203 - - [30/Apr/2025:10:21:07 -0400] "GET /?category=8c4203&n=08989178899001 HTTP/1.1" 200 0 "-" "Mozilla/5.0 (compatible; SemrushBot/7~bl; +http://www.semrush.com/bot.html)"
185.191.171.2 - - [30/Apr/2025:10:21:13 -0400] "GET /?category=867e9e&n=2432870290900 HTTP/1.1" 200 0 "-" "Mozilla/5.0 (compatible; SemrushBot/7~bl; +http://www.semrush.com/bot.html)"
185.191.171.8 - - [30/Apr/2025:10:21:39 -0400] "GET /?category=abe29f&n=67179192992200 HTTP/1.1" 200 0 "-" "Mozilla/5.0 (compatible; SemrushBot/7~bl; +http://www.semrush.com/bot.html)"
52.167.144.163 - - [30/Apr/2025:10:22:59 -0400] "GET /?n=0188474612400&category=0ae5f3 HTTP/1.1" 200 26104 "-" "Mozilla/5.0 AppleWebKit/537.36 (KHTML, like Gecko; compatible; bingbot/2.0; +http://www.bing.com/bingbot.htm) Chrome/116.0.1938.76 Safari/537.36"
207.46.13.107 - - [30/Apr/2025:10:24:36 -0400] "GET /?n=9026441299008&category=ffde0d HTTP/1.1" 200 26932 "-" "Mozilla/5.0 AppleWebKit/537.36 (KHTML, like Gecko; compatible; bingbot/2.0; +http://www.bing.com/bingbot.htm) Chrome/116.0.1938.76 Safari/537.36"
40.77.167.156 - - [30/Apr/2025:10:24:46 -0400] "GET /?n=0119917825300&category=e54e7e HTTP/1.1" 200 26074 "-" "Mozilla/5.0 AppleWebKit/537.36 (KHTML, like Gecko; compatible; bingbot/2.0; +http://www.bing.com/bingbot.htm) Chrome/116.0.1938.76 Safari/537.36"
85.208.96.202 - - [30/Apr/2025:10:25:00 -0400] "GET /?category=f01ebd&n=8171097841104 HTTP/1.1" 200 0 "-" "Mozilla/5.0 (compatible; SemrushBot/7~bl; +http://www.semrush.com/bot.html)"
185.191.171.1 - - [30/Apr/2025:10:32:36 -0400] "GET /?category=c72022&n=82772139420003 HTTP/1.1" 200 0 "-" "Mozilla/5.0 (compatible; SemrushBot/7~bl; +http://www.semrush.com/bot.html)"
185.191.171.1 - - [30/Apr/2025:10:32:43 -0400] "GET /?category=c72022&n=82772139420003 HTTP/1.1" 200 0 "-" "Mozilla/5.0 (compatible; SemrushBot/7~bl; +http://www.semrush.com/bot.html)"
85.208.96.204 - - [30/Apr/2025:10:32:51 -0400] "GET /?category=7014ea&n=7416735178602 HTTP/1.1" 200 0 "-" "Mozilla/5.0 (compatible; SemrushBot/7~bl; +http://www.semrush.com/bot.html)"
85.208.96.204 - - [30/Apr/2025:10:32:55 -0400] "GET /?category=504e1a&n=899701035600 HTTP/1.1" 200 0 "-" "Mozilla/5.0 (compatible; SemrushBot/7~bl; +http://www.semrush.com/bot.html)"
85.208.96.198 - - [30/Apr/2025:10:32:58 -0400] "GET /?category=ac3826&n=2910810032902 HTTP/1.1" 200 0 "-" "Mozilla/5.0 (compatible; SemrushBot/7~bl; +http://www.semrush.com/bot.html)"
85.208.96.195 - - [30/Apr/2025:10:33:02 -0400] "GET /?category=7f1277&n=4871687721400 HTTP/1.1" 200 0 "-" "Mozilla/5.0 (compatible; SemrushBot/7~bl; +http://www.semrush.com/bot.html)"
85.208.96.204 - - [30/Apr/2025:10:33:03 -0400] "GET /?category=92bc58&n=2102417131602 HTTP/1.1" 200 0 "-" "Mozilla/5.0 (compatible; SemrushBot/7~bl; +http://www.semrush.com/bot.html)"
185.191.171.13 - - [30/Apr/2025:10:33:06 -0400] "GET /?category=7d72c4&n=6278766144601 HTTP/1.1" 200 0 "-" "Mozilla/5.0 (compatible; SemrushBot/7~bl; +http://www.semrush.com/bot.html)"
185.191.171.14 - - [30/Apr/2025:10:33:13 -0400] "GET /?category=4d0fcc&n=22823111466500 HTTP/1.1" 200 0 "-" "Mozilla/5.0 (compatible; SemrushBot/7~bl; +http://www.semrush.com/bot.html)"
85.208.96.196 - - [30/Apr/2025:10:33:24 -0400] "GET /?category=d63dae&n=1397241687000 HTTP/1.1" 200 0 "-" "Mozilla/5.0 (compatible; SemrushBot/7~bl; +http://www.semrush.com/bot.html)"
85.208.96.198 - - [30/Apr/2025:10:33:26 -0400] "GET /?category=c5001f&n=99018159525600 HTTP/1.1" 200 0 "-" "Mozilla/5.0 (compatible; SemrushBot/7~bl; +http://www.semrush.com/bot.html)"
85.208.96.211 - - [30/Apr/2025:10:33:31 -0400] "GET /?category=7f71df&n=87781163681105 HTTP/1.1" 200 0 "-" "Mozilla/5.0 (compatible; SemrushBot/7~bl; +http://www.semrush.com/bot.html)"
185.191.171.1 - - [30/Apr/2025:10:33:48 -0400] "GET /?category=7658d8&n=31724165339500 HTTP/1.1" 200 0 "-" "Mozilla/5.0 (compatible; SemrushBot/7~bl; +http://www.semrush.com/bot.html)"
85.208.96.203 - - [30/Apr/2025:10:33:50 -0400] "GET /?category=726d26&n=88995180968402 HTTP/1.1" 200 0 "-" "Mozilla/5.0 (compatible; SemrushBot/7~bl; +http://www.semrush.com/bot.html)"
185.191.171.14 - - [30/Apr/2025:10:35:40 -0400] "GET /?category=74b354&n=1727942766001 HTTP/1.1" 200 0 "-" "Mozilla/5.0 (compatible; SemrushBot/7~bl; +http://www.semrush.com/bot.html)"
185.191.171.14 - - [30/Apr/2025:10:36:35 -0400] "GET /?category=25dcf6&n=10950127337401 HTTP/1.1" 200 0 "-" "Mozilla/5.0 (compatible; SemrushBot/7~bl; +http://www.semrush.com/bot.html)"
85.208.96.206 - - [30/Apr/2025:10:37:03 -0400] "GET /?category=dcb047&n=32229161915500 HTTP/1.1" 200 0 "-" "Mozilla/5.0 (compatible; SemrushBot/7~bl; +http://www.semrush.com/bot.html)"
185.191.171.2 - - [30/Apr/2025:10:37:12 -0400] "GET /?category=9cfeb3&n=7318823629400 HTTP/1.1" 200 0 "-" "Mozilla/5.0 (compatible; SemrushBot/7~bl; +http://www.semrush.com/bot.html)"
185.191.171.4 - - [30/Apr/2025:10:38:03 -0400] "GET /?category=4e229c&n=00592143822302 HTTP/1.1" 200 0 "-" "Mozilla/5.0 (compatible; SemrushBot/7~bl; +http://www.semrush.com/bot.html)"
40.77.167.33 - - [30/Apr/2025:10:38:10 -0400] "GET /?n=06394102258805&category=fa6b5e HTTP/1.1" 200 26500 "-" "Mozilla/5.0 AppleWebKit/537.36 (KHTML, like Gecko; compatible; bingbot/2.0; +http://www.bing.com/bingbot.htm) Chrome/116.0.1938.76 Safari/537.36"
85.208.96.206 - - [30/Apr/2025:10:38:32 -0400] "GET /?category=c8fc08&n=69371189261103 HTTP/1.1" 200 0 "-" "Mozilla/5.0 (compatible; SemrushBot/7~bl; +http://www.semrush.com/bot.html)"
52.167.144.162 - - [30/Apr/2025:10:40:20 -0400] "GET /?n=8737543563006&category=eba7f0 HTTP/1.1" 200 27065 "-" "Mozilla/5.0 AppleWebKit/537.36 (KHTML, like Gecko; compatible; bingbot/2.0; +http://www.bing.com/bingbot.htm) Chrome/116.0.1938.76 Safari/537.36"
85.208.96.196 - - [30/Apr/2025:10:40:55 -0400] "GET /?category=666f3f&n=99091187366202 HTTP/1.1" 200 0 "-" "Mozilla/5.0 (compatible; SemrushBot/7~bl; +http://www.semrush.com/bot.html)"
185.191.171.14 - - [30/Apr/2025:10:41:24 -0400] "GET /?category=439e11&n=59021169747002 HTTP/1.1" 200 0 "-" "Mozilla/5.0 (compatible; SemrushBot/7~bl; +http://www.semrush.com/bot.html)"
185.191.171.14 - - [30/Apr/2025:10:41:27 -0400] "GET /?category=913592&n=90241139528707 HTTP/1.1" 200 0 "-" "Mozilla/5.0 (compatible; SemrushBot/7~bl; +http://www.semrush.com/bot.html)"
185.191.171.9 - - [30/Apr/2025:10:41:29 -0400] "GET /?category=2e25ff&n=02274115645806 HTTP/1.1" 200 0 "-" "Mozilla/5.0 (compatible; SemrushBot/7~bl; +http://www.semrush.com/bot.html)"
85.208.96.194 - - [30/Apr/2025:10:41:31 -0400] "GET /?category=5ae319&n=59594110095000 HTTP/1.1" 200 0 "-" "Mozilla/5.0 (compatible; SemrushBot/7~bl; +http://www.semrush.com/bot.html)"
216.244.66.239 - - [30/Apr/2025:10:42:23 -0400] "GET /robots.txt HTTP/1.1" 200 68 "-" "Mozilla/5.0 (compatible; DotBot/1.2; +https://opensiteexplorer.org/dotbot; help@moz.com)"
185.191.171.1 - - [30/Apr/2025:10:44:12 -0400] "GET /?category=ea7bde&n=33577104541406 HTTP/1.1" 200 0 "-" "Mozilla/5.0 (compatible; SemrushBot/7~bl; +http://www.semrush.com/bot.html)"
185.191.171.13 - - [30/Apr/2025:10:44:15 -0400] "GET /?category=d7f8b5&n=97519148862306 HTTP/1.1" 200 0 "-" "Mozilla/5.0 (compatible; SemrushBot/7~bl; +http://www.semrush.com/bot.html)"
185.191.171.6 - - [30/Apr/2025:10:45:18 -0400] "GET /?category=5cdd64&n=24211180592300 HTTP/1.1" 200 0 "-" "Mozilla/5.0 (compatible; SemrushBot/7~bl; +http://www.semrush.com/bot.html)"
85.208.96.207 - - [30/Apr/2025:10:45:49 -0400] "GET /?category=d371c3&n=97181141776400 HTTP/1.1" 200 0 "-" "Mozilla/5.0 (compatible; SemrushBot/7~bl; +http://www.semrush.com/bot.html)"
185.191.171.11 - - [30/Apr/2025:10:46:18 -0400] "GET /?category=232f43&n=28121126646002 HTTP/1.1" 200 0 "-" "Mozilla/5.0 (compatible; SemrushBot/7~bl; +http://www.semrush.com/bot.html)"
40.77.167.33 - - [30/Apr/2025:10:46:51 -0400] "GET /?n=2897128293200&category=cc83fe HTTP/1.1" 200 26546 "-" "Mozilla/5.0 AppleWebKit/537.36 (KHTML, like Gecko; compatible; bingbot/2.0; +http://www.bing.com/bingbot.htm) Chrome/116.0.1938.76 Safari/537.36"
212.34.141.234 - - [30/Apr/2025:10:47:01 -0400] "GET /pasaran-togel-terlengkap-hanya-ada-di-nono4d/ HTTP/1.0" 200 0 "https://infonono4d.com/pasaran-togel-terlengkap-hanya-ada-di-nono4d/" "Mozilla/5.0 (Windows NT 10.0; Win64; x64) AppleWebKit/537.36 (KHTML, like Gecko) Chrome/130.0.0.0 Safari/537.36"
212.34.141.234 - - [30/Apr/2025:10:47:02 -0400] "GET / HTTP/1.0" 200 0 "https://infonono4d.com/" "Mozilla/5.0 (Windows NT 10.0; Win64; x64) AppleWebKit/537.36 (KHTML, like Gecko) Chrome/130.0.0.0 Safari/537.36"
40.77.167.33 - - [30/Apr/2025:10:47:12 -0400] "GET /?n=7507911487001&category=ce56fb HTTP/1.1" 200 27421 "-" "Mozilla/5.0 AppleWebKit/537.36 (KHTML, like Gecko; compatible; bingbot/2.0; +http://www.bing.com/bingbot.htm) Chrome/116.0.1938.76 Safari/537.36"
85.208.96.202 - - [30/Apr/2025:10:47:24 -0400] "GET /?category=978f26&n=84984115034405 HTTP/1.1" 200 0 "-" "Mozilla/5.0 (compatible; SemrushBot/7~bl; +http://www.semrush.com/bot.html)"
85.208.96.199 - - [30/Apr/2025:10:47:37 -0400] "GET /?category=e675d1&n=1795396767401 HTTP/1.1" 200 0 "-" "Mozilla/5.0 (compatible; SemrushBot/7~bl; +http://www.semrush.com/bot.html)"
85.208.96.205 - - [30/Apr/2025:10:47:53 -0400] "GET /?category=bbc3d9&n=4726588617500 HTTP/1.1" 200 0 "-" "Mozilla/5.0 (compatible; SemrushBot/7~bl; +http://www.semrush.com/bot.html)"
185.191.171.17 - - [30/Apr/2025:10:48:32 -0400] "GET /?category=a94726&n=2722040428909 HTTP/1.1" 200 0 "-" "Mozilla/5.0 (compatible; SemrushBot/7~bl; +http://www.semrush.com/bot.html)"
77.238.251.212 - - [30/Apr/2025:10:48:38 -0400] "GET /nono4d-situs-togel-online-pasaran-paling-lengkap/ HTTP/1.0" 200 0 "https://infonono4d.com/nono4d-situs-togel-online-pasaran-paling-lengkap/" "Mozilla/5.0 (Windows NT 10.0; Win64; x64) AppleWebKit/537.36 (KHTML, like Gecko) Chrome/131.0.0.0 Safari/537.36"
77.238.251.212 - - [30/Apr/2025:10:48:39 -0400] "GET / HTTP/1.0" 200 0 "https://infonono4d.com/" "Mozilla/5.0 (Windows NT 10.0; Win64; x64) AppleWebKit/537.36 (KHTML, like Gecko) Chrome/131.0.0.0 Safari/537.36"
91.84.100.21 - - [30/Apr/2025:10:48:40 -0400] "GET /nono4d-situs-togel-online-pasaran-paling-lengkap/ HTTP/1.0" 200 0 "https://infonono4d.com/nono4d-situs-togel-online-pasaran-paling-lengkap/" "Mozilla/5.0 (Windows NT 10.0; Win64; x64) AppleWebKit/537.36 (KHTML, like Gecko) Chrome/131.0.0.0 Safari/537.36"
91.84.100.21 - - [30/Apr/2025:10:48:44 -0400] "GET / HTTP/1.0" 200 0 "https://infonono4d.com/" "Mozilla/5.0 (Windows NT 10.0; Win64; x64) AppleWebKit/537.36 (KHTML, like Gecko) Chrome/131.0.0.0 Safari/537.36"
85.208.96.209 - - [30/Apr/2025:10:48:45 -0400] "GET /?category=968520&n=3769327759401 HTTP/1.1" 200 0 "-" "Mozilla/5.0 (compatible; SemrushBot/7~bl; +http://www.semrush.com/bot.html)"
185.191.171.13 - - [30/Apr/2025:10:49:13 -0400] "GET /?category=5ad05b&n=51887112899302 HTTP/1.1" 200 0 "-" "Mozilla/5.0 (compatible; SemrushBot/7~bl; +http://www.semrush.com/bot.html)"
216.244.66.239 - - [30/Apr/2025:10:49:25 -0400] "GET /tag/togel-hongkong/feed/ HTTP/1.1" 200 0 "-" "Mozilla/5.0 (compatible; DotBot/1.2; +https://opensiteexplorer.org/dotbot; help@moz.com)"
85.208.96.209 - - [30/Apr/2025:10:49:46 -0400] "GET /?category=a730aa&n=1002814415001 HTTP/1.1" 200 0 "-" "Mozilla/5.0 (compatible; SemrushBot/7~bl; +http://www.semrush.com/bot.html)"
185.191.171.17 - - [30/Apr/2025:10:50:01 -0400] "GET /robots.txt HTTP/1.1" 200 82 "-" "Mozilla/5.0 (compatible; SemrushBot/7~bl; +http://www.semrush.com/bot.html)"
185.191.171.16 - - [30/Apr/2025:10:50:03 -0400] "GET /?category=67ad7a&n=67082169269605 HTTP/1.1" 200 0 "-" "Mozilla/5.0 (compatible; SemrushBot/7~bl; +http://www.semrush.com/bot.html)"
216.244.66.239 - - [30/Apr/2025:10:52:12 -0400] "GET /akses-nono4d-bandar-togel-terbaik/feed/ HTTP/1.1" 200 0 "-" "Mozilla/5.0 (compatible; DotBot/1.2; +https://opensiteexplorer.org/dotbot; help@moz.com)"
85.208.96.204 - - [30/Apr/2025:10:52:25 -0400] "GET /?category=e04ae4&n=23517122806701 HTTP/1.1" 200 0 "-" "Mozilla/5.0 (compatible; SemrushBot/7~bl; +http://www.semrush.com/bot.html)"
85.208.96.210 - - [30/Apr/2025:10:52:55 -0400] "GET /?category=97777c&n=27280138386700 HTTP/1.1" 200 0 "-" "Mozilla/5.0 (compatible; SemrushBot/7~bl; +http://www.semrush.com/bot.html)"
185.191.171.15 - - [30/Apr/2025:10:54:32 -0400] "GET /?category=c74f29&n=90790114244808 HTTP/1.1" 200 0 "-" "Mozilla/5.0 (compatible; SemrushBot/7~bl; +http://www.semrush.com/bot.html)"
40.77.167.48 - - [30/Apr/2025:10:56:02 -0400] "GET /?n=71242193620300&category=b14e9f HTTP/1.1" 200 27624 "-" "Mozilla/5.0 AppleWebKit/537.36 (KHTML, like Gecko; compatible; bingbot/2.0; +http://www.bing.com/bingbot.htm) Chrome/116.0.1938.76 Safari/537.36"
40.77.167.72 - - [30/Apr/2025:10:57:01 -0400] "GET /?n=5888881245700&category=dd7c0e HTTP/1.1" 200 27839 "-" "Mozilla/5.0 AppleWebKit/537.36 (KHTML, like Gecko; compatible; bingbot/2.0; +http://www.bing.com/bingbot.htm) Chrome/116.0.1938.76 Safari/537.36"
85.208.96.198 - - [30/Apr/2025:10:57:20 -0400] "GET /?category=3ed425&n=0152518366205 HTTP/1.1" 200 0 "-" "Mozilla/5.0 (compatible; SemrushBot/7~bl; +http://www.semrush.com/bot.html)"
85.208.96.204 - - [30/Apr/2025:10:58:39 -0400] "GET /?category=df10b6&n=1335517177300 HTTP/1.1" 200 0 "-" "Mozilla/5.0 (compatible; SemrushBot/7~bl; +http://www.semrush.com/bot.html)"
185.191.171.4 - - [30/Apr/2025:11:00:03 -0400] "GET /?category=771aab&n=26800165355804 HTTP/1.1" 200 0 "-" "Mozilla/5.0 (compatible; SemrushBot/7~bl; +http://www.semrush.com/bot.html)"
85.208.96.200 - - [30/Apr/2025:11:01:42 -0400] "GET /?category=527c25&n=80407100933602 HTTP/1.1" 200 0 "-" "Mozilla/5.0 (compatible; SemrushBot/7~bl; +http://www.semrush.com/bot.html)"
52.167.144.145 - - [30/Apr/2025:11:01:43 -0400] "GET /?n=9980048685501&category=5d0e11 HTTP/1.1" 200 28343 "-" "Mozilla/5.0 AppleWebKit/537.36 (KHTML, like Gecko; compatible; bingbot/2.0; +http://www.bing.com/bingbot.htm) Chrome/116.0.1938.76 Safari/537.36"
85.208.96.211 - - [30/Apr/2025:11:02:12 -0400] "GET /?category=618f75&n=71318189583805 HTTP/1.1" 200 0 "-" "Mozilla/5.0 (compatible; SemrushBot/7~bl; +http://www.semrush.com/bot.html)"
85.208.96.211 - - [30/Apr/2025:11:03:06 -0400] "GET /?category=7db90b&n=82011153292100 HTTP/1.1" 200 0 "-" "Mozilla/5.0 (compatible; SemrushBot/7~bl; +http://www.semrush.com/bot.html)"
185.191.171.7 - - [30/Apr/2025:11:03:10 -0400] "GET /?category=511915&n=21791146212701 HTTP/1.1" 200 0 "-" "Mozilla/5.0 (compatible; SemrushBot/7~bl; +http://www.semrush.com/bot.html)"
185.191.171.16 - - [30/Apr/2025:11:03:15 -0400] "GET /?category=bf5488&n=17048128650800 HTTP/1.1" 200 0 "-" "Mozilla/5.0 (compatible; SemrushBot/7~bl; +http://www.semrush.com/bot.html)"
157.55.39.63 - - [30/Apr/2025:11:04:32 -0400] "GET /?n=0000375615901&category=de4c70 HTTP/1.1" 200 27362 "-" "Mozilla/5.0 AppleWebKit/537.36 (KHTML, like Gecko; compatible; bingbot/2.0; +http://www.bing.com/bingbot.htm) Chrome/116.0.1938.76 Safari/537.36"
185.191.171.13 - - [30/Apr/2025:11:05:48 -0400] "GET /?category=fdaf24&n=31575153844800 HTTP/1.1" 200 0 "-" "Mozilla/5.0 (compatible; SemrushBot/7~bl; +http://www.semrush.com/bot.html)"
185.191.171.15 - - [30/Apr/2025:11:06:00 -0400] "GET /?category=a203de&n=17629128896100 HTTP/1.1" 200 0 "-" "Mozilla/5.0 (compatible; SemrushBot/7~bl; +http://www.semrush.com/bot.html)"
85.208.96.205 - - [30/Apr/2025:11:06:40 -0400] "GET /?category=ec36ee&n=6113880645400 HTTP/1.1" 200 0 "-" "Mozilla/5.0 (compatible; SemrushBot/7~bl; +http://www.semrush.com/bot.html)"
85.208.96.205 - - [30/Apr/2025:11:08:02 -0400] "GET /?category=0ce3c1&n=73980138666300 HTTP/1.1" 200 0 "-" "Mozilla/5.0 (compatible; SemrushBot/7~bl; +http://www.semrush.com/bot.html)"
157.55.39.201 - - [30/Apr/2025:11:08:13 -0400] "GET /?n=1926773750201&category=c82ac5 HTTP/1.1" 200 26789 "-" "Mozilla/5.0 AppleWebKit/537.36 (KHTML, like Gecko; compatible; bingbot/2.0; +http://www.bing.com/bingbot.htm) Chrome/116.0.1938.76 Safari/537.36"
40.77.167.78 - - [30/Apr/2025:11:08:23 -0400] "GET /?n=0727039010908&category=8c1e6e HTTP/1.1" 200 28194 "-" "Mozilla/5.0 AppleWebKit/537.36 (KHTML, like Gecko; compatible; bingbot/2.0; +http://www.bing.com/bingbot.htm) Chrome/116.0.1938.76 Safari/537.36"
40.77.167.78 - - [30/Apr/2025:11:08:23 -0400] "GET /?n=85982155901300&category=ef24cd HTTP/1.1" 200 26321 "-" "Mozilla/5.0 AppleWebKit/537.36 (KHTML, like Gecko; compatible; bingbot/2.0; +http://www.bing.com/bingbot.htm) Chrome/116.0.1938.76 Safari/537.36"
85.208.96.211 - - [30/Apr/2025:11:08:48 -0400] "GET /?category=a24c9a&n=38602162012305 HTTP/1.1" 200 0 "-" "Mozilla/5.0 (compatible; SemrushBot/7~bl; +http://www.semrush.com/bot.html)"
85.208.96.210 - - [30/Apr/2025:11:10:17 -0400] "GET /?category=71388a&n=37918115294500 HTTP/1.1" 200 0 "-" "Mozilla/5.0 (compatible; SemrushBot/7~bl; +http://www.semrush.com/bot.html)"
185.191.171.15 - - [30/Apr/2025:11:10:29 -0400] "GET /?category=e5043c&n=9066790640200 HTTP/1.1" 200 0 "-" "Mozilla/5.0 (compatible; SemrushBot/7~bl; +http://www.semrush.com/bot.html)"
185.191.171.9 - - [30/Apr/2025:11:11:10 -0400] "GET /?category=5254b0&n=9071496369104 HTTP/1.1" 200 0 "-" "Mozilla/5.0 (compatible; SemrushBot/7~bl; +http://www.semrush.com/bot.html)"
85.208.96.210 - - [30/Apr/2025:11:11:25 -0400] "GET /?category=abe29f&n=84727150726902 HTTP/1.1" 200 0 "-" "Mozilla/5.0 (compatible; SemrushBot/7~bl; +http://www.semrush.com/bot.html)"
185.191.171.5 - - [30/Apr/2025:11:11:44 -0400] "GET /?category=f85b13&n=8610924087707 HTTP/1.1" 200 0 "-" "Mozilla/5.0 (compatible; SemrushBot/7~bl; +http://www.semrush.com/bot.html)"
185.191.171.14 - - [30/Apr/2025:11:12:12 -0400] "GET /?category=4ce1ac&n=8024236938403 HTTP/1.1" 200 0 "-" "Mozilla/5.0 (compatible; SemrushBot/7~bl; +http://www.semrush.com/bot.html)"
85.208.96.205 - - [30/Apr/2025:11:13:57 -0400] "GET /?category=9169a9&n=22671131961105 HTTP/1.1" 200 0 "-" "Mozilla/5.0 (compatible; SemrushBot/7~bl; +http://www.semrush.com/bot.html)"
185.191.171.11 - - [30/Apr/2025:11:14:06 -0400] "GET /?category=04ff98&n=89151178230100 HTTP/1.1" 200 0 "-" "Mozilla/5.0 (compatible; SemrushBot/7~bl; +http://www.semrush.com/bot.html)"
185.191.171.3 - - [30/Apr/2025:11:14:35 -0400] "GET /?category=df10b6&n=5973765622501 HTTP/1.1" 200 0 "-" "Mozilla/5.0 (compatible; SemrushBot/7~bl; +http://www.semrush.com/bot.html)"
40.77.167.78 - - [30/Apr/2025:11:14:53 -0400] "GET /?n=8877292733201&category=a9e56d HTTP/1.1" 200 27200 "-" "Mozilla/5.0 AppleWebKit/537.36 (KHTML, like Gecko; compatible; bingbot/2.0; +http://www.bing.com/bingbot.htm) Chrome/116.0.1938.76 Safari/537.36"
185.191.171.16 - - [30/Apr/2025:11:15:49 -0400] "GET /?category=301c04&n=27906154853402 HTTP/1.1" 200 0 "-" "Mozilla/5.0 (compatible; SemrushBot/7~bl; +http://www.semrush.com/bot.html)"
85.208.96.195 - - [30/Apr/2025:11:16:40 -0400] "GET /?category=907a47&n=54020173544702 HTTP/1.1" 200 0 "-" "Mozilla/5.0 (compatible; SemrushBot/7~bl; +http://www.semrush.com/bot.html)"
185.191.171.7 - - [30/Apr/2025:11:16:58 -0400] "GET /?category=ea2dd2&n=962789540600 HTTP/1.1" 200 0 "-" "Mozilla/5.0 (compatible; SemrushBot/7~bl; +http://www.semrush.com/bot.html)"
40.77.167.78 - - [30/Apr/2025:11:17:03 -0400] "GET /?n=92217142302&category=ef445f HTTP/1.1" 200 28216 "-" "Mozilla/5.0 AppleWebKit/537.36 (KHTML, like Gecko; compatible; bingbot/2.0; +http://www.bing.com/bingbot.htm) Chrome/116.0.1938.76 Safari/537.36"
40.77.167.78 - - [30/Apr/2025:11:17:04 -0400] "GET /?n=9774959451800&category=a70962 HTTP/1.1" 200 26783 "-" "Mozilla/5.0 AppleWebKit/537.36 (KHTML, like Gecko; compatible; bingbot/2.0; +http://www.bing.com/bingbot.htm) Chrome/116.0.1938.76 Safari/537.36"
185.191.171.16 - - [30/Apr/2025:11:17:15 -0400] "GET /?category=cf46b1&n=50895104931300 HTTP/1.1" 200 0 "-" "Mozilla/5.0 (compatible; SemrushBot/7~bl; +http://www.semrush.com/bot.html)"
157.55.39.201 - - [30/Apr/2025:11:18:14 -0400] "GET /?n=8400740699501&category=a34ec5 HTTP/1.1" 200 25676 "-" "Mozilla/5.0 AppleWebKit/537.36 (KHTML, like Gecko; compatible; bingbot/2.0; +http://www.bing.com/bingbot.htm) Chrome/116.0.1938.76 Safari/537.36"
185.191.171.1 - - [30/Apr/2025:11:19:04 -0400] "GET /?category=62dfee&n=1909146556900 HTTP/1.1" 200 0 "-" "Mozilla/5.0 (compatible; SemrushBot/7~bl; +http://www.semrush.com/bot.html)"
85.208.96.209 - - [30/Apr/2025:11:19:59 -0400] "GET /?category=afdfa8&n=7424428234304 HTTP/1.1" 200 0 "-" "Mozilla/5.0 (compatible; SemrushBot/7~bl; +http://www.semrush.com/bot.html)"
85.208.96.202 - - [30/Apr/2025:11:20:59 -0400] "GET /?category=a840b8&n=18923148037400 HTTP/1.1" 200 0 "-" "Mozilla/5.0 (compatible; SemrushBot/7~bl; +http://www.semrush.com/bot.html)"
85.208.96.200 - - [30/Apr/2025:11:21:31 -0400] "GET /?category=d94a80&n=299966026100 HTTP/1.1" 200 0 "-" "Mozilla/5.0 (compatible; SemrushBot/7~bl; +http://www.semrush.com/bot.html)"
52.167.144.22 - - [30/Apr/2025:11:22:25 -0400] "GET /?n=9281237671203&category=b9b9ba HTTP/1.1" 200 26889 "-" "Mozilla/5.0 AppleWebKit/537.36 (KHTML, like Gecko; compatible; bingbot/2.0; +http://www.bing.com/bingbot.htm) Chrome/116.0.1938.76 Safari/537.36"
40.77.167.156 - - [30/Apr/2025:11:22:54 -0400] "GET /?n=811229330201&category=cad784 HTTP/1.1" 200 27038 "-" "Mozilla/5.0 AppleWebKit/537.36 (KHTML, like Gecko; compatible; bingbot/2.0; +http://www.bing.com/bingbot.htm) Chrome/116.0.1938.76 Safari/537.36"
85.208.96.208 - - [30/Apr/2025:11:22:54 -0400] "GET /?category=03a310&n=02759187102500 HTTP/1.1" 200 0 "-" "Mozilla/5.0 (compatible; SemrushBot/7~bl; +http://www.semrush.com/bot.html)"
185.191.171.9 - - [30/Apr/2025:11:23:14 -0400] "GET /?category=ca392d&n=08117190874600 HTTP/1.1" 200 0 "-" "Mozilla/5.0 (compatible; SemrushBot/7~bl; +http://www.semrush.com/bot.html)"
85.208.96.200 - - [30/Apr/2025:11:23:52 -0400] "GET /?category=9bfeeb&n=8085480933802 HTTP/1.1" 200 0 "-" "Mozilla/5.0 (compatible; SemrushBot/7~bl; +http://www.semrush.com/bot.html)"
52.167.144.22 - - [30/Apr/2025:11:24:45 -0400] "GET /?n=1105597570600&category=17388f HTTP/1.1" 200 26678 "-" "Mozilla/5.0 AppleWebKit/537.36 (KHTML, like Gecko; compatible; bingbot/2.0; +http://www.bing.com/bingbot.htm) Chrome/116.0.1938.76 Safari/537.36"
85.208.96.208 - - [30/Apr/2025:11:25:15 -0400] "GET /?category=25074c&n=2232575391300 HTTP/1.1" 200 0 "-" "Mozilla/5.0 (compatible; SemrushBot/7~bl; +http://www.semrush.com/bot.html)"
52.167.144.22 - - [30/Apr/2025:11:25:55 -0400] "GET /?n=02413141803&category=ef445f HTTP/1.1" 200 28747 "-" "Mozilla/5.0 AppleWebKit/537.36 (KHTML, like Gecko; compatible; bingbot/2.0; +http://www.bing.com/bingbot.htm) Chrome/116.0.1938.76 Safari/537.36"
185.191.171.12 - - [30/Apr/2025:11:25:59 -0400] "GET /?category=557278&n=8891764410802 HTTP/1.1" 200 0 "-" "Mozilla/5.0 (compatible; SemrushBot/7~bl; +http://www.semrush.com/bot.html)"
85.208.96.193 - - [30/Apr/2025:11:26:14 -0400] "GET /?category=b69261&n=05126117705605 HTTP/1.1" 200 0 "-" "Mozilla/5.0 (compatible; SemrushBot/7~bl; +http://www.semrush.com/bot.html)"
85.208.96.208 - - [30/Apr/2025:11:27:42 -0400] "GET /?category=ace210&n=48987104657906 HTTP/1.1" 200 0 "-" "Mozilla/5.0 (compatible; SemrushBot/7~bl; +http://www.semrush.com/bot.html)"
85.208.96.197 - - [30/Apr/2025:11:27:56 -0400] "GET /?category=3a47dd&n=917271388307 HTTP/1.1" 200 0 "-" "Mozilla/5.0 (compatible; SemrushBot/7~bl; +http://www.semrush.com/bot.html)"
85.208.96.212 - - [30/Apr/2025:11:27:58 -0400] "GET /?category=a7fdea&n=2760021552503 HTTP/1.1" 200 0 "-" "Mozilla/5.0 (compatible; SemrushBot/7~bl; +http://www.semrush.com/bot.html)"
85.208.96.197 - - [30/Apr/2025:11:29:09 -0400] "GET /?category=01888a&n=77010175646801 HTTP/1.1" 200 0 "-" "Mozilla/5.0 (compatible; SemrushBot/7~bl; +http://www.semrush.com/bot.html)"
207.46.13.124 - - [30/Apr/2025:11:30:05 -0400] "GET /?n=164011301001&category=ce56fb HTTP/1.1" 200 27172 "-" "Mozilla/5.0 AppleWebKit/537.36 (KHTML, like Gecko; compatible; bingbot/2.0; +http://www.bing.com/bingbot.htm) Chrome/116.0.1938.76 Safari/537.36"
85.208.96.200 - - [30/Apr/2025:11:30:37 -0400] "GET /?category=f0ae90&n=538902416700 HTTP/1.1" 200 0 "-" "Mozilla/5.0 (compatible; SemrushBot/7~bl; +http://www.semrush.com/bot.html)"
207.46.13.124 - - [30/Apr/2025:11:31:15 -0400] "GET /?n=1217818079201&category=c82ac5 HTTP/1.1" 200 26702 "-" "Mozilla/5.0 AppleWebKit/537.36 (KHTML, like Gecko; compatible; bingbot/2.0; +http://www.bing.com/bingbot.htm) Chrome/116.0.1938.76 Safari/537.36"
85.208.96.211 - - [30/Apr/2025:11:31:20 -0400] "GET /?category=9fb445&n=51307165477500 HTTP/1.1" 200 0 "-" "Mozilla/5.0 (compatible; SemrushBot/7~bl; +http://www.semrush.com/bot.html)"
85.208.96.197 - - [30/Apr/2025:11:31:44 -0400] "GET /?category=6b1fa1&n=80200177307500 HTTP/1.1" 200 0 "-" "Mozilla/5.0 (compatible; SemrushBot/7~bl; +http://www.semrush.com/bot.html)"
185.191.171.10 - - [30/Apr/2025:11:32:50 -0400] "GET /?category=9b33ad&n=78029170308102 HTTP/1.1" 200 0 "-" "Mozilla/5.0 (compatible; SemrushBot/7~bl; +http://www.semrush.com/bot.html)"
85.208.96.200 - - [30/Apr/2025:11:32:53 -0400] "GET /?category=6ab195&n=2291737670800 HTTP/1.1" 200 0 "-" "Mozilla/5.0 (compatible; SemrushBot/7~bl; +http://www.semrush.com/bot.html)"
207.46.13.124 - - [30/Apr/2025:11:34:25 -0400] "GET /?n=0591764325606&category=1df3a8 HTTP/1.1" 200 27521 "-" "Mozilla/5.0 AppleWebKit/537.36 (KHTML, like Gecko; compatible; bingbot/2.0; +http://www.bing.com/bingbot.htm) Chrome/116.0.1938.76 Safari/537.36"
52.167.144.182 - - [30/Apr/2025:11:35:26 -0400] "GET /?n=9820136366003&category=d9bfa2 HTTP/1.1" 200 27896 "-" "Mozilla/5.0 AppleWebKit/537.36 (KHTML, like Gecko; compatible; bingbot/2.0; +http://www.bing.com/bingbot.htm) Chrome/116.0.1938.76 Safari/537.36"
185.191.171.2 - - [30/Apr/2025:11:35:51 -0400] "GET /?category=b45a66&n=7016451047200 HTTP/1.1" 200 0 "-" "Mozilla/5.0 (compatible; SemrushBot/7~bl; +http://www.semrush.com/bot.html)"
52.167.144.182 - - [30/Apr/2025:11:36:36 -0400] "GET /?n=1427982415001&category=e1a583 HTTP/1.1" 200 27342 "-" "Mozilla/5.0 AppleWebKit/537.36 (KHTML, like Gecko; compatible; bingbot/2.0; +http://www.bing.com/bingbot.htm) Chrome/116.0.1938.76 Safari/537.36"
185.191.171.1 - - [30/Apr/2025:11:37:56 -0400] "GET /?category=f98aed&n=80763187932502 HTTP/1.1" 200 0 "-" "Mozilla/5.0 (compatible; SemrushBot/7~bl; +http://www.semrush.com/bot.html)"
85.208.96.201 - - [30/Apr/2025:11:39:16 -0400] "GET /?category=fad07b&n=48924167659001 HTTP/1.1" 200 0 "-" "Mozilla/5.0 (compatible; SemrushBot/7~bl; +http://www.semrush.com/bot.html)"
85.208.96.199 - - [30/Apr/2025:11:39:41 -0400] "GET /?category=2a40d8&n=4286957871401 HTTP/1.1" 200 0 "-" "Mozilla/5.0 (compatible; SemrushBot/7~bl; +http://www.semrush.com/bot.html)"
85.208.96.202 - - [30/Apr/2025:11:40:06 -0400] "GET /?category=ae17a7&n=95792189062400 HTTP/1.1" 200 0 "-" "Mozilla/5.0 (compatible; SemrushBot/7~bl; +http://www.semrush.com/bot.html)"
185.191.171.17 - - [30/Apr/2025:11:40:22 -0400] "GET /?category=46ea95&n=7457072779101 HTTP/1.1" 200 0 "-" "Mozilla/5.0 (compatible; SemrushBot/7~bl; +http://www.semrush.com/bot.html)"
85.208.96.206 - - [30/Apr/2025:11:40:44 -0400] "GET /?category=a4a4e4&n=1739581920900 HTTP/1.1" 200 0 "-" "Mozilla/5.0 (compatible; SemrushBot/7~bl; +http://www.semrush.com/bot.html)"
185.191.171.1 - - [30/Apr/2025:11:41:46 -0400] "GET /?category=e133d5&n=30921106158600 HTTP/1.1" 200 0 "-" "Mozilla/5.0 (compatible; SemrushBot/7~bl; +http://www.semrush.com/bot.html)"
52.167.144.156 - - [30/Apr/2025:11:42:17 -0400] "GET /?n=2821270391302&category=fe80fd HTTP/1.1" 200 27153 "-" "Mozilla/5.0 AppleWebKit/537.36 (KHTML, like Gecko; compatible; bingbot/2.0; +http://www.bing.com/bingbot.htm) Chrome/116.0.1938.76 Safari/537.36"
217.182.195.181 - - [30/Apr/2025:11:42:25 -0400] "GET /robots.txt HTTP/1.1" 200 68 "-" "Mozilla/5.0 (compatible; MJ12bot/v1.4.8; http://mj12bot.com/)"
217.182.195.181 - - [30/Apr/2025:11:42:27 -0400] "GET /%D0%BF%D1%80%D0%BE%D0%B3%D0%BD%D0%BE%D0%B7%D1%8B-%D0%B2-%D1%84%D1%83%D1%82%D0%B1%D0%BE%D0%BB-%D0%BD%D0%B0-%D1%81%D0%B5%D0%B3%D0%BE%D0%B4%D0%BD%D1%8F-%D0%BE%D1%82-%D0%BF%D1%80%D0%BE%D1%84%D0%B5%D1%81/feed/ HTTP/1.1" 200 0 "-" "Mozilla/5.0 (compatible; MJ12bot/v1.4.8; http://mj12bot.com/)"
217.182.195.181 - - [30/Apr/2025:11:42:30 -0400] "GET /%D1%81%D0%B0%D0%BC%D1%8B%D0%B5-%D0%BF%D0%BE%D0%BF%D1%83%D0%BB%D1%8F%D1%80%D0%BD%D1%8B%D0%B5-%D1%81%D0%BB%D0%BE%D1%82%D1%8B-%D0%B0-%D0%B8%D0%B3%D1%80%D1%8B-%D0%B4%D0%BB%D1%8F-%D0%BE%D0%BD%D0%BB%D0%B0/ HTTP/1.1" 200 0 "-" "Mozilla/5.0 (compatible; MJ12bot/v1.4.8; http://mj12bot.com/)"
217.182.195.181 - - [30/Apr/2025:11:42:32 -0400] "GET /%D1%81%D0%B0%D0%BC%D1%8B%D0%B5-%D0%BF%D0%BE%D0%BF%D1%83%D0%BB%D1%8F%D1%80%D0%BD%D1%8B%D0%B5-%D1%81%D0%BB%D0%BE%D1%82%D1%8B-%D0%B0-%D0%B8%D0%B3%D1%80%D1%8B-%D0%B4%D0%BB%D1%8F-%D0%BE%D0%BD%D0%BB%D0%B0/feed/ HTTP/1.1" 200 0 "-" "Mozilla/5.0 (compatible; MJ12bot/v1.4.8; http://mj12bot.com/)"
217.182.195.181 - - [30/Apr/2025:11:42:34 -0400] "GET /%D8%AA%D9%86%D8%B2%D9%8A%D9%84-1xbet-%D8%AC%D9%85%D9%8A%D8%B9-%D8%A5%D8%B5%D8%AF%D8%A7%D8%B1%D8%A7%D8%AA-1xbet-sixth-v-1116560-%D8%AA%D8%B7%D8%A8%D9%8A%D9%82%D8%A7%D8%AA-%D8%A7%D9%84%D9%85%D8%B1/ HTTP/1.1" 200 0 "-" "Mozilla/5.0 (compatible; MJ12bot/v1.4.8; http://mj12bot.com/)"
217.182.195.181 - - [30/Apr/2025:11:42:37 -0400] "GET /%D8%AA%D9%86%D8%B2%D9%8A%D9%84-1xbet-%D8%AC%D9%85%D9%8A%D8%B9-%D8%A5%D8%B5%D8%AF%D8%A7%D8%B1%D8%A7%D8%AA-1xbet-sixth-v-1116560-%D8%AA%D8%B7%D8%A8%D9%8A%D9%82%D8%A7%D8%AA-%D8%A7%D9%84%D9%85%D8%B1/feed/ HTTP/1.1" 200 0 "-" "Mozilla/5.0 (compatible; MJ12bot/v1.4.8; http://mj12bot.com/)"
217.182.195.181 - - [30/Apr/2025:11:42:39 -0400] "GET /1win-%D0%BE%D1%84%D0%B8%D1%86%D0%B8%D0%B0%D0%BB%D1%8C%D0%BD%D1%8B%D0%B9-%D1%81%D0%B0%D0%B9%D1%82-%D0%B1%D1%83%D0%BA%D0%BC%D0%B5%D0%BA%D0%B5%D1%80%D1%81%D0%BA%D0%BE%D0%B9-%D0%BA%D0%BE%D0%BD%D1%82%D0%BE/ HTTP/1.1" 200 0 "-" "Mozilla/5.0 (compatible; MJ12bot/v1.4.8; http://mj12bot.com/)"
217.182.195.181 - - [30/Apr/2025:11:42:41 -0400] "GET /1win-%D0%BE%D1%84%D0%B8%D1%86%D0%B8%D0%B0%D0%BB%D1%8C%D0%BD%D1%8B%D0%B9-%D1%81%D0%B0%D0%B9%D1%82-%D0%B1%D1%83%D0%BA%D0%BC%D0%B5%D0%BA%D0%B5%D1%80%D1%81%D0%BA%D0%BE%D0%B9-%D0%BA%D0%BE%D0%BD%D1%82%D0%BE/feed/ HTTP/1.1" 200 0 "-" "Mozilla/5.0 (compatible; MJ12bot/v1.4.8; http://mj12bot.com/)"
217.182.195.181 - - [30/Apr/2025:11:42:44 -0400] "GET /1xbet-%E1%90%89-%D1%81%D1%82%D0%B0%D0%B2%D0%BA%D0%B8-%D0%BD%D0%B0-%D1%81%D0%BF%D0%BE%D1%80%D1%82-%D0%BE%D0%BD%D0%BB%D0%B0%D0%B9%D0%BD-%E1%90%89-%D0%B1%D1%83%D0%BA%D0%BC%D0%B5%D0%BA%D0%B5%D1%80%D1%81/ HTTP/1.1" 200 0 "-" "Mozilla/5.0 (compatible; MJ12bot/v1.4.8; http://mj12bot.com/)"
217.182.195.181 - - [30/Apr/2025:11:42:46 -0400] "GET /1xbet-%E1%90%89-%D1%81%D1%82%D0%B0%D0%B2%D0%BA%D0%B8-%D0%BD%D0%B0-%D1%81%D0%BF%D0%BE%D1%80%D1%82-%D0%BE%D0%BD%D0%BB%D0%B0%D0%B9%D0%BD-%E1%90%89-%D0%B1%D1%83%D0%BA%D0%BC%D0%B5%D0%BA%D0%B5%D1%80%D1%81/feed/ HTTP/1.1" 200 0 "-" "Mozilla/5.0 (compatible; MJ12bot/v1.4.8; http://mj12bot.com/)"
217.182.195.181 - - [30/Apr/2025:11:42:49 -0400] "GET /turkiyenin-en-iyi-canli-online-casino-siteleri-2022nin-%EF%B8%8F-guvenilir-canli-casinolar/ HTTP/1.1" 200 0 "-" "Mozilla/5.0 (compatible; MJ12bot/v1.4.8; http://mj12bot.com/)"
217.182.195.181 - - [30/Apr/2025:11:42:51 -0400] "GET /turkiyenin-en-iyi-canli-online-casino-siteleri-2022nin-%EF%B8%8F-guvenilir-canli-casinolar/feed/ HTTP/1.1" 200 0 "-" "Mozilla/5.0 (compatible; MJ12bot/v1.4.8; http://mj12bot.com/)"
217.182.195.181 - - [30/Apr/2025:11:42:53 -0400] "GET /%D0%BF%D1%80%D0%BE%D0%B3%D0%BD%D0%BE%D0%B7%D1%8B-%D0%B2-%D1%84%D1%83%D1%82%D0%B1%D0%BE%D0%BB-%D0%BD%D0%B0-%D1%81%D0%B5%D0%B3%D0%BE%D0%B4%D0%BD%D1%8F-%D0%BE%D1%82-%D0%BF%D1%80%D0%BE%D1%84%D0%B5%D1%81/ HTTP/1.1" 200 0 "-" "Mozilla/5.0 (compatible; MJ12bot/v1.4.8; http://mj12bot.com/)"
40.77.167.64 - - [30/Apr/2025:11:42:55 -0400] "GET /?n=1826288878001&category=bb5e88 HTTP/1.1" 200 27063 "-" "Mozilla/5.0 AppleWebKit/537.36 (KHTML, like Gecko; compatible; bingbot/2.0; +http://www.bing.com/bingbot.htm) Chrome/116.0.1938.76 Safari/537.36"
217.182.195.181 - - [30/Apr/2025:11:42:56 -0400] "GET /%E2%80%9D%3ENono4d%3C/a%3E%3C/strong%3E%3C/p> HTTP/1.1" 200 0 "-" "Mozilla/5.0 (compatible; MJ12bot/v1.4.8; http://mj12bot.com/)"
85.208.96.207 - - [30/Apr/2025:11:43:15 -0400] "GET /?category=757fb5&n=9701855159201 HTTP/1.1" 200 0 "-" "Mozilla/5.0 (compatible; SemrushBot/7~bl; +http://www.semrush.com/bot.html)"
84.54.44.30 - - [30/Apr/2025:11:43:21 -0400] "GET /5-pilihan-slot-gacor-terbaik-hari-ini-di-nono4d/ HTTP/1.0" 200 0 "https://infonono4d.com/5-pilihan-slot-gacor-terbaik-hari-ini-di-nono4d/" "Mozilla/5.0 (Windows NT 10.0; Win64; x64) AppleWebKit/537.36 (KHTML, like Gecko) Chrome/130.0.0.0 Safari/537.36 CCleaner/130.0.0.0"
84.54.44.30 - - [30/Apr/2025:11:43:22 -0400] "GET / HTTP/1.0" 200 0 "https://infonono4d.com/" "Mozilla/5.0 (Windows NT 10.0; Win64; x64) AppleWebKit/537.36 (KHTML, like Gecko) Chrome/130.0.0.0 Safari/537.36 CCleaner/130.0.0.0"
85.208.96.200 - - [30/Apr/2025:11:45:26 -0400] "GET /?category=1afb5d&n=51490134546400 HTTP/1.1" 200 0 "-" "Mozilla/5.0 (compatible; SemrushBot/7~bl; +http://www.semrush.com/bot.html)"
85.208.96.204 - - [30/Apr/2025:11:46:48 -0400] "GET /?category=7b47cd&n=29929137590401 HTTP/1.1" 200 0 "-" "Mozilla/5.0 (compatible; SemrushBot/7~bl; +http://www.semrush.com/bot.html)"
185.191.171.3 - - [30/Apr/2025:11:48:48 -0400] "GET /?category=ac3826&n=9962245178104 HTTP/1.1" 200 0 "-" "Mozilla/5.0 (compatible; SemrushBot/7~bl; +http://www.semrush.com/bot.html)"
85.208.96.210 - - [30/Apr/2025:11:49:08 -0400] "GET /?category=c68d98&n=1212267423300 HTTP/1.1" 200 0 "-" "Mozilla/5.0 (compatible; SemrushBot/7~bl; +http://www.semrush.com/bot.html)"
207.46.13.150 - - [30/Apr/2025:11:49:16 -0400] "GET /?n=0928165967414&category=f10f83 HTTP/1.1" 200 26877 "-" "Mozilla/5.0 AppleWebKit/537.36 (KHTML, like Gecko; compatible; bingbot/2.0; +http://www.bing.com/bingbot.htm) Chrome/116.0.1938.76 Safari/537.36"
85.208.96.196 - - [30/Apr/2025:11:49:21 -0400] "GET /?category=45650f&n=89847106646306 HTTP/1.1" 200 0 "-" "Mozilla/5.0 (compatible; SemrushBot/7~bl; +http://www.semrush.com/bot.html)"
185.191.171.19 - - [30/Apr/2025:11:49:24 -0400] "GET /?category=dad1d6&n=11705127912107 HTTP/1.1" 200 0 "-" "Mozilla/5.0 (compatible; SemrushBot/7~bl; +http://www.semrush.com/bot.html)"
85.208.96.207 - - [30/Apr/2025:11:49:36 -0400] "GET /?category=9aa671&n=3217931336901 HTTP/1.1" 200 0 "-" "Mozilla/5.0 (compatible; SemrushBot/7~bl; +http://www.semrush.com/bot.html)"
185.191.171.8 - - [30/Apr/2025:11:50:59 -0400] "GET /robots.txt HTTP/1.1" 200 82 "-" "Mozilla/5.0 (compatible; SemrushBot/7~bl; +http://www.semrush.com/bot.html)"
85.208.96.196 - - [30/Apr/2025:11:51:00 -0400] "GET /?category=357625&n=93772141814403 HTTP/1.1" 200 0 "-" "Mozilla/5.0 (compatible; SemrushBot/7~bl; +http://www.semrush.com/bot.html)"
85.208.96.193 - - [30/Apr/2025:11:51:33 -0400] "GET /?category=b45a66&n=07087173437202 HTTP/1.1" 200 0 "-" "Mozilla/5.0 (compatible; SemrushBot/7~bl; +http://www.semrush.com/bot.html)"
185.191.171.13 - - [30/Apr/2025:11:51:59 -0400] "GET /?category=9c1fd8&n=79026152779700 HTTP/1.1" 200 0 "-" "Mozilla/5.0 (compatible; SemrushBot/7~bl; +http://www.semrush.com/bot.html)"
185.191.171.8 - - [30/Apr/2025:11:52:05 -0400] "GET /?category=decfd7&n=835416680701 HTTP/1.1" 200 0 "-" "Mozilla/5.0 (compatible; SemrushBot/7~bl; +http://www.semrush.com/bot.html)"
185.191.171.19 - - [30/Apr/2025:11:52:12 -0400] "GET /?category=df10b6&n=1721965635900 HTTP/1.1" 200 0 "-" "Mozilla/5.0 (compatible; SemrushBot/7~bl; +http://www.semrush.com/bot.html)"
185.191.171.7 - - [30/Apr/2025:11:53:32 -0400] "GET /?category=2db651&n=7801159275902 HTTP/1.1" 200 0 "-" "Mozilla/5.0 (compatible; SemrushBot/7~bl; +http://www.semrush.com/bot.html)"
85.208.96.200 - - [30/Apr/2025:11:54:11 -0400] "GET /?category=22090b&n=22726197236403 HTTP/1.1" 200 0 "-" "Mozilla/5.0 (compatible; SemrushBot/7~bl; +http://www.semrush.com/bot.html)"
85.208.96.204 - - [30/Apr/2025:11:55:02 -0400] "GET /?category=24e4a1&n=7107438557400 HTTP/1.1" 200 0 "-" "Mozilla/5.0 (compatible; SemrushBot/7~bl; +http://www.semrush.com/bot.html)"
185.191.171.11 - - [30/Apr/2025:12:00:05 -0400] "GET /?category=6ef308&n=8798681096507 HTTP/1.1" 200 0 "-" "Mozilla/5.0 (compatible; SemrushBot/7~bl; +http://www.semrush.com/bot.html)"
85.208.96.204 - - [30/Apr/2025:12:01:27 -0400] "GET /?category=0dcb9c&n=22752185860108 HTTP/1.1" 200 0 "-" "Mozilla/5.0 (compatible; SemrushBot/7~bl; +http://www.semrush.com/bot.html)"
85.208.96.205 - - [30/Apr/2025:12:02:59 -0400] "GET /?category=c18693&n=4034973277300 HTTP/1.1" 200 0 "-" "Mozilla/5.0 (compatible; SemrushBot/7~bl; +http://www.semrush.com/bot.html)"
85.208.96.202 - - [30/Apr/2025:12:03:29 -0400] "GET /?category=b87df6&n=37991158507501 HTTP/1.1" 200 0 "-" "Mozilla/5.0 (compatible; SemrushBot/7~bl; +http://www.semrush.com/bot.html)"
185.191.171.7 - - [30/Apr/2025:12:03:46 -0400] "GET /?category=a8f75a&n=9499011594003 HTTP/1.1" 200 0 "-" "Mozilla/5.0 (compatible; SemrushBot/7~bl; +http://www.semrush.com/bot.html)"
52.167.144.209 - - [30/Apr/2025:12:03:58 -0400] "GET /?n=85377196050600&category=55a8eb HTTP/1.1" 200 27087 "-" "Mozilla/5.0 AppleWebKit/537.36 (KHTML, like Gecko; compatible; bingbot/2.0; +http://www.bing.com/bingbot.htm) Chrome/116.0.1938.76 Safari/537.36"
185.191.171.13 - - [30/Apr/2025:12:04:02 -0400] "GET /?category=a7c5c6&n=86942135332903 HTTP/1.1" 200 0 "-" "Mozilla/5.0 (compatible; SemrushBot/7~bl; +http://www.semrush.com/bot.html)"
85.208.96.206 - - [30/Apr/2025:12:06:13 -0400] "GET /?category=6bbbb1&n=6080614370800 HTTP/1.1" 200 0 "-" "Mozilla/5.0 (compatible; SemrushBot/7~bl; +http://www.semrush.com/bot.html)"
85.208.96.212 - - [30/Apr/2025:12:07:17 -0400] "GET /?category=36d2e3&n=28099100062903 HTTP/1.1" 200 0 "-" "Mozilla/5.0 (compatible; SemrushBot/7~bl; +http://www.semrush.com/bot.html)"
185.191.171.12 - - [30/Apr/2025:12:07:25 -0400] "GET /?category=2acd71&n=76742155880606 HTTP/1.1" 200 0 "-" "Mozilla/5.0 (compatible; SemrushBot/7~bl; +http://www.semrush.com/bot.html)"
40.77.167.77 - - [30/Apr/2025:12:07:50 -0400] "GET /?n=22137105561906&category=03f65d HTTP/1.1" 200 27893 "-" "Mozilla/5.0 AppleWebKit/537.36 (KHTML, like Gecko; compatible; bingbot/2.0; +http://www.bing.com/bingbot.htm) Chrome/116.0.1938.76 Safari/537.36"
185.191.171.3 - - [30/Apr/2025:12:08:01 -0400] "GET /?category=0949d2&n=0060168070400 HTTP/1.1" 200 0 "-" "Mozilla/5.0 (compatible; SemrushBot/7~bl; +http://www.semrush.com/bot.html)"
85.208.96.201 - - [30/Apr/2025:12:08:33 -0400] "GET /?category=51dd4f&n=42489126419300 HTTP/1.1" 200 0 "-" "Mozilla/5.0 (compatible; SemrushBot/7~bl; +http://www.semrush.com/bot.html)"
185.191.171.4 - - [30/Apr/2025:12:11:06 -0400] "GET /?category=6e5304&n=06893134421002 HTTP/1.1" 200 0 "-" "Mozilla/5.0 (compatible; SemrushBot/7~bl; +http://www.semrush.com/bot.html)"
52.167.144.209 - - [30/Apr/2025:12:11:08 -0400] "GET /?n=6289970473202&category=8a16b0 HTTP/1.1" 200 27341 "-" "Mozilla/5.0 AppleWebKit/537.36 (KHTML, like Gecko; compatible; bingbot/2.0; +http://www.bing.com/bingbot.htm) Chrome/116.0.1938.76 Safari/537.36"
185.191.171.18 - - [30/Apr/2025:12:12:05 -0400] "GET /?category=480ee0&n=41812183147102 HTTP/1.1" 200 0 "-" "Mozilla/5.0 (compatible; SemrushBot/7~bl; +http://www.semrush.com/bot.html)"
85.208.96.200 - - [30/Apr/2025:12:12:29 -0400] "GET /?category=495790&n=99172106861900 HTTP/1.1" 200 0 "-" "Mozilla/5.0 (compatible; SemrushBot/7~bl; +http://www.semrush.com/bot.html)"
85.208.96.197 - - [30/Apr/2025:12:13:57 -0400] "GET /?category=533a2d&n=97860108705703 HTTP/1.1" 200 0 "-" "Mozilla/5.0 (compatible; SemrushBot/7~bl; +http://www.semrush.com/bot.html)"
185.191.171.2 - - [30/Apr/2025:12:15:38 -0400] "GET /?category=b2a067&n=80230173259701 HTTP/1.1" 200 0 "-" "Mozilla/5.0 (compatible; SemrushBot/7~bl; +http://www.semrush.com/bot.html)"
85.208.96.202 - - [30/Apr/2025:12:16:24 -0400] "GET /?category=65baa4&n=5279022678406 HTTP/1.1" 200 0 "-" "Mozilla/5.0 (compatible; SemrushBot/7~bl; +http://www.semrush.com/bot.html)"
85.208.96.193 - - [30/Apr/2025:12:16:35 -0400] "GET /?category=219efa&n=2337259757411 HTTP/1.1" 200 0 "-" "Mozilla/5.0 (compatible; SemrushBot/7~bl; +http://www.semrush.com/bot.html)"
85.208.96.207 - - [30/Apr/2025:12:17:20 -0400] "GET /?category=36d2e3&n=91959118501200 HTTP/1.1" 200 0 "-" "Mozilla/5.0 (compatible; SemrushBot/7~bl; +http://www.semrush.com/bot.html)"
185.191.171.7 - - [30/Apr/2025:12:18:06 -0400] "GET /?category=44b455&n=59585109624101 HTTP/1.1" 200 0 "-" "Mozilla/5.0 (compatible; SemrushBot/7~bl; +http://www.semrush.com/bot.html)"
85.208.96.206 - - [30/Apr/2025:12:18:08 -0400] "GET /?category=abb9b5&n=4522710167700 HTTP/1.1" 200 0 "-" "Mozilla/5.0 (compatible; SemrushBot/7~bl; +http://www.semrush.com/bot.html)"
185.191.171.4 - - [30/Apr/2025:12:21:07 -0400] "GET /?category=271fb4&n=73420168451905 HTTP/1.1" 200 0 "-" "Mozilla/5.0 (compatible; SemrushBot/7~bl; +http://www.semrush.com/bot.html)"
85.208.96.194 - - [30/Apr/2025:12:21:20 -0400] "GET /?category=e52f82&n=5697445854708 HTTP/1.1" 200 0 "-" "Mozilla/5.0 (compatible; SemrushBot/7~bl; +http://www.semrush.com/bot.html)"
185.191.171.18 - - [30/Apr/2025:12:21:37 -0400] "GET /?category=7e900d&n=09069122981500 HTTP/1.1" 200 0 "-" "Mozilla/5.0 (compatible; SemrushBot/7~bl; +http://www.semrush.com/bot.html)"
85.208.96.211 - - [30/Apr/2025:12:22:08 -0400] "GET /?category=466497&n=16194155513100 HTTP/1.1" 200 0 "-" "Mozilla/5.0 (compatible; SemrushBot/7~bl; +http://www.semrush.com/bot.html)"
85.208.96.206 - - [30/Apr/2025:12:23:39 -0400] "GET /?category=b45a66&n=2771198885000 HTTP/1.1" 200 0 "-" "Mozilla/5.0 (compatible; SemrushBot/7~bl; +http://www.semrush.com/bot.html)"
185.191.171.5 - - [30/Apr/2025:12:23:54 -0400] "GET /?category=82b81b&n=2107870534202 HTTP/1.1" 200 0 "-" "Mozilla/5.0 (compatible; SemrushBot/7~bl; +http://www.semrush.com/bot.html)"
85.208.96.203 - - [30/Apr/2025:12:24:59 -0400] "GET /?category=61a301&n=89518111248800 HTTP/1.1" 200 0 "-" "Mozilla/5.0 (compatible; SemrushBot/7~bl; +http://www.semrush.com/bot.html)"
77.238.237.38 - - [30/Apr/2025:12:25:14 -0400] "GET /pasaran-togel-terlengkap-hanya-ada-di-nono4d/ HTTP/1.0" 200 0 "https://infonono4d.com/pasaran-togel-terlengkap-hanya-ada-di-nono4d/" "Mozilla/5.0 (Windows NT 10.0; Win64; x64) AppleWebKit/537.36 (KHTML, like Gecko) Chrome/130.0.0.0 Safari/537.36 CCleaner/130.0.0.0"
77.238.237.38 - - [30/Apr/2025:12:25:15 -0400] "GET / HTTP/1.0" 200 0 "https://infonono4d.com/" "Mozilla/5.0 (Windows NT 10.0; Win64; x64) AppleWebKit/537.36 (KHTML, like Gecko) Chrome/130.0.0.0 Safari/537.36 CCleaner/130.0.0.0"
185.191.171.8 - - [30/Apr/2025:12:25:36 -0400] "GET /?category=afdfa8&n=61929194543701 HTTP/1.1" 200 0 "-" "Mozilla/5.0 (compatible; SemrushBot/7~bl; +http://www.semrush.com/bot.html)"
85.208.96.202 - - [30/Apr/2025:12:26:24 -0400] "GET /?category=db1270&n=98225180064500 HTTP/1.1" 200 0 "-" "Mozilla/5.0 (compatible; SemrushBot/7~bl; +http://www.semrush.com/bot.html)"
85.208.96.200 - - [30/Apr/2025:12:26:52 -0400] "GET /?category=6f0765&n=17419179278707 HTTP/1.1" 200 0 "-" "Mozilla/5.0 (compatible; SemrushBot/7~bl; +http://www.semrush.com/bot.html)"
157.55.39.193 - - [30/Apr/2025:12:27:40 -0400] "GET /?n=3927131420300&category=a4169b HTTP/1.1" 200 26743 "-" "Mozilla/5.0 AppleWebKit/537.36 (KHTML, like Gecko; compatible; bingbot/2.0; +http://www.bing.com/bingbot.htm) Chrome/116.0.1938.76 Safari/537.36"
185.191.171.13 - - [30/Apr/2025:12:27:50 -0400] "GET /?category=22e030&n=04824195082305 HTTP/1.1" 200 0 "-" "Mozilla/5.0 (compatible; SemrushBot/7~bl; +http://www.semrush.com/bot.html)"
85.208.96.199 - - [30/Apr/2025:12:28:47 -0400] "GET /?category=d20287&n=2810833091001 HTTP/1.1" 200 0 "-" "Mozilla/5.0 (compatible; SemrushBot/7~bl; +http://www.semrush.com/bot.html)"
40.77.167.131 - - [30/Apr/2025:12:29:00 -0400] "GET /?n=7305247961902&category=ae92ed HTTP/1.1" 200 27308 "-" "Mozilla/5.0 AppleWebKit/537.36 (KHTML, like Gecko; compatible; bingbot/2.0; +http://www.bing.com/bingbot.htm) Chrome/116.0.1938.76 Safari/537.36"
185.191.171.12 - - [30/Apr/2025:12:29:24 -0400] "GET /?category=7d8b0f&n=199686477003 HTTP/1.1" 200 0 "-" "Mozilla/5.0 (compatible; SemrushBot/7~bl; +http://www.semrush.com/bot.html)"
85.208.96.211 - - [30/Apr/2025:12:29:42 -0400] "GET /?category=f75acc&n=23082162842302 HTTP/1.1" 200 0 "-" "Mozilla/5.0 (compatible; SemrushBot/7~bl; +http://www.semrush.com/bot.html)"
85.208.96.210 - - [30/Apr/2025:12:29:57 -0400] "GET /?category=21174d&n=04717144349806 HTTP/1.1" 200 0 "-" "Mozilla/5.0 (compatible; SemrushBot/7~bl; +http://www.semrush.com/bot.html)"
85.208.96.197 - - [30/Apr/2025:12:31:14 -0400] "GET /?category=521def&n=6306919070404 HTTP/1.1" 200 0 "-" "Mozilla/5.0 (compatible; SemrushBot/7~bl; +http://www.semrush.com/bot.html)"
85.208.96.198 - - [30/Apr/2025:12:31:17 -0400] "GET /?category=e63d4f&n=60521154653414 HTTP/1.1" 200 0 "-" "Mozilla/5.0 (compatible; SemrushBot/7~bl; +http://www.semrush.com/bot.html)"
185.191.171.17 - - [30/Apr/2025:12:31:31 -0400] "GET /?category=77a33f&n=3822839264005 HTTP/1.1" 200 0 "-" "Mozilla/5.0 (compatible; SemrushBot/7~bl; +http://www.semrush.com/bot.html)"
185.191.171.12 - - [30/Apr/2025:12:31:58 -0400] "GET /?category=de1ccb&n=03077197177900 HTTP/1.1" 200 0 "-" "Mozilla/5.0 (compatible; SemrushBot/7~bl; +http://www.semrush.com/bot.html)"
185.191.171.1 - - [30/Apr/2025:12:32:16 -0400] "GET /?category=4990f4&n=71339111601801 HTTP/1.1" 200 0 "-" "Mozilla/5.0 (compatible; SemrushBot/7~bl; +http://www.semrush.com/bot.html)"
185.191.171.5 - - [30/Apr/2025:12:32:37 -0400] "GET /?category=1baaaa&n=60730182101103 HTTP/1.1" 200 0 "-" "Mozilla/5.0 (compatible; SemrushBot/7~bl; +http://www.semrush.com/bot.html)"
185.191.171.11 - - [30/Apr/2025:12:34:23 -0400] "GET /?category=f64469&n=62255189301200 HTTP/1.1" 200 0 "-" "Mozilla/5.0 (compatible; SemrushBot/7~bl; +http://www.semrush.com/bot.html)"
85.208.96.197 - - [30/Apr/2025:12:34:54 -0400] "GET /?category=277b58&n=59785169236402 HTTP/1.1" 200 0 "-" "Mozilla/5.0 (compatible; SemrushBot/7~bl; +http://www.semrush.com/bot.html)"
185.191.171.5 - - [30/Apr/2025:12:36:11 -0400] "GET /?category=f96b0b&n=7729197201801 HTTP/1.1" 200 0 "-" "Mozilla/5.0 (compatible; SemrushBot/7~bl; +http://www.semrush.com/bot.html)"
185.191.171.15 - - [30/Apr/2025:12:36:18 -0400] "GET /?category=0775bb&n=1113016650502 HTTP/1.1" 200 0 "-" "Mozilla/5.0 (compatible; SemrushBot/7~bl; +http://www.semrush.com/bot.html)"
85.208.96.212 - - [30/Apr/2025:12:36:33 -0400] "GET /?category=f44c62&n=6000841208701 HTTP/1.1" 200 0 "-" "Mozilla/5.0 (compatible; SemrushBot/7~bl; +http://www.semrush.com/bot.html)"
85.208.96.204 - - [30/Apr/2025:12:36:58 -0400] "GET /?category=d810d9&n=01650192291605 HTTP/1.1" 200 0 "-" "Mozilla/5.0 (compatible; SemrushBot/7~bl; +http://www.semrush.com/bot.html)"
182.42.105.144 - - [30/Apr/2025:12:38:53 -0400] "GET / HTTP/1.1" 200 0 "http://infonono4d.com" "Mozilla/5.0 (iPhone; CPU iPhone OS 13_2_3 like Mac OS X) AppleWebKit/605.1.15 (KHTML, like Gecko) Version/13.0.3 Mobile/15E148 Safari/604.1"
85.208.96.208 - - [30/Apr/2025:12:39:19 -0400] "GET /?category=d97437&n=36584195706901 HTTP/1.1" 200 0 "-" "Mozilla/5.0 (compatible; SemrushBot/7~bl; +http://www.semrush.com/bot.html)"
85.208.96.203 - - [30/Apr/2025:12:39:26 -0400] "GET /?category=1b9626&n=86728151317100 HTTP/1.1" 200 0 "-" "Mozilla/5.0 (compatible; SemrushBot/7~bl; +http://www.semrush.com/bot.html)"
85.208.96.211 - - [30/Apr/2025:12:39:36 -0400] "GET /?category=c52977&n=10927175048000 HTTP/1.1" 200 0 "-" "Mozilla/5.0 (compatible; SemrushBot/7~bl; +http://www.semrush.com/bot.html)"
185.191.171.3 - - [30/Apr/2025:12:40:02 -0400] "GET /?category=2549b5&n=796275027900 HTTP/1.1" 200 0 "-" "Mozilla/5.0 (compatible; SemrushBot/7~bl; +http://www.semrush.com/bot.html)"
157.55.39.51 - - [30/Apr/2025:12:40:12 -0400] "GET /?n=72116129090109&category=8e8c05 HTTP/1.1" 200 26445 "-" "Mozilla/5.0 AppleWebKit/537.36 (KHTML, like Gecko; compatible; bingbot/2.0; +http://www.bing.com/bingbot.htm) Chrome/116.0.1938.76 Safari/537.36"
85.208.96.203 - - [30/Apr/2025:12:40:47 -0400] "GET /?category=2b7b59&n=1751077457903 HTTP/1.1" 200 0 "-" "Mozilla/5.0 (compatible; SemrushBot/7~bl; +http://www.semrush.com/bot.html)"
