OwlCyberSecurity - MANAGER
Edit File: infonono4d.com.megahosting.pw-ssl_log
85.208.96.208 - - [30/Apr/2025:07:55:34 -0400] "GET /?category=7a44f2&n=21969135598701 HTTP/1.1" 200 0 "-" "Mozilla/5.0 (compatible; SemrushBot/7~bl; +http://www.semrush.com/bot.html)"
85.208.96.207 - - [30/Apr/2025:07:55:44 -0400] "GET /?category=e39f50&n=77337106672209 HTTP/1.1" 200 0 "-" "Mozilla/5.0 (compatible; SemrushBot/7~bl; +http://www.semrush.com/bot.html)"
85.208.96.196 - - [30/Apr/2025:07:56:10 -0400] "GET /?category=9ef2f3&n=70149109400700 HTTP/1.1" 200 0 "-" "Mozilla/5.0 (compatible; SemrushBot/7~bl; +http://www.semrush.com/bot.html)"
85.208.96.196 - - [30/Apr/2025:07:56:26 -0400] "GET /?category=a3f234&n=28281156964500 HTTP/1.1" 200 0 "-" "Mozilla/5.0 (compatible; SemrushBot/7~bl; +http://www.semrush.com/bot.html)"
85.208.96.198 - - [30/Apr/2025:07:56:28 -0400] "GET /?category=15f3ab&n=32725144223104 HTTP/1.1" 200 0 "-" "Mozilla/5.0 (compatible; SemrushBot/7~bl; +http://www.semrush.com/bot.html)"
85.208.96.206 - - [30/Apr/2025:07:59:03 -0400] "GET /?category=f0888b&n=19589176392513 HTTP/1.1" 200 0 "-" "Mozilla/5.0 (compatible; SemrushBot/7~bl; +http://www.semrush.com/bot.html)"
85.208.96.193 - - [30/Apr/2025:07:59:36 -0400] "GET /?category=169865&n=2912650722702 HTTP/1.1" 200 0 "-" "Mozilla/5.0 (compatible; SemrushBot/7~bl; +http://www.semrush.com/bot.html)"
185.191.171.17 - - [30/Apr/2025:07:59:50 -0400] "GET /?category=622920&n=8827075286202 HTTP/1.1" 200 0 "-" "Mozilla/5.0 (compatible; SemrushBot/7~bl; +http://www.semrush.com/bot.html)"
185.191.171.17 - - [30/Apr/2025:07:59:57 -0400] "GET /?category=f35e19&n=81739170647604 HTTP/1.1" 200 0 "-" "Mozilla/5.0 (compatible; SemrushBot/7~bl; +http://www.semrush.com/bot.html)"
185.191.171.12 - - [30/Apr/2025:08:00:08 -0400] "GET /?category=9d2989&n=2817091917800 HTTP/1.1" 200 0 "-" "Mozilla/5.0 (compatible; SemrushBot/7~bl; +http://www.semrush.com/bot.html)"
207.46.13.17 - - [30/Apr/2025:08:00:25 -0400] "GET /?n=5088291635907&category=01d0e4 HTTP/1.1" 200 27831 "-" "Mozilla/5.0 AppleWebKit/537.36 (KHTML, like Gecko; compatible; bingbot/2.0; +http://www.bing.com/bingbot.htm) Chrome/116.0.1938.76 Safari/537.36"
20.191.45.212 - - [30/Apr/2025:08:00:45 -0400] "GET / HTTP/1.1" 200 0 "https://infonono4d.com/" "DuckDuckBot/1.1; (+http://duckduckgo.com/duckduckbot.html)"
20.191.45.212 - - [30/Apr/2025:08:00:46 -0400] "GET /favicon.ico HTTP/1.1" 404 1251 "https://infonono4d.com/favicon.ico" "DuckDuckBot/1.1; (+http://duckduckgo.com/duckduckbot.html)"
20.191.45.212 - - [30/Apr/2025:08:00:46 -0400] "GET /favicon.ico HTTP/1.1" 404 1251 "https://infonono4d.com/favicon.ico" "DuckDuckBot/1.1; (+http://duckduckgo.com/duckduckbot.html)"
185.191.171.1 - - [30/Apr/2025:08:04:34 -0400] "GET /?category=fa3b0e&n=5347831500801 HTTP/1.1" 200 0 "-" "Mozilla/5.0 (compatible; SemrushBot/7~bl; +http://www.semrush.com/bot.html)"
185.191.171.5 - - [30/Apr/2025:08:05:44 -0400] "GET /?category=6c16bb&n=29811138562200 HTTP/1.1" 200 0 "-" "Mozilla/5.0 (compatible; SemrushBot/7~bl; +http://www.semrush.com/bot.html)"
185.191.171.12 - - [30/Apr/2025:08:05:50 -0400] "GET /?category=6a3133&n=38101193632706 HTTP/1.1" 200 0 "-" "Mozilla/5.0 (compatible; SemrushBot/7~bl; +http://www.semrush.com/bot.html)"
185.191.171.13 - - [30/Apr/2025:08:08:01 -0400] "GET /?category=3b3b8c&n=7749241028802 HTTP/1.1" 200 0 "-" "Mozilla/5.0 (compatible; SemrushBot/7~bl; +http://www.semrush.com/bot.html)"
185.191.171.11 - - [30/Apr/2025:08:09:06 -0400] "GET /?category=74c252&n=99997158996501 HTTP/1.1" 200 0 "-" "Mozilla/5.0 (compatible; SemrushBot/7~bl; +http://www.semrush.com/bot.html)"
85.208.96.208 - - [30/Apr/2025:08:09:31 -0400] "GET /?category=30db4c&n=27999196556300 HTTP/1.1" 200 0 "-" "Mozilla/5.0 (compatible; SemrushBot/7~bl; +http://www.semrush.com/bot.html)"
85.208.96.198 - - [30/Apr/2025:08:10:36 -0400] "GET /?category=18119b&n=29268123154400 HTTP/1.1" 200 0 "-" "Mozilla/5.0 (compatible; SemrushBot/7~bl; +http://www.semrush.com/bot.html)"
185.191.171.9 - - [30/Apr/2025:08:11:14 -0400] "GET /?category=5711d0&n=11471166570802 HTTP/1.1" 200 0 "-" "Mozilla/5.0 (compatible; SemrushBot/7~bl; +http://www.semrush.com/bot.html)"
185.191.171.9 - - [30/Apr/2025:08:11:16 -0400] "GET /?category=f98067&n=1817944554303 HTTP/1.1" 200 0 "-" "Mozilla/5.0 (compatible; SemrushBot/7~bl; +http://www.semrush.com/bot.html)"
185.191.171.6 - - [30/Apr/2025:08:11:46 -0400] "GET /?category=2cb524&n=2276833056701 HTTP/1.1" 200 0 "-" "Mozilla/5.0 (compatible; SemrushBot/7~bl; +http://www.semrush.com/bot.html)"
85.208.96.210 - - [30/Apr/2025:08:12:09 -0400] "GET /?category=0d9548&n=6996137610100 HTTP/1.1" 200 0 "-" "Mozilla/5.0 (compatible; SemrushBot/7~bl; +http://www.semrush.com/bot.html)"
40.77.167.247 - - [30/Apr/2025:08:14:28 -0400] "GET /?n=0634533012601&category=c5b2c6 HTTP/1.1" 200 25581 "-" "Mozilla/5.0 AppleWebKit/537.36 (KHTML, like Gecko; compatible; bingbot/2.0; +http://www.bing.com/bingbot.htm) Chrome/116.0.1938.76 Safari/537.36"
85.208.96.203 - - [30/Apr/2025:08:14:59 -0400] "GET /?category=59bcbb&n=2870752124600 HTTP/1.1" 200 0 "-" "Mozilla/5.0 (compatible; SemrushBot/7~bl; +http://www.semrush.com/bot.html)"
85.208.96.203 - - [30/Apr/2025:08:15:32 -0400] "GET /?category=250ead&n=79278179697102 HTTP/1.1" 200 0 "-" "Mozilla/5.0 (compatible; SemrushBot/7~bl; +http://www.semrush.com/bot.html)"
185.191.171.18 - - [30/Apr/2025:08:15:52 -0400] "GET /?category=2ec03e&n=93927767700 HTTP/1.1" 200 0 "-" "Mozilla/5.0 (compatible; SemrushBot/7~bl; +http://www.semrush.com/bot.html)"
40.77.167.247 - - [30/Apr/2025:08:16:07 -0400] "GET /?n=8032987006000&category=fa6b5e HTTP/1.1" 200 27230 "-" "Mozilla/5.0 AppleWebKit/537.36 (KHTML, like Gecko; compatible; bingbot/2.0; +http://www.bing.com/bingbot.htm) Chrome/116.0.1938.76 Safari/537.36"
85.208.96.202 - - [30/Apr/2025:08:16:38 -0400] "GET /?category=55034c&n=96183119496803 HTTP/1.1" 200 0 "-" "Mozilla/5.0 (compatible; SemrushBot/7~bl; +http://www.semrush.com/bot.html)"
85.208.96.202 - - [30/Apr/2025:08:17:03 -0400] "GET /?category=3bc96c&n=7210826099402 HTTP/1.1" 200 0 "-" "Mozilla/5.0 (compatible; SemrushBot/7~bl; +http://www.semrush.com/bot.html)"
85.208.96.199 - - [30/Apr/2025:08:18:59 -0400] "GET /?category=59a106&n=3078753203101 HTTP/1.1" 200 0 "-" "Mozilla/5.0 (compatible; SemrushBot/7~bl; +http://www.semrush.com/bot.html)"
185.191.171.19 - - [30/Apr/2025:08:19:06 -0400] "GET /?category=bd73c9&n=83911183649400 HTTP/1.1" 200 0 "-" "Mozilla/5.0 (compatible; SemrushBot/7~bl; +http://www.semrush.com/bot.html)"
85.208.96.203 - - [30/Apr/2025:08:21:56 -0400] "GET /?category=f1c9b8&n=60950118782301 HTTP/1.1" 200 0 "-" "Mozilla/5.0 (compatible; SemrushBot/7~bl; +http://www.semrush.com/bot.html)"
185.191.171.16 - - [30/Apr/2025:08:21:59 -0400] "GET /?category=e98327&n=7269082049204 HTTP/1.1" 200 0 "-" "Mozilla/5.0 (compatible; SemrushBot/7~bl; +http://www.semrush.com/bot.html)"
52.167.144.174 - - [30/Apr/2025:08:23:08 -0400] "GET /?n=026802283600&category=3f123c HTTP/1.1" 200 26763 "-" "Mozilla/5.0 AppleWebKit/537.36 (KHTML, like Gecko; compatible; bingbot/2.0; +http://www.bing.com/bingbot.htm) Chrome/116.0.1938.76 Safari/537.36"
185.191.171.1 - - [30/Apr/2025:08:24:10 -0400] "GET /?category=db4163&n=21219199283800 HTTP/1.1" 200 0 "-" "Mozilla/5.0 (compatible; SemrushBot/7~bl; +http://www.semrush.com/bot.html)"
185.191.171.16 - - [30/Apr/2025:08:24:15 -0400] "GET /?category=097e57&n=90032157117702 HTTP/1.1" 200 0 "-" "Mozilla/5.0 (compatible; SemrushBot/7~bl; +http://www.semrush.com/bot.html)"
85.208.96.200 - - [30/Apr/2025:08:24:35 -0400] "GET /?category=77087f&n=2008014489900 HTTP/1.1" 200 0 "-" "Mozilla/5.0 (compatible; SemrushBot/7~bl; +http://www.semrush.com/bot.html)"
216.244.66.239 - - [30/Apr/2025:08:25:01 -0400] "GET /robots.txt HTTP/1.1" 200 68 "-" "Mozilla/5.0 (compatible; DotBot/1.2; +https://opensiteexplorer.org/dotbot; help@moz.com)"
185.191.171.4 - - [30/Apr/2025:08:26:01 -0400] "GET /?category=d94a80&n=7209721050203 HTTP/1.1" 200 0 "-" "Mozilla/5.0 (compatible; SemrushBot/7~bl; +http://www.semrush.com/bot.html)"
85.208.96.199 - - [30/Apr/2025:08:26:12 -0400] "GET /?category=692c3e&n=76698106249801 HTTP/1.1" 200 0 "-" "Mozilla/5.0 (compatible; SemrushBot/7~bl; +http://www.semrush.com/bot.html)"
52.167.144.174 - - [30/Apr/2025:08:26:19 -0400] "GET /?n=729774803900&category=c52f98 HTTP/1.1" 200 26177 "-" "Mozilla/5.0 AppleWebKit/537.36 (KHTML, like Gecko; compatible; bingbot/2.0; +http://www.bing.com/bingbot.htm) Chrome/116.0.1938.76 Safari/537.36"
49.51.196.42 - - [30/Apr/2025:08:27:02 -0400] "GET / HTTP/1.1" 200 0 "http://infonono4d.com" "Mozilla/5.0 (iPhone; CPU iPhone OS 13_2_3 like Mac OS X) AppleWebKit/605.1.15 (KHTML, like Gecko) Version/13.0.3 Mobile/15E148 Safari/604.1"
207.46.13.111 - - [30/Apr/2025:08:27:07 -0400] "GET /?n=27942147176400&category=fa6b5e HTTP/1.1" 200 26245 "-" "Mozilla/5.0 AppleWebKit/537.36 (KHTML, like Gecko; compatible; bingbot/2.0; +http://www.bing.com/bingbot.htm) Chrome/116.0.1938.76 Safari/537.36"
207.46.13.111 - - [30/Apr/2025:08:27:08 -0400] "GET /?n=1722713765502&category=8a42f2 HTTP/1.1" 200 26971 "-" "Mozilla/5.0 AppleWebKit/537.36 (KHTML, like Gecko; compatible; bingbot/2.0; +http://www.bing.com/bingbot.htm) Chrome/116.0.1938.76 Safari/537.36"
85.208.96.198 - - [30/Apr/2025:08:27:24 -0400] "GET /?category=dd0cd3&n=8257253961100 HTTP/1.1" 200 0 "-" "Mozilla/5.0 (compatible; SemrushBot/7~bl; +http://www.semrush.com/bot.html)"
185.191.171.14 - - [30/Apr/2025:08:28:18 -0400] "GET /?category=2dc542&n=95292197673308 HTTP/1.1" 200 0 "-" "Mozilla/5.0 (compatible; SemrushBot/7~bl; +http://www.semrush.com/bot.html)"
185.191.171.4 - - [30/Apr/2025:08:28:49 -0400] "GET /?category=c383ea&n=52017186184203 HTTP/1.1" 200 0 "-" "Mozilla/5.0 (compatible; SemrushBot/7~bl; +http://www.semrush.com/bot.html)"
85.208.96.200 - - [30/Apr/2025:08:28:59 -0400] "GET /?category=fee907&n=26192183975400 HTTP/1.1" 200 0 "-" "Mozilla/5.0 (compatible; SemrushBot/7~bl; +http://www.semrush.com/bot.html)"
185.191.171.4 - - [30/Apr/2025:08:29:02 -0400] "GET /?category=d20287&n=05941177811803 HTTP/1.1" 200 0 "-" "Mozilla/5.0 (compatible; SemrushBot/7~bl; +http://www.semrush.com/bot.html)"
85.208.96.210 - - [30/Apr/2025:08:29:53 -0400] "GET /?category=379cc1&n=0657174266602 HTTP/1.1" 200 0 "-" "Mozilla/5.0 (compatible; SemrushBot/7~bl; +http://www.semrush.com/bot.html)"
85.208.96.201 - - [30/Apr/2025:08:30:59 -0400] "GET /?category=be778e&n=8907085102402 HTTP/1.1" 200 0 "-" "Mozilla/5.0 (compatible; SemrushBot/7~bl; +http://www.semrush.com/bot.html)"
216.244.66.239 - - [30/Apr/2025:08:31:13 -0400] "GET /bandar-toto-togel-pasaran-wla-hadiah-terbesar-di-asia-nono4d-com/feed/ HTTP/1.1" 200 0 "-" "Mozilla/5.0 (compatible; DotBot/1.2; +https://opensiteexplorer.org/dotbot; help@moz.com)"
85.208.96.207 - - [30/Apr/2025:08:31:46 -0400] "GET /?category=61e975&n=76482160227701 HTTP/1.1" 200 0 "-" "Mozilla/5.0 (compatible; SemrushBot/7~bl; +http://www.semrush.com/bot.html)"
85.208.96.197 - - [30/Apr/2025:08:31:53 -0400] "GET /?category=18a53b&n=9609470161400 HTTP/1.1" 200 0 "-" "Mozilla/5.0 (compatible; SemrushBot/7~bl; +http://www.semrush.com/bot.html)"
85.208.96.193 - - [30/Apr/2025:08:32:06 -0400] "GET /?category=05b3ed&n=27000164221900 HTTP/1.1" 200 0 "-" "Mozilla/5.0 (compatible; SemrushBot/7~bl; +http://www.semrush.com/bot.html)"
185.191.171.19 - - [30/Apr/2025:08:32:34 -0400] "GET /?category=94f005&n=696055710503 HTTP/1.1" 200 0 "-" "Mozilla/5.0 (compatible; SemrushBot/7~bl; +http://www.semrush.com/bot.html)"
185.191.171.9 - - [30/Apr/2025:08:33:13 -0400] "GET /?category=af0a7e&n=2651888899200 HTTP/1.1" 200 0 "-" "Mozilla/5.0 (compatible; SemrushBot/7~bl; +http://www.semrush.com/bot.html)"
85.208.96.193 - - [30/Apr/2025:08:33:21 -0400] "GET /?category=5a5a5d&n=9065859223105 HTTP/1.1" 200 0 "-" "Mozilla/5.0 (compatible; SemrushBot/7~bl; +http://www.semrush.com/bot.html)"
185.191.171.2 - - [30/Apr/2025:08:33:35 -0400] "GET /?category=a58065&n=4814461873804 HTTP/1.1" 200 0 "-" "Mozilla/5.0 (compatible; SemrushBot/7~bl; +http://www.semrush.com/bot.html)"
52.167.144.199 - - [30/Apr/2025:08:33:48 -0400] "GET /?n=1735050377811&category=48ae1f HTTP/1.1" 200 25915 "-" "Mozilla/5.0 AppleWebKit/537.36 (KHTML, like Gecko; compatible; bingbot/2.0; +http://www.bing.com/bingbot.htm) Chrome/116.0.1938.76 Safari/537.36"
85.208.96.205 - - [30/Apr/2025:08:34:04 -0400] "GET /?category=7bdb9f&n=9115096362304 HTTP/1.1" 200 0 "-" "Mozilla/5.0 (compatible; SemrushBot/7~bl; +http://www.semrush.com/bot.html)"
185.191.171.3 - - [30/Apr/2025:08:35:12 -0400] "GET /?category=41491f&n=41360115081601 HTTP/1.1" 200 0 "-" "Mozilla/5.0 (compatible; SemrushBot/7~bl; +http://www.semrush.com/bot.html)"
185.191.171.9 - - [30/Apr/2025:08:36:29 -0400] "GET /?category=c03cca&n=11278148494807 HTTP/1.1" 200 0 "-" "Mozilla/5.0 (compatible; SemrushBot/7~bl; +http://www.semrush.com/bot.html)"
52.167.144.219 - - [30/Apr/2025:08:37:00 -0400] "GET /?n=0873416011905&category=d375e1 HTTP/1.1" 200 26133 "-" "Mozilla/5.0 AppleWebKit/537.36 (KHTML, like Gecko; compatible; bingbot/2.0; +http://www.bing.com/bingbot.htm) Chrome/116.0.1938.76 Safari/537.36"
175.41.148.236 - - [30/Apr/2025:08:37:33 -0400] "GET /wp-content/uploads/2023/09/ADS-NONO-2-2-e1693768286156.jpg HTTP/1.1" 200 0 "-" "python-requests/2.30.0"
185.191.171.14 - - [30/Apr/2025:08:38:13 -0400] "GET /?category=423c57&n=45987132217201 HTTP/1.1" 200 0 "-" "Mozilla/5.0 (compatible; SemrushBot/7~bl; +http://www.semrush.com/bot.html)"
85.208.96.195 - - [30/Apr/2025:08:38:33 -0400] "GET /?category=e9d1ee&n=8978948332701 HTTP/1.1" 200 0 "-" "Mozilla/5.0 (compatible; SemrushBot/7~bl; +http://www.semrush.com/bot.html)"
185.191.171.6 - - [30/Apr/2025:08:38:50 -0400] "GET /?category=22264a&n=0049055703102 HTTP/1.1" 200 0 "-" "Mozilla/5.0 (compatible; SemrushBot/7~bl; +http://www.semrush.com/bot.html)"
185.191.171.15 - - [30/Apr/2025:08:39:14 -0400] "GET /?category=ca3a67&n=44984106442805 HTTP/1.1" 200 0 "-" "Mozilla/5.0 (compatible; SemrushBot/7~bl; +http://www.semrush.com/bot.html)"
62.113.113.106 - - [30/Apr/2025:08:39:16 -0400] "GET /5-pilihan-slot-gacor-terbaik-hari-ini-di-nono4d/ HTTP/1.0" 200 0 "https://infonono4d.com/5-pilihan-slot-gacor-terbaik-hari-ini-di-nono4d/" "Mozilla/5.0 (Windows NT 10.0; Win64; x64) AppleWebKit/537.36 (KHTML, like Gecko) Chrome/129.0.0.0 Safari/537.36"
62.113.113.106 - - [30/Apr/2025:08:39:17 -0400] "GET / HTTP/1.0" 200 0 "https://infonono4d.com/" "Mozilla/5.0 (Windows NT 10.0; Win64; x64) AppleWebKit/537.36 (KHTML, like Gecko) Chrome/129.0.0.0 Safari/537.36"
85.208.96.200 - - [30/Apr/2025:08:39:55 -0400] "GET /?category=436a36&n=0087729379801 HTTP/1.1" 200 0 "-" "Mozilla/5.0 (compatible; SemrushBot/7~bl; +http://www.semrush.com/bot.html)"
85.208.96.200 - - [30/Apr/2025:08:39:58 -0400] "GET /?category=6bf753&n=78027199216101 HTTP/1.1" 200 0 "-" "Mozilla/5.0 (compatible; SemrushBot/7~bl; +http://www.semrush.com/bot.html)"
207.46.13.126 - - [30/Apr/2025:08:40:08 -0400] "GET /?n=1508948621003&category=909506 HTTP/1.1" 200 26513 "-" "Mozilla/5.0 AppleWebKit/537.36 (KHTML, like Gecko; compatible; bingbot/2.0; +http://www.bing.com/bingbot.htm) Chrome/116.0.1938.76 Safari/537.36"
85.208.96.202 - - [30/Apr/2025:08:42:07 -0400] "GET /?category=c0dbd1&n=3990559534700 HTTP/1.1" 200 0 "-" "Mozilla/5.0 (compatible; SemrushBot/7~bl; +http://www.semrush.com/bot.html)"
85.208.96.197 - - [30/Apr/2025:08:42:15 -0400] "GET /?category=7e900d&n=8866233798900 HTTP/1.1" 200 0 "-" "Mozilla/5.0 (compatible; SemrushBot/7~bl; +http://www.semrush.com/bot.html)"
85.208.96.200 - - [30/Apr/2025:08:42:34 -0400] "GET /?category=282a3b&n=74239104121103 HTTP/1.1" 200 0 "-" "Mozilla/5.0 (compatible; SemrushBot/7~bl; +http://www.semrush.com/bot.html)"
85.208.96.209 - - [30/Apr/2025:08:43:56 -0400] "GET /?category=2cb69e&n=0487540707903 HTTP/1.1" 200 0 "-" "Mozilla/5.0 (compatible; SemrushBot/7~bl; +http://www.semrush.com/bot.html)"
85.208.96.194 - - [30/Apr/2025:08:45:11 -0400] "GET /?category=f6e3ef&n=92900117338601 HTTP/1.1" 200 0 "-" "Mozilla/5.0 (compatible; SemrushBot/7~bl; +http://www.semrush.com/bot.html)"
185.191.171.1 - - [30/Apr/2025:08:45:39 -0400] "GET /?category=d810d9&n=91537113331501 HTTP/1.1" 200 0 "-" "Mozilla/5.0 (compatible; SemrushBot/7~bl; +http://www.semrush.com/bot.html)"
85.208.96.212 - - [30/Apr/2025:08:46:24 -0400] "GET /?category=d4ed87&n=2030898148502 HTTP/1.1" 200 0 "-" "Mozilla/5.0 (compatible; SemrushBot/7~bl; +http://www.semrush.com/bot.html)"
185.191.171.2 - - [30/Apr/2025:08:46:36 -0400] "GET /?category=c3063b&n=2110943090900 HTTP/1.1" 200 0 "-" "Mozilla/5.0 (compatible; SemrushBot/7~bl; +http://www.semrush.com/bot.html)"
185.245.105.171 - - [30/Apr/2025:08:47:05 -0400] "GET /nono4d-bandar-toto-macau-hadiah-terbesar-se-indonesia/ HTTP/1.0" 200 0 "https://infonono4d.com/nono4d-bandar-toto-macau-hadiah-terbesar-se-indonesia/" "Mozilla/5.0 (Windows NT 10.0; Win64; x64) AppleWebKit/537.36 (KHTML, like Gecko) Chrome/131.0.0.0 Safari/537.36 Avast/131.0.0.0"
185.245.105.171 - - [30/Apr/2025:08:47:06 -0400] "GET / HTTP/1.0" 200 0 "https://infonono4d.com/" "Mozilla/5.0 (Windows NT 10.0; Win64; x64) AppleWebKit/537.36 (KHTML, like Gecko) Chrome/131.0.0.0 Safari/537.36 Avast/131.0.0.0"
185.191.171.14 - - [30/Apr/2025:08:49:23 -0400] "GET /robots.txt HTTP/1.1" 200 82 "-" "Mozilla/5.0 (compatible; SemrushBot/7~bl; +http://www.semrush.com/bot.html)"
185.191.171.7 - - [30/Apr/2025:08:49:24 -0400] "GET /?category=d25f2f&n=80492159317307 HTTP/1.1" 200 0 "-" "Mozilla/5.0 (compatible; SemrushBot/7~bl; +http://www.semrush.com/bot.html)"
85.208.96.202 - - [30/Apr/2025:08:49:25 -0400] "GET /?category=a2a2e0&n=7064238243501 HTTP/1.1" 200 0 "-" "Mozilla/5.0 (compatible; SemrushBot/7~bl; +http://www.semrush.com/bot.html)"
195.2.85.110 - - [30/Apr/2025:08:49:41 -0400] "GET /nono4d-situs-togel-online-pasaran-paling-lengkap/ HTTP/1.0" 200 0 "https://infonono4d.com/nono4d-situs-togel-online-pasaran-paling-lengkap/" "Mozilla/5.0 (Windows NT 10.0; Win64; x64) AppleWebKit/537.36 (KHTML, like Gecko) Chrome/129.0.0.0 Safari/537.36"
195.2.85.110 - - [30/Apr/2025:08:49:42 -0400] "GET / HTTP/1.0" 200 0 "https://infonono4d.com/" "Mozilla/5.0 (Windows NT 10.0; Win64; x64) AppleWebKit/537.36 (KHTML, like Gecko) Chrome/129.0.0.0 Safari/537.36"
85.208.96.211 - - [30/Apr/2025:08:50:07 -0400] "GET /?category=3e4324&n=8279689446801 HTTP/1.1" 200 0 "-" "Mozilla/5.0 (compatible; SemrushBot/7~bl; +http://www.semrush.com/bot.html)"
85.208.96.206 - - [30/Apr/2025:08:50:25 -0400] "GET /?category=ee7655&n=04848148721105 HTTP/1.1" 200 0 "-" "Mozilla/5.0 (compatible; SemrushBot/7~bl; +http://www.semrush.com/bot.html)"
85.208.96.208 - - [30/Apr/2025:08:50:27 -0400] "GET /?category=6887ba&n=3323043379601 HTTP/1.1" 200 0 "-" "Mozilla/5.0 (compatible; SemrushBot/7~bl; +http://www.semrush.com/bot.html)"
85.208.96.199 - - [30/Apr/2025:08:50:32 -0400] "GET /?category=a66792&n=35100105202804 HTTP/1.1" 200 0 "-" "Mozilla/5.0 (compatible; SemrushBot/7~bl; +http://www.semrush.com/bot.html)"
185.191.171.18 - - [30/Apr/2025:08:50:35 -0400] "GET /?category=2757c2&n=8436549286902 HTTP/1.1" 200 0 "-" "Mozilla/5.0 (compatible; SemrushBot/7~bl; +http://www.semrush.com/bot.html)"
185.191.171.9 - - [30/Apr/2025:08:50:48 -0400] "GET /?category=39d5b1&n=15649194479205 HTTP/1.1" 200 0 "-" "Mozilla/5.0 (compatible; SemrushBot/7~bl; +http://www.semrush.com/bot.html)"
185.191.171.13 - - [30/Apr/2025:08:50:52 -0400] "GET /?category=9a8112&n=5864131313505 HTTP/1.1" 200 0 "-" "Mozilla/5.0 (compatible; SemrushBot/7~bl; +http://www.semrush.com/bot.html)"
85.208.96.204 - - [30/Apr/2025:08:52:02 -0400] "GET /?category=e170d8&n=949064580301 HTTP/1.1" 200 0 "-" "Mozilla/5.0 (compatible; SemrushBot/7~bl; +http://www.semrush.com/bot.html)"
185.191.171.13 - - [30/Apr/2025:08:52:22 -0400] "GET /?category=c12782&n=81745126031501 HTTP/1.1" 200 0 "-" "Mozilla/5.0 (compatible; SemrushBot/7~bl; +http://www.semrush.com/bot.html)"
185.191.171.18 - - [30/Apr/2025:08:52:25 -0400] "GET /?category=0b0c10&n=57320139941908 HTTP/1.1" 200 0 "-" "Mozilla/5.0 (compatible; SemrushBot/7~bl; +http://www.semrush.com/bot.html)"
185.191.171.4 - - [30/Apr/2025:08:52:54 -0400] "GET /?category=d63dae&n=3696441689501 HTTP/1.1" 200 0 "-" "Mozilla/5.0 (compatible; SemrushBot/7~bl; +http://www.semrush.com/bot.html)"
85.208.96.199 - - [30/Apr/2025:08:54:06 -0400] "GET /?category=5abc9c&n=7809277485401 HTTP/1.1" 200 0 "-" "Mozilla/5.0 (compatible; SemrushBot/7~bl; +http://www.semrush.com/bot.html)"
85.208.96.210 - - [30/Apr/2025:08:54:39 -0400] "GET /?category=637c82&n=48098149400104 HTTP/1.1" 200 0 "-" "Mozilla/5.0 (compatible; SemrushBot/7~bl; +http://www.semrush.com/bot.html)"
85.208.96.205 - - [30/Apr/2025:08:54:48 -0400] "GET /?category=b796f0&n=12885157451609 HTTP/1.1" 200 0 "-" "Mozilla/5.0 (compatible; SemrushBot/7~bl; +http://www.semrush.com/bot.html)"
185.191.171.15 - - [30/Apr/2025:08:55:05 -0400] "GET /?category=dafb1e&n=7249536814608 HTTP/1.1" 200 0 "-" "Mozilla/5.0 (compatible; SemrushBot/7~bl; +http://www.semrush.com/bot.html)"
85.208.96.199 - - [30/Apr/2025:08:57:16 -0400] "GET /?category=d78b23&n=30261146019503 HTTP/1.1" 200 0 "-" "Mozilla/5.0 (compatible; SemrushBot/7~bl; +http://www.semrush.com/bot.html)"
185.191.171.8 - - [30/Apr/2025:08:59:13 -0400] "GET /?category=49ea12&n=0880226426803 HTTP/1.1" 200 0 "-" "Mozilla/5.0 (compatible; SemrushBot/7~bl; +http://www.semrush.com/bot.html)"
185.191.171.5 - - [30/Apr/2025:08:59:22 -0400] "GET /?category=25ae07&n=11757180281901 HTTP/1.1" 200 0 "-" "Mozilla/5.0 (compatible; SemrushBot/7~bl; +http://www.semrush.com/bot.html)"
85.208.96.199 - - [30/Apr/2025:08:59:40 -0400] "GET /?category=6b01d1&n=77790173980703 HTTP/1.1" 200 0 "-" "Mozilla/5.0 (compatible; SemrushBot/7~bl; +http://www.semrush.com/bot.html)"
85.208.96.200 - - [30/Apr/2025:08:59:52 -0400] "GET /?category=00326f&n=80478194227402 HTTP/1.1" 200 0 "-" "Mozilla/5.0 (compatible; SemrushBot/7~bl; +http://www.semrush.com/bot.html)"
85.208.96.197 - - [30/Apr/2025:09:00:04 -0400] "GET /?category=1afb5d&n=97462134563202 HTTP/1.1" 200 0 "-" "Mozilla/5.0 (compatible; SemrushBot/7~bl; +http://www.semrush.com/bot.html)"
85.208.96.205 - - [30/Apr/2025:09:01:10 -0400] "GET /?category=fc03df&n=18577154853101 HTTP/1.1" 200 0 "-" "Mozilla/5.0 (compatible; SemrushBot/7~bl; +http://www.semrush.com/bot.html)"
157.55.39.63 - - [30/Apr/2025:09:03:01 -0400] "GET /?n=00815112852801&category=d5c43c HTTP/1.1" 200 27116 "-" "Mozilla/5.0 AppleWebKit/537.36 (KHTML, like Gecko; compatible; bingbot/2.0; +http://www.bing.com/bingbot.htm) Chrome/116.0.1938.76 Safari/537.36"
40.77.167.59 - - [30/Apr/2025:09:03:20 -0400] "GET /?n=119613708105&category=c1e23a HTTP/1.1" 200 27015 "-" "Mozilla/5.0 AppleWebKit/537.36 (KHTML, like Gecko; compatible; bingbot/2.0; +http://www.bing.com/bingbot.htm) Chrome/116.0.1938.76 Safari/537.36"
85.208.96.200 - - [30/Apr/2025:09:03:24 -0400] "GET /?category=a9d90b&n=14822148396200 HTTP/1.1" 200 0 "-" "Mozilla/5.0 (compatible; SemrushBot/7~bl; +http://www.semrush.com/bot.html)"
185.191.171.8 - - [30/Apr/2025:09:03:53 -0400] "GET /?category=2894cc&n=78715106818603 HTTP/1.1" 200 0 "-" "Mozilla/5.0 (compatible; SemrushBot/7~bl; +http://www.semrush.com/bot.html)"
85.208.96.209 - - [30/Apr/2025:09:04:28 -0400] "GET /?category=d20287&n=80617176828101 HTTP/1.1" 200 0 "-" "Mozilla/5.0 (compatible; SemrushBot/7~bl; +http://www.semrush.com/bot.html)"
185.191.171.10 - - [30/Apr/2025:09:04:58 -0400] "GET /?category=291715&n=2703696412600 HTTP/1.1" 200 0 "-" "Mozilla/5.0 (compatible; SemrushBot/7~bl; +http://www.semrush.com/bot.html)"
40.77.167.59 - - [30/Apr/2025:09:05:01 -0400] "GET /?n=00815112852803&category=d5c43c HTTP/1.1" 200 27057 "-" "Mozilla/5.0 AppleWebKit/537.36 (KHTML, like Gecko; compatible; bingbot/2.0; +http://www.bing.com/bingbot.htm) Chrome/116.0.1938.76 Safari/537.36"
40.77.167.59 - - [30/Apr/2025:09:05:01 -0400] "GET /?n=658637181402&category=d5c43c HTTP/1.1" 200 27543 "-" "Mozilla/5.0 AppleWebKit/537.36 (KHTML, like Gecko; compatible; bingbot/2.0; +http://www.bing.com/bingbot.htm) Chrome/116.0.1938.76 Safari/537.36"
40.77.167.59 - - [30/Apr/2025:09:05:11 -0400] "GET /?n=008157181108&category=d5c43c HTTP/1.1" 200 27340 "-" "Mozilla/5.0 AppleWebKit/537.36 (KHTML, like Gecko; compatible; bingbot/2.0; +http://www.bing.com/bingbot.htm) Chrome/116.0.1938.76 Safari/537.36"
52.167.144.176 - - [30/Apr/2025:09:05:15 -0400] "GET /?n=912707181800&category=d5c43c HTTP/1.1" 200 27650 "-" "Mozilla/5.0 AppleWebKit/537.36 (KHTML, like Gecko; compatible; bingbot/2.0; +http://www.bing.com/bingbot.htm) Chrome/116.0.1938.76 Safari/537.36"
40.77.167.59 - - [30/Apr/2025:09:05:21 -0400] "GET /?n=008157181003&category=d5c43c HTTP/1.1" 200 27306 "-" "Mozilla/5.0 AppleWebKit/537.36 (KHTML, like Gecko; compatible; bingbot/2.0; +http://www.bing.com/bingbot.htm) Chrome/116.0.1938.76 Safari/537.36"
185.191.171.9 - - [30/Apr/2025:09:05:49 -0400] "GET /?category=5cb285&n=71903134839704 HTTP/1.1" 200 0 "-" "Mozilla/5.0 (compatible; SemrushBot/7~bl; +http://www.semrush.com/bot.html)"
85.208.96.208 - - [30/Apr/2025:09:06:26 -0400] "GET /?category=655142&n=4296062295803 HTTP/1.1" 200 0 "-" "Mozilla/5.0 (compatible; SemrushBot/7~bl; +http://www.semrush.com/bot.html)"
185.191.171.4 - - [30/Apr/2025:09:07:21 -0400] "GET /?category=7d1047&n=0487942945305 HTTP/1.1" 200 0 "-" "Mozilla/5.0 (compatible; SemrushBot/7~bl; +http://www.semrush.com/bot.html)"
185.191.171.6 - - [30/Apr/2025:09:07:26 -0400] "GET /?category=6887ba&n=17988181758700 HTTP/1.1" 200 0 "-" "Mozilla/5.0 (compatible; SemrushBot/7~bl; +http://www.semrush.com/bot.html)"
52.167.144.176 - - [30/Apr/2025:09:07:33 -0400] "GET /?n=9280077249107&category=e9c4bc HTTP/1.1" 200 27008 "-" "Mozilla/5.0 AppleWebKit/537.36 (KHTML, like Gecko; compatible; bingbot/2.0; +http://www.bing.com/bingbot.htm) Chrome/116.0.1938.76 Safari/537.36"
185.191.171.15 - - [30/Apr/2025:09:08:06 -0400] "GET /?category=63c082&n=799105105705 HTTP/1.1" 200 0 "-" "Mozilla/5.0 (compatible; SemrushBot/7~bl; +http://www.semrush.com/bot.html)"
85.208.96.208 - - [30/Apr/2025:09:08:14 -0400] "GET /?category=f32656&n=48719161722207 HTTP/1.1" 200 0 "-" "Mozilla/5.0 (compatible; SemrushBot/7~bl; +http://www.semrush.com/bot.html)"
52.167.144.229 - - [30/Apr/2025:09:09:12 -0400] "GET /?n=4147150571902&category=1a44a3 HTTP/1.1" 200 26854 "-" "Mozilla/5.0 AppleWebKit/537.36 (KHTML, like Gecko; compatible; bingbot/2.0; +http://www.bing.com/bingbot.htm) Chrome/116.0.1938.76 Safari/537.36"
85.208.96.208 - - [30/Apr/2025:09:09:23 -0400] "GET /?category=f620f7&n=48125182541706 HTTP/1.1" 200 0 "-" "Mozilla/5.0 (compatible; SemrushBot/7~bl; +http://www.semrush.com/bot.html)"
185.191.171.18 - - [30/Apr/2025:09:10:09 -0400] "GET /?category=a1e1cb&n=82872118857703 HTTP/1.1" 200 0 "-" "Mozilla/5.0 (compatible; SemrushBot/7~bl; +http://www.semrush.com/bot.html)"
85.208.96.200 - - [30/Apr/2025:09:10:27 -0400] "GET /?category=632679&n=7251749450704 HTTP/1.1" 200 0 "-" "Mozilla/5.0 (compatible; SemrushBot/7~bl; +http://www.semrush.com/bot.html)"
85.208.96.209 - - [30/Apr/2025:09:10:57 -0400] "GET /?category=d5ad97&n=0077357767001 HTTP/1.1" 200 0 "-" "Mozilla/5.0 (compatible; SemrushBot/7~bl; +http://www.semrush.com/bot.html)"
85.208.96.193 - - [30/Apr/2025:09:11:26 -0400] "GET /?category=75c967&n=0125683214202 HTTP/1.1" 200 0 "-" "Mozilla/5.0 (compatible; SemrushBot/7~bl; +http://www.semrush.com/bot.html)"
185.191.171.1 - - [30/Apr/2025:09:11:38 -0400] "GET /?category=e45345&n=24117179272400 HTTP/1.1" 200 0 "-" "Mozilla/5.0 (compatible; SemrushBot/7~bl; +http://www.semrush.com/bot.html)"
185.191.171.1 - - [30/Apr/2025:09:12:20 -0400] "GET /?category=d0c5d8&n=80561137000104 HTTP/1.1" 200 0 "-" "Mozilla/5.0 (compatible; SemrushBot/7~bl; +http://www.semrush.com/bot.html)"
185.191.171.8 - - [30/Apr/2025:09:12:23 -0400] "GET /?category=e4af05&n=9847199956200 HTTP/1.1" 200 0 "-" "Mozilla/5.0 (compatible; SemrushBot/7~bl; +http://www.semrush.com/bot.html)"
52.167.144.176 - - [30/Apr/2025:09:12:32 -0400] "GET /?n=379267312200&category=c1e23a HTTP/1.1" 200 26360 "-" "Mozilla/5.0 AppleWebKit/537.36 (KHTML, like Gecko; compatible; bingbot/2.0; +http://www.bing.com/bingbot.htm) Chrome/116.0.1938.76 Safari/537.36"
185.191.171.6 - - [30/Apr/2025:09:13:10 -0400] "GET /?category=a17c30&n=88685180380200 HTTP/1.1" 200 0 "-" "Mozilla/5.0 (compatible; SemrushBot/7~bl; +http://www.semrush.com/bot.html)"
85.208.96.205 - - [30/Apr/2025:09:13:34 -0400] "GET /?category=93c069&n=4911178358608 HTTP/1.1" 200 0 "-" "Mozilla/5.0 (compatible; SemrushBot/7~bl; +http://www.semrush.com/bot.html)"
185.191.171.6 - - [30/Apr/2025:09:13:37 -0400] "GET /?category=d1d0fc&n=0178217524301 HTTP/1.1" 200 0 "-" "Mozilla/5.0 (compatible; SemrushBot/7~bl; +http://www.semrush.com/bot.html)"
52.167.144.229 - - [30/Apr/2025:09:13:42 -0400] "GET /?n=8943070140900&category=ba0da8 HTTP/1.1" 200 26147 "-" "Mozilla/5.0 AppleWebKit/537.36 (KHTML, like Gecko; compatible; bingbot/2.0; +http://www.bing.com/bingbot.htm) Chrome/116.0.1938.76 Safari/537.36"
85.208.96.202 - - [30/Apr/2025:09:13:45 -0400] "GET /?category=f64ec8&n=9274930758001 HTTP/1.1" 200 0 "-" "Mozilla/5.0 (compatible; SemrushBot/7~bl; +http://www.semrush.com/bot.html)"
185.191.171.9 - - [30/Apr/2025:09:14:54 -0400] "GET /?category=33349c&n=74136105176100 HTTP/1.1" 200 0 "-" "Mozilla/5.0 (compatible; SemrushBot/7~bl; +http://www.semrush.com/bot.html)"
85.208.96.199 - - [30/Apr/2025:09:14:59 -0400] "GET /?category=1121b4&n=63018155577504 HTTP/1.1" 200 0 "-" "Mozilla/5.0 (compatible; SemrushBot/7~bl; +http://www.semrush.com/bot.html)"
85.208.96.200 - - [30/Apr/2025:09:15:58 -0400] "GET /?category=c4147b&n=6147862677400 HTTP/1.1" 200 0 "-" "Mozilla/5.0 (compatible; SemrushBot/7~bl; +http://www.semrush.com/bot.html)"
85.208.96.208 - - [30/Apr/2025:09:17:07 -0400] "GET /?category=25074c&n=7154275227703 HTTP/1.1" 200 0 "-" "Mozilla/5.0 (compatible; SemrushBot/7~bl; +http://www.semrush.com/bot.html)"
85.208.96.206 - - [30/Apr/2025:09:17:39 -0400] "GET /?category=1340ab&n=2227251623801 HTTP/1.1" 200 0 "-" "Mozilla/5.0 (compatible; SemrushBot/7~bl; +http://www.semrush.com/bot.html)"
185.191.171.11 - - [30/Apr/2025:09:17:45 -0400] "GET /?category=495790&n=42988106856706 HTTP/1.1" 200 0 "-" "Mozilla/5.0 (compatible; SemrushBot/7~bl; +http://www.semrush.com/bot.html)"
85.208.96.212 - - [30/Apr/2025:09:17:50 -0400] "GET /?category=36d2e3&n=1028244350702 HTTP/1.1" 200 0 "-" "Mozilla/5.0 (compatible; SemrushBot/7~bl; +http://www.semrush.com/bot.html)"
85.208.96.206 - - [30/Apr/2025:09:18:32 -0400] "GET /?category=ed5520&n=0217814273901 HTTP/1.1" 200 0 "-" "Mozilla/5.0 (compatible; SemrushBot/7~bl; +http://www.semrush.com/bot.html)"
212.34.147.142 - - [30/Apr/2025:09:19:43 -0400] "GET /nono4d-bandar-toto-macau-hadiah-terbesar-se-indonesia/ HTTP/1.0" 200 0 "https://infonono4d.com/nono4d-bandar-toto-macau-hadiah-terbesar-se-indonesia/" "Mozilla/5.0 (Windows NT 10.0; Win64; x64) AppleWebKit/537.36 (KHTML, like Gecko) Chrome/130.0.0.0 Safari/537.36 CCleaner/130.0.0.0"
212.34.147.142 - - [30/Apr/2025:09:19:44 -0400] "GET / HTTP/1.0" 200 0 "https://infonono4d.com/" "Mozilla/5.0 (Windows NT 10.0; Win64; x64) AppleWebKit/537.36 (KHTML, like Gecko) Chrome/130.0.0.0 Safari/537.36 CCleaner/130.0.0.0"
185.191.171.2 - - [30/Apr/2025:09:22:30 -0400] "GET /?category=c5cc9c&n=812562298400 HTTP/1.1" 200 0 "-" "Mozilla/5.0 (compatible; SemrushBot/7~bl; +http://www.semrush.com/bot.html)"
185.191.171.2 - - [30/Apr/2025:09:22:56 -0400] "GET /?category=3a47dd&n=48487186266900 HTTP/1.1" 200 0 "-" "Mozilla/5.0 (compatible; SemrushBot/7~bl; +http://www.semrush.com/bot.html)"
185.191.171.12 - - [30/Apr/2025:09:24:00 -0400] "GET /?category=fe143a&n=12816176700404 HTTP/1.1" 200 0 "-" "Mozilla/5.0 (compatible; SemrushBot/7~bl; +http://www.semrush.com/bot.html)"
85.208.96.194 - - [30/Apr/2025:09:25:26 -0400] "GET /?category=c75423&n=96270118087903 HTTP/1.1" 200 0 "-" "Mozilla/5.0 (compatible; SemrushBot/7~bl; +http://www.semrush.com/bot.html)"
185.191.171.1 - - [30/Apr/2025:09:25:40 -0400] "GET /?category=59a106&n=70942145815601 HTTP/1.1" 200 0 "-" "Mozilla/5.0 (compatible; SemrushBot/7~bl; +http://www.semrush.com/bot.html)"
85.208.96.210 - - [30/Apr/2025:09:28:46 -0400] "GET /?category=874d75&n=62770167867900 HTTP/1.1" 200 0 "-" "Mozilla/5.0 (compatible; SemrushBot/7~bl; +http://www.semrush.com/bot.html)"
85.208.96.205 - - [30/Apr/2025:09:28:58 -0400] "GET /?category=1a4da6&n=8199917277300 HTTP/1.1" 200 0 "-" "Mozilla/5.0 (compatible; SemrushBot/7~bl; +http://www.semrush.com/bot.html)"
85.208.96.208 - - [30/Apr/2025:09:29:02 -0400] "GET /?category=074c28&n=7000992050200 HTTP/1.1" 200 0 "-" "Mozilla/5.0 (compatible; SemrushBot/7~bl; +http://www.semrush.com/bot.html)"
185.191.171.12 - - [30/Apr/2025:09:29:46 -0400] "GET /?category=f1aa78&n=1579139493306 HTTP/1.1" 200 0 "-" "Mozilla/5.0 (compatible; SemrushBot/7~bl; +http://www.semrush.com/bot.html)"
43.130.40.120 - - [30/Apr/2025:09:32:23 -0400] "GET / HTTP/1.1" 200 0 "http://www.infonono4d.com" "Mozilla/5.0 (iPhone; CPU iPhone OS 13_2_3 like Mac OS X) AppleWebKit/605.1.15 (KHTML, like Gecko) Version/13.0.3 Mobile/15E148 Safari/604.1"
40.77.167.14 - - [30/Apr/2025:09:34:05 -0400] "GET /?n=3649069024304&category=deb2f0 HTTP/1.1" 200 0 "-" "Mozilla/5.0 AppleWebKit/537.36 (KHTML, like Gecko; compatible; bingbot/2.0; +http://www.bing.com/bingbot.htm) Chrome/116.0.1938.76 Safari/537.36"
85.208.96.212 - - [30/Apr/2025:09:34:12 -0400] "GET /?category=18d9d5&n=83390168082703 HTTP/1.1" 200 0 "-" "Mozilla/5.0 (compatible; SemrushBot/7~bl; +http://www.semrush.com/bot.html)"
85.208.96.201 - - [30/Apr/2025:09:34:50 -0400] "GET /?category=39cee3&n=80870161318203 HTTP/1.1" 200 0 "-" "Mozilla/5.0 (compatible; SemrushBot/7~bl; +http://www.semrush.com/bot.html)"
40.77.167.14 - - [30/Apr/2025:09:35:07 -0400] "GET /?n=19766143098003&category=fe7a5e HTTP/1.1" 200 27072 "-" "Mozilla/5.0 AppleWebKit/537.36 (KHTML, like Gecko; compatible; bingbot/2.0; +http://www.bing.com/bingbot.htm) Chrome/116.0.1938.76 Safari/537.36"
185.191.171.14 - - [30/Apr/2025:09:35:56 -0400] "GET /?category=1450cf&n=50167190719307 HTTP/1.1" 200 0 "-" "Mozilla/5.0 (compatible; SemrushBot/7~bl; +http://www.semrush.com/bot.html)"
185.191.171.14 - - [30/Apr/2025:09:36:17 -0400] "GET /?category=1450cf&n=50167190719307 HTTP/1.1" 200 0 "-" "Mozilla/5.0 (compatible; SemrushBot/7~bl; +http://www.semrush.com/bot.html)"
85.208.96.193 - - [30/Apr/2025:09:36:23 -0400] "GET /?category=5ad05b&n=51887138918501 HTTP/1.1" 200 0 "-" "Mozilla/5.0 (compatible; SemrushBot/7~bl; +http://www.semrush.com/bot.html)"
185.191.171.13 - - [30/Apr/2025:09:36:34 -0400] "GET /?category=115fee&n=79098120048104 HTTP/1.1" 200 0 "-" "Mozilla/5.0 (compatible; SemrushBot/7~bl; +http://www.semrush.com/bot.html)"
40.77.167.14 - - [30/Apr/2025:09:37:44 -0400] "GET /?n=19766143098001&category=fe7a5e HTTP/1.1" 200 27208 "-" "Mozilla/5.0 AppleWebKit/537.36 (KHTML, like Gecko; compatible; bingbot/2.0; +http://www.bing.com/bingbot.htm) Chrome/116.0.1938.76 Safari/537.36"
185.191.171.8 - - [30/Apr/2025:09:38:06 -0400] "GET /?category=8aa119&n=1519093037304 HTTP/1.1" 200 0 "-" "Mozilla/5.0 (compatible; SemrushBot/7~bl; +http://www.semrush.com/bot.html)"
185.191.171.11 - - [30/Apr/2025:09:38:40 -0400] "GET /?category=a50b1f&n=6886433875200 HTTP/1.1" 200 0 "-" "Mozilla/5.0 (compatible; SemrushBot/7~bl; +http://www.semrush.com/bot.html)"
85.208.96.209 - - [30/Apr/2025:09:38:42 -0400] "GET /?category=575b8d&n=6522215259901 HTTP/1.1" 200 0 "-" "Mozilla/5.0 (compatible; SemrushBot/7~bl; +http://www.semrush.com/bot.html)"
52.167.144.200 - - [30/Apr/2025:09:38:54 -0400] "GET /?n=98820177385500&category=5b5d2e HTTP/1.1" 200 26624 "-" "Mozilla/5.0 AppleWebKit/537.36 (KHTML, like Gecko; compatible; bingbot/2.0; +http://www.bing.com/bingbot.htm) Chrome/116.0.1938.76 Safari/537.36"
52.167.144.200 - - [30/Apr/2025:09:39:04 -0400] "GET /?n=6327636392302&category=94da0e HTTP/1.1" 200 27274 "-" "Mozilla/5.0 AppleWebKit/537.36 (KHTML, like Gecko; compatible; bingbot/2.0; +http://www.bing.com/bingbot.htm) Chrome/116.0.1938.76 Safari/537.36"
185.191.171.9 - - [30/Apr/2025:09:39:44 -0400] "GET /?category=1172e4&n=12235186207001 HTTP/1.1" 200 0 "-" "Mozilla/5.0 (compatible; SemrushBot/7~bl; +http://www.semrush.com/bot.html)"
85.208.96.202 - - [30/Apr/2025:09:39:50 -0400] "GET /?category=6887ba&n=2487593112003 HTTP/1.1" 200 0 "-" "Mozilla/5.0 (compatible; SemrushBot/7~bl; +http://www.semrush.com/bot.html)"
85.208.96.195 - - [30/Apr/2025:09:40:05 -0400] "GET /?category=e558f9&n=10979165111801 HTTP/1.1" 200 0 "-" "Mozilla/5.0 (compatible; SemrushBot/7~bl; +http://www.semrush.com/bot.html)"
85.208.96.206 - - [30/Apr/2025:09:40:46 -0400] "GET /?category=d151ed&n=0849755626305 HTTP/1.1" 200 0 "-" "Mozilla/5.0 (compatible; SemrushBot/7~bl; +http://www.semrush.com/bot.html)"
185.245.105.171 - - [30/Apr/2025:09:40:53 -0400] "GET /nono4d-situs-togel-online-pasaran-paling-lengkap/ HTTP/1.0" 200 0 "https://infonono4d.com/nono4d-situs-togel-online-pasaran-paling-lengkap/" "Mozilla/5.0 (Windows NT 10.0; Win64; x64) AppleWebKit/537.36 (KHTML, like Gecko) Chrome/131.0.0.0 Safari/537.36 Avast/131.0.0.0"
185.245.105.171 - - [30/Apr/2025:09:40:54 -0400] "GET / HTTP/1.0" 200 0 "https://infonono4d.com/" "Mozilla/5.0 (Windows NT 10.0; Win64; x64) AppleWebKit/537.36 (KHTML, like Gecko) Chrome/131.0.0.0 Safari/537.36 Avast/131.0.0.0"
185.191.171.14 - - [30/Apr/2025:09:40:56 -0400] "GET /?category=49c5b7&n=24368146828401 HTTP/1.1" 200 0 "-" "Mozilla/5.0 (compatible; SemrushBot/7~bl; +http://www.semrush.com/bot.html)"
207.46.13.107 - - [30/Apr/2025:09:41:47 -0400] "GET /?n=7841929627504&category=cb5b6c HTTP/1.1" 200 27245 "-" "Mozilla/5.0 AppleWebKit/537.36 (KHTML, like Gecko; compatible; bingbot/2.0; +http://www.bing.com/bingbot.htm) Chrome/116.0.1938.76 Safari/537.36"
85.208.96.200 - - [30/Apr/2025:09:42:00 -0400] "GET /?category=74ffa9&n=09017135562601 HTTP/1.1" 200 0 "-" "Mozilla/5.0 (compatible; SemrushBot/7~bl; +http://www.semrush.com/bot.html)"
185.191.171.1 - - [30/Apr/2025:09:42:41 -0400] "GET /?category=b1ec5c&n=94909164863100 HTTP/1.1" 200 0 "-" "Mozilla/5.0 (compatible; SemrushBot/7~bl; +http://www.semrush.com/bot.html)"
185.191.171.15 - - [30/Apr/2025:09:42:46 -0400] "GET /?category=4bef04&n=28273147597501 HTTP/1.1" 200 0 "-" "Mozilla/5.0 (compatible; SemrushBot/7~bl; +http://www.semrush.com/bot.html)"
85.208.96.202 - - [30/Apr/2025:09:43:33 -0400] "GET /?category=7984a5&n=09038167816103 HTTP/1.1" 200 0 "-" "Mozilla/5.0 (compatible; SemrushBot/7~bl; +http://www.semrush.com/bot.html)"
85.208.96.211 - - [30/Apr/2025:09:44:06 -0400] "GET /?category=af4916&n=11420136965701 HTTP/1.1" 200 0 "-" "Mozilla/5.0 (compatible; SemrushBot/7~bl; +http://www.semrush.com/bot.html)"
185.191.171.10 - - [30/Apr/2025:09:45:02 -0400] "GET /?category=9c7e26&n=88188127981405 HTTP/1.1" 200 0 "-" "Mozilla/5.0 (compatible; SemrushBot/7~bl; +http://www.semrush.com/bot.html)"
85.208.96.198 - - [30/Apr/2025:09:45:04 -0400] "GET /?category=23978e&n=8780518275307 HTTP/1.1" 200 0 "-" "Mozilla/5.0 (compatible; SemrushBot/7~bl; +http://www.semrush.com/bot.html)"
185.191.171.13 - - [30/Apr/2025:09:45:59 -0400] "GET /?category=a406e5&n=55997152263801 HTTP/1.1" 200 0 "-" "Mozilla/5.0 (compatible; SemrushBot/7~bl; +http://www.semrush.com/bot.html)"
85.208.96.212 - - [30/Apr/2025:09:46:07 -0400] "GET /?category=55336b&n=84495139847606 HTTP/1.1" 200 0 "-" "Mozilla/5.0 (compatible; SemrushBot/7~bl; +http://www.semrush.com/bot.html)"
185.191.171.14 - - [30/Apr/2025:09:46:34 -0400] "GET /?category=9bb5c7&n=8865060823100 HTTP/1.1" 200 0 "-" "Mozilla/5.0 (compatible; SemrushBot/7~bl; +http://www.semrush.com/bot.html)"
185.191.171.9 - - [30/Apr/2025:09:47:14 -0400] "GET /?category=04c9bd&n=27823123350705 HTTP/1.1" 200 0 "-" "Mozilla/5.0 (compatible; SemrushBot/7~bl; +http://www.semrush.com/bot.html)"
85.208.96.201 - - [30/Apr/2025:09:48:07 -0400] "GET /?category=e0eb7c&n=3606559318305 HTTP/1.1" 200 0 "-" "Mozilla/5.0 (compatible; SemrushBot/7~bl; +http://www.semrush.com/bot.html)"
85.208.96.207 - - [30/Apr/2025:09:49:57 -0400] "GET /robots.txt HTTP/1.1" 200 82 "-" "Mozilla/5.0 (compatible; SemrushBot/7~bl; +http://www.semrush.com/bot.html)"
85.208.96.211 - - [30/Apr/2025:09:49:57 -0400] "GET /?category=f98aed&n=20047116409507 HTTP/1.1" 200 0 "-" "Mozilla/5.0 (compatible; SemrushBot/7~bl; +http://www.semrush.com/bot.html)"
185.191.171.13 - - [30/Apr/2025:09:50:07 -0400] "GET /?category=17ccee&n=022137304107 HTTP/1.1" 200 0 "-" "Mozilla/5.0 (compatible; SemrushBot/7~bl; +http://www.semrush.com/bot.html)"
185.191.171.15 - - [30/Apr/2025:09:50:29 -0400] "GET /?category=f31075&n=72183191136901 HTTP/1.1" 200 0 "-" "Mozilla/5.0 (compatible; SemrushBot/7~bl; +http://www.semrush.com/bot.html)"
185.191.171.17 - - [30/Apr/2025:09:51:57 -0400] "GET /?category=169865&n=32780133604305 HTTP/1.1" 200 0 "-" "Mozilla/5.0 (compatible; SemrushBot/7~bl; +http://www.semrush.com/bot.html)"
85.208.96.199 - - [30/Apr/2025:09:52:14 -0400] "GET /?category=e2c9e0&n=58018124363200 HTTP/1.1" 200 0 "-" "Mozilla/5.0 (compatible; SemrushBot/7~bl; +http://www.semrush.com/bot.html)"
85.208.96.198 - - [30/Apr/2025:09:52:46 -0400] "GET /?category=f2f4cd&n=6208076756501 HTTP/1.1" 200 0 "-" "Mozilla/5.0 (compatible; SemrushBot/7~bl; +http://www.semrush.com/bot.html)"
185.191.171.7 - - [30/Apr/2025:09:53:51 -0400] "GET /?category=2d79a6&n=1208945716502 HTTP/1.1" 200 0 "-" "Mozilla/5.0 (compatible; SemrushBot/7~bl; +http://www.semrush.com/bot.html)"
77.238.251.212 - - [30/Apr/2025:09:55:23 -0400] "GET /nono4d-bandar-toto-macau-hadiah-terbesar-se-indonesia/ HTTP/1.0" 200 0 "https://infonono4d.com/nono4d-bandar-toto-macau-hadiah-terbesar-se-indonesia/" "Mozilla/5.0 (Windows NT 10.0; Win64; x64) AppleWebKit/537.36 (KHTML, like Gecko) Chrome/130.0.0.0 Safari/537.36"
91.84.100.21 - - [30/Apr/2025:09:55:23 -0400] "GET /nono4d-bandar-toto-macau-hadiah-terbesar-se-indonesia/ HTTP/1.0" 200 0 "https://infonono4d.com/nono4d-bandar-toto-macau-hadiah-terbesar-se-indonesia/" "Mozilla/5.0 (Windows NT 10.0; Win64; x64) AppleWebKit/537.36 (KHTML, like Gecko) Chrome/130.0.0.0 Safari/537.36 CCleaner/130.0.0.0"
77.238.251.212 - - [30/Apr/2025:09:55:24 -0400] "GET / HTTP/1.0" 200 0 "https://infonono4d.com/" "Mozilla/5.0 (Windows NT 10.0; Win64; x64) AppleWebKit/537.36 (KHTML, like Gecko) Chrome/130.0.0.0 Safari/537.36"
91.84.100.21 - - [30/Apr/2025:09:55:24 -0400] "GET / HTTP/1.0" 200 0 "https://infonono4d.com/" "Mozilla/5.0 (Windows NT 10.0; Win64; x64) AppleWebKit/537.36 (KHTML, like Gecko) Chrome/130.0.0.0 Safari/537.36 CCleaner/130.0.0.0"
85.208.96.210 - - [30/Apr/2025:09:57:06 -0400] "GET /?category=cdfa5c&n=60150104683405 HTTP/1.1" 200 0 "-" "Mozilla/5.0 (compatible; SemrushBot/7~bl; +http://www.semrush.com/bot.html)"
85.208.96.196 - - [30/Apr/2025:09:57:24 -0400] "GET /?category=c77123&n=650681148201 HTTP/1.1" 200 0 "-" "Mozilla/5.0 (compatible; SemrushBot/7~bl; +http://www.semrush.com/bot.html)"
85.208.96.200 - - [30/Apr/2025:09:58:02 -0400] "GET /?category=a1e304&n=8125778189801 HTTP/1.1" 200 0 "-" "Mozilla/5.0 (compatible; SemrushBot/7~bl; +http://www.semrush.com/bot.html)"
85.208.96.193 - - [30/Apr/2025:09:58:43 -0400] "GET /?category=c67ac6&n=0003798045201 HTTP/1.1" 200 0 "-" "Mozilla/5.0 (compatible; SemrushBot/7~bl; +http://www.semrush.com/bot.html)"
85.208.96.200 - - [30/Apr/2025:09:59:23 -0400] "GET /?category=de1ccb&n=03171197194201 HTTP/1.1" 200 0 "-" "Mozilla/5.0 (compatible; SemrushBot/7~bl; +http://www.semrush.com/bot.html)"
185.191.171.19 - - [30/Apr/2025:10:01:08 -0400] "GET /?category=8a436c&n=99065150180105 HTTP/1.1" 200 0 "-" "Mozilla/5.0 (compatible; SemrushBot/7~bl; +http://www.semrush.com/bot.html)"
157.55.39.202 - - [30/Apr/2025:10:02:27 -0400] "GET /?n=5802138069102&category=b8b6f0 HTTP/1.1" 200 26849 "-" "Mozilla/5.0 AppleWebKit/537.36 (KHTML, like Gecko; compatible; bingbot/2.0; +http://www.bing.com/bingbot.htm) Chrome/116.0.1938.76 Safari/537.36"
85.208.96.207 - - [30/Apr/2025:10:03:04 -0400] "GET /?category=76e6b4&n=1891523349701 HTTP/1.1" 200 0 "-" "Mozilla/5.0 (compatible; SemrushBot/7~bl; +http://www.semrush.com/bot.html)"
157.55.39.202 - - [30/Apr/2025:10:03:16 -0400] "GET /?n=20803161554802&category=f34409 HTTP/1.1" 200 25869 "-" "Mozilla/5.0 AppleWebKit/537.36 (KHTML, like Gecko; compatible; bingbot/2.0; +http://www.bing.com/bingbot.htm) Chrome/116.0.1938.76 Safari/537.36"
185.191.171.15 - - [30/Apr/2025:10:03:26 -0400] "GET /?category=5f6b35&n=22764112077700 HTTP/1.1" 200 0 "-" "Mozilla/5.0 (compatible; SemrushBot/7~bl; +http://www.semrush.com/bot.html)"
185.191.171.14 - - [30/Apr/2025:10:03:36 -0400] "GET /?category=f9092f&n=87482180110900 HTTP/1.1" 200 0 "-" "Mozilla/5.0 (compatible; SemrushBot/7~bl; +http://www.semrush.com/bot.html)"
185.191.171.11 - - [30/Apr/2025:10:04:30 -0400] "GET /?category=c31d53&n=2003523489600 HTTP/1.1" 200 0 "-" "Mozilla/5.0 (compatible; SemrushBot/7~bl; +http://www.semrush.com/bot.html)"
85.208.96.204 - - [30/Apr/2025:10:05:09 -0400] "GET /?category=842ee8&n=48504108748405 HTTP/1.1" 200 0 "-" "Mozilla/5.0 (compatible; SemrushBot/7~bl; +http://www.semrush.com/bot.html)"
85.208.96.202 - - [30/Apr/2025:10:05:24 -0400] "GET /?category=7edb42&n=8532552039900 HTTP/1.1" 200 0 "-" "Mozilla/5.0 (compatible; SemrushBot/7~bl; +http://www.semrush.com/bot.html)"
52.167.144.184 - - [30/Apr/2025:10:06:18 -0400] "GET /?n=1075069644203&category=8539cb HTTP/1.1" 200 27363 "-" "Mozilla/5.0 AppleWebKit/537.36 (KHTML, like Gecko; compatible; bingbot/2.0; +http://www.bing.com/bingbot.htm) Chrome/116.0.1938.76 Safari/537.36"
85.208.96.206 - - [30/Apr/2025:10:07:59 -0400] "GET /?category=58a814&n=08005167146100 HTTP/1.1" 200 0 "-" "Mozilla/5.0 (compatible; SemrushBot/7~bl; +http://www.semrush.com/bot.html)"
85.208.96.197 - - [30/Apr/2025:10:08:28 -0400] "GET /?category=a2a2e0&n=8874738240513 HTTP/1.1" 200 0 "-" "Mozilla/5.0 (compatible; SemrushBot/7~bl; +http://www.semrush.com/bot.html)"
85.208.96.194 - - [30/Apr/2025:10:09:13 -0400] "GET /?category=f1c9b8&n=4929768393100 HTTP/1.1" 200 0 "-" "Mozilla/5.0 (compatible; SemrushBot/7~bl; +http://www.semrush.com/bot.html)"
185.191.171.8 - - [30/Apr/2025:10:10:49 -0400] "GET /?category=7105f4&n=87717148919500 HTTP/1.1" 200 0 "-" "Mozilla/5.0 (compatible; SemrushBot/7~bl; +http://www.semrush.com/bot.html)"
84.54.47.190 - - [30/Apr/2025:10:11:22 -0400] "GET /5-pilihan-slot-gacor-terbaik-hari-ini-di-nono4d/ HTTP/1.0" 200 0 "https://infonono4d.com/5-pilihan-slot-gacor-terbaik-hari-ini-di-nono4d/" "Mozilla/5.0 (Windows NT 10.0; Win64; x64) AppleWebKit/537.36 (KHTML, like Gecko) Chrome/130.0.0.0 Safari/537.36 CCleaner/130.0.0.0"
84.54.47.190 - - [30/Apr/2025:10:11:23 -0400] "GET / HTTP/1.0" 200 0 "https://infonono4d.com/" "Mozilla/5.0 (Windows NT 10.0; Win64; x64) AppleWebKit/537.36 (KHTML, like Gecko) Chrome/130.0.0.0 Safari/537.36 CCleaner/130.0.0.0"
185.191.171.2 - - [30/Apr/2025:10:11:44 -0400] "GET /?category=9cf480&n=21052167826611 HTTP/1.1" 200 0 "-" "Mozilla/5.0 (compatible; SemrushBot/7~bl; +http://www.semrush.com/bot.html)"
85.208.96.195 - - [30/Apr/2025:10:11:47 -0400] "GET /?category=a70bdf&n=50994125580001 HTTP/1.1" 200 0 "-" "Mozilla/5.0 (compatible; SemrushBot/7~bl; +http://www.semrush.com/bot.html)"
84.54.44.30 - - [30/Apr/2025:10:12:08 -0400] "GET /5-pilihan-slot-gacor-terbaik-hari-ini-di-nono4d/ HTTP/1.0" 200 0 "https://infonono4d.com/5-pilihan-slot-gacor-terbaik-hari-ini-di-nono4d/" "Mozilla/5.0 (Windows NT 10.0; Win64; x64) AppleWebKit/537.36 (KHTML, like Gecko) Chrome/131.0.0.0 Safari/537.36"
84.54.44.30 - - [30/Apr/2025:10:12:09 -0400] "GET / HTTP/1.0" 200 0 "https://infonono4d.com/" "Mozilla/5.0 (Windows NT 10.0; Win64; x64) AppleWebKit/537.36 (KHTML, like Gecko) Chrome/131.0.0.0 Safari/537.36"
85.208.96.199 - - [30/Apr/2025:10:12:41 -0400] "GET /?category=4ed367&n=59203119728703 HTTP/1.1" 200 0 "-" "Mozilla/5.0 (compatible; SemrushBot/7~bl; +http://www.semrush.com/bot.html)"
85.208.96.195 - - [30/Apr/2025:10:13:06 -0400] "GET /?category=0a4c2d&n=72199152771900 HTTP/1.1" 200 0 "-" "Mozilla/5.0 (compatible; SemrushBot/7~bl; +http://www.semrush.com/bot.html)"
185.191.171.11 - - [30/Apr/2025:10:13:15 -0400] "GET /?category=5b61e6&n=17030181483201 HTTP/1.1" 200 0 "-" "Mozilla/5.0 (compatible; SemrushBot/7~bl; +http://www.semrush.com/bot.html)"
212.34.147.142 - - [30/Apr/2025:10:13:25 -0400] "GET /nono4d-situs-togel-online-pasaran-paling-lengkap/ HTTP/1.0" 200 0 "https://infonono4d.com/nono4d-situs-togel-online-pasaran-paling-lengkap/" "Mozilla/5.0 (Windows NT 10.0; Win64; x64) AppleWebKit/537.36 (KHTML, like Gecko) Chrome/129.0.0.0 Safari/537.36"
212.34.147.142 - - [30/Apr/2025:10:13:26 -0400] "GET / HTTP/1.0" 200 0 "https://infonono4d.com/" "Mozilla/5.0 (Windows NT 10.0; Win64; x64) AppleWebKit/537.36 (KHTML, like Gecko) Chrome/129.0.0.0 Safari/537.36"
185.191.171.16 - - [30/Apr/2025:10:13:31 -0400] "GET /?category=a75b5e&n=8871611723103 HTTP/1.1" 200 0 "-" "Mozilla/5.0 (compatible; SemrushBot/7~bl; +http://www.semrush.com/bot.html)"
185.191.171.10 - - [30/Apr/2025:10:13:40 -0400] "GET /?category=1cc2c9&n=9752995180000 HTTP/1.1" 200 0 "-" "Mozilla/5.0 (compatible; SemrushBot/7~bl; +http://www.semrush.com/bot.html)"
185.191.171.17 - - [30/Apr/2025:10:13:47 -0400] "GET /?category=939f4f&n=87989122648100 HTTP/1.1" 200 0 "-" "Mozilla/5.0 (compatible; SemrushBot/7~bl; +http://www.semrush.com/bot.html)"
85.208.96.196 - - [30/Apr/2025:10:14:20 -0400] "GET /?category=a37f30&n=8847991566800 HTTP/1.1" 200 0 "-" "Mozilla/5.0 (compatible; SemrushBot/7~bl; +http://www.semrush.com/bot.html)"
85.208.96.197 - - [30/Apr/2025:10:16:30 -0400] "GET /?category=aad6f6&n=17590151416102 HTTP/1.1" 200 0 "-" "Mozilla/5.0 (compatible; SemrushBot/7~bl; +http://www.semrush.com/bot.html)"
85.208.96.195 - - [30/Apr/2025:10:17:17 -0400] "GET /?category=4f8e18&n=69602103868505 HTTP/1.1" 200 0 "-" "Mozilla/5.0 (compatible; SemrushBot/7~bl; +http://www.semrush.com/bot.html)"
