185.191.171.18 - - [30/Apr/2025:12:40:57 -0400] "GET /?category=618f75&n=10128189422203 HTTP/1.1" 200 0 "-" "Mozilla/5.0 (compatible; SemrushBot/7~bl; +http://www.semrush.com/bot.html)"
185.191.171.19 - - [30/Apr/2025:12:43:17 -0400] "GET /?category=fe143a&n=3111854892301 HTTP/1.1" 200 0 "-" "Mozilla/5.0 (compatible; SemrushBot/7~bl; +http://www.semrush.com/bot.html)"
85.208.96.205 - - [30/Apr/2025:12:44:01 -0400] "GET /?category=637c82&n=0785724532100 HTTP/1.1" 200 0 "-" "Mozilla/5.0 (compatible; SemrushBot/7~bl; +http://www.semrush.com/bot.html)"
185.191.171.8 - - [30/Apr/2025:12:44:07 -0400] "GET /?category=5243eb&n=6272763900802 HTTP/1.1" 200 0 "-" "Mozilla/5.0 (compatible; SemrushBot/7~bl; +http://www.semrush.com/bot.html)"
37.27.132.172 - - [30/Apr/2025:12:44:29 -0400] "GET /5-pilihan-slot-gacor-terbaik-hari-ini-di-nono4d/ HTTP/1.0" 200 0 "https://infonono4d.com/5-pilihan-slot-gacor-terbaik-hari-ini-di-nono4d/" "Mozilla/5.0 (Windows NT 10.0; Win64; x64) AppleWebKit/537.36 (KHTML, like Gecko) Chrome/129.0.0.0 Safari/537.36"
37.27.132.172 - - [30/Apr/2025:12:44:30 -0400] "GET / HTTP/1.0" 200 0 "https://infonono4d.com/" "Mozilla/5.0 (Windows NT 10.0; Win64; x64) AppleWebKit/537.36 (KHTML, like Gecko) Chrome/129.0.0.0 Safari/537.36"
85.208.96.200 - - [30/Apr/2025:12:44:35 -0400] "GET /?category=ecb040&n=08801115298501 HTTP/1.1" 200 0 "-" "Mozilla/5.0 (compatible; SemrushBot/7~bl; +http://www.semrush.com/bot.html)"
185.191.171.6 - - [30/Apr/2025:12:44:40 -0400] "GET /?category=5dabee&n=09121122616800 HTTP/1.1" 200 0 "-" "Mozilla/5.0 (compatible; SemrushBot/7~bl; +http://www.semrush.com/bot.html)"
85.208.96.209 - - [30/Apr/2025:12:45:07 -0400] "GET /?category=3687e4&n=1098116782105 HTTP/1.1" 200 0 "-" "Mozilla/5.0 (compatible; SemrushBot/7~bl; +http://www.semrush.com/bot.html)"
40.77.167.184 - - [30/Apr/2025:12:46:58 -0400] "GET /robots.txt HTTP/1.1" 200 66 "-" "Mozilla/5.0 AppleWebKit/537.36 (KHTML, like Gecko; compatible; bingbot/2.0; +http://www.bing.com/bingbot.htm) Chrome/116.0.1938.76 Safari/537.36"
40.77.167.184 - - [30/Apr/2025:12:46:58 -0400] "GET /robots.txt HTTP/1.1" 200 66 "-" "Mozilla/5.0 AppleWebKit/537.36 (KHTML, like Gecko; compatible; bingbot/2.0; +http://www.bing.com/bingbot.htm) Chrome/116.0.1938.76 Safari/537.36"
52.167.144.142 - - [30/Apr/2025:12:47:08 -0400] "GET /category/link-alternatif-nono4d/ HTTP/1.1" 200 27510 "-" "Mozilla/5.0 AppleWebKit/537.36 (KHTML, like Gecko; compatible; bingbot/2.0; +http://www.bing.com/bingbot.htm) Chrome/116.0.1938.76 Safari/537.36"
185.191.171.13 - - [30/Apr/2025:12:47:30 -0400] "GET /?category=e1de16&n=0186459240500 HTTP/1.1" 200 0 "-" "Mozilla/5.0 (compatible; SemrushBot/7~bl; +http://www.semrush.com/bot.html)"
85.208.96.206 - - [30/Apr/2025:12:48:18 -0400] "GET /?category=eadb59&n=32955134810402 HTTP/1.1" 200 0 "-" "Mozilla/5.0 (compatible; SemrushBot/7~bl; +http://www.semrush.com/bot.html)"
157.55.39.6 - - [30/Apr/2025:12:49:42 -0400] "GET /?n=7777858251904&category=f34409 HTTP/1.1" 200 26114 "-" "Mozilla/5.0 AppleWebKit/537.36 (KHTML, like Gecko; compatible; bingbot/2.0; +http://www.bing.com/bingbot.htm) Chrome/116.0.1938.76 Safari/537.36"
52.167.144.180 - - [30/Apr/2025:12:49:47 -0400] "GET /?n=5812324303603&category=c5b2c6 HTTP/1.1" 200 27114 "-" "Mozilla/5.0 AppleWebKit/537.36 (KHTML, like Gecko; compatible; bingbot/2.0; +http://www.bing.com/bingbot.htm) Chrome/116.0.1938.76 Safari/537.36"
185.191.171.12 - - [30/Apr/2025:12:49:55 -0400] "GET /?category=a91aa6&n=47922188460700 HTTP/1.1" 200 0 "-" "Mozilla/5.0 (compatible; SemrushBot/7~bl; +http://www.semrush.com/bot.html)"
85.208.96.200 - - [30/Apr/2025:12:51:01 -0400] "GET /robots.txt HTTP/1.1" 200 82 "-" "Mozilla/5.0 (compatible; SemrushBot/7~bl; +http://www.semrush.com/bot.html)"
85.208.96.205 - - [30/Apr/2025:12:51:02 -0400] "GET /?category=cb16d9&n=826191611201 HTTP/1.1" 200 0 "-" "Mozilla/5.0 (compatible; SemrushBot/7~bl; +http://www.semrush.com/bot.html)"
40.77.167.72 - - [30/Apr/2025:12:51:02 -0400] "GET /?n=718803473785&category=4f8c73 HTTP/1.1" 200 25664 "-" "Mozilla/5.0 AppleWebKit/537.36 (KHTML, like Gecko; compatible; bingbot/2.0; +http://www.bing.com/bingbot.htm) Chrome/116.0.1938.76 Safari/537.36"
85.208.96.210 - - [30/Apr/2025:12:51:12 -0400] "GET /?category=bd4116&n=12926119753800 HTTP/1.1" 200 0 "-" "Mozilla/5.0 (compatible; SemrushBot/7~bl; +http://www.semrush.com/bot.html)"
185.191.171.2 - - [30/Apr/2025:12:51:53 -0400] "GET /?category=9e2ca9&n=8626072227602 HTTP/1.1" 200 0 "-" "Mozilla/5.0 (compatible; SemrushBot/7~bl; +http://www.semrush.com/bot.html)"
40.77.167.72 - - [30/Apr/2025:12:52:02 -0400] "GET /?n=2620267523102&category=bb8d01 HTTP/1.1" 200 27138 "-" "Mozilla/5.0 AppleWebKit/537.36 (KHTML, like Gecko; compatible; bingbot/2.0; +http://www.bing.com/bingbot.htm) Chrome/116.0.1938.76 Safari/537.36"
185.191.171.11 - - [30/Apr/2025:12:53:17 -0400] "GET /?category=fd9285&n=92999164145904 HTTP/1.1" 200 0 "-" "Mozilla/5.0 (compatible; SemrushBot/7~bl; +http://www.semrush.com/bot.html)"
195.2.84.178 - - [30/Apr/2025:12:53:49 -0400] "GET /5-pilihan-slot-gacor-terbaik-hari-ini-di-nono4d/ HTTP/1.0" 200 0 "https://infonono4d.com/5-pilihan-slot-gacor-terbaik-hari-ini-di-nono4d/" "Mozilla/5.0 (Windows NT 10.0; Win64; x64) AppleWebKit/537.36 (KHTML, like Gecko) Chrome/130.0.0.0 Safari/537.36"
195.2.84.178 - - [30/Apr/2025:12:53:51 -0400] "GET / HTTP/1.0" 200 0 "https://infonono4d.com/" "Mozilla/5.0 (Windows NT 10.0; Win64; x64) AppleWebKit/537.36 (KHTML, like Gecko) Chrome/130.0.0.0 Safari/537.36"
185.191.171.11 - - [30/Apr/2025:12:54:00 -0400] "GET /?category=dec212&n=1241396454500 HTTP/1.1" 200 0 "-" "Mozilla/5.0 (compatible; SemrushBot/7~bl; +http://www.semrush.com/bot.html)"
85.208.96.208 - - [30/Apr/2025:12:54:36 -0400] "GET /?category=82b81b&n=2279130259906 HTTP/1.1" 200 0 "-" "Mozilla/5.0 (compatible; SemrushBot/7~bl; +http://www.semrush.com/bot.html)"
185.191.171.16 - - [30/Apr/2025:12:54:39 -0400] "GET /?category=db38ca&n=7577437544506 HTTP/1.1" 200 0 "-" "Mozilla/5.0 (compatible; SemrushBot/7~bl; +http://www.semrush.com/bot.html)"
85.208.96.207 - - [30/Apr/2025:12:54:58 -0400] "GET /?category=c406ab&n=9909291278406 HTTP/1.1" 200 0 "-" "Mozilla/5.0 (compatible; SemrushBot/7~bl; +http://www.semrush.com/bot.html)"
85.208.96.208 - - [30/Apr/2025:12:55:52 -0400] "GET /?category=0be475&n=4984240831500 HTTP/1.1" 200 0 "-" "Mozilla/5.0 (compatible; SemrushBot/7~bl; +http://www.semrush.com/bot.html)"
85.208.96.205 - - [30/Apr/2025:12:56:52 -0400] "GET /?category=d899b3&n=8089099443008 HTTP/1.1" 200 0 "-" "Mozilla/5.0 (compatible; SemrushBot/7~bl; +http://www.semrush.com/bot.html)"
185.191.171.11 - - [30/Apr/2025:12:57:35 -0400] "GET /?category=eb1686&n=232808239301 HTTP/1.1" 200 0 "-" "Mozilla/5.0 (compatible; SemrushBot/7~bl; +http://www.semrush.com/bot.html)"
157.55.39.60 - - [30/Apr/2025:12:58:13 -0400] "GET /?n=168756212400&category=8bed0d HTTP/1.1" 200 26189 "-" "Mozilla/5.0 AppleWebKit/537.36 (KHTML, like Gecko; compatible; bingbot/2.0; +http://www.bing.com/bingbot.htm) Chrome/116.0.1938.76 Safari/537.36"
185.191.171.16 - - [30/Apr/2025:12:58:59 -0400] "GET /?category=3a308f&n=25789195112302 HTTP/1.1" 200 0 "-" "Mozilla/5.0 (compatible; SemrushBot/7~bl; +http://www.semrush.com/bot.html)"
85.208.96.205 - - [30/Apr/2025:13:00:44 -0400] "GET /?category=8dbdd5&n=46192130081900 HTTP/1.1" 200 0 "-" "Mozilla/5.0 (compatible; SemrushBot/7~bl; +http://www.semrush.com/bot.html)"
185.191.171.19 - - [30/Apr/2025:13:01:34 -0400] "GET /?category=bda8cd&n=1178678061300 HTTP/1.1" 200 0 "-" "Mozilla/5.0 (compatible; SemrushBot/7~bl; +http://www.semrush.com/bot.html)"
185.191.171.15 - - [30/Apr/2025:13:01:38 -0400] "GET /?category=036e66&n=29398136948802 HTTP/1.1" 200 0 "-" "Mozilla/5.0 (compatible; SemrushBot/7~bl; +http://www.semrush.com/bot.html)"
85.208.96.204 - - [30/Apr/2025:13:01:42 -0400] "GET /?category=923c38&n=7709046226104 HTTP/1.1" 200 0 "-" "Mozilla/5.0 (compatible; SemrushBot/7~bl; +http://www.semrush.com/bot.html)"
40.77.167.70 - - [30/Apr/2025:13:02:23 -0400] "GET /?n=6537773662300&category=02496d HTTP/1.1" 200 26818 "-" "Mozilla/5.0 AppleWebKit/537.36 (KHTML, like Gecko; compatible; bingbot/2.0; +http://www.bing.com/bingbot.htm) Chrome/116.0.1938.76 Safari/537.36"
85.208.96.211 - - [30/Apr/2025:13:02:33 -0400] "GET /?category=22264a&n=0628855702504 HTTP/1.1" 200 0 "-" "Mozilla/5.0 (compatible; SemrushBot/7~bl; +http://www.semrush.com/bot.html)"
185.191.171.3 - - [30/Apr/2025:13:02:39 -0400] "GET /?category=a4ff40&n=8125186173405 HTTP/1.1" 200 0 "-" "Mozilla/5.0 (compatible; SemrushBot/7~bl; +http://www.semrush.com/bot.html)"
85.208.96.206 - - [30/Apr/2025:13:03:12 -0400] "GET /?category=7105f4&n=703707643104 HTTP/1.1" 200 0 "-" "Mozilla/5.0 (compatible; SemrushBot/7~bl; +http://www.semrush.com/bot.html)"
157.55.39.60 - - [30/Apr/2025:13:03:23 -0400] "GET /?n=5804016688001&category=ced0b1 HTTP/1.1" 200 26593 "-" "Mozilla/5.0 AppleWebKit/537.36 (KHTML, like Gecko; compatible; bingbot/2.0; +http://www.bing.com/bingbot.htm) Chrome/116.0.1938.76 Safari/537.36"
195.2.84.178 - - [30/Apr/2025:13:04:27 -0400] "GET /5-pilihan-slot-gacor-terbaik-hari-ini-di-nono4d/ HTTP/1.0" 200 0 "https://infonono4d.com/5-pilihan-slot-gacor-terbaik-hari-ini-di-nono4d/" "Mozilla/5.0 (Windows NT 10.0; Win64; x64) AppleWebKit/537.36 (KHTML, like Gecko) Chrome/130.0.0.0 Safari/537.36 CCleaner/130.0.0.0"
195.2.84.178 - - [30/Apr/2025:13:04:29 -0400] "GET / HTTP/1.0" 200 0 "https://infonono4d.com/" "Mozilla/5.0 (Windows NT 10.0; Win64; x64) AppleWebKit/537.36 (KHTML, like Gecko) Chrome/130.0.0.0 Safari/537.36 CCleaner/130.0.0.0"
85.208.96.194 - - [30/Apr/2025:13:05:13 -0400] "GET /?category=ae5f2d&n=5778159925503 HTTP/1.1" 200 0 "-" "Mozilla/5.0 (compatible; SemrushBot/7~bl; +http://www.semrush.com/bot.html)"
185.191.171.10 - - [30/Apr/2025:13:05:41 -0400] "GET /?category=1be005&n=4597527111800 HTTP/1.1" 200 0 "-" "Mozilla/5.0 (compatible; SemrushBot/7~bl; +http://www.semrush.com/bot.html)"
85.208.96.198 - - [30/Apr/2025:13:05:54 -0400] "GET /?category=db1270&n=93450180065100 HTTP/1.1" 200 0 "-" "Mozilla/5.0 (compatible; SemrushBot/7~bl; +http://www.semrush.com/bot.html)"
85.208.96.200 - - [30/Apr/2025:13:06:07 -0400] "GET /?category=19862f&n=23545106560303 HTTP/1.1" 200 0 "-" "Mozilla/5.0 (compatible; SemrushBot/7~bl; +http://www.semrush.com/bot.html)"
85.208.96.199 - - [30/Apr/2025:13:06:20 -0400] "GET /?category=a06e82&n=0409583537001 HTTP/1.1" 200 0 "-" "Mozilla/5.0 (compatible; SemrushBot/7~bl; +http://www.semrush.com/bot.html)"
185.191.171.17 - - [30/Apr/2025:13:07:13 -0400] "GET /?category=5c2f02&n=94853147367102 HTTP/1.1" 200 0 "-" "Mozilla/5.0 (compatible; SemrushBot/7~bl; +http://www.semrush.com/bot.html)"
185.191.171.18 - - [30/Apr/2025:13:07:46 -0400] "GET /?category=ba5b59&n=0287762364005 HTTP/1.1" 200 0 "-" "Mozilla/5.0 (compatible; SemrushBot/7~bl; +http://www.semrush.com/bot.html)"
85.208.96.204 - - [30/Apr/2025:13:08:42 -0400] "GET /?category=5272f9&n=83703113369001 HTTP/1.1" 200 0 "-" "Mozilla/5.0 (compatible; SemrushBot/7~bl; +http://www.semrush.com/bot.html)"
185.191.171.1 - - [30/Apr/2025:13:08:47 -0400] "GET /?category=afa471&n=80701135064304 HTTP/1.1" 200 0 "-" "Mozilla/5.0 (compatible; SemrushBot/7~bl; +http://www.semrush.com/bot.html)"
185.191.171.17 - - [30/Apr/2025:13:09:04 -0400] "GET /?category=842ee8&n=91911108755301 HTTP/1.1" 200 0 "-" "Mozilla/5.0 (compatible; SemrushBot/7~bl; +http://www.semrush.com/bot.html)"
85.208.96.200 - - [30/Apr/2025:13:09:22 -0400] "GET /?category=87b5bf&n=9660149143000 HTTP/1.1" 200 0 "-" "Mozilla/5.0 (compatible; SemrushBot/7~bl; +http://www.semrush.com/bot.html)"
85.208.96.211 - - [30/Apr/2025:13:10:52 -0400] "GET /?category=8860b4&n=08948192182303 HTTP/1.1" 200 0 "-" "Mozilla/5.0 (compatible; SemrushBot/7~bl; +http://www.semrush.com/bot.html)"
85.208.96.200 - - [30/Apr/2025:13:11:17 -0400] "GET /?category=8822c0&n=82376102307606 HTTP/1.1" 200 0 "-" "Mozilla/5.0 (compatible; SemrushBot/7~bl; +http://www.semrush.com/bot.html)"
185.191.171.16 - - [30/Apr/2025:13:12:29 -0400] "GET /?category=fe3a02&n=2392738315404 HTTP/1.1" 200 0 "-" "Mozilla/5.0 (compatible; SemrushBot/7~bl; +http://www.semrush.com/bot.html)"
185.191.171.13 - - [30/Apr/2025:13:12:52 -0400] "GET /?category=5a3dab&n=8249530063902 HTTP/1.1" 200 0 "-" "Mozilla/5.0 (compatible; SemrushBot/7~bl; +http://www.semrush.com/bot.html)"
85.208.96.196 - - [30/Apr/2025:13:13:01 -0400] "GET /?category=15ffd8&n=48958112765701 HTTP/1.1" 200 0 "-" "Mozilla/5.0 (compatible; SemrushBot/7~bl; +http://www.semrush.com/bot.html)"
185.191.171.10 - - [30/Apr/2025:13:13:26 -0400] "GET /?category=06048d&n=8897573795300 HTTP/1.1" 200 0 "-" "Mozilla/5.0 (compatible; SemrushBot/7~bl; +http://www.semrush.com/bot.html)"
185.191.171.7 - - [30/Apr/2025:13:13:33 -0400] "GET /?category=962740&n=7771045236901 HTTP/1.1" 200 0 "-" "Mozilla/5.0 (compatible; SemrushBot/7~bl; +http://www.semrush.com/bot.html)"
157.55.39.63 - - [30/Apr/2025:13:14:34 -0400] "GET /?n=81186145331000&category=ef445f HTTP/1.1" 200 27308 "-" "Mozilla/5.0 AppleWebKit/537.36 (KHTML, like Gecko; compatible; bingbot/2.0; +http://www.bing.com/bingbot.htm) Chrome/116.0.1938.76 Safari/537.36"
85.208.96.199 - - [30/Apr/2025:13:14:35 -0400] "GET /?category=9d21f0&n=7350989190000 HTTP/1.1" 200 0 "-" "Mozilla/5.0 (compatible; SemrushBot/7~bl; +http://www.semrush.com/bot.html)"
185.191.171.12 - - [30/Apr/2025:13:15:19 -0400] "GET /?category=4d99f0&n=2842228128201 HTTP/1.1" 200 0 "-" "Mozilla/5.0 (compatible; SemrushBot/7~bl; +http://www.semrush.com/bot.html)"
185.191.171.8 - - [30/Apr/2025:13:15:40 -0400] "GET /?category=7e900d&n=8000934787100 HTTP/1.1" 200 0 "-" "Mozilla/5.0 (compatible; SemrushBot/7~bl; +http://www.semrush.com/bot.html)"
185.191.171.10 - - [30/Apr/2025:13:16:25 -0400] "GET /?category=2d5e0c&n=28109105884000 HTTP/1.1" 200 0 "-" "Mozilla/5.0 (compatible; SemrushBot/7~bl; +http://www.semrush.com/bot.html)"
185.191.171.8 - - [30/Apr/2025:13:16:30 -0400] "GET /?category=c8eaa9&n=26797117281904 HTTP/1.1" 200 0 "-" "Mozilla/5.0 (compatible; SemrushBot/7~bl; +http://www.semrush.com/bot.html)"
85.208.96.210 - - [30/Apr/2025:13:17:40 -0400] "GET /?category=b9a9f8&n=32276127973601 HTTP/1.1" 200 0 "-" "Mozilla/5.0 (compatible; SemrushBot/7~bl; +http://www.semrush.com/bot.html)"
185.191.171.17 - - [30/Apr/2025:13:18:24 -0400] "GET /?category=6175b2&n=41404134587800 HTTP/1.1" 200 0 "-" "Mozilla/5.0 (compatible; SemrushBot/7~bl; +http://www.semrush.com/bot.html)"
195.2.70.49 - - [30/Apr/2025:13:18:29 -0400] "GET /pasaran-togel-terlengkap-hanya-ada-di-nono4d/ HTTP/1.0" 200 0 "https://infonono4d.com/pasaran-togel-terlengkap-hanya-ada-di-nono4d/" "Mozilla/5.0 (Windows NT 10.0; Win64; x64) AppleWebKit/537.36 (KHTML, like Gecko) Chrome/131.0.0.0 Safari/537.36 Avast/131.0.0.0"
195.2.70.49 - - [30/Apr/2025:13:18:30 -0400] "GET / HTTP/1.0" 200 0 "https://infonono4d.com/" "Mozilla/5.0 (Windows NT 10.0; Win64; x64) AppleWebKit/537.36 (KHTML, like Gecko) Chrome/131.0.0.0 Safari/537.36 Avast/131.0.0.0"
185.191.171.8 - - [30/Apr/2025:13:18:32 -0400] "GET /?category=b10cb0&n=7979776396402 HTTP/1.1" 200 0 "-" "Mozilla/5.0 (compatible; SemrushBot/7~bl; +http://www.semrush.com/bot.html)"
85.208.96.197 - - [30/Apr/2025:13:19:32 -0400] "GET /?category=3e4324&n=97166124695602 HTTP/1.1" 200 0 "-" "Mozilla/5.0 (compatible; SemrushBot/7~bl; +http://www.semrush.com/bot.html)"
195.2.75.64 - - [30/Apr/2025:13:20:15 -0400] "GET /nono4d-bandar-toto-macau-hadiah-terbesar-se-indonesia/ HTTP/1.0" 200 0 "https://infonono4d.com/nono4d-bandar-toto-macau-hadiah-terbesar-se-indonesia/" "Mozilla/5.0 (Windows NT 10.0; Win64; x64) AppleWebKit/537.36 (KHTML, like Gecko) Chrome/130.0.0.0 Safari/537.36 CCleaner/130.0.0.0"
195.2.75.64 - - [30/Apr/2025:13:20:16 -0400] "GET / HTTP/1.0" 200 0 "https://infonono4d.com/" "Mozilla/5.0 (Windows NT 10.0; Win64; x64) AppleWebKit/537.36 (KHTML, like Gecko) Chrome/130.0.0.0 Safari/537.36 CCleaner/130.0.0.0"
85.208.96.211 - - [30/Apr/2025:13:20:26 -0400] "GET /?category=d78b23&n=44912145876602 HTTP/1.1" 200 0 "-" "Mozilla/5.0 (compatible; SemrushBot/7~bl; +http://www.semrush.com/bot.html)"
85.208.96.206 - - [30/Apr/2025:13:20:45 -0400] "GET /?category=ac3826&n=0977144241305 HTTP/1.1" 200 0 "-" "Mozilla/5.0 (compatible; SemrushBot/7~bl; +http://www.semrush.com/bot.html)"
85.208.96.199 - - [30/Apr/2025:13:20:59 -0400] "GET /?category=ccffb9&n=2028744869001 HTTP/1.1" 200 0 "-" "Mozilla/5.0 (compatible; SemrushBot/7~bl; +http://www.semrush.com/bot.html)"
85.208.96.209 - - [30/Apr/2025:13:21:35 -0400] "GET /?category=1e42a9&n=2027950854302 HTTP/1.1" 200 0 "-" "Mozilla/5.0 (compatible; SemrushBot/7~bl; +http://www.semrush.com/bot.html)"
185.191.171.8 - - [30/Apr/2025:13:22:09 -0400] "GET /?category=b4a8b1&n=97013136891802 HTTP/1.1" 200 0 "-" "Mozilla/5.0 (compatible; SemrushBot/7~bl; +http://www.semrush.com/bot.html)"
185.191.171.15 - - [30/Apr/2025:13:22:25 -0400] "GET /?category=0f2261&n=88969112185400 HTTP/1.1" 200 0 "-" "Mozilla/5.0 (compatible; SemrushBot/7~bl; +http://www.semrush.com/bot.html)"
157.55.39.6 - - [30/Apr/2025:13:23:05 -0400] "GET /?n=0312798090201&category=08be5d HTTP/1.1" 200 26868 "-" "Mozilla/5.0 AppleWebKit/537.36 (KHTML, like Gecko; compatible; bingbot/2.0; +http://www.bing.com/bingbot.htm) Chrome/116.0.1938.76 Safari/537.36"
185.191.171.14 - - [30/Apr/2025:13:23:11 -0400] "GET /?category=779e90&n=2671940449501 HTTP/1.1" 200 0 "-" "Mozilla/5.0 (compatible; SemrushBot/7~bl; +http://www.semrush.com/bot.html)"
85.208.96.196 - - [30/Apr/2025:13:24:08 -0400] "GET /?category=49fd11&n=059062585800 HTTP/1.1" 200 0 "-" "Mozilla/5.0 (compatible; SemrushBot/7~bl; +http://www.semrush.com/bot.html)"
185.191.171.15 - - [30/Apr/2025:13:24:59 -0400] "GET /?category=b63b6c&n=8360964215700 HTTP/1.1" 200 0 "-" "Mozilla/5.0 (compatible; SemrushBot/7~bl; +http://www.semrush.com/bot.html)"
185.191.171.19 - - [30/Apr/2025:13:25:03 -0400] "GET /?category=d151ed&n=82042158270503 HTTP/1.1" 200 0 "-" "Mozilla/5.0 (compatible; SemrushBot/7~bl; +http://www.semrush.com/bot.html)"
52.167.144.167 - - [30/Apr/2025:13:25:46 -0400] "GET /?n=9805917372703&category=fa6b5e HTTP/1.1" 200 25925 "-" "Mozilla/5.0 AppleWebKit/537.36 (KHTML, like Gecko; compatible; bingbot/2.0; +http://www.bing.com/bingbot.htm) Chrome/116.0.1938.76 Safari/537.36"
52.167.144.167 - - [30/Apr/2025:13:25:47 -0400] "GET /?n=5070419836000&category=be0a29 HTTP/1.1" 200 26234 "-" "Mozilla/5.0 AppleWebKit/537.36 (KHTML, like Gecko; compatible; bingbot/2.0; +http://www.bing.com/bingbot.htm) Chrome/116.0.1938.76 Safari/537.36"
52.167.144.172 - - [30/Apr/2025:13:27:18 -0400] "GET /bonus-deposit-setiap-hari-nono4d-benefit-paling-cuan-untuk-bermain-slot-online/ HTTP/1.1" 200 27939 "-" "Mozilla/5.0 AppleWebKit/537.36 (KHTML, like Gecko; compatible; bingbot/2.0; +http://www.bing.com/bingbot.htm) Chrome/116.0.1938.76 Safari/537.36"
85.208.96.209 - - [30/Apr/2025:13:27:44 -0400] "GET /?category=33e5f2&n=7661271250600 HTTP/1.1" 200 0 "-" "Mozilla/5.0 (compatible; SemrushBot/7~bl; +http://www.semrush.com/bot.html)"
84.54.47.190 - - [30/Apr/2025:13:28:19 -0400] "GET /5-pilihan-slot-gacor-terbaik-hari-ini-di-nono4d/ HTTP/1.0" 200 0 "https://infonono4d.com/5-pilihan-slot-gacor-terbaik-hari-ini-di-nono4d/" "Mozilla/5.0 (Windows NT 10.0; Win64; x64) AppleWebKit/537.36 (KHTML, like Gecko) Chrome/129.0.0.0 Safari/537.36"
84.54.47.190 - - [30/Apr/2025:13:28:20 -0400] "GET / HTTP/1.0" 200 0 "https://infonono4d.com/" "Mozilla/5.0 (Windows NT 10.0; Win64; x64) AppleWebKit/537.36 (KHTML, like Gecko) Chrome/129.0.0.0 Safari/537.36"
185.191.171.14 - - [30/Apr/2025:13:28:32 -0400] "GET /?category=6887ba&n=4827717327302 HTTP/1.1" 200 0 "-" "Mozilla/5.0 (compatible; SemrushBot/7~bl; +http://www.semrush.com/bot.html)"
85.208.96.206 - - [30/Apr/2025:13:31:05 -0400] "GET /?category=3b16ec&n=25177145388200 HTTP/1.1" 200 0 "-" "Mozilla/5.0 (compatible; SemrushBot/7~bl; +http://www.semrush.com/bot.html)"
185.191.171.7 - - [30/Apr/2025:13:31:08 -0400] "GET /?category=49e7bb&n=94201191466700 HTTP/1.1" 200 0 "-" "Mozilla/5.0 (compatible; SemrushBot/7~bl; +http://www.semrush.com/bot.html)"
85.208.96.194 - - [30/Apr/2025:13:32:35 -0400] "GET /?category=d5cc90&n=5627183918400 HTTP/1.1" 200 0 "-" "Mozilla/5.0 (compatible; SemrushBot/7~bl; +http://www.semrush.com/bot.html)"
85.208.96.207 - - [30/Apr/2025:13:33:42 -0400] "GET /?category=357625&n=9789394067503 HTTP/1.1" 200 0 "-" "Mozilla/5.0 (compatible; SemrushBot/7~bl; +http://www.semrush.com/bot.html)"
185.191.171.17 - - [30/Apr/2025:13:34:18 -0400] "GET /?category=d8dc63&n=7277064773600 HTTP/1.1" 200 0 "-" "Mozilla/5.0 (compatible; SemrushBot/7~bl; +http://www.semrush.com/bot.html)"
185.191.171.6 - - [30/Apr/2025:13:34:24 -0400] "GET /?category=a8e785&n=02179124960701 HTTP/1.1" 200 0 "-" "Mozilla/5.0 (compatible; SemrushBot/7~bl; +http://www.semrush.com/bot.html)"
85.208.96.206 - - [30/Apr/2025:13:35:24 -0400] "GET /?category=b1d1b8&n=0880162637705 HTTP/1.1" 200 0 "-" "Mozilla/5.0 (compatible; SemrushBot/7~bl; +http://www.semrush.com/bot.html)"
52.167.144.223 - - [30/Apr/2025:13:35:36 -0400] "GET /category-sitemap.xml HTTP/1.1" 200 12777 "-" "Mozilla/5.0 AppleWebKit/537.36 (KHTML, like Gecko; compatible; bingbot/2.0; +http://www.bing.com/bingbot.htm) Chrome/116.0.1938.76 Safari/537.36"
185.191.171.5 - - [30/Apr/2025:13:35:50 -0400] "GET /?category=3a47dd&n=05027186281301 HTTP/1.1" 200 0 "-" "Mozilla/5.0 (compatible; SemrushBot/7~bl; +http://www.semrush.com/bot.html)"
185.191.171.1 - - [30/Apr/2025:13:35:54 -0400] "GET /?category=36d2e3&n=7755116937608 HTTP/1.1" 200 0 "-" "Mozilla/5.0 (compatible; SemrushBot/7~bl; +http://www.semrush.com/bot.html)"
185.191.171.16 - - [30/Apr/2025:13:37:54 -0400] "GET /?category=842ee8&n=7992120340200 HTTP/1.1" 200 0 "-" "Mozilla/5.0 (compatible; SemrushBot/7~bl; +http://www.semrush.com/bot.html)"
157.55.39.63 - - [30/Apr/2025:13:38:07 -0400] "GET /?n=1147030376000&category=129a01 HTTP/1.1" 200 26124 "-" "Mozilla/5.0 AppleWebKit/537.36 (KHTML, like Gecko; compatible; bingbot/2.0; +http://www.bing.com/bingbot.htm) Chrome/116.0.1938.76 Safari/537.36"
185.191.171.16 - - [30/Apr/2025:13:38:45 -0400] "GET /?category=e9b898&n=8883771213700 HTTP/1.1" 200 0 "-" "Mozilla/5.0 (compatible; SemrushBot/7~bl; +http://www.semrush.com/bot.html)"
52.167.144.142 - - [30/Apr/2025:13:39:38 -0400] "GET /?n=7777513128006&category=bd5c1b HTTP/1.1" 200 27382 "-" "Mozilla/5.0 AppleWebKit/537.36 (KHTML, like Gecko; compatible; bingbot/2.0; +http://www.bing.com/bingbot.htm) Chrome/116.0.1938.76 Safari/537.36"
157.55.39.63 - - [30/Apr/2025:13:39:47 -0400] "GET /?n=5705174570000&category=f7dd5a HTTP/1.1" 200 26929 "-" "Mozilla/5.0 AppleWebKit/537.36 (KHTML, like Gecko; compatible; bingbot/2.0; +http://www.bing.com/bingbot.htm) Chrome/116.0.1938.76 Safari/537.36"
185.191.171.19 - - [30/Apr/2025:13:39:57 -0400] "GET /?category=9b050c&n=13369106036200 HTTP/1.1" 200 0 "-" "Mozilla/5.0 (compatible; SemrushBot/7~bl; +http://www.semrush.com/bot.html)"
185.191.171.2 - - [30/Apr/2025:13:40:12 -0400] "GET /?category=f2abb6&n=7179464198606 HTTP/1.1" 200 0 "-" "Mozilla/5.0 (compatible; SemrushBot/7~bl; +http://www.semrush.com/bot.html)"
185.191.171.12 - - [30/Apr/2025:13:40:18 -0400] "GET /?category=36d2e3&n=8275945063100 HTTP/1.1" 200 0 "-" "Mozilla/5.0 (compatible; SemrushBot/7~bl; +http://www.semrush.com/bot.html)"
176.97.123.28 - - [30/Apr/2025:13:40:28 -0400] "GET //index.php?params HTTP/1.1" 200 329 "-" "Mozilla/5.0 (compatible; Googlebot/2.1; +http://www.google.com/bot.html; (greenwich&lewisham))"
176.97.123.28 - - [30/Apr/2025:13:40:28 -0400] "GET //index.php?dump HTTP/1.1" 200 220530 "-" "Mozilla/5.0 (compatible; Googlebot/2.1; +http://www.google.com/bot.html; (greenwich&lewisham))"
47.130.57.161 - - [30/Apr/2025:13:42:32 -0400] "GET /wp-content/uploads/2023/09/ADS-NONO-1-1.jpg HTTP/1.1" 200 0 "-" "python-requests/2.30.0"
185.191.171.2 - - [30/Apr/2025:13:43:15 -0400] "GET /?category=7cc087&n=0025370074700 HTTP/1.1" 200 0 "-" "Mozilla/5.0 (compatible; SemrushBot/7~bl; +http://www.semrush.com/bot.html)"
52.167.144.163 - - [30/Apr/2025:13:43:18 -0400] "GET /?n=809714730201&category=8b0bc6 HTTP/1.1" 200 26350 "-" "Mozilla/5.0 AppleWebKit/537.36 (KHTML, like Gecko; compatible; bingbot/2.0; +http://www.bing.com/bingbot.htm) Chrome/116.0.1938.76 Safari/537.36"
85.208.96.202 - - [30/Apr/2025:13:43:29 -0400] "GET /?category=2549b5&n=70308190260203 HTTP/1.1" 200 0 "-" "Mozilla/5.0 (compatible; SemrushBot/7~bl; +http://www.semrush.com/bot.html)"
85.208.96.210 - - [30/Apr/2025:13:43:31 -0400] "GET /?category=e038bc&n=14780177572606 HTTP/1.1" 200 0 "-" "Mozilla/5.0 (compatible; SemrushBot/7~bl; +http://www.semrush.com/bot.html)"
85.208.96.196 - - [30/Apr/2025:13:43:33 -0400] "GET /?category=31dec1&n=5338946101304 HTTP/1.1" 200 0 "-" "Mozilla/5.0 (compatible; SemrushBot/7~bl; +http://www.semrush.com/bot.html)"
52.167.144.146 - - [30/Apr/2025:13:43:37 -0400] "GET /?n=4799115631605&category=213dce HTTP/1.1" 200 28456 "-" "Mozilla/5.0 AppleWebKit/537.36 (KHTML, like Gecko; compatible; bingbot/2.0; +http://www.bing.com/bingbot.htm) Chrome/116.0.1938.76 Safari/537.36"
185.191.171.16 - - [30/Apr/2025:13:44:05 -0400] "GET /?category=3ff31e&n=7710451701000 HTTP/1.1" 200 0 "-" "Mozilla/5.0 (compatible; SemrushBot/7~bl; +http://www.semrush.com/bot.html)"
185.191.171.15 - - [30/Apr/2025:13:44:29 -0400] "GET /?category=2757c2&n=07979150839905 HTTP/1.1" 200 0 "-" "Mozilla/5.0 (compatible; SemrushBot/7~bl; +http://www.semrush.com/bot.html)"
85.208.96.205 - - [30/Apr/2025:13:44:43 -0400] "GET /?category=b45a66&n=972771771800 HTTP/1.1" 200 0 "-" "Mozilla/5.0 (compatible; SemrushBot/7~bl; +http://www.semrush.com/bot.html)"
52.167.144.146 - - [30/Apr/2025:13:44:47 -0400] "GET /?n=6396348461101&category=7f6014 HTTP/1.1" 200 26944 "-" "Mozilla/5.0 AppleWebKit/537.36 (KHTML, like Gecko; compatible; bingbot/2.0; +http://www.bing.com/bingbot.htm) Chrome/116.0.1938.76 Safari/537.36"
52.167.144.146 - - [30/Apr/2025:13:44:47 -0400] "GET /?n=78996199810800&category=aa2e06 HTTP/1.1" 200 28217 "-" "Mozilla/5.0 AppleWebKit/537.36 (KHTML, like Gecko; compatible; bingbot/2.0; +http://www.bing.com/bingbot.htm) Chrome/116.0.1938.76 Safari/537.36"
85.208.96.200 - - [30/Apr/2025:13:46:05 -0400] "GET /?category=3e8d47&n=23020107042203 HTTP/1.1" 200 0 "-" "Mozilla/5.0 (compatible; SemrushBot/7~bl; +http://www.semrush.com/bot.html)"
85.208.96.200 - - [30/Apr/2025:13:47:54 -0400] "GET /?category=f484ee&n=79551126662702 HTTP/1.1" 200 0 "-" "Mozilla/5.0 (compatible; SemrushBot/7~bl; +http://www.semrush.com/bot.html)"
85.208.96.202 - - [30/Apr/2025:13:49:44 -0400] "GET /?category=a1becf&n=38178112454603 HTTP/1.1" 200 0 "-" "Mozilla/5.0 (compatible; SemrushBot/7~bl; +http://www.semrush.com/bot.html)"
85.208.96.210 - - [30/Apr/2025:13:49:53 -0400] "GET /page/22/ HTTP/1.1" 200 0 "-" "Mozilla/5.0 (compatible; SemrushBot/7~bl; +http://www.semrush.com/bot.html)"
185.191.171.15 - - [30/Apr/2025:13:50:05 -0400] "GET /?category=57f58b&n=01189192832601 HTTP/1.1" 200 0 "-" "Mozilla/5.0 (compatible; SemrushBot/7~bl; +http://www.semrush.com/bot.html)"
185.191.171.13 - - [30/Apr/2025:13:50:28 -0400] "GET /?category=5ae319&n=201172148700 HTTP/1.1" 200 0 "-" "Mozilla/5.0 (compatible; SemrushBot/7~bl; +http://www.semrush.com/bot.html)"
85.208.96.211 - - [30/Apr/2025:13:50:49 -0400] "GET /?category=16e95f&n=99045152681401 HTTP/1.1" 200 0 "-" "Mozilla/5.0 (compatible; SemrushBot/7~bl; +http://www.semrush.com/bot.html)"
52.167.144.163 - - [30/Apr/2025:13:51:19 -0400] "GET /?n=556203680602&category=c1e23a HTTP/1.1" 200 26422 "-" "Mozilla/5.0 AppleWebKit/537.36 (KHTML, like Gecko; compatible; bingbot/2.0; +http://www.bing.com/bingbot.htm) Chrome/116.0.1938.76 Safari/537.36"
85.208.96.206 - - [30/Apr/2025:13:51:45 -0400] "GET /robots.txt HTTP/1.1" 200 82 "-" "Mozilla/5.0 (compatible; SemrushBot/7~bl; +http://www.semrush.com/bot.html)"
85.208.96.203 - - [30/Apr/2025:13:51:46 -0400] "GET /?category=adcb20&n=4611762399705 HTTP/1.1" 200 0 "-" "Mozilla/5.0 (compatible; SemrushBot/7~bl; +http://www.semrush.com/bot.html)"
40.77.167.41 - - [30/Apr/2025:13:53:28 -0400] "GET /?n=355615838300&category=ce56fb HTTP/1.1" 200 27859 "-" "Mozilla/5.0 AppleWebKit/537.36 (KHTML, like Gecko; compatible; bingbot/2.0; +http://www.bing.com/bingbot.htm) Chrome/116.0.1938.76 Safari/537.36"
85.208.96.202 - - [30/Apr/2025:13:54:03 -0400] "GET /?category=8f6cd8&n=7953272470603 HTTP/1.1" 200 0 "-" "Mozilla/5.0 (compatible; SemrushBot/7~bl; +http://www.semrush.com/bot.html)"
85.208.96.201 - - [30/Apr/2025:13:54:08 -0400] "GET /?category=05f164&n=1119865743802 HTTP/1.1" 200 0 "-" "Mozilla/5.0 (compatible; SemrushBot/7~bl; +http://www.semrush.com/bot.html)"
195.201.199.45 - - [30/Apr/2025:13:54:33 -0400] "GET / HTTP/1.0" 200 0 "-" "-"
185.191.171.6 - - [30/Apr/2025:13:54:35 -0400] "GET /?category=0bf48b&n=12278184385800 HTTP/1.1" 200 0 "-" "Mozilla/5.0 (compatible; SemrushBot/7~bl; +http://www.semrush.com/bot.html)"
216.244.66.239 - - [30/Apr/2025:13:55:00 -0400] "GET /robots.txt HTTP/1.1" 200 68 "-" "Mozilla/5.0 (compatible; DotBot/1.2; +https://opensiteexplorer.org/dotbot; help@moz.com)"
40.77.167.41 - - [30/Apr/2025:13:55:28 -0400] "GET /?n=032909177001&category=275b6a HTTP/1.1" 200 27193 "-" "Mozilla/5.0 AppleWebKit/537.36 (KHTML, like Gecko; compatible; bingbot/2.0; +http://www.bing.com/bingbot.htm) Chrome/116.0.1938.76 Safari/537.36"
185.191.171.2 - - [30/Apr/2025:13:55:43 -0400] "GET /?category=145300&n=7152781344800 HTTP/1.1" 200 0 "-" "Mozilla/5.0 (compatible; SemrushBot/7~bl; +http://www.semrush.com/bot.html)"
185.191.171.4 - - [30/Apr/2025:13:56:50 -0400] "GET /?category=182fc9&n=1309724743602 HTTP/1.1" 200 0 "-" "Mozilla/5.0 (compatible; SemrushBot/7~bl; +http://www.semrush.com/bot.html)"
185.191.171.8 - - [30/Apr/2025:13:56:55 -0400] "GET /?category=8259d7&n=9585167938006 HTTP/1.1" 200 0 "-" "Mozilla/5.0 (compatible; SemrushBot/7~bl; +http://www.semrush.com/bot.html)"
85.208.96.203 - - [30/Apr/2025:13:57:09 -0400] "GET /?category=f1db37&n=2589380841200 HTTP/1.1" 200 0 "-" "Mozilla/5.0 (compatible; SemrushBot/7~bl; +http://www.semrush.com/bot.html)"
185.191.171.12 - - [30/Apr/2025:13:57:51 -0400] "GET /?category=00628f&n=71891110307000 HTTP/1.1" 200 0 "-" "Mozilla/5.0 (compatible; SemrushBot/7~bl; +http://www.semrush.com/bot.html)"
185.191.171.19 - - [30/Apr/2025:13:57:55 -0400] "GET /?category=f20936&n=7428259019402 HTTP/1.1" 200 0 "-" "Mozilla/5.0 (compatible; SemrushBot/7~bl; +http://www.semrush.com/bot.html)"
54.183.31.232 - - [30/Apr/2025:13:58:26 -0400] "GET / HTTP/1.1" 200 0 "-" "Mozilla/5.0 (X11; Linux x86_64) AppleWebKit/537.36 (KHTML, like Gecko) Chrome/51.0.2704.103 Safari/537.36"
185.191.171.4 - - [30/Apr/2025:13:58:43 -0400] "GET /?category=c49c7e&n=2834781453101 HTTP/1.1" 200 0 "-" "Mozilla/5.0 (compatible; SemrushBot/7~bl; +http://www.semrush.com/bot.html)"
40.77.167.158 - - [30/Apr/2025:13:59:39 -0400] "GET /?n=9017080507902&category=6336e5 HTTP/1.1" 200 26945 "-" "Mozilla/5.0 AppleWebKit/537.36 (KHTML, like Gecko; compatible; bingbot/2.0; +http://www.bing.com/bingbot.htm) Chrome/116.0.1938.76 Safari/537.36"
185.191.171.7 - - [30/Apr/2025:14:00:02 -0400] "GET /?category=a44c75&n=54522146984300 HTTP/1.1" 200 0 "-" "Mozilla/5.0 (compatible; SemrushBot/7~bl; +http://www.semrush.com/bot.html)"
40.77.167.158 - - [30/Apr/2025:14:00:39 -0400] "GET /?n=9773355945702&category=a4a49f HTTP/1.1" 200 25863 "-" "Mozilla/5.0 AppleWebKit/537.36 (KHTML, like Gecko; compatible; bingbot/2.0; +http://www.bing.com/bingbot.htm) Chrome/116.0.1938.76 Safari/537.36"
216.244.66.239 - - [30/Apr/2025:14:00:53 -0400] "GET /mengenal-nono4d-sebagai-bandar-hk-six-mark-resmi/feed/ HTTP/1.1" 200 0 "-" "Mozilla/5.0 (compatible; DotBot/1.2; +https://opensiteexplorer.org/dotbot; help@moz.com)"
216.244.66.239 - - [30/Apr/2025:14:00:58 -0400] "GET /tag/platform-mobile/feed/ HTTP/1.1" 200 0 "-" "Mozilla/5.0 (compatible; DotBot/1.2; +https://opensiteexplorer.org/dotbot; help@moz.com)"
185.191.171.11 - - [30/Apr/2025:14:01:28 -0400] "GET /?category=6a6d73&n=90808141877604 HTTP/1.1" 200 0 "-" "Mozilla/5.0 (compatible; SemrushBot/7~bl; +http://www.semrush.com/bot.html)"
85.208.96.208 - - [30/Apr/2025:14:01:49 -0400] "GET /?category=002920&n=8808953909102 HTTP/1.1" 200 0 "-" "Mozilla/5.0 (compatible; SemrushBot/7~bl; +http://www.semrush.com/bot.html)"
85.208.96.193 - - [30/Apr/2025:14:02:00 -0400] "GET /?category=9a5d13&n=58999102017300 HTTP/1.1" 200 0 "-" "Mozilla/5.0 (compatible; SemrushBot/7~bl; +http://www.semrush.com/bot.html)"
185.191.171.19 - - [30/Apr/2025:14:02:16 -0400] "GET /?category=42e62a&n=09871166393802 HTTP/1.1" 200 0 "-" "Mozilla/5.0 (compatible; SemrushBot/7~bl; +http://www.semrush.com/bot.html)"
40.77.167.158 - - [30/Apr/2025:14:03:00 -0400] "GET /?n=7990219170606&category=a2c6a9 HTTP/1.1" 200 25510 "-" "Mozilla/5.0 AppleWebKit/537.36 (KHTML, like Gecko; compatible; bingbot/2.0; +http://www.bing.com/bingbot.htm) Chrome/116.0.1938.76 Safari/537.36"
185.191.171.19 - - [30/Apr/2025:14:04:03 -0400] "GET /?category=3db009&n=27219138244307 HTTP/1.1" 200 0 "-" "Mozilla/5.0 (compatible; SemrushBot/7~bl; +http://www.semrush.com/bot.html)"
185.191.171.14 - - [30/Apr/2025:14:04:18 -0400] "GET /?category=d810d9&n=21938189500502 HTTP/1.1" 200 0 "-" "Mozilla/5.0 (compatible; SemrushBot/7~bl; +http://www.semrush.com/bot.html)"
185.191.171.3 - - [30/Apr/2025:14:04:24 -0400] "GET /?category=d39614&n=87403126526101 HTTP/1.1" 200 0 "-" "Mozilla/5.0 (compatible; SemrushBot/7~bl; +http://www.semrush.com/bot.html)"
185.191.171.17 - - [30/Apr/2025:14:05:11 -0400] "GET /?category=af0f33&n=2829943180907 HTTP/1.1" 200 0 "-" "Mozilla/5.0 (compatible; SemrushBot/7~bl; +http://www.semrush.com/bot.html)"
52.167.144.171 - - [30/Apr/2025:14:05:39 -0400] "GET /?n=6067157659900&category=f0ec29 HTTP/1.1" 200 27942 "-" "Mozilla/5.0 AppleWebKit/537.36 (KHTML, like Gecko; compatible; bingbot/2.0; +http://www.bing.com/bingbot.htm) Chrome/116.0.1938.76 Safari/537.36"
185.191.171.16 - - [30/Apr/2025:14:05:49 -0400] "GET /?category=0f3c58&n=79761167868500 HTTP/1.1" 200 0 "-" "Mozilla/5.0 (compatible; SemrushBot/7~bl; +http://www.semrush.com/bot.html)"
185.191.171.16 - - [30/Apr/2025:14:05:58 -0400] "GET /samye-populjarnye-sloty-a-igry-dlja-onlajn-kazino-igrajte-besplatno/ HTTP/1.1" 200 0 "-" "Mozilla/5.0 (compatible; SemrushBot/7~bl; +http://www.semrush.com/bot.html)"
185.191.171.9 - - [30/Apr/2025:14:06:18 -0400] "GET /?category=63bbbd&n=3189269154100 HTTP/1.1" 200 0 "-" "Mozilla/5.0 (compatible; SemrushBot/7~bl; +http://www.semrush.com/bot.html)"
52.167.144.171 - - [30/Apr/2025:14:06:49 -0400] "GET /?n=1486656331302&category=c038fd HTTP/1.1" 200 25855 "-" "Mozilla/5.0 AppleWebKit/537.36 (KHTML, like Gecko; compatible; bingbot/2.0; +http://www.bing.com/bingbot.htm) Chrome/116.0.1938.76 Safari/537.36"
85.208.96.205 - - [30/Apr/2025:14:09:33 -0400] "GET /?category=dcb047&n=887887165106 HTTP/1.1" 200 0 "-" "Mozilla/5.0 (compatible; SemrushBot/7~bl; +http://www.semrush.com/bot.html)"
85.208.96.205 - - [30/Apr/2025:14:09:43 -0400] "GET /?category=913016&n=12610172294205 HTTP/1.1" 200 0 "-" "Mozilla/5.0 (compatible; SemrushBot/7~bl; +http://www.semrush.com/bot.html)"
85.208.96.201 - - [30/Apr/2025:14:10:02 -0400] "GET /?category=de2135&n=7104556691200 HTTP/1.1" 200 0 "-" "Mozilla/5.0 (compatible; SemrushBot/7~bl; +http://www.semrush.com/bot.html)"
185.191.171.8 - - [30/Apr/2025:14:10:30 -0400] "GET /?category=f678df&n=0168263782802 HTTP/1.1" 200 0 "-" "Mozilla/5.0 (compatible; SemrushBot/7~bl; +http://www.semrush.com/bot.html)"
40.77.167.60 - - [30/Apr/2025:14:11:01 -0400] "GET /?n=1780992647602&category=a1c45b HTTP/1.1" 200 27269 "-" "Mozilla/5.0 AppleWebKit/537.36 (KHTML, like Gecko; compatible; bingbot/2.0; +http://www.bing.com/bingbot.htm) Chrome/116.0.1938.76 Safari/537.36"
185.191.171.19 - - [30/Apr/2025:14:11:01 -0400] "GET /?category=36d2e3&n=01570198185208 HTTP/1.1" 200 0 "-" "Mozilla/5.0 (compatible; SemrushBot/7~bl; +http://www.semrush.com/bot.html)"
85.208.96.196 - - [30/Apr/2025:14:12:17 -0400] "GET /?category=d7f8b5&n=098079564605 HTTP/1.1" 200 0 "-" "Mozilla/5.0 (compatible; SemrushBot/7~bl; +http://www.semrush.com/bot.html)"
185.191.171.15 - - [30/Apr/2025:14:12:23 -0400] "GET /?category=41aed9&n=92967119285101 HTTP/1.1" 200 0 "-" "Mozilla/5.0 (compatible; SemrushBot/7~bl; +http://www.semrush.com/bot.html)"
85.208.96.201 - - [30/Apr/2025:14:12:35 -0400] "GET /?category=75b926&n=3758298124507 HTTP/1.1" 200 0 "-" "Mozilla/5.0 (compatible; SemrushBot/7~bl; +http://www.semrush.com/bot.html)"
185.191.171.7 - - [30/Apr/2025:14:13:28 -0400] "GET /?category=ab8a35&n=930079632700 HTTP/1.1" 200 0 "-" "Mozilla/5.0 (compatible; SemrushBot/7~bl; +http://www.semrush.com/bot.html)"
85.208.96.196 - - [30/Apr/2025:14:13:30 -0400] "GET /?category=f98aed&n=82260187452104 HTTP/1.1" 200 0 "-" "Mozilla/5.0 (compatible; SemrushBot/7~bl; +http://www.semrush.com/bot.html)"
185.191.171.14 - - [30/Apr/2025:14:13:48 -0400] "GET /?category=291715&n=42837127810706 HTTP/1.1" 200 0 "-" "Mozilla/5.0 (compatible; SemrushBot/7~bl; +http://www.semrush.com/bot.html)"
185.191.171.4 - - [30/Apr/2025:14:14:01 -0400] "GET /?category=b3b048&n=5371220097503 HTTP/1.1" 200 0 "-" "Mozilla/5.0 (compatible; SemrushBot/7~bl; +http://www.semrush.com/bot.html)"
85.208.96.210 - - [30/Apr/2025:14:14:58 -0400] "GET /?category=533768&n=86237104272904 HTTP/1.1" 200 0 "-" "Mozilla/5.0 (compatible; SemrushBot/7~bl; +http://www.semrush.com/bot.html)"
40.88.21.235 - - [30/Apr/2025:14:15:47 -0400] "GET / HTTP/1.1" 200 0 "https://infonono4d.com/" "DuckDuckBot/1.1; (+http://duckduckgo.com/duckduckbot.html)"
40.88.21.235 - - [30/Apr/2025:14:15:48 -0400] "GET /favicon.ico HTTP/1.1" 404 1251 "https://infonono4d.com/favicon.ico" "DuckDuckBot/1.1; (+http://duckduckgo.com/duckduckbot.html)"
40.88.21.235 - - [30/Apr/2025:14:15:48 -0400] "GET /favicon.ico HTTP/1.1" 404 1251 "https://infonono4d.com/favicon.ico" "DuckDuckBot/1.1; (+http://duckduckgo.com/duckduckbot.html)"
108.181.24.243 - - [30/Apr/2025:14:16:06 -0400] "GET / HTTP/1.1" 200 0 "-" "Mozilla/5.0 (Linux; Android 10; K) AppleWebKit/537.36 (KHTML, like Gecko) Chrome/134.0.0.0 Mobile Safari/537.36 OPR/88.0.0.0"
108.181.24.243 - - [30/Apr/2025:14:16:27 -0400] "GET / HTTP/1.1" 200 0 "-" "Mozilla/5.0 (Linux; Android 10; K) AppleWebKit/537.36 (KHTML, like Gecko) Chrome/134.0.0.0 Mobile Safari/537.36 OPR/88.0.0.0"
85.208.96.207 - - [30/Apr/2025:14:16:53 -0400] "GET /?category=6c222b&n=86986129608803 HTTP/1.1" 200 0 "-" "Mozilla/5.0 (compatible; SemrushBot/7~bl; +http://www.semrush.com/bot.html)"
85.208.96.209 - - [30/Apr/2025:14:17:31 -0400] "GET /?category=1e1537&n=08329172040800 HTTP/1.1" 200 0 "-" "Mozilla/5.0 (compatible; SemrushBot/7~bl; +http://www.semrush.com/bot.html)"
185.191.171.2 - - [30/Apr/2025:14:17:33 -0400] "GET /?category=dfe4ef&n=86221144892806 HTTP/1.1" 200 0 "-" "Mozilla/5.0 (compatible; SemrushBot/7~bl; +http://www.semrush.com/bot.html)"
185.191.171.19 - - [30/Apr/2025:14:18:04 -0400] "GET /?category=36d2e3&n=1227682966304 HTTP/1.1" 200 0 "-" "Mozilla/5.0 (compatible; SemrushBot/7~bl; +http://www.semrush.com/bot.html)"
85.208.96.212 - - [30/Apr/2025:14:18:09 -0400] "GET /?category=fb6f2a&n=22692166210102 HTTP/1.1" 200 0 "-" "Mozilla/5.0 (compatible; SemrushBot/7~bl; +http://www.semrush.com/bot.html)"
52.167.144.21 - - [30/Apr/2025:14:18:40 -0400] "GET /?n=6145776847701&category=ff6cdc HTTP/1.1" 200 27391 "-" "Mozilla/5.0 AppleWebKit/537.36 (KHTML, like Gecko; compatible; bingbot/2.0; +http://www.bing.com/bingbot.htm) Chrome/116.0.1938.76 Safari/537.36"
85.208.96.207 - - [30/Apr/2025:14:18:41 -0400] "GET /?category=fa89a4&n=72719130054802 HTTP/1.1" 200 0 "-" "Mozilla/5.0 (compatible; SemrushBot/7~bl; +http://www.semrush.com/bot.html)"
85.208.96.207 - - [30/Apr/2025:14:18:55 -0400] "GET /?category=637c82&n=41721171246601 HTTP/1.1" 200 0 "-" "Mozilla/5.0 (compatible; SemrushBot/7~bl; +http://www.semrush.com/bot.html)"
185.191.171.12 - - [30/Apr/2025:14:19:04 -0400] "GET /?category=1ad547&n=1249276095601 HTTP/1.1" 200 0 "-" "Mozilla/5.0 (compatible; SemrushBot/7~bl; +http://www.semrush.com/bot.html)"
85.208.96.212 - - [30/Apr/2025:14:19:14 -0400] "GET /?category=7905ab&n=7967556666000 HTTP/1.1" 200 0 "-" "Mozilla/5.0 (compatible; SemrushBot/7~bl; +http://www.semrush.com/bot.html)"
185.191.171.6 - - [30/Apr/2025:14:20:20 -0400] "GET /?category=3ab715&n=79997190583100 HTTP/1.1" 200 0 "-" "Mozilla/5.0 (compatible; SemrushBot/7~bl; +http://www.semrush.com/bot.html)"
185.191.171.5 - - [30/Apr/2025:14:21:34 -0400] "GET /?category=245ee6&n=89074191679900 HTTP/1.1" 200 0 "-" "Mozilla/5.0 (compatible; SemrushBot/7~bl; +http://www.semrush.com/bot.html)"
185.191.171.14 - - [30/Apr/2025:14:21:36 -0400] "GET /?category=fa82a1&n=9889617597802 HTTP/1.1" 200 0 "-" "Mozilla/5.0 (compatible; SemrushBot/7~bl; +http://www.semrush.com/bot.html)"
85.208.96.202 - - [30/Apr/2025:14:23:36 -0400] "GET /?category=6887ba&n=2272188931607 HTTP/1.1" 200 0 "-" "Mozilla/5.0 (compatible; SemrushBot/7~bl; +http://www.semrush.com/bot.html)"
185.191.171.1 - - [30/Apr/2025:14:26:14 -0400] "GET /?category=58e6bb&n=08781158062800 HTTP/1.1" 200 0 "-" "Mozilla/5.0 (compatible; SemrushBot/7~bl; +http://www.semrush.com/bot.html)"
85.208.96.195 - - [30/Apr/2025:14:26:16 -0400] "GET /?category=d40241&n=97822101639400 HTTP/1.1" 200 0 "-" "Mozilla/5.0 (compatible; SemrushBot/7~bl; +http://www.semrush.com/bot.html)"
185.191.171.14 - - [30/Apr/2025:14:26:43 -0400] "GET /?category=bc8adc&n=07108180476804 HTTP/1.1" 200 0 "-" "Mozilla/5.0 (compatible; SemrushBot/7~bl; +http://www.semrush.com/bot.html)"
85.208.96.196 - - [30/Apr/2025:14:28:24 -0400] "GET /?category=aee648&n=85918199059102 HTTP/1.1" 200 0 "-" "Mozilla/5.0 (compatible; SemrushBot/7~bl; +http://www.semrush.com/bot.html)"
85.208.96.198 - - [30/Apr/2025:14:30:32 -0400] "GET /?category=aad6c1&n=89098107756403 HTTP/1.1" 200 0 "-" "Mozilla/5.0 (compatible; SemrushBot/7~bl; +http://www.semrush.com/bot.html)"
85.208.96.198 - - [30/Apr/2025:14:31:05 -0400] "GET /?category=8888d2&n=2688799592201 HTTP/1.1" 200 0 "-" "Mozilla/5.0 (compatible; SemrushBot/7~bl; +http://www.semrush.com/bot.html)"
85.208.96.196 - - [30/Apr/2025:14:31:16 -0400] "GET /?category=24d781&n=78509188970907 HTTP/1.1" 200 0 "-" "Mozilla/5.0 (compatible; SemrushBot/7~bl; +http://www.semrush.com/bot.html)"
185.191.171.11 - - [30/Apr/2025:14:31:36 -0400] "GET /?category=1e42a9&n=72199134189208 HTTP/1.1" 200 0 "-" "Mozilla/5.0 (compatible; SemrushBot/7~bl; +http://www.semrush.com/bot.html)"
85.208.96.196 - - [30/Apr/2025:14:31:40 -0400] "GET /?category=57268c&n=9238216118403 HTTP/1.1" 200 0 "-" "Mozilla/5.0 (compatible; SemrushBot/7~bl; +http://www.semrush.com/bot.html)"
110.249.202.113 - - [30/Apr/2025:14:32:55 -0400] "GET /tag/situs-togel-terpercaya/ HTTP/1.1" 200 0 "-" "Mozilla/5.0 (Linux; Android 5.0) AppleWebKit/537.36 (KHTML, like Gecko) Mobile Safari/537.36 (compatible; Bytespider; https://zhanzhang.toutiao.com/)"
185.191.171.12 - - [30/Apr/2025:14:33:27 -0400] "GET /agen-toto-online-pasaran-terlengkap-di-benua-asia-nono4d/ HTTP/1.1" 200 0 "-" "Mozilla/5.0 (compatible; SemrushBot/7~bl; +http://www.semrush.com/bot.html)"
85.208.96.203 - - [30/Apr/2025:14:33:52 -0400] "GET /?category=3b9e5a&n=94093198341008 HTTP/1.1" 200 0 "-" "Mozilla/5.0 (compatible; SemrushBot/7~bl; +http://www.semrush.com/bot.html)"
110.249.202.48 - - [30/Apr/2025:14:34:24 -0400] "GET /robots.txt HTTP/1.1" 200 82 "-" "Mozilla/5.0 (Linux; Android 5.0) AppleWebKit/537.36 (KHTML, like Gecko) Mobile Safari/537.36 (compatible; Bytespider; https://zhanzhang.toutiao.com/)"
85.208.96.201 - - [30/Apr/2025:14:34:29 -0400] "GET /?category=cf606d&n=06838141664200 HTTP/1.1" 200 0 "-" "Mozilla/5.0 (compatible; SemrushBot/7~bl; +http://www.semrush.com/bot.html)"
85.208.96.210 - - [30/Apr/2025:14:34:32 -0400] "GET /?category=1ed9a5&n=6008479181300 HTTP/1.1" 200 0 "-" "Mozilla/5.0 (compatible; SemrushBot/7~bl; +http://www.semrush.com/bot.html)"
185.191.171.11 - - [30/Apr/2025:14:35:39 -0400] "GET /?category=2d0017&n=1580794444701 HTTP/1.1" 200 0 "-" "Mozilla/5.0 (compatible; SemrushBot/7~bl; +http://www.semrush.com/bot.html)"
185.191.171.18 - - [30/Apr/2025:14:36:07 -0400] "GET /?category=b796f0&n=0592688292811 HTTP/1.1" 200 0 "-" "Mozilla/5.0 (compatible; SemrushBot/7~bl; +http://www.semrush.com/bot.html)"
185.191.171.16 - - [30/Apr/2025:14:36:14 -0400] "GET /?category=d151ed&n=06397148222000 HTTP/1.1" 200 0 "-" "Mozilla/5.0 (compatible; SemrushBot/7~bl; +http://www.semrush.com/bot.html)"
185.191.171.13 - - [30/Apr/2025:14:37:20 -0400] "GET /?category=a8f75a&n=2570211563903 HTTP/1.1" 200 0 "-" "Mozilla/5.0 (compatible; SemrushBot/7~bl; +http://www.semrush.com/bot.html)"
185.191.171.17 - - [30/Apr/2025:14:37:38 -0400] "GET /?category=49db44&n=83856180611001 HTTP/1.1" 200 0 "-" "Mozilla/5.0 (compatible; SemrushBot/7~bl; +http://www.semrush.com/bot.html)"
85.208.96.207 - - [30/Apr/2025:14:37:55 -0400] "GET /?category=3a4b34&n=15301134136102 HTTP/1.1" 200 0 "-" "Mozilla/5.0 (compatible; SemrushBot/7~bl; +http://www.semrush.com/bot.html)"
77.75.76.160 - - [30/Apr/2025:14:38:44 -0400] "GET /robots.txt HTTP/1.1" 200 82 "-" "Mozilla/5.0 (compatible; SeznamBot/4.0; +https://o-seznam.cz/napoveda/vyhledavani/en/seznambot-crawler/)"
77.75.76.160 - - [30/Apr/2025:14:38:44 -0400] "GET /tag/5-bandar-togel-terpercaya/ HTTP/1.1" 200 0 "-" "Mozilla/5.0 (compatible; SeznamBot/4.0; +https://o-seznam.cz/napoveda/vyhledavani/en/seznambot-crawler/)"
185.191.171.12 - - [30/Apr/2025:14:39:15 -0400] "GET /?category=ac3826&n=44208180420101 HTTP/1.1" 200 0 "-" "Mozilla/5.0 (compatible; SemrushBot/7~bl; +http://www.semrush.com/bot.html)"
85.208.96.200 - - [30/Apr/2025:14:39:19 -0400] "GET /?category=c12782&n=57660119542905 HTTP/1.1" 200 0 "-" "Mozilla/5.0 (compatible; SemrushBot/7~bl; +http://www.semrush.com/bot.html)"
52.167.144.181 - - [30/Apr/2025:14:39:22 -0400] "GET /?n=3902638236801&category=c152c1 HTTP/1.1" 200 26571 "-" "Mozilla/5.0 AppleWebKit/537.36 (KHTML, like Gecko; compatible; bingbot/2.0; +http://www.bing.com/bingbot.htm) Chrome/116.0.1938.76 Safari/537.36"
185.191.171.8 - - [30/Apr/2025:14:40:05 -0400] "GET /?category=66cad2&n=22139174610100 HTTP/1.1" 200 0 "-" "Mozilla/5.0 (compatible; SemrushBot/7~bl; +http://www.semrush.com/bot.html)"
185.191.171.1 - - [30/Apr/2025:14:40:32 -0400] "GET /?category=9d2989&n=081186752602 HTTP/1.1" 200 0 "-" "Mozilla/5.0 (compatible; SemrushBot/7~bl; +http://www.semrush.com/bot.html)"
85.208.96.196 - - [30/Apr/2025:14:41:19 -0400] "GET /?category=59ee3b&n=8689727251005 HTTP/1.1" 200 0 "-" "Mozilla/5.0 (compatible; SemrushBot/7~bl; +http://www.semrush.com/bot.html)"
85.208.96.195 - - [30/Apr/2025:14:41:37 -0400] "GET /?category=24c0b8&n=7066215107800 HTTP/1.1" 200 0 "-" "Mozilla/5.0 (compatible; SemrushBot/7~bl; +http://www.semrush.com/bot.html)"
185.191.171.10 - - [30/Apr/2025:14:42:17 -0400] "GET /?category=b12276&n=7707562545200 HTTP/1.1" 200 0 "-" "Mozilla/5.0 (compatible; SemrushBot/7~bl; +http://www.semrush.com/bot.html)"
85.208.96.202 - - [30/Apr/2025:14:43:32 -0400] "GET /?category=c77123&n=89699177703201 HTTP/1.1" 200 0 "-" "Mozilla/5.0 (compatible; SemrushBot/7~bl; +http://www.semrush.com/bot.html)"
185.191.171.19 - - [30/Apr/2025:14:43:50 -0400] "GET /?category=f64469&n=1860312100801 HTTP/1.1" 200 0 "-" "Mozilla/5.0 (compatible; SemrushBot/7~bl; +http://www.semrush.com/bot.html)"
85.208.96.206 - - [30/Apr/2025:14:44:26 -0400] "GET /?category=6f6db9&n=82728147707600 HTTP/1.1" 200 0 "-" "Mozilla/5.0 (compatible; SemrushBot/7~bl; +http://www.semrush.com/bot.html)"
85.208.96.203 - - [30/Apr/2025:14:45:00 -0400] "GET /?category=5f6b35&n=7193397161402 HTTP/1.1" 200 0 "-" "Mozilla/5.0 (compatible; SemrushBot/7~bl; +http://www.semrush.com/bot.html)"
85.208.96.195 - - [30/Apr/2025:14:46:15 -0400] "GET /?category=c2fcae&n=32891141334200 HTTP/1.1" 200 0 "-" "Mozilla/5.0 (compatible; SemrushBot/7~bl; +http://www.semrush.com/bot.html)"
85.208.96.197 - - [30/Apr/2025:14:47:50 -0400] "GET /?category=1f6901&n=19859115631500 HTTP/1.1" 200 0 "-" "Mozilla/5.0 (compatible; SemrushBot/7~bl; +http://www.semrush.com/bot.html)"
185.191.171.17 - - [30/Apr/2025:14:48:07 -0400] "GET /?category=f01534&n=1558068931302 HTTP/1.1" 200 0 "-" "Mozilla/5.0 (compatible; SemrushBot/7~bl; +http://www.semrush.com/bot.html)"
207.46.13.116 - - [30/Apr/2025:14:48:33 -0400] "GET /?n=0119917826300&category=e54e7e HTTP/1.1" 200 26069 "-" "Mozilla/5.0 AppleWebKit/537.36 (KHTML, like Gecko; compatible; bingbot/2.0; +http://www.bing.com/bingbot.htm) Chrome/116.0.1938.76 Safari/537.36"
85.208.96.201 - - [30/Apr/2025:14:48:46 -0400] "GET /?category=5bc48a&n=732574652801 HTTP/1.1" 200 0 "-" "Mozilla/5.0 (compatible; SemrushBot/7~bl; +http://www.semrush.com/bot.html)"
85.208.96.204 - - [30/Apr/2025:14:49:05 -0400] "GET /?category=22c3f1&n=0021132895604 HTTP/1.1" 200 0 "-" "Mozilla/5.0 (compatible; SemrushBot/7~bl; +http://www.semrush.com/bot.html)"
85.208.96.199 - - [30/Apr/2025:14:49:17 -0400] "GET /?category=a91aa6&n=07499188452700 HTTP/1.1" 200 0 "-" "Mozilla/5.0 (compatible; SemrushBot/7~bl; +http://www.semrush.com/bot.html)"
85.208.96.204 - - [30/Apr/2025:14:49:44 -0400] "GET /?category=b1d501&n=9212992302003 HTTP/1.1" 200 0 "-" "Mozilla/5.0 (compatible; SemrushBot/7~bl; +http://www.semrush.com/bot.html)"
185.191.171.11 - - [30/Apr/2025:14:50:05 -0400] "GET /?category=39b10f&n=00782187753003 HTTP/1.1" 200 0 "-" "Mozilla/5.0 (compatible; SemrushBot/7~bl; +http://www.semrush.com/bot.html)"
85.208.96.200 - - [30/Apr/2025:14:50:48 -0400] "GET /?category=fa0fd3&n=77400121849102 HTTP/1.1" 200 0 "-" "Mozilla/5.0 (compatible; SemrushBot/7~bl; +http://www.semrush.com/bot.html)"
51.222.253.5 - - [30/Apr/2025:14:51:16 -0400] "GET /robots.txt HTTP/1.1" 200 0 "-" "Mozilla/5.0 (compatible; AhrefsBot/7.0; +http://ahrefs.com/robot/)"
