212.34.147.142 - - [23/Apr/2025:21:16:38 -0400] "GET /nono4d-bandar-toto-macau-hadiah-terbesar-se-indonesia/ HTTP/1.0" 200 0 "https://infonono4d.com/nono4d-bandar-toto-macau-hadiah-terbesar-se-indonesia/" "Mozilla/5.0 (Windows NT 10.0; Win64; x64) AppleWebKit/537.36 (KHTML, like Gecko) Chrome/130.0.0.0 Safari/537.36"
212.34.147.142 - - [23/Apr/2025:21:16:41 -0400] "GET / HTTP/1.0" 200 0 "https://infonono4d.com/" "Mozilla/5.0 (Windows NT 10.0; Win64; x64) AppleWebKit/537.36 (KHTML, like Gecko) Chrome/130.0.0.0 Safari/537.36"
77.238.251.212 - - [23/Apr/2025:21:16:57 -0400] "GET /nono4d-bandar-toto-macau-hadiah-terbesar-se-indonesia/ HTTP/1.0" 200 0 "https://infonono4d.com/nono4d-bandar-toto-macau-hadiah-terbesar-se-indonesia/" "Mozilla/5.0 (Windows NT 10.0; Win64; x64) AppleWebKit/537.36 (KHTML, like Gecko) Chrome/131.0.0.0 Safari/537.36 Avast/131.0.0.0"
77.238.251.212 - - [23/Apr/2025:21:17:03 -0400] "GET / HTTP/1.0" 200 0 "https://infonono4d.com/" "Mozilla/5.0 (Windows NT 10.0; Win64; x64) AppleWebKit/537.36 (KHTML, like Gecko) Chrome/131.0.0.0 Safari/537.36 Avast/131.0.0.0"
64.124.8.204 - - [23/Apr/2025:21:18:26 -0400] "GET /nono4d-agen-toto-4d-terlengkap-di-indonesia/feed/ HTTP/1.1" 200 0 "-" "Mozilla/5.0 (compatible; ImagesiftBot; +imagesift.com)"
199.168.98.202 - - [23/Apr/2025:21:18:27 -0400] "GET //sitemap.xml HTTP/1.1" 200 12785 "-" "Mozilla/5.0 (compatible; Googlebot/2.1; +http://www.google.com/bot.html)greenwich&lewisham"
64.124.8.204 - - [23/Apr/2025:21:18:56 -0400] "GET /pasaran-togel-online-resmi-hadiah-terbesar-nono4d/feed/ HTTP/1.1" 200 0 "-" "Mozilla/5.0 (compatible; ImagesiftBot; +imagesift.com)"
209.97.160.144 - - [23/Apr/2025:21:19:40 -0400] "GET /nono4d-situs-toto-terpercaya-dengan-hadiah-terbesar-4d-10-juta/ HTTP/1.1" 200 0 "-" "Mozilla/5.0 (Windows NT 10.0; Win64; x64) AppleWebKit/537.36 (KHTML, like Gecko) Chrome/124.0.0.0 Safari/537.36"
212.50.229.179 - - [23/Apr/2025:21:38:20 -0400] "GET /index.php?params=1 HTTP/1.1" 200 352 "-" "Mozilla/5.0 (Windows NT 10.0; Win64; x64) AppleWebKit/537.36 (KHTML, like Gecko) Chrome/91.0.4472.106 Safari/537.36"
199.168.98.202 - - [23/Apr/2025:21:39:45 -0400] "GET /about.php?ac=lock_and_write_h&api=&path=/home/megavujh/infonono4d.com&t=650adf113939f450c764fa0c091b7f06&s=1 HTTP/1.1" 200 0 "-" "Mozilla/5.0 (Windows NT 10.0; Win64; x64) AppleWebKit/537.36 (KHTML, like Gecko) Chrome/113.0.0.0 Safari/537.36"
212.34.141.234 - - [23/Apr/2025:21:42:39 -0400] "GET /pasaran-togel-terlengkap-hanya-ada-di-nono4d/ HTTP/1.0" 200 0 "https://infonono4d.com/pasaran-togel-terlengkap-hanya-ada-di-nono4d/" "Mozilla/5.0 (Windows NT 10.0; Win64; x64) AppleWebKit/537.36 (KHTML, like Gecko) Chrome/131.0.0.0 Safari/537.36 Avast/131.0.0.0"
212.34.141.234 - - [23/Apr/2025:21:42:40 -0400] "GET / HTTP/1.0" 200 0 "https://infonono4d.com/" "Mozilla/5.0 (Windows NT 10.0; Win64; x64) AppleWebKit/537.36 (KHTML, like Gecko) Chrome/131.0.0.0 Safari/537.36 Avast/131.0.0.0"
199.168.98.202 - - [23/Apr/2025:21:45:22 -0400] "GET /about.php?ac=upload_hidden_code&api=&path=&t=650adf113939f450c764fa0c091b7f06&s=1 HTTP/1.1" 200 0 "-" "Mozilla/5.0 (Windows NT 10.0; Win64; x64) AppleWebKit/537.36 (KHTML, like Gecko) Chrome/113.0.0.0 Safari/537.36"
199.168.98.202 - - [23/Apr/2025:21:47:18 -0400] "GET /640275/about.php?ac=upload_hidden_code&api=&path=&t=650adf113939f450c764fa0c091b7f06&s=1 HTTP/1.1" 200 0 "-" "Mozilla/5.0 (Windows NT 10.0; Win64; x64) AppleWebKit/537.36 (KHTML, like Gecko) Chrome/113.0.0.0 Safari/537.36"
91.84.100.21 - - [23/Apr/2025:21:48:45 -0400] "GET /nono4d-bandar-toto-macau-hadiah-terbesar-se-indonesia/ HTTP/1.0" 200 0 "https://infonono4d.com/nono4d-bandar-toto-macau-hadiah-terbesar-se-indonesia/" "Mozilla/5.0 (Windows NT 10.0; Win64; x64) AppleWebKit/537.36 (KHTML, like Gecko) Chrome/129.0.0.0 Safari/537.36"
91.84.100.21 - - [23/Apr/2025:21:48:48 -0400] "GET / HTTP/1.0" 200 0 "https://infonono4d.com/" "Mozilla/5.0 (Windows NT 10.0; Win64; x64) AppleWebKit/537.36 (KHTML, like Gecko) Chrome/129.0.0.0 Safari/537.36"
47.76.224.92 - - [23/Apr/2025:21:57:55 -0400] "HEAD /robots.txt HTTP/1.1" 200 0 "-" "Mozilla/5.0 (Windows NT 6.0; Win64; x64) AppleWebKit/537.36 (KHTML, like Gecko) Chrome/63.0.2510.167 Safari/537.36"
47.76.224.92 - - [23/Apr/2025:21:57:56 -0400] "GET /robots.txt HTTP/1.1" 200 82 "-" "Mozilla/5.0 (Windows NT 6.0; Win64; x64) AppleWebKit/537.36 (KHTML, like Gecko) Chrome/63.0.2510.167 Safari/537.36"
192.64.117.67 - - [23/Apr/2025:22:06:49 -0400] "GET / HTTP/1.1" 200 0 "-" "Mozilla/5.0 (Windows NT 10.0; Win64; x64; rv:122.0) Gecko/20100101 Firefox/122.0"
18.97.14.82 - - [23/Apr/2025:22:28:04 -0400] "GET /robots.txt HTTP/1.1" 200 66 "-" "CCBot/2.0 (https://commoncrawl.org/faq/)"
18.97.14.82 - - [23/Apr/2025:22:28:05 -0400] "GET /tag/prediksi-togel-sydney/ HTTP/1.1" 200 0 "-" "CCBot/2.0 (https://commoncrawl.org/faq/)"
18.97.14.82 - - [23/Apr/2025:22:29:44 -0400] "GET /link-togel-terpercaya-nono4d-bandar-togel-terbaik/ HTTP/1.1" 200 0 "-" "CCBot/2.0 (https://commoncrawl.org/faq/)"
18.97.14.82 - - [23/Apr/2025:22:32:58 -0400] "GET /tag/93-pasaran-resmi/ HTTP/1.1" 200 0 "-" "CCBot/2.0 (https://commoncrawl.org/faq/)"
18.97.14.82 - - [23/Apr/2025:22:35:07 -0400] "GET /apuestas-on-the-internet-en-espana-202/ HTTP/1.1" 200 0 "-" "CCBot/2.0 (https://commoncrawl.org/faq/)"
18.97.14.82 - - [23/Apr/2025:22:36:27 -0400] "GET /main-togel-menggunakan-deposit-via-pulsa-di-nono4d/ HTTP/1.1" 200 0 "-" "CCBot/2.0 (https://commoncrawl.org/faq/)"
18.97.14.82 - - [23/Apr/2025:22:37:44 -0400] "GET /pengalaman-bermain-live-game-di-nono4d/ HTTP/1.1" 200 0 "-" "CCBot/2.0 (https://commoncrawl.org/faq/)"
18.97.14.82 - - [23/Apr/2025:22:39:37 -0400] "GET /nono4d-situs-toto-permainan-online-lengkap/ HTTP/1.1" 200 0 "-" "CCBot/2.0 (https://commoncrawl.org/faq/)"
18.97.14.82 - - [23/Apr/2025:22:40:35 -0400] "GET /inilah-10-keunggulan-nono4d-situs-toto-online/ HTTP/1.1" 200 0 "-" "CCBot/2.0 (https://commoncrawl.org/faq/)"
18.97.14.82 - - [23/Apr/2025:22:41:22 -0400] "GET / HTTP/1.1" 200 0 "-" "CCBot/2.0 (https://commoncrawl.org/faq/)"
18.97.14.82 - - [23/Apr/2025:22:42:16 -0400] "GET /nono4d-link-utama-portal-togel-online/ HTTP/1.1" 200 0 "-" "CCBot/2.0 (https://commoncrawl.org/faq/)"
77.238.251.212 - - [23/Apr/2025:22:42:45 -0400] "GET /nono4d-situs-togel-online-pasaran-paling-lengkap/ HTTP/1.0" 200 0 "https://infonono4d.com/nono4d-situs-togel-online-pasaran-paling-lengkap/" "Mozilla/5.0 (Windows NT 10.0; Win64; x64) AppleWebKit/537.36 (KHTML, like Gecko) Chrome/130.0.0.0 Safari/537.36 CCleaner/130.0.0.0"
77.238.251.212 - - [23/Apr/2025:22:42:48 -0400] "GET / HTTP/1.0" 200 0 "https://infonono4d.com/" "Mozilla/5.0 (Windows NT 10.0; Win64; x64) AppleWebKit/537.36 (KHTML, like Gecko) Chrome/130.0.0.0 Safari/537.36 CCleaner/130.0.0.0"
18.97.14.82 - - [23/Apr/2025:22:43:04 -0400] "GET /bandar-togel-online-nono4d-memberikan-hadiah-3d-1-juta-terbesar/ HTTP/1.1" 200 0 "-" "CCBot/2.0 (https://commoncrawl.org/faq/)"
18.97.14.82 - - [23/Apr/2025:22:43:49 -0400] "GET /pasaran-togel-terlengkap-hanya-ada-di-nono4d/ HTTP/1.1" 200 0 "-" "CCBot/2.0 (https://commoncrawl.org/faq/)"
18.97.14.82 - - [23/Apr/2025:22:44:34 -0400] "GET /sample-page/ HTTP/1.1" 200 0 "-" "CCBot/2.0 (https://commoncrawl.org/faq/)"
18.97.14.82 - - [23/Apr/2025:22:45:20 -0400] "GET /bandar-togel-online-aman-terpercaya-nono4d/ HTTP/1.1" 200 0 "-" "CCBot/2.0 (https://commoncrawl.org/faq/)"
18.97.14.82 - - [23/Apr/2025:22:46:26 -0400] "GET /slot-gampang-menang-di-nono4d-keuntungan-bermain-slot-online/ HTTP/1.1" 200 0 "-" "CCBot/2.0 (https://commoncrawl.org/faq/)"
18.97.14.82 - - [23/Apr/2025:22:47:34 -0400] "GET /category/bandar-togel-terpercaya/page/3/ HTTP/1.1" 200 0 "-" "CCBot/2.0 (https://commoncrawl.org/faq/)"
18.97.14.82 - - [23/Apr/2025:22:48:28 -0400] "GET /category/nono4d-bandar-togel-hadiah-terbesar/page/2/ HTTP/1.1" 200 0 "-" "CCBot/2.0 (https://commoncrawl.org/faq/)"
18.97.14.82 - - [23/Apr/2025:22:49:08 -0400] "GET /nono4d-bandar-toto-4d-togel-hadiah-terbesar-minimal-bet-100-perak/ HTTP/1.1" 200 0 "-" "CCBot/2.0 (https://commoncrawl.org/faq/)"
18.97.14.82 - - [23/Apr/2025:22:49:52 -0400] "GET /tag/agen-toto-4d-terpercaya/ HTTP/1.1" 200 0 "-" "CCBot/2.0 (https://commoncrawl.org/faq/)"
18.97.14.82 - - [23/Apr/2025:22:50:34 -0400] "GET /tag/situs-togel-terbesar/page/4/ HTTP/1.1" 200 0 "-" "CCBot/2.0 (https://commoncrawl.org/faq/)"
18.97.14.82 - - [23/Apr/2025:22:51:11 -0400] "GET /link-toto-terpercaya-nono4d-minimal-bet-100-perak/ HTTP/1.1" 200 0 "-" "CCBot/2.0 (https://commoncrawl.org/faq/)"
18.97.14.82 - - [23/Apr/2025:22:51:49 -0400] "GET /nono4d-situs-slot-paling-cuan-gampang-maxwin/ HTTP/1.1" 200 0 "-" "CCBot/2.0 (https://commoncrawl.org/faq/)"
18.97.14.82 - - [23/Apr/2025:22:52:26 -0400] "GET /nono4d-situs-bandar-togel-online-taruhan-100-perak/ HTTP/1.1" 200 0 "-" "CCBot/2.0 (https://commoncrawl.org/faq/)"
18.97.14.82 - - [23/Apr/2025:22:53:03 -0400] "GET /situs-togel-online-hadiah-4d-fantastis-nono4d/ HTTP/1.1" 200 0 "-" "CCBot/2.0 (https://commoncrawl.org/faq/)"
18.97.14.82 - - [23/Apr/2025:22:53:38 -0400] "GET /tag/nana4d-togel/ HTTP/1.1" 200 0 "-" "CCBot/2.0 (https://commoncrawl.org/faq/)"
18.97.14.82 - - [23/Apr/2025:22:54:12 -0400] "GET /situs-togel-terpercaya-nono4d/ HTTP/1.1" 200 0 "-" "CCBot/2.0 (https://commoncrawl.org/faq/)"
18.97.14.82 - - [23/Apr/2025:22:54:45 -0400] "GET /tag/tipe-bet-terbaik/ HTTP/1.1" 200 0 "-" "CCBot/2.0 (https://commoncrawl.org/faq/)"
195.2.70.49 - - [23/Apr/2025:22:55:18 -0400] "GET /pasaran-togel-terlengkap-hanya-ada-di-nono4d/ HTTP/1.0" 200 0 "https://infonono4d.com/pasaran-togel-terlengkap-hanya-ada-di-nono4d/" "Mozilla/5.0 (Windows NT 10.0; Win64; x64) AppleWebKit/537.36 (KHTML, like Gecko) Chrome/131.0.0.0 Safari/537.36 Avast/131.0.0.0"
18.97.14.82 - - [23/Apr/2025:22:55:19 -0400] "GET /tag/bet-prize-123/ HTTP/1.1" 200 0 "-" "CCBot/2.0 (https://commoncrawl.org/faq/)"
195.2.70.49 - - [23/Apr/2025:22:55:20 -0400] "GET / HTTP/1.0" 200 0 "https://infonono4d.com/" "Mozilla/5.0 (Windows NT 10.0; Win64; x64) AppleWebKit/537.36 (KHTML, like Gecko) Chrome/131.0.0.0 Safari/537.36 Avast/131.0.0.0"
18.97.14.82 - - [23/Apr/2025:22:55:54 -0400] "GET /nono4d-situs-togel-terpercaya-hadiah-terbesar-10-juta/ HTTP/1.1" 200 0 "-" "CCBot/2.0 (https://commoncrawl.org/faq/)"
18.97.14.82 - - [23/Apr/2025:22:56:28 -0400] "GET /tag/nono4d-bandar-togel-terpercaya/ HTTP/1.1" 200 0 "-" "CCBot/2.0 (https://commoncrawl.org/faq/)"
18.97.14.82 - - [23/Apr/2025:22:57:03 -0400] "GET /mengapa-nono4d-dipandang-sebagai-situs-toto-terbaik/ HTTP/1.1" 200 0 "-" "CCBot/2.0 (https://commoncrawl.org/faq/)"
18.97.14.82 - - [23/Apr/2025:22:57:41 -0400] "GET /togel-online-deposit-qris-langsung-masuk-1-detik-di-situs-nono4d/ HTTP/1.1" 200 0 "-" "CCBot/2.0 (https://commoncrawl.org/faq/)"
18.97.14.82 - - [23/Apr/2025:22:58:18 -0400] "GET /nono4d-situs-toto-4d-terpercaya-bet-100-perak/ HTTP/1.1" 200 0 "-" "CCBot/2.0 (https://commoncrawl.org/faq/)"
18.97.14.82 - - [23/Apr/2025:22:58:57 -0400] "GET /nono4d-situs-togel-hadiah-terbesar-4d-10-juta-2/ HTTP/1.1" 200 0 "-" "CCBot/2.0 (https://commoncrawl.org/faq/)"
212.34.147.142 - - [23/Apr/2025:22:58:57 -0400] "GET /nono4d-situs-togel-online-pasaran-paling-lengkap/ HTTP/1.0" 200 0 "https://infonono4d.com/nono4d-situs-togel-online-pasaran-paling-lengkap/" "Mozilla/5.0 (Windows NT 10.0; Win64; x64) AppleWebKit/537.36 (KHTML, like Gecko) Chrome/131.0.0.0 Safari/537.36 Avast/131.0.0.0"
212.34.147.142 - - [23/Apr/2025:22:59:00 -0400] "GET / HTTP/1.0" 200 0 "https://infonono4d.com/" "Mozilla/5.0 (Windows NT 10.0; Win64; x64) AppleWebKit/537.36 (KHTML, like Gecko) Chrome/131.0.0.0 Safari/537.36 Avast/131.0.0.0"
18.97.14.82 - - [23/Apr/2025:22:59:49 -0400] "GET /tag/situs-togel-nono4d-terpercaya/ HTTP/1.1" 200 0 "-" "CCBot/2.0 (https://commoncrawl.org/faq/)"
18.97.14.82 - - [23/Apr/2025:23:00:34 -0400] "GET /tag/togel-resmi/page/2/ HTTP/1.1" 200 0 "-" "CCBot/2.0 (https://commoncrawl.org/faq/)"
18.97.14.82 - - [23/Apr/2025:23:01:36 -0400] "GET /bandar-toto-online-4d-terpopuler-hadiah-togel-terbesar-nono4d/ HTTP/1.1" 200 0 "-" "CCBot/2.0 (https://commoncrawl.org/faq/)"
18.97.14.82 - - [23/Apr/2025:23:02:27 -0400] "GET /tag/bandar-togel-terpercaya/page/2/ HTTP/1.1" 200 0 "-" "CCBot/2.0 (https://commoncrawl.org/faq/)"
18.97.14.82 - - [23/Apr/2025:23:03:04 -0400] "GET /tag/situs-togel-teraman/ HTTP/1.1" 200 0 "-" "CCBot/2.0 (https://commoncrawl.org/faq/)"
18.97.14.82 - - [23/Apr/2025:23:03:46 -0400] "GET /nono4d-bandar-togel-online-terbaik-2024/ HTTP/1.1" 200 0 "-" "CCBot/2.0 (https://commoncrawl.org/faq/)"
18.97.14.82 - - [23/Apr/2025:23:04:27 -0400] "GET /nono4d-website-pasang-toto-togel-4d-terbaik/ HTTP/1.1" 200 0 "-" "CCBot/2.0 (https://commoncrawl.org/faq/)"
18.97.14.82 - - [23/Apr/2025:23:05:00 -0400] "GET /nono4d-situs-terbaik-untuk-main-togel-online/ HTTP/1.1" 200 0 "-" "CCBot/2.0 (https://commoncrawl.org/faq/)"
18.97.14.82 - - [23/Apr/2025:23:05:31 -0400] "GET /tentang-nono4d-situs-togel-terpercaya-slot-gampang-maxwin/ HTTP/1.1" 200 0 "-" "CCBot/2.0 (https://commoncrawl.org/faq/)"
18.97.14.82 - - [23/Apr/2025:23:06:03 -0400] "GET /nono4d-situs-togel-dan-permainan-online-terbaik-saat-ini/ HTTP/1.1" 200 0 "-" "CCBot/2.0 (https://commoncrawl.org/faq/)"
18.97.14.82 - - [23/Apr/2025:23:06:34 -0400] "GET /category/uncategorized/ HTTP/1.1" 200 0 "-" "CCBot/2.0 (https://commoncrawl.org/faq/)"
18.97.14.82 - - [23/Apr/2025:23:07:07 -0400] "GET /5-pilihan-slot-gacor-terbaik-hari-ini-di-nono4d/ HTTP/1.1" 200 0 "-" "CCBot/2.0 (https://commoncrawl.org/faq/)"
18.97.14.82 - - [23/Apr/2025:23:07:38 -0400] "GET /tag/prediksi-angka-jp-paus/ HTTP/1.1" 200 0 "-" "CCBot/2.0 (https://commoncrawl.org/faq/)"
18.97.14.82 - - [23/Apr/2025:23:08:09 -0400] "GET /category/bandar-togel-terpercaya/ HTTP/1.1" 200 0 "-" "CCBot/2.0 (https://commoncrawl.org/faq/)"
18.97.14.82 - - [23/Apr/2025:23:08:38 -0400] "GET /nono4d-agen-togel-online-terpercaya-bet-100-perak/ HTTP/1.1" 200 0 "-" "CCBot/2.0 (https://commoncrawl.org/faq/)"
18.97.14.82 - - [23/Apr/2025:23:10:46 -0400] "GET /category/bo-togel-hadiah-terbesar/ HTTP/1.1" 200 0 "-" "CCBot/2.0 (https://commoncrawl.org/faq/)"
18.97.14.82 - - [23/Apr/2025:23:12:17 -0400] "GET /nono4d-link-togel-4d-terpercaya-hadiah-terbesar-10-juta/ HTTP/1.1" 200 0 "-" "CCBot/2.0 (https://commoncrawl.org/faq/)"
18.97.14.82 - - [23/Apr/2025:23:13:44 -0400] "GET /situs-super-toto-nono4d-agen-toto-togel-terpercaya-dengan-pengalaman-terbaik/ HTTP/1.1" 200 0 "-" "CCBot/2.0 (https://commoncrawl.org/faq/)"
18.97.14.82 - - [23/Apr/2025:23:14:13 -0400] "GET /tag/daftar-link-togel-terpercaya/page/2/ HTTP/1.1" 200 0 "-" "CCBot/2.0 (https://commoncrawl.org/faq/)"
18.97.14.82 - - [23/Apr/2025:23:14:42 -0400] "GET /nono4d-menghadirkan-4-tipe-bet-togel-terbaik/ HTTP/1.1" 200 0 "-" "CCBot/2.0 (https://commoncrawl.org/faq/)"
18.97.14.82 - - [23/Apr/2025:23:15:10 -0400] "GET /event-toto-togel-hadiah-terbesar-di-nono4d-mystery-number-hongkong-rp-500-000/ HTTP/1.1" 200 0 "-" "CCBot/2.0 (https://commoncrawl.org/faq/)"
18.97.14.82 - - [23/Apr/2025:23:15:37 -0400] "GET /tag/situs-togel-terpercaya/ HTTP/1.1" 200 0 "-" "CCBot/2.0 (https://commoncrawl.org/faq/)"
18.97.14.82 - - [23/Apr/2025:23:16:36 -0400] "GET /tag/4-tipe-bet/ HTTP/1.1" 200 0 "-" "CCBot/2.0 (https://commoncrawl.org/faq/)"
91.84.100.21 - - [23/Apr/2025:23:16:46 -0400] "GET /nono4d-situs-togel-online-pasaran-paling-lengkap/ HTTP/1.0" 200 0 "https://infonono4d.com/nono4d-situs-togel-online-pasaran-paling-lengkap/" "Mozilla/5.0 (Windows NT 10.0; Win64; x64) AppleWebKit/537.36 (KHTML, like Gecko) Chrome/129.0.0.0 Safari/537.36"
91.84.100.21 - - [23/Apr/2025:23:16:49 -0400] "GET / HTTP/1.0" 200 0 "https://infonono4d.com/" "Mozilla/5.0 (Windows NT 10.0; Win64; x64) AppleWebKit/537.36 (KHTML, like Gecko) Chrome/129.0.0.0 Safari/537.36"
18.97.14.82 - - [23/Apr/2025:23:17:08 -0400] "GET /tag/daftar-togel/page/2/ HTTP/1.1" 200 0 "-" "CCBot/2.0 (https://commoncrawl.org/faq/)"
18.97.14.82 - - [23/Apr/2025:23:17:38 -0400] "GET /tag/bet-full/ HTTP/1.1" 200 0 "-" "CCBot/2.0 (https://commoncrawl.org/faq/)"
18.97.14.82 - - [23/Apr/2025:23:18:07 -0400] "GET /tag/nono4d-bo-togel-terpercaya/ HTTP/1.1" 200 0 "-" "CCBot/2.0 (https://commoncrawl.org/faq/)"
18.97.14.82 - - [23/Apr/2025:23:19:14 -0400] "GET /tag/situs-situs-togel/ HTTP/1.1" 200 0 "-" "CCBot/2.0 (https://commoncrawl.org/faq/)"
18.97.14.82 - - [23/Apr/2025:23:20:35 -0400] "GET /tag/taruhan-togel-100-perak/ HTTP/1.1" 200 0 "-" "CCBot/2.0 (https://commoncrawl.org/faq/)"
18.97.14.82 - - [23/Apr/2025:23:21:17 -0400] "GET /tag/bandar-togel-terbesar/ HTTP/1.1" 200 0 "-" "CCBot/2.0 (https://commoncrawl.org/faq/)"
18.97.14.82 - - [23/Apr/2025:23:22:36 -0400] "GET /nono4d-situs-togel-online-terpercaya/ HTTP/1.1" 200 0 "-" "CCBot/2.0 (https://commoncrawl.org/faq/)"
18.97.14.82 - - [23/Apr/2025:23:23:12 -0400] "GET /tag/slot-tergacor/ HTTP/1.1" 200 0 "-" "CCBot/2.0 (https://commoncrawl.org/faq/)"
18.97.14.82 - - [23/Apr/2025:23:23:52 -0400] "GET /1xbet-ofitsialnoe-prilozhenie-skachat-na-androjd-sloty-bonus/ HTTP/1.1" 200 0 "-" "CCBot/2.0 (https://commoncrawl.org/faq/)"
18.97.14.82 - - [23/Apr/2025:23:24:33 -0400] "GET /1xbet-ofitsialnyj-sajt-s-luchshimi-variantami-ddja-stavok/ HTTP/1.1" 200 0 "-" "CCBot/2.0 (https://commoncrawl.org/faq/)"
18.97.14.82 - - [23/Apr/2025:23:25:27 -0400] "GET /opsi-betting-togel-terlengkap-di-nono4d/ HTTP/1.1" 200 0 "-" "CCBot/2.0 (https://commoncrawl.org/faq/)"
18.97.14.82 - - [23/Apr/2025:23:26:10 -0400] "GET /tag/bo-hadiah-4d-10-juta/ HTTP/1.1" 200 0 "-" "CCBot/2.0 (https://commoncrawl.org/faq/)"
18.97.14.82 - - [23/Apr/2025:23:27:14 -0400] "GET /situs-bonafit-gampang-menang-game-terlengkap-di-nono4d/ HTTP/1.1" 200 0 "-" "CCBot/2.0 (https://commoncrawl.org/faq/)"
18.97.14.82 - - [23/Apr/2025:23:28:15 -0400] "GET /agen-togel-online-resmi-deposit-10-ribu-dengan-hadiah-kemenangan-terbesar/ HTTP/1.1" 200 0 "-" "CCBot/2.0 (https://commoncrawl.org/faq/)"
18.97.14.82 - - [23/Apr/2025:23:28:56 -0400] "GET /jadi-member-nono4d-banyak-bonus-auto-cuan/ HTTP/1.1" 200 0 "-" "CCBot/2.0 (https://commoncrawl.org/faq/)"
18.97.14.82 - - [23/Apr/2025:23:29:42 -0400] "GET /nono4d-situs-togel-online-terpercaya-93-pasaran-resmi/ HTTP/1.1" 200 0 "-" "CCBot/2.0 (https://commoncrawl.org/faq/)"
18.97.14.82 - - [23/Apr/2025:23:32:00 -0400] "GET /link-pasang-togel-online-resmi-semua-pasaran-nono4d/ HTTP/1.1" 200 0 "-" "CCBot/2.0 (https://commoncrawl.org/faq/)"
18.97.14.82 - - [23/Apr/2025:23:34:12 -0400] "GET /nono4d-agen-togel-resmi-hadiah-terbesar-10-juta/ HTTP/1.1" 200 0 "-" "CCBot/2.0 (https://commoncrawl.org/faq/)"
18.97.14.82 - - [23/Apr/2025:23:34:45 -0400] "GET /nono4d-menawarkan-bonus-togel-slot-live-casino-terbaik/ HTTP/1.1" 200 0 "-" "CCBot/2.0 (https://commoncrawl.org/faq/)"
18.97.14.82 - - [23/Apr/2025:23:35:19 -0400] "GET /category/agen-togel-hadiah-terbesar/ HTTP/1.1" 200 0 "-" "CCBot/2.0 (https://commoncrawl.org/faq/)"
18.97.14.82 - - [23/Apr/2025:23:35:48 -0400] "GET /bet-togel-100-perak-termurah-dengan-hadiah-terbesar/ HTTP/1.1" 200 0 "-" "CCBot/2.0 (https://commoncrawl.org/faq/)"
18.97.14.82 - - [23/Apr/2025:23:38:28 -0400] "GET /nono4d-situs-togel-terpercaya-deposit-10-ribu-via-qris/ HTTP/1.1" 200 0 "-" "CCBot/2.0 (https://commoncrawl.org/faq/)"
18.97.14.82 - - [23/Apr/2025:23:39:01 -0400] "GET /nono4d-togel-deposit-pulsa-hadiah-terbesar/ HTTP/1.1" 200 0 "-" "CCBot/2.0 (https://commoncrawl.org/faq/)"
18.97.14.82 - - [23/Apr/2025:23:40:10 -0400] "GET /nono4d-apk-togel-terbesar-bet-100-perak/ HTTP/1.1" 200 0 "-" "CCBot/2.0 (https://commoncrawl.org/faq/)"
18.97.14.82 - - [23/Apr/2025:23:40:41 -0400] "GET /tag/prediksi-angka-keluaran/ HTTP/1.1" 200 0 "-" "CCBot/2.0 (https://commoncrawl.org/faq/)"
188.130.129.235 - - [23/Apr/2025:23:41:18 -0400] "GET / HTTP/1.0" 200 0 "https://infonono4d.com/" "Mozilla/5.0 (Windows NT 10.0; Win64; x64) AppleWebKit/537.36 (KHTML, like Gecko) Chrome/131.0.0.0 Safari/537.36 Avast/131.0.0.0"
46.8.193.63 - - [23/Apr/2025:23:41:44 -0400] "GET /nono4d-situs-togel-online-pasaran-paling-lengkap/ HTTP/1.0" 200 0 "https://infonono4d.com/nono4d-situs-togel-online-pasaran-paling-lengkap/#comment-6148" "Mozilla/5.0 (Windows NT 10.0; Win64; x64) AppleWebKit/537.36 (KHTML, like Gecko) Chrome/131.0.0.0 Safari/537.36"
46.8.193.63 - - [23/Apr/2025:23:41:47 -0400] "GET / HTTP/1.0" 200 0 "https://infonono4d.com/" "Mozilla/5.0 (Windows NT 10.0; Win64; x64) AppleWebKit/537.36 (KHTML, like Gecko) Chrome/131.0.0.0 Safari/537.36"
18.97.14.82 - - [23/Apr/2025:23:41:48 -0400] "GET /tag/bet-bb-tepat/ HTTP/1.1" 200 0 "-" "CCBot/2.0 (https://commoncrawl.org/faq/)"
18.97.14.82 - - [23/Apr/2025:23:42:18 -0400] "GET /situs-togel-online-resmi-bbfs-9-digit/ HTTP/1.1" 200 0 "-" "CCBot/2.0 (https://commoncrawl.org/faq/)"
18.97.14.82 - - [23/Apr/2025:23:42:49 -0400] "GET /tag/bo-togel-hadiah-terbesar-10-juta/ HTTP/1.1" 200 0 "-" "CCBot/2.0 (https://commoncrawl.org/faq/)"
18.97.14.82 - - [23/Apr/2025:23:43:20 -0400] "GET /situs-bo-togel-hadiah-4d-terbesar-10-juta-rupiah/ HTTP/1.1" 200 0 "-" "CCBot/2.0 (https://commoncrawl.org/faq/)"
18.97.14.82 - - [23/Apr/2025:23:43:51 -0400] "GET /nono4d-situs-togel-terbaik-2024/ HTTP/1.1" 200 0 "-" "CCBot/2.0 (https://commoncrawl.org/faq/)"
66.249.68.67 - - [23/Apr/2025:23:44:17 -0400] "GET /robots.txt HTTP/1.1" 200 66 "-" "Mozilla/5.0 (compatible; Googlebot/2.1; +http://www.google.com/bot.html)"
18.97.14.82 - - [23/Apr/2025:23:44:19 -0400] "GET /tag/bo-togel-hadiah-terbesar/ HTTP/1.1" 200 0 "-" "CCBot/2.0 (https://commoncrawl.org/faq/)"
18.97.14.82 - - [23/Apr/2025:23:44:49 -0400] "GET /tag/agen-togel-terbesar/ HTTP/1.1" 200 0 "-" "CCBot/2.0 (https://commoncrawl.org/faq/)"
18.97.14.82 - - [23/Apr/2025:23:45:19 -0400] "GET /akses-nono4d-dan-mainkan-togel-online-terpercaya/ HTTP/1.1" 200 0 "-" "CCBot/2.0 (https://commoncrawl.org/faq/)"
18.97.14.82 - - [23/Apr/2025:23:45:49 -0400] "GET /situs-togel-online-nono4d-hadiah-terbesar/ HTTP/1.1" 200 0 "-" "CCBot/2.0 (https://commoncrawl.org/faq/)"
18.97.14.82 - - [23/Apr/2025:23:46:18 -0400] "GET /mengenal-lebih-dekat-nono4d-sebagai-bandar-totomacau-terpercaya/ HTTP/1.1" 200 0 "-" "CCBot/2.0 (https://commoncrawl.org/faq/)"
18.97.14.82 - - [23/Apr/2025:23:46:47 -0400] "GET /tag/hadiah-terbesar/ HTTP/1.1" 200 0 "-" "CCBot/2.0 (https://commoncrawl.org/faq/)"
18.97.14.82 - - [23/Apr/2025:23:47:16 -0400] "GET /tag/togel-4d/ HTTP/1.1" 200 0 "-" "CCBot/2.0 (https://commoncrawl.org/faq/)"
18.97.14.82 - - [23/Apr/2025:23:47:44 -0400] "GET /tag/situs-resmi-togel/ HTTP/1.1" 200 0 "-" "CCBot/2.0 (https://commoncrawl.org/faq/)"
18.97.14.82 - - [23/Apr/2025:23:48:16 -0400] "GET /link-daftar-situs-nono4d/ HTTP/1.1" 200 0 "-" "CCBot/2.0 (https://commoncrawl.org/faq/)"
18.97.14.82 - - [23/Apr/2025:23:48:46 -0400] "GET /nono4d-agen-toto-4d-terpercaya-hadiah-fantastis-terbesar/ HTTP/1.1" 200 0 "-" "CCBot/2.0 (https://commoncrawl.org/faq/)"
18.97.14.82 - - [23/Apr/2025:23:49:18 -0400] "GET /tag/bandar-togel-terbesar-dan-terpercaya-di-indonesia/ HTTP/1.1" 200 0 "-" "CCBot/2.0 (https://commoncrawl.org/faq/)"
18.97.14.82 - - [23/Apr/2025:23:51:54 -0400] "GET /tag/bo-hadiah-4d-10-juta/page/2/ HTTP/1.1" 200 0 "-" "CCBot/2.0 (https://commoncrawl.org/faq/)"
18.97.14.82 - - [23/Apr/2025:23:52:26 -0400] "GET /tag/world-lottery-association/ HTTP/1.1" 200 0 "-" "CCBot/2.0 (https://commoncrawl.org/faq/)"
18.97.14.82 - - [23/Apr/2025:23:52:55 -0400] "GET /tag/link-alternatif-nono4d/ HTTP/1.1" 200 0 "-" "CCBot/2.0 (https://commoncrawl.org/faq/)"
18.97.14.82 - - [23/Apr/2025:23:53:26 -0400] "GET /tag/nono4d-agen-togel-terpercaya/ HTTP/1.1" 200 0 "-" "CCBot/2.0 (https://commoncrawl.org/faq/)"
18.97.14.82 - - [23/Apr/2025:23:53:57 -0400] "GET /situs-bo-togel-nono4d-pilihan-terbaik-untuk-pasaran-togel-terlengkap/ HTTP/1.1" 200 0 "-" "CCBot/2.0 (https://commoncrawl.org/faq/)"
18.97.14.82 - - [23/Apr/2025:23:56:55 -0400] "GET /1win-kazino-onlajn-s-bystrym-vyvodom-deneg-1-win-casin/ HTTP/1.1" 200 0 "-" "CCBot/2.0 (https://commoncrawl.org/faq/)"
18.97.14.82 - - [24/Apr/2025:00:03:14 -0400] "GET /tag/link-togel-toto/ HTTP/1.1" 200 0 "-" "CCBot/2.0 (https://commoncrawl.org/faq/)"
18.97.14.82 - - [23/Apr/2025:23:58:23 -0400] "GET /bandar-togel-terpercaya-di-asia-nono4d/ HTTP/1.1" 200 0 "-" "CCBot/2.0 (https://commoncrawl.org/faq/)"
18.97.14.82 - - [23/Apr/2025:23:58:50 -0400] "GET /bermain-singapore-toto-di-bandar-resmi-nono4d-kenali-pasaran-togel-populer-ini/ HTTP/1.1" 200 0 "-" "CCBot/2.0 (https://commoncrawl.org/faq/)"
18.97.14.82 - - [23/Apr/2025:23:59:46 -0400] "GET /jackpot-besar-pasti-bayar-di-situs-nono4d-keamanan-kemenangan-tanpa-kompromi/ HTTP/1.1" 200 0 "-" "CCBot/2.0 (https://commoncrawl.org/faq/)"
137.226.113.44 - - [24/Apr/2025:00:00:23 -0400] "GET / HTTP/1.1" 200 0 "-" "Mozilla/5.0 researchscan.comsys.rwth-aachen.de"
18.97.14.82 - - [24/Apr/2025:00:04:12 -0400] "GET /tag/situs-togel-terbesar/page/2/ HTTP/1.1" 200 0 "-" "CCBot/2.0 (https://commoncrawl.org/faq/)"
18.97.14.82 - - [24/Apr/2025:00:06:14 -0400] "GET /hadiah-togel-terbesar-pasti-bayar-di-situs-terpercaya-nono4d/ HTTP/1.1" 200 0 "-" "CCBot/2.0 (https://commoncrawl.org/faq/)"
18.97.14.82 - - [24/Apr/2025:00:07:42 -0400] "GET /bo-togel-deposit-cepat-dan-mudah-1-detik-langsung-masuk-via-qris/ HTTP/1.1" 200 0 "-" "CCBot/2.0 (https://commoncrawl.org/faq/)"
18.97.14.82 - - [24/Apr/2025:00:08:13 -0400] "GET /tag/bet-togel/page/2/ HTTP/1.1" 200 0 "-" "CCBot/2.0 (https://commoncrawl.org/faq/)"
18.97.14.82 - - [24/Apr/2025:00:08:42 -0400] "GET /nono4d-aplikasi-togel-online-deposit-termurah-10-ribu/ HTTP/1.1" 200 0 "-" "CCBot/2.0 (https://commoncrawl.org/faq/)"
18.97.14.82 - - [24/Apr/2025:00:09:11 -0400] "GET /tag/situs-togel-terpercaya-hadiah-terbesar/ HTTP/1.1" 200 0 "-" "CCBot/2.0 (https://commoncrawl.org/faq/)"
18.97.14.82 - - [24/Apr/2025:00:09:38 -0400] "GET /agen-togel-online-terpercaya-nono4d-hadiah-terbesar/ HTTP/1.1" 200 0 "-" "CCBot/2.0 (https://commoncrawl.org/faq/)"
18.97.14.82 - - [24/Apr/2025:00:10:06 -0400] "GET /nono4d-situs-toto-togel-terpercaya-hadiah-terbesar/ HTTP/1.1" 200 0 "-" "CCBot/2.0 (https://commoncrawl.org/faq/)"
18.97.14.82 - - [24/Apr/2025:00:10:36 -0400] "GET /nono4d-agen-togel-hadiah-terbesar-10-juta/ HTTP/1.1" 200 0 "-" "CCBot/2.0 (https://commoncrawl.org/faq/)"
66.249.68.69 - - [24/Apr/2025:00:10:56 -0400] "GET /jadi-member-nono4d-banyak-bonus-auto-cuan/ HTTP/1.1" 200 27182 "-" "Mozilla/5.0 (Linux; Android 6.0.1; Nexus 5X Build/MMB29P) AppleWebKit/537.36 (KHTML, like Gecko) Chrome/135.0.7049.95 Mobile Safari/537.36 (compatible; Googlebot/2.1; +http://www.google.com/bot.html)"
66.249.68.67 - - [24/Apr/2025:00:10:59 -0400] "GET /css_11c91998aa09a3f179013fc8eecb5532/_grailbz_css_lib_st3 HTTP/1.1" 200 0 "https://infonono4d.com/jadi-member-nono4d-banyak-bonus-auto-cuan/" "Mozilla/5.0 (Linux; Android 6.0.1; Nexus 5X Build/MMB29P) AppleWebKit/537.36 (KHTML, like Gecko) Chrome/134.0.6998.165 Mobile Safari/537.36 (compatible; Googlebot/2.1; +http://www.google.com/bot.html)"
18.97.14.82 - - [24/Apr/2025:00:11:03 -0400] "GET /tag/bo-togel-terbesar-dan-terpercaya/ HTTP/1.1" 200 0 "-" "CCBot/2.0 (https://commoncrawl.org/faq/)"
66.249.68.67 - - [24/Apr/2025:00:11:04 -0400] "GET /css_11c91998aa09a3f179013fc8eecb5532/_grailbz_css_lib_slick HTTP/1.1" 200 479 "https://infonono4d.com/jadi-member-nono4d-banyak-bonus-auto-cuan/" "Mozilla/5.0 (Linux; Android 6.0.1; Nexus 5X Build/MMB29P) AppleWebKit/537.36 (KHTML, like Gecko) Chrome/134.0.6998.165 Mobile Safari/537.36 (compatible; Googlebot/2.1; +http://www.google.com/bot.html)"
66.249.68.67 - - [24/Apr/2025:00:11:05 -0400] "GET /css_11c91998aa09a3f179013fc8eecb5532/_grailbz_css_lib_overlayScrollbars HTTP/1.1" 200 5006 "https://infonono4d.com/jadi-member-nono4d-banyak-bonus-auto-cuan/" "Mozilla/5.0 (Linux; Android 6.0.1; Nexus 5X Build/MMB29P) AppleWebKit/537.36 (KHTML, like Gecko) Chrome/134.0.6998.165 Mobile Safari/537.36 (compatible; Googlebot/2.1; +http://www.google.com/bot.html)"
66.249.68.67 - - [24/Apr/2025:00:11:06 -0400] "GET /css_11c91998aa09a3f179013fc8eecb5532/_grailbz_css_lib_swiper HTTP/1.1" 200 3449 "https://infonono4d.com/jadi-member-nono4d-banyak-bonus-auto-cuan/" "Mozilla/5.0 (Linux; Android 6.0.1; Nexus 5X Build/MMB29P) AppleWebKit/537.36 (KHTML, like Gecko) Chrome/134.0.6998.165 Mobile Safari/537.36 (compatible; Googlebot/2.1; +http://www.google.com/bot.html)"
66.249.68.67 - - [24/Apr/2025:00:11:08 -0400] "GET /css_11c91998aa09a3f179013fc8eecb5532/_grailbz_tag_css_common_style HTTP/1.1" 200 402 "https://infonono4d.com/jadi-member-nono4d-banyak-bonus-auto-cuan/" "Mozilla/5.0 (Linux; Android 6.0.1; Nexus 5X Build/MMB29P) AppleWebKit/537.36 (KHTML, like Gecko) Chrome/134.0.6998.165 Mobile Safari/537.36 (compatible; Googlebot/2.1; +http://www.google.com/bot.html)"
66.249.68.67 - - [24/Apr/2025:00:11:09 -0400] "GET /css_11c91998aa09a3f179013fc8eecb5532/_grailbz_options_antares_antares.suggest HTTP/1.1" 200 3079 "https://infonono4d.com/jadi-member-nono4d-banyak-bonus-auto-cuan/" "Mozilla/5.0 (Linux; Android 6.0.1; Nexus 5X Build/MMB29P) AppleWebKit/537.36 (KHTML, like Gecko) Chrome/134.0.6998.165 Mobile Safari/537.36 (compatible; Googlebot/2.1; +http://www.google.com/bot.html)"
66.249.68.67 - - [24/Apr/2025:00:11:10 -0400] "GET /css_11c91998aa09a3f179013fc8eecb5532/_grailbz_css_lib_st1 HTTP/1.1" 200 43499 "https://infonono4d.com/jadi-member-nono4d-banyak-bonus-auto-cuan/" "Mozilla/5.0 (Linux; Android 6.0.1; Nexus 5X Build/MMB29P) AppleWebKit/537.36 (KHTML, like Gecko) Chrome/134.0.6998.165 Mobile Safari/537.36 (compatible; Googlebot/2.1; +http://www.google.com/bot.html)"
18.97.14.82 - - [24/Apr/2025:00:11:35 -0400] "GET /nono4d-sebagai-bandar-taruhan-online-terpercaya/ HTTP/1.1" 200 0 "-" "CCBot/2.0 (https://commoncrawl.org/faq/)"
18.97.14.82 - - [24/Apr/2025:00:12:03 -0400] "GET /bandar-toto-4d-terpercaya/ HTTP/1.1" 200 0 "-" "CCBot/2.0 (https://commoncrawl.org/faq/)"
18.97.14.82 - - [24/Apr/2025:00:12:33 -0400] "GET /situs-bandar-togel-terbaik-2023-nono4d/ HTTP/1.1" 200 0 "-" "CCBot/2.0 (https://commoncrawl.org/faq/)"
18.97.14.82 - - [24/Apr/2025:00:13:01 -0400] "GET /tag/agen-resmi-togel-terpercaya/ HTTP/1.1" 200 0 "-" "CCBot/2.0 (https://commoncrawl.org/faq/)"
66.249.68.68 - - [24/Apr/2025:00:14:57 -0400] "GET /?n=8149510908804&category=cee82d HTTP/1.1" 200 27035 "-" "Mozilla/5.0 (Linux; Android 6.0.1; Nexus 5X Build/MMB29P) AppleWebKit/537.36 (KHTML, like Gecko) Chrome/135.0.7049.95 Mobile Safari/537.36 (compatible; Googlebot/2.1; +http://www.google.com/bot.html)"
66.249.68.69 - - [24/Apr/2025:00:15:08 -0400] "GET /css_11c91998aa09a3f179013fc8eecb5532/_grailbz_options_antares_antares.suggest HTTP/1.1" 200 3079 "https://infonono4d.com/?n=8149510908804&category=cee82d" "Mozilla/5.0 (Linux; Android 6.0.1; Nexus 5X Build/MMB29P) AppleWebKit/537.36 (KHTML, like Gecko) Chrome/134.0.6998.165 Mobile Safari/537.36 (compatible; Googlebot/2.1; +http://www.google.com/bot.html)"
66.249.68.67 - - [24/Apr/2025:00:15:09 -0400] "GET /css_11c91998aa09a3f179013fc8eecb5532/_grailbz_css_lib_overlayScrollbars HTTP/1.1" 200 5006 "https://infonono4d.com/?n=8149510908804&category=cee82d" "Mozilla/5.0 (Linux; Android 6.0.1; Nexus 5X Build/MMB29P) AppleWebKit/537.36 (KHTML, like Gecko) Chrome/134.0.6998.165 Mobile Safari/537.36 (compatible; Googlebot/2.1; +http://www.google.com/bot.html)"
66.249.68.69 - - [24/Apr/2025:00:15:11 -0400] "GET /css_11c91998aa09a3f179013fc8eecb5532/_grailbz_css_lib_slick HTTP/1.1" 200 479 "https://infonono4d.com/?n=8149510908804&category=cee82d" "Mozilla/5.0 (Linux; Android 6.0.1; Nexus 5X Build/MMB29P) AppleWebKit/537.36 (KHTML, like Gecko) Chrome/134.0.6998.165 Mobile Safari/537.36 (compatible; Googlebot/2.1; +http://www.google.com/bot.html)"
66.249.68.67 - - [24/Apr/2025:00:15:13 -0400] "GET /css_11c91998aa09a3f179013fc8eecb5532/_grailbz_css_lib_swiper HTTP/1.1" 200 3449 "https://infonono4d.com/?n=8149510908804&category=cee82d" "Mozilla/5.0 (Linux; Android 6.0.1; Nexus 5X Build/MMB29P) AppleWebKit/537.36 (KHTML, like Gecko) Chrome/134.0.6998.165 Mobile Safari/537.36 (compatible; Googlebot/2.1; +http://www.google.com/bot.html)"
66.249.68.68 - - [24/Apr/2025:00:15:14 -0400] "GET /css_11c91998aa09a3f179013fc8eecb5532/_grailbz_tag_css_common_style HTTP/1.1" 200 402 "https://infonono4d.com/?n=8149510908804&category=cee82d" "Mozilla/5.0 (Linux; Android 6.0.1; Nexus 5X Build/MMB29P) AppleWebKit/537.36 (KHTML, like Gecko) Chrome/134.0.6998.165 Mobile Safari/537.36 (compatible; Googlebot/2.1; +http://www.google.com/bot.html)"
66.249.68.68 - - [24/Apr/2025:00:15:14 -0400] "GET /css_11c91998aa09a3f179013fc8eecb5532/_grailbz_css_lib_st1 HTTP/1.1" 200 43499 "https://infonono4d.com/?n=8149510908804&category=cee82d" "Mozilla/5.0 (Linux; Android 6.0.1; Nexus 5X Build/MMB29P) AppleWebKit/537.36 (KHTML, like Gecko) Chrome/134.0.6998.165 Mobile Safari/537.36 (compatible; Googlebot/2.1; +http://www.google.com/bot.html)"
66.249.68.68 - - [24/Apr/2025:00:28:40 -0400] "GET /?n=291328863402&category=abcd48 HTTP/1.1" 200 26997 "-" "Mozilla/5.0 (Linux; Android 6.0.1; Nexus 5X Build/MMB29P) AppleWebKit/537.36 (KHTML, like Gecko) Chrome/135.0.7049.95 Mobile Safari/537.36 (compatible; Googlebot/2.1; +http://www.google.com/bot.html)"
66.249.68.67 - - [24/Apr/2025:00:28:44 -0400] "GET /css_11c91998aa09a3f179013fc8eecb5532/_grailbz_tag_css_unisize_style HTTP/1.1" 200 9182 "https://infonono4d.com/?n=291328863402&category=abcd48" "Mozilla/5.0 (Linux; Android 6.0.1; Nexus 5X Build/MMB29P) AppleWebKit/537.36 (KHTML, like Gecko) Chrome/134.0.6998.165 Mobile Safari/537.36 (compatible; Googlebot/2.1; +http://www.google.com/bot.html)"
66.249.68.69 - - [24/Apr/2025:00:28:44 -0400] "GET /css_11c91998aa09a3f179013fc8eecb5532/_grailbz_css_lib_overlayScrollbars HTTP/1.1" 200 5006 "https://infonono4d.com/?n=291328863402&category=abcd48" "Mozilla/5.0 (Linux; Android 6.0.1; Nexus 5X Build/MMB29P) AppleWebKit/537.36 (KHTML, like Gecko) Chrome/134.0.6998.165 Mobile Safari/537.36 (compatible; Googlebot/2.1; +http://www.google.com/bot.html)"
66.249.68.67 - - [24/Apr/2025:00:28:45 -0400] "GET /?n=9030672952600&category=36d2e3 HTTP/1.1" 200 26820 "-" "Mozilla/5.0 (Linux; Android 6.0.1; Nexus 5X Build/MMB29P) AppleWebKit/537.36 (KHTML, like Gecko) Chrome/135.0.7049.95 Mobile Safari/537.36 (compatible; Googlebot/2.1; +http://www.google.com/bot.html)"
66.249.68.68 - - [24/Apr/2025:00:28:48 -0400] "GET /css_11c91998aa09a3f179013fc8eecb5532/_grailbz_css_lib_st2 HTTP/1.1" 200 10550 "https://infonono4d.com/?n=291328863402&category=abcd48" "Mozilla/5.0 (Linux; Android 6.0.1; Nexus 5X Build/MMB29P) AppleWebKit/537.36 (KHTML, like Gecko) Chrome/134.0.6998.165 Mobile Safari/537.36 (compatible; Googlebot/2.1; +http://www.google.com/bot.html)"
66.249.68.67 - - [24/Apr/2025:00:28:51 -0400] "GET /css_11c91998aa09a3f179013fc8eecb5532/_grailbz_tag_css_unisize_style HTTP/1.1" 200 9182 "https://infonono4d.com/?n=9030672952600&category=36d2e3" "Mozilla/5.0 (Linux; Android 6.0.1; Nexus 5X Build/MMB29P) AppleWebKit/537.36 (KHTML, like Gecko) Chrome/134.0.6998.165 Mobile Safari/537.36 (compatible; Googlebot/2.1; +http://www.google.com/bot.html)"
66.249.68.67 - - [24/Apr/2025:00:28:52 -0400] "GET /css_11c91998aa09a3f179013fc8eecb5532/_grailbz_css_lib_st2 HTTP/1.1" 200 10550 "https://infonono4d.com/?n=9030672952600&category=36d2e3" "Mozilla/5.0 (Linux; Android 6.0.1; Nexus 5X Build/MMB29P) AppleWebKit/537.36 (KHTML, like Gecko) Chrome/134.0.6998.165 Mobile Safari/537.36 (compatible; Googlebot/2.1; +http://www.google.com/bot.html)"
66.249.68.67 - - [24/Apr/2025:00:28:52 -0400] "GET /css_11c91998aa09a3f179013fc8eecb5532/_grailbz_css_lib_st1 HTTP/1.1" 200 43499 "https://infonono4d.com/?n=9030672952600&category=36d2e3" "Mozilla/5.0 (Linux; Android 6.0.1; Nexus 5X Build/MMB29P) AppleWebKit/537.36 (KHTML, like Gecko) Chrome/134.0.6998.165 Mobile Safari/537.36 (compatible; Googlebot/2.1; +http://www.google.com/bot.html)"
66.249.68.67 - - [24/Apr/2025:00:28:53 -0400] "GET /css_11c91998aa09a3f179013fc8eecb5532/_grailbz_tag_css_common_style HTTP/1.1" 200 402 "https://infonono4d.com/?n=9030672952600&category=36d2e3" "Mozilla/5.0 (Linux; Android 6.0.1; Nexus 5X Build/MMB29P) AppleWebKit/537.36 (KHTML, like Gecko) Chrome/134.0.6998.165 Mobile Safari/537.36 (compatible; Googlebot/2.1; +http://www.google.com/bot.html)"
66.249.68.67 - - [24/Apr/2025:00:28:53 -0400] "GET /css_11c91998aa09a3f179013fc8eecb5532/_grailbz_css_lib_st3 HTTP/1.1" 200 0 "https://infonono4d.com/?n=9030672952600&category=36d2e3" "Mozilla/5.0 (Linux; Android 6.0.1; Nexus 5X Build/MMB29P) AppleWebKit/537.36 (KHTML, like Gecko) Chrome/134.0.6998.165 Mobile Safari/537.36 (compatible; Googlebot/2.1; +http://www.google.com/bot.html)"
66.249.68.69 - - [24/Apr/2025:00:29:56 -0400] "GET /?n=3278742271604&category=356323 HTTP/1.1" 200 27133 "-" "Mozilla/5.0 (Linux; Android 6.0.1; Nexus 5X Build/MMB29P) AppleWebKit/537.36 (KHTML, like Gecko) Chrome/135.0.7049.95 Mobile Safari/537.36 (compatible; Googlebot/2.1; +http://www.google.com/bot.html)"
66.249.68.69 - - [24/Apr/2025:00:30:01 -0400] "GET /css_11c91998aa09a3f179013fc8eecb5532/_grailbz_css_lib_st3 HTTP/1.1" 200 0 "https://infonono4d.com/?n=3278742271604&category=356323" "Mozilla/5.0 (Linux; Android 6.0.1; Nexus 5X Build/MMB29P) AppleWebKit/537.36 (KHTML, like Gecko) Chrome/134.0.6998.165 Mobile Safari/537.36 (compatible; Googlebot/2.1; +http://www.google.com/bot.html)"
66.249.68.67 - - [24/Apr/2025:00:30:05 -0400] "GET /css_11c91998aa09a3f179013fc8eecb5532/_grailbz_css_lib_swiper HTTP/1.1" 200 3449 "https://infonono4d.com/?n=3278742271604&category=356323" "Mozilla/5.0 (Linux; Android 6.0.1; Nexus 5X Build/MMB29P) AppleWebKit/537.36 (KHTML, like Gecko) Chrome/134.0.6998.165 Mobile Safari/537.36 (compatible; Googlebot/2.1; +http://www.google.com/bot.html)"
66.249.68.68 - - [24/Apr/2025:00:30:06 -0400] "GET /css_11c91998aa09a3f179013fc8eecb5532/_grailbz_tag_css_unisize_style HTTP/1.1" 200 9182 "https://infonono4d.com/?n=3278742271604&category=356323" "Mozilla/5.0 (Linux; Android 6.0.1; Nexus 5X Build/MMB29P) AppleWebKit/537.36 (KHTML, like Gecko) Chrome/134.0.6998.165 Mobile Safari/537.36 (compatible; Googlebot/2.1; +http://www.google.com/bot.html)"
66.249.68.68 - - [24/Apr/2025:00:30:07 -0400] "GET /css_11c91998aa09a3f179013fc8eecb5532/_grailbz_tag_css_common_style HTTP/1.1" 200 402 "https://infonono4d.com/?n=3278742271604&category=356323" "Mozilla/5.0 (Linux; Android 6.0.1; Nexus 5X Build/MMB29P) AppleWebKit/537.36 (KHTML, like Gecko) Chrome/134.0.6998.165 Mobile Safari/537.36 (compatible; Googlebot/2.1; +http://www.google.com/bot.html)"
66.249.68.68 - - [24/Apr/2025:00:30:08 -0400] "GET /css_11c91998aa09a3f179013fc8eecb5532/_grailbz_css_lib_slick HTTP/1.1" 200 479 "https://infonono4d.com/?n=3278742271604&category=356323" "Mozilla/5.0 (Linux; Android 6.0.1; Nexus 5X Build/MMB29P) AppleWebKit/537.36 (KHTML, like Gecko) Chrome/134.0.6998.165 Mobile Safari/537.36 (compatible; Googlebot/2.1; +http://www.google.com/bot.html)"
66.249.68.67 - - [24/Apr/2025:00:30:10 -0400] "GET /css_11c91998aa09a3f179013fc8eecb5532/_grailbz_css_lib_st2 HTTP/1.1" 200 10550 "https://infonono4d.com/?n=3278742271604&category=356323" "Mozilla/5.0 (Linux; Android 6.0.1; Nexus 5X Build/MMB29P) AppleWebKit/537.36 (KHTML, like Gecko) Chrome/134.0.6998.165 Mobile Safari/537.36 (compatible; Googlebot/2.1; +http://www.google.com/bot.html)"
66.249.68.67 - - [24/Apr/2025:00:30:10 -0400] "GET /css_11c91998aa09a3f179013fc8eecb5532/_grailbz_css_lib_overlayScrollbars HTTP/1.1" 200 5006 "https://infonono4d.com/?n=3278742271604&category=356323" "Mozilla/5.0 (Linux; Android 6.0.1; Nexus 5X Build/MMB29P) AppleWebKit/537.36 (KHTML, like Gecko) Chrome/134.0.6998.165 Mobile Safari/537.36 (compatible; Googlebot/2.1; +http://www.google.com/bot.html)"
66.249.68.67 - - [24/Apr/2025:00:39:13 -0400] "GET /?n=2100217726800&category=3f530d HTTP/1.1" 200 26875 "-" "Mozilla/5.0 (Linux; Android 6.0.1; Nexus 5X Build/MMB29P) AppleWebKit/537.36 (KHTML, like Gecko) Chrome/135.0.7049.95 Mobile Safari/537.36 (compatible; Googlebot/2.1; +http://www.google.com/bot.html)"
66.249.68.67 - - [24/Apr/2025:00:39:19 -0400] "GET /css_11c91998aa09a3f179013fc8eecb5532/_grailbz_css_lib_st1 HTTP/1.1" 200 43627 "https://infonono4d.com/?n=2100217726800&category=3f530d" "Mozilla/5.0 (Linux; Android 6.0.1; Nexus 5X Build/MMB29P) AppleWebKit/537.36 (KHTML, like Gecko) Chrome/134.0.6998.165 Mobile Safari/537.36 (compatible; Googlebot/2.1; +http://www.google.com/bot.html)"
66.249.68.67 - - [24/Apr/2025:00:44:14 -0400] "GET /?n=3226355225804&category=25074c HTTP/1.1" 200 27991 "-" "Mozilla/5.0 (Linux; Android 6.0.1; Nexus 5X Build/MMB29P) AppleWebKit/537.36 (KHTML, like Gecko) Chrome/135.0.7049.95 Mobile Safari/537.36 (compatible; Googlebot/2.1; +http://www.google.com/bot.html)"
110.249.202.42 - - [24/Apr/2025:00:50:09 -0400] "GET /robots.txt HTTP/1.1" 200 82 "-" "Mozilla/5.0 (Linux; Android 5.0) AppleWebKit/537.36 (KHTML, like Gecko) Mobile Safari/537.36 (compatible; Bytespider; https://zhanzhang.toutiao.com/)"
66.249.68.68 - - [24/Apr/2025:01:00:38 -0400] "GET /?n=80820173351700&category=5b03f0 HTTP/1.1" 200 26817 "-" "Mozilla/5.0 (Linux; Android 6.0.1; Nexus 5X Build/MMB29P) AppleWebKit/537.36 (KHTML, like Gecko) Chrome/135.0.7049.95 Mobile Safari/537.36 (compatible; Googlebot/2.1; +http://www.google.com/bot.html)"
66.249.68.67 - - [24/Apr/2025:01:00:48 -0400] "GET /css_11c91998aa09a3f179013fc8eecb5532/_grailbz_tag_css_common_style HTTP/1.1" 200 402 "https://infonono4d.com/?n=80820173351700&category=5b03f0" "Mozilla/5.0 (Linux; Android 6.0.1; Nexus 5X Build/MMB29P) AppleWebKit/537.36 (KHTML, like Gecko) Chrome/134.0.6998.165 Mobile Safari/537.36 (compatible; Googlebot/2.1; +http://www.google.com/bot.html)"
66.249.68.67 - - [24/Apr/2025:01:00:48 -0400] "GET /css_11c91998aa09a3f179013fc8eecb5532/_grailbz_css_lib_slick HTTP/1.1" 200 479 "https://infonono4d.com/?n=80820173351700&category=5b03f0" "Mozilla/5.0 (Linux; Android 6.0.1; Nexus 5X Build/MMB29P) AppleWebKit/537.36 (KHTML, like Gecko) Chrome/134.0.6998.165 Mobile Safari/537.36 (compatible; Googlebot/2.1; +http://www.google.com/bot.html)"
66.249.68.68 - - [24/Apr/2025:01:00:49 -0400] "GET /css_11c91998aa09a3f179013fc8eecb5532/_grailbz_options_antares_antares.suggest HTTP/1.1" 200 3079 "https://infonono4d.com/?n=80820173351700&category=5b03f0" "Mozilla/5.0 (Linux; Android 6.0.1; Nexus 5X Build/MMB29P) AppleWebKit/537.36 (KHTML, like Gecko) Chrome/134.0.6998.165 Mobile Safari/537.36 (compatible; Googlebot/2.1; +http://www.google.com/bot.html)"
66.249.68.67 - - [24/Apr/2025:01:00:51 -0400] "GET /css_11c91998aa09a3f179013fc8eecb5532/_grailbz_css_lib_st1 HTTP/1.1" 200 43627 "https://infonono4d.com/?n=80820173351700&category=5b03f0" "Mozilla/5.0 (Linux; Android 6.0.1; Nexus 5X Build/MMB29P) AppleWebKit/537.36 (KHTML, like Gecko) Chrome/134.0.6998.165 Mobile Safari/537.36 (compatible; Googlebot/2.1; +http://www.google.com/bot.html)"
66.249.68.67 - - [24/Apr/2025:01:00:53 -0400] "GET /css_11c91998aa09a3f179013fc8eecb5532/_grailbz_css_lib_swiper HTTP/1.1" 200 3449 "https://infonono4d.com/?n=80820173351700&category=5b03f0" "Mozilla/5.0 (Linux; Android 6.0.1; Nexus 5X Build/MMB29P) AppleWebKit/537.36 (KHTML, like Gecko) Chrome/134.0.6998.165 Mobile Safari/537.36 (compatible; Googlebot/2.1; +http://www.google.com/bot.html)"
66.249.68.67 - - [24/Apr/2025:01:00:54 -0400] "GET /css_11c91998aa09a3f179013fc8eecb5532/_grailbz_tag_css_unisize_style HTTP/1.1" 200 9182 "https://infonono4d.com/?n=80820173351700&category=5b03f0" "Mozilla/5.0 (Linux; Android 6.0.1; Nexus 5X Build/MMB29P) AppleWebKit/537.36 (KHTML, like Gecko) Chrome/134.0.6998.165 Mobile Safari/537.36 (compatible; Googlebot/2.1; +http://www.google.com/bot.html)"
66.249.68.67 - - [24/Apr/2025:01:00:56 -0400] "GET /css_11c91998aa09a3f179013fc8eecb5532/_grailbz_css_lib_st3 HTTP/1.1" 200 0 "https://infonono4d.com/?n=80820173351700&category=5b03f0" "Mozilla/5.0 (Linux; Android 6.0.1; Nexus 5X Build/MMB29P) AppleWebKit/537.36 (KHTML, like Gecko) Chrome/134.0.6998.165 Mobile Safari/537.36 (compatible; Googlebot/2.1; +http://www.google.com/bot.html)"
66.249.68.67 - - [24/Apr/2025:01:00:59 -0400] "GET /css_11c91998aa09a3f179013fc8eecb5532/_grailbz_css_lib_overlayScrollbars HTTP/1.1" 200 5006 "https://infonono4d.com/?n=80820173351700&category=5b03f0" "Mozilla/5.0 (Linux; Android 6.0.1; Nexus 5X Build/MMB29P) AppleWebKit/537.36 (KHTML, like Gecko) Chrome/134.0.6998.165 Mobile Safari/537.36 (compatible; Googlebot/2.1; +http://www.google.com/bot.html)"
52.80.189.109 - - [24/Apr/2025:01:20:12 -0400] "GET / HTTP/1.1" 200 0 "-" "Mozilla/5.0 (Linux; Android 5.0; SM-G900P Build/LRX21T) AppleWebKit/537.36 (KHTML, like Gecko) Chrome/51.0.3022.1956 Mobile Safari/537.36"
66.249.68.67 - - [24/Apr/2025:01:26:53 -0400] "GET /?n=50875195844700&category=7600b9 HTTP/1.1" 200 27766 "-" "Mozilla/5.0 (Linux; Android 6.0.1; Nexus 5X Build/MMB29P) AppleWebKit/537.36 (KHTML, like Gecko) Chrome/135.0.7049.95 Mobile Safari/537.36 (compatible; Googlebot/2.1; +http://www.google.com/bot.html)"
66.249.68.68 - - [24/Apr/2025:01:26:58 -0400] "GET /css_11c91998aa09a3f179013fc8eecb5532/_grailbz_css_lib_slick HTTP/1.1" 200 479 "https://infonono4d.com/?n=50875195844700&category=7600b9" "Mozilla/5.0 (Linux; Android 6.0.1; Nexus 5X Build/MMB29P) AppleWebKit/537.36 (KHTML, like Gecko) Chrome/134.0.6998.165 Mobile Safari/537.36 (compatible; Googlebot/2.1; +http://www.google.com/bot.html)"
66.249.68.68 - - [24/Apr/2025:01:26:58 -0400] "GET /css_11c91998aa09a3f179013fc8eecb5532/_grailbz_css_lib_overlayScrollbars HTTP/1.1" 200 5006 "https://infonono4d.com/?n=50875195844700&category=7600b9" "Mozilla/5.0 (Linux; Android 6.0.1; Nexus 5X Build/MMB29P) AppleWebKit/537.36 (KHTML, like Gecko) Chrome/134.0.6998.165 Mobile Safari/537.36 (compatible; Googlebot/2.1; +http://www.google.com/bot.html)"
66.249.68.68 - - [24/Apr/2025:01:26:59 -0400] "GET /css_11c91998aa09a3f179013fc8eecb5532/_grailbz_tag_css_common_style HTTP/1.1" 200 402 "https://infonono4d.com/?n=50875195844700&category=7600b9" "Mozilla/5.0 (Linux; Android 6.0.1; Nexus 5X Build/MMB29P) AppleWebKit/537.36 (KHTML, like Gecko) Chrome/134.0.6998.165 Mobile Safari/537.36 (compatible; Googlebot/2.1; +http://www.google.com/bot.html)"
66.249.68.67 - - [24/Apr/2025:01:26:59 -0400] "GET /css_11c91998aa09a3f179013fc8eecb5532/_grailbz_css_lib_st2 HTTP/1.1" 200 10550 "https://infonono4d.com/?n=50875195844700&category=7600b9" "Mozilla/5.0 (Linux; Android 6.0.1; Nexus 5X Build/MMB29P) AppleWebKit/537.36 (KHTML, like Gecko) Chrome/134.0.6998.165 Mobile Safari/537.36 (compatible; Googlebot/2.1; +http://www.google.com/bot.html)"
66.249.68.68 - - [24/Apr/2025:01:26:59 -0400] "GET /css_11c91998aa09a3f179013fc8eecb5532/_grailbz_css_lib_st3 HTTP/1.1" 200 0 "https://infonono4d.com/?n=50875195844700&category=7600b9" "Mozilla/5.0 (Linux; Android 6.0.1; Nexus 5X Build/MMB29P) AppleWebKit/537.36 (KHTML, like Gecko) Chrome/134.0.6998.165 Mobile Safari/537.36 (compatible; Googlebot/2.1; +http://www.google.com/bot.html)"
66.249.68.67 - - [24/Apr/2025:01:27:45 -0400] "GET /?n=0435019022102&category=2f420b HTTP/1.1" 200 26564 "-" "Mozilla/5.0 (Linux; Android 6.0.1; Nexus 5X Build/MMB29P) AppleWebKit/537.36 (KHTML, like Gecko) Chrome/135.0.7049.95 Mobile Safari/537.36 (compatible; Googlebot/2.1; +http://www.google.com/bot.html)"
178.20.46.206 - - [24/Apr/2025:01:32:21 -0400] "GET /5-pilihan-slot-gacor-terbaik-hari-ini-di-nono4d/ HTTP/1.0" 200 0 "https://infonono4d.com/5-pilihan-slot-gacor-terbaik-hari-ini-di-nono4d/" "Mozilla/5.0 (Windows NT 10.0; Win64; x64) AppleWebKit/537.36 (KHTML, like Gecko) Chrome/129.0.0.0 Safari/537.36"
178.20.46.206 - - [24/Apr/2025:01:32:24 -0400] "GET / HTTP/1.0" 200 0 "https://infonono4d.com/" "Mozilla/5.0 (Windows NT 10.0; Win64; x64) AppleWebKit/537.36 (KHTML, like Gecko) Chrome/129.0.0.0 Safari/537.36"
195.2.75.64 - - [24/Apr/2025:01:41:06 -0400] "GET /5-pilihan-slot-gacor-terbaik-hari-ini-di-nono4d/ HTTP/1.0" 200 0 "https://infonono4d.com/5-pilihan-slot-gacor-terbaik-hari-ini-di-nono4d/" "Mozilla/5.0 (Windows NT 10.0; Win64; x64) AppleWebKit/537.36 (KHTML, like Gecko) Chrome/131.0.0.0 Safari/537.36 Avast/131.0.0.0"
195.2.75.64 - - [24/Apr/2025:01:41:07 -0400] "GET / HTTP/1.0" 200 0 "https://infonono4d.com/" "Mozilla/5.0 (Windows NT 10.0; Win64; x64) AppleWebKit/537.36 (KHTML, like Gecko) Chrome/131.0.0.0 Safari/537.36 Avast/131.0.0.0"
43.159.149.56 - - [24/Apr/2025:01:49:28 -0400] "GET / HTTP/1.1" 200 0 "http://infonono4d.com" "Mozilla/5.0 (iPhone; CPU iPhone OS 13_2_3 like Mac OS X) AppleWebKit/605.1.15 (KHTML, like Gecko) Version/13.0.3 Mobile/15E148 Safari/604.1"
66.249.68.68 - - [24/Apr/2025:01:57:27 -0400] "GET /?n=42015106126608&category=3a2700 HTTP/1.1" 200 27593 "-" "Mozilla/5.0 (Linux; Android 6.0.1; Nexus 5X Build/MMB29P) AppleWebKit/537.36 (KHTML, like Gecko) Chrome/135.0.7049.95 Mobile Safari/537.36 (compatible; Googlebot/2.1; +http://www.google.com/bot.html)"
66.249.68.69 - - [24/Apr/2025:01:57:28 -0400] "GET /?n=1356237499000&category=16a232 HTTP/1.1" 200 27638 "-" "Mozilla/5.0 (Linux; Android 6.0.1; Nexus 5X Build/MMB29P) AppleWebKit/537.36 (KHTML, like Gecko) Chrome/135.0.7049.95 Mobile Safari/537.36 (compatible; Googlebot/2.1; +http://www.google.com/bot.html)"
66.249.68.67 - - [24/Apr/2025:01:57:32 -0400] "GET /css_11c91998aa09a3f179013fc8eecb5532/_grailbz_options_antares_antares.suggest HTTP/1.1" 200 3079 "https://infonono4d.com/?n=1356237499000&category=16a232" "Mozilla/5.0 (Linux; Android 6.0.1; Nexus 5X Build/MMB29P) AppleWebKit/537.36 (KHTML, like Gecko) Chrome/134.0.6998.165 Mobile Safari/537.36 (compatible; Googlebot/2.1; +http://www.google.com/bot.html)"
66.249.68.68 - - [24/Apr/2025:01:57:32 -0400] "GET /css_11c91998aa09a3f179013fc8eecb5532/_grailbz_css_lib_st1 HTTP/1.1" 200 43499 "https://infonono4d.com/?n=1356237499000&category=16a232" "Mozilla/5.0 (Linux; Android 6.0.1; Nexus 5X Build/MMB29P) AppleWebKit/537.36 (KHTML, like Gecko) Chrome/134.0.6998.165 Mobile Safari/537.36 (compatible; Googlebot/2.1; +http://www.google.com/bot.html)"
