142.93.35.145 - - [24/Apr/2025:02:05:01 -0400] "GET / HTTP/1.1" 200 0 "-" "Mozilla/5.0 (compatible)"
140.179.71.143 - - [24/Apr/2025:02:07:22 -0400] "GET / HTTP/1.1" 200 0 "-" "Mozilla/5.0 (Linux; Android 10; HD1900 Build/QKQ1.190716.003; wv) AppleWebKit/537.36 (KHTML, like Gecko) Version/4.0 Chrome/75.0.3770.156 Mobile Safari/537.36 aweme_230400 JsSdk/1.0 NetType/WIFI AppName/aweme app_version/23.4.0 ByteLocale/zh-CN Region/CN AppSkin/white AppTheme/light BytedanceWebview/d8a21c6 WebView/075113004008"
140.179.71.143 - - [24/Apr/2025:02:07:47 -0400] "GET / HTTP/1.1" 200 0 "-" "Mozilla/5.0 (Linux; Android 10; HD1900 Build/QKQ1.190716.003; wv) AppleWebKit/537.36 (KHTML, like Gecko) Version/4.0 Chrome/75.0.3770.156 Mobile Safari/537.36 aweme_230400 JsSdk/1.0 NetType/WIFI AppName/aweme app_version/23.4.0 ByteLocale/zh-CN Region/CN AppSkin/white AppTheme/light BytedanceWebview/d8a21c6 WebView/075113004008"
66.249.68.67 - - [24/Apr/2025:02:12:31 -0400] "GET /?n=0969186588600&category=182fc9 HTTP/1.1" 200 27049 "-" "Mozilla/5.0 (Linux; Android 6.0.1; Nexus 5X Build/MMB29P) AppleWebKit/537.36 (KHTML, like Gecko) Chrome/135.0.7049.95 Mobile Safari/537.36 (compatible; Googlebot/2.1; +http://www.google.com/bot.html)"
66.249.68.69 - - [24/Apr/2025:02:13:23 -0400] "GET /?n=1089710227004&category=afdfa8 HTTP/1.1" 200 25883 "-" "Mozilla/5.0 (Linux; Android 6.0.1; Nexus 5X Build/MMB29P) AppleWebKit/537.36 (KHTML, like Gecko) Chrome/135.0.7049.95 Mobile Safari/537.36 (compatible; Googlebot/2.1; +http://www.google.com/bot.html)"
66.249.68.68 - - [24/Apr/2025:02:14:16 -0400] "GET /?n=63871138407401&category=85cfe8 HTTP/1.1" 200 27289 "-" "Mozilla/5.0 (Linux; Android 6.0.1; Nexus 5X Build/MMB29P) AppleWebKit/537.36 (KHTML, like Gecko) Chrome/135.0.7049.95 Mobile Safari/537.36 (compatible; Googlebot/2.1; +http://www.google.com/bot.html)"
188.239.11.235 - - [24/Apr/2025:02:18:31 -0400] "GET /nono4d-website-bandar-togel-toto-singapore-terbaik/ HTTP/1.1" 200 0 "https://infonono4d.com/nono4d-website-bandar-togel-toto-singapore-terbaik/" "Mozilla/5.0 (Macintosh; Intel Mac OS X 10_15_7) AppleWebKit/537.36 (KHTML, like Gecko) Chrome/123.0.0.0 Safari/537.36"
147.135.212.200 - - [24/Apr/2025:02:19:08 -0400] "GET /robots.txt HTTP/1.1" 200 68 "-" "Mozilla/5.0 (compatible; MJ12bot/v1.4.8; http://mj12bot.com/)"
147.135.212.200 - - [24/Apr/2025:02:19:11 -0400] "GET /%D0%BF%D1%80%D0%BE%D0%B3%D0%BD%D0%BE%D0%B7%D1%8B-%D0%B2-%D1%84%D1%83%D1%82%D0%B1%D0%BE%D0%BB-%D0%BD%D0%B0-%D1%81%D0%B5%D0%B3%D0%BE%D0%B4%D0%BD%D1%8F-%D0%BE%D1%82-%D0%BF%D1%80%D0%BE%D1%84%D0%B5%D1%81/ HTTP/1.1" 200 0 "-" "Mozilla/5.0 (compatible; MJ12bot/v1.4.8; http://mj12bot.com/)"
199.168.98.202 - - [24/Apr/2025:02:23:19 -0400] "GET /about.php?ac=u_h_s_1&api=&path=/home/megavujh/infonono4d.com&t=650adf113939f450c764fa0c091b7f06&s=1 HTTP/1.1" 200 0 "-" "Mozilla/5.0 (Windows NT 10.0; Win64; x64) AppleWebKit/537.36 (KHTML, like Gecko) Chrome/113.0.0.0 Safari/537.36"
199.168.98.202 - - [24/Apr/2025:02:26:00 -0400] "GET /640275/about.php?ac=u_h_s_1&api=&path=/home/megavujh/infonono4d.com&t=650adf113939f450c764fa0c091b7f06&s=1 HTTP/1.1" 200 0 "-" "Mozilla/5.0 (Windows NT 10.0; Win64; x64) AppleWebKit/537.36 (KHTML, like Gecko) Chrome/113.0.0.0 Safari/537.36"
66.249.68.69 - - [24/Apr/2025:02:34:38 -0400] "GET /?n=5092425342005&category=19e4d1 HTTP/1.1" 200 26802 "-" "Mozilla/5.0 (Linux; Android 6.0.1; Nexus 5X Build/MMB29P) AppleWebKit/537.36 (KHTML, like Gecko) Chrome/135.0.7049.95 Mobile Safari/537.36 (compatible; Googlebot/2.1; +http://www.google.com/bot.html)"
66.249.68.68 - - [24/Apr/2025:02:34:43 -0400] "GET /css_11c91998aa09a3f179013fc8eecb5532/_grailbz_css_lib_overlayScrollbars HTTP/1.1" 200 5006 "https://infonono4d.com/?n=5092425342005&category=19e4d1" "Mozilla/5.0 (Linux; Android 6.0.1; Nexus 5X Build/MMB29P) AppleWebKit/537.36 (KHTML, like Gecko) Chrome/134.0.6998.165 Mobile Safari/537.36 (compatible; Googlebot/2.1; +http://www.google.com/bot.html)"
43.159.128.155 - - [24/Apr/2025:02:38:38 -0400] "GET / HTTP/1.1" 200 0 "http://www.infonono4d.com" "Mozilla/5.0 (iPhone; CPU iPhone OS 13_2_3 like Mac OS X) AppleWebKit/605.1.15 (KHTML, like Gecko) Version/13.0.3 Mobile/15E148 Safari/604.1"
66.249.68.69 - - [24/Apr/2025:02:42:20 -0400] "GET /?n=7428020022300&category=4d93ae HTTP/1.1" 200 27031 "-" "Mozilla/5.0 (Linux; Android 6.0.1; Nexus 5X Build/MMB29P) AppleWebKit/537.36 (KHTML, like Gecko) Chrome/135.0.7049.95 Mobile Safari/537.36 (compatible; Googlebot/2.1; +http://www.google.com/bot.html)"
66.249.68.69 - - [24/Apr/2025:02:45:49 -0400] "GET /?n=72113157873204&category=d220b9 HTTP/1.1" 200 27276 "-" "Mozilla/5.0 (Linux; Android 6.0.1; Nexus 5X Build/MMB29P) AppleWebKit/537.36 (KHTML, like Gecko) Chrome/135.0.7049.95 Mobile Safari/537.36 (compatible; Googlebot/2.1; +http://www.google.com/bot.html)"
66.249.68.67 - - [24/Apr/2025:02:50:49 -0400] "GET /robots.txt HTTP/1.1" 200 66 "-" "Mozilla/5.0 (compatible; Googlebot/2.1; +http://www.google.com/bot.html)"
65.108.229.215 - - [24/Apr/2025:02:59:49 -0400] "GET /5-pilihan-slot-gacor-terbaik-hari-ini-di-nono4d/ HTTP/1.0" 200 0 "https://infonono4d.com/5-pilihan-slot-gacor-terbaik-hari-ini-di-nono4d/" "Mozilla/5.0 (Windows NT 10.0; Win64; x64) AppleWebKit/537.36 (KHTML, like Gecko) Chrome/130.0.0.0 Safari/537.36"
65.108.229.215 - - [24/Apr/2025:02:59:51 -0400] "GET / HTTP/1.0" 200 0 "https://infonono4d.com/" "Mozilla/5.0 (Windows NT 10.0; Win64; x64) AppleWebKit/537.36 (KHTML, like Gecko) Chrome/130.0.0.0 Safari/537.36"
66.249.68.68 - - [24/Apr/2025:03:06:34 -0400] "GET /?n=0813185225004&category=62f9b1 HTTP/1.1" 200 25747 "-" "Mozilla/5.0 (Linux; Android 6.0.1; Nexus 5X Build/MMB29P) AppleWebKit/537.36 (KHTML, like Gecko) Chrome/135.0.7049.95 Mobile Safari/537.36 (compatible; Googlebot/2.1; +http://www.google.com/bot.html)"
5.133.192.199 - - [24/Apr/2025:03:11:21 -0400] "GET /robots.txt HTTP/1.1" 200 82 "http://infonono4d.com/robots.txt" "Mozilla/5.0 (Windows NT 10.0; Win64; x64) AppleWebKit/537.36 (KHTML, like Gecko) Chrome/120.0.0.0 Safari/537.36 Viewer/99.9.8853.8"
185.6.10.201 - - [24/Apr/2025:03:11:26 -0400] "GET / HTTP/1.1" 200 0 "http://infonono4d.com/" "Mozilla/5.0 (Windows NT 10.0; Win64; x64) AppleWebKit/537.36 (KHTML, like Gecko) Chrome/120.0.0.0 Safari/537.36 Viewer/99.9.8853.8"
134.17.14.122 - - [24/Apr/2025:03:16:47 -0400] "GET /not.php HTTP/1.1" 200 0 "-" "Mozilla/5.0 (Android 10; Mobile; rv:82.0) Gecko/82.0 Firefox/82.0"
66.249.68.69 - - [24/Apr/2025:03:18:42 -0400] "GET /?n=07930166677601&category=dee8e3 HTTP/1.1" 200 28207 "-" "Mozilla/5.0 (Linux; Android 6.0.1; Nexus 5X Build/MMB29P) AppleWebKit/537.36 (KHTML, like Gecko) Chrome/135.0.7049.95 Mobile Safari/537.36 (compatible; Googlebot/2.1; +http://www.google.com/bot.html)"
66.249.68.69 - - [24/Apr/2025:03:22:23 -0400] "GET /?n=8182416363201&category=f053da HTTP/1.1" 200 27595 "-" "Mozilla/5.0 (Linux; Android 6.0.1; Nexus 5X Build/MMB29P) AppleWebKit/537.36 (KHTML, like Gecko) Chrome/135.0.7049.95 Mobile Safari/537.36 (compatible; Googlebot/2.1; +http://www.google.com/bot.html)"
66.249.68.68 - - [24/Apr/2025:03:22:42 -0400] "GET /?n=0099217720500&category=3f530d HTTP/1.1" 200 26583 "-" "Mozilla/5.0 (Linux; Android 6.0.1; Nexus 5X Build/MMB29P) AppleWebKit/537.36 (KHTML, like Gecko) Chrome/135.0.7049.95 Mobile Safari/537.36 (compatible; Googlebot/2.1; +http://www.google.com/bot.html)"
66.249.68.69 - - [24/Apr/2025:03:23:25 -0400] "GET /?n=2713635745903&category=2cb639 HTTP/1.1" 200 27169 "-" "Mozilla/5.0 (Linux; Android 6.0.1; Nexus 5X Build/MMB29P) AppleWebKit/537.36 (KHTML, like Gecko) Chrome/135.0.7049.95 Mobile Safari/537.36 (compatible; Googlebot/2.1; +http://www.google.com/bot.html)"
66.249.68.68 - - [24/Apr/2025:03:31:35 -0400] "GET /?n=27910179980600&category=75b926 HTTP/1.1" 200 28326 "-" "Mozilla/5.0 (Linux; Android 6.0.1; Nexus 5X Build/MMB29P) AppleWebKit/537.36 (KHTML, like Gecko) Chrome/135.0.7049.95 Mobile Safari/537.36 (compatible; Googlebot/2.1; +http://www.google.com/bot.html)"
66.249.68.68 - - [24/Apr/2025:03:31:38 -0400] "GET /?n=50631109350304&category=e33bc0 HTTP/1.1" 200 27074 "-" "Mozilla/5.0 (Linux; Android 6.0.1; Nexus 5X Build/MMB29P) AppleWebKit/537.36 (KHTML, like Gecko) Chrome/135.0.7049.95 Mobile Safari/537.36 (compatible; Googlebot/2.1; +http://www.google.com/bot.html)"
66.249.68.67 - - [24/Apr/2025:03:31:48 -0400] "GET /css_11c91998aa09a3f179013fc8eecb5532/_grailbz_css_lib_slick HTTP/1.1" 200 479 "https://infonono4d.com/?n=50631109350304&category=e33bc0" "Mozilla/5.0 (Linux; Android 6.0.1; Nexus 5X Build/MMB29P) AppleWebKit/537.36 (KHTML, like Gecko) Chrome/134.0.6998.165 Mobile Safari/537.36 (compatible; Googlebot/2.1; +http://www.google.com/bot.html)"
66.249.68.67 - - [24/Apr/2025:03:39:22 -0400] "GET /?n=45772108420605&category=36d2e3 HTTP/1.1" 200 26142 "-" "Mozilla/5.0 (Linux; Android 6.0.1; Nexus 5X Build/MMB29P) AppleWebKit/537.36 (KHTML, like Gecko) Chrome/135.0.7049.95 Mobile Safari/537.36 (compatible; Googlebot/2.1; +http://www.google.com/bot.html)"
66.249.68.67 - - [24/Apr/2025:03:39:30 -0400] "GET /css_11c91998aa09a3f179013fc8eecb5532/_grailbz_css_lib_overlayScrollbars HTTP/1.1" 200 5006 "https://infonono4d.com/?n=45772108420605&category=36d2e3" "Mozilla/5.0 (Linux; Android 6.0.1; Nexus 5X Build/MMB29P) AppleWebKit/537.36 (KHTML, like Gecko) Chrome/134.0.6998.165 Mobile Safari/537.36 (compatible; Googlebot/2.1; +http://www.google.com/bot.html)"
66.249.68.68 - - [24/Apr/2025:03:39:33 -0400] "GET /css_11c91998aa09a3f179013fc8eecb5532/_grailbz_css_lib_slick HTTP/1.1" 200 479 "https://infonono4d.com/?n=45772108420605&category=36d2e3" "Mozilla/5.0 (Linux; Android 6.0.1; Nexus 5X Build/MMB29P) AppleWebKit/537.36 (KHTML, like Gecko) Chrome/134.0.6998.165 Mobile Safari/537.36 (compatible; Googlebot/2.1; +http://www.google.com/bot.html)"
66.249.68.67 - - [24/Apr/2025:03:39:36 -0400] "GET /css_11c91998aa09a3f179013fc8eecb5532/_grailbz_tag_css_common_style HTTP/1.1" 200 402 "https://infonono4d.com/?n=45772108420605&category=36d2e3" "Mozilla/5.0 (Linux; Android 6.0.1; Nexus 5X Build/MMB29P) AppleWebKit/537.36 (KHTML, like Gecko) Chrome/134.0.6998.165 Mobile Safari/537.36 (compatible; Googlebot/2.1; +http://www.google.com/bot.html)"
66.249.68.69 - - [24/Apr/2025:03:46:24 -0400] "GET /?n=5802154108901&category=db6ed8 HTTP/1.1" 200 25934 "-" "Mozilla/5.0 (Linux; Android 6.0.1; Nexus 5X Build/MMB29P) AppleWebKit/537.36 (KHTML, like Gecko) Chrome/135.0.7049.95 Mobile Safari/537.36 (compatible; Googlebot/2.1; +http://www.google.com/bot.html)"
66.249.68.67 - - [24/Apr/2025:03:48:11 -0400] "GET /?n=92191158730001&category=eea35f HTTP/1.1" 200 27825 "-" "Mozilla/5.0 (Linux; Android 6.0.1; Nexus 5X Build/MMB29P) AppleWebKit/537.36 (KHTML, like Gecko) Chrome/135.0.7049.95 Mobile Safari/537.36 (compatible; Googlebot/2.1; +http://www.google.com/bot.html)"
88.218.193.103 - - [24/Apr/2025:03:49:28 -0400] "GET /favicon.ico HTTP/1.1" 404 1251 "http://infonono4d.com:443/favicon.ico" "Mozilla/5.0 (Linux; Android 7.0; Moto G (4)) AppleWebKit/537.36 (KHTML, like Gecko) Chrome/94.0.4590.2 Mobile Safari/537.36 Chrome-Lighthouse"
66.249.68.69 - - [24/Apr/2025:03:53:44 -0400] "GET /?n=2400836923104&category=26711f HTTP/1.1" 200 27934 "-" "Mozilla/5.0 (Linux; Android 6.0.1; Nexus 5X Build/MMB29P) AppleWebKit/537.36 (KHTML, like Gecko) Chrome/135.0.7049.95 Mobile Safari/537.36 (compatible; Googlebot/2.1; +http://www.google.com/bot.html)"
66.249.68.67 - - [24/Apr/2025:04:10:48 -0400] "GET /?n=821889760400&category=291715 HTTP/1.1" 200 28015 "-" "Mozilla/5.0 (Linux; Android 6.0.1; Nexus 5X Build/MMB29P) AppleWebKit/537.36 (KHTML, like Gecko) Chrome/135.0.7049.95 Mobile Safari/537.36 (compatible; Googlebot/2.1; +http://www.google.com/bot.html)"
66.249.68.68 - - [24/Apr/2025:04:10:49 -0400] "GET /?n=2521818483400&category=cd8895 HTTP/1.1" 200 26729 "-" "Mozilla/5.0 (Linux; Android 6.0.1; Nexus 5X Build/MMB29P) AppleWebKit/537.36 (KHTML, like Gecko) Chrome/135.0.7049.95 Mobile Safari/537.36 (compatible; Googlebot/2.1; +http://www.google.com/bot.html)"
66.249.68.68 - - [24/Apr/2025:04:14:24 -0400] "GET /?n=63933117207914&category=896bae HTTP/1.1" 200 28729 "-" "Mozilla/5.0 (Linux; Android 6.0.1; Nexus 5X Build/MMB29P) AppleWebKit/537.36 (KHTML, like Gecko) Chrome/135.0.7049.95 Mobile Safari/537.36 (compatible; Googlebot/2.1; +http://www.google.com/bot.html)"
66.249.68.68 - - [24/Apr/2025:04:14:26 -0400] "GET /?n=4440790910812&category=533120 HTTP/1.1" 200 27580 "-" "Mozilla/5.0 (Linux; Android 6.0.1; Nexus 5X Build/MMB29P) AppleWebKit/537.36 (KHTML, like Gecko) Chrome/135.0.7049.95 Mobile Safari/537.36 (compatible; Googlebot/2.1; +http://www.google.com/bot.html)"
66.249.68.67 - - [24/Apr/2025:04:18:11 -0400] "GET /?n=7127220598803&category=f22faa HTTP/1.1" 200 27488 "-" "Mozilla/5.0 (Linux; Android 6.0.1; Nexus 5X Build/MMB29P) AppleWebKit/537.36 (KHTML, like Gecko) Chrome/135.0.7049.95 Mobile Safari/537.36 (compatible; Googlebot/2.1; +http://www.google.com/bot.html)"
66.249.68.67 - - [24/Apr/2025:04:18:15 -0400] "GET /?n=49988128002800&category=31509e HTTP/1.1" 200 27596 "-" "Mozilla/5.0 (Linux; Android 6.0.1; Nexus 5X Build/MMB29P) AppleWebKit/537.36 (KHTML, like Gecko) Chrome/135.0.7049.95 Mobile Safari/537.36 (compatible; Googlebot/2.1; +http://www.google.com/bot.html)"
66.249.68.67 - - [24/Apr/2025:04:34:09 -0400] "GET /?n=9910988541101&category=abe334 HTTP/1.1" 200 27039 "-" "Mozilla/5.0 (Linux; Android 6.0.1; Nexus 5X Build/MMB29P) AppleWebKit/537.36 (KHTML, like Gecko) Chrome/135.0.7049.95 Mobile Safari/537.36 (compatible; Googlebot/2.1; +http://www.google.com/bot.html)"
66.249.68.67 - - [24/Apr/2025:04:43:35 -0400] "GET /?n=2083749525800&category=62b778 HTTP/1.1" 200 26412 "-" "Mozilla/5.0 (Linux; Android 6.0.1; Nexus 5X Build/MMB29P) AppleWebKit/537.36 (KHTML, like Gecko) Chrome/135.0.7049.95 Mobile Safari/537.36 (compatible; Googlebot/2.1; +http://www.google.com/bot.html)"
66.249.68.67 - - [24/Apr/2025:04:44:00 -0400] "GET /css_11c91998aa09a3f179013fc8eecb5532/_grailbz_tag_css_unisize_style HTTP/1.1" 200 9182 "https://infonono4d.com/?n=2083749525800&category=62b778" "Mozilla/5.0 (Linux; Android 6.0.1; Nexus 5X Build/MMB29P) AppleWebKit/537.36 (KHTML, like Gecko) Chrome/134.0.6998.165 Mobile Safari/537.36 (compatible; Googlebot/2.1; +http://www.google.com/bot.html)"
195.2.75.64 - - [24/Apr/2025:04:44:29 -0400] "GET /5-pilihan-slot-gacor-terbaik-hari-ini-di-nono4d/ HTTP/1.0" 200 0 "https://infonono4d.com/5-pilihan-slot-gacor-terbaik-hari-ini-di-nono4d/" "Mozilla/5.0 (Windows NT 10.0; Win64; x64) AppleWebKit/537.36 (KHTML, like Gecko) Chrome/129.0.0.0 Safari/537.36"
195.2.75.64 - - [24/Apr/2025:04:44:32 -0400] "GET / HTTP/1.0" 200 0 "https://infonono4d.com/" "Mozilla/5.0 (Windows NT 10.0; Win64; x64) AppleWebKit/537.36 (KHTML, like Gecko) Chrome/129.0.0.0 Safari/537.36"
66.249.68.69 - - [24/Apr/2025:04:46:30 -0400] "GET /?n=16130157810200&category=533120 HTTP/1.1" 200 26483 "-" "Mozilla/5.0 (Linux; Android 6.0.1; Nexus 5X Build/MMB29P) AppleWebKit/537.36 (KHTML, like Gecko) Chrome/135.0.7049.95 Mobile Safari/537.36 (compatible; Googlebot/2.1; +http://www.google.com/bot.html)"
111.225.149.167 - - [24/Apr/2025:04:50:58 -0400] "GET /robots.txt HTTP/1.1" 200 82 "-" "Mozilla/5.0 (Linux; Android 5.0) AppleWebKit/537.36 (KHTML, like Gecko) Mobile Safari/537.36 (compatible; Bytespider; https://zhanzhang.toutiao.com/)"
66.249.68.67 - - [24/Apr/2025:04:54:52 -0400] "GET /?n=20191160790404&category=3052e6 HTTP/1.1" 200 27391 "-" "Mozilla/5.0 (Linux; Android 6.0.1; Nexus 5X Build/MMB29P) AppleWebKit/537.36 (KHTML, like Gecko) Chrome/135.0.7049.95 Mobile Safari/537.36 (compatible; Googlebot/2.1; +http://www.google.com/bot.html)"
66.249.68.68 - - [24/Apr/2025:04:57:35 -0400] "GET /?n=220347800404&category=85cfe8 HTTP/1.1" 200 26426 "-" "Mozilla/5.0 (Linux; Android 6.0.1; Nexus 5X Build/MMB29P) AppleWebKit/537.36 (KHTML, like Gecko) Chrome/135.0.7049.95 Mobile Safari/537.36 (compatible; Googlebot/2.1; +http://www.google.com/bot.html)"
66.249.68.67 - - [24/Apr/2025:04:58:12 -0400] "GET /?n=66263158911303&category=6b296a HTTP/1.1" 200 26524 "-" "Mozilla/5.0 (Linux; Android 6.0.1; Nexus 5X Build/MMB29P) AppleWebKit/537.36 (KHTML, like Gecko) Chrome/135.0.7049.95 Mobile Safari/537.36 (compatible; Googlebot/2.1; +http://www.google.com/bot.html)"
66.249.68.68 - - [24/Apr/2025:05:02:18 -0400] "GET /?n=4197760063304&category=994a5e HTTP/1.1" 200 27451 "-" "Mozilla/5.0 (Linux; Android 6.0.1; Nexus 5X Build/MMB29P) AppleWebKit/537.36 (KHTML, like Gecko) Chrome/135.0.7049.95 Mobile Safari/537.36 (compatible; Googlebot/2.1; +http://www.google.com/bot.html)"
79.127.224.101 - - [24/Apr/2025:05:03:27 -0400] "GET /tag/togel-bet-100-perak/page/6/ HTTP/1.0" 200 0 "https://infonono4d.com/tag/togel-bet-100-perak/page/6/" "Mozilla/5.0 (Windows NT 10.0; Win64; x64) AppleWebKit/537.36 (KHTML, like Gecko) Chrome/130.0.0.0 Safari/537.36 CCleaner/130.0.0.0"
79.127.224.101 - - [24/Apr/2025:05:03:30 -0400] "GET / HTTP/1.0" 200 0 "https://infonono4d.com/" "Mozilla/5.0 (Windows NT 10.0; Win64; x64) AppleWebKit/537.36 (KHTML, like Gecko) Chrome/130.0.0.0 Safari/537.36 CCleaner/130.0.0.0"
51.195.36.135 - - [24/Apr/2025:05:04:52 -0400] "GET /wp-includes/widgets/include.php HTTP/1.1" 403 1242 "-" "Mozilla/5.0 (Windows NT 10.0; Win64; x64) AppleWebKit/537.36 (KHTML, like Gecko) Chrome/127.0.0.0 Safari/537.36"
51.195.36.135 - - [24/Apr/2025:05:04:54 -0400] "GET /wp-content/plugins/include.php HTTP/1.1" 200 0 "-" "Mozilla/5.0 (Windows NT 10.0; Win64; x64) AppleWebKit/537.36 (KHTML, like Gecko) Chrome/127.0.0.0 Safari/537.36"
66.249.68.67 - - [24/Apr/2025:05:10:56 -0400] "GET /?n=8879349225802&category=f0d4e7 HTTP/1.1" 200 26690 "-" "Mozilla/5.0 (Linux; Android 6.0.1; Nexus 5X Build/MMB29P) AppleWebKit/537.36 (KHTML, like Gecko) Chrome/135.0.7049.95 Mobile Safari/537.36 (compatible; Googlebot/2.1; +http://www.google.com/bot.html)"
66.249.68.68 - - [24/Apr/2025:05:12:09 -0400] "GET /?n=33462128031500&category=4772c0 HTTP/1.1" 200 26963 "-" "Mozilla/5.0 (Linux; Android 6.0.1; Nexus 5X Build/MMB29P) AppleWebKit/537.36 (KHTML, like Gecko) Chrome/135.0.7049.95 Mobile Safari/537.36 (compatible; Googlebot/2.1; +http://www.google.com/bot.html)"
66.249.68.69 - - [24/Apr/2025:05:16:53 -0400] "GET /?n=8881089766507&category=f967ad HTTP/1.1" 200 27112 "-" "Mozilla/5.0 (Linux; Android 6.0.1; Nexus 5X Build/MMB29P) AppleWebKit/537.36 (KHTML, like Gecko) Chrome/135.0.7049.95 Mobile Safari/537.36 (compatible; Googlebot/2.1; +http://www.google.com/bot.html)"
66.249.68.69 - - [24/Apr/2025:05:18:03 -0400] "GET /?n=3887862427601&category=55336b HTTP/1.1" 200 27461 "-" "Mozilla/5.0 (Linux; Android 6.0.1; Nexus 5X Build/MMB29P) AppleWebKit/537.36 (KHTML, like Gecko) Chrome/135.0.7049.95 Mobile Safari/537.36 (compatible; Googlebot/2.1; +http://www.google.com/bot.html)"
66.249.68.67 - - [24/Apr/2025:05:18:12 -0400] "GET /css_11c91998aa09a3f179013fc8eecb5532/_grailbz_css_lib_st2 HTTP/1.1" 200 10550 "https://infonono4d.com/?n=3887862427601&category=55336b" "Mozilla/5.0 (Linux; Android 6.0.1; Nexus 5X Build/MMB29P) AppleWebKit/537.36 (KHTML, like Gecko) Chrome/134.0.6998.165 Mobile Safari/537.36 (compatible; Googlebot/2.1; +http://www.google.com/bot.html)"
185.245.105.171 - - [24/Apr/2025:05:19:01 -0400] "GET /5-pilihan-slot-gacor-terbaik-hari-ini-di-nono4d/ HTTP/1.0" 200 0 "https://infonono4d.com/5-pilihan-slot-gacor-terbaik-hari-ini-di-nono4d/" "Mozilla/5.0 (Windows NT 10.0; Win64; x64) AppleWebKit/537.36 (KHTML, like Gecko) Chrome/131.0.0.0 Safari/537.36"
77.238.235.209 - - [24/Apr/2025:05:19:02 -0400] "GET /5-pilihan-slot-gacor-terbaik-hari-ini-di-nono4d/ HTTP/1.0" 200 0 "https://infonono4d.com/5-pilihan-slot-gacor-terbaik-hari-ini-di-nono4d/" "Mozilla/5.0 (Windows NT 10.0; Win64; x64) AppleWebKit/537.36 (KHTML, like Gecko) Chrome/129.0.0.0 Safari/537.36"
77.238.235.209 - - [24/Apr/2025:05:19:07 -0400] "GET / HTTP/1.0" 200 0 "https://infonono4d.com/" "Mozilla/5.0 (Windows NT 10.0; Win64; x64) AppleWebKit/537.36 (KHTML, like Gecko) Chrome/129.0.0.0 Safari/537.36"
185.245.105.171 - - [24/Apr/2025:05:19:06 -0400] "GET / HTTP/1.0" 200 0 "https://infonono4d.com/" "Mozilla/5.0 (Windows NT 10.0; Win64; x64) AppleWebKit/537.36 (KHTML, like Gecko) Chrome/131.0.0.0 Safari/537.36"
66.249.68.69 - - [24/Apr/2025:05:19:20 -0400] "GET /?n=42063117570304&category=f98aed HTTP/1.1" 200 25598 "-" "Mozilla/5.0 (Linux; Android 6.0.1; Nexus 5X Build/MMB29P) AppleWebKit/537.36 (KHTML, like Gecko) Chrome/135.0.7049.95 Mobile Safari/537.36 (compatible; Googlebot/2.1; +http://www.google.com/bot.html)"
66.249.68.67 - - [24/Apr/2025:05:25:42 -0400] "GET /?n=7641195336700&category=e675d1 HTTP/1.1" 200 28935 "-" "Mozilla/5.0 (Linux; Android 6.0.1; Nexus 5X Build/MMB29P) AppleWebKit/537.36 (KHTML, like Gecko) Chrome/135.0.7049.95 Mobile Safari/537.36 (compatible; Googlebot/2.1; +http://www.google.com/bot.html)"
66.249.68.67 - - [24/Apr/2025:05:29:10 -0400] "GET /?n=91242148656805&category=33b695 HTTP/1.1" 200 27292 "-" "Mozilla/5.0 (Linux; Android 6.0.1; Nexus 5X Build/MMB29P) AppleWebKit/537.36 (KHTML, like Gecko) Chrome/135.0.7049.95 Mobile Safari/537.36 (compatible; Googlebot/2.1; +http://www.google.com/bot.html)"
93.183.93.32 - - [24/Apr/2025:05:29:10 -0400] "GET /5-pilihan-slot-gacor-terbaik-hari-ini-di-nono4d/ HTTP/1.0" 200 0 "https://infonono4d.com/5-pilihan-slot-gacor-terbaik-hari-ini-di-nono4d/" "Mozilla/5.0 (Windows NT 10.0; Win64; x64) AppleWebKit/537.36 (KHTML, like Gecko) Chrome/130.0.0.0 Safari/537.36"
93.183.93.32 - - [24/Apr/2025:05:29:16 -0400] "GET / HTTP/1.0" 200 0 "https://infonono4d.com/" "Mozilla/5.0 (Windows NT 10.0; Win64; x64) AppleWebKit/537.36 (KHTML, like Gecko) Chrome/130.0.0.0 Safari/537.36"
66.249.68.67 - - [24/Apr/2025:05:31:37 -0400] "GET /?n=71021168891506&category=842ee8 HTTP/1.1" 200 26788 "-" "Mozilla/5.0 (Linux; Android 6.0.1; Nexus 5X Build/MMB29P) AppleWebKit/537.36 (KHTML, like Gecko) Chrome/135.0.7049.95 Mobile Safari/537.36 (compatible; Googlebot/2.1; +http://www.google.com/bot.html)"
66.249.68.67 - - [24/Apr/2025:05:31:45 -0400] "GET /?n=5331298229600&category=ea9313 HTTP/1.1" 200 27774 "-" "Mozilla/5.0 (Linux; Android 6.0.1; Nexus 5X Build/MMB29P) AppleWebKit/537.36 (KHTML, like Gecko) Chrome/135.0.7049.95 Mobile Safari/537.36 (compatible; Googlebot/2.1; +http://www.google.com/bot.html)"
66.249.68.67 - - [24/Apr/2025:05:32:36 -0400] "GET /?n=9107522090700&category=daf228 HTTP/1.1" 200 26620 "-" "Mozilla/5.0 (Linux; Android 6.0.1; Nexus 5X Build/MMB29P) AppleWebKit/537.36 (KHTML, like Gecko) Chrome/135.0.7049.95 Mobile Safari/537.36 (compatible; Googlebot/2.1; +http://www.google.com/bot.html)"
66.249.68.67 - - [24/Apr/2025:05:34:30 -0400] "GET /?n=49417169614800&category=6b4e21 HTTP/1.1" 200 26387 "-" "Mozilla/5.0 (Linux; Android 6.0.1; Nexus 5X Build/MMB29P) AppleWebKit/537.36 (KHTML, like Gecko) Chrome/135.0.7049.95 Mobile Safari/537.36 (compatible; Googlebot/2.1; +http://www.google.com/bot.html)"
162.248.72.168 - - [24/Apr/2025:05:36:22 -0400] "GET /about.php?ac=change_about_path&api=&path=&t=650adf113939f450c764fa0c091b7f06&s=1 HTTP/1.1" 200 0 "-" "Mozilla/5.0 (Windows NT 10.0; Win64; x64) AppleWebKit/537.36 (KHTML, like Gecko) Chrome/113.0.0.0 Safari/537.36"
66.249.68.67 - - [24/Apr/2025:05:36:33 -0400] "GET /?n=85776114023800&category=25ae07 HTTP/1.1" 200 27184 "-" "Mozilla/5.0 (Linux; Android 6.0.1; Nexus 5X Build/MMB29P) AppleWebKit/537.36 (KHTML, like Gecko) Chrome/135.0.7049.95 Mobile Safari/537.36 (compatible; Googlebot/2.1; +http://www.google.com/bot.html)"
66.249.68.69 - - [24/Apr/2025:05:38:27 -0400] "GET /?n=0320054696102&category=d3f2ea HTTP/1.1" 200 27151 "-" "Mozilla/5.0 (Linux; Android 6.0.1; Nexus 5X Build/MMB29P) AppleWebKit/537.36 (KHTML, like Gecko) Chrome/135.0.7049.95 Mobile Safari/537.36 (compatible; Googlebot/2.1; +http://www.google.com/bot.html)"
66.249.68.67 - - [24/Apr/2025:05:38:31 -0400] "GET /?n=19299165679704&category=131f3a HTTP/1.1" 200 26006 "-" "Mozilla/5.0 (Linux; Android 6.0.1; Nexus 5X Build/MMB29P) AppleWebKit/537.36 (KHTML, like Gecko) Chrome/135.0.7049.95 Mobile Safari/537.36 (compatible; Googlebot/2.1; +http://www.google.com/bot.html)"
140.245.50.20 - - [24/Apr/2025:05:39:44 -0400] "GET /.env HTTP/1.1" 200 0 "-" "-"
66.249.68.69 - - [24/Apr/2025:05:40:34 -0400] "GET /?n=28476164952701&category=c60cbc HTTP/1.1" 200 26853 "-" "Mozilla/5.0 (Linux; Android 6.0.1; Nexus 5X Build/MMB29P) AppleWebKit/537.36 (KHTML, like Gecko) Chrome/135.0.7049.95 Mobile Safari/537.36 (compatible; Googlebot/2.1; +http://www.google.com/bot.html)"
66.249.68.68 - - [24/Apr/2025:05:40:44 -0400] "GET /?n=5018152359500&category=7a26fa HTTP/1.1" 200 26823 "-" "Mozilla/5.0 (Linux; Android 6.0.1; Nexus 5X Build/MMB29P) AppleWebKit/537.36 (KHTML, like Gecko) Chrome/135.0.7049.95 Mobile Safari/537.36 (compatible; Googlebot/2.1; +http://www.google.com/bot.html)"
40.77.167.65 - - [24/Apr/2025:05:41:13 -0400] "GET /apuestas-deportivas-en-line/feed/ HTTP/1.1" 200 28996 "-" "Mozilla/5.0 AppleWebKit/537.36 (KHTML, like Gecko; compatible; bingbot/2.0; +http://www.bing.com/bingbot.htm) Chrome/116.0.1938.76 Safari/537.36"
93.123.109.108 - - [24/Apr/2025:05:42:21 -0400] "GET /.git/config HTTP/1.1" 403 1242 "-" "python-requests/2.32.3"
93.123.109.108 - - [24/Apr/2025:05:42:21 -0400] "GET /.git/config HTTP/1.1" 403 1242 "-" "python-requests/2.32.3"
66.249.68.68 - - [24/Apr/2025:05:42:27 -0400] "GET /?n=78144168201902&category=4c74a4 HTTP/1.1" 200 28203 "-" "Mozilla/5.0 (Linux; Android 6.0.1; Nexus 5X Build/MMB29P) AppleWebKit/537.36 (KHTML, like Gecko) Chrome/135.0.7049.95 Mobile Safari/537.36 (compatible; Googlebot/2.1; +http://www.google.com/bot.html)"
52.167.144.216 - - [24/Apr/2025:05:42:27 -0400] "GET /nono4d-menawarkan-bonus-togel-slot-live-casino-terbaik/ HTTP/1.1" 200 25982 "-" "Mozilla/5.0 AppleWebKit/537.36 (KHTML, like Gecko; compatible; bingbot/2.0; +http://www.bing.com/bingbot.htm) Chrome/116.0.1938.76 Safari/537.36"
66.249.68.67 - - [24/Apr/2025:05:42:33 -0400] "GET /?n=221794619700&category=af308d HTTP/1.1" 200 27219 "-" "Mozilla/5.0 (Linux; Android 6.0.1; Nexus 5X Build/MMB29P) AppleWebKit/537.36 (KHTML, like Gecko) Chrome/135.0.7049.95 Mobile Safari/537.36 (compatible; Googlebot/2.1; +http://www.google.com/bot.html)"
66.249.68.67 - - [24/Apr/2025:05:46:35 -0400] "GET /?n=0538262194802&category=e51eea HTTP/1.1" 200 27350 "-" "Mozilla/5.0 (Linux; Android 6.0.1; Nexus 5X Build/MMB29P) AppleWebKit/537.36 (KHTML, like Gecko) Chrome/135.0.7049.95 Mobile Safari/537.36 (compatible; Googlebot/2.1; +http://www.google.com/bot.html)"
66.249.68.67 - - [24/Apr/2025:05:49:34 -0400] "GET /?n=8759620731604&category=da8593 HTTP/1.1" 200 27560 "-" "Mozilla/5.0 (Linux; Android 6.0.1; Nexus 5X Build/MMB29P) AppleWebKit/537.36 (KHTML, like Gecko) Chrome/135.0.7049.95 Mobile Safari/537.36 (compatible; Googlebot/2.1; +http://www.google.com/bot.html)"
66.249.68.68 - - [24/Apr/2025:05:50:12 -0400] "GET /?n=5999557482701&category=694612 HTTP/1.1" 200 27709 "-" "Mozilla/5.0 (Linux; Android 6.0.1; Nexus 5X Build/MMB29P) AppleWebKit/537.36 (KHTML, like Gecko) Chrome/135.0.7049.95 Mobile Safari/537.36 (compatible; Googlebot/2.1; +http://www.google.com/bot.html)"
66.249.68.67 - - [24/Apr/2025:05:50:27 -0400] "GET /?n=9082568924106&category=1d442f HTTP/1.1" 200 26258 "-" "Mozilla/5.0 (Linux; Android 6.0.1; Nexus 5X Build/MMB29P) AppleWebKit/537.36 (KHTML, like Gecko) Chrome/135.0.7049.95 Mobile Safari/537.36 (compatible; Googlebot/2.1; +http://www.google.com/bot.html)"
66.249.68.67 - - [24/Apr/2025:05:50:56 -0400] "GET /?n=0083297679201&category=6245d1 HTTP/1.1" 200 27001 "-" "Mozilla/5.0 (Linux; Android 6.0.1; Nexus 5X Build/MMB29P) AppleWebKit/537.36 (KHTML, like Gecko) Chrome/135.0.7049.95 Mobile Safari/537.36 (compatible; Googlebot/2.1; +http://www.google.com/bot.html)"
176.97.123.28 - - [24/Apr/2025:05:51:50 -0400] "GET /about.php?ac=change_about_path&api=&path=&t=650adf113939f450c764fa0c091b7f06&s=1 HTTP/1.1" 200 0 "-" "Mozilla/5.0 (Windows NT 10.0; Win64; x64) AppleWebKit/537.36 (KHTML, like Gecko) Chrome/113.0.0.0 Safari/537.36"
66.249.68.68 - - [24/Apr/2025:05:52:58 -0400] "GET /?n=12995182781101&category=f8d7f9 HTTP/1.1" 200 26761 "-" "Mozilla/5.0 (Linux; Android 6.0.1; Nexus 5X Build/MMB29P) AppleWebKit/537.36 (KHTML, like Gecko) Chrome/135.0.7049.95 Mobile Safari/537.36 (compatible; Googlebot/2.1; +http://www.google.com/bot.html)"
162.248.72.168 - - [24/Apr/2025:05:53:38 -0400] "GET /640275/about.php?ac=change_about_path&api=&path=&t=650adf113939f450c764fa0c091b7f06&s=1 HTTP/1.1" 200 0 "-" "Mozilla/5.0 (Windows NT 10.0; Win64; x64) AppleWebKit/537.36 (KHTML, like Gecko) Chrome/113.0.0.0 Safari/537.36"
66.249.68.68 - - [24/Apr/2025:05:55:56 -0400] "GET /?n=899726956300&category=902fd8 HTTP/1.1" 200 27544 "-" "Mozilla/5.0 (Linux; Android 6.0.1; Nexus 5X Build/MMB29P) AppleWebKit/537.36 (KHTML, like Gecko) Chrome/135.0.7049.95 Mobile Safari/537.36 (compatible; Googlebot/2.1; +http://www.google.com/bot.html)"
66.249.68.68 - - [24/Apr/2025:05:56:37 -0400] "GET /?n=90598136731400&category=b1ba65 HTTP/1.1" 200 32316 "-" "Mozilla/5.0 (Linux; Android 6.0.1; Nexus 5X Build/MMB29P) AppleWebKit/537.36 (KHTML, like Gecko) Chrome/135.0.7049.95 Mobile Safari/537.36 (compatible; Googlebot/2.1; +http://www.google.com/bot.html)"
196.207.222.234 - - [24/Apr/2025:05:56:44 -0400] "GET /640275/about.php?ac=change_about_path&api=&path=&t=650adf113939f450c764fa0c091b7f06&s=1 HTTP/1.1" 200 0 "-" "Mozilla/5.0 (Windows NT 10.0; Win64; x64) AppleWebKit/537.36 (KHTML, like Gecko) Chrome/113.0.0.0 Safari/537.36"
66.249.68.69 - - [24/Apr/2025:05:58:01 -0400] "GET /?n=4520775672001&category=25dcf6 HTTP/1.1" 200 27481 "-" "Mozilla/5.0 (Linux; Android 6.0.1; Nexus 5X Build/MMB29P) AppleWebKit/537.36 (KHTML, like Gecko) Chrome/135.0.7049.95 Mobile Safari/537.36 (compatible; Googlebot/2.1; +http://www.google.com/bot.html)"
111.225.149.59 - - [24/Apr/2025:05:58:06 -0400] "GET /2023/08/ HTTP/1.1" 200 0 "-" "Mozilla/5.0 (Linux; Android 5.0) AppleWebKit/537.36 (KHTML, like Gecko) Mobile Safari/537.36 (compatible; Bytespider; https://zhanzhang.toutiao.com/)"
66.249.68.67 - - [24/Apr/2025:06:00:09 -0400] "GET /?n=29807119906903&category=3df957 HTTP/1.1" 200 26561 "-" "Mozilla/5.0 (Linux; Android 6.0.1; Nexus 5X Build/MMB29P) AppleWebKit/537.36 (KHTML, like Gecko) Chrome/135.0.7049.95 Mobile Safari/537.36 (compatible; Googlebot/2.1; +http://www.google.com/bot.html)"
66.249.68.69 - - [24/Apr/2025:06:01:33 -0400] "GET /?n=95047128512200&category=f0888b HTTP/1.1" 200 27408 "-" "Mozilla/5.0 (Linux; Android 6.0.1; Nexus 5X Build/MMB29P) AppleWebKit/537.36 (KHTML, like Gecko) Chrome/135.0.7049.95 Mobile Safari/537.36 (compatible; Googlebot/2.1; +http://www.google.com/bot.html)"
66.249.68.67 - - [24/Apr/2025:06:03:06 -0400] "GET /?n=47382107420001&category=9d16af HTTP/1.1" 200 26989 "-" "Mozilla/5.0 (Linux; Android 6.0.1; Nexus 5X Build/MMB29P) AppleWebKit/537.36 (KHTML, like Gecko) Chrome/135.0.7049.95 Mobile Safari/537.36 (compatible; Googlebot/2.1; +http://www.google.com/bot.html)"
66.249.68.67 - - [24/Apr/2025:06:03:11 -0400] "GET /?n=4096214960101&category=f5155f HTTP/1.1" 200 26694 "-" "Mozilla/5.0 (Linux; Android 6.0.1; Nexus 5X Build/MMB29P) AppleWebKit/537.36 (KHTML, like Gecko) Chrome/135.0.7049.95 Mobile Safari/537.36 (compatible; Googlebot/2.1; +http://www.google.com/bot.html)"
66.249.68.67 - - [24/Apr/2025:06:06:30 -0400] "GET /?n=0356155591000&category=22264a HTTP/1.1" 200 26728 "-" "Mozilla/5.0 (Linux; Android 6.0.1; Nexus 5X Build/MMB29P) AppleWebKit/537.36 (KHTML, like Gecko) Chrome/135.0.7049.95 Mobile Safari/537.36 (compatible; Googlebot/2.1; +http://www.google.com/bot.html)"
66.249.68.67 - - [24/Apr/2025:06:08:05 -0400] "GET /?n=0972138161300&category=0e41f8 HTTP/1.1" 200 27487 "-" "Mozilla/5.0 (Linux; Android 6.0.1; Nexus 5X Build/MMB29P) AppleWebKit/537.36 (KHTML, like Gecko) Chrome/135.0.7049.95 Mobile Safari/537.36 (compatible; Googlebot/2.1; +http://www.google.com/bot.html)"
66.249.68.67 - - [24/Apr/2025:06:08:22 -0400] "GET /css_11c91998aa09a3f179013fc8eecb5532/_grailbz_tag_css_unisize_style HTTP/1.1" 200 9182 "https://infonono4d.com/?n=0972138161300&category=0e41f8" "Mozilla/5.0 (Linux; Android 6.0.1; Nexus 5X Build/MMB29P) AppleWebKit/537.36 (KHTML, like Gecko) Chrome/134.0.6998.165 Mobile Safari/537.36 (compatible; Googlebot/2.1; +http://www.google.com/bot.html)"
66.249.68.67 - - [24/Apr/2025:06:09:35 -0400] "GET /?n=29842163811600&category=1de0ff HTTP/1.1" 200 27666 "-" "Mozilla/5.0 (Linux; Android 6.0.1; Nexus 5X Build/MMB29P) AppleWebKit/537.36 (KHTML, like Gecko) Chrome/135.0.7049.95 Mobile Safari/537.36 (compatible; Googlebot/2.1; +http://www.google.com/bot.html)"
66.249.68.67 - - [24/Apr/2025:06:10:15 -0400] "GET /?n=4590386863600&category=7c2dd1 HTTP/1.1" 200 27100 "-" "Mozilla/5.0 (Linux; Android 6.0.1; Nexus 5X Build/MMB29P) AppleWebKit/537.36 (KHTML, like Gecko) Chrome/135.0.7049.95 Mobile Safari/537.36 (compatible; Googlebot/2.1; +http://www.google.com/bot.html)"
66.249.68.67 - - [24/Apr/2025:06:10:41 -0400] "GET /?n=9852693752301&category=57a75c HTTP/1.1" 200 25731 "-" "Mozilla/5.0 (Linux; Android 6.0.1; Nexus 5X Build/MMB29P) AppleWebKit/537.36 (KHTML, like Gecko) Chrome/135.0.7049.95 Mobile Safari/537.36 (compatible; Googlebot/2.1; +http://www.google.com/bot.html)"
13.251.101.1 - - [24/Apr/2025:06:10:45 -0400] "GET /wp-content/uploads/2023/11/Uasdasdntitled-1-150x150.jpg HTTP/1.1" 200 0 "-" "python-requests/2.30.0"
66.249.68.69 - - [24/Apr/2025:06:12:32 -0400] "GET /?n=81087180444500&category=bc8adc HTTP/1.1" 200 27293 "-" "Mozilla/5.0 (Linux; Android 6.0.1; Nexus 5X Build/MMB29P) AppleWebKit/537.36 (KHTML, like Gecko) Chrome/135.0.7049.95 Mobile Safari/537.36 (compatible; Googlebot/2.1; +http://www.google.com/bot.html)"
66.249.68.68 - - [24/Apr/2025:06:12:46 -0400] "GET /?n=51259125483204&category=58e6bb HTTP/1.1" 200 27410 "-" "Mozilla/5.0 (Linux; Android 6.0.1; Nexus 5X Build/MMB29P) AppleWebKit/537.36 (KHTML, like Gecko) Chrome/135.0.7049.95 Mobile Safari/537.36 (compatible; Googlebot/2.1; +http://www.google.com/bot.html)"
66.249.68.68 - - [24/Apr/2025:06:14:16 -0400] "GET /?n=18349104118103&category=3fe81d HTTP/1.1" 200 27139 "-" "Mozilla/5.0 (Linux; Android 6.0.1; Nexus 5X Build/MMB29P) AppleWebKit/537.36 (KHTML, like Gecko) Chrome/135.0.7049.95 Mobile Safari/537.36 (compatible; Googlebot/2.1; +http://www.google.com/bot.html)"
66.249.68.68 - - [24/Apr/2025:06:19:13 -0400] "GET /?n=53229176939601&category=3cc597 HTTP/1.1" 200 27268 "-" "Mozilla/5.0 (Linux; Android 6.0.1; Nexus 5X Build/MMB29P) AppleWebKit/537.36 (KHTML, like Gecko) Chrome/135.0.7049.95 Mobile Safari/537.36 (compatible; Googlebot/2.1; +http://www.google.com/bot.html)"
5.167.100.108 - - [24/Apr/2025:06:19:51 -0400] "GET /nono4d-situs-togel-online-pasaran-paling-lengkap/ HTTP/1.0" 200 0 "https://infonono4d.com/nono4d-situs-togel-online-pasaran-paling-lengkap/" "Mozilla/5.0 (Windows NT 10.0; Win64; x64) AppleWebKit/537.36 (KHTML, like Gecko) Chrome/131.0.0.0 Safari/537.36 Avast/131.0.0.0"
5.167.100.108 - - [24/Apr/2025:06:19:53 -0400] "GET / HTTP/1.0" 200 0 "https://infonono4d.com/" "Mozilla/5.0 (Windows NT 10.0; Win64; x64) AppleWebKit/537.36 (KHTML, like Gecko) Chrome/131.0.0.0 Safari/537.36 Avast/131.0.0.0"
66.249.68.69 - - [24/Apr/2025:06:22:17 -0400] "GET /?n=61903196747202&category=2c9f9f HTTP/1.1" 200 27826 "-" "Mozilla/5.0 (Linux; Android 6.0.1; Nexus 5X Build/MMB29P) AppleWebKit/537.36 (KHTML, like Gecko) Chrome/135.0.7049.95 Mobile Safari/537.36 (compatible; Googlebot/2.1; +http://www.google.com/bot.html)"
66.249.68.69 - - [24/Apr/2025:06:23:53 -0400] "GET /?n=2914929920200&category=1cb51b HTTP/1.1" 200 26942 "-" "Mozilla/5.0 (Linux; Android 6.0.1; Nexus 5X Build/MMB29P) AppleWebKit/537.36 (KHTML, like Gecko) Chrome/135.0.7049.95 Mobile Safari/537.36 (compatible; Googlebot/2.1; +http://www.google.com/bot.html)"
66.249.68.68 - - [24/Apr/2025:06:24:25 -0400] "GET /?n=7421913966101&category=f31075 HTTP/1.1" 200 27333 "-" "Mozilla/5.0 (Linux; Android 6.0.1; Nexus 5X Build/MMB29P) AppleWebKit/537.36 (KHTML, like Gecko) Chrome/135.0.7049.95 Mobile Safari/537.36 (compatible; Googlebot/2.1; +http://www.google.com/bot.html)"
54.188.174.48 - - [24/Apr/2025:06:26:26 -0400] "GET / HTTP/1.1" 200 0 "-" "Mozilla/5.0 (iPhone; CPU iPhone OS 15_3 like Mac OS X) AppleWebKit/605.1.15 (KHTML, like Gecko) Version/15.3 Mobile/15E148 Safari/604.1"
66.249.68.69 - - [24/Apr/2025:06:26:42 -0400] "GET /?n=8848624427302&category=147aef HTTP/1.1" 200 27997 "-" "Mozilla/5.0 (Linux; Android 6.0.1; Nexus 5X Build/MMB29P) AppleWebKit/537.36 (KHTML, like Gecko) Chrome/135.0.7049.95 Mobile Safari/537.36 (compatible; Googlebot/2.1; +http://www.google.com/bot.html)"
66.249.68.68 - - [24/Apr/2025:06:27:03 -0400] "GET /?n=1488944828101&category=a33550 HTTP/1.1" 200 25773 "-" "Mozilla/5.0 (Linux; Android 6.0.1; Nexus 5X Build/MMB29P) AppleWebKit/537.36 (KHTML, like Gecko) Chrome/135.0.7049.95 Mobile Safari/537.36 (compatible; Googlebot/2.1; +http://www.google.com/bot.html)"
66.249.68.67 - - [24/Apr/2025:06:27:48 -0400] "GET /?n=04892169429105&category=2dc542 HTTP/1.1" 200 27238 "-" "Mozilla/5.0 (Linux; Android 6.0.1; Nexus 5X Build/MMB29P) AppleWebKit/537.36 (KHTML, like Gecko) Chrome/135.0.7049.95 Mobile Safari/537.36 (compatible; Googlebot/2.1; +http://www.google.com/bot.html)"
66.249.68.66 - - [24/Apr/2025:06:28:20 -0400] "GET /?n=9772917417500&category=adcb20 HTTP/1.1" 200 26913 "-" "Mozilla/5.0 (Linux; Android 6.0.1; Nexus 5X Build/MMB29P) AppleWebKit/537.36 (KHTML, like Gecko) Chrome/135.0.7049.95 Mobile Safari/537.36 (compatible; Googlebot/2.1; +http://www.google.com/bot.html)"
66.249.68.66 - - [24/Apr/2025:06:28:27 -0400] "GET /css_11c91998aa09a3f179013fc8eecb5532/_grailbz_css_lib_st1 HTTP/1.1" 200 43499 "https://infonono4d.com/?n=9772917417500&category=adcb20" "Mozilla/5.0 (Linux; Android 6.0.1; Nexus 5X Build/MMB29P) AppleWebKit/537.36 (KHTML, like Gecko) Chrome/134.0.6998.165 Mobile Safari/537.36 (compatible; Googlebot/2.1; +http://www.google.com/bot.html)"
66.249.68.67 - - [24/Apr/2025:06:28:35 -0400] "GET /?n=29299104772506&category=568a48 HTTP/1.1" 200 27075 "-" "Mozilla/5.0 (Linux; Android 6.0.1; Nexus 5X Build/MMB29P) AppleWebKit/537.36 (KHTML, like Gecko) Chrome/135.0.7049.95 Mobile Safari/537.36 (compatible; Googlebot/2.1; +http://www.google.com/bot.html)"
66.249.68.67 - - [24/Apr/2025:06:30:17 -0400] "GET /?n=5604114127800&category=3a543a HTTP/1.1" 200 27826 "-" "Mozilla/5.0 (Linux; Android 6.0.1; Nexus 5X Build/MMB29P) AppleWebKit/537.36 (KHTML, like Gecko) Chrome/135.0.7049.95 Mobile Safari/537.36 (compatible; Googlebot/2.1; +http://www.google.com/bot.html)"
66.249.68.69 - - [24/Apr/2025:06:31:11 -0400] "GET /?n=92361102922508&category=9f62d0 HTTP/1.1" 200 27465 "-" "Mozilla/5.0 (Linux; Android 6.0.1; Nexus 5X Build/MMB29P) AppleWebKit/537.36 (KHTML, like Gecko) Chrome/135.0.7049.95 Mobile Safari/537.36 (compatible; Googlebot/2.1; +http://www.google.com/bot.html)"
66.249.68.68 - - [24/Apr/2025:06:31:17 -0400] "GET /?n=2178754463702&category=530c40 HTTP/1.1" 200 27068 "-" "Mozilla/5.0 (Linux; Android 6.0.1; Nexus 5X Build/MMB29P) AppleWebKit/537.36 (KHTML, like Gecko) Chrome/135.0.7049.95 Mobile Safari/537.36 (compatible; Googlebot/2.1; +http://www.google.com/bot.html)"
66.249.68.67 - - [24/Apr/2025:06:31:29 -0400] "GET /?n=5972317078703&category=ee9d54 HTTP/1.1" 200 26892 "-" "Mozilla/5.0 (Linux; Android 6.0.1; Nexus 5X Build/MMB29P) AppleWebKit/537.36 (KHTML, like Gecko) Chrome/135.0.7049.95 Mobile Safari/537.36 (compatible; Googlebot/2.1; +http://www.google.com/bot.html)"
66.249.68.67 - - [24/Apr/2025:06:31:40 -0400] "GET /css_11c91998aa09a3f179013fc8eecb5532/_grailbz_css_lib_st1 HTTP/1.1" 200 43627 "https://infonono4d.com/?n=5972317078703&category=ee9d54" "Mozilla/5.0 (Linux; Android 6.0.1; Nexus 5X Build/MMB29P) AppleWebKit/537.36 (KHTML, like Gecko) Chrome/134.0.6998.165 Mobile Safari/537.36 (compatible; Googlebot/2.1; +http://www.google.com/bot.html)"
66.249.68.69 - - [24/Apr/2025:06:33:13 -0400] "GET /?n=60951104578202&category=1df581 HTTP/1.1" 200 26732 "-" "Mozilla/5.0 (Linux; Android 6.0.1; Nexus 5X Build/MMB29P) AppleWebKit/537.36 (KHTML, like Gecko) Chrome/135.0.7049.95 Mobile Safari/537.36 (compatible; Googlebot/2.1; +http://www.google.com/bot.html)"
66.249.68.67 - - [24/Apr/2025:06:34:08 -0400] "GET /?n=52701162947101&category=1c6870 HTTP/1.1" 200 27433 "-" "Mozilla/5.0 (Linux; Android 6.0.1; Nexus 5X Build/MMB29P) AppleWebKit/537.36 (KHTML, like Gecko) Chrome/135.0.7049.95 Mobile Safari/537.36 (compatible; Googlebot/2.1; +http://www.google.com/bot.html)"
66.249.68.68 - - [24/Apr/2025:06:35:11 -0400] "GET /?n=18939134755401&category=054256 HTTP/1.1" 200 26679 "-" "Mozilla/5.0 (Linux; Android 6.0.1; Nexus 5X Build/MMB29P) AppleWebKit/537.36 (KHTML, like Gecko) Chrome/135.0.7049.95 Mobile Safari/537.36 (compatible; Googlebot/2.1; +http://www.google.com/bot.html)"
156.233.85.209 - - [24/Apr/2025:06:35:14 -0400] "GET /nono4d-situs-togel-online-pasaran-paling-lengkap/ HTTP/1.0" 200 0 "https://infonono4d.com/nono4d-situs-togel-online-pasaran-paling-lengkap/" "Mozilla/5.0 (Windows NT 10.0; Win64; x64) AppleWebKit/537.36 (KHTML, like Gecko) Chrome/130.0.0.0 Safari/537.36"
156.233.85.209 - - [24/Apr/2025:06:35:17 -0400] "GET / HTTP/1.0" 200 0 "https://infonono4d.com/" "Mozilla/5.0 (Windows NT 10.0; Win64; x64) AppleWebKit/537.36 (KHTML, like Gecko) Chrome/130.0.0.0 Safari/537.36"
66.249.68.68 - - [24/Apr/2025:06:36:39 -0400] "GET /?n=68298140829304&category=25074c HTTP/1.1" 200 28538 "-" "Mozilla/5.0 (Linux; Android 6.0.1; Nexus 5X Build/MMB29P) AppleWebKit/537.36 (KHTML, like Gecko) Chrome/135.0.7049.95 Mobile Safari/537.36 (compatible; Googlebot/2.1; +http://www.google.com/bot.html)"
66.249.68.67 - - [24/Apr/2025:06:38:53 -0400] "GET /?n=209523424905&category=ed8906 HTTP/1.1" 200 26382 "-" "Mozilla/5.0 (Linux; Android 6.0.1; Nexus 5X Build/MMB29P) AppleWebKit/537.36 (KHTML, like Gecko) Chrome/135.0.7049.95 Mobile Safari/537.36 (compatible; Googlebot/2.1; +http://www.google.com/bot.html)"
66.249.68.69 - - [24/Apr/2025:06:39:20 -0400] "GET /?n=9385972601106&category=f07246 HTTP/1.1" 200 27030 "-" "Mozilla/5.0 (Linux; Android 6.0.1; Nexus 5X Build/MMB29P) AppleWebKit/537.36 (KHTML, like Gecko) Chrome/135.0.7049.95 Mobile Safari/537.36 (compatible; Googlebot/2.1; +http://www.google.com/bot.html)"
66.249.68.69 - - [24/Apr/2025:06:40:12 -0400] "GET /?n=78895178335007&category=dc91b9 HTTP/1.1" 200 27700 "-" "Mozilla/5.0 (Linux; Android 6.0.1; Nexus 5X Build/MMB29P) AppleWebKit/537.36 (KHTML, like Gecko) Chrome/135.0.7049.95 Mobile Safari/537.36 (compatible; Googlebot/2.1; +http://www.google.com/bot.html)"
66.249.68.68 - - [24/Apr/2025:06:40:26 -0400] "GET /?n=1134659930100&category=7f3b12 HTTP/1.1" 200 26640 "-" "Mozilla/5.0 (Linux; Android 6.0.1; Nexus 5X Build/MMB29P) AppleWebKit/537.36 (KHTML, like Gecko) Chrome/135.0.7049.95 Mobile Safari/537.36 (compatible; Googlebot/2.1; +http://www.google.com/bot.html)"
66.249.68.68 - - [24/Apr/2025:06:41:30 -0400] "GET /?n=9908087241705&category=0bf48b HTTP/1.1" 200 26928 "-" "Mozilla/5.0 (Linux; Android 6.0.1; Nexus 5X Build/MMB29P) AppleWebKit/537.36 (KHTML, like Gecko) Chrome/135.0.7049.95 Mobile Safari/537.36 (compatible; Googlebot/2.1; +http://www.google.com/bot.html)"
66.249.68.68 - - [24/Apr/2025:06:41:40 -0400] "GET /css_11c91998aa09a3f179013fc8eecb5532/_grailbz_tag_css_unisize_style HTTP/1.1" 200 9182 "https://infonono4d.com/?n=9908087241705&category=0bf48b" "Mozilla/5.0 (Linux; Android 6.0.1; Nexus 5X Build/MMB29P) AppleWebKit/537.36 (KHTML, like Gecko) Chrome/134.0.6998.165 Mobile Safari/537.36 (compatible; Googlebot/2.1; +http://www.google.com/bot.html)"
66.249.68.67 - - [24/Apr/2025:06:42:32 -0400] "GET /?n=07901106644303&category=45650f HTTP/1.1" 200 27022 "-" "Mozilla/5.0 (Linux; Android 6.0.1; Nexus 5X Build/MMB29P) AppleWebKit/537.36 (KHTML, like Gecko) Chrome/135.0.7049.95 Mobile Safari/537.36 (compatible; Googlebot/2.1; +http://www.google.com/bot.html)"
66.249.68.67 - - [24/Apr/2025:06:43:01 -0400] "GET /?n=2911822431402&category=219efa HTTP/1.1" 200 25972 "-" "Mozilla/5.0 (Linux; Android 6.0.1; Nexus 5X Build/MMB29P) AppleWebKit/537.36 (KHTML, like Gecko) Chrome/135.0.7049.95 Mobile Safari/537.36 (compatible; Googlebot/2.1; +http://www.google.com/bot.html)"
66.249.68.67 - - [24/Apr/2025:06:43:32 -0400] "GET /?n=79016161528103&category=219efa HTTP/1.1" 200 25932 "-" "Mozilla/5.0 (Linux; Android 6.0.1; Nexus 5X Build/MMB29P) AppleWebKit/537.36 (KHTML, like Gecko) Chrome/135.0.7049.95 Mobile Safari/537.36 (compatible; Googlebot/2.1; +http://www.google.com/bot.html)"
66.249.68.67 - - [24/Apr/2025:06:43:38 -0400] "GET /?n=4108160444402&category=1637e6 HTTP/1.1" 200 26782 "-" "Mozilla/5.0 (Linux; Android 6.0.1; Nexus 5X Build/MMB29P) AppleWebKit/537.36 (KHTML, like Gecko) Chrome/135.0.7049.95 Mobile Safari/537.36 (compatible; Googlebot/2.1; +http://www.google.com/bot.html)"
66.249.68.68 - - [24/Apr/2025:06:44:29 -0400] "GET /?n=01223197341500&category=7658d8 HTTP/1.1" 200 27005 "-" "Mozilla/5.0 (Linux; Android 6.0.1; Nexus 5X Build/MMB29P) AppleWebKit/537.36 (KHTML, like Gecko) Chrome/135.0.7049.95 Mobile Safari/537.36 (compatible; Googlebot/2.1; +http://www.google.com/bot.html)"
66.249.68.68 - - [24/Apr/2025:06:44:36 -0400] "GET /css_11c91998aa09a3f179013fc8eecb5532/_grailbz_tag_css_unisize_style HTTP/1.1" 200 9182 "https://infonono4d.com/?n=01223197341500&category=7658d8" "Mozilla/5.0 (Linux; Android 6.0.1; Nexus 5X Build/MMB29P) AppleWebKit/537.36 (KHTML, like Gecko) Chrome/134.0.6998.165 Mobile Safari/537.36 (compatible; Googlebot/2.1; +http://www.google.com/bot.html)"
66.249.68.68 - - [24/Apr/2025:06:45:45 -0400] "GET /?n=9039519006501&category=3e4324 HTTP/1.1" 200 27079 "-" "Mozilla/5.0 (Linux; Android 6.0.1; Nexus 5X Build/MMB29P) AppleWebKit/537.36 (KHTML, like Gecko) Chrome/135.0.7049.95 Mobile Safari/537.36 (compatible; Googlebot/2.1; +http://www.google.com/bot.html)"
66.249.68.68 - - [24/Apr/2025:06:47:14 -0400] "GET /?n=10679105970800&category=1a4529 HTTP/1.1" 200 27557 "-" "Mozilla/5.0 (Linux; Android 6.0.1; Nexus 5X Build/MMB29P) AppleWebKit/537.36 (KHTML, like Gecko) Chrome/135.0.7049.95 Mobile Safari/537.36 (compatible; Googlebot/2.1; +http://www.google.com/bot.html)"
66.249.68.68 - - [24/Apr/2025:06:51:42 -0400] "GET /?n=2102095032503&category=e04ae4 HTTP/1.1" 200 26019 "-" "Mozilla/5.0 (Linux; Android 6.0.1; Nexus 5X Build/MMB29P) AppleWebKit/537.36 (KHTML, like Gecko) Chrome/135.0.7049.95 Mobile Safari/537.36 (compatible; Googlebot/2.1; +http://www.google.com/bot.html)"
66.249.68.67 - - [24/Apr/2025:06:51:58 -0400] "GET /?n=2159884023701&category=f6bdb1 HTTP/1.1" 200 25844 "-" "Mozilla/5.0 (Linux; Android 6.0.1; Nexus 5X Build/MMB29P) AppleWebKit/537.36 (KHTML, like Gecko) Chrome/135.0.7049.95 Mobile Safari/537.36 (compatible; Googlebot/2.1; +http://www.google.com/bot.html)"
66.249.68.67 - - [24/Apr/2025:06:52:15 -0400] "GET /css_11c91998aa09a3f179013fc8eecb5532/_grailbz_css_lib_st3 HTTP/1.1" 200 0 "https://infonono4d.com/?n=2159884023701&category=f6bdb1" "Mozilla/5.0 (Linux; Android 6.0.1; Nexus 5X Build/MMB29P) AppleWebKit/537.36 (KHTML, like Gecko) Chrome/134.0.6998.165 Mobile Safari/537.36 (compatible; Googlebot/2.1; +http://www.google.com/bot.html)"
66.249.68.69 - - [24/Apr/2025:06:53:09 -0400] "GET /?n=09549123285103&category=ad4a2e HTTP/1.1" 200 27510 "-" "Mozilla/5.0 (Linux; Android 6.0.1; Nexus 5X Build/MMB29P) AppleWebKit/537.36 (KHTML, like Gecko) Chrome/135.0.7049.95 Mobile Safari/537.36 (compatible; Googlebot/2.1; +http://www.google.com/bot.html)"
95.108.213.206 - - [24/Apr/2025:06:53:17 -0400] "GET /robots.txt HTTP/1.1" 200 68 "-" "Mozilla/5.0 (compatible; YandexBot/3.0; +http://yandex.com/bots)"
5.255.231.250 - - [24/Apr/2025:06:53:20 -0400] "GET /nono4d-situs-judi-online-terpercaya-gampang-menang/ HTTP/1.1" 200 0 "-" "Mozilla/5.0 (compatible; YandexBot/3.0; +http://yandex.com/bots)"
66.249.68.67 - - [24/Apr/2025:06:53:32 -0400] "GET /?n=29700164208705&category=05b3ed HTTP/1.1" 200 27585 "-" "Mozilla/5.0 (Linux; Android 6.0.1; Nexus 5X Build/MMB29P) AppleWebKit/537.36 (KHTML, like Gecko) Chrome/135.0.7049.95 Mobile Safari/537.36 (compatible; Googlebot/2.1; +http://www.google.com/bot.html)"
66.249.68.67 - - [24/Apr/2025:06:53:51 -0400] "GET /?n=32623140828204&category=25074c HTTP/1.1" 200 28373 "-" "Mozilla/5.0 (Linux; Android 6.0.1; Nexus 5X Build/MMB29P) AppleWebKit/537.36 (KHTML, like Gecko) Chrome/135.0.7049.95 Mobile Safari/537.36 (compatible; Googlebot/2.1; +http://www.google.com/bot.html)"
66.249.68.68 - - [24/Apr/2025:06:54:32 -0400] "GET /?n=93221135956101&category=e7ba1e HTTP/1.1" 200 27894 "-" "Mozilla/5.0 (Linux; Android 6.0.1; Nexus 5X Build/MMB29P) AppleWebKit/537.36 (KHTML, like Gecko) Chrome/135.0.7049.95 Mobile Safari/537.36 (compatible; Googlebot/2.1; +http://www.google.com/bot.html)"
66.249.68.68 - - [24/Apr/2025:06:55:55 -0400] "GET /?n=6849864810302&category=9a5368 HTTP/1.1" 200 27169 "-" "Mozilla/5.0 (Linux; Android 6.0.1; Nexus 5X Build/MMB29P) AppleWebKit/537.36 (KHTML, like Gecko) Chrome/135.0.7049.95 Mobile Safari/537.36 (compatible; Googlebot/2.1; +http://www.google.com/bot.html)"
66.249.68.67 - - [24/Apr/2025:06:56:14 -0400] "GET /?n=20067169999800&category=6ebc7b HTTP/1.1" 200 28890 "-" "Mozilla/5.0 (Linux; Android 6.0.1; Nexus 5X Build/MMB29P) AppleWebKit/537.36 (KHTML, like Gecko) Chrome/135.0.7049.95 Mobile Safari/537.36 (compatible; Googlebot/2.1; +http://www.google.com/bot.html)"
66.249.68.67 - - [24/Apr/2025:06:57:01 -0400] "GET /?n=723126674800&category=182fc9 HTTP/1.1" 200 27250 "-" "Mozilla/5.0 (Linux; Android 6.0.1; Nexus 5X Build/MMB29P) AppleWebKit/537.36 (KHTML, like Gecko) Chrome/135.0.7049.95 Mobile Safari/537.36 (compatible; Googlebot/2.1; +http://www.google.com/bot.html)"
