66.249.68.69 - - [29/Apr/2025:07:16:59 -0400] "GET /?g=73873133185202&channel=0ebe52&from=shop.php%3Fid%3D1331852-8115%26name%3D%E3%82%AC%E3%83%BC%E3%83%87%E3%83%B3%E3%83%9B%E3%83%BC%E3%82%B9%E6%8B%A1%E5%BC%B5%E5%8F%AF%E8%83%BD%E3%81%AA%E9%AB%98%E5%9C%A7%E6%B4%97%E8%BB%8A%E3%83%97%E3%83%A9%E3%82%B9%E3%83%81%E3%83%83%E3%82%AF%E3%83%91%E3%82%A4%E3%83%97%E3%83%9E%E3%82%B8%E3%83%83%E3%82%AF%E3%83%95%E3%83%AC%E3%82%AD%E3%82%B7%E3%83%96%E3%83%AB%E3%82%A6%E3%82%A9%E3%83%BC%E3%82%BF%E3%83%BC%E3%83%9B%E3%83%BC%E3%82%B9%E3%82%B9%E3%83%97%E3%83%AC%E3%83%BC%E3%82%AC%E3%83%B3%E4%BB%98%E3%81%8D%EF%BC%88%E8%89%B2%EF%BC%9A25FT%EF%BC%89%EF%BC%88%E8%89%B2%EF%BC%9A50ft HTTP/1.1" 200 53996 "-" "Mozilla/5.0 (Linux; Android 6.0.1; Nexus 5X Build/MMB29P) AppleWebKit/537.36 (KHTML, like Gecko) Chrome/135.0.7049.95 Mobile Safari/537.36 (compatible; Googlebot/2.1; +http://www.google.com/bot.html)"
66.249.68.70 - - [29/Apr/2025:07:17:00 -0400] "GET /?g=4902116518008&channel=ee9c59&from=brands.php%3Fid%3D165180-3018%26name%3D%E3%82%AB%E3%83%BC%E3%82%B7%E3%83%BC%E3%83%88%E3%82%AB%E3%83%90%E3%83%BC%E8%BB%8A%E3%81%AE%E3%82%A4%E3%83%B3%E3%83%86%E3%83%AA%E3%82%A2%E3%83%95%E3%83%AD%E3%83%B3%E3%83%88%E3%81%A8%E3%83%AA%E3%82%A2%E3%82%B7%E3%83%BC%E3%83%88%E3%82%AB%E3%83%90%E3%83%BC%E9%98%B2%E6%B0%B4%E3%82%B7%E3%83%BC%E3%83%88%E3%82%AB%E3%83%90%E3%83%BC%E3%82%A2%E3%82%AF%E3%82%BB%E3%82%B5%E3%83%AA%E3%83%BC%E3%81%AB%E9%81%A9%E5%90%88%E3%81%99%E3%82%8B%E6%97%A5%E7%94%A3%E3%83%8A%E3%83%90%E3%83%A9+D40 HTTP/1.1" 200 53144 "-" "Mozilla/5.0 (Linux; Android 6.0.1; Nexus 5X Build/MMB29P) AppleWebKit/537.36 (KHTML, like Gecko) Chrome/135.0.7049.95 Mobile Safari/537.36 (compatible; Googlebot/2.1; +http://www.google.com/bot.html)"
66.249.68.69 - - [29/Apr/2025:07:17:23 -0400] "GET /?g=6030125252001&channel=5929dc&from=category-info.php%3Fid%3D252520-7028%26name%3D%E5%86%AC%E3%81%AE%E3%82%B8%E3%83%A3%E3%82%B1%E3%83%83%E3%83%88+%E9%99%B8%E4%B8%8A%E8%87%AA%E8%A1%9B%E9%9A%8A+%E9%98%B2%E5%AF%92%E7%9D%80+%E7%B6%BF100%E9%98%B2%E5%AF%92%E7%9D%80+%E3%83%AF%E3%83%BC%E3%82%AF%E3%83%9E%E3%83%B3%E3%81%AE%E3%83%9A%E3%83%AB%E3%83%81%E3%82%A7%E3%83%99%E3%82%B9%E3%83%88+%E3%82%B0%E3%83%AC%E3%83%BC+%E7%B5%82%E3%82%8F%E3%81%A3+%E3%82%B3%E3%83%BC%E3%83%88+%E3%83%A1%E3%83%B3%E3%82%BA+%E3%83%95%E3%83%BC%E3%83%87%E3%83%83%E3%83%88%E3%83%AA%E3%83%96%E3%82%B8%E3%83%A3%E3%82%B1%E3%83%83%E3%83%88+%E3%83%8B HTTP/1.1" 200 51967 "-" "Mozilla/5.0 (Linux; Android 6.0.1; Nexus 5X Build/MMB29P) AppleWebKit/537.36 (KHTML, like Gecko) Chrome/135.0.7049.95 Mobile Safari/537.36 (compatible; Googlebot/2.1; +http://www.google.com/bot.html)"
40.77.167.14 - - [29/Apr/2025:07:17:56 -0400] "GET /?g=6103361843304&channel=d5a1f0&from=product.php%3Fid%3D618433-16681%26name%3DDUNLOP%28%E3%83%80%E3%83%B3%E3%83%AD%E3%83%83%E3%83%97%29+XXIO13+%E3%82%B4%E3%83%AB%E3%83%95+%E3%83%95%E3%82%A7%E3%82%A2%E3%82%A6%E3%82%A7%E3%82%A4%E3%82%A6%E3%83%83%E3%83%89+%E3%82%AB%E3%83%BC%E3%83%9C%E3%83%B3%E3%82%B7%E3%83%A3%E3%83%95%E3%83%88+MP1300L%E3%80%90%E3%82%AB%E3%82%BF%E3%83%AD%E3%82%B0%E7%B4%94%E6%AD%A3%E3%82%B7%E3%83%A3%E3%83%95%E3%83%88%E8%A3%85%E7%9D%80%E3%83%A2%E3%83%87 HTTP/1.1" 200 40776 "-" "Mozilla/5.0 AppleWebKit/537.36 (KHTML, like Gecko; compatible; bingbot/2.0; +http://www.bing.com/bingbot.htm) Chrome/116.0.1938.76 Safari/537.36"
66.249.68.71 - - [29/Apr/2025:07:18:07 -0400] "GET /?g=7899536280104&channel=81de7f&from=product.php%3Fid%3D362801-9189%26name%3D%E5%AF%BE%E8%B1%A1%EF%BC%9A+1%2F24+%E5%90%88%E9%87%91%E3%82%AB%E3%83%BC%E3%83%A2%E3%83%87%E3%83%AB+%E3%83%A9%E3%83%B3%E3%83%89%E3%83%AD%E3%83%BC%E3%83%90%E3%83%BC+%E3%82%A4%E3%83%B4%E3%82%A9%E3%83%BC%E3%82%AF+%E3%82%B9%E3%83%9D%E3%83%BC%E3%83%84+SUV+%E3%83%9F%E3%83%8B%E3%83%81%E3%83%A5%E3%82%A2%E3%83%A1%E3%82%BF%E3%83%AB%E3%82%AB%E3%83%BC%28E%29 HTTP/1.1" 200 52303 "-" "Mozilla/5.0 (Linux; Android 6.0.1; Nexus 5X Build/MMB29P) AppleWebKit/537.36 (KHTML, like Gecko) Chrome/135.0.7049.114 Mobile Safari/537.36 (compatible; Googlebot/2.1; +http://www.google.com/bot.html)"
66.249.68.70 - - [29/Apr/2025:07:18:08 -0400] "GET /?g=62213159527505&channel=62520c&from=form.php%3Fid%3D1595275-7560%26name%3D%E3%82%B7%E3%83%83%E3%82%AF%E3%82%B9%E3%83%91%E3%83%83%E3%83%89+%E3%83%95%E3%83%83%E3%83%88%E3%83%95%E3%82%A3%E3%83%83%E3%83%88%E3%83%97%E3%83%A9%E3%82%B9+SIXPAD+FootFitPlus HTTP/1.1" 200 51290 "-" "Mozilla/5.0 (Linux; Android 6.0.1; Nexus 5X Build/MMB29P) AppleWebKit/537.36 (KHTML, like Gecko) Chrome/135.0.7049.114 Mobile Safari/537.36 (compatible; Googlebot/2.1; +http://www.google.com/bot.html)"
66.249.68.69 - - [29/Apr/2025:07:18:10 -0400] "GET /?g=1201716732101&channel=3f7ab3&from=blog.php%3Fid%3D167321-8714%26name%3D10A+%E9%9B%BB%E6%B0%97%E3%83%AD%E3%83%BC%E3%82%BF%E3%83%AA%E3%83%BC%E3%82%B8%E3%83%A7%E3%82%A4%E3%83%B3%E3%83%88%E3%82%B9%E3%83%AA%E3%83%83%E3%83%97%E3%83%AA%E3%83%B3%E3%82%B0+ID50mm+OD119mm+8+%E7%B7%9A%E5%BC%8F%E9%9B%BB%E6%B5%81%E4%BC%9D%E9%80%81%E5%9B%9E%E8%BB%A2%E6%A9%9F%E5%99%A8%E7%94%A8 HTTP/1.1" 200 52910 "-" "Mozilla/5.0 (Linux; Android 6.0.1; Nexus 5X Build/MMB29P) AppleWebKit/537.36 (KHTML, like Gecko) Chrome/135.0.7049.114 Mobile Safari/537.36 (compatible; Googlebot/2.1; +http://www.google.com/bot.html)"
66.249.68.70 - - [29/Apr/2025:07:18:12 -0400] "GET /?g=9321617772400&channel=80d0b0&from=product.php%3Fid%3D177724-8852%26name%3D%E3%83%AA%E3%82%A2%E3%82%B2%E3%83%BC%E3%83%88%E3%83%80%E3%83%B3%E3%83%91%E3%83%BC+%E3%83%97%E3%82%B8%E3%83%A7%E3%83%BC+307+%283A%2FC%29+%E3%83%8F%E3%83%83%E3%83%81%E3%83%90%E3%83%83%E3%82%AF+2000-2011+9640890980+%E3%83%AA%E3%82%A2%E3%83%86%E3%83%BC%E3%83%AB%E3%82%B2%E3%83%BC%E3%83%88%E3%83%96%E3%83%BC%E3%83%84%E3%83%AA HTTP/1.1" 200 52622 "-" "Mozilla/5.0 (Linux; Android 6.0.1; Nexus 5X Build/MMB29P) AppleWebKit/537.36 (KHTML, like Gecko) Chrome/135.0.7049.114 Mobile Safari/537.36 (compatible; Googlebot/2.1; +http://www.google.com/bot.html)"
66.249.68.70 - - [29/Apr/2025:07:18:14 -0400] "GET /?g=18581133242901&channel=e60dd0&from=news.php%3Fid%3D1332429-13543%26name%3D%E7%95%B0%E7%A8%AE%E6%97%8F%E3%83%AC%E3%83%93%E3%83%A5%E3%82%A2%E3%83%BC%E3%82%BA+%E5%88%9D%E5%9B%9E%E7%94%9F%E7%94%A3%E7%89%88+%E3%83%95%E3%82%A3%E3%82%AE%E3%83%A5%E3%82%A2%E4%BB%98%E3%81%8D+%E5%85%A83%E5%B7%BB%E3%82%BB%E3%83%83%E3%83%88 HTTP/1.1" 200 51665 "-" "Mozilla/5.0 (Linux; Android 6.0.1; Nexus 5X Build/MMB29P) AppleWebKit/537.36 (KHTML, like Gecko) Chrome/135.0.7049.114 Mobile Safari/537.36 (compatible; Googlebot/2.1; +http://www.google.com/bot.html)"
66.249.68.69 - - [29/Apr/2025:07:18:15 -0400] "GET /?g=7233043214600&channel=0afd98&from=article.php%3Fid%3D432146-1079%26name%3DBMC+%E3%82%A8%E3%82%A2%E3%83%95%E3%82%A3%E3%83%AB%E3%82%BF%E3%83%BC+%E7%B4%94%E6%AD%A3%E4%BA%A4%E6%8F%9B%E3%82%BF%E3%82%A4%E3%83%97+%E3%83%99%E3%83%B3%E3%83%84+C218%2FX218+CLS400+3.5+TT+V6+2%E5%80%8B%E3%82%BB%E3%83%83%E3%83%88+218361+33 HTTP/1.1" 200 53167 "-" "Mozilla/5.0 (Linux; Android 6.0.1; Nexus 5X Build/MMB29P) AppleWebKit/537.36 (KHTML, like Gecko) Chrome/135.0.7049.114 Mobile Safari/537.36 (compatible; Googlebot/2.1; +http://www.google.com/bot.html)"
66.249.68.69 - - [29/Apr/2025:07:18:18 -0400] "GET /?g=0621710980003&channel=f3ef65&from=pin.php%3Fid%3D109800-7213%26name%3D%E8%BB%8A%E7%94%A8%E3%82%A4%E3%83%B3%E3%83%95%E3%83%AC%E3%83%BC%E3%82%BF%E3%83%96%E3%83%AB%E3%83%9E%E3%83%83%E3%83%88%E3%83%AC%E3%82%B9%E3%80%81CRV+2006-2012+%E3%82%AD%E3%83%A3%E3%83%B3%E3%83%97%E6%97%85%E8%A1%8C%E3%83%9D%E3%83%BC%E3%82%BF%E3%83%96%E3%83%AB%E3%83%88%E3%83%A9%E3%83%B3%E3%82%AF%E3%82%AE%E3%82%A2%E3%82%A2%E3%82%A6%E3%83%88%E3%83%89%E3%82%A2%E3%82%B9%E3%83%AA%E3%83%BC%E3%83%94%E3%83%B3%E3%82%B0%E3%82%A8%E3%82%A2%E3%83%99%E3%83%83%E3%83%89%E3%82%AF%E3%83%83%E3%82%B7 HTTP/1.1" 200 52550 "-" "Mozilla/5.0 (Linux; Android 6.0.1; Nexus 5X Build/MMB29P) AppleWebKit/537.36 (KHTML, like Gecko) Chrome/135.0.7049.114 Mobile Safari/537.36 (compatible; Googlebot/2.1; +http://www.google.com/bot.html)"
66.249.68.69 - - [29/Apr/2025:07:18:20 -0400] "GET /?g=0881223902701&channel=3ad20e&from=brands.php%3Fid%3D239027-10052%26name%3DSHIMANO+%E3%82%B0%E3%83%A9%E3%83%83%E3%83%97%E3%83%A9%E3%83%BC+BB+S632 HTTP/1.1" 200 52360 "-" "Mozilla/5.0 (Linux; Android 6.0.1; Nexus 5X Build/MMB29P) AppleWebKit/537.36 (KHTML, like Gecko) Chrome/135.0.7049.114 Mobile Safari/537.36 (compatible; Googlebot/2.1; +http://www.google.com/bot.html)"
66.249.68.70 - - [29/Apr/2025:07:18:23 -0400] "GET /?g=3437120496205&channel=a620eb&from=category-info.php%3Fid%3D204962-6058%26name%3D%E3%82%A8%E3%83%AB%E3%83%A1%E3%82%B9+%E3%82%AB%E3%83%AC+90+%E3%83%80%E3%83%96%E3%83%AB%E3%83%95%E3%82%A7%E3%82%A4%E3%82%B9+%E3%80%8A12%E9%A0%AD%E3%81%AE%E3%83%AC%E3%82%AA%E3%83%91%E3%83%BC%E3%83%89%E3%80%8B+%E3%82%B9%E3%82%AB%E3%83%BC%E3%83%95%E3%80%80%E6%96%B0%E5%93%81 HTTP/1.1" 200 51389 "-" "Mozilla/5.0 (Linux; Android 6.0.1; Nexus 5X Build/MMB29P) AppleWebKit/537.36 (KHTML, like Gecko) Chrome/135.0.7049.114 Mobile Safari/537.36 (compatible; Googlebot/2.1; +http://www.google.com/bot.html)"
66.249.68.69 - - [29/Apr/2025:07:18:27 -0400] "GET /?g=48491114183501&channel=0332a7&from=shared.php%3Fid%3D1141835-7276%26name%3DUkewEi+3%E8%89%B2%E8%AA%BF%E6%95%B4+%E3%83%90%E3%82%B9%E3%83%AB%E3%83%BC%E3%83%A0%E3%83%9F%E3%83%A9%E3%83%BC+80%2F90%2F100cm+%E6%B5%B4%E5%AE%A4%E9%8F%A1+%E7%85%A7%E6%98%8E%E4%BB%98%E3%81%8D+%E9%98%B2%E6%9B%87+%E5%8C%96%E7%B2%A7%E9%8F%A1+%E9%98%B2%E7%88%86HD%E9%8F%A1%E9%9D%A2+%E7%9C%81%E3%82%A8%E3%83%8D+%E9%A3%9B%E6%95%A3%E9%98%B2%E6%AD%A2+%E8%A3%85 HTTP/1.1" 200 52804 "-" "Mozilla/5.0 (Linux; Android 6.0.1; Nexus 5X Build/MMB29P) AppleWebKit/537.36 (KHTML, like Gecko) Chrome/135.0.7049.114 Mobile Safari/537.36 (compatible; Googlebot/2.1; +http://www.google.com/bot.html)"
66.249.68.70 - - [29/Apr/2025:07:18:30 -0400] "GET /?g=68887134840200&channel=3159dc&from=info.php%3Fid%3D1348402-1143%26name%3D%E3%80%90USED%E3%80%91LRBaggs+%2F+Align+Equalizer+%3C%E3%82%A2%E3%82%B3%E3%83%BC%E3%82%B9%E3%83%86%E3%82%A3%E3%83%83%E3%82%AF%E7%94%A8%E3%82%A8%E3%83%95%E3%82%A7%E3%82%AF%E3%82%BF%E3%83%BC+%2F+6%E3%83%90%E3%83%B3%E3%83%89%E3%82%A4%E3%82%B3%E3%83%A9%E3%82%A4%E3%82%B6%E3%83%BC%3E HTTP/1.1" 200 53549 "-" "Mozilla/5.0 (Linux; Android 6.0.1; Nexus 5X Build/MMB29P) AppleWebKit/537.36 (KHTML, like Gecko) Chrome/135.0.7049.114 Mobile Safari/537.36 (compatible; Googlebot/2.1; +http://www.google.com/bot.html)"
66.249.68.69 - - [29/Apr/2025:07:18:35 -0400] "GET /?g=7263728225800&channel=aae9ce&from=goods.php%3Fid%3D282258-7749%26name%3D%E3%83%9F%E3%83%83%E3%82%AD%E3%83%BC%E3%80%80%E3%83%9F%E3%83%8B%E3%83%BC%E3%80%80%E6%B0%B4%E7%8E%89%E9%9D%92%E3%83%AA%E3%83%9C%E3%83%B3%E3%80%80%E3%83%8D%E3%82%A4%E3%83%AB%E3%80%80%E3%83%91%E3%83%BC%E3%83%84%E3%80%80%E3%83%87%E3%82%B3%E3%80%80%23K111 HTTP/1.1" 200 51233 "-" "Mozilla/5.0 (Linux; Android 6.0.1; Nexus 5X Build/MMB29P) AppleWebKit/537.36 (KHTML, like Gecko) Chrome/135.0.7049.114 Mobile Safari/537.36 (compatible; Googlebot/2.1; +http://www.google.com/bot.html)"
66.249.68.69 - - [29/Apr/2025:07:18:37 -0400] "GET /?g=72992114066705&channel=0bb1c5&from=article.php%3Fid%3D1140667-11497%26name%3D%E3%80%8AAURALEE%E3%80%8B%E3%82%A6%E3%83%BC%E3%83%AB%E3%82%AB%E3%82%B7%E3%83%9F%E3%83%A4%E3%83%81%E3%82%A7%E3%82%B9%E3%82%BF%E3%83%BC%E3%82%B3%E3%83%BC%E3%83%88 HTTP/1.1" 200 50515 "-" "Mozilla/5.0 (Linux; Android 6.0.1; Nexus 5X Build/MMB29P) AppleWebKit/537.36 (KHTML, like Gecko) Chrome/135.0.7049.114 Mobile Safari/537.36 (compatible; Googlebot/2.1; +http://www.google.com/bot.html)"
66.249.68.70 - - [29/Apr/2025:07:18:39 -0400] "GET /?g=4080661548201&channel=8b047e&from=form.php%3Fid%3D615482-7480%26name%3D39132-26BF0+ECU+%E8%BB%8A%E3%82%A8%E3%83%B3%E3%82%B8%E3%83%B3%E3%82%B3%E3%83%B3%E3%83%94%E3%83%A5%E3%83%BC%E3%82%BF%E3%83%9C%E3%83%BC%E3%83%89%E9%9B%BB%E5%AD%90%E5%88%B6%E5%BE%A1%E3%83%A6%E3%83%8B%E3%83%83%E3%83%88+9001040238KB+3913226BF0+%E3%83%92%E3%83%A5%E3%83%B3 HTTP/1.1" 200 51521 "-" "Mozilla/5.0 (Linux; Android 6.0.1; Nexus 5X Build/MMB29P) AppleWebKit/537.36 (KHTML, like Gecko) Chrome/135.0.7049.114 Mobile Safari/537.36 (compatible; Googlebot/2.1; +http://www.google.com/bot.html)"
66.249.68.71 - - [29/Apr/2025:07:18:47 -0400] "GET /?g=8197282921604&channel=8d09eb&from=goods.php%3Fid%3D829216-12239%26name%3DA%E8%B3%9E+%E3%82%B4%E3%82%B8%E3%83%A9%E3%82%A8%E3%83%B4%E3%82%A9%E3%83%AB%E3%83%B4ver.+SOFVICS+%E3%83%95%E3%82%A3%E3%82%AE%E3%83%A5%E3%82%A2+%E4%B8%80%E7%95%AA%E3%81%8F%E3%81%98+%E3%82%B4%E3%82%B8%E3%83%A9 HTTP/1.1" 200 50542 "-" "Mozilla/5.0 (Linux; Android 6.0.1; Nexus 5X Build/MMB29P) AppleWebKit/537.36 (KHTML, like Gecko) Chrome/135.0.7049.114 Mobile Safari/537.36 (compatible; Googlebot/2.1; +http://www.google.com/bot.html)"
66.249.68.70 - - [29/Apr/2025:07:18:50 -0400] "GET /?g=97992135441104&channel=396c79&from=brands.php%3Fid%3D1354411-1875%26name%3D%E3%83%97%E3%83%AD%E3%83%9D%E3%83%BC%E3%82%B7%E3%83%A7%E3%83%B3%E3%83%9C%E3%83%87%E3%82%A3%E3%83%89%E3%83%AC%E3%83%83%E3%82%B7%E3%83%B3%E3%82%B0%E3%80%80%E3%83%A9%E3%83%A0%E3%83%AC%E3%82%B6%E3%83%BC%E3%83%A9%E3%82%A4%E3%83%80%E3%83%BC%E3%82%B9 HTTP/1.1" 200 51328 "-" "Mozilla/5.0 (Linux; Android 6.0.1; Nexus 5X Build/MMB29P) AppleWebKit/537.36 (KHTML, like Gecko) Chrome/135.0.7049.114 Mobile Safari/537.36 (compatible; Googlebot/2.1; +http://www.google.com/bot.html)"
66.249.68.69 - - [29/Apr/2025:07:18:58 -0400] "GET /?g=20004132074800&channel=339a61&from=article.php%3Fid%3D1320748-9432%26name%3D%E3%83%95%E3%83%AD%E3%82%A2%E3%83%86%E3%83%BC%E3%83%97%E3%82%A2%E3%83%97%E3%83%AA%E3%82%B1%E3%83%BC%E3%82%BF%E3%83%BC%E3%80%81%E3%82%B9%E3%83%9D%E3%83%BC%E3%83%84%E3%82%AB%E3%83%B3%E3%83%88%E3%83%AA%E3%83%BC%E3%83%95%E3%83%AD%E3%82%A2%E3%83%86%E3%83%BC%E3%83%97%E3%82%A2%E3%83%97%E3%83%AA%E3%82%B1%E3%83%BC%E3%82%BF%E3%83%BC%E3%80%81%E3%83%95%E3%83%AD%E3%82%A2%E3%83%9E%E3%83%BC%E3%82%AD%E3%83%B3%E3%82%B0%E9%80%9A%E8%B7%AF%E3%83%86%E3%83%BC%E3%83%97%E8%B2%BC%E3%82%8A%E4%BB%98%E3%81%91%E6%A9%9F%E5%80%89%E5%BA%AB%E3%80%81%E9%81%8A%E3%81%B3%E5%A0%B4%E3%80%81%E3%82%B9%E3%83%9D%E3%83%BC%E3%83%84 HTTP/1.1" 200 52524 "-" "Mozilla/5.0 (Linux; Android 6.0.1; Nexus 5X Build/MMB29P) AppleWebKit/537.36 (KHTML, like Gecko) Chrome/135.0.7049.114 Mobile Safari/537.36 (compatible; Googlebot/2.1; +http://www.google.com/bot.html)"
66.249.68.69 - - [29/Apr/2025:07:19:01 -0400] "GET /?g=91829189436303&channel=40cf0d&from=jp.php%3Fid%3D1894363-15672%26name%3D%3C%E5%80%A4%E4%B8%8B%E3%81%92%3E%5B%E6%96%B0%E5%93%81%E6%9C%AA%E4%BD%BF%E7%94%A8%5D%E3%82%B9%E3%83%81%E3%83%BC%E3%83%A0%E3%82%AF%E3%83%AA%E3%83%BC%E3%83%8A%E3%83%BC+SC+JTK+20+%E3%82%B1%E3%83%AB%E3%83%92%E3%83%A3%E3%83%BC HTTP/1.1" 200 51397 "-" "Mozilla/5.0 (Linux; Android 6.0.1; Nexus 5X Build/MMB29P) AppleWebKit/537.36 (KHTML, like Gecko) Chrome/135.0.7049.114 Mobile Safari/537.36 (compatible; Googlebot/2.1; +http://www.google.com/bot.html)"
66.249.68.70 - - [29/Apr/2025:07:19:03 -0400] "GET /?g=99761188407102&channel=61aea2&from=category-info.php%3Fid%3D1884071-8235%26name%3D%E3%83%86%E3%82%A3%E3%82%AF%E3%83%88%E3%80%80%E3%82%BF%E3%82%AA%E3%83%AB%E3%80%80%E3%83%95%E3%82%A7%E3%82%A4%E3%82%B9%E3%82%BF%E3%82%AA%E3%83%AB%E3%80%80tict HTTP/1.1" 200 52639 "-" "Mozilla/5.0 (Linux; Android 6.0.1; Nexus 5X Build/MMB29P) AppleWebKit/537.36 (KHTML, like Gecko) Chrome/135.0.7049.114 Mobile Safari/537.36 (compatible; Googlebot/2.1; +http://www.google.com/bot.html)"
52.167.144.233 - - [29/Apr/2025:07:19:06 -0400] "GET /?g=8440262008900&channel=7cd67b&from=goods.php%3Fid%3D620089-10873%26name%3DSONY+PS4%E6%9C%AC%E4%BD%93+%E3%82%B4%E3%83%BC%E3%83%AB%E3%83%89%E3%82%B3%E3%83%B3%E3%83%88%E3%83%AD%E3%83%BC%E3%83%A9%E3%83%BC%E4%BB%98%E3%81%8D HTTP/1.1" 200 39971 "-" "Mozilla/5.0 AppleWebKit/537.36 (KHTML, like Gecko; compatible; bingbot/2.0; +http://www.bing.com/bingbot.htm) Chrome/116.0.1938.76 Safari/537.36"
66.249.68.70 - - [29/Apr/2025:07:19:06 -0400] "GET /?g=0278751122202&channel=5799fc&from=blog.php%3Fid%3D511222-7655%26name%3DMANGRY+TRX4-M+%E4%B8%80%E4%BD%93%E5%9E%8B%E3%83%AF%E3%83%B3%E3%83%9C%E3%83%87%E3%82%A3%E3%82%B7%E3%83%A3%E3%83%BC%E3%82%B7%E3%82%AD%E3%83%83%E3%83%88%E3%83%95%E3%83%AC%E3%83%BC%E3%83%A0%E3%80%81%E8%BB%8A%E8%BB%B8%E3%82%AE%E3%82%A2%E3%83%9C%E3%83%83%E3%82%AF%E3%82%B9%E3%83%90%E3%83%B3%E3%83%91%E3%83%BC%E4%BB%98%E3%81%8D+1%2F18+RC+%E3%82%AF%E3%83%AD%E3%83%BC%E3%83%A9%E3%83%BC+TRX HTTP/1.1" 200 52031 "-" "Mozilla/5.0 (Linux; Android 6.0.1; Nexus 5X Build/MMB29P) AppleWebKit/537.36 (KHTML, like Gecko) Chrome/135.0.7049.114 Mobile Safari/537.36 (compatible; Googlebot/2.1; +http://www.google.com/bot.html)"
66.249.68.69 - - [29/Apr/2025:07:19:08 -0400] "GET /?g=81817195650601&channel=ac4d16&from=shared.php%3Fid%3D1956506-1265%26name%3D%E3%83%95%E3%82%A7%E3%83%AB%E3%83%88%E3%83%90%E3%83%83%E3%82%B0+9%E5%80%8B%E3%81%AE%E3%83%9C%E3%83%BC%E3%83%AB+%E3%83%80%E3%83%BC%E3%82%AF%E3%82%B0%E3%83%AC%E3%83%BC+%E3%83%95%E3%82%A8%E3%83%AB%E3%83%88+%E3%83%90%E3%83%83%E3%82%B0+bag+%E3%83%95%E3%82%A8%E3%83%AB%E3%83%88%E3%83%90%E3%83%83%E3%82%B0+%E3%82%AB%E3%83%90%E3%83%B3+%E9%9E%84+%E3%81%8B%E3%81%B0%E3%82%93+%E3%83%95%E3%82%A7%E3%82%A2%E3%83%88%E3%83%AC%E3%83%BC%E3%83%89+fairtrade+%E3%82%A6%E3%83%BC%E3%83%AB+%E3%83%8D%E3%83%91%E3%83%BC%E3%83%AB+%E3%82%AE%E3%83%95%E3%83%88+%E3%83%97%E3%83%AC%E3%82%BC%E3%83%B3%E3%83%88+%E3%83%81%E3%83%A3%E3%83%83%E3%82%AF+%E5%86%85%E3%83%9D%E3%82%B1%E3%83%83%E3%83%88 HTTP/1.1" 200 51708 "-" "Mozilla/5.0 (Linux; Android 6.0.1; Nexus 5X Build/MMB29P) AppleWebKit/537.36 (KHTML, like Gecko) Chrome/135.0.7049.114 Mobile Safari/537.36 (compatible; Googlebot/2.1; +http://www.google.com/bot.html)"
66.249.68.69 - - [29/Apr/2025:07:19:10 -0400] "GET /?g=5860893552000&channel=ec0e07&from=product.php%3Fid%3D935520-2291%26name%3D%E3%83%81%E3%82%A7%E3%82%B9%E3%83%88 HTTP/1.1" 200 50477 "-" "Mozilla/5.0 (Linux; Android 6.0.1; Nexus 5X Build/MMB29P) AppleWebKit/537.36 (KHTML, like Gecko) Chrome/135.0.7049.114 Mobile Safari/537.36 (compatible; Googlebot/2.1; +http://www.google.com/bot.html)"
66.249.68.69 - - [29/Apr/2025:07:19:13 -0400] "GET /?g=23285167543700&channel=7a20a9&from=brands.php%3Fid%3D1675437-179%26name%3D%E9%A3%BE%E3%82%8A%E6%88%B8%E3%80%80%E3%82%A6%E3%82%A9%E3%83%BC%E3%83%AB%E3%82%A2%E3%82%AF%E3%82%BB%E3%82%B5%E3%83%AA%E3%83%BC%E3%80%80%E3%83%8B%E3%83%81%E3%83%8F HTTP/1.1" 200 50761 "-" "Mozilla/5.0 (Linux; Android 6.0.1; Nexus 5X Build/MMB29P) AppleWebKit/537.36 (KHTML, like Gecko) Chrome/135.0.7049.114 Mobile Safari/537.36 (compatible; Googlebot/2.1; +http://www.google.com/bot.html)"
66.249.68.69 - - [29/Apr/2025:07:19:16 -0400] "GET /?g=87734150474701&channel=ef71f1&from=form.php%3Fid%3D1504747-974%26name%3DRabbit0+HM66+%E3%82%AD%E3%83%BC%E3%83%9C%E3%83%BC%E3%83%89 HTTP/1.1" 200 51981 "-" "Mozilla/5.0 (Linux; Android 6.0.1; Nexus 5X Build/MMB29P) AppleWebKit/537.36 (KHTML, like Gecko) Chrome/135.0.7049.114 Mobile Safari/537.36 (compatible; Googlebot/2.1; +http://www.google.com/bot.html)"
66.249.68.69 - - [29/Apr/2025:07:20:10 -0400] "GET /?g=09798160432100&channel=c9b44f&from=shop.php%3Fid%3D1604321-4224%26name%3D%E3%82%AB%E3%83%BC%E3%83%A1%E3%82%A4%E3%83%88+INNO+%E3%82%A4%E3%83%8E%E3%83%BC+%E3%82%B9%E3%82%BA%E3%82%AD+Kei+%28%E3%83%AB%E3%83%BC%E3%83%95%E3%83%AC%E3%83%BC%E3%83%AB%E4%BB%98%29+%28HN%231%2FHN%232%2FHN11%2FHN21%E7%B3%BB%29%E7%94%A8+%E3%83%AB%E3%83%BC%E3%83%95%E3%82%AD%E3%83%A3%E3%83%AA%E3%82%A2%E5%8F%96%E4%BB%98 HTTP/1.1" 200 52194 "-" "Mozilla/5.0 (Linux; Android 6.0.1; Nexus 5X Build/MMB29P) AppleWebKit/537.36 (KHTML, like Gecko) Chrome/135.0.7049.114 Mobile Safari/537.36 (compatible; Googlebot/2.1; +http://www.google.com/bot.html)"
66.249.68.71 - - [29/Apr/2025:07:21:48 -0400] "GET /?g=8170811901200&channel=2e9c43&from=brands.php%3Fid%3D119012-6372%26name%3D%E6%96%B0%E5%93%81+%28%E5%80%8B%E4%BA%BA%E5%AE%85%E7%99%BA%E9%80%81%E5%8F%AF%29+KYB+%E3%82%AB%E3%83%A4%E3%83%90+Lowfer+Sports+%E3%82%B7%E3%83%A7%E3%83%83%E3%82%AF+%281%E5%8F%B0%E5%88%86%29+%E3%82%AB%E3%83%AD%E3%83%BC%E3%83%A9%E3%83%95%E3%82%A3%E3%83%BC%E3%83%AB%E3%83%80%E3%83%BC+ZRE142G+%282WD+2006%2F10-%29+%28WST5368R%2FL+WSF9156%29 HTTP/1.1" 200 52424 "-" "Mozilla/5.0 (Linux; Android 6.0.1; Nexus 5X Build/MMB29P) AppleWebKit/537.36 (KHTML, like Gecko) Chrome/135.0.7049.95 Mobile Safari/537.36 (compatible; Googlebot/2.1; +http://www.google.com/bot.html)"
66.249.68.69 - - [29/Apr/2025:07:21:52 -0400] "GET /?g=78714132940903&channel=b6f7dc&from=jp.php%3Fid%3D1329409-12198%26name%3D%E3%83%8F%E3%83%AD%E3%83%BC%E3%82%AD%E3%83%86%E3%82%A3%E3%83%81%E3%82%A7%E3%82%AD+%E8%B5%A4%E3%80%80FUJIFILM+MINI+%E9%99%90%E5%AE%9A%E3%82%AB%E3%83%A9%E3%83%BC HTTP/1.1" 200 51718 "-" "Mozilla/5.0 (Linux; Android 6.0.1; Nexus 5X Build/MMB29P) AppleWebKit/537.36 (KHTML, like Gecko) Chrome/135.0.7049.95 Mobile Safari/537.36 (compatible; Googlebot/2.1; +http://www.google.com/bot.html)"
66.249.68.70 - - [29/Apr/2025:07:22:12 -0400] "GET /?g=4048818773700&channel=5abb9d&from=shop.php%3Fid%3D187737-4531%26name%3D%E3%83%96%E3%83%AA%E3%83%A9+%E3%83%95%E3%82%A1%E3%83%BC+%E3%83%AF%E3%83%BC%E3%82%AD%E3%83%B3%E3%82%B0+%E3%82%AC%E3%82%B9%E3%83%88+%E3%82%A6%E3%82%A3%E3%83%AA%E3%82%A2%E3%83%A0+%E3%83%8F%E3%83%AB%E3%82%B9%E3%83%86%E3%83%83%E3%83%89+%E3%83%A2%E3%83%98%E3%82%A2+%E3%83%8D%E3%82%A4%E3%83%93%E3%83%BC+%E3%82%B9%E3%83%BC%E3%83%84 HTTP/1.1" 200 54812 "-" "Mozilla/5.0 (Linux; Android 6.0.1; Nexus 5X Build/MMB29P) AppleWebKit/537.36 (KHTML, like Gecko) Chrome/135.0.7049.95 Mobile Safari/537.36 (compatible; Googlebot/2.1; +http://www.google.com/bot.html)"
66.249.68.69 - - [29/Apr/2025:07:22:14 -0400] "GET /?g=93135139055503&channel=b89f73&from=article.php%3Fid%3D1390555-16191%26name%3D%E3%82%B8%E3%82%A7%E3%83%AB%E3%83%8D%E3%82%A4%E3%83%AB+%E3%82%A8%E3%82%BF%E3%83%BC%E3%83%8A%E3%83%AB%E3%83%99%E3%83%BC%E3%82%B7%E3%83%83%E3%82%AF+1Day+Gel+Nail+%E5%A4%A7%E9%87%8F%E3%80%80%E3%81%BE%E3%81%A8%E3%82%81%E5%A3%B2%E3%82%8A HTTP/1.1" 200 50384 "-" "Mozilla/5.0 (Linux; Android 6.0.1; Nexus 5X Build/MMB29P) AppleWebKit/537.36 (KHTML, like Gecko) Chrome/135.0.7049.95 Mobile Safari/537.36 (compatible; Googlebot/2.1; +http://www.google.com/bot.html)"
66.249.68.70 - - [29/Apr/2025:07:24:32 -0400] "GET /?g=03697156054901&channel=0428d9&from=shop.php%3Fid%3D1560549-5642%26name%3D%5B%E4%BA%AC%E9%83%BD%E3%81%AE%E7%9D%80%E7%89%A9%E5%B1%8B%E3%81%8B%E3%81%95%E3%81%AD%5D+%EF%BC%9C%E5%94%90%E7%B9%94+%E8%A2%8B%E5%B8%AF+%E6%B2%B3%E5%90%88%E7%BE%8E%E8%A1%93%E7%B9%94%E7%89%A9+%E4%BB%95%E7%AB%8B%E3%81%A6%E4%BB%98%E3%81%8D%EF%BC%9E%E4%B8%83%E5%AE%9D%E7%B9%8B%E3%81%8E+%E7%99%BD+%E3%83%95%E3%82%A9%E3%83%BC%E3%83%9E%E3%83%AB+%E7%A4%BC%E8%A3%85%E7%94%A8%E8%A2%8B%E5%B8%AF+%E6%AD%A3%E7%B5%B9+%E8%B2%A9%E5%A3%B2+%E8%B3%BC%E5%85%A5+%E3%81%8A%E8%8C%B6%E4%BC%9A+%E8%A5%BF%E9%99%A3 HTTP/1.1" 200 52076 "-" "Mozilla/5.0 (Linux; Android 6.0.1; Nexus 5X Build/MMB29P) AppleWebKit/537.36 (KHTML, like Gecko) Chrome/135.0.7049.95 Mobile Safari/537.36 (compatible; Googlebot/2.1; +http://www.google.com/bot.html)"
66.249.68.70 - - [29/Apr/2025:07:24:37 -0400] "GET /css_a939c991990d94f64e2f84ec6d588b14/_public_bundle_sp.bundle.min HTTP/1.1" 200 62470 "https://mgrokokbet.id/?g=03697156054901&channel=0428d9&from=shop.php%3Fid%3D1560549-5642%26name%3D%5B%E4%BA%AC%E9%83%BD%E3%81%AE%E7%9D%80%E7%89%A9%E5%B1%8B%E3%81%8B%E3%81%95%E3%81%AD%5D+%EF%BC%9C%E5%94%90%E7%B9%94+%E8%A2%8B%E5%B8%AF+%E6%B2%B3%E5%90%88%E7%BE%8E%E8%A1%93%E7%B9%94%E7%89%A9+%E4%BB%95%E7%AB%8B%E3%81%A6%E4%BB%98%E3%81%8D%EF%BC%9E%E4%B8%83%E5%AE%9D%E7%B9%8B%E3%81%8E+%E7%99%BD+%E3%83%95%E3%82%A9%E3%83%BC%E3%83%9E%E3%83%AB+%E7%A4%BC%E8%A3%85%E7%94%A8%E8%A2%8B%E5%B8%AF+%E6%AD%A3%E7%B5%B9+%E8%B2%A9%E5%A3%B2+%E8%B3%BC%E5%85%A5+%E3%81%8A%E8%8C%B6%E4%BC%9A+%E8%A5%BF%E9%99%A3" "Mozilla/5.0 (Linux; Android 6.0.1; Nexus 5X Build/MMB29P) AppleWebKit/537.36 (KHTML, like Gecko) Chrome/134.0.6998.165 Mobile Safari/537.36 (compatible; Googlebot/2.1; +http://www.google.com/bot.html)"
66.249.68.69 - - [29/Apr/2025:07:24:50 -0400] "GET /?g=830095890901&channel=ef1a33&from=shared.php%3Fid%3D58909-2855%26name%3D%E5%AF%BE%E5%BF%9C%E4%BF%AE%E7%90%86%E4%BA%A4%E6%8F%9B%E7%94%A8+%E5%AF%8C%E5%A3%AB%E9%80%9A+FMV+LIFEBOOK+A7510%2FD+A7510%2FE+A7510%2FF+A7511%2FG+A7511%2FH+A HTTP/1.1" 200 52884 "-" "Mozilla/5.0 (Linux; Android 6.0.1; Nexus 5X Build/MMB29P) AppleWebKit/537.36 (KHTML, like Gecko) Chrome/135.0.7049.95 Mobile Safari/537.36 (compatible; Googlebot/2.1; +http://www.google.com/bot.html)"
66.249.68.69 - - [29/Apr/2025:07:24:59 -0400] "GET /?g=30315114752802&channel=8c87ad&from=shared.php%3Fid%3D1147528-21355%26name%3D%E3%82%B6%E3%83%A9NBA+%E3%83%91%E3%83%BC%E3%82%AB%E3%83%BC%E3%80%80%E3%83%88%E3%83%AC%E3%83%BC%E3%83%8A%E3%83%BC%E3%80%802024SS+130 HTTP/1.1" 200 52182 "-" "Mozilla/5.0 (Linux; Android 6.0.1; Nexus 5X Build/MMB29P) AppleWebKit/537.36 (KHTML, like Gecko) Chrome/135.0.7049.95 Mobile Safari/537.36 (compatible; Googlebot/2.1; +http://www.google.com/bot.html)"
66.249.68.69 - - [29/Apr/2025:07:25:23 -0400] "GET /?g=90657151330604&channel=7655e7&from=jp.php%3Fid%3D1513306-5929%26name%3D%E3%83%9E%E3%83%AB%E3%83%8B+MARNI+%E3%83%AC%E3%82%B6%E3%83%BC+%E3%82%B3%E3%82%A4%E3%83%B3%E3%82%B1%E3%83%BC%E3%82%B9+%E3%82%B0%E3%83%AC%E3%83%BC+%E3%82%A4%E3%82%BF%E3%83%AA%E3%82%A2%E8%A3%BD+%E7%AE%B1%E3%83%BB%E3%82%BF%E3%82%B0%E4%BB%98%E3%81%8D+%E3%83%AC%E3%83%87%E3%82%A3%E3%83%BC%E3%82%B9+e_u+su_p+F-YA891 HTTP/1.1" 200 52577 "-" "Mozilla/5.0 (Linux; Android 6.0.1; Nexus 5X Build/MMB29P) AppleWebKit/537.36 (KHTML, like Gecko) Chrome/135.0.7049.95 Mobile Safari/537.36 (compatible; Googlebot/2.1; +http://www.google.com/bot.html)"
66.249.68.69 - - [29/Apr/2025:07:25:25 -0400] "GET /?g=41236112088802&channel=d6709a&from=shop.php%3Fid%3D1120888-14835%26name%3DErnie+%26+Essie%E2%99%A1%E3%81%8A%E5%8F%97%E9%A8%93%E2%99%A1%E3%83%AC%E3%82%A4%E3%83%B3%E3%82%B3%E3%83%BC%E3%83%88 HTTP/1.1" 200 53093 "-" "Mozilla/5.0 (Linux; Android 6.0.1; Nexus 5X Build/MMB29P) AppleWebKit/537.36 (KHTML, like Gecko) Chrome/135.0.7049.95 Mobile Safari/537.36 (compatible; Googlebot/2.1; +http://www.google.com/bot.html)"
66.249.68.69 - - [29/Apr/2025:07:25:33 -0400] "GET /?g=3727989096903&channel=e0d617&from=shop.php%3Fid%3D890969-3045%26name%3DFLUX+XF+S%E3%82%B5%E3%82%A4%E3%82%BA HTTP/1.1" 200 50945 "-" "Mozilla/5.0 (Linux; Android 6.0.1; Nexus 5X Build/MMB29P) AppleWebKit/537.36 (KHTML, like Gecko) Chrome/135.0.7049.95 Mobile Safari/537.36 (compatible; Googlebot/2.1; +http://www.google.com/bot.html)"
66.249.68.69 - - [29/Apr/2025:07:25:34 -0400] "GET /?g=88170112259702&channel=cd27f8&from=brands.php%3Fid%3D1122597-9141%26name%3D%5BBKEKM%5D+%E3%83%95%E3%82%A1%E3%83%83%E3%82%B7%E3%83%A7%E3%83%B3%E3%83%AD%E3%83%B3%E3%82%B0%E3%82%B9%E3%82%AB%E3%83%BC%E3%83%88%E3%83%94%E3%83%A5%E3%82%A2%E3%82%AB%E3%83%A9%E3%83%BC%E6%96%9C%E3%82%81%E8%A5%9F%E3%83%89%E3%83%AC%E3%82%B9%E3%82%B9%E3%83%AA%E3%83%A0%E3%82%A4%E3%83%96%E3%83%8B%E3%83%B3%E3%82%B0%E3%83%89%E3%83%AC%E3%82%B9%E3%83%A1%E3%83%83%E3%82%B7%E3%83%A5%E3%83%95%E3%82%A9%E3%83%BC%E3%83%9E%E3%83%AB%E3%83%89%E3%83%AC%E3%82%B9%E3%83%80%E3%83%96%E3%83%AB%E3%82%B9%E3%83%AA%E3%83%83%E3%83%88%E5%A5%B3%E6%80%A7%E7%94%A8 HTTP/1.1" 200 52347 "-" "Mozilla/5.0 (Linux; Android 6.0.1; Nexus 5X Build/MMB29P) AppleWebKit/537.36 (KHTML, like Gecko) Chrome/135.0.7049.95 Mobile Safari/537.36 (compatible; Googlebot/2.1; +http://www.google.com/bot.html)"
66.249.68.69 - - [29/Apr/2025:07:25:36 -0400] "GET /?g=28499125610201&channel=b50fbe&from=shop.php%3Fid%3D1256102-13892%26name%3D%E3%80%90%E5%B8%8C%E5%B0%91%E3%80%91R13+%E3%82%A2%E3%83%BC%E3%83%AB%E3%82%B5%E3%83%BC%E3%83%86%E3%82%A3%E3%83%BC%E3%83%B3+MA-1%E3%82%B9%E3%82%BF%E3%82%B8%E3%83%A3%E3%83%B3 HTTP/1.1" 200 52352 "-" "Mozilla/5.0 (Linux; Android 6.0.1; Nexus 5X Build/MMB29P) AppleWebKit/537.36 (KHTML, like Gecko) Chrome/135.0.7049.95 Mobile Safari/537.36 (compatible; Googlebot/2.1; +http://www.google.com/bot.html)"
40.77.167.14 - - [29/Apr/2025:07:25:57 -0400] "GET /?g=14820183798305&channel=9a57b8&from=category-info.php%3Fid%3D1837983-1130%26name%3D%E3%83%A1%E3%83%A2%E3%83%AA%E3%83%BC%E3%82%AB%E3%83%BC%E3%83%89%E4%BB%98%E3%81%8D%E3%83%89%E3%83%A9%E3%82%A4%E3%83%96%E3%83%AC%E3%82%B3%E3%83%BC%E3%83%80%E3%83%BC%E3%80%81%E3%82%AB%E3%83%BC%E3%83%89%E3%81%AA%E3%81%97%E3%82%AA%E3%83%97%E3%82%B7%E3%83%A7%E3%83%B3%E3%80%81%E3%83%95%E3%83%AD%E3%83%B3%E3%83%88%E3%82%AB%E3%83%A1%E3%83%A91080P%E3%80%81%E3%83%AA%E3%82%A2%E3%82%AB%E3%83%A1%E3%83%A9720P HTTP/1.1" 200 41654 "-" "Mozilla/5.0 AppleWebKit/537.36 (KHTML, like Gecko; compatible; bingbot/2.0; +http://www.bing.com/bingbot.htm) Chrome/116.0.1938.76 Safari/537.36"
66.249.68.69 - - [29/Apr/2025:07:26:34 -0400] "GET /?g=29487166416003&channel=be83bf&from=shared.php%3Fid%3D1664160-4922%26name%3DWATER+RAMPAGE HTTP/1.1" 200 50987 "-" "Mozilla/5.0 (Linux; Android 6.0.1; Nexus 5X Build/MMB29P) AppleWebKit/537.36 (KHTML, like Gecko) Chrome/135.0.7049.95 Mobile Safari/537.36 (compatible; Googlebot/2.1; +http://www.google.com/bot.html)"
66.249.68.70 - - [29/Apr/2025:07:26:54 -0400] "GET /?g=33423169575900&channel=77390b&from=article.php%3Fid%3D1695759-11626%26name%3D%E5%A7%8B%E7%9A%87%E5%B8%9D+%E5%A4%A9%E4%B8%8B%E7%B5%B1%E4%B8%80%E3%80%80DVD++%E5%85%A839%E5%B7%BB%E3%80%80%E5%85%A8%E5%B7%BB%E3%82%BB%E3%83%83%E3%83%88%E3%80%80+%E4%B8%AD%E5%9B%BD%E3%83%89%E3%83%A9%E3%83%9E%E3%80%80%E9%80%81%E6%96%99%E7%84%A1%E6%96%99 HTTP/1.1" 200 52675 "-" "Mozilla/5.0 (Linux; Android 6.0.1; Nexus 5X Build/MMB29P) AppleWebKit/537.36 (KHTML, like Gecko) Chrome/135.0.7049.95 Mobile Safari/537.36 (compatible; Googlebot/2.1; +http://www.google.com/bot.html)"
66.249.68.70 - - [29/Apr/2025:07:26:56 -0400] "GET /?g=3707823102802&channel=2886b3&from=shared.php%3Fid%3D231028-10231%26name%3D%E5%B1%8B%E5%A4%96%E7%94%A8%E3%83%88%E3%83%AD%E3%83%AA%E3%83%BC+%E3%82%AD%E3%83%A3%E3%83%B3%E3%83%97%E3%82%AB%E3%83%BC%E3%83%88%E3%83%88%E3%83%AD%E3%83%AA%E3%83%BC%E3%82%AD%E3%83%A3%E3%83%B3%E3%83%97%E6%8A%98%E3%82%8A%E3%81%9F%E3%81%9F%E3%81%BF%E8%BB%8A%E3%82%AD%E3%83%A3%E3%83%B3%E3%83%97%E5%B1%8B%E5%A4%96%E3%83%88%E3%83%AC%E3%83%BC%E3%83%A9%E3%83%BC%E5%B0%8F%E5%9E%8B%E3%83%97%E3%83%AB%E3%82%AB%E3%83%BC%E3%83%88%E3%83%9D%E3%83%BC%E3%82%BF%E3%83%96%E3%83%AB%E3%83%97%E3%83%AB%E3%83%AD%E3%83%83%E3%83%89%E3%83%8F%E3%83%B3%E3%83%89%E3%83%97%E3%83%83%E3%82%B7%E3%83%A5+%E3%83%88 HTTP/1.1" 200 52727 "-" "Mozilla/5.0 (Linux; Android 6.0.1; Nexus 5X Build/MMB29P) AppleWebKit/537.36 (KHTML, like Gecko) Chrome/135.0.7049.95 Mobile Safari/537.36 (compatible; Googlebot/2.1; +http://www.google.com/bot.html)"
66.249.68.71 - - [29/Apr/2025:07:27:04 -0400] "GET /?g=91117146633603&channel=e80ce4&from=shop.php%3Fid%3D1466336-10459%26name%3DSMMS+25710-75015+%E3%82%A8%E3%82%A2%E3%82%B9%E3%82%A4%E3%83%83%E3%83%81%E3%83%B3%E3%82%B0%E3%83%90%E3%83%AB%E3%83%96+%E3%83%88%E3%83%A8%E3%82%BF+%E3%82%BF%E3%82%B3%E3%83%9E+4Runner+2.7L+%E3%82%A8%E3%83%B3%E3%82%B8%E3%83%B3+2005-2021%E3%81%AB%E5%AF%BE HTTP/1.1" 200 51657 "-" "Mozilla/5.0 (Linux; Android 6.0.1; Nexus 5X Build/MMB29P) AppleWebKit/537.36 (KHTML, like Gecko) Chrome/135.0.7049.95 Mobile Safari/537.36 (compatible; Googlebot/2.1; +http://www.google.com/bot.html)"
40.77.167.14 - - [29/Apr/2025:07:27:07 -0400] "GET /?g=49292168027006&channel=518d28&from=article.php%3Fid%3D1680270-2308%26name%3D400W%E3%82%BD%E3%83%BC%E3%83%A9%E3%83%BC%E3%83%91%E3%83%8D%E3%83%AB%E3%82%AD%E3%83%83%E3%83%88%E3%80%812%E5%80%8B200W%E5%A4%AA%E9%99%BD%E5%85%89%E7%99%BA%E9%9B%BB%E3%82%BD%E3%83%BC%E3%83%A9%E3%83%BC%E3%83%91%E3%83%8D%E3%83%AB%E3%80%81%E3%83%95%E3%83%AC%E3%82%AD%E3%82%B7%E3%83%96%E3%83%AB%E5%8D%98%E7%B5%90%E6%99%B6%E3%82%B7%E3%83%AA%E3%82%B3%E3%83%B3%E3%82%BD%E3%83%BC%E3%83%A9%E3%83%BC%E3%83%91%E3%83%8D%E3%83%AB%E3%80%8140A%E3%82%B3%E3%83%B3%E3%83%88%E3%83%AD%E3%83%BC%E3%83%A9%E3%83%BC%E4%BB%98+%E6%AE%8B%E3%81%97 HTTP/1.1" 200 40186 "-" "Mozilla/5.0 AppleWebKit/537.36 (KHTML, like Gecko; compatible; bingbot/2.0; +http://www.bing.com/bingbot.htm) Chrome/116.0.1938.76 Safari/537.36"
66.249.68.69 - - [29/Apr/2025:07:27:17 -0400] "GET /?g=6931151179603&channel=a61aa6&from=goods.php%3Fid%3D511796-1165%26name%3D%E3%82%A6%E3%82%A9%E3%83%BC%E3%83%AB%E3%82%AD%E3%83%A3%E3%83%93%E3%83%8D%E3%83%83%E3%83%88+%E3%82%A6%E3%82%A9%E3%83%BC%E3%83%AB%E9%A3%9F%E5%99%A8%E6%A3%9A+%E3%83%AA%E3%83%93%E3%83%B3%E3%82%B0%E3%83%AB%E3%83%BC%E3%83%A0+%E3%82%A6%E3%82%A9%E3%83%BC%E3%83%AB%E3%82%AD%E3%83%A3%E3%83%93%E3%83%8D%E3%83%83%E3%83%88+%E3%83%99%E3%83%83%E3%83%89%E3%83%AB%E3%83%BC%E3%83%A0+%E3%82%A6%E3%82%A9%E3%83%BC%E3%83%AB%E3%82%AD%E3%83%A3%E3%83%93%E3%83%8D%E3%83%83%E3%83%88+%E3%82%B7%E3%83%B3%E3%82%B0%E3%83%AB%E3%83%89%E3%82%A2+%E3%82%AC%E3%83%A9%E3%82%B9 HTTP/1.1" 200 53482 "-" "Mozilla/5.0 (Linux; Android 6.0.1; Nexus 5X Build/MMB29P) AppleWebKit/537.36 (KHTML, like Gecko) Chrome/135.0.7049.95 Mobile Safari/537.36 (compatible; Googlebot/2.1; +http://www.google.com/bot.html)"
66.249.68.69 - - [29/Apr/2025:07:27:26 -0400] "GET /?g=7855017778103&channel=80d0b0&from=category-info.php%3Fid%3D177781-8852%26name%3D%E3%83%AA%E3%82%A2%E3%82%B2%E3%83%BC%E3%83%88%E3%83%80%E3%83%B3%E3%83%91%E3%83%BC+%E7%94%A8%E3%82%AA%E3%83%BC%E3%83%AA%E3%82%B9%E3%83%8F%E3%83%83%E3%83%81%E3%83%90%E3%83%83%E3%82%AF+2006-2012+%E3%83%86%E3%83%BC%E3%83%AB%E3%82%B2%E3%83%BC%E3%83%88%E3%83%AA%E3%82%A2%E3%83%96%E3%83%BC%E3%83%84%E3%83%AA%E3%83%95%E3%83%88%E3%82%B5%E3%83%9D%E3%83%BC%E3%83%88%E3%82%AC%E3%82%B9%E3%82%B9%E3%83%97%E3%83%AA%E3%83%B3%E3%82%B0%E3%82%B7%E3%83%A7%E3%83%83%E3%82%AF%E3%82%A2%E3%83%96%E3%82%BD%E3%83%BC%E3%83%90 HTTP/1.1" 200 51972 "-" "Mozilla/5.0 (Linux; Android 6.0.1; Nexus 5X Build/MMB29P) AppleWebKit/537.36 (KHTML, like Gecko) Chrome/135.0.7049.95 Mobile Safari/537.36 (compatible; Googlebot/2.1; +http://www.google.com/bot.html)"
40.77.167.14 - - [29/Apr/2025:07:27:26 -0400] "GET /?g=2628337977806&channel=aad3a7&from=goods.php%3Fid%3D379778-13385%26name%3D%E3%82%BD%E3%83%BC%E3%83%A9%E3%83%BC%E3%83%93%E3%83%BC%E3%83%A0%E3%82%BB%E3%83%B3%E3%82%B5%E3%83%BC%E7%A7%81%E9%81%93%E8%AD%A6%E5%A0%B1%E3%82%B7%E3%82%B9%E3%83%86%E3%83%A0-800%E3%83%A1%E3%83%BC%E3%83%88%E3%83%AB%E3%83%AF%E3%82%A4%E3%83%A4%E3%83%AC%E3%82%B9%E7%AF%84%E5%9B%B2-100%E3%83%A1%E3%83%BC%E3%83%88%E3%83%AB%E3%82%BB%E3%83%B3%E3%82%B5%E3%83%BC%E7%AF%84%E5%9B%B2-DIY%E3%83%9B%E3%83%BC%E3%83%A0%E3%82%BB%E3%82%AD%E3%83%A5%E3%83%AA%E3%83%86%E3%82%A3%E3%82%A2%E3%83%A9%E3%83%BC%E3%83%88 HTTP/1.1" 200 40163 "-" "Mozilla/5.0 AppleWebKit/537.36 (KHTML, like Gecko; compatible; bingbot/2.0; +http://www.bing.com/bingbot.htm) Chrome/116.0.1938.76 Safari/537.36"
66.249.68.69 - - [29/Apr/2025:07:27:31 -0400] "GET /?g=19861150181910&channel=929fe0&from=shop.php%3Fid%3D1501819-1199%26name%3DAprica+%E3%82%A2%E3%83%83%E3%83%97%E3%83%AA%E3%82%AB+%E3%83%99%E3%83%93%E3%83%BC%E3%82%AB%E3%83%BC+%E3%82%AA%E3%83%97%E3%83%86%E3%82%A3%E3%82%A2%E3%82%AF%E3%83%83%E3%82%B7%E3%83%A7%E3%83%B3%E3%83%97%E3%83%AC%E3%83%9F%E3%82%A2%E3%83%A0 HTTP/1.1" 200 51196 "-" "Mozilla/5.0 (Linux; Android 6.0.1; Nexus 5X Build/MMB29P) AppleWebKit/537.36 (KHTML, like Gecko) Chrome/135.0.7049.95 Mobile Safari/537.36 (compatible; Googlebot/2.1; +http://www.google.com/bot.html)"
66.249.68.69 - - [29/Apr/2025:07:27:33 -0400] "GET /?g=11127198385302&channel=875920&from=info.php%3Fid%3D1983853-3827%26name%3D%E3%83%99%E3%83%93%E3%83%BC%E3%83%99%E3%83%83%E3%83%88%E3%83%99%E3%83%93%E3%83%BC%E3%81%8A%E3%82%82%E3%81%A1%E3%82%83%E3%82%BB%E3%83%83%E3%83%88 HTTP/1.1" 200 51876 "-" "Mozilla/5.0 (Linux; Android 6.0.1; Nexus 5X Build/MMB29P) AppleWebKit/537.36 (KHTML, like Gecko) Chrome/135.0.7049.95 Mobile Safari/537.36 (compatible; Googlebot/2.1; +http://www.google.com/bot.html)"
66.249.68.69 - - [29/Apr/2025:07:27:34 -0400] "GET /?g=01817192417901&channel=7cfd7c&from=form.php%3Fid%3D1924179-23904%26name%3DChtom+%E5%86%AC%E3%81%AE%E5%9C%A7%E7%B8%AE%E3%82%B9%E3%83%88%E3%83%83%E3%82%AD%E3%83%B3%E3%82%B0%E3%80%81%E3%82%BB%E3%83%83%E3%83%88%E3%81%AE%E8%91%89%E3%82%B9%E3%83%9D%E3%83%BC%E3%83%84%E3%83%95%E3%82%A3%E3%83%83%E3%83%88%E3%83%8D%E3%82%B9%E5%9C%A7%E7%B8%AE%E9%9D%B4%E4%B8%8B%EF%BC%88%E8%89%B2%EF%BC%9Aa%E3%82%B5%E3%82%A4%E3%82%BA%EF%BC%9A%E4%B8%AD%EF%BC%89+%28Color+%3A+B%2C+Size+%3A HTTP/1.1" 200 52290 "-" "Mozilla/5.0 (Linux; Android 6.0.1; Nexus 5X Build/MMB29P) AppleWebKit/537.36 (KHTML, like Gecko) Chrome/135.0.7049.95 Mobile Safari/537.36 (compatible; Googlebot/2.1; +http://www.google.com/bot.html)"
66.249.68.69 - - [29/Apr/2025:07:27:36 -0400] "GET /?g=77211143388300&channel=8ff1ee&from=category-info.php%3Fid%3D1433883-16904%26name%3D%E5%85%A8%E5%B7%BB%E5%88%9D%E7%89%88+WORST+%E3%83%AF%E3%83%BC%E3%82%B9%E3%83%88+%E6%96%B0%E8%A3%85%E7%89%88+1%EF%BD%9E19%E5%B7%BB+%E5%85%A8%E5%B7%BB%E3%82%BB%E3%83%83%E3%83%88 HTTP/1.1" 200 51500 "-" "Mozilla/5.0 (Linux; Android 6.0.1; Nexus 5X Build/MMB29P) AppleWebKit/537.36 (KHTML, like Gecko) Chrome/135.0.7049.95 Mobile Safari/537.36 (compatible; Googlebot/2.1; +http://www.google.com/bot.html)"
66.249.68.70 - - [29/Apr/2025:07:27:44 -0400] "GET /?g=8627854423104&channel=efede2&from=info.php%3Fid%3D544231-2432%26name%3Dsoloviere+chris+%E3%82%BD%E3%83%AD%E3%83%B4%E3%82%A3%E3%82%A8%E3%83%BC%E3%83%AB+42 HTTP/1.1" 200 50778 "-" "Mozilla/5.0 (Linux; Android 6.0.1; Nexus 5X Build/MMB29P) AppleWebKit/537.36 (KHTML, like Gecko) Chrome/135.0.7049.95 Mobile Safari/537.36 (compatible; Googlebot/2.1; +http://www.google.com/bot.html)"
66.249.68.69 - - [29/Apr/2025:07:27:59 -0400] "GET /?g=55699159531502&channel=ff28f2&from=category-info.php%3Fid%3D1595315-9534%26name%3D%E5%AE%B6%E5%85%B7%E3%82%B5%E3%83%9D%E3%83%BC%E3%83%88%E3%83%95%E3%82%A3%E3%83%BC%E3%83%88%E6%B4%97%E6%BF%AF%E6%A9%9F%E3%83%99%E3%83%BC%E3%82%B9Protable%E6%B4%97%E6%BF%AF%E6%A9%9F%E3%83%99%E3%83%BC%E3%82%B9%E8%AA%BF%E7%AF%80%E5%8F%AF%E8%83%BD%E3%81%AA%E9%95%B7%E3%81%9530-45cm%E5%B9%8538-54cm%E5%86%B7%E8%94%B5%E5%BA%AB%E5%86%B7%E5%87%8D%E5%BA%AB%E3%82%B9%E3%82%BF%E3%83%B3%E3%83%89%E5%8F%B0%E5%BA%A7%E3%82%A8%E3%82%A2 HTTP/1.1" 200 53254 "-" "Mozilla/5.0 (Linux; Android 6.0.1; Nexus 5X Build/MMB29P) AppleWebKit/537.36 (KHTML, like Gecko) Chrome/135.0.7049.95 Mobile Safari/537.36 (compatible; Googlebot/2.1; +http://www.google.com/bot.html)"
66.249.68.69 - - [29/Apr/2025:07:28:09 -0400] "GET /?g=70591648402&channel=44d30d&from=blog.php%3Fid%3D6484-136%26name%3D3240+%E3%82%A2%E3%82%A6%E3%82%BF%E3%83%BC+%E3%83%A1%E3%83%B3%E3%82%BA+3l+%E3%83%9E%E3%82%B9%E3%82%AF+%E5%A4%A7%E3%81%8D%E3%82%81+%E3%83%91%E3%83%BC%E3%82%AB%E3%83%BC+%E7%84%A1%E5%9C%B0+jack%26amp%3B+%E3%83%A1%E3%83%B3%E3%82%BA+3xl+%E3%83%90%E3%83%89%E3%83%9F%E3%83%B3%E3%83%88%E3%83%B3+%E3%83%95%E3%83%AB%E3%82%B8%E3%83%83%E3%83%97+%E3%82%B9%E3%82%A6 HTTP/1.1" 200 52882 "-" "Mozilla/5.0 (Linux; Android 6.0.1; Nexus 5X Build/MMB29P) AppleWebKit/537.36 (KHTML, like Gecko) Chrome/135.0.7049.95 Mobile Safari/537.36 (compatible; Googlebot/2.1; +http://www.google.com/bot.html)"
66.249.68.69 - - [29/Apr/2025:07:28:11 -0400] "GET /?g=9153525629104&channel=3b9048&from=article.php%3Fid%3D256291-3958%26name%3D%E3%83%98%E3%83%83%E3%83%89%E3%83%A9%E3%82%A4%E3%83%88%E3%82%B0%E3%83%AA%E3%83%AB%E3%82%AB%E3%83%90%E3%83%BC+%E3%83%98%E3%83%83%E3%83%89%E3%83%A9%E3%82%A4%E3%83%88+%E3%83%98%E3%83%83%E3%83%89%E3%83%A9%E3%83%B3%E3%83%97+%E3%83%A9%E3%82%A4%E3%83%88+%E3%82%B0%E3%83%AA%E3%83%AB+%E3%82%AC%E3%83%BC%E3%83%89+%E3%82%AB%E3%83%90%E3%83%BC+%E3%83%97%E3%83%AD%E3%83%86%E3%82%AF%E3%82%BF%E3%83%BC+%E3%82%AB%E3%83%AF%E3%82%B5%E3%82%AD+Z900+2017+2 HTTP/1.1" 200 52101 "-" "Mozilla/5.0 (Linux; Android 6.0.1; Nexus 5X Build/MMB29P) AppleWebKit/537.36 (KHTML, like Gecko) Chrome/135.0.7049.95 Mobile Safari/537.36 (compatible; Googlebot/2.1; +http://www.google.com/bot.html)"
66.249.68.69 - - [29/Apr/2025:07:28:12 -0400] "GET /?g=31000149509101&channel=48830c&from=product.php%3Fid%3D1495091-2789%26name%3Dtartar+%E3%83%AC%E3%83%87%E3%82%A3%E3%83%BC%E3%82%B9%E3%80%80%E3%83%96%E3%83%AC%E3%82%B9%E3%83%AC%E3%83%83%E3%83%88 HTTP/1.1" 200 51690 "-" "Mozilla/5.0 (Linux; Android 6.0.1; Nexus 5X Build/MMB29P) AppleWebKit/537.36 (KHTML, like Gecko) Chrome/135.0.7049.95 Mobile Safari/537.36 (compatible; Googlebot/2.1; +http://www.google.com/bot.html)"
66.249.68.69 - - [29/Apr/2025:07:28:21 -0400] "GET /?g=92837142028103&channel=5b1241&from=news.php%3Fid%3D1420281-3419%26name%3D%E3%82%B3%E3%83%83%E3%83%88%E3%83%B3%E3%83%AA%E3%83%8D%E3%83%B3%E3%83%95%E3%83%AC%E3%82%A2%E3%83%96%E3%83%A9%E3%82%A6%E3%82%B9%2F%E3%82%AA%E3%83%95%E3%83%9B%E3%83%AF%E3%82%A4%E3%83%88 HTTP/1.1" 200 51502 "-" "Mozilla/5.0 (Linux; Android 6.0.1; Nexus 5X Build/MMB29P) AppleWebKit/537.36 (KHTML, like Gecko) Chrome/135.0.7049.95 Mobile Safari/537.36 (compatible; Googlebot/2.1; +http://www.google.com/bot.html)"
66.249.68.69 - - [29/Apr/2025:07:28:23 -0400] "GET /?g=22072152399002&channel=300c29&from=goods.php%3Fid%3D1523990-18267%26name%3D%E3%83%8B%E3%83%B3%E3%83%86%E3%83%B3%E3%83%89%E3%83%BC3DS+%E6%9C%AC%E4%BD%93%E3%81%AE%E3%81%BF HTTP/1.1" 200 52176 "-" "Mozilla/5.0 (Linux; Android 6.0.1; Nexus 5X Build/MMB29P) AppleWebKit/537.36 (KHTML, like Gecko) Chrome/135.0.7049.95 Mobile Safari/537.36 (compatible; Googlebot/2.1; +http://www.google.com/bot.html)"
66.249.68.69 - - [29/Apr/2025:07:28:27 -0400] "GET /?g=2820958248703&channel=098d71&from=blog.php%3Fid%3D582487-13887%26name%3DPiececool+3D%E3%83%A1%E3%82%BF%E3%83%AB%E3%83%91%E3%82%BA%E3%83%AB%E3%80%8199A%E4%B8%BB%E5%8A%9B%E6%88%A6%E8%BB%8A%E7%B5%84%E3%81%BF%E7%AB%8B%E3%81%A6%E3%82%AD%E3%83%83%E3%83%88%E3%80%81233%E3%83%94%E3%83%BC%E3%82%B9%E3%82%A2%E3%83%BC%E3%83%88%E3%82%AF%E3%83%A9%E3%83%95%E3%83%88%E3%82%AD%E3%83%83%E3%83%88%E3%80%81%E3%83%86%E3%82%A3%E3%83%BC%E3%83%B3%E7%94%A8%E3%80%81DIY%E8%BB%8A%E4%B8%A1%E3%83%A2%E3%83%87%E3%83%AB%E3%80%81 HTTP/1.1" 200 52852 "-" "Mozilla/5.0 (Linux; Android 6.0.1; Nexus 5X Build/MMB29P) AppleWebKit/537.36 (KHTML, like Gecko) Chrome/135.0.7049.95 Mobile Safari/537.36 (compatible; Googlebot/2.1; +http://www.google.com/bot.html)"
66.249.68.69 - - [29/Apr/2025:07:28:32 -0400] "GET /?g=2298143683303&channel=a2a3ce&from=brands.php%3Fid%3D436833-8288%26name%3D%E9%9B%91%E8%8D%89%E5%BC%95%E3%81%8D%E6%8A%9C%E3%81%8D%E5%99%A8+%E9%9B%91%E8%8D%89%E5%BC%95%E3%81%8D%E6%8A%9C%E3%81%8D%E3%83%84%E3%83%BC%E3%83%AB+%E5%A4%9A%E7%9B%AE%E7%9A%84+%E8%80%90%E6%91%A9%E8%80%97%E6%80%A7+%E6%A4%8D%E6%A0%BD%E7%94%A8+%E9%9B%91%E8%8D%89%E9%99%A4%E5%8E%BB%E3%83%84%E3%83%BC%E3%83%AB+%E6%89%8B%E5%8B%95%E9%99%A4%E8%8D%89%E6%A9%9F+%E3%82%AC%E3%83%BC%E3%83%87%E3%83%8B%E3%83%B3%E3%82%B0%E6%84%9B%E5%A5%BD%E5%AE%B6%E5%90%91%E3%81%91 HTTP/1.1" 200 50989 "-" "Mozilla/5.0 (Linux; Android 6.0.1; Nexus 5X Build/MMB29P) AppleWebKit/537.36 (KHTML, like Gecko) Chrome/135.0.7049.95 Mobile Safari/537.36 (compatible; Googlebot/2.1; +http://www.google.com/bot.html)"
66.249.68.70 - - [29/Apr/2025:07:28:43 -0400] "GET /?g=1127474685800&channel=142cb3&from=news.php%3Fid%3D746858-1892%26name%3D%E3%83%80%E3%83%96%E3%83%AB%E3%82%AC%E3%83%BC%E3%82%BC%3A%E3%83%8A%E3%83%81%E3%83%A5%E3%83%A9%E3%83%AB%E3%83%9B%E3%83%AF%E3%82%A4%E3%83%88%E4%BB%96%E3%80%81%E5%9E%8B%E7%B4%99%28%E3%83%99%E3%83%93%E3%83%BC%E3%82%B9%E3%82%BF%E3%82%A4%2C+%E3%83%90%E3%83%B3%E3%83%80%E3%83%8A%2C%E3%83%9E%E3%82%B9%E3%82%AF%29 HTTP/1.1" 200 50700 "-" "Mozilla/5.0 (Linux; Android 6.0.1; Nexus 5X Build/MMB29P) AppleWebKit/537.36 (KHTML, like Gecko) Chrome/135.0.7049.95 Mobile Safari/537.36 (compatible; Googlebot/2.1; +http://www.google.com/bot.html)"
66.249.68.70 - - [29/Apr/2025:07:28:56 -0400] "GET /?g=39973157319204&channel=4a0899&from=product.php%3Fid%3D1573192-14992%26name%3D09G+TF-60SN+09G325039A+%E3%83%88%E3%83%A9%E3%83%B3%E3%82%B9%E3%83%9F%E3%83%83%E3%82%B7%E3%83%A7%E3%83%B3%E3%83%90%E3%83%AB%E3%83%96%E6%9C%AC%E4%BD%93%E3%82%BD%E3%83%AC%E3%83%8E%E3%82%A4%E3%83%89%E4%BB%98%E3%81%8D%E3%82%B8%E3%82%A7%E3%83%83%E3%82%BF%E3%83%93%E3%83%BC%E3%83%88%E3%83%AB%E3%83%9F%E3%83%8B%E3%82%AF%E3%83%BC%E3%83%91%E3%83%BC+TT+05-1 HTTP/1.1" 200 52906 "-" "Mozilla/5.0 (Linux; Android 6.0.1; Nexus 5X Build/MMB29P) AppleWebKit/537.36 (KHTML, like Gecko) Chrome/135.0.7049.95 Mobile Safari/537.36 (compatible; Googlebot/2.1; +http://www.google.com/bot.html)"
66.249.68.71 - - [29/Apr/2025:07:29:07 -0400] "GET /?g=73476183466407&channel=7f48cc&from=shared.php%3Fid%3D1834664-16262%26name%3D%E5%AF%8C%E5%A3%AB%E6%A1%9C%E3%80%80%E6%B9%96%E4%B8%8A%E3%81%AE%E8%88%9E%E3%80%80%E6%A1%9C%E3%80%80%E3%82%B5%E3%82%AF%E3%83%A9%E3%80%80%E8%B1%86%E6%A1%9C%E3%80%80%E3%83%9F%E3%83%8B%E7%9B%86%E6%A0%BD HTTP/1.1" 200 51358 "-" "Mozilla/5.0 (Linux; Android 6.0.1; Nexus 5X Build/MMB29P) AppleWebKit/537.36 (KHTML, like Gecko) Chrome/135.0.7049.95 Mobile Safari/537.36 (compatible; Googlebot/2.1; +http://www.google.com/bot.html)"
66.249.68.70 - - [29/Apr/2025:07:29:10 -0400] "GET /?g=94517161166401&channel=752d23&from=info.php%3Fid%3D1611664-8677%26name%3DSecondStage+%E3%82%B9%E3%82%BA%E3%82%AD+%E3%82%B9%E3%82%A4%E3%83%95%E3%83%88+ZC%2FZD%E7%B3%BB+%E3%83%89%E3%82%A2%E3%83%99%E3%82%BC%E3%83%AB%E3%83%91%E3%83%8D%E3%83%AB+%E3%82%B5%E3%83%B3%E3%82%BB%E3%83%83%E3%83%88+S072DCR HTTP/1.1" 200 51742 "-" "Mozilla/5.0 (Linux; Android 6.0.1; Nexus 5X Build/MMB29P) AppleWebKit/537.36 (KHTML, like Gecko) Chrome/135.0.7049.95 Mobile Safari/537.36 (compatible; Googlebot/2.1; +http://www.google.com/bot.html)"
66.249.68.69 - - [29/Apr/2025:07:29:27 -0400] "GET /?g=2929737490806&channel=4359d7&from=shared.php%3Fid%3D374908-1302%26name%3D%E9%80%B1%E6%9C%AB%E9%99%90%E5%AE%9A%E3%80%80%E3%82%AF%E3%83%AD%E3%82%B9%E3%82%A6%E3%82%A9%E3%83%83%E3%83%81%E3%83%96%E3%83%AC%E3%82%B9%E3%80%80%E3%83%AB%E3%82%B7%E3%82%A2%E3%83%B3%E3%83%9A%E3%83%A9%E3%83%95%E3%82%A3%E3%83%8D%E6%99%82%E8%A8%88%E3%82%BB%E3%83%83%E3%83%88 HTTP/1.1" 200 51522 "-" "Mozilla/5.0 (Linux; Android 6.0.1; Nexus 5X Build/MMB29P) AppleWebKit/537.36 (KHTML, like Gecko) Chrome/135.0.7049.95 Mobile Safari/537.36 (compatible; Googlebot/2.1; +http://www.google.com/bot.html)"
66.249.68.69 - - [29/Apr/2025:07:29:35 -0400] "GET /?g=5988520968000&channel=64f2c2&from=info.php%3Fid%3D209680-9716%26name%3D%E3%82%B8%E3%83%B3%E3%83%90%E3%83%AB+OSMO HTTP/1.1" 200 51763 "-" "Mozilla/5.0 (Linux; Android 6.0.1; Nexus 5X Build/MMB29P) AppleWebKit/537.36 (KHTML, like Gecko) Chrome/135.0.7049.95 Mobile Safari/537.36 (compatible; Googlebot/2.1; +http://www.google.com/bot.html)"
66.249.68.69 - - [29/Apr/2025:07:29:39 -0400] "GET /?g=8998944947601&channel=068577&from=goods.php%3Fid%3D449476-617%26name%3D622+HITACHI+%E6%89%87%E9%A2%A8%E6%A9%9F+HEF-AL300BKS+2020%E5%B9%B4%E8%A3%BD+%E3%83%AA%E3%83%A2%E3%82%B3%E3%83%B3%E4%BB%98%E5%B1%9E HTTP/1.1" 200 51778 "-" "Mozilla/5.0 (Linux; Android 6.0.1; Nexus 5X Build/MMB29P) AppleWebKit/537.36 (KHTML, like Gecko) Chrome/135.0.7049.95 Mobile Safari/537.36 (compatible; Googlebot/2.1; +http://www.google.com/bot.html)"
66.249.68.69 - - [29/Apr/2025:07:29:44 -0400] "GET /?g=65141180935508&channel=cfa7d9&from=brands.php%3Fid%3D1809355-17538%26name%3D%E5%80%A4%E4%B8%8B%E3%81%92%E3%80%80%E8%B2%9D%E5%9E%8B%E3%83%87%E3%83%9F%E3%82%BF%E3%82%B9%E7%8F%88%E7%90%B2%E3%82%AB%E3%83%83%E3%83%97%E3%82%BD%E3%83%BC%E3%82%B5%E3%83%BC2%E5%AE%A2%E3%80%80%E8%8A%B1%E6%9F%84%E3%80%80%E9%87%91%E7%B8%81%E3%80%80%E3%82%B9%E3%83%97%E3%83%BC%E3%83%B3%E3%81%A4%E3%81%8D HTTP/1.1" 200 52386 "-" "Mozilla/5.0 (Linux; Android 6.0.1; Nexus 5X Build/MMB29P) AppleWebKit/537.36 (KHTML, like Gecko) Chrome/135.0.7049.95 Mobile Safari/537.36 (compatible; Googlebot/2.1; +http://www.google.com/bot.html)"
66.249.68.70 - - [29/Apr/2025:07:30:00 -0400] "GET /?g=20017104779303&channel=ed9503&from=category-info.php%3Fid%3D1047793-20689%26name%3D%E3%82%BF%E3%83%90%E3%82%B3%E3%83%87%E3%82%A3%E3%82%B9%E3%83%97%E3%83%AC%E3%82%A4%E3%83%9B%E3%83%AB%E3%83%80%E3%83%BC+-+%E5%A3%81%E6%8E%9B%E3%81%91%E3%82%BF%E3%83%90%E3%82%B3%E3%83%87%E3%82%A3%E3%82%B9%E3%83%97%E3%83%AC%E3%82%A4%E3%83%9B%E3%83%AB%E3%83%80%E3%83%BC%E3%80%81%E3%82%A2%E3%82%AF%E3%83%AA%E3%83%AB%E5%B0%8F%E5%A3%B2%E3%83%87%E3%82%A3%E3%82%B9%E3%83%97%E3%83%AC%E3%82%A4%E3%82%B1%E3%83%BC%E3%82%B9%E3%80%81%E8%87%AA%E5%8B%95%E3%82%BF%E3%83%90%E3%82%B3%E3%83%97%E3%83%83%E3%82%B7%E3%83%A3%E3%83%BC%E3%83%88%E3%83%AC%E3%82%A4%E3%82%B7%E3%82%A7%E3%83%AB%E3%83%95 HTTP/1.1" 200 53251 "-" "Mozilla/5.0 (Linux; Android 6.0.1; Nexus 5X Build/MMB29P) AppleWebKit/537.36 (KHTML, like Gecko) Chrome/135.0.7049.95 Mobile Safari/537.36 (compatible; Googlebot/2.1; +http://www.google.com/bot.html)"
66.249.68.69 - - [29/Apr/2025:07:30:05 -0400] "GET /?g=0688118176005&channel=3960a5&from=blog.php%3Fid%3D181760-9006%26name%3D%E3%83%AF%E3%83%BC%E3%83%97%E3%83%AD%E3%80%80%E3%80%80%E6%9B%B8%E9%99%A2WD-C20 HTTP/1.1" 200 49884 "-" "Mozilla/5.0 (Linux; Android 6.0.1; Nexus 5X Build/MMB29P) AppleWebKit/537.36 (KHTML, like Gecko) Chrome/135.0.7049.95 Mobile Safari/537.36 (compatible; Googlebot/2.1; +http://www.google.com/bot.html)"
66.249.68.69 - - [29/Apr/2025:07:30:19 -0400] "GET /?g=15222154723901&channel=77ced3&from=jp.php%3Fid%3D1547239-1906%26name%3D%E3%82%B9%E3%82%BA%E3%82%AD%E3%80%81%E3%82%AD%E3%82%B6%E3%82%B7+2.4L+Grand+Vitara+Ac+%E3%82%B3%E3%83%B3%E3%83%97%E3%83%AC%E3%83%83%E3%82%B5%E3%83%BC+95200-76KA0+9520076KA1+95200- HTTP/1.1" 200 52592 "-" "Mozilla/5.0 (Linux; Android 6.0.1; Nexus 5X Build/MMB29P) AppleWebKit/537.36 (KHTML, like Gecko) Chrome/135.0.7049.95 Mobile Safari/537.36 (compatible; Googlebot/2.1; +http://www.google.com/bot.html)"
66.249.68.69 - - [29/Apr/2025:07:30:23 -0400] "GET /?g=6879045858307&channel=66bf92&from=goods.php%3Fid%3D458583-14664%26name%3DCLISPEED+2%E5%80%8B+%E3%82%B3%E3%82%A2%E3%83%A9%E3%81%A4%E3%81%BE%E3%82%88%E3%81%86%E3%81%98%E3%82%B8%E3%83%A3%E3%83%BC+%E8%87%AA%E5%8B%95+%E3%81%A4%E3%81%BE%E3%82%88%E3%81%86%E3%81%98%E5%AE%B9%E5%99%A8+%E3%81%A4%E3%81%BE%E3%82%88%E3%81%86%E3%81%98%E3%81%AE%E4%BF%9D%E7%AE%A1%E3%82%B3%E3%83%B3%E3%83%86%E3%83%8A+%E3%81%8B%E3%82%8F%E3%81%84%E3%81%84%E3%81%A4%E3%81%BE%E3%82%88%E3%81%86%E3%81%98%E3%83%9B%E3%83%AB%E3%83%80%E3%83%BC+%E3%81%A4%E3%81%BE%E3%82%88%E3%81%86 HTTP/1.1" 200 52834 "-" "Mozilla/5.0 (Linux; Android 6.0.1; Nexus 5X Build/MMB29P) AppleWebKit/537.36 (KHTML, like Gecko) Chrome/135.0.7049.95 Mobile Safari/537.36 (compatible; Googlebot/2.1; +http://www.google.com/bot.html)"
