52.167.144.156 - - [02/May/2025:19:35:39 -0400] "GET /?k=62547102757802&channel=c17a98&from=brands.php%3Fid%3D1027578-19923%26name%3DBreaklock+%E3%81%8A%E3%81%A7%E3%82%93%E8%AA%BF%E7%90%86%E6%A9%9F+%E9%9B%BB%E6%B0%97%E5%BC%8F+%E3%82%B9%E3%83%86%E3%83%B3%E3%83%AC%E3%82%B9%E9%8B%BC%E8%A3%BD+%E5%A4%A7%E5%AE%B9%E9%87%8F+%E6%B8%A9%E5%BA%A6%E8%AA%BF%E7%AF%80%E5%8F%AF%E8%83%BD+%E8%87%AA%E5%8B%95%E4%BF%9D%E6%B8%A9%E6%A9%9F%E8%83%BD+%E5%A4%9A%E6%A9%9F%E8%83%BD+%E6%A5%AD%E5%8B%99%E7%94%A8%E3%83%BB%E5%AE%B6%E5%BA%AD%E7%94%A8%E4%B8%A1%E7%94%A8+%E3%81%8A%E3%81%A7%E3%82%93%E9%8D%8B%E3%83%BB HTTP/1.1" 200 40895 "-" "Mozilla/5.0 AppleWebKit/537.36 (KHTML, like Gecko; compatible; bingbot/2.0; +http://www.bing.com/bingbot.htm) Chrome/116.0.1938.76 Safari/537.36"
66.249.73.201 - - [02/May/2025:19:39:23 -0400] "GET /?k=17305177903000&channel=46327c&from=news.php%3Fid%3D1779030-5506%26name%3D%E6%9C%AA%E9%96%8B%E5%B0%81+%E3%82%A2%E3%83%A0%E3%82%A6%E3%82%A7%E3%82%A4%E3%82%A2%E3%83%88%E3%83%A2%E3%82%B9%E3%83%95%E3%82%A3%E3%82%A2+%E3%83%9F%E3%83%8B%E7%A9%BA%E6%B0%97%E6%B8%85%E6%B5%84%E6%A9%9F+%E4%BA%A4%E6%8F%9B%E7%94%A8+%E6%96%B0%E5%93%81 HTTP/1.1" 200 0 "-" "Mozilla/5.0 (Linux; Android 6.0.1; Nexus 5X Build/MMB29P) AppleWebKit/537.36 (KHTML, like Gecko) Chrome/135.0.7049.95 Mobile Safari/537.36 (compatible; GoogleOther)"
52.167.144.186 - - [02/May/2025:19:41:02 -0400] "GET /?k=12620123542702&channel=6d9226&from=goods.php%3Fid%3D1235427-16608%26name%3D%E3%82%A2%E3%83%B3%E3%82%B5%E3%83%BC+PS5%EF%BC%88CFI-2000%EF%BC%89%E7%94%A8+%E3%83%9B%E3%82%B3%E3%83%AA%E3%82%AD%E3%83%A3%E3%83%83%E3%83%81%E3%83%A3%E3%83%BCII%E3%80%90%E3%83%9B%E3%82%B3%E3%83%AA%E4%BE%B5%E5%85%A5%E9%98%B2%E6%AD%A2%2FUSB%E3%82%AD%E3%83%A3%E3%83%83%E3%83%97%2F%E3%82%B3%E3%83%B3%E3%83%88%E3%83%AD%E3%83%BC%E3%83%A9%E7%94%A8%E3%82%AD%E3%83%A3%E3%83%83%E3%83%97%2F%E7%B5%B1%E4%B8%80%E3%83%87%E3%82%B6%E3%82%A4%E3%83%B3%2FPS5%EF%BC%88CF HTTP/1.1" 200 41840 "-" "Mozilla/5.0 AppleWebKit/537.36 (KHTML, like Gecko; compatible; bingbot/2.0; +http://www.bing.com/bingbot.htm) Chrome/116.0.1938.76 Safari/537.36"
52.167.144.209 - - [02/May/2025:19:41:07 -0400] "GET /?k=2289381609801&channel=9bd089&from=article.php%3Fid%3D816098-17817%26name%3D%E6%84%9B%E5%AA%9B%E7%9C%8C%E7%94%A3%E3%81%BD%E3%82%93%E3%81%8B%E3%82%93%E3%82%B8%E3%83%A5%E3%83%BC%E3%82%B9+720ml+6%E6%9C%AC%E3%82%BB%E3%83%83%E3%83%88 HTTP/1.1" 200 41420 "-" "Mozilla/5.0 AppleWebKit/537.36 (KHTML, like Gecko; compatible; bingbot/2.0; +http://www.bing.com/bingbot.htm) Chrome/116.0.1938.76 Safari/537.36"
66.249.73.202 - - [02/May/2025:19:43:22 -0400] "GET /?k=87092169225206&channel=942e63&from=form.php%3Fid%3D1692252-13372%26name%3D%E3%82%B7%E3%83%A5%E3%83%BC%E3%82%BA%E3%83%9C%E3%83%83%E3%82%AF%E3%82%B9+%E4%B8%8B%E9%A7%84%E7%AE%B1+%E5%A4%A7%E5%AE%B9%E9%87%8F+%E5%A4%A9%E7%84%B6%E7%AB%B9%E8%A3%BD+%E6%89%89%E4%BB%98%E3%81%8D+%E7%8E%84%E9%96%A2%E5%8F%8E%E7%B4%8D+%E3%82%B9%E3%83%AA%E3%83%A0+%E8%96%84%E5%9E%8B+%E7%9C%81%E3%82%B9%E3%83%9A%E3%83%BC%E3%82%B9+5%E6%AE%B5%2F7%E6%AE%B5%2F9%E6%AE%B5%2F11%E6%AE%B5+%E9%9D%B4%E7%AE%B1+%E7%B5%84%E3%81%BF%E7%AB%8B%E3%81%A6%E5%BC%8F HTTP/1.1" 200 0 "-" "Mozilla/5.0 (Linux; Android 6.0.1; Nexus 5X Build/MMB29P) AppleWebKit/537.36 (KHTML, like Gecko) Chrome/135.0.7049.95 Mobile Safari/537.36 (compatible; GoogleOther)"
40.77.167.131 - - [02/May/2025:19:44:20 -0400] "GET /?k=39186103611000&channel=b90873&from=blog.php%3Fid%3D1036110-9775%26name%3D%E5%B0%8F%E8%8A%B1%E3%81%AE%E8%8A%B1%E6%9D%9F%EF%BD%9C%E7%B7%A8%E3%81%BF%E7%89%A9%EF%BD%9C%E6%9E%AF%E3%82%8C%E3%81%AA%E3%81%84%E8%8A%B1%E6%9D%9F%EF%BD%9C%E5%B0%8F%E3%81%95%E3%81%AA%E3%82%AE%E3%83%95%E3%83%88%EF%BD%9C%E5%85%A5%E5%AD%A6%E5%BC%8F%E7%AD%89%E3%81%8A%E7%A5%9D%E3%81%84%EF%BD%9C%E5%8D%B3%E6%97%A5%E7%99%BA%E9%80%81 HTTP/1.1" 200 41627 "-" "Mozilla/5.0 AppleWebKit/537.36 (KHTML, like Gecko; compatible; bingbot/2.0; +http://www.bing.com/bingbot.htm) Chrome/116.0.1938.76 Safari/537.36"
40.77.167.131 - - [02/May/2025:19:45:10 -0400] "GET /?k=9106821054502&channel=5c8d5a&from=product.php%3Fid%3D210545-3340%26name%3D%E8%BB%8A%E3%81%AE%E3%83%AB%E3%83%BC%E3%83%95%E3%83%A9%E3%83%83%E3%82%AF%E3%82%AF%E3%83%AD%E3%82%B9%E3%83%90%E3%83%BC+%E3%83%86%E3%82%A3%E3%82%B0%E3%82%A2%E3%83%B3%E7%94%A8+2017+2018+2019+2020+2+%E5%80%8B%E3%83%AB%E3%83%BC%E3%83%95%E3%83%AC%E3%83%BC%E3%83%AB%E3%83%A9%E3%83%83%E3%82%AF%E3%82%AF%E3%83%AD%E3%82%B9%E3%83%90%E3%83%BC%E3%82%AF%E3%83%AD%E3%82%B9%E3%83%90%E3%83%BC%E3%82%AB%E3%83%BC HTTP/1.1" 200 41784 "-" "Mozilla/5.0 AppleWebKit/537.36 (KHTML, like Gecko; compatible; bingbot/2.0; +http://www.bing.com/bingbot.htm) Chrome/116.0.1938.76 Safari/537.36"
20.15.133.174 - - [02/May/2025:19:45:44 -0400] "GET /?k=97721140416103&channel=c6f27b&from=brands.php%3Fid%3D1404161-10261%26name%3D%E3%82%A4%E3%83%A4%E3%83%AA%E3%83%B3%E3%82%B0+%E3%83%91%E3%83%BC%E3%83%AB%E3%80%80%E5%A4%A7%E3%81%8D%E3%82%81%E3%82%AD%E3%83%A5%E3%83%BC%E3%83%93%E3%83%83%E3%82%AF%E3%82%B8%E3%83%AB%E3%82%B3%E3%83%8B%E3%82%A2%E3%83%96%E3%83%A9%E3%82%A4%E3%83%80%E3%83%AB%E3%82%A2%E3%82%AF%E3%82%BB%E3%82%B5%E3%83%AA%E3%83%BC+%E7%B5%90%E5%A9%9A%E5%BC%8F HTTP/1.1" 200 41309 "-" "Mozilla/5.0 AppleWebKit/537.36 (KHTML, like Gecko; compatible; bingbot/2.0; +http://www.bing.com/bingbot.htm) Chrome/116.0.1938.76 Safari/537.36"
52.167.144.186 - - [02/May/2025:19:46:33 -0400] "GET /?k=6720910753101&channel=2ac5e8&from=form.php%3Fid%3D107531-7675%26name%3Dmohngie+12+V%E8%87%AA%E5%8B%95%E8%BB%8A%E3%82%A8%E3%82%A2%E3%82%B3%E3%83%B3%E9%9B%BB%E5%8B%95%E5%9C%A7%E7%B8%AE%E6%A9%9F%E5%9B%9B%E5%AD%94%E8%92%B8%E7%99%BA%E5%99%A8%E3%82%BB%E3%83%83%E3%83%88%E3%80%81%E3%81%8A%E3%81%98%E3%81%84%E3%81%95%E3%82%93%E3%81%AE%E8%BB%8A%E3%80%81%E3%83%88%E3%83%A9%E3%83%83%E3%82%AF%E3%80%81%E4%BD%8F%E5%AE%85%E8%BB%8A%E3%80%81%E8%BE%B2%E6%A5%AD%E7%94%A8%E8%BB%8A%E3%80%81%E6%8E%98%E5%89%8A%E6%A9%9F%E3%80%81%E8%87%AA%E5%8B%95%E8%BB%8A%E3%82%A8%E3%82%A2%E3%82%B3%E3%83%B3 HTTP/1.1" 200 39798 "-" "Mozilla/5.0 AppleWebKit/537.36 (KHTML, like Gecko; compatible; bingbot/2.0; +http://www.bing.com/bingbot.htm) Chrome/116.0.1938.76 Safari/537.36"
52.167.144.186 - - [02/May/2025:19:46:43 -0400] "GET /?k=7922094310708&channel=1794f9&from=jp.php%3Fid%3D943107-4627%26name%3D%5BYFFUSHI%5D+%E3%82%B9%E3%83%BC%E3%83%84+%E3%83%A1%E3%83%B3%E3%82%BA+%E3%82%B9%E3%83%AA%E3%83%BC%E3%83%94%E3%83%BC%E3%82%B9+%E3%83%81%E3%82%A7%E3%83%83%E3%82%AF+S-6XL+6%E6%9F%84+%E3%83%93%E3%82%B8%E3%83%8D%E3%82%B9+%E3%82%B9%E3%83%BC%E3%83%84 HTTP/1.1" 200 39899 "-" "Mozilla/5.0 AppleWebKit/537.36 (KHTML, like Gecko; compatible; bingbot/2.0; +http://www.bing.com/bingbot.htm) Chrome/116.0.1938.76 Safari/537.36"
66.249.73.200 - - [02/May/2025:19:47:02 -0400] "GET /?k=7925616940101&channel=e664a0&from=product.php%3Fid%3D169401-600%26name%3DJapan+Black+Washed+2nd+Type+Denim+Jacket HTTP/1.1" 200 0 "-" "Mozilla/5.0 (Linux; Android 6.0.1; Nexus 5X Build/MMB29P) AppleWebKit/537.36 (KHTML, like Gecko) Chrome/135.0.7049.95 Mobile Safari/537.36 (compatible; GoogleOther)"
52.167.144.217 - - [02/May/2025:19:48:11 -0400] "GET /?k=7971189975100&channel=cdf9be&from=brands.php%3Fid%3D899751-12905%26name%3D%E8%AA%BF%E6%95%B4%E5%8F%AF%E8%83%BD%E3%81%AA%E3%83%A9%E3%83%9C%E9%9B%BB%E6%BA%90+DC%E9%9B%BB%E6%BA%90%E3%83%A9%E3%83%9C%E3%83%97%E3%83%AD%E3%82%B0%E3%83%A9%E3%83%A0%E5%8F%AF%E8%83%BD%E3%81%AA%E3%83%A1%E3%83%A2%E3%83%AA%E6%A9%9F%E8%83%BD%E8%AA%BF%E6%95%B4%E5%8F%AF%E8%83%BD%E3%83%99%E3%83%B3%E3%83%81%E9%9B%BB%E6%BA%90%E9%9B%BB%E6%BA%90%E9%9B%BB%E6%BA%90%E3%83%AC%E3%82%AE%E3%83%A5%E3%83%AC%E3%83%BC%E3%82%BF%E3%83%BC%E3%82%B9%E3%82%A4%E3%83%83%E3%83%81%E9%9B%BB%E6%B5%81%E3%82%B9%E3%82%BF%E3%83%93%E3%83%A9%E3%82%A4%E3%82%B6%E3%83%BC++%E5%AE%89%E5%AE%9A%E5%8C%96%EF%BC%88%E7%9B%B4%E6%B5%81%E9%9B%BB%E6%BA%90%E8%A3%85%E7%BD%AE+DC%E9%9B%BB%E6%BA%90%E3%83%A9%E3%83%9C%E3%83%97%E3%83%AD%E3%82%B0%E3%83%A9%E3%83%A0%E5%8F%AF%E8%83%BD%E3%81%AA%E3%83%A1%E3%83%A2%E3%83%AA%E6%A9%9F%E8%83%BD%E8%AA%BF%E6%95%B4%E5%8F%AF%E8%83%BD%E3%83%99%E3%83%B3%E3%83%81%E9%9B%BB%E6%BA%90%E9%9B%BB%E6%BA%90%E9%9B%BB%E6%BA%90%E3%83%AC%E3%82%AE%E3%83%A5%E3%83%AC%E3%83%BC%E3%82%BF%E3%83%BC%E3%82%B9%E3%82%A4%E3%83%83%E3%83%81%E9%9B%BB%E6%B5%81%E3%82%B9%E3%82%BF%E3%83%93%E3%83%A9%E3%82%A4%E3%82%B6%E3%83%BC+%E9%AB%98%E7%B2%BE%E5%BA%A6%28Bl++%EF%BC%88%E3%83%88%E3%82%AD%E3%83%AF%E3%82%A8%E3%83%AC%E3%83%8D%E3%83%83%E3%83%88+%2F+%E9%9B%BB%E6%BA%90%E8%A3%85%E7%BD%AE%EF%BC%89%EF%BC%89 HTTP/1.1" 200 42218 "-" "Mozilla/5.0 AppleWebKit/537.36 (KHTML, like Gecko; compatible; bingbot/2.0; +http://www.bing.com/bingbot.htm) Chrome/116.0.1938.76 Safari/537.36"
66.249.74.105 - - [02/May/2025:19:48:51 -0400] "GET /?k=12820118628506&channel=d0ad75&from=shop.php%3Fid%3D1186285-13372%26name%3DHOIIPAAAA+%E3%82%B9%E3%83%AA%E3%83%A0%E3%82%B7%E3%83%A5%E3%83%BC%E3%82%BA%E3%82%AD%E3%83%A3%E3%83%93%E3%83%8D%E3%83%83%E3%83%88+3%E3%81%A4%E3%81%AE%E3%83%95%E3%83%AA%E3%83%83%E3%83%97%E5%BC%95%E3%81%8D%E5%87%BA%E3%81%97%E4%BB%98%E3%81%8D+-+%E3%83%A2%E3%83%80%E3%83%B3%E3%81%AA%E3%83%86%E3%82%A3%E3%83%83%E3%83%94%E3%83%B3%E3%82%B0%E3%83%90%E3%82%B1%E3%83%83%E3%83%88%E3%82%B7%E3%83%A5%E3%83%BC%E3%82%BA%E3%82%B9%E3%83%88%E3%83%AC%E3%83%BC%E3%82%B8%E3%82%AA%E3%83%BC%E3%82%AC HTTP/1.1" 200 51121 "-" "Mozilla/5.0 (Linux; Android 6.0.1; Nexus 5X Build/MMB29P) AppleWebKit/537.36 (KHTML, like Gecko) Chrome/135.0.7049.95 Mobile Safari/537.36 (compatible; Googlebot/2.1; +http://www.google.com/bot.html)"
52.167.144.186 - - [02/May/2025:19:49:24 -0400] "GET /?k=83143184505607&channel=9d117f&from=product.php%3Fid%3D1845056-2173%26name%3D%E3%82%A4%E3%83%A4%E3%83%9B%E3%83%B3%E3%81%AF%E8%80%B3%E3%83%98%E3%83%83%E3%83%89%E3%83%95%E3%82%A9%E3%83%B3%E3%81%A7%E6%9C%89%E7%B7%9A%2C%E3%83%9E%E3%82%A4%E3%82%AF%E3%81%A7%E3%83%98%E3%83%83%E3%83%89%E3%83%95%E3%82%A9%E3%83%B3%E3%82%92%E3%83%97%E3%83%A9%E3%82%B0%E3%82%A4%E3%83%B3%E3%81%97%E3%81%BE%E3%81%99+%7C+3.5mm%E9%AB%98%E5%BF%A0%E5%AE%9F%E5%BA%A6%E3%81%AE%E9%AB%98%E3%81%84%E3%82%A4%E3%83%A4%E3%83%9B%E3%83%B3%E3%82%B2%E3%83%BC%E3%83%A0%E9%A3%9B%E8%A1%8C%E6%A9%9F%E3%81%AE%E3%82%B9%E3%82%BF%E3%82%B8%E3%82%AA%E3%83%AC HTTP/1.1" 200 41700 "-" "Mozilla/5.0 AppleWebKit/537.36 (KHTML, like Gecko; compatible; bingbot/2.0; +http://www.bing.com/bingbot.htm) Chrome/116.0.1938.76 Safari/537.36"
66.249.73.201 - - [02/May/2025:19:52:51 -0400] "GET /?k=36019165285000&channel=a4fe13&from=jp.php%3Fid%3D1652850-6775%26name%3D%E3%82%A2%E3%83%BC%E3%82%B9%E3%83%8E%E3%83%BC%E3%83%9E%E3%83%83%E3%83%88+30%E6%97%A5%E3%82%BB%E3%83%83%E3%83%88+%E3%82%B9%E3%82%AB%E3%82%A4%E3%83%96%E3%83%AB%E3%83%BC+%E9%98%B2%E9%99%A4%E7%94%A8%E5%8C%BB%E8%96%AC%E9%83%A8%E5%A4%96%E5%93%81+%E3%82%A2%E3%83%BC%E3%82%B9%E8%A3%BD%E8%96%AC HTTP/1.1" 200 57423 "-" "Mozilla/5.0 (Linux; Android 6.0.1; Nexus 5X Build/MMB29P) AppleWebKit/537.36 (KHTML, like Gecko) Chrome/135.0.7049.95 Mobile Safari/537.36 (compatible; Googlebot/2.1; +http://www.google.com/bot.html)"
52.167.144.217 - - [02/May/2025:19:53:22 -0400] "GET /?k=98679159739503&channel=555e1e&from=blog.php%3Fid%3D1597395-11218%26name%3D%E3%82%B9%E3%82%AD%E3%83%A5%E3%83%BC%E3%83%90%E3%83%80%E3%82%A4%E3%83%93%E3%83%B3%E3%82%B0%E3%83%AC%E3%82%AE%E3%83%A5%E3%83%AC%E3%83%BC%E3%82%BF%E3%83%BC%E3%82%BF%E3%82%B3%E3%83%9B%E3%83%AB%E3%83%80%E3%83%BC%E3%80%81%E3%82%B9%E3%82%AD%E3%83%A5%E3%83%BC%E3%83%90%E3%82%AA%E3%82%AF%E3%83%88%E3%83%91%E3%82%B9%E3%83%9E%E3%82%A6%E3%82%B9%E3%83%94%E3%83%BC%E3%82%B9%E3%83%AA%E3%83%86%E3%83%BC%E3%83%8A%E3%83%BC%2C%E3%82%B9%E3%82%AD%E3%83%A5%E3%83%BC%E3%83%90%E7%94%A8%E3%81%AE%E3%82%B7%E3%83%AA%E3%82%B3%E3%83%B3%E3%82%BF%E3%82%B3%E3%83%9E%E3%82%A6%E3%82%B9%E3%83%94%E3%83%BC%E3%82%B9%E3%83%9B HTTP/1.1" 200 40269 "-" "Mozilla/5.0 AppleWebKit/537.36 (KHTML, like Gecko; compatible; bingbot/2.0; +http://www.bing.com/bingbot.htm) Chrome/116.0.1938.76 Safari/537.36"
66.249.74.104 - - [02/May/2025:19:53:34 -0400] "GET /?k=0991960137902&channel=58a0f6&from=info.php%3Fid%3D601379-13254%26name%3D%E3%82%B5%E3%83%B3%E3%83%80%E3%83%BC%2C+%E6%90%BA%E5%B8%AF%E7%94%A8%E8%BB%8A%E3%81%AE%E7%A0%94%E7%A3%A8%E6%A9%9F%E5%B0%8F%E5%9E%8B%E9%9B%BB%E6%B0%97%E8%87%AA%E5%8B%95%E3%83%9D%E3%83%AA%E3%83%83%E3%82%B7%E3%83%A3%E3%83%BC%E3%83%8F%E3%83%B3%E3%83%89%E3%83%98%E3%83%AB%E3%83%89%E5%85%85%E9%9B%BB%E5%BC%8F%E8%BB%8A%E3%81%AE%E7%A0%94%E7%A3%A8%E3%81%A8%E3%83%AF%E3%83%83%E3%82%AF%E3%82%B9%E6%A9%9F%E3%82%AD%E3%83%83%E3%83%88%2C%E5%BF%AB%E9%81%A9%E3%81%AA%E4%BD%9C%E6%A5%AD%E3%82%92%E5%AE%9F%E7%8F%BE HTTP/1.1" 200 52185 "-" "Mozilla/5.0 (Linux; Android 6.0.1; Nexus 5X Build/MMB29P) AppleWebKit/537.36 (KHTML, like Gecko) Chrome/135.0.7049.95 Mobile Safari/537.36 (compatible; Googlebot/2.1; +http://www.google.com/bot.html)"
52.167.144.217 - - [02/May/2025:19:54:14 -0400] "GET /?k=30551193875202&channel=4b31d8&from=product.php%3Fid%3D1938752-8110%26name%3D23cm+DC5.5x2.1mm+3a%E5%85%85%E9%9B%BB%E3%82%B3%E3%83%BC%E3%83%89DC5521%E8%A4%87%E6%95%B0%E3%81%AE%E9%9B%BB%E5%AD%90%E3%83%87%E3%83%90%E3%82%A4%E3%82%B9%E7%94%A8%E3%81%AE8PCS%E3%82%B3%E3%83%8D%E3%82%AF%E3%82%BF%E3%82%A2%E3%83%80%E3%83%97%E3%82%BF%E3%83%BC%E4%BB%98%E3%81%8D%E9%9B%BB%E6%BA%90%E3%82%B1%E3%83%BC%E3%83%96%E3%83%AB HTTP/1.1" 200 41141 "-" "Mozilla/5.0 AppleWebKit/537.36 (KHTML, like Gecko; compatible; bingbot/2.0; +http://www.bing.com/bingbot.htm) Chrome/116.0.1938.76 Safari/537.36"
66.249.74.103 - - [02/May/2025:19:55:55 -0400] "GET /?k=4597046691602&channel=ba3327&from=blog.php%3Fid%3D466916-13129%26name%3D%E3%82%B7%E3%83%9E%E3%83%8E%E3%80%80RC5%E3%80%80%E3%83%96%E3%83%AB%E3%83%BC HTTP/1.1" 200 51840 "-" "Mozilla/5.0 (Linux; Android 6.0.1; Nexus 5X Build/MMB29P) AppleWebKit/537.36 (KHTML, like Gecko) Chrome/135.0.7049.95 Mobile Safari/537.36 (compatible; Googlebot/2.1; +http://www.google.com/bot.html)"
66.249.73.201 - - [02/May/2025:19:58:21 -0400] "GET /?k=0291780615204&channel=896441&from=goods.php%3Fid%3D806152-4728%26name%3DYR5742+TaylorMade+BURNER+%E3%83%AC%E3%83%87%E3%82%A3%E3%83%BC%E3%82%B9%E3%80%80%E5%8F%B3%E5%88%A9%E3%81%8D%E3%80%80L+8%E6%9C%AC HTTP/1.1" 200 0 "-" "Mozilla/5.0 (Linux; Android 6.0.1; Nexus 5X Build/MMB29P) AppleWebKit/537.36 (KHTML, like Gecko) Chrome/135.0.7049.95 Mobile Safari/537.36 (compatible; GoogleOther)"
40.77.167.18 - - [02/May/2025:20:04:01 -0400] "GET /?k=86071120957701&channel=887051&from=news.php%3Fid%3D1209577-871%26name%3D%E3%83%80%E3%82%A4%E3%83%8B%E3%83%B3%E3%82%B0%E3%83%81%E3%82%A7%E3%82%A2+%E6%9C%A8%E8%A3%BD+2%E8%84%9A%E3%80%81%E3%83%A2%E3%83%80%E3%83%B3%E3%81%AA%E7%84%A1%E5%9E%A2%E6%9D%90%E3%81%AE%E3%83%80%E3%82%A4%E3%83%8B%E3%83%B3%E3%82%B0%E3%83%81%E3%82%A7%E3%82%A2%E3%80%81%E3%82%AD%E3%83%83%E3%83%81%E3%83%B3%E3%83%80%E3%82%A4%E3%83%8B%E3%83%B3%E3%82%B0%E3%83%AB%E3%83%BC%E3%83%A0%E3%83%81%E3%82%A7%E3%82%A2%E3%80%81%E3%83%AC%E3%83%88%E3%83%AD%E3%81%AA%E5%90%88%E7%9A%AE%E3%83%80%E3%82%A4%E3%83%8B%E3%83%B3%E3%82%B0%E3%83%AB%E3%83%BC%E3%83%A0%E3%83%81%E3%82%A7%E3%82%A2%E3%80%81 HTTP/1.1" 200 40958 "-" "Mozilla/5.0 AppleWebKit/537.36 (KHTML, like Gecko; compatible; bingbot/2.0; +http://www.bing.com/bingbot.htm) Chrome/116.0.1938.76 Safari/537.36"
52.167.144.167 - - [02/May/2025:20:04:06 -0400] "GET /?k=711785297701&channel=2a3406&from=pin.php%3Fid%3D52977-4909%26name%3DPry+Bars++%E3%83%9F%E3%83%8B%E3%83%9D%E3%82%B1%E3%83%83%E3%83%88%E3%82%AF%E3%83%A9%E3%83%B3%E3%82%AF+%E3%82%AF%E3%83%AD%E3%83%BC%E3%83%90%E3%83%BC+%E3%82%AD%E3%83%BC%E3%83%81%E3%82%A7%E3%83%BC%E3%83%B3+%E3%82%B5%E3%83%90%E3%82%A4%E3%83%90%E3%83%AB%E3%82%B9%E3%82%AF%E3%83%AC%E3%83%BC%E3%83%91%E3%83%BC+%E3%82%B9%E3%83%86%E3%83%B3%E3%83%AC%E3%82%B9%E3%82%B9%E3%83%81%E3%83%BC%E3%83%AB+%E3%83%9E%E3%82%A4%E3%82%AF%E3%83%AD%E3%83%84%E3%83%BC%E3%83%AB%E3%80%81%E3%82%B9%E3%83%86%E3%83%B3%EF%BC%88%E3%82%B9%E3%83%86%E3%83%B3%E3%83%AC%E3%82%B9%E3%83%9C%E3%83%88%E3%83%AB+%E3%82%B9%E3%83%9D%E3%83%BC%E3%83%84%E3%83%89%E3%83%AA%E3%83%B3%E3%82%AF%E5%AF%BE%E5%BF%9C+AKE-R60%E3%83%BB80+%E9%80%9A%E8%B2%A9%E3%80%90%E3%83%8B%E3%83%83%E3%82%BB%E3%83%B3%E3%80%91%EF%BC%89 HTTP/1.1" 200 42007 "-" "Mozilla/5.0 AppleWebKit/537.36 (KHTML, like Gecko; compatible; bingbot/2.0; +http://www.bing.com/bingbot.htm) Chrome/116.0.1938.76 Safari/537.36"
66.249.74.104 - - [02/May/2025:20:08:46 -0400] "GET /?k=8832635923300&channel=9d9760&from=jp.php%3Fid%3D359233-2832%26name%3DNIKKO+%E3%82%BB%E3%82%B5%E3%83%9F%E3%82%B9%E3%83%88%E3%83%AA%E3%83%BC%E3%83%88+%E3%83%97%E3%83%AC%E3%83%BC%E3%83%88%E3%82%BB%E3%83%83%E3%83%88+%E5%A4%A7%E7%9A%BF+2%E5%AE%A2 HTTP/1.1" 200 52762 "-" "Mozilla/5.0 (Linux; Android 6.0.1; Nexus 5X Build/MMB29P) AppleWebKit/537.36 (KHTML, like Gecko) Chrome/135.0.7049.95 Mobile Safari/537.36 (compatible; Googlebot/2.1; +http://www.google.com/bot.html)"
40.77.167.18 - - [02/May/2025:20:09:02 -0400] "GET /?k=74061119279902&channel=8fb983&from=product.php%3Fid%3D1192799-21791%26name%3D%E3%83%9E%E3%83%83%E3%82%AF%E3%82%B9+%E3%83%88%E3%83%AC%E3%83%BC%E3%83%8A%E3%83%BC+%E3%83%90%E3%83%BC%E3%82%AF+%E3%82%B3%E3%83%B3%E3%83%88%E3%83%AD%E3%83%BC%E3%83%AB%E3%80%81%E7%8A%AC%E7%94%A8%E5%90%A0%E3%81%88%E9%98%B2%E6%AD%A2%E8%A3%85%E7%BD%AE%E3%80%81%E8%B6%85%E9%9F%B3%E6%B3%A2%E5%88%B6%E5%BE%A1%E3%80%81%E9%95%B7%E8%B7%9D%E9%9B%A2%E5%88%B6%E5%BE%A1%E3%80%81LED+%E6%87%90%E4%B8%AD%E9%9B%BB%E7%81%AF%E4%BB%98%E3%81%8D%E7%8A%AC%E7%94%A8%E5%90%A0%E3%81%88%E9%98%B2%E6%AD%A2%E8%A3%85%E7%BD%AE+%2F105 HTTP/1.1" 200 40489 "-" "Mozilla/5.0 AppleWebKit/537.36 (KHTML, like Gecko; compatible; bingbot/2.0; +http://www.bing.com/bingbot.htm) Chrome/116.0.1938.76 Safari/537.36"
52.167.144.167 - - [02/May/2025:20:10:18 -0400] "GET /?k=9258361772605&channel=bb2a10&from=blog.php%3Fid%3D617726-14673%26name%3D%E4%BC%B8%E7%B8%AE%E5%BC%8F%E3%83%8E%E3%83%B3%E3%82%B9%E3%83%AA%E3%83%83%E3%83%97%E6%9D%BE%E8%91%89%E6%9D%96+%E3%82%A6%E3%82%A9%E3%83%BC%E3%82%AD%E3%83%B3%E3%82%B0%E3%82%B9%E3%83%86%E3%83%83%E3%82%AD%E3%83%9B%E3%83%AB%E3%83%80%E3%83%BC+%E8%80%81%E4%BA%BA+%E9%AB%98%E9%BD%A2%E8%80%85%E7%94%A8+%E4%BC%B8%E7%B8%AE%E5%BC%8F+%E5%AE%89%E5%AE%9A%E3%81%97%E3%81%9F+%E8%BB%BD%E9%87%8F+%E9%AB%98%E3%81%95%E8%AA%BF%E7%AF%80%E5%8F%AF%E8%83%BD+LED%E3%83%A9%E3%82%A4%E3%83%88%E4%BB%98%E3%81%8D+%E3%83%96%E3%83%A9 HTTP/1.1" 200 40865 "-" "Mozilla/5.0 AppleWebKit/537.36 (KHTML, like Gecko; compatible; bingbot/2.0; +http://www.bing.com/bingbot.htm) Chrome/116.0.1938.76 Safari/537.36"
66.249.74.105 - - [02/May/2025:20:10:21 -0400] "GET /?k=1188459000403&channel=5167b4&from=shop.php%3Fid%3D590004-14471%26name%3D%E3%83%90%E3%82%B9%E3%83%AB%E3%83%BC%E3%83%A0%E7%94%A8%E5%93%81+%E3%82%BB%E3%83%A9%E3%83%9F%E3%83%83%E3%82%AF%E3%83%96%E3%83%A9%E3%83%83%E3%82%B7%E3%83%B3%E3%82%B0%E3%82%AB%E3%83%83%E3%83%97+%E3%83%9E%E3%82%A6%E3%82%B9%E3%82%A6%E3%82%A9%E3%83%83%E3%82%B7%E3%83%A5%E3%82%AB%E3%83%83%E3%83%97+%E3%82%A6%E3%82%A9%E3%83%83%E3%82%B7%E3%83%A5%E3%82%AB%E3%83%83%E3%83%97+%E3%83%90%E3%82%B9%E3%83%AB%E3%83%BC%E3%83%A0+%E3%82%AB%E3%83%83%E3%83%97%E3%83%AB+%E6%AD%AF%E3%82%AB%E3%83%83%E3%83%97 HTTP/1.1" 200 54267 "-" "Mozilla/5.0 (Linux; Android 6.0.1; Nexus 5X Build/MMB29P) AppleWebKit/537.36 (KHTML, like Gecko) Chrome/135.0.7049.95 Mobile Safari/537.36 (compatible; Googlebot/2.1; +http://www.google.com/bot.html)"
52.167.144.167 - - [02/May/2025:20:11:18 -0400] "GET /?k=4776950355806&channel=777127&from=form.php%3Fid%3D503558-1756%26name%3DVekwena+7002-DA-94813VV+%E3%83%AC%E3%82%A4%E3%83%B3%E3%83%87%E3%82%A3%E3%83%95%E3%83%AC%E3%82%AF%E3%82%BF%E3%83%BC%E3%82%AC%E3%83%BC%E3%83%89+%E3%82%A6%E3%82%A3%E3%83%B3%E3%83%89%E3%82%A6%E3%83%90%E3%82%A4%E3%82%B6%E3%83%BC++%E3%83%95%E3%83%AD%E3%83%B3%E3%83%88%E3%83%AA%E3%82%A2%E3%82%B5%E3%82%A4%E3%83%89%E5%A4%96%E5%81%B4%E3%83%9E%E3%82%A6%E3%83%B3%E3%83%88%E3%83%81%E3%83%A3%E3%83%8D%EF%BC%88%E3%83%AA%E3%82%A2%E3%82%A6%E3%82%A4%E3%83%B3%E3%82%AB%E3%83%BC%E3%83%96%E3%83%A9%E3%82%B1%E3%83%83%E3%83%88+%E3%82%B5%E3%83%BC%E3%83%93%E3%82%B9%E3%83%9B%E3%83%BC%E3%83%AB%E4%BB%98%E3%81%8D%EF%BD%9C%E6%A0%AA%E5%BC%8F%E4%BC%9A%E7%A4%BE%E3%83%87%E3%82%A4%E3%83%88%E3%83%8A%EF%BC%89 HTTP/1.1" 200 40817 "-" "Mozilla/5.0 AppleWebKit/537.36 (KHTML, like Gecko; compatible; bingbot/2.0; +http://www.bing.com/bingbot.htm) Chrome/116.0.1938.76 Safari/537.36"
52.167.144.163 - - [02/May/2025:20:15:52 -0400] "GET /?k=62892171810000&channel=ce82a8&from=category-info.php%3Fid%3D1718100-11438%26name%3DOkiyakusama+%E8%87%AA%E5%8B%95%E8%BB%8A%E3%83%9C%E3%83%87%E3%82%A3%E3%81%AE%E3%81%B8%E3%81%93%E3%81%BF%E4%BF%AE%E7%90%86%E3%83%84%E3%83%BC%E3%83%AB+%E8%87%AA%E5%8B%95%E8%BB%8A%E5%A1%97%E8%A3%85%E4%B8%8D%E8%A6%81%E3%81%AE%E4%BF%AE%E7%90%86%E7%94%A8%E3%83%97%E3%83%BC%E3%83%A9%E3%83%BC+%E9%9B%B9%E3%81%AB%E3%82%88%E3%82%8B%E3%81%B8%E3%81%93%E3%81%BF%E3%81%AE%E9%99%A4%E5%8E%BB+%E8%87%AA%E5%8B%95%E8%BB%8A%E7%94%A8%E3%82%A8%E3%82%AD%E3%82%B9%E3%83%91%E3%83%B3%E3%83%80%E3%83%BC HTTP/1.1" 200 41228 "-" "Mozilla/5.0 AppleWebKit/537.36 (KHTML, like Gecko; compatible; bingbot/2.0; +http://www.bing.com/bingbot.htm) Chrome/116.0.1938.76 Safari/537.36"
52.167.144.232 - - [02/May/2025:20:15:56 -0400] "GET /?k=86276117482804&channel=74ea2e&from=form.php%3Fid%3D1174828-21639%26name%3DCSCDD+120A%E3%82%A2%E3%83%B3%E3%83%97%E6%95%B4%E6%B5%81%E5%99%A8%E3%83%95%E3%82%A3%E3%83%AB%E3%82%BF%E3%83%BC%E4%BE%9B%E7%B5%A6%E9%9B%BB%E6%BA%90%E3%83%9C%E3%83%BC%E3%83%89%E9%AB%98%E5%87%BA%E5%8A%9B%E3%82%B7%E3%83%A7%E3%83%83%E3%83%88%E3%82%AD%E3%83%BC%E6%95%B4%E6%B5%81%E5%99%A8%E3%83%95%E3%82%A3%E3%83%AB%E3%82%BF%E3%83%BC%E9%9B%BB%E6%BA%90%E3%83%9C%E3%83%BC%E3%83%8910000UF+125V HTTP/1.1" 200 41989 "-" "Mozilla/5.0 AppleWebKit/537.36 (KHTML, like Gecko; compatible; bingbot/2.0; +http://www.bing.com/bingbot.htm) Chrome/116.0.1938.76 Safari/537.36"
66.249.73.200 - - [02/May/2025:20:15:57 -0400] "GET /?k=12792144812100&channel=ffe7bb&from=product.php%3Fid%3D1448121-14083%26name%3D%E3%82%B7%E3%83%9E%E3%83%8E+20%E3%83%8D%E3%83%83%E3%82%B5+%E3%82%A8%E3%82%AF%E3%82%B9%E3%83%81%E3%83%A5%E3%83%BC%E3%83%B3+S108%2B+IQRDYKPU HTTP/1.1" 200 0 "-" "Mozilla/5.0 (Linux; Android 6.0.1; Nexus 5X Build/MMB29P) AppleWebKit/537.36 (KHTML, like Gecko) Chrome/135.0.7049.95 Mobile Safari/537.36 (compatible; GoogleOther)"
52.167.144.232 - - [02/May/2025:20:17:33 -0400] "GET /?k=9756780351501&channel=86730e&from=product.php%3Fid%3D803515-17315%26name%3D%E6%B4%97%E8%BB%8A%E3%83%9B%E3%83%BC%E3%82%B9+%E9%AB%98%E5%9C%A7%E6%B4%97%E6%B5%84%E6%A9%9F%E7%94%A8%E3%83%9B%E3%83%BC%E3%82%B910M%EF%BD%9C%E8%82%89%E5%8E%9A%E4%BB%95%E6%A7%98%E3%83%9B%E3%83%BC%E3%82%B9%E5%A4%96%E5%BE%8417.3mm%EF%BD%9C%E5%8F%A3%E9%87%91%E3%82%B5%E3%82%A4%E3%82%BA3%2F8%EF%BD%9C%E5%86%85%E5%BE%849.5%EF%BD%8D%EF%BD%8D%EF%BD%9C%E3%82%AA%E3%82%B9%E3%83%8B%E3%83%83%E3%83%97%E3%83%AB%E4%BB%98%E5%B1%9E%EF%BD%9C%E5%B1%88%E6%8A%98%E9%98%B2%E6%AD%A2%E3%82%B9 HTTP/1.1" 200 42378 "-" "Mozilla/5.0 AppleWebKit/537.36 (KHTML, like Gecko; compatible; bingbot/2.0; +http://www.bing.com/bingbot.htm) Chrome/116.0.1938.76 Safari/537.36"
52.167.144.163 - - [02/May/2025:20:17:43 -0400] "GET /?k=093886682901&channel=a41e2a&from=blog.php%3Fid%3D66829-5665%26name%3D%E3%82%A8%E3%82%A2%E3%83%87%E3%82%A3%E3%83%BC%E3%82%BC%E3%83%AB%E3%83%92%E3%83%BC%E3%82%BF%E3%83%BC+4x+42mm%E7%9B%B4%E5%BE%84+300cm%E9%95%B7%E3%81%95%E3%83%80%E3%82%AF%E3%83%88%E3%83%91%E3%82%A4%E3%83%97%E3%83%81%E3%83%A5%E3%83%BC%E3%83%96%E3%83%9B%E3%83%BC%E3%82%B9+%E3%83%96%E3%83%A9%E3%83%83%E3%82%AF+%2B+4x%E3%83%9F%E3%83%8B%E3%82%A2%E3%82%A6%E3%83%88%E3%83%AC%E3%83%83%E3%83%88+8x%E3%82%AF%E3%83%A9%E3%83%B3 HTTP/1.1" 200 40647 "-" "Mozilla/5.0 AppleWebKit/537.36 (KHTML, like Gecko; compatible; bingbot/2.0; +http://www.bing.com/bingbot.htm) Chrome/116.0.1938.76 Safari/537.36"
66.249.73.202 - - [02/May/2025:20:18:19 -0400] "GET /?k=6140750975701&channel=a528bd&from=shop.php%3Fid%3D509757-7852%26name%3D%E3%82%A8%E3%83%A0%E3%82%B9%E3%82%BF%E3%82%A4%E3%83%AB+%E6%A2%A8%E8%8A%B1+%E8%BB%BD%E9%87%8F+%E3%83%9C%E3%82%A6%E3%83%AB+24cm+%E3%82%AA%E3%83%BC%E3%83%90%E3%83%AB%E3%83%97%E3%83%AC%E3%83%BC%E3%83%88+%E3%82%AA%E3%83%BC%E3%83%90%E3%83%AB%E7%9A%BF+%E9%A3%9F%E5%99%A8 HTTP/1.1" 200 0 "-" "Mozilla/5.0 (Linux; Android 6.0.1; Nexus 5X Build/MMB29P) AppleWebKit/537.36 (KHTML, like Gecko) Chrome/135.0.7049.95 Mobile Safari/537.36 (compatible; GoogleOther)"
66.249.73.202 - - [02/May/2025:20:20:35 -0400] "GET /?k=92786164457703&channel=93444e&from=shop.php%3Fid%3D1644577-14858%26name%3D%E8%BB%8A%E7%94%A8%E6%A0%BC%E7%B4%8D%E5%BC%8F%E3%82%AB%E3%83%BC%E3%82%B4%E3%82%AB%E3%83%90%E3%83%BC%E3%80%81%E3%83%AC%E3%82%AF%E3%82%B5%E3%82%B9+RX350+RX270+2010-2015%E7%94%A8%E3%80%81%E8%BB%8A%E7%94%A8%E3%83%AA%E3%82%A2%E3%83%88%E3%83%A9%E3%83%B3%E3%82%AF%E3%82%AB%E3%83%BC%E3%82%B4%E3%82%AB%E3%83%90%E3%83%BC%E3%82%A2%E3%82%AF%E3%82%BB%E3%82%B5%E3%83%AA%E3%83%BC%28%E3%83%96%E3%83%A9%E3%83%83%E3%82%AF%29 HTTP/1.1" 200 0 "-" "Mozilla/5.0 (Linux; Android 6.0.1; Nexus 5X Build/MMB29P) AppleWebKit/537.36 (KHTML, like Gecko) Chrome/135.0.7049.95 Mobile Safari/537.36 (compatible; GoogleOther)"
52.167.144.174 - - [02/May/2025:20:21:30 -0400] "GET /?k=2202145934600&channel=7fe4f3&from=jp.php%3Fid%3D459346-12858%26name%3D%E5%9E%82%E7%9B%B4%E3%82%B8%E3%83%A3%E3%83%B3%E3%83%97%E6%B8%AC%E5%AE%9A%E3%83%86%E3%82%B9%E3%82%BF%E3%83%BC+%E3%82%B8%E3%83%A3%E3%83%B3%E3%83%97%E8%83%BD%E5%8A%9B%E3%83%88%E3%83%AC%E3%83%BC%E3%83%8B%E3%83%B3%E3%82%B0%E3%83%86%E3%82%B9%E3%82%BF%E3%83%BC+%E3%83%90%E3%83%AC%E3%83%BC%E3%83%9C%E3%83%BC%E3%83%AB%E3%82%B9%E3%83%91%E3%82%A4%E3%82%AF%E3%82%B8%E3%83%A3%E3%83%B3%E3%83%97%E3%83%88%E3%83%AC%E3%83%BC%E3%83%8A%E3%83%BC+%E3%83%90%E3%82%B9%E3%82%B1%E3%83%83%E3%83%88%E3%83%9C%E3%83%BC%E3%83%AB%E3%83%88%E3%83%AC%E3%83%BC%E3%83%8B%E3%83%B3%E3%82%B0%E8%A3%9C%E5%8A%A9 HTTP/1.1" 200 43049 "-" "Mozilla/5.0 AppleWebKit/537.36 (KHTML, like Gecko; compatible; bingbot/2.0; +http://www.bing.com/bingbot.htm) Chrome/116.0.1938.76 Safari/537.36"
66.249.73.202 - - [02/May/2025:20:22:03 -0400] "GET /?k=0977036052508&channel=08fd86&from=jp.php%3Fid%3D360525-4100%26name%3D%E3%82%AD%E3%83%A3%E3%83%AD%E3%82%A6%E3%82%A7%E3%82%A4%E3%80%80%E3%82%AD%E3%83%A3%E3%83%87%E3%82%A3%E3%83%90%E3%83%83%E3%82%B0 HTTP/1.1" 200 0 "-" "Mozilla/5.0 (Linux; Android 6.0.1; Nexus 5X Build/MMB29P) AppleWebKit/537.36 (KHTML, like Gecko) Chrome/135.0.7049.95 Mobile Safari/537.36 (compatible; GoogleOther)"
66.249.74.103 - - [02/May/2025:20:22:05 -0400] "GET /?k=9985260384107&channel=9d9760&from=article.php%3Fid%3D603841-2832%26name%3D%E3%83%81%E3%83%83%E3%83%97%E9%A3%9F%E5%99%A8%E3%80%81%E7%A3%81%E5%99%A8%E9%A3%9F%E5%99%A8%E3%82%BB%E3%83%83%E3%83%88%E3%80%81%E3%82%BB%E3%83%A9%E3%83%9F%E3%83%83%E3%82%AF%E3%83%97%E3%83%AC%E3%83%BC%E3%83%88%E3%81%A8%E3%83%9C%E3%82%A6%E3%83%AB%E3%82%BB%E3%83%83%E3%83%88%E3%80%81%E3%83%AC%E3%83%88%E3%83%AD%E3%81%AA%E7%AA%AF%E5%A4%89%E5%8C%96%E9%87%89%E8%96%AC%E7%9A%BF%E3%82%BB%E3%83%83%E3%83%88%E3%80%81%E3%82%B9%E3%83%88%E3%83%BC%E3%83%B3%E3%82%A6%E3%82%A7%E3%82%A2%E9%A3%9F%E5%99%A8%E3%82%BB%E3%83%83%E3%83%88+-+%E5%AE%B6%E6%97%8F%E3%83%91%E3%83%BC%E3%83%86%E3%82%A3 HTTP/1.1" 200 0 "-" "Mozilla/5.0 (Linux; Android 6.0.1; Nexus 5X Build/MMB29P) AppleWebKit/537.36 (KHTML, like Gecko) Chrome/135.0.7049.95 Mobile Safari/537.36 (compatible; GoogleOther)"
40.77.167.14 - - [02/May/2025:20:25:46 -0400] "GET /?k=82899184522803&channel=7d3dde&from=article.php%3Fid%3D1845228-14824%26name%3DFarigrut+%E9%89%84%E9%8D%8B%E5%9C%9F%E9%8D%8B+%E9%89%84%E9%8B%B3%E7%89%A9%E8%A3%BD+%E3%82%AC%E3%82%B9%E7%81%AB+IH+%E5%AF%BE%E5%BF%9C+%E9%8B%B3%E9%89%84%E9%8D%8B%E5%AE%B6%E5%BA%AD%E7%94%A8%E4%B8%A1%E8%80%B3%E5%A4%A7%E5%9E%8B%E9%89%84%E9%8D%8B%E6%98%94%E3%81%AA%E3%81%8C%E3%82%89%E3%81%AE%E4%B8%B8%E5%BA%95%E3%82%AC%E3%82%B9+%E5%A4%9A%E7%9B%AE%E7%9A%84%E9%8D%8B+%E6%9C%AC%E6%A0%BC%E7%9A%84%E3%81%AA%E9%89%84%E8%A3%BD%E3%81%AE%E3%81%8A%E9%8D%8B%E3%81%A7 HTTP/1.1" 200 41918 "-" "Mozilla/5.0 AppleWebKit/537.36 (KHTML, like Gecko; compatible; bingbot/2.0; +http://www.bing.com/bingbot.htm) Chrome/116.0.1938.76 Safari/537.36"
66.249.73.201 - - [02/May/2025:20:26:38 -0400] "GET /?k=53490116055203&channel=186499&from=news.php%3Fid%3D1160552-7615%26name%3D%E3%82%AB%E3%83%A9%E3%83%95%E3%83%AB+%E3%83%94%E3%83%B3%E3%82%AF+%E3%83%95%E3%83%A9%E3%83%9F%E3%83%B3%E3%82%B4+%E3%82%BD%E3%83%95%E3%83%88+%E3%82%B9%E3%83%AD%E3%83%BC%E3%83%96%E3%83%A9%E3%83%B3%E3%82%B1%E3%83%83%E3%83%88+%E3%83%95%E3%83%A9%E3%83%B3%E3%83%8D%E3%83%AB+%E3%83%9B%E3%83%BC%E3%83%A0%E3%83%87%E3%82%B3%E3%83%AC%E3%83%BC%E3%82%B7%E3%83%A7%E3%83%B3+%E8%BB%BD%E9%87%8F+%E3%83%99%E3%83%83%E3%83%89+%E3%82%AB%E3%82%A6%E3%83%81+%E3%82%BD%E3%83%95%E3%83%88%E3%83%96%E3%83%A9%E3%83%B3%E3%82%B1%E3%83%83%E3%83%88 HTTP/1.1" 200 0 "-" "Mozilla/5.0 (Linux; Android 6.0.1; Nexus 5X Build/MMB29P) AppleWebKit/537.36 (KHTML, like Gecko) Chrome/135.0.7049.95 Mobile Safari/537.36 (compatible; GoogleOther)"
66.249.73.200 - - [02/May/2025:20:27:25 -0400] "GET /?k=7400646301101&channel=167ac5&from=jp.php%3Fid%3D463011-3481%26name%3Dnishikawa+%E3%80%90+%E8%A5%BF%E5%B7%9D+%E3%80%91%E8%87%AA%E5%AE%85%E3%81%A7%E6%B4%97%E3%81%88%E3%82%8B+%E5%A4%8F%E7%94%A8%E6%8E%9B%E3%81%91%E5%B8%83%E5%9B%A3+%E3%82%B7%E3%83%B3%E3%82%B0%E3%83%AB+%E3%82%B0%E3%83%BC%E3%82%B9%E3%83%80%E3%82%A6%E3%83%B393%25+%E5%86%B7%E6%88%BF%E5%86%B7%E3%81%88%E3%82%92%E9%98%B2%E3%81%90%E9%81%A9%E5%BA%A6%E3%81%AA%E4%BF%9D%E6%B8%A9+%E7%BE%BD%E6%AF%9B%E3%81%AE%E6%B8%A9%E5%BA%A6%E8%AA%BF%E6%95%B4%E5%8A%9B HTTP/1.1" 200 0 "-" "Mozilla/5.0 (Linux; Android 6.0.1; Nexus 5X Build/MMB29P) AppleWebKit/537.36 (KHTML, like Gecko) Chrome/135.0.7049.95 Mobile Safari/537.36 (compatible; GoogleOther)"
52.167.144.174 - - [02/May/2025:20:28:32 -0400] "GET /?k=5570830814102&channel=94f78e&from=jp.php%3Fid%3D308141-840%26name%3D%E3%82%B5%E3%82%A4%E3%83%89%E3%83%86%E3%83%BC%E3%83%96%E3%83%AB+%E3%82%B3%E3%83%BC%E3%83%92%E3%83%BC%E3%83%86%E3%83%BC%E3%83%96%E3%83%AB+%E5%8C%97%E6%AC%A7%E3%81%AE%E3%82%B7%E3%83%B3%E3%83%97%E3%83%AB%E3%81%AA%E5%BC%B7%E5%8C%96%E3%82%AC%E3%83%A9%E3%82%B9%E3%82%B3%E3%83%BC%E3%83%92%E3%83%BC%E3%83%86%E3%83%BC%E3%83%96%E3%83%AB%E3%82%BD%E3%83%95%E3%82%A1%E3%81%AE%E3%83%AA%E3%83%93%E3%83%B3%E3%82%B0%E3%83%AB%E3%83%BC%E3%83%A0%E3%81%AE%E5%AF%9D%E5%AE%A4%E3%81%AE%E3%82%A8%E3%83%B3%E3%83%89%E3%83%86%E3%83%BC%E3%83%96%E3%83%AB%E3%81%AE%E3%81%9F%E3%82%81%E3%81%AE%E3%83%A2%E3%83%80 HTTP/1.1" 200 42067 "-" "Mozilla/5.0 AppleWebKit/537.36 (KHTML, like Gecko; compatible; bingbot/2.0; +http://www.bing.com/bingbot.htm) Chrome/116.0.1938.76 Safari/537.36"
40.77.167.14 - - [02/May/2025:20:29:09 -0400] "GET /?k=71793125856602&channel=f5015e&from=product.php%3Fid%3D1258566-10142%26name%3D%E3%83%90%E3%83%BC%E3%82%AB%E3%83%BC%E3%83%88+%E3%83%9C%E3%83%88%E3%83%AB%E3%83%AF%E3%82%A4%E3%83%B3%E3%83%A9%E3%83%83%E3%82%AF+3%E6%AE%B5%E3%82%AD%E3%83%83%E3%83%81%E3%83%B3%E5%8F%8E%E7%B4%8D%E3%83%A9%E3%83%83%E3%82%AF+%E3%82%B5%E3%83%BC%E3%83%93%E3%83%B3%E3%82%B0%E3%83%88%E3%83%AD%E3%83%AA%E3%83%BC+%E3%82%A2%E3%82%A4%E3%83%A9%E3%83%B3%E3%83%89%E3%82%AB%E3%83%BC%E3%83%88+%E3%83%9B%E3%82%A4%E3%83%BC%E3%83%AB%E4%BB%98%E3%81%8D+%E3%83%9C%E3%83%88%E3%83%AB%E3%83%AF%E3%82%A4%E3%83%B3%E3%83%A9%E3%83%83%E3%82%AF+%E3%83%A2%E3%83%90 HTTP/1.1" 200 42875 "-" "Mozilla/5.0 AppleWebKit/537.36 (KHTML, like Gecko; compatible; bingbot/2.0; +http://www.bing.com/bingbot.htm) Chrome/116.0.1938.76 Safari/537.36"
66.249.73.202 - - [02/May/2025:20:31:10 -0400] "GET /?k=6341384276901&channel=44f1d1&from=news.php%3Fid%3D842769-606%26name%3DFENDI+%E6%8A%98%E3%82%8A%E3%81%9F%E3%81%9F%E3%81%BF%E8%B2%A1%E5%B8%83 HTTP/1.1" 200 0 "-" "Mozilla/5.0 (Linux; Android 6.0.1; Nexus 5X Build/MMB29P) AppleWebKit/537.36 (KHTML, like Gecko) Chrome/135.0.7049.95 Mobile Safari/537.36 (compatible; GoogleOther)"
52.167.144.174 - - [02/May/2025:20:34:33 -0400] "GET /?k=00289193844201&channel=9c1785&from=goods.php%3Fid%3D1938442-13716%26name%3DNVMe+%E3%83%92%E3%83%BC%E3%83%88%E3%82%B7%E3%83%B3%E3%82%AF++2280%E3%82%BD%E3%83%AA%E3%83%83%E3%83%89%E3%83%87%E3%82%A3%E3%82%B9%E3%82%AF%E7%94%A8+%E4%B8%A1%E9%9D%A2%E5%86%B7%E5%8D%B4%E8%A8%AD%E8%A8%88+%E3%82%A2%E3%83%AB%E3%83%9F%E3%83%8B%E3%82%A6%E3%83%A0%E5%86%B7%E5%8D%B4%E3%83%91%E3%83%83%E3%83%89+6.3mm%EF%BC%88%E3%83%A4%E3%83%9E%E3%83%80%E3%83%A2%E3%83%BC%E3%83%AB+%7C+EZDIY-FAB+M.2+2280+SSD%E3%83%92%E3%83%BC%E3%83%88%E3%82%B7%E3%83%B3%E3%82%AF%E3%80%81%E4%B8%A1%E9%9D%A2%E3%83%92%E3%83%BC%E3%83%88%E3%82%B7%E3%83%B3%E3%82%AF%E3%80%81PC%2FPS5%E3%81%AB%E3%82%B5%E3%83%9D%E3%83%BC%E3%83%88%E3%81%99%E3%82%8B%2C+PCIE+NVME+M.2++SSD%E3%81%BE%E3%81%9F%E3%81%AFSATA+M.2+SSD%E7%94%A8%E3%81%AE%E9%AB%98%E6%80%A7%E8%83%BDSSD%E3%82%AF%E3%83%BC%E3%83%A9%E3%83%BC%E9%8A%80+%7C+%E3%83%A4%E3%83%9E%E3%83%80%E3%83%87%E3%83%B3%E3%82%AD%E3%81%AE%E9%80%9A%E8%B2%A9%E3%82%B7%E3%83%A7%E3%83%83%E3%83%94%E3%83%B3%E3%82%B0%E3%82%B5%E3%82%A4%E3%83%88%EF%BC%89 HTTP/1.1" 200 41090 "-" "Mozilla/5.0 AppleWebKit/537.36 (KHTML, like Gecko; compatible; bingbot/2.0; +http://www.bing.com/bingbot.htm) Chrome/116.0.1938.76 Safari/537.36"
52.167.144.159 - - [02/May/2025:20:35:24 -0400] "GET /?k=0112448718503&channel=b9b888&from=goods.php%3Fid%3D487185-11894%26name%3D%E3%82%BD%E3%83%95%E3%82%A1%E3%83%99%E3%83%83%E3%83%89+%E3%82%BD%E3%83%95%E3%82%A1%E3%83%BC%E3%80%90%E3%82%A6%E3%83%BC%E3%83%AB%E3%81%AE%E6%A7%98%E3%81%AA%E3%81%B5%E3%82%8F%E3%81%B5%E3%82%8F%E7%94%9F%E5%9C%B0%E3%80%911%E4%BA%BA%E6%8E%9B%E3%81%91+3WAY+%E6%8A%98%E3%82%8A%E3%81%9F%E3%81%9F%E3%81%BF+%E3%82%AF%E3%83%83%E3%82%B7%E3%83%A7%E3%83%B3%E4%BB%98%E3%81%8D+%E9%AB%98%E5%8F%8D%E7%99%BA%E7%B4%A0%E6%9D%90+%E3%83%AA%E3%82%AF%E3%83%A9%E3%82%A4%E3%83%8B%E3%83%B3%E3%82%B0+%E3%82%AB%E3%82%A6%E3%83%81 HTTP/1.1" 200 39657 "-" "Mozilla/5.0 AppleWebKit/537.36 (KHTML, like Gecko; compatible; bingbot/2.0; +http://www.bing.com/bingbot.htm) Chrome/116.0.1938.76 Safari/537.36"
66.249.73.202 - - [02/May/2025:20:38:18 -0400] "GET /?k=3782738250601&channel=50c62e&from=brands.php%3Fid%3D382506-3067%26name%3DCanon+G3310+%E3%82%A4%E3%83%B3%E3%82%AF%E3%82%B8%E3%82%A7%E3%83%83%E3%83%88%E3%83%97%E3%83%AA%E3%83%B3%E3%82%BF%E3%83%BC%E3%80%80%E5%8D%B0%E5%88%B7%E6%9E%9A%E6%95%B0558%E6%9E%9A HTTP/1.1" 200 50323 "-" "Mozilla/5.0 (Linux; Android 6.0.1; Nexus 5X Build/MMB29P) AppleWebKit/537.36 (KHTML, like Gecko) Chrome/135.0.7049.95 Mobile Safari/537.36 (compatible; Googlebot/2.1; +http://www.google.com/bot.html)"
66.249.73.202 - - [02/May/2025:20:38:21 -0400] "GET /?k=97392157278304&channel=e664a0&from=brands.php%3Fid%3D1572783-600%26name%3D%E3%82%B7%E3%83%B3%E3%82%B0%E3%83%AB+%E3%83%89%E3%82%AF%E3%82%BF%E3%83%BC%E3%82%B3%E3%83%BC%E3%83%88+BM2890+beams+medical HTTP/1.1" 200 51691 "-" "Mozilla/5.0 (Linux; Android 6.0.1; Nexus 5X Build/MMB29P) AppleWebKit/537.36 (KHTML, like Gecko) Chrome/135.0.7049.95 Mobile Safari/537.36 (compatible; Googlebot/2.1; +http://www.google.com/bot.html)"
66.249.73.202 - - [02/May/2025:20:38:22 -0400] "GET /?k=71068164194503&channel=8ecd9c&from=form.php%3Fid%3D1641945-6662%26name%3DYEDECOR+%E3%83%87%E3%82%B9%E3%82%AF%E3%82%AA%E3%83%BC%E3%82%AC%E3%83%8A%E3%82%A4%E3%82%B6%E3%83%BC%E3%82%B7%E3%82%A7%E3%83%AB%E3%83%95%E3%83%A6%E3%83%8B%E3%83%83%E3%83%88+%E8%AA%BF%E6%95%B4%E5%8F%AF%E8%83%BD%E3%81%AA%E6%9C%A8%E6%9D%90%E3%83%87%E3%82%B9%E3%82%AF%E3%83%88%E3%83%83%E3%83%97%E3%82%B7%E3%82%A7%E3%83%AB%E3%83%95+%E6%95%B4%E9%A0%93%E3%81%95%E3%82%8C%E3%81%9F%E3%82%AD%E3%83%83%E3%83%81%E3%83%B3%E3%81%BE%E3%81%9F%E3%81%AF%E3%82%AA%E3%83%95%E3%82%A3%E3%82%B9%E7%94%A8%E3%81%AE%E8%87%AA%E7%AB%8B%E5%9E%8B HTTP/1.1" 200 53187 "-" "Mozilla/5.0 (Linux; Android 6.0.1; Nexus 5X Build/MMB29P) AppleWebKit/537.36 (KHTML, like Gecko) Chrome/135.0.7049.95 Mobile Safari/537.36 (compatible; Googlebot/2.1; +http://www.google.com/bot.html)"
66.249.73.201 - - [02/May/2025:20:38:23 -0400] "GET /?k=28747185402700&channel=970d16&from=news.php%3Fid%3D1854027-4514%26name%3D%E6%BA%B6%E8%9E%8D%E5%9C%A7%E5%8A%9B%E3%82%BB%E3%83%B3%E3%82%B5%E3%83%BC+%E9%AB%98%E6%B8%A9%E6%BA%B6%E8%9E%8D%E5%9C%A7%E5%8A%9B%E3%82%BB%E3%83%B3%E3%82%B5%E3%83%BC%2F%E4%BC%9D%E9%80%81%E5%99%A8+ME1-6-M-B07C-1-4-D+%E6%BA%B6%E8%9E%8D%E5%9C%A7%E5%8A%9B%E5%A4%89%E6%8F%9B%E5%99%A8 HTTP/1.1" 200 52850 "-" "Mozilla/5.0 (Linux; Android 6.0.1; Nexus 5X Build/MMB29P) AppleWebKit/537.36 (KHTML, like Gecko) Chrome/135.0.7049.95 Mobile Safari/537.36 (compatible; Googlebot/2.1; +http://www.google.com/bot.html)"
66.249.73.201 - - [02/May/2025:20:38:24 -0400] "GET /?k=47225136578600&channel=3ceb76&from=news.php%3Fid%3D1365786-7257%26name%3D%E3%83%91%E3%82%BD%E3%82%B3%E3%83%B3%E3%83%90%E3%83%83%E3%82%B0+%E6%B5%B7+%E9%AD%9A%E6%9F%84+%E3%82%B5%E3%83%A1+13-14-15.6%E3%82%A4%E3%83%B3%E3%83%81+%E3%83%91%E3%82%BD%E3%82%B3%E3%83%B3%E3%82%B1%E3%83%BC%E3%82%B9+%E8%A1%9D%E6%92%83%E5%90%B8%E5%8F%8Epc%E3%82%B1%E3%83%BC%E3%82%B9+%E6%92%A5%E6%B0%B4%E3%83%91%E3%82%BD%E3%82%B3%E3%83%B3%E3%83%90%E3%83%83%E3%82%B0+%E3%83%93%E3%82%B8%E3%83%8D%E3%82%B9%E3%83%96%E3%83%AA%E3%83%BC%E3%83%95 HTTP/1.1" 200 53920 "-" "Mozilla/5.0 (Linux; Android 6.0.1; Nexus 5X Build/MMB29P) AppleWebKit/537.36 (KHTML, like Gecko) Chrome/135.0.7049.95 Mobile Safari/537.36 (compatible; Googlebot/2.1; +http://www.google.com/bot.html)"
66.249.73.201 - - [02/May/2025:20:38:24 -0400] "GET /?k=80326169766101&channel=e333fe&from=shared.php%3Fid%3D1697661-4590%26name%3D%5BSuper%5D+19966+%E3%83%AC%E3%83%87%E3%82%A3%E3%83%BC%E3%82%B9+%E3%82%B5%E3%83%B3%E3%83%80%E3%83%AB+%E5%8E%9A%E5%BA%95+%E3%82%AF%E3%83%AD%E3%83%83%E3%82%B0+%E3%82%B5%E3%83%9C+%E3%83%95%E3%82%A1%E3%83%83%E3%82%B7%E3%83%A7%E3%83%B3+%E8%B6%85%E8%BB%BD%E9%87%8F HTTP/1.1" 200 50018 "-" "Mozilla/5.0 (Linux; Android 6.0.1; Nexus 5X Build/MMB29P) AppleWebKit/537.36 (KHTML, like Gecko) Chrome/135.0.7049.95 Mobile Safari/537.36 (compatible; Googlebot/2.1; +http://www.google.com/bot.html)"
66.249.73.200 - - [02/May/2025:20:38:26 -0400] "GET /?k=54776130526705&channel=7ac00e&from=category-info.php%3Fid%3D1305267-632%26name%3D%E9%95%B7%E8%A5%A6%E8%A2%A2+%E7%B5%9E%E3%82%8A+%E6%A5%8A%E6%9F%B3+%E6%B4%92%E8%90%BD%E8%A5%A6%E8%A2%A2+%E6%AD%A3%E7%B5%B9+%E5%8F%8D%E7%89%A9 HTTP/1.1" 200 50406 "-" "Mozilla/5.0 (Linux; Android 6.0.1; Nexus 5X Build/MMB29P) AppleWebKit/537.36 (KHTML, like Gecko) Chrome/135.0.7049.95 Mobile Safari/537.36 (compatible; Googlebot/2.1; +http://www.google.com/bot.html)"
66.249.73.201 - - [02/May/2025:20:38:28 -0400] "GET /?k=2433246485501&channel=167ac5&from=shop.php%3Fid%3D464855-3481%26name%3D%E6%B6%BC%E6%84%9F+%E3%82%B7%E3%83%B3%E3%82%B0%E3%83%AB+%E3%82%B5%E3%82%A4%E3%82%BA+%E6%B4%97%E3%81%88%E3%82%8B+%E5%A4%8F+%E3%82%AD%E3%83%AB%E3%83%88+%E3%83%96%E3%83%A9%E3%83%B3%E3%82%B1%E3%83%83%E3%83%88+%E3%81%8A%E3%81%97%E3%82%83%E3%82%8C+%E7%BE%BD%E6%AF%9B%E5%B8%83%E5%9B%A3+%E3%83%80%E3%83%96%E3%83%AB+%E5%A4%8F+%E6%8E%9B%E3%81%91%E5%B8%83%E5%9B%A3+%E6%9F%94%E3%82%89%E3%81%8B%E3%81%84+%E8%82%8C%E8%A7%A6%E3%82%8A+%E3%83%AA%E3%83%90%E3%83%BC%E3%82%B7%E3%83%96%E3%83%AB HTTP/1.1" 200 54330 "-" "Mozilla/5.0 (Linux; Android 6.0.1; Nexus 5X Build/MMB29P) AppleWebKit/537.36 (KHTML, like Gecko) Chrome/135.0.7049.95 Mobile Safari/537.36 (compatible; Googlebot/2.1; +http://www.google.com/bot.html)"
66.249.73.201 - - [02/May/2025:20:38:31 -0400] "GET /?k=16422178765200&channel=640c33&from=form.php%3Fid%3D1787652-9653%26name%3DTranscend+8TB+STOREJET+3.5%E3%82%A4%E3%83%B3%E3%83%81+T3+HDD+%E3%83%9D%E3%83%BC%E3%82%BF%E3%83%96%E3%83%AB+TS8TSJ35T3+%28%E3%83%9D%E3%83%BC%E3%82%BF%E3%83%96%E3%83%AB%29%E3%80%82 HTTP/1.1" 200 51729 "-" "Mozilla/5.0 (Linux; Android 6.0.1; Nexus 5X Build/MMB29P) AppleWebKit/537.36 (KHTML, like Gecko) Chrome/135.0.7049.95 Mobile Safari/537.36 (compatible; Googlebot/2.1; +http://www.google.com/bot.html)"
66.249.73.200 - - [02/May/2025:20:38:33 -0400] "GET /?k=1511752234500&channel=40c072&from=shared.php%3Fid%3D522345-12111%26name%3Dlikewise+%E3%82%B7%E3%83%95%E3%83%88%E3%83%8E%E3%83%96+%E3%83%8F%E3%83%AD%E3%82%A6%E3%82%A3%E3%83%B3+Ghost HTTP/1.1" 200 51244 "-" "Mozilla/5.0 (Linux; Android 6.0.1; Nexus 5X Build/MMB29P) AppleWebKit/537.36 (KHTML, like Gecko) Chrome/135.0.7049.95 Mobile Safari/537.36 (compatible; Googlebot/2.1; +http://www.google.com/bot.html)"
66.249.73.200 - - [02/May/2025:20:38:34 -0400] "GET /?k=7734677288401&channel=457d1f&from=form.php%3Fid%3D772884-10659%26name%3D%E3%82%AF%E3%83%A9%E3%83%95%E3%83%88%E3%83%AB%E3%83%BC%E3%83%A0%E3%82%AA%E3%83%BC%E3%82%AC%E3%83%8A%E3%82%A4%E3%82%B6%E3%83%BC%E3%83%87%E3%82%A3%E3%82%B9%E3%83%97%E3%83%AC%E3%82%A4%E3%83%87%E3%82%A3%E3%82%B9%E3%83%97%E3%83%AC%E3%82%A4%E3%82%B9%E3%82%BF%E3%83%B3%E3%83%89%E5%9E%82%E7%9B%B4%E3%83%A1%E3%82%BF%E3%83%AB%E3%83%87%E3%82%A3%E3%82%B9%E3%83%97%E3%83%AC%E3%82%A4%E3%83%A9%E3%83%83%E3%82%AF%E3%82%AA%E3%83%BC%E3%82%AC%E3%83%8A%E3%82%A4%E3%82%B6%E3%83%BC%E3%80%81%E3%82%B4%E3%83%BC%E3%83%AB%E3%83%89%E3%80%81%E5%AE%B6%E5%BA%AD%2F%E5%95%86%E6%A5%AD%E7%94%A8%E5%A4%A7%E5%AE%B9%E9%87%8F HTTP/1.1" 200 54519 "-" "Mozilla/5.0 (Linux; Android 6.0.1; Nexus 5X Build/MMB29P) AppleWebKit/537.36 (KHTML, like Gecko) Chrome/135.0.7049.95 Mobile Safari/537.36 (compatible; Googlebot/2.1; +http://www.google.com/bot.html)"
66.249.73.200 - - [02/May/2025:20:38:35 -0400] "GET /?k=3188765798700&channel=1e8ad1&from=shared.php%3Fid%3D657987-15320%26name%3D%E3%81%B6%E3%81%84%E3%81%99%E3%81%BD%E3%81%A3%EF%BC%81+%E5%85%AB%E9%9B%B2%E3%81%B9%E3%81%AB+%E3%82%B8%E3%83%A3%E3%83%BC%E3%82%B8 HTTP/1.1" 200 52040 "-" "Mozilla/5.0 (Linux; Android 6.0.1; Nexus 5X Build/MMB29P) AppleWebKit/537.36 (KHTML, like Gecko) Chrome/135.0.7049.95 Mobile Safari/537.36 (compatible; Googlebot/2.1; +http://www.google.com/bot.html)"
66.249.73.201 - - [02/May/2025:20:38:35 -0400] "GET /?k=9945919870503&channel=8b4d79&from=pin.php%3Fid%3D198705-10129%26name%3DSOUTHJIELING%E3%83%8F%E3%83%B3%E3%83%89%E3%83%98%E3%83%AB%E3%83%89%E3%82%AA%E3%82%B7%E3%83%AD%E3%82%B9%E3%82%B3%E3%83%BC%E3%83%97%E3%82%B7%E3%82%B0%E3%83%8A%E3%83%AB%E3%82%B8%E3%82%A7%E3%83%8D%E3%83%AC%E3%83%BC%E3%82%BF%E3%83%BC+%E3%83%80%E3%83%96%E3%83%AB%E3%83%81%E3%83%A3%E3%83%B3%E3%83%8D%E3%83%AB+250MSa%2Fs+%E3%82%B5%E3%83%B3%E3%83%97%E3%83%AA%E3%83%B3%E3%82%B0%E3%83%AC%E3%83%BC%E3%83%88+5 HTTP/1.1" 200 51427 "-" "Mozilla/5.0 (Linux; Android 6.0.1; Nexus 5X Build/MMB29P) AppleWebKit/537.36 (KHTML, like Gecko) Chrome/135.0.7049.95 Mobile Safari/537.36 (compatible; Googlebot/2.1; +http://www.google.com/bot.html)"
66.249.73.200 - - [02/May/2025:20:38:37 -0400] "GET /?k=73506102264000&channel=ca3491&from=brands.php%3Fid%3D1022640-108%26name%3D%E3%82%AF%E3%83%AD%E3%83%A0%E3%83%8F%E3%83%BC%E3%83%84%E3%80%80matty+boy+SEX+RECORDS%E8%BF%B7%E5%BD%A9%E3%83%90%E3%82%B1%E3%83%83%E3%83%88%E3%83%8F%E3%83%83%E3%83%88 HTTP/1.1" 200 51963 "-" "Mozilla/5.0 (Linux; Android 6.0.1; Nexus 5X Build/MMB29P) AppleWebKit/537.36 (KHTML, like Gecko) Chrome/135.0.7049.95 Mobile Safari/537.36 (compatible; Googlebot/2.1; +http://www.google.com/bot.html)"
66.249.73.201 - - [02/May/2025:20:38:38 -0400] "GET /?k=3509327677106&channel=447420&from=category-info.php%3Fid%3D276771-5320%26name%3D%E3%80%90%E3%82%BF%E3%83%BC%E3%83%81%E6%A7%98%E5%B0%82%E7%94%A8%E3%80%91+%E3%82%B7%E3%83%A3%E3%83%88%E3%83%BC%E3%83%BB%E3%82%AB%E3%83%AD%E3%83%B3%E3%83%BB%E3%82%BB%E3%82%AE%E3%83%A5%E3%83%BC%E3%83%AB+1993+%E3%82%AB%E3%83%AD%E3%83%B3%E3%82%BB%E3%82%AE%E3%83%A5%E3%83%BC%E3%83%AB HTTP/1.1" 200 51975 "-" "Mozilla/5.0 (Linux; Android 6.0.1; Nexus 5X Build/MMB29P) AppleWebKit/537.36 (KHTML, like Gecko) Chrome/135.0.7049.95 Mobile Safari/537.36 (compatible; Googlebot/2.1; +http://www.google.com/bot.html)"
66.249.73.202 - - [02/May/2025:20:38:39 -0400] "GET /?k=7877855801504&channel=a02d18&from=category-info.php%3Fid%3D558015-6847%26name%3D%E3%82%B7%E3%82%A7%E3%83%AA%E3%83%BC%E3%83%A1%E3%82%A4+%E3%83%97%E3%83%AC+%E3%83%A9%E3%83%B3%E3%82%AD%E3%83%B3%E3%82%B0+%E3%83%9E+%E3%82%B8%E3%83%A5%E3%83%8B%E3%82%A2+%E3%82%B8%E3%83%A3%E3%82%B1%E3%83%83%E3%83%88+%E3%83%91%E3%83%BC%E3%82%AB%E3%83%BC%E3%82%AD%E3%83%83%E3%82%BA+%E5%A5%B3%E3%81%AE%E5%AD%90+150+%E3%82%A2%E3%82%A6%E3%82%BF%E3%83%BC+%E3%82%A2%E3%82%A6%E3%82%BF%E3%83%BC+%E3%83%96%E3%83%AB%E3%82%BE%E3%83%B3+%E3%83%9E%E3%83%B3%E3%83%88%E3%82%B3%E3%83%BC%E3%83%88 HTTP/1.1" 200 52298 "-" "Mozilla/5.0 (Linux; Android 6.0.1; Nexus 5X Build/MMB29P) AppleWebKit/537.36 (KHTML, like Gecko) Chrome/135.0.7049.95 Mobile Safari/537.36 (compatible; Googlebot/2.1; +http://www.google.com/bot.html)"
66.249.73.201 - - [02/May/2025:20:38:40 -0400] "GET /?k=0972957112806&channel=60c6e1&from=shared.php%3Fid%3D571128-2458%26name%3DNIKE+Air+Jordan+11+%E3%82%AA%E3%83%AA%E3%82%B8%E3%83%8A%E3%83%AB HTTP/1.1" 200 51321 "-" "Mozilla/5.0 (Linux; Android 6.0.1; Nexus 5X Build/MMB29P) AppleWebKit/537.36 (KHTML, like Gecko) Chrome/135.0.7049.95 Mobile Safari/537.36 (compatible; Googlebot/2.1; +http://www.google.com/bot.html)"
66.249.73.200 - - [02/May/2025:20:38:42 -0400] "GET /?k=419011728901&channel=4ea0d4&from=goods.php%3Fid%3D17289-1232%26name%3D%E3%82%81%E3%81%9E%E3%82%93%E4%B8%80%E5%88%BB++%E4%B8%8D%E8%A6%81%E6%A9%9F++%E3%83%91%E3%83%81%E3%82%B9%E3%83%AD%E5%AE%9F%E6%A9%9F++%E3%82%B9%E3%83%AD%E3%83%83%E3%83%88 HTTP/1.1" 200 52347 "-" "Mozilla/5.0 (Linux; Android 6.0.1; Nexus 5X Build/MMB29P) AppleWebKit/537.36 (KHTML, like Gecko) Chrome/135.0.7049.95 Mobile Safari/537.36 (compatible; Googlebot/2.1; +http://www.google.com/bot.html)"
66.249.73.200 - - [02/May/2025:20:38:44 -0400] "GET /?k=0977036052508&channel=08fd86&from=jp.php%3Fid%3D360525-4100%26name%3D%E3%82%AD%E3%83%A3%E3%83%AD%E3%82%A6%E3%82%A7%E3%82%A4%E3%80%80%E3%82%AD%E3%83%A3%E3%83%87%E3%82%A3%E3%83%90%E3%83%83%E3%82%B0 HTTP/1.1" 200 50280 "-" "Mozilla/5.0 (Linux; Android 6.0.1; Nexus 5X Build/MMB29P) AppleWebKit/537.36 (KHTML, like Gecko) Chrome/135.0.7049.95 Mobile Safari/537.36 (compatible; Googlebot/2.1; +http://www.google.com/bot.html)"
66.249.73.200 - - [02/May/2025:20:38:46 -0400] "GET /?k=74815119582604&channel=af9f6e&from=product.php%3Fid%3D1195826-2993%26name%3D%E3%82%AA%E3%83%BC%E3%83%88%E3%83%90%E3%82%A4%E7%94%A8%E3%83%87%E3%82%B8%E3%82%BF%E3%83%AB%E3%82%AE%E3%82%A2%E3%82%A4%E3%83%B3%E3%82%B8%E3%82%B1%E3%83%BC%E3%82%BF%E3%83%BC+CB650R+2019-2020+CB1000R+2008-2017+CB+650R+CB HTTP/1.1" 200 52352 "-" "Mozilla/5.0 (Linux; Android 6.0.1; Nexus 5X Build/MMB29P) AppleWebKit/537.36 (KHTML, like Gecko) Chrome/135.0.7049.95 Mobile Safari/537.36 (compatible; Googlebot/2.1; +http://www.google.com/bot.html)"
66.249.73.200 - - [02/May/2025:20:38:47 -0400] "GET /?k=3208070650905&channel=1bf2c3&from=pin.php%3Fid%3D706509-3691%26name%3D%E3%83%9E%E3%82%AD%E3%82%BF%E3%80%80%E3%83%9A%E3%83%B3%E3%82%A4%E3%83%B3%E3%83%91%E3%82%AF%E3%83%88%E3%80%80%E3%81%BE%E3%81%95%E3%81%BD%E3%81%BD%E3%81%BD%E6%A7%98%E3%80%80%E7%A2%BA%E8%AA%8D%E7%94%A8 HTTP/1.1" 200 51353 "-" "Mozilla/5.0 (Linux; Android 6.0.1; Nexus 5X Build/MMB29P) AppleWebKit/537.36 (KHTML, like Gecko) Chrome/135.0.7049.95 Mobile Safari/537.36 (compatible; Googlebot/2.1; +http://www.google.com/bot.html)"
66.249.73.200 - - [02/May/2025:20:38:49 -0400] "GET /?k=359622379600&channel=d50a04&from=news.php%3Fid%3D23796-2635%26name%3D%E3%80%902%E5%80%8B%E3%82%BB%E3%83%83%E3%83%88%EF%BC%811500%E5%86%86%E5%89%B2%E5%BC%95%EF%BC%81%E3%80%91A%E5%9E%8B%E3%82%B9%E3%82%BF%E3%83%B3%E3%83%89%E7%9C%8B%E6%9D%BF+A1%E3%82%B5%E3%82%A4%E3%82%BA+%E7%89%87%E9%9D%A2+%E3%83%95%E3%83%AC%E3%83%BC%E3%83%A0%E5%B9%8532mm+%E3%83%96%E3%83%A9%E3%83%83%E3%82%AF+%E5%B1%8B%E5%A4%96%E5%AF%BE%E5%BF%9C+%E9%98%B2%E9%9B%A8%E3%80%90%E6%B3%95%E4%BA%BA%E5%90%8D%E7%BE%A9%EF%BC%9A%E4%BB%A3%E5%BC%95%E5%8F%AF%E3%80%91%EF%BC%88kjc-a1-s-2set%EF%BC%89 HTTP/1.1" 200 53452 "-" "Mozilla/5.0 (Linux; Android 6.0.1; Nexus 5X Build/MMB29P) AppleWebKit/537.36 (KHTML, like Gecko) Chrome/135.0.7049.95 Mobile Safari/537.36 (compatible; Googlebot/2.1; +http://www.google.com/bot.html)"
66.249.73.200 - - [02/May/2025:20:38:51 -0400] "GET /?k=6857167502103&channel=e664a0&from=product.php%3Fid%3D675021-600%26name%3D%E3%83%AC%E3%82%A2++Roen++%E3%83%AD%E3%82%A8%E3%83%B3++%E9%B9%BF%E9%9D%A9++%E3%83%AC%E3%82%B6%E3%83%BC%E3%82%B8%E3%83%A3%E3%82%B1%E3%83%83%E3%83%88++%E5%88%9D%E6%9C%9F%E3%82%BF%E3%82%B0 HTTP/1.1" 200 50315 "-" "Mozilla/5.0 (Linux; Android 6.0.1; Nexus 5X Build/MMB29P) AppleWebKit/537.36 (KHTML, like Gecko) Chrome/135.0.7049.95 Mobile Safari/537.36 (compatible; Googlebot/2.1; +http://www.google.com/bot.html)"
66.249.73.200 - - [02/May/2025:20:38:51 -0400] "GET /?k=2645971778000&channel=0bf91f&from=article.php%3Fid%3D717780-8887%26name%3D%5B%E3%83%93%E3%83%93%E3%82%B3%5D+95cm+%E3%82%B8%E3%83%BC%E3%83%B3%E3%82%BA+%E6%98%A5%E5%A4%8F+%E3%83%A1%E3%83%B3%E3%82%BA+%E3%83%AD%E3%82%B4%E3%83%97%E3%83%AA%E3%83%B3%E3%83%88+%E3%82%BF%E3%82%A4%E3%83%80%E3%82%A4%E6%9F%84+%E3%83%8E%E3%83%BC%E3%82%BF%E3%83%83%E3%82%AF+%E3%83%87%E3%83%8B%E3%83%A0+g-41-5302-01-49 HTTP/1.1" 200 50704 "-" "Mozilla/5.0 (Linux; Android 6.0.1; Nexus 5X Build/MMB29P) AppleWebKit/537.36 (KHTML, like Gecko) Chrome/135.0.7049.95 Mobile Safari/537.36 (compatible; Googlebot/2.1; +http://www.google.com/bot.html)"
66.249.73.202 - - [02/May/2025:20:38:54 -0400] "GET /?k=71764160392002&channel=5146d9&from=brands.php%3Fid%3D1603920-3396%26name%3DAQUOS+%E3%82%AF%E3%82%A2%E3%83%88%E3%83%AD%E3%83%B3+3D+LC-60G7+%5B60%E3%82%A4%E3%83%B3%E3%83%81%5D HTTP/1.1" 200 50535 "-" "Mozilla/5.0 (Linux; Android 6.0.1; Nexus 5X Build/MMB29P) AppleWebKit/537.36 (KHTML, like Gecko) Chrome/135.0.7049.95 Mobile Safari/537.36 (compatible; Googlebot/2.1; +http://www.google.com/bot.html)"
66.249.73.201 - - [02/May/2025:20:38:54 -0400] "GET /?k=0436953424305&channel=d90a63&from=goods.php%3Fid%3D534243-143%26name%3D%40%E6%B3%A2%E6%A7%98%E5%B0%82%E7%94%A8 HTTP/1.1" 200 51545 "-" "Mozilla/5.0 (Linux; Android 6.0.1; Nexus 5X Build/MMB29P) AppleWebKit/537.36 (KHTML, like Gecko) Chrome/135.0.7049.95 Mobile Safari/537.36 (compatible; Googlebot/2.1; +http://www.google.com/bot.html)"
66.249.73.202 - - [02/May/2025:20:38:56 -0400] "GET /?k=2010779202703&channel=bc53b0&from=shared.php%3Fid%3D792027-3997%26name%3D%E3%83%AC%E3%83%BC%E3%83%AB%E7%87%83%E6%96%99%E3%82%A4%E3%83%B3%E3%82%B8%E3%82%A7%E3%82%AF%E3%82%BF%E3%83%BC+0950005450+%E3%83%87%E3%82%A3%E3%83%BC%E3%82%BC%E3%83%AB%E3%82%A4%E3%83%B3%E3%82%B8%E3%82%A7%E3%82%AF%E3%82%B7%E3%83%A7%E3%83%B3+MITSUBISHI+6M60+ME302143+%E3%82%A8%E3%83%B3%E3%82%B8 HTTP/1.1" 200 50977 "-" "Mozilla/5.0 (Linux; Android 6.0.1; Nexus 5X Build/MMB29P) AppleWebKit/537.36 (KHTML, like Gecko) Chrome/135.0.7049.95 Mobile Safari/537.36 (compatible; Googlebot/2.1; +http://www.google.com/bot.html)"
