66.249.74.103 - - [02/May/2025:22:24:13 -0400] "GET /?k=7595970026602&channel=99a683&from=blog.php%3Fid%3D700266-15909%26name%3D%E6%9C%A8%E8%A3%BD%E3%83%8F%E3%83%8B%E3%83%BC%E3%83%87%E3%82%A3%E3%83%83%E3%83%91%E3%83%BC%E3%80%81%E3%83%8F%E3%83%8B%E3%83%BC%E3%83%87%E3%82%A3%E3%83%83%E3%83%91%E3%83%BC%E3%82%B9%E3%83%86%E3%82%A3%E3%83%83%E3%82%AF%2C%E3%83%8F%E3%83%8B%E3%83%BC%E3%82%B9%E3%83%97%E3%83%BC%E3%83%B3%E7%94%A8%E3%83%AD%E3%83%B3%E3%82%B0%E3%83%8F%E3%83%B3%E3%83%89%E3%83%AB%E3%83%8F%E3%83%8B%E3%83%BC%E3%82%B8%E3%83%A3%E3%83%BC%E3%83%9F%E3%82%AD%E3%82%B7%E3%83%B3%E3%82%B0%E3%82%B9%E3%83%86%E3%82%A3%E3%83%83%E3%82%AF+%7C+%E4%BC%91%E6%97%A5%E6%84%9B%E5%A5%BD%E5%AE%B6%E3%81%AE%E5%AE%B6 HTTP/1.1" 200 53457 "-" "Mozilla/5.0 (Linux; Android 6.0.1; Nexus 5X Build/MMB29P) AppleWebKit/537.36 (KHTML, like Gecko) Chrome/135.0.7049.95 Mobile Safari/537.36 (compatible; Googlebot/2.1; +http://www.google.com/bot.html)"
66.249.74.105 - - [02/May/2025:22:24:15 -0400] "GET /?k=021903972901&channel=0a0ce4&from=shop.php%3Fid%3D39729-4180%26name%3DNintendo+Switch+Lite+%E6%9C%AC%E4%BD%93+%E3%82%BF%E3%83%BC%E3%82%B3%E3%82%A4%E3%82%BA HTTP/1.1" 200 50053 "-" "Mozilla/5.0 (Linux; Android 6.0.1; Nexus 5X Build/MMB29P) AppleWebKit/537.36 (KHTML, like Gecko) Chrome/135.0.7049.95 Mobile Safari/537.36 (compatible; Googlebot/2.1; +http://www.google.com/bot.html)"
66.249.74.103 - - [02/May/2025:22:24:16 -0400] "GET /?k=4688720120404&channel=804086&from=category-info.php%3Fid%3D201204-5536%26name%3D%E5%B1%8B%E5%A4%96%E7%94%A8%E8%BB%8A%E3%82%AB%E3%83%90%E3%83%BCHaval+forF7+F7x+H7+%E9%9B%B9%E5%AF%BE%E7%AD%96%E8%BB%8A%E9%98%B2%E6%B0%B4%E3%82%B7%E3%83%BC%E3%83%88%E9%98%B2%E6%B0%B4%E8%BB%8A%E3%82%AB%E3%83%90%E3%83%BC%E9%AB%98%E5%BC%BE%E6%80%A7%E3%82%BD%E3%83%95%E3%83%88%E6%97%A5%E7%84%BC%E3%81%91%E9%98%B2%E6%AD%A2%28B%2CF7x%29 HTTP/1.1" 200 52578 "-" "Mozilla/5.0 (Linux; Android 6.0.1; Nexus 5X Build/MMB29P) AppleWebKit/537.36 (KHTML, like Gecko) Chrome/135.0.7049.95 Mobile Safari/537.36 (compatible; Googlebot/2.1; +http://www.google.com/bot.html)"
66.249.74.103 - - [02/May/2025:22:24:18 -0400] "GET /?k=4707512885100&channel=02ba53&from=brands.php%3Fid%3D128851-4305%26name%3D%E3%83%87%E3%83%A5%E3%82%A8%E3%83%AB%E3%83%BB%E3%83%9E%E3%82%B9%E3%82%BF%E3%83%BC%E3%82%BA%E3%80%80%E3%82%B5%E3%83%83%E3%83%B4%E3%82%A1%E3%83%BC%E3%82%AFDG%E3%82%BB%E3%83%83%E3%83%88 HTTP/1.1" 200 51934 "-" "Mozilla/5.0 (Linux; Android 6.0.1; Nexus 5X Build/MMB29P) AppleWebKit/537.36 (KHTML, like Gecko) Chrome/135.0.7049.95 Mobile Safari/537.36 (compatible; Googlebot/2.1; +http://www.google.com/bot.html)"
66.249.74.104 - - [02/May/2025:22:24:20 -0400] "GET /?k=0792990971600&channel=51f081&from=shop.php%3Fid%3D909716-9243%26name%3D%E4%BD%9C%E8%80%85%E3%80%80micchan+%E6%B2%B9%E7%B5%B5%E3%80%80F15%E5%8F%B7%E3%80%80%E5%8E%9F%E7%94%BB%E3%80%80%E6%97%A5%E6%9C%AC%E4%BA%BA%E5%BD%A2 HTTP/1.1" 200 52323 "-" "Mozilla/5.0 (Linux; Android 6.0.1; Nexus 5X Build/MMB29P) AppleWebKit/537.36 (KHTML, like Gecko) Chrome/135.0.7049.95 Mobile Safari/537.36 (compatible; Googlebot/2.1; +http://www.google.com/bot.html)"
66.249.74.104 - - [02/May/2025:22:24:21 -0400] "GET /?k=84758182595803&channel=67366a&from=category-info.php%3Fid%3D1825958-8669%26name%3D140+%E5%A5%B3%E3%81%AE%E5%AD%90+%E6%9C%8D+%E3%82%A2%E3%82%A6%E3%82%BF%E3%83%BC+%E3%82%AD%E3%83%83%E3%82%BA+140+%E3%83%91%E3%83%BC%E3%82%AB%E3%83%BC+%E3%82%AD%E3%83%83%E3%82%BA+%E3%83%9E+%E3%82%AD%E3%83%83%E3%82%BA+%E3%82%A2%E3%82%A6%E3%82%BF%E3%83%BC+%E5%A5%B3%E3%81%AE%E5%AD%90+%E3%83%95%E3%83%BC%E3%83%89%E3%81%AA%E3%81%97+%E3%83%95%E3%83%AA%E3%83%BC%E3%82%B9%E3%82%B8%E3%83%A3%E3%82%B1%E3%83%83%E3%83%88+%E5%A5%B3%E3%81%AE%E5%AD%90 HTTP/1.1" 200 52992 "-" "Mozilla/5.0 (Linux; Android 6.0.1; Nexus 5X Build/MMB29P) AppleWebKit/537.36 (KHTML, like Gecko) Chrome/135.0.7049.95 Mobile Safari/537.36 (compatible; Googlebot/2.1; +http://www.google.com/bot.html)"
66.249.74.103 - - [02/May/2025:22:24:22 -0400] "GET /?k=3171816351103&channel=febcc8&from=goods.php%3Fid%3D163511-9489%26name%3DGLDDFDG+%E3%83%A9%E3%82%A4%E3%83%88%E3%83%9C%E3%83%83%E3%82%AF%E3%82%B9+%E7%A3%81%E6%B0%97+LED+%E3%82%B3%E3%83%94%E3%83%BC%E3%83%9C%E3%83%BC%E3%83%89+%E6%8F%8F%E7%94%BB%E3%83%88%E3%83%AC%E3%83%BC%E3%82%B9%E3%83%A9%E3%82%A4%E3%83%88%E3%83%91%E3%83%83%E3%83%89%E3%80%81%E8%B6%85%E8%96%84%E5%9E%8B+%E7%84%A1%E6%AE%B5%E9%9A%8E%E8%BC%9D%E5%BA%A6%E3%82%B3%E3%83%B3%E3%83%88%E3%83%AD%E3%83%BC%E3%83%AB+%E3%83%A1%E3%83%A2%E3%83%AA%E3%83%BC%E6%A9%9F%E8%83%BD%E4%BB%98 HTTP/1.1" 200 52286 "-" "Mozilla/5.0 (Linux; Android 6.0.1; Nexus 5X Build/MMB29P) AppleWebKit/537.36 (KHTML, like Gecko) Chrome/135.0.7049.95 Mobile Safari/537.36 (compatible; Googlebot/2.1; +http://www.google.com/bot.html)"
66.249.74.103 - - [02/May/2025:22:24:24 -0400] "GET /?k=60237141656400&channel=1fd395&from=news.php%3Fid%3D1416564-24004%26name%3D%5BYTYVAGT%5D+%E7%9C%8B%E8%AD%B7%E5%B8%BD%E5%AD%90%E3%80%81%E3%83%9C%E3%82%BF%E3%83%B3%E4%BB%98%E3%81%8D%E3%83%AF%E3%83%BC%E3%82%AD%E3%83%B3%E3%82%B0%E3%82%AD%E3%83%A3%E3%83%83%E3%83%97%E3%80%81%E3%82%B3%E3%83%83%E3%83%88%E3%83%B3%E6%B1%97%E6%AD%A2%E3%82%81%E3%83%90%E3%83%B3%E3%83%89%2C%E3%83%99%E3%82%A2%E3%83%A0%E3%83%BC%E3%83%B3%E3%83%95%E3%82%A9%E3%83%AC%E3%82%B9%E3%83%88%E3%83%84%E3%83%AA%E3%83%BC HTTP/1.1" 200 51211 "-" "Mozilla/5.0 (Linux; Android 6.0.1; Nexus 5X Build/MMB29P) AppleWebKit/537.36 (KHTML, like Gecko) Chrome/135.0.7049.95 Mobile Safari/537.36 (compatible; Googlebot/2.1; +http://www.google.com/bot.html)"
66.249.74.103 - - [02/May/2025:22:24:28 -0400] "GET /?k=935203763806&channel=48c57a&from=form.php%3Fid%3D37638-3995%26name%3D%E3%82%AA%E3%82%A4%E3%83%AB%E3%82%BF%E3%83%B3%E3%82%AF%E6%B5%81%E5%87%BA%E3%83%88%E3%83%AC%E3%82%A4%E3%80%81%E3%82%AA%E3%82%A4%E3%83%AB%E3%83%89%E3%83%A9%E3%83%A0%E6%B5%81%E5%87%BA%E3%83%97%E3%83%A9%E3%83%83%E3%83%88%E3%83%95%E3%82%A9%E3%83%BC%E3%83%A0%E3%80%81%E6%8E%92%E6%B0%B4%E5%8F%A3%E3%81%A8%E3%83%95%E3%82%A9%E3%83%BC%E3%82%AF%E3%83%AA%E3%83%95%E3%83%88%E3%83%9D%E3%82%B1%E3%83%83%E3%83%88%E4%BB%98%E3%81%8D%E3%83%A2%E3%82%B8%E3%83%A5%E3%83%A9%E3%83%BC%E6%B5%81%E5%87%BA%E9%98%B2%E6%AD%A2%E3%83%91%E3%83%AC%E3%83%83%E3%83%88%E3%80%81%E3%83%9A%E3%82%A4%E3%83%B3%E3%83%88%E3%83%90%E3%82%B1 HTTP/1.1" 200 51911 "-" "Mozilla/5.0 (Linux; Android 6.0.1; Nexus 5X Build/MMB29P) AppleWebKit/537.36 (KHTML, like Gecko) Chrome/135.0.7049.95 Mobile Safari/537.36 (compatible; Googlebot/2.1; +http://www.google.com/bot.html)"
66.249.74.103 - - [02/May/2025:22:24:29 -0400] "GET /?k=99424169058106&channel=7c5b67&from=shop.php%3Fid%3D1690581-25676%26name%3D%E7%8C%AB%E8%80%B3+%E3%83%8D%E3%82%B3%E8%80%B3+%E3%82%AB%E3%83%81%E3%83%A5%E3%83%BC%E3%82%B7%E3%83%A3+%E3%83%94%E3%83%B3%E3%82%AF+%E3%83%AD%E3%83%AA%E3%83%BC%E3%82%BF+%E5%A7%AB%E7%B3%BB+%E3%83%95%E3%83%AA%E3%83%95%E3%83%AA+%E3%83%AA%E3%83%9C%E3%83%B3+%E5%8F%AF%E6%84%9B%E3%81%84+%E9%88%B4 HTTP/1.1" 200 52332 "-" "Mozilla/5.0 (Linux; Android 6.0.1; Nexus 5X Build/MMB29P) AppleWebKit/537.36 (KHTML, like Gecko) Chrome/135.0.7049.95 Mobile Safari/537.36 (compatible; Googlebot/2.1; +http://www.google.com/bot.html)"
66.249.74.103 - - [02/May/2025:22:24:33 -0400] "GET /?k=1163683020200&channel=9a0cc8&from=form.php%3Fid%3D830202-14787%26name%3D%E8%A2%AB%E5%B8%83%E3%82%BB%E3%83%83%E3%83%88+%E5%A5%B3%E5%85%903%E6%AD%B3%E7%94%A8+%E8%8A%B1%E6%9F%84 HTTP/1.1" 200 52001 "-" "Mozilla/5.0 (Linux; Android 6.0.1; Nexus 5X Build/MMB29P) AppleWebKit/537.36 (KHTML, like Gecko) Chrome/135.0.7049.95 Mobile Safari/537.36 (compatible; Googlebot/2.1; +http://www.google.com/bot.html)"
66.249.74.103 - - [02/May/2025:22:24:34 -0400] "GET /?k=0907027237400&channel=a917b8&from=article.php%3Fid%3D272374-7276%26name%3D%E3%83%93%E3%83%9C+%E3%82%A2%E3%82%A4%E3%83%95%E3%83%AB%E3%82%A2%E3%82%A4%E3%83%A9%E3%82%A4%E3%83%8A%E3%83%BC1 HTTP/1.1" 200 52226 "-" "Mozilla/5.0 (Linux; Android 6.0.1; Nexus 5X Build/MMB29P) AppleWebKit/537.36 (KHTML, like Gecko) Chrome/135.0.7049.95 Mobile Safari/537.36 (compatible; Googlebot/2.1; +http://www.google.com/bot.html)"
66.249.74.104 - - [02/May/2025:22:24:35 -0400] "GET /?k=9107460430200&channel=cfc47c&from=blog.php%3Fid%3D604302-2702%26name%3DM467+l%E5%AD%97%E3%83%87%E3%82%B9%E3%82%AF+%E3%83%91%E3%82%BD%E3%82%B3%E3%83%B3%E3%83%87%E3%82%B9%E3%82%AF+L%E5%AD%97%E5%9E%8B+%E3%82%B2%E3%83%BC%E3%83%9F%E3%83%B3%E3%82%B0%E3%83%87%E3%82%B9%E3%82%AF+%E3%83%87%E3%82%B9%E3%82%AF+%E6%9C%BA%E3%80%80%E5%8F%8E%E7%B4%8D HTTP/1.1" 200 53198 "-" "Mozilla/5.0 (Linux; Android 6.0.1; Nexus 5X Build/MMB29P) AppleWebKit/537.36 (KHTML, like Gecko) Chrome/135.0.7049.95 Mobile Safari/537.36 (compatible; Googlebot/2.1; +http://www.google.com/bot.html)"
66.249.74.104 - - [02/May/2025:22:24:36 -0400] "GET /?k=63430135050706&channel=75cc13&from=brands.php%3Fid%3D1350507-21511%26name%3D%E3%83%96%E3%83%83%E3%82%B8%E3%83%BC%E7%94%A8%E3%81%AE%E9%B3%A5%E3%81%AE%E3%81%8A%E3%82%82%E3%81%A1%E3%82%83%E3%80%81%E3%83%91%E3%83%A9%E3%82%AD%E3%83%BC%E3%83%88%E3%82%B1%E3%83%BC%E3%82%B8%E3%81%AE%E3%81%8A%E3%82%82%E3%81%A1%E3%82%83+%7C+%E3%83%91%E3%83%A9%E3%82%AD%E3%83%BC%E3%83%88%E7%94%A8%E3%81%AE%E6%9C%A8%E8%A3%BD%E3%82%B9%E3%83%97%E3%83%AA%E3%83%B3%E3%82%B0%E3%82%B9%E3%82%A4%E3%83%B3%E3%82%B0%E3%81%8A%E3%82%82%E3%81%A1%E3%82%83+%7C+%E9%B3%A5%E3%81%AE%E6%8E%A1%E9%A4%8C%E3%82%A2%E3%82%AF%E3%83%86%E3%82%A3%E3%83%93%E3%83%86%E3%82%A3%E3%80%81 HTTP/1.1" 200 53003 "-" "Mozilla/5.0 (Linux; Android 6.0.1; Nexus 5X Build/MMB29P) AppleWebKit/537.36 (KHTML, like Gecko) Chrome/135.0.7049.95 Mobile Safari/537.36 (compatible; Googlebot/2.1; +http://www.google.com/bot.html)"
66.249.74.106 - - [02/May/2025:22:24:38 -0400] "GET /?k=13747154527903&channel=8069b0&from=article.php%3Fid%3D1545279-1727%26name%3DLOEWE+%E3%83%AD%E3%82%A8%E3%83%99+%E3%83%9C%E3%82%B9%E3%83%88%E3%83%B3%E3%83%90%E3%83%83%E3%82%AF+%E5%A4%A7%E5%AE%B9%E9%87%8F+%E3%83%AC%E3%82%B6%E3%83%BC+%E3%82%A2%E3%83%8A%E3%82%B0%E3%83%A9%E3%83%A0+%E9%87%91%E5%85%B7%E3%83%AD%E3%82%B4 HTTP/1.1" 200 50872 "-" "Mozilla/5.0 (Linux; Android 6.0.1; Nexus 5X Build/MMB29P) AppleWebKit/537.36 (KHTML, like Gecko) Chrome/135.0.7049.95 Mobile Safari/537.36 (compatible; Googlebot/2.1; +http://www.google.com/bot.html)"
66.249.74.104 - - [02/May/2025:22:24:39 -0400] "GET /?k=4202056637909&channel=c1cb7a&from=jp.php%3Fid%3D566379-600%26name%3D%E6%AD%A3%E8%A6%8F%E5%93%81%E3%80%80ANTIDOTE+SNAKELAB+RACING+%E3%83%AC%E3%82%B6%E3%83%BC%E3%82%B8%E3%83%A3%E3%82%B1%E3%83%83%E3%83%88 HTTP/1.1" 200 51003 "-" "Mozilla/5.0 (Linux; Android 6.0.1; Nexus 5X Build/MMB29P) AppleWebKit/537.36 (KHTML, like Gecko) Chrome/135.0.7049.95 Mobile Safari/537.36 (compatible; Googlebot/2.1; +http://www.google.com/bot.html)"
66.249.74.105 - - [02/May/2025:22:24:42 -0400] "GET /?k=9622737313406&channel=4485bd&from=info.php%3Fid%3D373134-10555%26name%3D%E3%82%AF%E3%83%A9%E3%83%AA%E3%83%8D%E3%83%83%E3%83%88+%E3%82%AF%E3%83%A9%E3%83%AA%E3%83%8D%E3%83%83%E3%83%88+Bb+17+%E3%82%AD%E3%83%BC%E3%83%9D%E3%83%BC%E3%82%BF%E3%83%96%E3%83%AB%E3%82%AF%E3%83%A9%E3%83%AA%E3%83%8D%E3%83%83%E3%83%88%E6%A5%BD%E5%99%A8 HTTP/1.1" 200 52778 "-" "Mozilla/5.0 (Linux; Android 6.0.1; Nexus 5X Build/MMB29P) AppleWebKit/537.36 (KHTML, like Gecko) Chrome/135.0.7049.95 Mobile Safari/537.36 (compatible; Googlebot/2.1; +http://www.google.com/bot.html)"
66.249.74.105 - - [02/May/2025:22:24:43 -0400] "GET /?k=78708170884500&channel=99e84c&from=brands.php%3Fid%3D1708845-356%26name%3D%E3%82%B5%E3%83%B3%E3%83%AA%E3%82%AA%E3%81%AE%E6%A0%AA%E4%B8%BB%E5%84%AA%E5%BE%85%E5%88%B8%E3%80%804%E6%9E%9A%E3%80%80%E6%9C%89%E5%8A%B9%E6%9C%9F%E9%99%90++++2025%E5%B9%B41%E6%9C%8831%E6%97%A5 HTTP/1.1" 200 51875 "-" "Mozilla/5.0 (Linux; Android 6.0.1; Nexus 5X Build/MMB29P) AppleWebKit/537.36 (KHTML, like Gecko) Chrome/135.0.7049.95 Mobile Safari/537.36 (compatible; Googlebot/2.1; +http://www.google.com/bot.html)"
66.249.74.104 - - [02/May/2025:22:24:45 -0400] "GET /?k=89007171093604&channel=329ee1&from=blog.php%3Fid%3D1710936-24368%26name%3D%E3%83%AC%E3%82%AC%E3%82%B7%E3%82%A3+%E3%83%AC%E3%82%AC%E3%82%B7%E3%82%A3%E3%83%AF%E3%82%B4%E3%83%B3+%E3%82%A6%E3%82%A3%E3%83%83%E3%82%B7%E3%83%A5+205%2F60R16+%E3%82%AA%E3%83%BC%E3%83%AB%E3%82%B7%E3%83%BC%E3%82%BA%E3%83%B3+%7C+%E3%83%A8%E3%82%B3%E3%83%8F%E3%83%9E+%E3%83%96%E3%83%AB%E3%83%BC%E3%82%A2%E3%83%BC%E3%82%B9+AW21+%26+SLS+16%E3%82%A4%E3%83%B3%E3%83%81+5%E7%A9%B4100 HTTP/1.1" 200 53041 "-" "Mozilla/5.0 (Linux; Android 6.0.1; Nexus 5X Build/MMB29P) AppleWebKit/537.36 (KHTML, like Gecko) Chrome/135.0.7049.95 Mobile Safari/537.36 (compatible; Googlebot/2.1; +http://www.google.com/bot.html)"
40.77.167.116 - - [02/May/2025:22:24:47 -0400] "GET /?k=22789148585100&channel=c5791f&from=pin.php%3Fid%3D1485851-24550%26name%3D1+%E5%80%8B%E8%BB%8A%E3%83%AA%E3%82%A2%E3%83%87%E3%82%A3%E3%83%95%E3%82%A1%E3%83%AC%E3%83%B3%E3%82%B7%E3%83%A3%E3%83%AB%E7%B2%98%E6%80%A7%E3%82%AB%E3%83%97%E3%83%A9%E3%83%BC%E3%82%AF%E3%83%A9%E3%83%83%E3%83%81%E4%BA%A4%E6%8F%9B%E3%83%95%E3%82%A9%E3%83%BC%E3%83%89%E3%82%A8%E3%83%83%E3%82%B8%2F%E3%83%95%E3%83%AC%E3%83%83%E3%82%AF%E3%82%B9%2F%E3%83%AA%E3%83%B3%E3%82%AB%E3%83%BC%E3%83%B3%2F%E3%82%B3%E3%83%B3%E3%83%81%E3%83%8D%E3%83%B3%E3%82%BF%E3%83%AB+2013-2021+O HTTP/1.1" 200 41376 "-" "Mozilla/5.0 AppleWebKit/537.36 (KHTML, like Gecko; compatible; bingbot/2.0; +http://www.bing.com/bingbot.htm) Chrome/116.0.1938.76 Safari/537.36"
66.249.74.105 - - [02/May/2025:22:24:48 -0400] "GET /?k=4927087505604&channel=6bad2a&from=jp.php%3Fid%3D875056-3179%26name%3DQ-pot+%E3%82%AC%E3%83%A9%E3%82%B1%E3%83%BC%E3%80%80%E3%83%81%E3%83%A7%E3%82%B3%E3%83%AC%E3%83%BC%E3%83%88 HTTP/1.1" 200 51150 "-" "Mozilla/5.0 (Linux; Android 6.0.1; Nexus 5X Build/MMB29P) AppleWebKit/537.36 (KHTML, like Gecko) Chrome/135.0.7049.95 Mobile Safari/537.36 (compatible; Googlebot/2.1; +http://www.google.com/bot.html)"
66.249.74.106 - - [02/May/2025:22:24:50 -0400] "GET /?k=6781153879101&channel=4b431e&from=category-info.php%3Fid%3D538791-1933%26name%3D%E3%82%B7%E3%83%A3%E3%83%B3%E3%83%87%E3%83%AA%E3%82%A2%2C+%E3%82%AF%E3%83%AA%E3%82%A8%E3%82%A4%E3%83%86%E3%82%A3%E3%83%96%E3%81%AA%E3%83%95%E3%83%A9%E3%82%A4%E3%83%B3%E3%82%B0%E3%82%BD%E3%83%BC%E3%82%B5%E3%83%BC%E5%9E%8B%E5%90%8A%E3%82%8A%E4%B8%8B%E3%81%92%E3%83%A9%E3%83%B3%E3%83%97+%E3%82%B7%E3%83%B3%E3%83%97%E3%83%AB%E3%81%AALED%E9%AB%98%E3%81%95%E8%AA%BF%E7%AF%80%E5%8F%AF%E8%83%BD%E3%81%AA%E5%90%8A%E3%82%8A%E4%B8%8B%E3%81%92%E3%83%A9%E3%82%A4%E3%83%88+%E5%AF%9D%E5%AE%A4+%E5%8B%89%E5%BC%B7+%E3%83%90%E3%83%BC%E3%82%AB HTTP/1.1" 200 52893 "-" "Mozilla/5.0 (Linux; Android 6.0.1; Nexus 5X Build/MMB29P) AppleWebKit/537.36 (KHTML, like Gecko) Chrome/135.0.7049.95 Mobile Safari/537.36 (compatible; Googlebot/2.1; +http://www.google.com/bot.html)"
66.249.74.106 - - [02/May/2025:22:24:51 -0400] "GET /?k=1208222630501&channel=7b3c77&from=shop.php%3Fid%3D226305-9022%26name%3D%E8%B6%85%E5%BC%B7%E5%8A%9B%E3%83%9E%E3%82%B0%E3%83%8D%E3%83%83%E3%83%88+%E7%A3%81%E7%9F%B3%E3%83%8D%E3%82%AA%E3%82%B8%E3%83%A0+5%2F10%2F20%2F30%2F50PCS+20x3%E3%82%B7%E3%83%BC%E3%83%88%E3%83%8D%E3%82%AA%E3%82%B8%E3%83%A0%E3%83%9E%E3%82%B0%E3%83%8D%E3%83%83%E3%83%8820mmx3mm%E3%83%A9%E3%82%A6%E3%83%B3%E3%83%89%E3%83%91%E3%83%AF%E3%83%95%E3%83%ABN HTTP/1.1" 200 53016 "-" "Mozilla/5.0 (Linux; Android 6.0.1; Nexus 5X Build/MMB29P) AppleWebKit/537.36 (KHTML, like Gecko) Chrome/135.0.7049.95 Mobile Safari/537.36 (compatible; Googlebot/2.1; +http://www.google.com/bot.html)"
66.249.74.107 - - [02/May/2025:22:24:54 -0400] "GET /?k=90671121214000&channel=c12332&from=category-info.php%3Fid%3D1212140-21987%26name%3D%E9%87%A3%E6%AD%A6%E8%80%85+%E3%82%BF%E3%83%83%E3%82%AF%E3%83%AB%E3%83%84%E3%83%AA%E3%83%BC+%2F+3%E3%81%A4%E3%81%AE%E3%83%91%E3%83%BC%E3%83%84%E3%82%92%E5%8F%96%E3%82%8A%E4%BB%98%E3%81%91%E5%8F%AF%E8%83%BD%E3%81%AA%E3%83%9B%E3%83%AB%E3%83%80%E3%83%BC+%2F+%E9%87%A3%E5%85%B7+%2F+%E3%80%90%E3%83%A1%E3%83%BC%E3%83%AB%E4%BE%BF%E7%99%BA%E9%80%81%E3%80%91 HTTP/1.1" 200 52131 "-" "Mozilla/5.0 (Linux; Android 6.0.1; Nexus 5X Build/MMB29P) AppleWebKit/537.36 (KHTML, like Gecko) Chrome/135.0.7049.95 Mobile Safari/537.36 (compatible; Googlebot/2.1; +http://www.google.com/bot.html)"
66.249.74.104 - - [02/May/2025:22:24:54 -0400] "GET /?k=7997929888800&channel=c1cb7a&from=shared.php%3Fid%3D298888-600%26name%3DJ.PRESS+ORIGINALS+VENTILE%C2%AE%EF%B8%8F+VARSITY+JKT HTTP/1.1" 200 52111 "-" "Mozilla/5.0 (Linux; Android 6.0.1; Nexus 5X Build/MMB29P) AppleWebKit/537.36 (KHTML, like Gecko) Chrome/135.0.7049.95 Mobile Safari/537.36 (compatible; Googlebot/2.1; +http://www.google.com/bot.html)"
66.249.74.103 - - [02/May/2025:22:24:55 -0400] "GET /?k=8108470175600&channel=25f081&from=pin.php%3Fid%3D701756-5273%26name%3D%E3%83%93%E3%82%B8%E3%83%8D%E3%82%B9%E3%82%B9%E3%83%BC%E3%83%84+%E3%83%A1%E3%83%B3%E3%82%BA%E3%83%80%E3%82%A6%E3%83%B3%E3%82%B3%E3%83%BC%E3%83%88%E5%86%AC+%E9%98%B2%E9%A2%A8+%E3%83%91%E3%83%B3%E3%83%84+%E3%82%B9%E3%82%AB%E3%82%B8%E3%83%A5%E3%82%A2%E3%83%AB+%E3%83%A1%E3%83%B3%E3%82%BA+%E7%A7%8B+%E5%86%AC%E5%A4%A9+%E5%A4%96%E5%A5%97+%E7%B4%BA%E3%82%B8%E3%83%A3%E3%82%B1%E3%83%83%E3%83%88%E3%83%A1%E3%83%B3%E3%82%BA+%E7%B6%BF+%E4%BD%9C%E6%A5%AD%E7%9D%80+%E3%82%B8%E3%83%A3%E3%82%B1%E3%83%83%E3%83%88 HTTP/1.1" 200 52889 "-" "Mozilla/5.0 (Linux; Android 6.0.1; Nexus 5X Build/MMB29P) AppleWebKit/537.36 (KHTML, like Gecko) Chrome/135.0.7049.95 Mobile Safari/537.36 (compatible; Googlebot/2.1; +http://www.google.com/bot.html)"
66.249.74.105 - - [02/May/2025:22:24:57 -0400] "GET /?k=0812746892501&channel=60f2b3&from=pin.php%3Fid%3D468925-13439%26name%3DGevrkjenp+%E3%82%AD%E3%83%A3%E3%83%B3%E3%83%97%E7%94%A8%E6%8A%98%E3%82%8A%E3%81%9F%E3%81%9F%E3%81%BF%E3%83%86%E3%83%BC%E3%83%96%E3%83%AB%E3%80%81%E6%8A%98%E3%82%8A%E3%81%9F%E3%81%9F%E3%81%BF%E3%82%AD%E3%83%A3%E3%83%B3%E3%83%97%E3%83%86%E3%83%BC%E3%83%96%E3%83%AB+%7C+%E3%82%A2%E3%83%AB%E3%83%9F%E6%8A%98%E3%82%8A%E3%81%9F%E3%81%9F%E3%81%BF%E3%83%86%E3%83%BC%E3%83%96%E3%83%AB%E3%83%95%E3%83%AC%E3%83%BC%E3%83%A0+%7C+%E9%8C%86%E3%81%B3%E3%81%AB%E3%81%8F%E3%81%84%E3%83%86 HTTP/1.1" 200 51422 "-" "Mozilla/5.0 (Linux; Android 6.0.1; Nexus 5X Build/MMB29P) AppleWebKit/537.36 (KHTML, like Gecko) Chrome/135.0.7049.95 Mobile Safari/537.36 (compatible; Googlebot/2.1; +http://www.google.com/bot.html)"
66.249.74.108 - - [02/May/2025:22:24:59 -0400] "GET /?k=00177114581000&channel=7ec521&from=pin.php%3Fid%3D1145810-21367%26name%3D%E3%82%B9%E3%83%9E%E3%83%9B%E3%82%B1%E3%83%BC%E3%82%B9+++iPhone12+%E3%82%B1%E3%83%BC%E3%82%B9+%E3%83%90%E3%83%B3%E3%82%AB%E3%83%BC%E3%83%AA%E3%83%B3%E3%82%B0+%E3%82%AC%E3%83%A9%E3%82%B9%E3%82%B7%E3%82%A7%E3%83%AB+%E8%8A%B1%E6%9F%84 HTTP/1.1" 200 52733 "-" "Mozilla/5.0 (Linux; Android 6.0.1; Nexus 5X Build/MMB29P) AppleWebKit/537.36 (KHTML, like Gecko) Chrome/135.0.7049.95 Mobile Safari/537.36 (compatible; Googlebot/2.1; +http://www.google.com/bot.html)"
40.77.167.28 - - [02/May/2025:22:25:09 -0400] "GET /?k=35027166721102&channel=9dae68&from=shop.php%3Fid%3D1667211-2811%26name%3D%EF%BC%BB%E6%96%B0%E5%93%81%EF%BC%BD%E3%82%B8%E3%83%A7%E3%82%B8%E3%83%A7+%E3%82%AA%E3%83%BC%E3%83%AB%E3%82%B9%E3%82%BF%E3%83%BC%E3%83%90%E3%83%88%E3%83%AB+%E6%95%B0%E9%87%8F%E9%99%90%E5%AE%9A%E7%94%9F%E7%94%A3+%E7%A9%BA%E6%9D%A1%E6%89%BF%E5%A4%AA%E9%83%8E+%E3%83%95%E3%82%A3%E3%82%AE%E3%83%A5%E3%82%A2%E4%BB%98%E3%81%8D HTTP/1.1" 200 43411 "-" "Mozilla/5.0 AppleWebKit/537.36 (KHTML, like Gecko; compatible; bingbot/2.0; +http://www.bing.com/bingbot.htm) Chrome/116.0.1938.76 Safari/537.36"
66.249.74.103 - - [02/May/2025:22:25:30 -0400] "GET /?k=69729164614601&channel=768239&from=form.php%3Fid%3D1646146-20165%26name%3DGU%C3%97STUDIO+SEVEN+EXILE+NAOTO%E3%83%AA%E3%83%A5%E3%83%83%E3%82%AF HTTP/1.1" 200 52603 "-" "Mozilla/5.0 (Linux; Android 6.0.1; Nexus 5X Build/MMB29P) AppleWebKit/537.36 (KHTML, like Gecko) Chrome/135.0.7049.95 Mobile Safari/537.36 (compatible; Googlebot/2.1; +http://www.google.com/bot.html)"
66.249.74.105 - - [02/May/2025:22:25:49 -0400] "GET /?k=7736812904802&channel=02ba53&from=product.php%3Fid%3D129048-4305%26name%3D%E5%8B%9D%E5%88%A9%E5%AE%A3%E8%A8%80%E9%AC%BC%E4%B8%B8%E3%80%8C%E8%A6%87%E3%80%8D%E3%80%80%E3%83%97%E3%83%AD%E3%83%A2 HTTP/1.1" 200 0 "-" "Mozilla/5.0 (Linux; Android 6.0.1; Nexus 5X Build/MMB29P) AppleWebKit/537.36 (KHTML, like Gecko) Chrome/135.0.7049.95 Mobile Safari/537.36 (compatible; GoogleOther)"
40.77.167.13 - - [02/May/2025:22:26:07 -0400] "GET /?k=6720910753101&channel=2ac5e8&from=form.php%3Fid%3D107531-7675%26name%3Dmohngie+12+V%E8%87%AA%E5%8B%95%E8%BB%8A%E3%82%A8%E3%82%A2%E3%82%B3%E3%83%B3%E9%9B%BB%E5%8B%95%E5%9C%A7%E7%B8%AE%E6%A9%9F%E5%9B%9B%E5%AD%94%E8%92%B8%E7%99%BA%E5%99%A8%E3%82%BB%E3%83%83%E3%83%88%E3%80%81%E3%81%8A%E3%81%98%E3%81%84%E3%81%95%E3%82%93%E3%81%AE%E8%BB%8A%E3%80%81%E3%83%88%E3%83%A9%E3%83%83%E3%82%AF%E3%80%81%E4%BD%8F%E5%AE%85%E8%BB%8A%E3%80%81%E8%BE%B2%E6%A5%AD%E7%94%A8%E8%BB%8A%E3%80%81%E6%8E%98%E5%89%8A%E6%A9%9F%E3%80%81%E8%87%AA%E5%8B%95%E8%BB%8A%E3%82%A8%E3%82%A2%E3%82%B3%E3%83%B3 HTTP/1.1" 200 39797 "-" "Mozilla/5.0 AppleWebKit/537.36 (KHTML, like Gecko; compatible; bingbot/2.0; +http://www.bing.com/bingbot.htm) Chrome/116.0.1938.76 Safari/537.36"
66.249.74.105 - - [02/May/2025:22:26:12 -0400] "GET /?k=12994155097000&channel=4ce895&from=shared.php%3Fid%3D1550970-1492%26name%3DNZBUY+%E3%82%AD%E3%83%A3%E3%83%96%E3%83%AC%E3%82%BF%E3%83%BC+YAMAHA+WARRIOR+350+YFM350+1987-2004+ATV+QUAD+4+%E3%83%9B%E3%82%A4%E3%83%BC%E3%83%AB%E3%81%AB%E5%AF%BE HTTP/1.1" 200 52444 "-" "Mozilla/5.0 (Linux; Android 6.0.1; Nexus 5X Build/MMB29P) AppleWebKit/537.36 (KHTML, like Gecko) Chrome/135.0.7049.95 Mobile Safari/537.36 (compatible; Googlebot/2.1; +http://www.google.com/bot.html)"
66.249.74.104 - - [02/May/2025:22:26:44 -0400] "GET /?k=2423032845102&channel=3aa7c1&from=brands.php%3Fid%3D328451-6147%26name%3D%E6%8A%98%E3%82%8A%E3%81%9F%E3%81%9F%E3%81%BF%E5%BC%8F%E5%8D%8A%E7%90%83%E5%BD%A2%E3%83%89%E3%82%A2%E3%82%AD%E3%83%A3%E3%83%8E%E3%83%94%E3%83%BC%E3%80%81%E5%8D%8A%E7%90%83%E5%BD%A2%E3%83%95%E3%83%AD%E3%83%B3%E3%83%88%E3%83%89%E3%82%A2%E3%82%AD%E3%83%A3%E3%83%8E%E3%83%94%E3%83%BC%E3%80%81%E5%B1%8B%E5%A4%96%E3%82%AA%E3%83%BC%E3%83%8B%E3%83%B3%E3%82%B0%E3%82%B7%E3%82%A7%E3%83%AB%E3%82%BF%E3%83%BC%E3%80%81%E6%89%8B%E5%8B%95%E3%82%AA%E3%83%BC%E3%83%8B%E3%83%B3%E3%82%B0%E3%80%81UV%E9%9B%A8%E9%9B%AA%E4%BF%9D%E8%AD%B7%E3%80%81%E7%AA%93%E3%82%84%E3%83%89%E3%82%A2%E3%81%AB%E5%90%88 HTTP/1.1" 200 52636 "-" "Mozilla/5.0 (Linux; Android 6.0.1; Nexus 5X Build/MMB29P) AppleWebKit/537.36 (KHTML, like Gecko) Chrome/135.0.7049.95 Mobile Safari/537.36 (compatible; Googlebot/2.1; +http://www.google.com/bot.html)"
66.249.74.104 - - [02/May/2025:22:28:21 -0400] "GET /?k=8889283217915&channel=168297&from=product.php%3Fid%3D832179-3415%26name%3D%E3%83%8B%E3%83%83%E3%83%88%E3%83%99%E3%82%B9%E3%83%88+%E3%83%AC%E3%83%87%E3%82%A3%E3%83%BC%E3%82%B9+%E3%83%81%E3%83%A7%E3%83%83%E3%82%AD+%E3%83%88%E3%83%83%E3%83%97%E3%82%B9+V%E3%83%8D%E3%83%83%E3%82%AF+%E3%83%8E%E3%83%BC%E3%82%B9%E3%83%AA%E3%83%BC%E3%83%96+%E3%82%86%E3%81%A3%E3%81%9F%E3%82%8A+%E3%81%8A%E3%81%97%E3%82%83%E3%82%8C+%E3%83%97%E3%83%AB%E3%82%AA%E3%83%BC%E3%83%90%E3%83%BC+%E3%83%99%E3%82%B9%E3%83%88+%E3%82%BB%E3%83%BC%E3%82%BF%E3%83%BC+%E3%81%8D%E3%82%8C%E3%81%84%E3%82%81+%E4%BD%93%E5%9E%8B%E3%82%AB%E3%83%90%E3%83%BC+%E6%98%A5%E7%A7%8B HTTP/1.1" 200 52211 "-" "Mozilla/5.0 (Linux; Android 6.0.1; Nexus 5X Build/MMB29P) AppleWebKit/537.36 (KHTML, like Gecko) Chrome/135.0.7049.95 Mobile Safari/537.36 (compatible; Googlebot/2.1; +http://www.google.com/bot.html)"
66.249.74.104 - - [02/May/2025:22:28:27 -0400] "GET /?k=98117144983401&channel=ec20b7&from=blog.php%3Fid%3D1449834-5358%26name%3Dabsolute+wax+STAY+GLASSY++Ceramic+rinse HTTP/1.1" 200 51789 "-" "Mozilla/5.0 (Linux; Android 6.0.1; Nexus 5X Build/MMB29P) AppleWebKit/537.36 (KHTML, like Gecko) Chrome/135.0.7049.95 Mobile Safari/537.36 (compatible; Googlebot/2.1; +http://www.google.com/bot.html)"
40.77.167.13 - - [02/May/2025:22:28:38 -0400] "GET /?k=83143184505607&channel=9d117f&from=product.php%3Fid%3D1845056-2173%26name%3D%E3%82%A4%E3%83%A4%E3%83%9B%E3%83%B3%E3%81%AF%E8%80%B3%E3%83%98%E3%83%83%E3%83%89%E3%83%95%E3%82%A9%E3%83%B3%E3%81%A7%E6%9C%89%E7%B7%9A%2C%E3%83%9E%E3%82%A4%E3%82%AF%E3%81%A7%E3%83%98%E3%83%83%E3%83%89%E3%83%95%E3%82%A9%E3%83%B3%E3%82%92%E3%83%97%E3%83%A9%E3%82%B0%E3%82%A4%E3%83%B3%E3%81%97%E3%81%BE%E3%81%99+%7C+3.5mm%E9%AB%98%E5%BF%A0%E5%AE%9F%E5%BA%A6%E3%81%AE%E9%AB%98%E3%81%84%E3%82%A4%E3%83%A4%E3%83%9B%E3%83%B3%E3%82%B2%E3%83%BC%E3%83%A0%E9%A3%9B%E8%A1%8C%E6%A9%9F%E3%81%AE%E3%82%B9%E3%82%BF%E3%82%B8%E3%82%AA%E3%83%AC HTTP/1.1" 200 41697 "-" "Mozilla/5.0 AppleWebKit/537.36 (KHTML, like Gecko; compatible; bingbot/2.0; +http://www.bing.com/bingbot.htm) Chrome/116.0.1938.76 Safari/537.36"
66.249.74.103 - - [02/May/2025:22:28:58 -0400] "GET /?k=11622166216805&channel=35b65b&from=news.php%3Fid%3D1662168-25673%26name%3D%E5%A4%A9%E7%84%B6%E3%82%B1%E3%83%A4%E3%82%AD%E6%9D%90%E3%80%80%E6%89%8B%E4%BD%9C%E3%82%8A%E4%B8%B8%E5%9E%8B%E3%83%96%E3%83%A9%E3%82%A6%E3%83%B3%E3%82%B9%E3%83%84%E3%83%BC%E3%83%AB HTTP/1.1" 200 51843 "-" "Mozilla/5.0 (Linux; Android 6.0.1; Nexus 5X Build/MMB29P) AppleWebKit/537.36 (KHTML, like Gecko) Chrome/135.0.7049.95 Mobile Safari/537.36 (compatible; Googlebot/2.1; +http://www.google.com/bot.html)"
66.249.74.105 - - [02/May/2025:22:29:36 -0400] "GET /?k=09641118150803&channel=c8e9f8&from=news.php%3Fid%3D1181508-4154%26name%3D%E3%82%B3%E3%82%AB%E3%82%B3%E3%83%BC%E3%83%A9%E3%83%BB%E3%83%87%E3%82%A3%E3%83%AC%E3%82%AF%E3%82%BF%E3%83%BC%E3%83%81%E3%82%A7%E3%82%A2 HTTP/1.1" 200 0 "-" "Mozilla/5.0 (Linux; Android 6.0.1; Nexus 5X Build/MMB29P) AppleWebKit/537.36 (KHTML, like Gecko) Chrome/135.0.7049.95 Mobile Safari/537.36 (compatible; GoogleOther)"
66.249.74.104 - - [02/May/2025:22:30:21 -0400] "GET /?k=40041126191105&channel=4f5e09&from=news.php%3Fid%3D1261911-22528%26name%3Dutatane%E3%83%96%E3%83%A9%E3%83%B3%E3%83%89%E6%B5%B4%E8%A1%A3%E2%97%86%E5%92%8C%E6%AD%8C%E5%B1%B1%E6%9F%93%E3%82%81%E6%97%A5%E6%9C%AC%E7%94%9F%E5%9C%B0%E2%97%86%E7%BE%8E%E3%81%97%E9%B6%B4%E6%B5%B4%E8%A1%A3%E2%97%86%E5%A4%89%E3%82%8F%E3%82%8A%E7%B9%94%E3%82%8A%E7%9D%80%E7%89%A9 HTTP/1.1" 200 51201 "-" "Mozilla/5.0 (Linux; Android 6.0.1; Nexus 5X Build/MMB29P) AppleWebKit/537.36 (KHTML, like Gecko) Chrome/135.0.7049.95 Mobile Safari/537.36 (compatible; Googlebot/2.1; +http://www.google.com/bot.html)"
66.249.74.105 - - [02/May/2025:22:30:24 -0400] "GET /?k=0980735078705&channel=3b2d4f&from=goods.php%3Fid%3D350787-11949%26name%3D%E3%83%9C%E3%83%83%E3%82%AF%E3%82%B9%E3%82%B7%E3%83%BC%E3%83%84+%E3%83%9E%E3%83%83%E3%83%88%E3%83%AC%E3%82%B9%E3%82%AB%E3%83%90%E3%83%BC+%E3%81%AC%E3%81%84%E3%81%90%E3%82%8B%E3%81%BF%E5%8E%9A%E3%81%BF%E3%81%AE%E3%81%82%E3%82%8B%E6%BB%91%E3%82%8A%E6%AD%A2%E3%82%81%E3%83%99%E3%83%83%E3%83%89%E3%82%AB%E3%83%90%E3%83%BC+%E6%9F%94%E3%82%89%E3%81%8B%E3%81%84%E6%B8%A9%E6%84%9F%E3%83%99%E3%83%83%E3%83%89%E3%82%B7%E3%83%BC%E3%83%88%E3%83%9E%E3%83%83%E3%83%88%E3%83%AC%E3%82%B9%E4%BF%9D%E8%AD%B7%E3%82%AB%E3%83%90%E3%83%BC+%E5%86%AC%E7%94%A8%E3%81%AE%E6%9A%96%E3%81%8B HTTP/1.1" 200 51570 "-" "Mozilla/5.0 (Linux; Android 6.0.1; Nexus 5X Build/MMB29P) AppleWebKit/537.36 (KHTML, like Gecko) Chrome/135.0.7049.95 Mobile Safari/537.36 (compatible; Googlebot/2.1; +http://www.google.com/bot.html)"
66.249.74.104 - - [02/May/2025:22:30:32 -0400] "GET /?k=13777146212900&channel=191883&from=news.php%3Fid%3D1462129-1027%26name%3D%E3%82%B5%E3%83%B3%E3%82%B9%E3%82%BF%E3%83%BC%28SUNSTAR%29+%E3%83%95%E3%83%AD%E3%83%B3%E3%83%88%E3%82%B9%E3%83%97%E3%83%AD%E3%82%B1%E3%83%83%E3%83%88+520-12T+WR250R%E3%83%BBX%E3%83%BBF%2FYZ250F%2FYZ125%2805-%29+388-12 HTTP/1.1" 200 51334 "-" "Mozilla/5.0 (Linux; Android 6.0.1; Nexus 5X Build/MMB29P) AppleWebKit/537.36 (KHTML, like Gecko) Chrome/135.0.7049.95 Mobile Safari/537.36 (compatible; Googlebot/2.1; +http://www.google.com/bot.html)"
66.249.74.103 - - [02/May/2025:22:30:39 -0400] "GET /?k=82910189046700&channel=4b7a18&from=category-info.php%3Fid%3D1890467-27322%26name%3D%E3%83%81%E3%82%B3%E3%81%A1%E3%82%83%E3%82%93%E3%81%AE%E8%84%B3%E6%B4%BB%E7%A0%94%E7%A9%B6%E6%89%80 HTTP/1.1" 200 0 "-" "Mozilla/5.0 (Linux; Android 6.0.1; Nexus 5X Build/MMB29P) AppleWebKit/537.36 (KHTML, like Gecko) Chrome/135.0.7049.95 Mobile Safari/537.36 (compatible; GoogleOther)"
66.249.74.103 - - [02/May/2025:22:31:31 -0400] "GET /?k=9122162786804&channel=9a0cc8&from=article.php%3Fid%3D627868-14787%26name%3D%5B%E3%82%A2%E3%83%AA%E3%82%B5%E3%83%8A%5D+%E8%A2%B4+%E3%81%93%E3%81%A9%E3%82%82+%E5%A5%B3%E3%81%AE%E5%AD%90+%E5%92%8C%E6%9C%8D+%E4%B8%83%E4%BA%94%E4%B8%89+%E5%85%A5%E5%AD%A6+%E5%8D%92%E5%9C%92+%28%E7%9D%80%E7%89%A9%2B%E5%8D%8A%E8%A5%9F%E4%BB%98%E3%81%8D%E8%A5%A6%E8%A2%A2%2B%E8%A2%B4%2B%E5%B8%AF%E6%9E%95%E4%BB%98%E3%81%8D%E5%B8%AF%2B%E8%85%B0%E7%B4%90%E3%81%AE5%E7%82%B9%29 HTTP/1.1" 200 51495 "-" "Mozilla/5.0 (Linux; Android 6.0.1; Nexus 5X Build/MMB29P) AppleWebKit/537.36 (KHTML, like Gecko) Chrome/135.0.7049.95 Mobile Safari/537.36 (compatible; Googlebot/2.1; +http://www.google.com/bot.html)"
66.249.74.104 - - [02/May/2025:22:31:35 -0400] "GET /?k=8173086383201&channel=9ac6e9&from=form.php%3Fid%3D863832-18485%26name%3D%E6%9C%9F%E9%96%93%E9%99%90%E5%AE%9A%E5%89%B2%E5%BC%95CZ.10%E3%82%B3%E3%83%B3%E3%83%91%E3%82%A6%E3%83%B3%E3%83%89+%E3%83%90%E3%82%A4%E3%82%AF+%E4%BF%AE%E7%90%86+%E3%83%95%E3%83%AD%E3%83%B3%E3%83%88+%E6%96%B0%E7%99%BB%E5%A0%B4+%E8%BB%8A%E5%82%B7%E6%B6%88jo2 HTTP/1.1" 200 51707 "-" "Mozilla/5.0 (Linux; Android 6.0.1; Nexus 5X Build/MMB29P) AppleWebKit/537.36 (KHTML, like Gecko) Chrome/135.0.7049.95 Mobile Safari/537.36 (compatible; Googlebot/2.1; +http://www.google.com/bot.html)"
66.249.74.103 - - [02/May/2025:22:31:37 -0400] "GET /?k=83981137753103&channel=33f754&from=shop.php%3Fid%3D1377531-23835%26name%3D%E3%80%904%E6%9E%9A%E3%82%BB%E3%83%83%E3%83%88%E3%80%91%E3%82%AF%E3%83%83%E3%82%B7%E3%83%A7%E3%83%B3%E3%82%AB%E3%83%90%E3%83%BC+%E3%82%A6%E3%82%A3%E3%83%AA%E3%82%A2%E3%83%A0%E3%83%A2%E3%83%AA%E3%82%B9%E8%AA%BF+%E3%82%A4%E3%83%B3%E3%83%86%E3%83%AA%E3%82%A2+%E3%83%9C%E3%82%BF%E3%83%8B%E3%82%AB%E3%83%AB HTTP/1.1" 200 52980 "-" "Mozilla/5.0 (Linux; Android 6.0.1; Nexus 5X Build/MMB29P) AppleWebKit/537.36 (KHTML, like Gecko) Chrome/135.0.7049.95 Mobile Safari/537.36 (compatible; Googlebot/2.1; +http://www.google.com/bot.html)"
66.249.74.104 - - [02/May/2025:22:31:38 -0400] "GET /?k=98198137334901&channel=9e7fea&from=jp.php%3Fid%3D1373349-6008%26name%3DBMW+525i+525Xi+530i+530Xi+%E3%81%A8%E4%BA%92%E6%8F%9B%E6%80%A7%E3%81%82%E3%82%8A%E3%80%81%E3%83%9E%E3%83%8B%E3%83%A5%E3%82%A2%E3%83%AB%E3%83%88%E3%83%A9%E3%83%B3%E3%82%B9%E3%83%9F%E3%83%83%E3%82%B7%E3%83%A7%E3%83%B3%E3%81%AE%E3%81%BF%E3%83%AA%E3%82%A2+CV+%E3%82%A2%E3%82%AF%E3%82%B9%E3%83%AB%E4%BB%98%E3%81%8D HTTP/1.1" 200 53279 "-" "Mozilla/5.0 (Linux; Android 6.0.1; Nexus 5X Build/MMB29P) AppleWebKit/537.36 (KHTML, like Gecko) Chrome/135.0.7049.95 Mobile Safari/537.36 (compatible; Googlebot/2.1; +http://www.google.com/bot.html)"
20.15.133.174 - - [02/May/2025:22:31:41 -0400] "GET /?k=4681643316404&channel=9af60f&from=brands.php%3Fid%3D433164-5549%26name%3D%E3%82%AF%E3%83%A9%E3%83%83%E3%83%84%E3%82%A3%E3%82%AA%28Clazzio%29+%E3%82%B7%E3%83%BC%E3%83%88%E3%82%AB%E3%83%90%E3%83%BC+%E3%82%BB%E3%83%AC%E3%83%8A+C27%E7%B3%BB+H30%2F3~7%E4%BA%BA%E4%B9%97%E3%82%8A+2%E5%88%97%E7%9B%AE+%E8%B6%85%E3%83%AD%E3%83%B3%E3%82%B0%E3%82%B9%E3%83%A9%E3%82%A4%E3%83%89%E3%82%B7%E3%83%BC%E3%83%88+Clazzio HTTP/1.1" 200 42057 "-" "Mozilla/5.0 AppleWebKit/537.36 (KHTML, like Gecko; compatible; bingbot/2.0; +http://www.bing.com/bingbot.htm) Chrome/116.0.1938.76 Safari/537.36"
66.249.74.103 - - [02/May/2025:22:31:44 -0400] "GET /?k=1828586801403&channel=f264a2&from=category-info.php%3Fid%3D868014-4387%26name%3D%E3%82%AA%E3%83%BC%E3%83%88%E3%83%90%E3%82%A4%E5%BE%8C%E9%83%A8%E8%8D%B7%E7%89%A9%E3%83%A9%E3%83%83%E3%82%AF+%E7%94%A8+CB400+%E7%94%A8+%E3%82%B9%E3%83%BC%E3%83%91%E3%83%BC+4+EBL-NC42+2014-2020+CB400SF+%E3%83%AA%E3%82%A2%E3%82%AD%E3%83%A3%E3%83%AA%E3%82%A2%E3%83%A9%E3%83%83%E3%82%AF HTTP/1.1" 200 51971 "-" "Mozilla/5.0 (Linux; Android 6.0.1; Nexus 5X Build/MMB29P) AppleWebKit/537.36 (KHTML, like Gecko) Chrome/135.0.7049.95 Mobile Safari/537.36 (compatible; Googlebot/2.1; +http://www.google.com/bot.html)"
66.249.74.103 - - [02/May/2025:22:31:45 -0400] "GET /?k=1818256964202&channel=28e971&from=blog.php%3Fid%3D569642-9332%26name%3DLINGDIE+925%E3%82%B9%E3%82%BF%E3%83%BC%E3%83%AA%E3%83%B3%E3%82%B0%E3%82%B7%E3%83%AB%E3%83%90%E3%83%BC%E3%83%81%E3%83%A3%E3%83%BC%E3%83%A0+%E3%83%96%E3%83%AC%E3%82%B9%E3%83%AC%E3%83%83%E3%83%88%E3%81%A8%E3%83%8D%E3%83%83%E3%82%AF%E3%83%AC%E3%82%B9%E7%94%A8+%E3%82%B4%E3%83%83%E3%83%9B+%E6%98%9F%E7%A9%BA+%E3%83%A9%E3%83%83%E3%82%AD%E3%83%BC%E3%83%80%E3%83%B3%E3%82%B0%E3%83%AB%E3%83%9A%E3%83%B3%E3%83%80%E3%83%B3%E3%83%88+%E3%83%A9%E3%82%A4%E3%83%B3%E3%82%B9%E3%83%88 HTTP/1.1" 200 52909 "-" "Mozilla/5.0 (Linux; Android 6.0.1; Nexus 5X Build/MMB29P) AppleWebKit/537.36 (KHTML, like Gecko) Chrome/135.0.7049.95 Mobile Safari/537.36 (compatible; Googlebot/2.1; +http://www.google.com/bot.html)"
66.249.74.103 - - [02/May/2025:22:31:47 -0400] "GET /?k=220899419103&channel=a242ab&from=form.php%3Fid%3D94191-524%26name%3DPizgear+F-150%E7%94%A8%E3%80%81%E3%82%B5%E3%82%A4%E3%83%89%E3%83%90%E3%83%83%E3%82%AF%E3%83%9F%E3%83%A9%E3%83%BC%E3%82%AB%E3%83%90%E3%83%BC%E3%83%88%E3%83%AA%E3%83%A0%E3%82%AB%E3%83%BC%E3%83%9C%E3%83%B3%E3%83%95%E3%82%A1%E3%82%A4%E3%83%90%E3%83%BC%E3%83%91%E3%82%BF%E3%83%BC%E3%83%B3ABS%E3%82%AB%E3%83%90%E3%83%BC%E3%80%81%E3%83%95%E3%82%A9%E3%83%BC%E3%83%89%E3%80%81F-150%E7%94%A8%E3%80%812015 HTTP/1.1" 200 52209 "-" "Mozilla/5.0 (Linux; Android 6.0.1; Nexus 5X Build/MMB29P) AppleWebKit/537.36 (KHTML, like Gecko) Chrome/135.0.7049.95 Mobile Safari/537.36 (compatible; Googlebot/2.1; +http://www.google.com/bot.html)"
66.249.74.103 - - [02/May/2025:22:31:49 -0400] "GET /?k=58866172524101&channel=bbfe3b&from=product.php%3Fid%3D1725241-26171%26name%3D%E3%83%AC%E3%82%AE%E3%83%B3%E3%82%B9+%E3%82%B9%E3%83%91%E3%83%83%E3%83%84+%E8%93%84%E5%85%89%E3%83%AD%E3%82%B45%E5%88%86%E4%B8%88%E3%83%AC%E3%82%AE%E3%83%B3%E3%82%B9+%E3%82%AD%E3%83%83%E3%82%BA+%E5%AD%90%E4%BE%9B+%E5%A5%B3%E3%81%AE%E5%AD%90 HTTP/1.1" 200 48860 "-" "Mozilla/5.0 (Linux; Android 6.0.1; Nexus 5X Build/MMB29P) AppleWebKit/537.36 (KHTML, like Gecko) Chrome/135.0.7049.95 Mobile Safari/537.36 (compatible; Googlebot/2.1; +http://www.google.com/bot.html)"
66.249.74.103 - - [02/May/2025:22:31:50 -0400] "GET /?k=1777539960505&channel=d33893&from=pin.php%3Fid%3D399605-12718%26name%3D%E8%BB%8A%E8%BC%89%E3%83%9B%E3%83%AB%E3%83%80%E3%83%BC+%E3%81%AB%E9%81%A9%E7%94%A8%E3%83%88%E3%83%A8%E3%82%BF+GR86+ZN%E7%B3%BB+%E3%82%BF%E3%83%96%E3%83%AC%E3%83%83%E3%83%88%E3%83%9B%E3%83%AB%E3%83%80%E3%83%BC+%E8%BB%8A+%E3%82%B9%E3%83%9E%E3%83%9B+%E3%83%98%E3%83%83%E3%83%89%E3%83%AC%E3%82%B9%E3%83%88+%E3%83%9B%E3%83%AB%E3%83%80%E3%83%BC+%E4%BC%B8%E7%B8%AE%E3%82%A2%E3%83%BC%E3%83%A0%E3%82%B9%E3%82%BF%E3%83%B3%E3%83%89+360%E5%BA%A6%E5%9B%9E HTTP/1.1" 200 52558 "-" "Mozilla/5.0 (Linux; Android 6.0.1; Nexus 5X Build/MMB29P) AppleWebKit/537.36 (KHTML, like Gecko) Chrome/135.0.7049.95 Mobile Safari/537.36 (compatible; Googlebot/2.1; +http://www.google.com/bot.html)"
66.249.74.104 - - [02/May/2025:22:31:50 -0400] "GET /?k=72388188798704&channel=cdec74&from=info.php%3Fid%3D1887987-9975%26name%3D%E8%B6%85%E5%BC%B7%E5%8A%9B+%E3%82%A2%E3%82%AF%E3%83%AA%E3%83%AB%E4%B8%A1%E9%9D%A2%E3%83%86%E3%83%BC%E3%83%97+%E9%80%8F%E6%98%8E+%E3%82%AC%E3%83%A9%E3%82%B9%E3%83%BB%E3%82%A2%E3%82%AF%E3%83%AA%E3%83%AB%E5%B0%82%E7%94%A8+%E5%B9%8512mm+%E9%95%B7%E3%81%951m+%E3%81%BE%E3%81%A8%E3%82%81%E8%B2%B7%E3%81%843%E5%80%8B%E3%82%BB%E3%83%83%E3%83%88+JIS%E8%A6%8F%E6%A0%BC%E3%80%90Z1541%E3%80%911%E7%A8%AE%E3%83%AC%E3%83%99 HTTP/1.1" 200 0 "-" "Mozilla/5.0 (Linux; Android 6.0.1; Nexus 5X Build/MMB29P) AppleWebKit/537.36 (KHTML, like Gecko) Chrome/135.0.7049.95 Mobile Safari/537.36 (compatible; GoogleOther)"
66.249.74.103 - - [02/May/2025:22:31:52 -0400] "GET /?k=1007233354808&channel=b6ab1f&from=shop.php%3Fid%3D333548-8834%26name%3Dangel%27s++wing+%E5%A4%A9%E4%BD%BF%E3%81%AE%E7%BE%BD HTTP/1.1" 200 52495 "-" "Mozilla/5.0 (Linux; Android 6.0.1; Nexus 5X Build/MMB29P) AppleWebKit/537.36 (KHTML, like Gecko) Chrome/135.0.7049.95 Mobile Safari/537.36 (compatible; Googlebot/2.1; +http://www.google.com/bot.html)"
66.249.74.103 - - [02/May/2025:22:31:54 -0400] "GET /?k=230069092804&channel=d05891&from=blog.php%3Fid%3D90928-5460%26name%3DHITACHHI+PV-BHL3000J+2022%E5%B9%B4%E8%A3%BD HTTP/1.1" 200 52275 "-" "Mozilla/5.0 (Linux; Android 6.0.1; Nexus 5X Build/MMB29P) AppleWebKit/537.36 (KHTML, like Gecko) Chrome/135.0.7049.95 Mobile Safari/537.36 (compatible; Googlebot/2.1; +http://www.google.com/bot.html)"
66.249.74.103 - - [02/May/2025:22:31:55 -0400] "GET /?k=73386160293902&channel=706fe8&from=shop.php%3Fid%3D1602939-546%26name%3D%E3%83%AA%E3%83%B3%E3%82%AB%E3%83%BC%E3%83%B3%E3%83%8A%E3%83%93%E3%82%B2%E3%83%BC%E3%82%BF%E3%83%BC+03y HTTP/1.1" 200 52356 "-" "Mozilla/5.0 (Linux; Android 6.0.1; Nexus 5X Build/MMB29P) AppleWebKit/537.36 (KHTML, like Gecko) Chrome/135.0.7049.95 Mobile Safari/537.36 (compatible; Googlebot/2.1; +http://www.google.com/bot.html)"
66.249.74.104 - - [02/May/2025:22:31:57 -0400] "GET /?k=99173107649002&channel=4be554&from=info.php%3Fid%3D1076490-13600%26name%3DAKB48%E6%B0%B4%E7%9D%80%E3%83%9D%E3%82%B9%E3%82%BF%E3%83%BC HTTP/1.1" 200 52086 "-" "Mozilla/5.0 (Linux; Android 6.0.1; Nexus 5X Build/MMB29P) AppleWebKit/537.36 (KHTML, like Gecko) Chrome/135.0.7049.95 Mobile Safari/537.36 (compatible; Googlebot/2.1; +http://www.google.com/bot.html)"
66.249.74.104 - - [02/May/2025:22:31:59 -0400] "GET /?k=48513100717002&channel=413675&from=blog.php%3Fid%3D1007170-2477%26name%3D%E3%82%A2%E3%82%A6%E3%82%BF%E3%83%BC%E3%83%A9%E3%83%B3%E3%82%AD%E3%83%B3%E3%82%B0+%E3%83%A1%E3%83%B3%E3%82%BA+%E3%82%BF%E3%83%B3%E3%82%AF%E3%83%88%E3%83%83%E3%83%97+%E5%A4%A7%E3%81%8D%E3%81%84%E3%82%B5%E3%82%A4%E3%82%BA+%E3%82%B3%E3%83%9F%E3%83%8D+%E3%83%95%E3%83%AB%E3%83%A5%E3%82%B8%E3%83%A3%E3%82%B1%E3%83%83%E3%83%88+%E3%83%97%E3%83%AD+%E3%83%95%E3%83%AA%E3%83%BC%E3%82%B9+%E3%83%AD%E3%83%B3%E3%82%B0%E3%82%B3%E3%83%BC%E3%83%88+%E3%83%A1%E3%83%B3%E3%82%BA+%E9%BB%92+%E5%86%AC+%E3%82%B9%E3%82%A4 HTTP/1.1" 200 52061 "-" "Mozilla/5.0 (Linux; Android 6.0.1; Nexus 5X Build/MMB29P) AppleWebKit/537.36 (KHTML, like Gecko) Chrome/135.0.7049.95 Mobile Safari/537.36 (compatible; Googlebot/2.1; +http://www.google.com/bot.html)"
66.249.74.105 - - [02/May/2025:22:32:02 -0400] "GET /?k=8228139634200&channel=022cef&from=article.php%3Fid%3D396342-3039%26name%3D%E6%99%82%E4%BB%A3%E7%89%A9%E2%98%85%E5%A4%A7%E6%AD%A3%E6%99%82%E4%BB%A3+%E3%83%AC%E3%83%88%E3%83%AD%E6%B6%88%E9%98%B2%E3%83%9D%E3%83%B3%E3%83%97%E8%BB%8A%E6%A4%80%E7%94%A8%E3%83%9D+%E3%83%B3%E3%83%97+%E4%BA%BA%E5%8A%9B%E6%94%BE%E6%B0%B4%E3%83%9D%E3%83%B3%E3%83%97+%E6%B6%88%E7%81%AB+%E3%83%9D%E3%83%B3%E3%83%97 HTTP/1.1" 200 51734 "-" "Mozilla/5.0 (Linux; Android 6.0.1; Nexus 5X Build/MMB29P) AppleWebKit/537.36 (KHTML, like Gecko) Chrome/135.0.7049.95 Mobile Safari/537.36 (compatible; Googlebot/2.1; +http://www.google.com/bot.html)"
66.249.74.104 - - [02/May/2025:22:32:04 -0400] "GET /?k=34076151728101&channel=a6c3da&from=goods.php%3Fid%3D1517281-3856%26name%3D%E8%BB%8A%E3%81%AE%E3%83%9A%E3%83%80%E3%83%AB+1+2+3+4+%E3%82%B7%E3%83%AA%E3%83%BC%E3%82%BA+F20+F21+F22+F23+F30+F31+GT+F34+F32+F33+F36+%E8%BB%8A%E3%81%AE%E3%82%A2%E3%82%AF HTTP/1.1" 200 52876 "-" "Mozilla/5.0 (Linux; Android 6.0.1; Nexus 5X Build/MMB29P) AppleWebKit/537.36 (KHTML, like Gecko) Chrome/135.0.7049.95 Mobile Safari/537.36 (compatible; Googlebot/2.1; +http://www.google.com/bot.html)"
66.249.74.104 - - [02/May/2025:22:32:06 -0400] "GET /?k=152172487102&channel=909de0&from=jp.php%3Fid%3D24871-2999%26name%3D%E3%83%90%E3%82%A4%E3%82%AF%E7%94%A8%E3%83%A9%E3%82%B8%E3%82%A8%E3%83%BC%E3%82%BF%E3%83%BC%E3%82%AB%E3%83%90%E3%83%BC+%E3%82%B8%E3%82%AF%E3%82%B5%E3%83%BC+250+SF250+SF+250+%E3%82%B8%E3%82%AF%E3%82%B5%E3%83%BC250+2020-2023+%E3%82%AA%E3%83%BC%E3%83%88%E3%83%90%E3%82%A4%E3%82%A2%E3%82%AF%E3%82%BB%E3%82%B5%E3%83%AA%E3%83%BC%E3%83%A9 HTTP/1.1" 200 51820 "-" "Mozilla/5.0 (Linux; Android 6.0.1; Nexus 5X Build/MMB29P) AppleWebKit/537.36 (KHTML, like Gecko) Chrome/135.0.7049.95 Mobile Safari/537.36 (compatible; Googlebot/2.1; +http://www.google.com/bot.html)"
66.249.74.103 - - [02/May/2025:22:32:08 -0400] "GET /?k=71802121513002&channel=0dcf98&from=form.php%3Fid%3D1215130-22033%26name%3D%E3%83%91%E3%82%A4%E3%83%B3%E3%83%90%E3%83%BC%E3%82%AF+2%E3%83%AA%E3%83%83%E3%83%88%E3%83%AB HTTP/1.1" 200 52410 "-" "Mozilla/5.0 (Linux; Android 6.0.1; Nexus 5X Build/MMB29P) AppleWebKit/537.36 (KHTML, like Gecko) Chrome/135.0.7049.95 Mobile Safari/537.36 (compatible; Googlebot/2.1; +http://www.google.com/bot.html)"
66.249.74.103 - - [02/May/2025:22:32:11 -0400] "GET /?k=15898101043301&channel=b5cf12&from=form.php%3Fid%3D1010433-98%26name%3D%E3%83%AF%E3%83%B3%E3%83%80%E3%83%BC%E3%82%B9%E3%83%AF%E3%83%B3%E3%80%80%E3%82%B0%E3%83%B3%E3%83%9A%E3%82%A4 HTTP/1.1" 200 51289 "-" "Mozilla/5.0 (Linux; Android 6.0.1; Nexus 5X Build/MMB29P) AppleWebKit/537.36 (KHTML, like Gecko) Chrome/135.0.7049.95 Mobile Safari/537.36 (compatible; Googlebot/2.1; +http://www.google.com/bot.html)"
66.249.74.103 - - [02/May/2025:22:32:13 -0400] "GET /?k=61273131258400&channel=140a03&from=goods.php%3Fid%3D1312584-5853%26name%3D%E3%82%B4%E3%83%AB%E3%83%95%E3%82%AF%E3%83%A9%E3%83%96+%E3%82%AB%E3%82%B9%E3%82%BF%E3%83%A0%E3%83%A2%E3%83%87%E3%83%AB+%E3%83%97%E3%83%AD%E3%82%AE%E3%82%A2+23%E3%83%A2%E3%83%87%E3%83%AB+LS%E3%83%95%E3%82%A7%E3%82%A2%E3%82%A6%E3%82%A7%E3%82%A4%E3%82%A6%E3%83%83%E3%83%89+%E7%89%B9%E6%B3%A8+PRGR+FW+23%E5%B9%B4%E3%83%A2%E3%83%87%E3%83%AB+%E7%95%AA%E6%89%8B%2F%E3%83%AD%E3%83%95%E3%83%88%E8%A7%92%EF%BC%9A5W HTTP/1.1" 200 51268 "-" "Mozilla/5.0 (Linux; Android 6.0.1; Nexus 5X Build/MMB29P) AppleWebKit/537.36 (KHTML, like Gecko) Chrome/135.0.7049.95 Mobile Safari/537.36 (compatible; Googlebot/2.1; +http://www.google.com/bot.html)"
66.249.74.103 - - [02/May/2025:22:32:14 -0400] "GET /?k=49095107975303&channel=3d0538&from=shop.php%3Fid%3D1079753-20451%26name%3D%E5%A5%B3%E6%80%A7%E7%94%A8%E3%82%BD%E3%83%83%E3%82%AF%E3%82%B9+%E9%95%B7%E3%81%84%E5%A4%8F%E3%81%AE%E8%96%84%E3%81%84%E7%97%B4%E5%88%BB%E3%81%AE%E9%9D%B4%E4%B8%8B%E5%A5%B3%E6%80%A7%E3%81%AE%E3%83%AC%E3%83%83%E3%82%B0%E3%82%A6%E3%82%A9%E3%83%BC%E3%83%9E%E3%83%BC%E5%A4%AA%E3%82%82%E3%82%82%E3%81%AE%E9%AB%98%E3%81%84%E3%82%B9%E3%83%88%E3%83%83%E3%82%AF%E3%83%AC%E3%83%87%E3%82%A3%E3%83%BC%E3%82%B9%E3%83%80%E3%83%B3%E3%82%B9%E3%83%94%E3%83%A9%E3%83%86%E3%82%A3%E3%82%B9%E3%83%A8%E3%82%AC%E3%81%AE%E3%83%88%E3%83%AC%E3%83%BC%E3%83%8B%E3%83%B3%E3%82%B0%E3%82%B3%E3%83%83%E3%83%88%E3%83%B3 HTTP/1.1" 200 53100 "-" "Mozilla/5.0 (Linux; Android 6.0.1; Nexus 5X Build/MMB29P) AppleWebKit/537.36 (KHTML, like Gecko) Chrome/135.0.7049.95 Mobile Safari/537.36 (compatible; Googlebot/2.1; +http://www.google.com/bot.html)"
66.249.74.103 - - [02/May/2025:22:32:15 -0400] "GET /?k=9247090645301&channel=537427&from=pin.php%3Fid%3D906453-12106%26name%3D%E2%98%85%E3%80%90%E7%AE%B1%E4%BB%98%E3%80%91BOSS+PW-3+%E3%83%AF%E3%82%A6%E3%83%9A%E3%83%80%E3%83%AB HTTP/1.1" 200 51501 "-" "Mozilla/5.0 (Linux; Android 6.0.1; Nexus 5X Build/MMB29P) AppleWebKit/537.36 (KHTML, like Gecko) Chrome/135.0.7049.95 Mobile Safari/537.36 (compatible; Googlebot/2.1; +http://www.google.com/bot.html)"
66.249.74.103 - - [02/May/2025:22:32:18 -0400] "GET /?k=9347026422800&channel=b49b8a&from=pin.php%3Fid%3D264228-2156%26name%3D%E6%B9%AF%E9%A3%B2%E3%81%BF HTTP/1.1" 200 51644 "-" "Mozilla/5.0 (Linux; Android 6.0.1; Nexus 5X Build/MMB29P) AppleWebKit/537.36 (KHTML, like Gecko) Chrome/135.0.7049.95 Mobile Safari/537.36 (compatible; Googlebot/2.1; +http://www.google.com/bot.html)"
66.249.74.104 - - [02/May/2025:22:32:52 -0400] "GET /?k=8115749203801&channel=6bc4f3&from=shop.php%3Fid%3D492038-4702%26name%3D%E3%81%A8%E3%81%B0%E3%82%8A%E6%A7%98%E5%B0%82%E7%94%A8%E3%80%80%E3%83%81%E3%82%A7%E3%82%A2%E3%83%BC HTTP/1.1" 200 0 "-" "Mozilla/5.0 (Linux; Android 6.0.1; Nexus 5X Build/MMB29P) AppleWebKit/537.36 (KHTML, like Gecko) Chrome/135.0.7049.95 Mobile Safari/537.36 (compatible; GoogleOther)"
40.77.167.48 - - [02/May/2025:22:33:06 -0400] "GET /?k=10175159012701&channel=6b012a&from=category-info.php%3Fid%3D1590127-19572%26name%3D%5BMIDI+BLOOM%5D+%E9%81%A0%E8%BF%91%E4%B8%A1%E7%94%A8%E8%80%81%E7%9C%BC%E9%8F%A1%C3%97%E8%96%84%E3%81%84%E8%89%B2%E3%81%AE%E3%82%B5%E3%83%B3%E3%82%B0%E3%83%A9%E3%82%B9+%E7%B4%AF%E9%80%B2%E5%A4%9A%E7%84%A6%E7%82%B9%E3%83%AC%E3%83%B3%E3%82%BA+%E5%AE%A4%E5%86%85%E3%81%A7%E3%82%82%E4%BD%BF%E3%81%84%E3%82%84%E3%81%99%E3%81%84%E8%96%84%E3%82%81%E3%82%B0%E3%83%AC%E3%83%BC%E3%82%AB%E3%83%A9%E3%83%BC%E3%83%AC%E3%83%B3%E3%82%BA+%E3%82%B5%E3%83%B3%E3%82%B0%E3%83%A9%E3%82%B9 HTTP/1.1" 200 42508 "-" "Mozilla/5.0 AppleWebKit/537.36 (KHTML, like Gecko; compatible; bingbot/2.0; +http://www.bing.com/bingbot.htm) Chrome/116.0.1938.76 Safari/537.36"
66.249.74.105 - - [02/May/2025:22:33:08 -0400] "GET /?k=4082721673502&channel=66405d&from=info.php%3Fid%3D216735-7897%26name%3D%5B%E3%83%89%E3%83%8A%E3%83%9F%E3%82%B9%5D+4011+%E3%83%AC%E3%83%BC%E3%82%B9%E3%82%A2%E3%83%83%E3%83%97+21.5cm%EF%BD%9E25cm+EEE+%E3%83%9B%E3%83%AF%E3%82%A4%E3%83%88%2F%E3%83%96%E3%83%A9%E3%83%83%E3%82%AF+%E3%83%AC%E3%83%87%E3%82%A3%E3%83%BC%E3%82%B9+%E3%82%AB%E3%82%B8%E3%83%A5%E3%82%A2%E3%83%AB+%E3%83%AC%E3%82%B6%E3%83%BC%E3%82%B7%E3%83%A5%E3%83%BC%E3%82%BA+%E5%9B%BD HTTP/1.1" 200 52547 "-" "Mozilla/5.0 (Linux; Android 6.0.1; Nexus 5X Build/MMB29P) AppleWebKit/537.36 (KHTML, like Gecko) Chrome/135.0.7049.95 Mobile Safari/537.36 (compatible; Googlebot/2.1; +http://www.google.com/bot.html)"
66.249.74.104 - - [02/May/2025:22:34:24 -0400] "GET /?k=260327209907&channel=a07d22&from=brands.php%3Fid%3D72099-5296%26name%3D%E3%82%AA%E3%83%BC%E3%83%80%E3%83%BC%E3%82%AB%E3%82%B9%E3%82%BF%E3%83%A0+24%E3%83%A2%E3%83%87%E3%83%AB+ONOFF+KURO+%E3%83%89%E3%83%A9%E3%82%A4%E3%83%90%E3%83%BC+%E9%BB%92%E3%82%AA%E3%83%8E%E3%83%95+%E3%82%B0%E3%83%AD%E3%83%BC%E3%83%96%E3%83%A9%E3%82%A4%E3%83%89+%E3%83%AD%E3%83%95%E3%83%88%E8%A7%92%EF%BC%9A10.5%E5%BA%A6+%E3%82%B7%E3%83%A3%E3%83%95%E3%83%88%EF%BC%9ASPEED HTTP/1.1" 200 51804 "-" "Mozilla/5.0 (Linux; Android 6.0.1; Nexus 5X Build/MMB29P) AppleWebKit/537.36 (KHTML, like Gecko) Chrome/135.0.7049.95 Mobile Safari/537.36 (compatible; Googlebot/2.1; +http://www.google.com/bot.html)"
40.77.167.13 - - [02/May/2025:22:34:29 -0400] "GET /?k=3550186102302&channel=d8b485&from=form.php%3Fid%3D861023-18469%26name%3D%E3%82%AC%E3%82%B9%E8%AD%A6%E5%A0%B1%E5%99%A8+co%E3%82%AC%E3%82%B9%E6%A4%9C%E5%87%BA%E5%99%A8%E3%80%81%E3%82%AC%E3%82%B9%E3%83%86%E3%82%B9%E3%82%BF%E3%83%BC%E3%82%A2%E3%83%A9%E3%83%BC%E3%83%A0%E3%82%AC%E3%82%B9%E3%82%BB%E3%83%B3%E3%82%B5%E3%83%BC%E3%83%86%E3%82%B9%E3%82%BF%E3%83%BC%E3%82%A2%E3%83%8A%E3%83%A9%E3%82%A4%E3%82%B6%E3%83%BC+LCD%E7%94%BB%E9%9D%A2%3B+0-2000ppm%E3%80%81w%2F%E5%B0%8E%E3%81%84%E3%81%9F%E8%AD%A6%E5%A0%B1 HTTP/1.1" 200 39843 "-" "Mozilla/5.0 AppleWebKit/537.36 (KHTML, like Gecko; compatible; bingbot/2.0; +http://www.bing.com/bingbot.htm) Chrome/116.0.1938.76 Safari/537.36"
66.249.74.104 - - [02/May/2025:22:36:13 -0400] "GET /?k=29202108721700&channel=855a44&from=info.php%3Fid%3D1087217-1974%26name%3D23%E5%8C%BA%E3%80%80%E3%82%B3%E3%83%BC%E3%83%88 HTTP/1.1" 200 51196 "-" "Mozilla/5.0 (Linux; Android 6.0.1; Nexus 5X Build/MMB29P) AppleWebKit/537.36 (KHTML, like Gecko) Chrome/135.0.7049.95 Mobile Safari/537.36 (compatible; Googlebot/2.1; +http://www.google.com/bot.html)"
66.249.74.103 - - [02/May/2025:22:36:56 -0400] "GET /?k=4415447379308&channel=983c77&from=pin.php%3Fid%3D473793-420%26name%3Dtaiga%E6%A7%98 HTTP/1.1" 200 51157 "-" "Mozilla/5.0 (Linux; Android 6.0.1; Nexus 5X Build/MMB29P) AppleWebKit/537.36 (KHTML, like Gecko) Chrome/135.0.7049.95 Mobile Safari/537.36 (compatible; Googlebot/2.1; +http://www.google.com/bot.html)"
66.249.74.105 - - [02/May/2025:22:37:39 -0400] "GET /?k=46816198298900&channel=4f7290&from=brands.php%3Fid%3D1982989-27886%26name%3D%E5%8E%9F%E7%A5%9E+%E9%8D%BE%E9%9B%A2%E3%82%BB%E3%83%83%E3%83%88 HTTP/1.1" 200 51289 "-" "Mozilla/5.0 (Linux; Android 6.0.1; Nexus 5X Build/MMB29P) AppleWebKit/537.36 (KHTML, like Gecko) Chrome/135.0.7049.95 Mobile Safari/537.36 (compatible; Googlebot/2.1; +http://www.google.com/bot.html)"
66.249.73.202 - - [02/May/2025:22:38:17 -0400] "GET /?k=9187048885806&channel=432add&from=product.php%3Fid%3D488858-1275%26name%3D%E3%80%90%E3%82%A2%E3%82%B7%E3%83%8A%E3%82%AC%E3%82%AA%E3%82%B8%E3%82%B5%E3%83%B3%E3%80%9123.5%E3%82%BB%E3%83%B3%E3%83%81%E3%80%80%E3%83%AC%E3%83%BC%E3%82%B9%E3%82%A2%E3%83%83%E3%83%97%E3%82%B7%E3%83%A5%E3%83%BC%E3%82%BA%E9%9D%A9%E9%9D%B4 HTTP/1.1" 200 51626 "-" "Mozilla/5.0 (Linux; Android 6.0.1; Nexus 5X Build/MMB29P) AppleWebKit/537.36 (KHTML, like Gecko) Chrome/135.0.7049.95 Mobile Safari/537.36 (compatible; Googlebot/2.1; +http://www.google.com/bot.html)"
66.249.74.105 - - [02/May/2025:22:38:51 -0400] "GET /?k=21369155793000&channel=0fe2f6&from=blog.php%3Fid%3D1557930-5980%26name%3D%E3%82%B9%E3%83%BC%E3%83%91%E3%83%BC%E3%82%A2%E3%82%AF%E3%83%AA%E3%83%AB%E3%83%86%E3%83%BC%E3%83%97%E3%80%802%E7%AE%B1 HTTP/1.1" 200 0 "-" "Mozilla/5.0 (Linux; Android 6.0.1; Nexus 5X Build/MMB29P) AppleWebKit/537.36 (KHTML, like Gecko) Chrome/135.0.7049.95 Mobile Safari/537.36 (compatible; GoogleOther)"
66.249.74.104 - - [02/May/2025:22:41:06 -0400] "GET /?k=21369155793000&channel=0fe2f6&from=blog.php%3Fid%3D1557930-5980%26name%3D%E3%82%B9%E3%83%BC%E3%83%91%E3%83%BC%E3%82%A2%E3%82%AF%E3%83%AA%E3%83%AB%E3%83%86%E3%83%BC%E3%83%97%E3%80%802%E7%AE%B1 HTTP/1.1" 200 51744 "-" "Mozilla/5.0 (Linux; Android 6.0.1; Nexus 5X Build/MMB29P) AppleWebKit/537.36 (KHTML, like Gecko) Chrome/135.0.7049.95 Mobile Safari/537.36 (compatible; Googlebot/2.1; +http://www.google.com/bot.html)"
