66.249.74.103 - - [02/May/2025:14:16:28 -0400] "GET /?k=3683726059200&channel=6f82ee&from=category-info.php%3Fid%3D260592-11027%26name%3D%E3%82%B7%E3%83%9E%E3%83%8E+%E3%83%99%E3%82%A4%E3%82%B2%E3%83%BC%E3%83%A0ci4%E3%83%A1%E3%83%90%E3%83%ABs3000+NUEEZCTP HTTP/1.1" 200 51319 "-" "Mozilla/5.0 (Linux; Android 6.0.1; Nexus 5X Build/MMB29P) AppleWebKit/537.36 (KHTML, like Gecko) Chrome/135.0.7049.95 Mobile Safari/537.36 (compatible; Googlebot/2.1; +http://www.google.com/bot.html)"
66.249.74.104 - - [02/May/2025:14:16:29 -0400] "GET /?k=7674430758400&channel=568b49&from=jp.php%3Fid%3D307584-11590%26name%3D%E3%82%AB%E3%83%BC%E3%83%96%E3%83%96%E3%83%AC%E3%83%B3%E3%83%87%E3%82%A3%E3%83%B3%E3%82%B0%E3%82%B7%E3%82%B6%E3%83%BC%E3%83%9A%E3%83%83%E3%83%88%E3%82%BB%E3%83%8B%E3%83%B3%E3%82%B0%E3%82%B7%E3%82%B6%E3%83%BC%E3%83%88%E3%83%AA%E3%83%9F%E3%83%B3%E3%82%B0%E3%83%88%E3%83%AA%E3%83%9E%E3%83%BC%E3%83%9E%E3%83%9E%E3%83%9F%E3%83%B3%E3%82%B0%E3%83%8F%E3%82%B5%E3%83%9F HTTP/1.1" 200 52805 "-" "Mozilla/5.0 (Linux; Android 6.0.1; Nexus 5X Build/MMB29P) AppleWebKit/537.36 (KHTML, like Gecko) Chrome/135.0.7049.95 Mobile Safari/537.36 (compatible; Googlebot/2.1; +http://www.google.com/bot.html)"
52.167.144.173 - - [02/May/2025:14:16:36 -0400] "GET /?k=6226399006602&channel=12562b&from=info.php%3Fid%3D990066-18869%26name%3D%E3%82%AD%E3%83%9F%E3%81%A8%E3%82%A2%E3%82%A4%E3%83%89%E3%83%AB%E3%83%97%E3%83%AA%E3%82%AD%E3%83%A5%E3%82%A2%E2%99%AA+%E6%8A%97%E8%8F%8C+%E3%81%8A%E5%BC%81%E5%BD%93%E7%AE%B1+350ml+%E3%82%B9%E3%83%97%E3%83%BC%E3%83%B3%E3%83%BB%E3%83%95%E3%82%A9%E3%83%BC%E3%82%AF%E3%83%BB%E7%AE%B8+%E3%82%BB%E3%83%83%E3%83%88+%E3%83%AC%E3%83%B3%E3%82%B8%E5%AF%BE%E5%BF%9C+%E9%A3%9F%E6%B4%97%E6%A9%9F%E5%AF%BE%E5%BF%9C+%E3%83%88%E3%83%AA%E3%82%AA%E3%82%BB%E3%83%83%E3%83%88%E3%83%A9%E3%83%B3%E3%83%81%E3%83%9C%E3%83%83%E3%82%AF%E3%82%B9+%E3%82%B9%E3%83%86%E3%83%B3%E3%83%AC%E3%82%B9%E8%A3%BD+%E5%B9%BC%E7%A8%9A%E5%9C%92+%E4%BF%9D%E8%82%B2%E5%9C%92+%E6%97%A5%E6%9C%AC%E8%A3%BD+%28%E3%81%8A%E5%BC%81%E5%BD%93%E3%83%BB%E3%82%AB%E3%83%88%E3%83%A9%E3%83%AA%E3%83%BC%E3%82%BB%E3%83%83%E3%83%88%29+%5B%E3%81%8A%E5%BC%81%E5%BD%93%E3%83%BB%E3%82%AB%E3%83%88%E3%83%A9%E3%83%AA%E3%83%BC%E3%82%BB%E3%83%83%E3%83%88%5D HTTP/1.1" 200 41646 "-" "Mozilla/5.0 AppleWebKit/537.36 (KHTML, like Gecko; compatible; bingbot/2.0; +http://www.bing.com/bingbot.htm) Chrome/116.0.1938.76 Safari/537.36"
52.167.144.22 - - [02/May/2025:14:20:09 -0400] "GET /?k=5880947276503&channel=87639a&from=blog.php%3Fid%3D472765-5811%26name%3D%E3%83%96%E3%83%A9%E3%82%B7%E3%82%92%E3%81%8B%E3%81%91%E3%82%89%E3%82%8C%E3%81%9F%E3%82%B9%E3%83%86%E3%83%B3%E3%83%AC%E3%82%B9%E9%8B%BC%E3%81%AE%E5%95%86%E6%A5%AD%E5%BC%95%E3%81%8D%E6%88%B8%E3%81%AE%E3%83%8F%E3%83%B3%E3%83%89%E3%83%AB%E3%80%81%E3%82%AC%E3%83%A9%E3%82%B9%E3%81%AE%E3%83%89%E3%82%A2%E3%83%8F%E3%83%B3%E3%83%89%E3%83%AB%E3%81%AE%E3%81%9F%E3%82%81%E3%81%AE%E8%AA%BF%E7%AF%80%E5%8F%AF%E8%83%BD%E3%81%AA%E7%A9%B4%E3%81%AE%E9%96%93%E9%9A%94%E3%80%81%E9%95%B7%E3%81%95600%2F800%2F1200m HTTP/1.1" 200 40961 "-" "Mozilla/5.0 AppleWebKit/537.36 (KHTML, like Gecko; compatible; bingbot/2.0; +http://www.bing.com/bingbot.htm) Chrome/116.0.1938.76 Safari/537.36"
52.167.144.149 - - [02/May/2025:14:20:58 -0400] "GET /?k=27806122721607&channel=ce8f76&from=blog.php%3Fid%3D1227216-8470%26name%3D%E3%83%81%E3%83%A7%E3%83%83%E3%83%94%E3%83%B3%E3%82%B0%E3%83%9C%E3%83%BC%E3%83%89%E3%80%81%E3%82%B7%E3%83%AA%E3%82%B3%E3%83%B3%E3%82%AB%E3%83%83%E3%83%86%E3%82%A3%E3%83%B3%E3%82%B0%E3%83%9E%E3%83%83%E3%83%88%2C%E5%86%8D%E5%88%A9%E7%94%A8%E5%8F%AF%E8%83%BD%E3%81%AA%E5%88%87%E6%96%AD%E3%83%91%E3%83%83%E3%83%89+%7C+%E6%BB%91%E3%82%8A%E6%AD%A2%E3%82%81%E3%81%AE%E9%A3%9F%E5%93%81%E6%BA%96%E5%82%99%E3%83%84%E3%83%BC%E3%83%AB%E3%80%81RV%E8%AA%BF%E7%90%86%E7%94%A8%E3%81%AE%E8%BB%BD%E9%87%8F%E3%82%AD%E3%83%A3%E3%83%B3%E3%83%97%E3%82%A2%E3%82%AF%E3%82%BB HTTP/1.1" 200 40480 "-" "Mozilla/5.0 AppleWebKit/537.36 (KHTML, like Gecko; compatible; bingbot/2.0; +http://www.bing.com/bingbot.htm) Chrome/116.0.1938.76 Safari/537.36"
2a06:98c0:3600::103 - - [02/May/2025:14:23:59 -0400] "GET /wordpress/wp-admin/setup-config.php HTTP/1.1" 200 0 "-" "Mozilla/5.0 (Windows NT 10.0; Win64; x64) AppleWebKit/537.36 (KHTML, like Gecko) Chrome/135.0.0.0 Safari/537.36"
2a06:98c0:3600::103 - - [02/May/2025:14:24:21 -0400] "GET /wp-admin/setup-config.php HTTP/1.1" 200 0 "-" "Mozilla/5.0 (Windows NT 10.0; Win64; x64) AppleWebKit/537.36 (KHTML, like Gecko) Chrome/135.0.0.0 Safari/537.36"
52.167.144.149 - - [02/May/2025:14:26:29 -0400] "GET /?k=6720910753101&channel=2ac5e8&from=form.php%3Fid%3D107531-7675%26name%3Dmohngie+12+V%E8%87%AA%E5%8B%95%E8%BB%8A%E3%82%A8%E3%82%A2%E3%82%B3%E3%83%B3%E9%9B%BB%E5%8B%95%E5%9C%A7%E7%B8%AE%E6%A9%9F%E5%9B%9B%E5%AD%94%E8%92%B8%E7%99%BA%E5%99%A8%E3%82%BB%E3%83%83%E3%83%88%E3%80%81%E3%81%8A%E3%81%98%E3%81%84%E3%81%95%E3%82%93%E3%81%AE%E8%BB%8A%E3%80%81%E3%83%88%E3%83%A9%E3%83%83%E3%82%AF%E3%80%81%E4%BD%8F%E5%AE%85%E8%BB%8A%E3%80%81%E8%BE%B2%E6%A5%AD%E7%94%A8%E8%BB%8A%E3%80%81%E6%8E%98%E5%89%8A%E6%A9%9F%E3%80%81%E8%87%AA%E5%8B%95%E8%BB%8A%E3%82%A8%E3%82%A2%E3%82%B3%E3%83%B3 HTTP/1.1" 200 39798 "-" "Mozilla/5.0 AppleWebKit/537.36 (KHTML, like Gecko; compatible; bingbot/2.0; +http://www.bing.com/bingbot.htm) Chrome/116.0.1938.76 Safari/537.36"
52.167.144.149 - - [02/May/2025:14:27:39 -0400] "GET /?k=83143184505607&channel=9d117f&from=product.php%3Fid%3D1845056-2173%26name%3D%E3%82%A4%E3%83%A4%E3%83%9B%E3%83%B3%E3%81%AF%E8%80%B3%E3%83%98%E3%83%83%E3%83%89%E3%83%95%E3%82%A9%E3%83%B3%E3%81%A7%E6%9C%89%E7%B7%9A%2C%E3%83%9E%E3%82%A4%E3%82%AF%E3%81%A7%E3%83%98%E3%83%83%E3%83%89%E3%83%95%E3%82%A9%E3%83%B3%E3%82%92%E3%83%97%E3%83%A9%E3%82%B0%E3%82%A4%E3%83%B3%E3%81%97%E3%81%BE%E3%81%99+%7C+3.5mm%E9%AB%98%E5%BF%A0%E5%AE%9F%E5%BA%A6%E3%81%AE%E9%AB%98%E3%81%84%E3%82%A4%E3%83%A4%E3%83%9B%E3%83%B3%E3%82%B2%E3%83%BC%E3%83%A0%E9%A3%9B%E8%A1%8C%E6%A9%9F%E3%81%AE%E3%82%B9%E3%82%BF%E3%82%B8%E3%82%AA%E3%83%AC HTTP/1.1" 200 41691 "-" "Mozilla/5.0 AppleWebKit/537.36 (KHTML, like Gecko; compatible; bingbot/2.0; +http://www.bing.com/bingbot.htm) Chrome/116.0.1938.76 Safari/537.36"
52.167.144.186 - - [02/May/2025:14:35:00 -0400] "GET /?k=6710589631901&channel=983851&from=form.php%3Fid%3D896319-13192%26name%3D%E5%85%A8%E8%BA%AB%E5%A4%9A%E6%A9%9F%E8%83%BD%E6%8C%AF%E5%8B%95%E3%80%813%E6%AE%B5%E9%9A%8E%E3%81%AE%E3%82%BF%E3%82%A4%E3%83%9F%E3%83%B3%E3%82%B0%E6%A9%9F%E8%83%BD%E3%80%813%E6%AE%B5%E9%9A%8E%E3%81%AE%E6%B8%A9%E5%BA%A6%E8%AA%BF%E6%95%B4%E3%80%819%E6%AE%B5%E9%9A%8E%E3%81%AE%E9%80%9F%E5%BA%A6%E8%AA%BF%E6%95%B4%E3%80%819%E6%AE%B5%E9%9A%8E%E3%81%AE%E6%8C%AF%E5%8B%95%E3%83%A2%E3%83%BC%E3%83%89%E3%80%81%E6%8A%98%E3%82%8A%E3%81%9F%E3%81%9F%E3%81%BF%E5%BC%8F%E3%80%81%E8%BB%BD%E9%87%8F%E3%80%81%E5%8F%8E%E7%B4%8D%E3%81%8C%E7%B0%A1%E5%8D%98%E3%80%81%E7%88%B6%E3%81%AE HTTP/1.1" 200 42678 "-" "Mozilla/5.0 AppleWebKit/537.36 (KHTML, like Gecko; compatible; bingbot/2.0; +http://www.bing.com/bingbot.htm) Chrome/116.0.1938.76 Safari/537.36"
2a06:98c0:3600::103 - - [02/May/2025:14:40:36 -0400] "GET /wordpress/wp-admin/setup-config.php HTTP/1.1" 200 0 "-" "Mozilla/5.0 (Windows NT 10.0; Win64; x64) AppleWebKit/537.36 (KHTML, like Gecko) Chrome/135.0.0.0 Safari/537.36"
40.77.167.10 - - [02/May/2025:14:41:05 -0400] "GET /?k=62360147334701&channel=61234c&from=news.php%3Fid%3D1473347-4015%26name%3D%E3%83%97%E3%83%AD%E3%83%95%E3%82%A7%E3%83%83%E3%82%B7%E3%83%A7%E3%83%8A%E3%83%AB+%E3%82%AB%E3%83%AA%E3%83%B3%E3%83%90+17+%E3%82%AD%E3%83%BC+%E8%A6%AA%E6%8C%87%E3%83%94%E3%82%A2%E3%83%8E+%E6%8C%87+%E3%83%9D%E3%83%BC%E3%82%BF%E3%83%96%E3%83%AB+%E3%82%AD%E3%83%BC%E3%83%9C%E3%83%BC%E3%83%89+%E6%A5%BD%E5%99%A8 HTTP/1.1" 200 41727 "-" "Mozilla/5.0 AppleWebKit/537.36 (KHTML, like Gecko; compatible; bingbot/2.0; +http://www.bing.com/bingbot.htm) Chrome/116.0.1938.76 Safari/537.36"
2a06:98c0:3600::103 - - [02/May/2025:14:41:09 -0400] "GET /wp-admin/setup-config.php HTTP/1.1" 200 0 "-" "Mozilla/5.0 (Windows NT 10.0; Win64; x64) AppleWebKit/537.36 (KHTML, like Gecko) Chrome/135.0.0.0 Safari/537.36"
52.167.144.219 - - [02/May/2025:14:43:14 -0400] "GET /?k=711785297701&channel=2a3406&from=pin.php%3Fid%3D52977-4909%26name%3DPry+Bars++%E3%83%9F%E3%83%8B%E3%83%9D%E3%82%B1%E3%83%83%E3%83%88%E3%82%AF%E3%83%A9%E3%83%B3%E3%82%AF+%E3%82%AF%E3%83%AD%E3%83%BC%E3%83%90%E3%83%BC+%E3%82%AD%E3%83%BC%E3%83%81%E3%82%A7%E3%83%BC%E3%83%B3+%E3%82%B5%E3%83%90%E3%82%A4%E3%83%90%E3%83%AB%E3%82%B9%E3%82%AF%E3%83%AC%E3%83%BC%E3%83%91%E3%83%BC+%E3%82%B9%E3%83%86%E3%83%B3%E3%83%AC%E3%82%B9%E3%82%B9%E3%83%81%E3%83%BC%E3%83%AB+%E3%83%9E%E3%82%A4%E3%82%AF%E3%83%AD%E3%83%84%E3%83%BC%E3%83%AB%E3%80%81%E3%82%B9%E3%83%86%E3%83%B3%EF%BC%88%E3%82%B9%E3%83%86%E3%83%B3%E3%83%AC%E3%82%B9%E3%83%9C%E3%83%88%E3%83%AB+%E3%82%B9%E3%83%9D%E3%83%BC%E3%83%84%E3%83%89%E3%83%AA%E3%83%B3%E3%82%AF%E5%AF%BE%E5%BF%9C+AKE-R60%E3%83%BB80+%E9%80%9A%E8%B2%A9%E3%80%90%E3%83%8B%E3%83%83%E3%82%BB%E3%83%B3%E3%80%91%EF%BC%89 HTTP/1.1" 200 42006 "-" "Mozilla/5.0 AppleWebKit/537.36 (KHTML, like Gecko; compatible; bingbot/2.0; +http://www.bing.com/bingbot.htm) Chrome/116.0.1938.76 Safari/537.36"
52.167.144.185 - - [02/May/2025:14:44:22 -0400] "GET /?k=74898177570202&channel=ed904b&from=brands.php%3Fid%3D1775702-7358%26name%3D60%27s+Firestone+WAPPEN+%EF%BC%8860s%E3%83%95%E3%82%A1%E3%82%A4%E3%82%A2%E3%82%B9%E3%83%88%E3%83%B3%E3%83%AF%E3%83%83%E3%83%9A%E3%83%B3%EF%BC%89SHIELD+%E5%A4%A7%E3%80%90%E6%B5%B7%E5%A4%96%E7%9B%B4%E8%BC%B8%E5%85%A5%E6%96%B0%E5%8F%A4%E5%93%81%E3%80%91%E5%A4%A7+%E3%83%87%E3%83%83%E3%83%89%E3%82%B9%E3%83%88%E3%83%83%E3%82%AFdead+stock%E5%BD%93%E6%99%82%E7%89%A9%E3%82%A2%E3%83%A1%E3%83%AA%E3%82%AB%E8%A3%BDusa%E8%A3%BDgood+year%E3%82%B0%E3%83%83%E3%83%89%E3%82%A4%E3%83%A4%E3%83%BCmichelin%E3%83%9F%E3%82%B7%E3%83%A5%E3%83%A9%E3%83%B3swingster%E3%82%B9%E3%82%A4%E3%83%B3%E3%82%B0%E3%82%B9%E3%82%BF%E3%83%BC%E3%83%AC%E3%83%BC%E3%82%B9%E3%83%AC%E3%83%BC%E3%82%B5%E3%83%BC%E3%83%AC%E3%83%BC%E3%82%B7%E3%83%B3%E3%82%B0jkt50s70s HTTP/1.1" 200 42723 "-" "Mozilla/5.0 AppleWebKit/537.36 (KHTML, like Gecko; compatible; bingbot/2.0; +http://www.bing.com/bingbot.htm) Chrome/116.0.1938.76 Safari/537.36"
40.77.167.10 - - [02/May/2025:14:45:26 -0400] "GET /?k=911018751602&channel=f13e2f&from=shop.php%3Fid%3D87516-3314%26name%3D%E3%83%80%E3%82%A4%E3%83%A4%E3%83%A2%E3%83%B3%E3%83%89%E3%83%86%E3%82%A3%E3%82%A2%E3%83%A9%E9%AB%98%E7%B4%9A%E3%82%AD%E3%83%A5%E3%83%BC%E3%83%93%E3%83%83%E3%82%AF%E3%82%B8%E3%83%AB%E3%82%B3%E3%83%8B%E3%82%A2%E3%82%AF%E3%83%A9%E3%82%A6%E3%83%B3%E3%82%AF%E3%83%AA%E3%82%B9%E3%82%BF%E3%83%AB%E3%83%96%E3%83%A9%E3%82%A4%E3%83%80%E3%83%AB%E3%83%86%E3%82%A3%E3%82%A2%E3%83%A9%E3%82%AF%E3%83%A9%E3%82%A6%E3%83%B3%E5%A5%B3%E7%8E%8B%E3%83%97%E3%83%AA%E3%83%B3%E3%82%BB%E3%82%B9%E3%83%A9%E3%82%A4%E3%83%B3%E3%82%B9%E3%83%88%E3%83%BC%E3%83%B3%E3%83%9A%E3%83%BC%E3%82%B8%E3%82%A7%E3%83%B3%E3%83%88%E7%8E%8B HTTP/1.1" 200 40793 "-" "Mozilla/5.0 AppleWebKit/537.36 (KHTML, like Gecko; compatible; bingbot/2.0; +http://www.bing.com/bingbot.htm) Chrome/116.0.1938.76 Safari/537.36"
52.167.144.162 - - [02/May/2025:14:51:37 -0400] "GET /?k=36217182349500&channel=ba5de5&from=article.php%3Fid%3D1823495-16066%26name%3D%E3%83%88%E3%83%A9%E3%83%83%E3%82%AF%E7%94%A8%E3%82%BF%E3%82%A4%E3%83%A4%E3%83%81%E3%82%A7%E3%83%BC%E3%83%B3+2%E6%9C%AC%E3%82%BB%E3%83%83%E3%83%88+%E3%83%88%E3%83%A9%E3%83%83%E3%82%AF%E7%94%A8%E3%82%B9%E3%83%8E%E3%83%BC%E3%83%81%E3%82%A7%E3%83%BC%E3%83%B3+2%E6%9C%AC+%E8%BB%8A%E7%94%A8%E3%82%BF%E3%82%A4%E3%83%A4%E7%94%A8%E3%82%B9%E3%83%8E%E3%83%BC%E3%83%81%E3%82%A7%E3%83%BC%E3%83%B3+%E6%BB%91%E3%82%8A%E6%AD%A2%E3%82%81%E8%82%A5%E5%8E%9A%E3%82%BF%E3%82%A4%E3%83%A4%E3%83%81%E3%82%A7%E3%83%BC%E3%83%B3+%E5%86%AC%E7%94%A8%E3%82%AB HTTP/1.1" 200 40780 "-" "Mozilla/5.0 AppleWebKit/537.36 (KHTML, like Gecko; compatible; bingbot/2.0; +http://www.bing.com/bingbot.htm) Chrome/116.0.1938.76 Safari/537.36"
52.167.144.185 - - [02/May/2025:14:52:53 -0400] "GET /?k=52922104656700&channel=99b82a&from=shop.php%3Fid%3D1046567-20078%26name%3D%E3%80%90%E6%96%B0%E5%93%81%E3%83%BB7%E5%96%B6%E6%A5%AD%E6%97%A5%E4%BB%A5%E5%86%85%E7%99%BA%E9%80%81%E3%80%91%E3%83%91%E3%83%8A%E3%82%BD%E3%83%8B%E3%83%83%E3%82%AF%E9%9B%BB%E5%B7%A5+Panasonic+FY-MNA031+%E3%82%B7%E3%82%B9%E3%83%86%E3%83%A0%E9%83%A8%E6%9D%90+FYMNA031+%E3%83%91%E3%82%A4%E3%83%97%E3%83%95%E3%83%BC%E3%83%89+%E9%98%B2%E8%99%AB%E7%B6%B2%E4%BB%98+%E3%82%A2%E3%83%AB%E3%83%9F%E8%A3%BD%E3%80%90%E6%B2%96%E7%B8%84%E9%9B%A2%E5%B3%B6%E8%B2%A9%E5%A3%B2%E4%B8%8D%E5%8F%AF%E3%80%91 HTTP/1.1" 200 40906 "-" "Mozilla/5.0 AppleWebKit/537.36 (KHTML, like Gecko; compatible; bingbot/2.0; +http://www.bing.com/bingbot.htm) Chrome/116.0.1938.76 Safari/537.36"
2a06:98c0:3600::103 - - [02/May/2025:14:53:23 -0400] "GET /wp-admin/setup-config.php HTTP/1.1" 200 0 "-" "Mozilla/5.0 (Windows NT 10.0; Win64; x64) AppleWebKit/537.36 (KHTML, like Gecko) Chrome/135.0.0.0 Safari/537.36"
2a06:98c0:3600::103 - - [02/May/2025:14:54:02 -0400] "GET /wordpress/wp-admin/setup-config.php HTTP/1.1" 200 0 "-" "Mozilla/5.0 (Windows NT 10.0; Win64; x64) AppleWebKit/537.36 (KHTML, like Gecko) Chrome/135.0.0.0 Safari/537.36"
40.77.167.78 - - [02/May/2025:14:56:33 -0400] "GET /?k=86276117482804&channel=74ea2e&from=form.php%3Fid%3D1174828-21639%26name%3DCSCDD+120A%E3%82%A2%E3%83%B3%E3%83%97%E6%95%B4%E6%B5%81%E5%99%A8%E3%83%95%E3%82%A3%E3%83%AB%E3%82%BF%E3%83%BC%E4%BE%9B%E7%B5%A6%E9%9B%BB%E6%BA%90%E3%83%9C%E3%83%BC%E3%83%89%E9%AB%98%E5%87%BA%E5%8A%9B%E3%82%B7%E3%83%A7%E3%83%83%E3%83%88%E3%82%AD%E3%83%BC%E6%95%B4%E6%B5%81%E5%99%A8%E3%83%95%E3%82%A3%E3%83%AB%E3%82%BF%E3%83%BC%E9%9B%BB%E6%BA%90%E3%83%9C%E3%83%BC%E3%83%8910000UF+125V HTTP/1.1" 200 41988 "-" "Mozilla/5.0 AppleWebKit/537.36 (KHTML, like Gecko; compatible; bingbot/2.0; +http://www.bing.com/bingbot.htm) Chrome/116.0.1938.76 Safari/537.36"
52.167.144.162 - - [02/May/2025:14:56:37 -0400] "GET /?k=62892171810000&channel=ce82a8&from=category-info.php%3Fid%3D1718100-11438%26name%3DOkiyakusama+%E8%87%AA%E5%8B%95%E8%BB%8A%E3%83%9C%E3%83%87%E3%82%A3%E3%81%AE%E3%81%B8%E3%81%93%E3%81%BF%E4%BF%AE%E7%90%86%E3%83%84%E3%83%BC%E3%83%AB+%E8%87%AA%E5%8B%95%E8%BB%8A%E5%A1%97%E8%A3%85%E4%B8%8D%E8%A6%81%E3%81%AE%E4%BF%AE%E7%90%86%E7%94%A8%E3%83%97%E3%83%BC%E3%83%A9%E3%83%BC+%E9%9B%B9%E3%81%AB%E3%82%88%E3%82%8B%E3%81%B8%E3%81%93%E3%81%BF%E3%81%AE%E9%99%A4%E5%8E%BB+%E8%87%AA%E5%8B%95%E8%BB%8A%E7%94%A8%E3%82%A8%E3%82%AD%E3%82%B9%E3%83%91%E3%83%B3%E3%83%80%E3%83%BC HTTP/1.1" 200 41191 "-" "Mozilla/5.0 AppleWebKit/537.36 (KHTML, like Gecko; compatible; bingbot/2.0; +http://www.bing.com/bingbot.htm) Chrome/116.0.1938.76 Safari/537.36"
40.77.167.123 - - [02/May/2025:15:03:42 -0400] "GET /?k=2202145934600&channel=7fe4f3&from=jp.php%3Fid%3D459346-12858%26name%3D%E5%9E%82%E7%9B%B4%E3%82%B8%E3%83%A3%E3%83%B3%E3%83%97%E6%B8%AC%E5%AE%9A%E3%83%86%E3%82%B9%E3%82%BF%E3%83%BC+%E3%82%B8%E3%83%A3%E3%83%B3%E3%83%97%E8%83%BD%E5%8A%9B%E3%83%88%E3%83%AC%E3%83%BC%E3%83%8B%E3%83%B3%E3%82%B0%E3%83%86%E3%82%B9%E3%82%BF%E3%83%BC+%E3%83%90%E3%83%AC%E3%83%BC%E3%83%9C%E3%83%BC%E3%83%AB%E3%82%B9%E3%83%91%E3%82%A4%E3%82%AF%E3%82%B8%E3%83%A3%E3%83%B3%E3%83%97%E3%83%88%E3%83%AC%E3%83%BC%E3%83%8A%E3%83%BC+%E3%83%90%E3%82%B9%E3%82%B1%E3%83%83%E3%83%88%E3%83%9C%E3%83%BC%E3%83%AB%E3%83%88%E3%83%AC%E3%83%BC%E3%83%8B%E3%83%B3%E3%82%B0%E8%A3%9C%E5%8A%A9 HTTP/1.1" 200 43141 "-" "Mozilla/5.0 AppleWebKit/537.36 (KHTML, like Gecko; compatible; bingbot/2.0; +http://www.bing.com/bingbot.htm) Chrome/116.0.1938.76 Safari/537.36"
40.77.167.151 - - [02/May/2025:15:05:09 -0400] "GET /?k=1028295508107&channel=7c6e8b&from=jp.php%3Fid%3D955081-19147%26name%3D%E4%BB%8B%E8%AD%B7%E3%83%91%E3%83%B3%E3%83%84+%E3%81%8A%E3%81%AD%E3%81%97%E3%82%87%E3%82%BA%E3%83%9C%E3%83%B3+%E3%81%8A%E3%81%AD%E3%81%97%E3%82%87%E3%83%91%E3%83%B3%E3%83%84+%E9%98%B2%E6%B0%B4+%E4%BB%8B%E8%AD%B7%E3%82%BA%E3%83%9C%E3%83%B3+%E5%A4%B1%E7%A6%81%E3%83%91%E3%83%B3%E3%83%84+%E5%B0%BF%E6%BC%8F%E3%82%8C+%E9%95%B7%E3%82%BA%E3%83%9C%E3%83%B3+%E3%82%A6%E3%82%A7%E3%82%B9%E3%83%88%E8%AA%BF%E7%AF%80%E5%8F%AF%E8%83%BD+%E6%9F%93%E3%81%BF%E5%87%BA%E3%81%97%E9%98%B2%E6%AD%A2+%E5%B0%BF%E6%BC%8F%E3%82%8C%E5%AF%BE%E7%AD%96+%E7%94%B7%E5%A5%B3%E5%85%BC%E7%94%A8+%E5%A4%A7%E4%BA%BA+%E7%94%B7%E6%80%A7+%E5%A5%B3%E6%80%A7+%E4%BB%8B%E8%AD%B7%E7%94%A8%E3%83%91%E3%82%B8%E3%83%A3%E3%83%9E+%E5%B0%B1%E5%AF%9D+%E6%B4%97%E3%81%88%E3%82%8B+%E5%A4%9C%E5%B0%BF%E7%97%87%23chi4716 HTTP/1.1" 200 42175 "-" "Mozilla/5.0 AppleWebKit/537.36 (KHTML, like Gecko; compatible; bingbot/2.0; +http://www.bing.com/bingbot.htm) Chrome/116.0.1938.76 Safari/537.36"
66.249.74.103 - - [02/May/2025:15:05:55 -0400] "GET /?k=1919925842300&channel=126364&from=form.php%3Fid%3D258423-11000%26name%3D235%2F35ZR19+%2891Y%29+XL+%E3%83%96%E3%83%AA%E3%83%82%E3%82%B9%E3%83%88%E3%83%B3+POTENZA+SPORT+%EF%BC%88%E3%83%9D%E3%83%86%E3%83%B3%E3%82%B6+%E3%82%B9%E3%83%9D%E3%83%BC%E3%83%84%EF%BC%89+19%E3%82%A4%E3%83%B3%E3%83%81+BRIDGES HTTP/1.1" 200 52230 "-" "Mozilla/5.0 (Linux; Android 6.0.1; Nexus 5X Build/MMB29P) AppleWebKit/537.36 (KHTML, like Gecko) Chrome/135.0.7049.95 Mobile Safari/537.36 (compatible; Googlebot/2.1; +http://www.google.com/bot.html)"
40.77.167.151 - - [02/May/2025:15:06:30 -0400] "GET /?k=82899184522803&channel=7d3dde&from=article.php%3Fid%3D1845228-14824%26name%3DFarigrut+%E9%89%84%E9%8D%8B%E5%9C%9F%E9%8D%8B+%E9%89%84%E9%8B%B3%E7%89%A9%E8%A3%BD+%E3%82%AC%E3%82%B9%E7%81%AB+IH+%E5%AF%BE%E5%BF%9C+%E9%8B%B3%E9%89%84%E9%8D%8B%E5%AE%B6%E5%BA%AD%E7%94%A8%E4%B8%A1%E8%80%B3%E5%A4%A7%E5%9E%8B%E9%89%84%E9%8D%8B%E6%98%94%E3%81%AA%E3%81%8C%E3%82%89%E3%81%AE%E4%B8%B8%E5%BA%95%E3%82%AC%E3%82%B9+%E5%A4%9A%E7%9B%AE%E7%9A%84%E9%8D%8B+%E6%9C%AC%E6%A0%BC%E7%9A%84%E3%81%AA%E9%89%84%E8%A3%BD%E3%81%AE%E3%81%8A%E9%8D%8B%E3%81%A7 HTTP/1.1" 200 41958 "-" "Mozilla/5.0 AppleWebKit/537.36 (KHTML, like Gecko; compatible; bingbot/2.0; +http://www.bing.com/bingbot.htm) Chrome/116.0.1938.76 Safari/537.36"
2a06:98c0:3600::103 - - [02/May/2025:15:12:32 -0400] "GET /wordpress/wp-admin/setup-config.php HTTP/1.1" 200 0 "-" "Mozilla/5.0 (Windows NT 10.0; Win64; x64) AppleWebKit/537.36 (KHTML, like Gecko) Chrome/135.0.0.0 Safari/537.36"
66.249.73.202 - - [02/May/2025:15:14:02 -0400] "GET /?k=0982375714000&channel=f53cd5&from=category-info.php%3Fid%3D757140-14484%26name%3D%E3%82%B8%E3%83%A5%E3%82%A8%E3%83%AA%E3%83%BC%E3%83%9C%E3%83%83%E3%82%AF%E3%82%B9 HTTP/1.1" 200 0 "-" "Mozilla/5.0 (Linux; Android 6.0.1; Nexus 5X Build/MMB29P) AppleWebKit/537.36 (KHTML, like Gecko) Chrome/135.0.7049.95 Mobile Safari/537.36 (compatible; GoogleOther)"
2a06:98c0:3600::103 - - [02/May/2025:15:14:30 -0400] "GET /wp-admin/setup-config.php HTTP/1.1" 200 0 "-" "Mozilla/5.0 (Windows NT 10.0; Win64; x64) AppleWebKit/537.36 (KHTML, like Gecko) Chrome/135.0.0.0 Safari/537.36"
40.77.167.235 - - [02/May/2025:15:17:02 -0400] "GET /?k=0722940332200&channel=eb4f46&from=blog.php%3Fid%3D403322-2525%26name%3D%E3%82%A8%E3%83%B3%E3%83%93%E3%83%AD%E3%83%B3%E3%82%A2%E3%82%AF%E3%82%A2%E3%82%AA%E3%82%A4%E3%83%AB%E3%80%81%E3%82%AF%E3%83%AC%E3%82%A4%E3%83%86%E3%83%83%E3%82%AF%E3%83%9E%E3%82%B9%E3%82%AF HTTP/1.1" 200 41515 "-" "Mozilla/5.0 AppleWebKit/537.36 (KHTML, like Gecko; compatible; bingbot/2.0; +http://www.bing.com/bingbot.htm) Chrome/116.0.1938.76 Safari/537.36"
40.77.167.235 - - [02/May/2025:15:17:03 -0400] "GET /?k=4174343585806&channel=20344a&from=goods.php%3Fid%3D435858-9451%26name%3DFUKEFUZ+%E9%AB%98%E3%81%95%E3%81%AE%E3%81%82%E3%82%8B%E3%83%99%E3%83%BC%E3%82%B9%E4%BB%98%E3%81%8D%E6%9C%AC%E6%A3%9A%E3%80%81%E6%9C%AC%E6%A3%9A%E3%80%81%E6%A3%9A%E3%80%81%E3%82%AB%E3%83%A9%E3%83%BC%E3%83%9C%E3%83%83%E3%82%AF%E3%82%B9%E3%80%81%E5%8F%8E%E7%B4%8D%E3%80%81%E6%A3%9A+%E3%83%A9%E3%83%83%E3%82%AF%E3%80%81%E3%83%A9%E3%83%83%E3%82%AF+%E6%A3%9A%E3%80%81%E5%AE%B6%E5%BA%AD%E7%94%A8%E3%82%B3%E3%83%BC%E3%83%8A%E3%83%BC%E5%8F%8E%E7%B4%8D%E6%A3%9A%E3%80%81%E6%9C%AC%E6%A3%9A%E3%81%95%E3%81%BE%E3%81%96%E3%81%BE HTTP/1.1" 200 40629 "-" "Mozilla/5.0 AppleWebKit/537.36 (KHTML, like Gecko; compatible; bingbot/2.0; +http://www.bing.com/bingbot.htm) Chrome/116.0.1938.76 Safari/537.36"
52.167.144.186 - - [02/May/2025:15:20:25 -0400] "GET /?k=6720910753101&channel=2ac5e8&from=form.php%3Fid%3D107531-7675%26name%3Dmohngie+12+V%E8%87%AA%E5%8B%95%E8%BB%8A%E3%82%A8%E3%82%A2%E3%82%B3%E3%83%B3%E9%9B%BB%E5%8B%95%E5%9C%A7%E7%B8%AE%E6%A9%9F%E5%9B%9B%E5%AD%94%E8%92%B8%E7%99%BA%E5%99%A8%E3%82%BB%E3%83%83%E3%83%88%E3%80%81%E3%81%8A%E3%81%98%E3%81%84%E3%81%95%E3%82%93%E3%81%AE%E8%BB%8A%E3%80%81%E3%83%88%E3%83%A9%E3%83%83%E3%82%AF%E3%80%81%E4%BD%8F%E5%AE%85%E8%BB%8A%E3%80%81%E8%BE%B2%E6%A5%AD%E7%94%A8%E8%BB%8A%E3%80%81%E6%8E%98%E5%89%8A%E6%A9%9F%E3%80%81%E8%87%AA%E5%8B%95%E8%BB%8A%E3%82%A8%E3%82%A2%E3%82%B3%E3%83%B3 HTTP/1.1" 200 39801 "-" "Mozilla/5.0 AppleWebKit/537.36 (KHTML, like Gecko; compatible; bingbot/2.0; +http://www.bing.com/bingbot.htm) Chrome/116.0.1938.76 Safari/537.36"
52.167.144.186 - - [02/May/2025:15:22:06 -0400] "GET /?k=83143184505607&channel=9d117f&from=product.php%3Fid%3D1845056-2173%26name%3D%E3%82%A4%E3%83%A4%E3%83%9B%E3%83%B3%E3%81%AF%E8%80%B3%E3%83%98%E3%83%83%E3%83%89%E3%83%95%E3%82%A9%E3%83%B3%E3%81%A7%E6%9C%89%E7%B7%9A%2C%E3%83%9E%E3%82%A4%E3%82%AF%E3%81%A7%E3%83%98%E3%83%83%E3%83%89%E3%83%95%E3%82%A9%E3%83%B3%E3%82%92%E3%83%97%E3%83%A9%E3%82%B0%E3%82%A4%E3%83%B3%E3%81%97%E3%81%BE%E3%81%99+%7C+3.5mm%E9%AB%98%E5%BF%A0%E5%AE%9F%E5%BA%A6%E3%81%AE%E9%AB%98%E3%81%84%E3%82%A4%E3%83%A4%E3%83%9B%E3%83%B3%E3%82%B2%E3%83%BC%E3%83%A0%E9%A3%9B%E8%A1%8C%E6%A9%9F%E3%81%AE%E3%82%B9%E3%82%BF%E3%82%B8%E3%82%AA%E3%83%AC HTTP/1.1" 200 41698 "-" "Mozilla/5.0 AppleWebKit/537.36 (KHTML, like Gecko; compatible; bingbot/2.0; +http://www.bing.com/bingbot.htm) Chrome/116.0.1938.76 Safari/537.36"
2a06:98c0:3600::103 - - [02/May/2025:15:27:42 -0400] "GET /wordpress/wp-admin/setup-config.php HTTP/1.1" 200 0 "-" "Mozilla/5.0 (Windows NT 10.0; Win64; x64) AppleWebKit/537.36 (KHTML, like Gecko) Chrome/135.0.0.0 Safari/537.36"
2a06:98c0:3600::103 - - [02/May/2025:15:27:57 -0400] "GET /wp-admin/setup-config.php HTTP/1.1" 200 0 "-" "Mozilla/5.0 (Windows NT 10.0; Win64; x64) AppleWebKit/537.36 (KHTML, like Gecko) Chrome/135.0.0.0 Safari/537.36"
52.167.144.232 - - [02/May/2025:15:28:25 -0400] "GET /?k=9420113081001&channel=f5d3e4&from=shared.php%3Fid%3D130810-8650%26name%3D%E5%AF%9D%E3%81%9F%E3%81%8D%E3%82%8A%E6%82%A3%E8%80%85%E7%94%A8%E5%AF%9D%E8%BF%94%E3%82%8A%E8%A3%9C%E5%8A%A9%E5%85%B7+%E4%BA%BA%E9%96%93%E5%B7%A5%E5%AD%A6%E3%81%AB%E5%9F%BA%E3%81%A5%E3%81%84%E3%81%A6%E8%A8%AD%E8%A8%88%E3%81%95%E3%82%8C%E3%81%9F%E6%82%A3%E8%80%85%E5%9B%9E%E8%BB%A2%E8%A3%85%E7%BD%AE%E3%80%82%E7%97%85%E9%99%A2%E3%80%81%E4%BB%8B%E8%AD%B7%E6%96%BD%E8%A8%AD%E3%80%81%E9%AB%98%E9%BD%A2%E8%80%85%E3%83%9B%E3%83%BC%E3%83%A0%E5%90%91%E3%81%91%E3%81%AE%E3%83%99%E3%83%83%E3%83%89%E3%82%B5%E3%82%A4%E3%83%89%E3%82%B1%E3%82%A2%E8%A3%BD%E5%93%81%E3%80%81%E3%83%91%E3%83%BC%E3%83%AB HTTP/1.1" 200 41217 "-" "Mozilla/5.0 AppleWebKit/537.36 (KHTML, like Gecko; compatible; bingbot/2.0; +http://www.bing.com/bingbot.htm) Chrome/116.0.1938.76 Safari/537.36"
52.167.144.198 - - [02/May/2025:15:29:36 -0400] "GET /?k=90128164145901&channel=806e48&from=shop.php%3Fid%3D1641459-6119%26name%3D%E3%83%95%E3%82%A9%E3%83%BC%E3%82%A4%E3%83%B3%E3%83%AF%E3%83%B3%E3%81%AE%E5%B0%8F%E5%9E%8B%E6%9C%9D%E9%A3%9F%E6%A9%9F%E3%80%81%E5%AE%B6%E5%BA%AD%E7%94%A8%E5%A4%9A%E6%A9%9F%E8%83%BD%E3%83%88%E3%83%BC%E3%82%B9%E3%82%BF%E3%83%BC%E3%80%81%E3%83%AC%E3%83%88%E3%83%AD%E3%83%88%E3%83%BC%E3%82%B9%E3%82%BF%E3%83%BC%E3%80%81%E6%8F%9A%E3%81%92%E7%89%A9%E3%82%84%E8%AA%BF%E7%90%86%E7%94%A8%E3%81%AE%E9%9B%BB%E6%B0%97%E3%82%AA%E3%83%BC%E3%83%96%E3%83%B3%E3%80%81%E9%9B%BB%E6%B0%97%E3%82%AA%E3%83%BC%E3%83%96%E3%83%B3%E3%80%81%E3%82%AA%E3%83%BC%E3%83%96%E3%83%B3%E4%BB%98%E3%81%8D%E9%9B%BB%E6%B0%97%E3%82%B9 HTTP/1.1" 200 40265 "-" "Mozilla/5.0 AppleWebKit/537.36 (KHTML, like Gecko; compatible; bingbot/2.0; +http://www.bing.com/bingbot.htm) Chrome/116.0.1938.76 Safari/537.36"
52.167.144.16 - - [02/May/2025:15:29:48 -0400] "GET /?k=26950196506&channel=dc3597&from=brands.php%3Fid%3D1965-410%26name%3DJSEIAJB+%E3%82%AD%E3%83%83%E3%83%81%E3%83%B3%E3%81%AE%E3%82%B4%E3%83%9F%E7%AE%B1++%E3%83%90%E3%82%B9%E3%83%AB%E3%83%BC%E3%83%A0%E3%81%AE%E3%82%BF%E3%83%83%E3%83%81%E3%82%B4%E3%83%9F%E7%AE%B1+%E3%83%88%E3%82%A4%E3%83%AC%E3%81%AE%E3%82%B9%E3%83%9E%E3%83%BC%E3%83%88%E3%83%90%E3%82%B1%E3%83%84+%E3%82%B4%E3%83%9F%E7%AE%B1+%E3%82%B4%E3%83%9F%E7%AE%B1+%E3%82%B9%E3%83%9E%E3%83%BC%E3%83%88%E3%82%AD%E3%83%83%E3%83%81%E3%83%B3%EF%BC%88JSEIAJB+%E3%82%A4%E3%83%B3%E3%83%86%E3%83%AA%E3%82%B8%E3%82%A7%E3%83%B3%E3%83%88%E3%82%BB%E3%83%B3%E3%82%B5%E3%83%BC%E3%82%B4%E3%83%9F%E7%AE%B1%E3%82%AD%E3%83%83%E3%83%81%E3%83%B3%E5%AE%B6%E5%BA%AD%E7%94%A8%E3%82%B9%E3%83%86%E3%83%B3%E3%83%AC%E3%82%B9%E9%8B%BC%E5%A4%A7%E5%AE%B9%E9%87%8F%E8%93%8B%E4%BB%98%E3%81%8D%E5%8F%8E%E7%B4%8D%E3%83%90%E3%82%B1%E3%83%84%2838%EF%BC%89 HTTP/1.1" 200 41537 "-" "Mozilla/5.0 AppleWebKit/537.36 (KHTML, like Gecko; compatible; bingbot/2.0; +http://www.bing.com/bingbot.htm) Chrome/116.0.1938.76 Safari/537.36"
52.167.144.16 - - [02/May/2025:15:37:40 -0400] "GET /?k=711785297701&channel=2a3406&from=pin.php%3Fid%3D52977-4909%26name%3DPry+Bars++%E3%83%9F%E3%83%8B%E3%83%9D%E3%82%B1%E3%83%83%E3%83%88%E3%82%AF%E3%83%A9%E3%83%B3%E3%82%AF+%E3%82%AF%E3%83%AD%E3%83%BC%E3%83%90%E3%83%BC+%E3%82%AD%E3%83%BC%E3%83%81%E3%82%A7%E3%83%BC%E3%83%B3+%E3%82%B5%E3%83%90%E3%82%A4%E3%83%90%E3%83%AB%E3%82%B9%E3%82%AF%E3%83%AC%E3%83%BC%E3%83%91%E3%83%BC+%E3%82%B9%E3%83%86%E3%83%B3%E3%83%AC%E3%82%B9%E3%82%B9%E3%83%81%E3%83%BC%E3%83%AB+%E3%83%9E%E3%82%A4%E3%82%AF%E3%83%AD%E3%83%84%E3%83%BC%E3%83%AB%E3%80%81%E3%82%B9%E3%83%86%E3%83%B3%EF%BC%88%E3%82%B9%E3%83%86%E3%83%B3%E3%83%AC%E3%82%B9%E3%83%9C%E3%83%88%E3%83%AB+%E3%82%B9%E3%83%9D%E3%83%BC%E3%83%84%E3%83%89%E3%83%AA%E3%83%B3%E3%82%AF%E5%AF%BE%E5%BF%9C+AKE-R60%E3%83%BB80+%E9%80%9A%E8%B2%A9%E3%80%90%E3%83%8B%E3%83%83%E3%82%BB%E3%83%B3%E3%80%91%EF%BC%89 HTTP/1.1" 200 42002 "-" "Mozilla/5.0 AppleWebKit/537.36 (KHTML, like Gecko; compatible; bingbot/2.0; +http://www.bing.com/bingbot.htm) Chrome/116.0.1938.76 Safari/537.36"
40.77.167.33 - - [02/May/2025:15:41:01 -0400] "GET /?k=28275194317301&channel=44f87f&from=product.php%3Fid%3D1943173-12090%26name%3D%E3%83%81%E3%83%83%E3%83%97%E3%82%AF%E3%83%AA%E3%83%83%E3%83%97%E3%80%81%E3%83%90%E3%83%83%E3%82%B0%E3%82%AF%E3%83%AA%E3%83%83%E3%83%97%2C+%E3%81%8B%E3%82%8F%E3%81%84%E3%81%84%E7%8C%AB%E3%82%B9%E3%83%8A%E3%83%83%E3%82%AF%E3%82%B7%E3%83%BC%E3%83%AA%E3%83%B3%E3%82%B0%E3%82%AF%E3%83%A9%E3%83%B3%E3%83%97%2C+%E3%82%AD%E3%83%83%E3%83%81%E3%83%B3%E5%86%B7%E8%94%B5%E5%BA%AB%E3%83%91%E3%83%B3%E3%83%88%E3%83%AA%E3%83%BC%E3%83%81%E3%83%83%E3%83%97%E3%83%91%E3%83%B3%E3%82%B9%E3%83%8A%E3%83%83%E3%82%AF%E3%83%9D%E3%83%BC%E3%83%81%E3%82%B7%E3%83%BC%E3%83%AA%E3%83%B3%E3%82%B0 HTTP/1.1" 200 40993 "-" "Mozilla/5.0 AppleWebKit/537.36 (KHTML, like Gecko; compatible; bingbot/2.0; +http://www.bing.com/bingbot.htm) Chrome/116.0.1938.76 Safari/537.36"
40.77.167.14 - - [02/May/2025:15:41:07 -0400] "GET /?k=9718142430600&channel=ec1970&from=product.php%3Fid%3D424306-4535%26name%3D%E3%82%AA%E3%82%B7%E3%83%A3%E3%83%AC%EF%BC%81%E3%82%B8%E3%83%A3%E3%82%A4%E3%83%AD%E3%82%AD%E3%83%A3%E3%83%8E%E3%83%94%E3%83%BC%E3%83%9C%E3%83%83%E3%82%AF%E3%82%B9%E3%80%80%E6%96%B0%E5%93%81%E5%8F%97%E6%B3%A8%E7%94%9F%E7%94%A3 HTTP/1.1" 200 39912 "-" "Mozilla/5.0 AppleWebKit/537.36 (KHTML, like Gecko; compatible; bingbot/2.0; +http://www.bing.com/bingbot.htm) Chrome/116.0.1938.76 Safari/537.36"
40.77.167.33 - - [02/May/2025:15:44:12 -0400] "GET /?k=27126193365400&channel=78e7ae&from=brands.php%3Fid%3D1933654-13164%26name%3D%E5%8F%97%E8%A8%97%E6%89%8B%E8%8D%B7%E7%89%A9+%E3%82%B9%E3%83%BC%E3%83%84%E3%82%B1%E3%83%BC%E3%82%B9+%E3%82%AD%E3%83%A3%E3%83%AA%E3%83%BC%E3%82%B1%E3%83%BC%E3%82%B9+%E3%82%B9%E3%83%94%E3%83%8A%E3%83%BC%E3%83%9B%E3%82%A4%E3%83%BC%E3%83%AB%E4%BB%98%E3%81%8D%E8%8D%B7%E7%89%A9%E8%BB%BD%E9%87%8F%E3%83%8F%E3%83%BC%E3%83%89%E3%82%B7%E3%82%A7%E3%83%AB%E3%82%A2%E3%83%B3%E3%83%80%E3%83%BC%E3%82%B7%E3%83%BC%E3%82%BF%E3%83%BC%E9%A3%9B%E8%A1%8C%E6%A9%9F%E7%94%A8%E8%8D%B7%E7%89%A9%E6%8C%81%E3%81%A1%E8%BE%BC%E3%81%BF%E5%8F%AF%E8%83%BD+%E3%82%AD%E3%83%A3%E3%83%AA%E3%83%B3 HTTP/1.1" 200 41202 "-" "Mozilla/5.0 AppleWebKit/537.36 (KHTML, like Gecko; compatible; bingbot/2.0; +http://www.bing.com/bingbot.htm) Chrome/116.0.1938.76 Safari/537.36"
66.249.73.200 - - [02/May/2025:15:45:54 -0400] "GET /?k=51741104966503&channel=bc81a8&from=form.php%3Fid%3D1049665-3493%26name%3DCM400DY-12NF+CM400DY-24NF+IGBT+%E3%83%91%E3%83%AF%E3%83%BC%E3%82%B5%E3%82%A4%E3%83%AA%E3%82%B9%E3%82%BF%E3%83%A2%E3%82%B8%E3%83%A5%E3%83%BC%E3%83%AB%28CM400DY-24NF%29 HTTP/1.1" 200 53190 "-" "Mozilla/5.0 (Linux; Android 6.0.1; Nexus 5X Build/MMB29P) AppleWebKit/537.36 (KHTML, like Gecko) Chrome/135.0.7049.95 Mobile Safari/537.36 (compatible; Googlebot/2.1; +http://www.google.com/bot.html)"
66.249.73.202 - - [02/May/2025:15:45:56 -0400] "GET /?k=0150965927711&channel=c06d7d&from=news.php%3Fid%3D659277-780%26name%3D%E3%80%90%E4%B8%AD%E5%8F%A4%E5%93%81%E3%80%91marie+claire+%E3%83%95%E3%83%A9%E3%83%AF%E3%83%BC%E3%83%91%E3%82%BF%E3%83%BC%E3%83%B3+%E6%8A%98%E3%82%8A%E3%81%9F%E3%81%9F%E3%81%BF%E5%82%98 HTTP/1.1" 200 51015 "-" "Mozilla/5.0 (Linux; Android 6.0.1; Nexus 5X Build/MMB29P) AppleWebKit/537.36 (KHTML, like Gecko) Chrome/135.0.7049.95 Mobile Safari/537.36 (compatible; Googlebot/2.1; +http://www.google.com/bot.html)"
66.249.73.200 - - [02/May/2025:15:45:57 -0400] "GET /?k=25372109292500&channel=8b98a1&from=shop.php%3Fid%3D1092925-5398%26name%3D3.7V+3000mAh+22650+%E5%85%85%E9%9B%BB+2%E5%80%8B+%E3%83%98%E3%83%83%E3%83%89%E3%83%A9%E3%83%B3%E3%83%97%E3%80%81LED%E6%87%90%E4%B8%AD%E9%9B%BB%E7%81%AF%E3%80%81%E3%83%9F%E3%83%8B%E3%83%95%E3%82%A1%E3%83%B3%E3%81%AA%E3%81%A9%E3%81%AB%E6%9C%80%E9%81%A9%E3%81%AA%E5%A4%A7%E5%AE%B9%E9%87%8F%E3%80%822%E5%80%8B HTTP/1.1" 200 53006 "-" "Mozilla/5.0 (Linux; Android 6.0.1; Nexus 5X Build/MMB29P) AppleWebKit/537.36 (KHTML, like Gecko) Chrome/135.0.7049.95 Mobile Safari/537.36 (compatible; Googlebot/2.1; +http://www.google.com/bot.html)"
66.249.73.201 - - [02/May/2025:15:45:58 -0400] "GET /?k=0210138747100&channel=f23f4c&from=news.php%3Fid%3D387471-12538%26name%3D%E3%83%96%E3%83%A9%E3%83%83%E3%82%AF%E3%82%AB%E3%83%BC%E3%83%9C%E3%83%B3%E3%82%B9%E3%83%81%E3%83%BC%E3%83%AB%E3%83%8D%E3%82%A4%E3%83%AB%E3%82%AF%E3%83%AA%E3%83%83%E3%83%91%E3%83%BC%E3%82%BB%E3%83%83%E3%83%88%E3%80%81%E3%83%8D%E3%82%A4%E3%83%AB%E3%82%AF%E3%83%AA%E3%83%83%E3%83%91%E3%83%BC%E3%80%81%E3%83%9E%E3%83%8B%E3%82%AD%E3%83%A5%E3%82%A2%E3%83%84%E3%83%BC%E3%83%AB%E3%82%B3%E3%83%B3%E3%83%97%E3%83%AA%E3%83%BC%E3%83%88%E3%82%BB%E3%83%83%E3%83%88%E3%80%81 HTTP/1.1" 200 52313 "-" "Mozilla/5.0 (Linux; Android 6.0.1; Nexus 5X Build/MMB29P) AppleWebKit/537.36 (KHTML, like Gecko) Chrome/135.0.7049.95 Mobile Safari/537.36 (compatible; Googlebot/2.1; +http://www.google.com/bot.html)"
66.249.73.201 - - [02/May/2025:15:46:01 -0400] "GET /?k=217982701509&channel=aaaf2b&from=blog.php%3Fid%3D27015-3179%26name%3DiPhoneXS+256GB+%E3%82%B9%E3%83%9A%E3%83%BC%E3%82%B9%E3%82%B0%E3%83%AC%E3%82%A4SIM%E3%83%95%E3%83%AA%E3%83%BC HTTP/1.1" 200 51172 "-" "Mozilla/5.0 (Linux; Android 6.0.1; Nexus 5X Build/MMB29P) AppleWebKit/537.36 (KHTML, like Gecko) Chrome/135.0.7049.95 Mobile Safari/537.36 (compatible; Googlebot/2.1; +http://www.google.com/bot.html)"
66.249.73.201 - - [02/May/2025:15:46:02 -0400] "GET /?k=13882142901105&channel=294730&from=jp.php%3Fid%3D1429011-15272%26name%3D%E3%81%AC%E3%81%84%E3%81%90%E3%82%8B%E3%81%BF+%E6%B4%8B%E6%9C%8D+%E3%83%AF%E3%83%B3%E3%83%94%E3%83%BC%E3%82%B9+%E3%82%B9%E3%83%88%E3%83%A9%E3%82%A4%E3%83%97+LL+%E7%A7%8B%E5%86%AC+%E3%83%99%E3%82%A2%E3%82%A6%E3%82%A7%E3%82%A2+%E7%9D%80%E3%81%9B%E6%9B%BF%E3%81%88+%E3%81%AC%E3%81%84%E6%9C%8D+%E3%83%97%E3%83%AC%E3%82%BC%E3%83%B3%E3%83%88+%E3%83%8F%E3%83%AD%E3%82%A6%E3%82%A3%E3%83%B3+%E3%82%B3%E3%82%B9%E3%83%97%E3%83%AC+%E6%AF%8D%E3%81%AE%E6%97%A5 HTTP/1.1" 200 52518 "-" "Mozilla/5.0 (Linux; Android 6.0.1; Nexus 5X Build/MMB29P) AppleWebKit/537.36 (KHTML, like Gecko) Chrome/135.0.7049.95 Mobile Safari/537.36 (compatible; Googlebot/2.1; +http://www.google.com/bot.html)"
66.249.73.200 - - [02/May/2025:15:46:05 -0400] "GET /?k=11888103051200&channel=8e1ac8&from=shop.php%3Fid%3D1030512-15313%26name%3D%E7%B7%A8%E3%81%BF%E7%89%A9%E3%80%80%E3%83%87%E3%82%B8%E3%82%AB%E3%83%A1%E3%82%B1%E3%83%BC%E3%82%B9%E3%80%80%E5%A4%A9%E4%BD%BF%E3%81%AE%E7%BE%BD%E3%80%80%E6%98%9F HTTP/1.1" 200 50935 "-" "Mozilla/5.0 (Linux; Android 6.0.1; Nexus 5X Build/MMB29P) AppleWebKit/537.36 (KHTML, like Gecko) Chrome/135.0.7049.95 Mobile Safari/537.36 (compatible; Googlebot/2.1; +http://www.google.com/bot.html)"
66.249.73.200 - - [02/May/2025:15:46:06 -0400] "GET /?k=1718132877001&channel=506151&from=info.php%3Fid%3D328770-11908%26name%3D%E5%B0%82%E7%94%A8%E5%95%86%E5%93%81%E3%81%A7%E3%81%99%E3%80%82%E3%83%AC%E3%83%83%E3%83%89%E3%82%A6%E3%82%A4%E3%83%B3%E3%82%B0%E3%80%80%E3%82%A2%E3%82%A4%E3%83%AA%E3%83%83%E3%82%B7%E3%83%A5%E3%82%BB%E3%83%83%E3%82%BF%E3%83%BC%E3%80%80%EF%BC%98%EF%BC%98%EF%BC%97%EF%BC%95 HTTP/1.1" 200 52068 "-" "Mozilla/5.0 (Linux; Android 6.0.1; Nexus 5X Build/MMB29P) AppleWebKit/537.36 (KHTML, like Gecko) Chrome/135.0.7049.95 Mobile Safari/537.36 (compatible; Googlebot/2.1; +http://www.google.com/bot.html)"
66.249.73.200 - - [02/May/2025:15:46:08 -0400] "GET /?k=13569155011902&channel=14b280&from=info.php%3Fid%3D1550119-3050%26name%3D%E6%97%A9%E3%81%84%E8%80%85%E5%8B%9D%E3%81%A1%E3%80%80%E3%83%91%E3%83%BC%E3%82%B7%E3%83%A2%E3%83%B3%E3%80%80HONMA++Kenneth+Smith+%E3%82%B1%E3%83%8D%E3%82%B9%E3%82%B9%E3%83%9F%E3%82%B9 HTTP/1.1" 200 50439 "-" "Mozilla/5.0 (Linux; Android 6.0.1; Nexus 5X Build/MMB29P) AppleWebKit/537.36 (KHTML, like Gecko) Chrome/135.0.7049.95 Mobile Safari/537.36 (compatible; Googlebot/2.1; +http://www.google.com/bot.html)"
66.249.73.200 - - [02/May/2025:15:46:12 -0400] "GET /?k=0175112374402&channel=1363a9&from=product.php%3Fid%3D123744-4387%26name%3D%E3%82%AA%E3%83%BC%E3%83%88%E3%83%90%E3%82%A4%E3%81%AE%E8%8D%B7%E7%89%A9%E3%83%A9%E3%83%83%E3%82%AF+%E3%83%99%E3%82%B9%E3%83%91+GT+GTS+GTV+60+125+200+250+300+300ie+%E3%83%95%E3%83%83%E3%83%88%E3%83%9A%E3%83%80%E3%83%AB+%E3%83%AA%E3%82%A2%E3%83%A9%E3%82%B2%E3%83%83%E3%82%B8%E3%83%A9 HTTP/1.1" 200 53853 "-" "Mozilla/5.0 (Linux; Android 6.0.1; Nexus 5X Build/MMB29P) AppleWebKit/537.36 (KHTML, like Gecko) Chrome/135.0.7049.95 Mobile Safari/537.36 (compatible; Googlebot/2.1; +http://www.google.com/bot.html)"
66.249.73.200 - - [02/May/2025:15:46:14 -0400] "GET /?k=73318168978900&channel=d46be0&from=blog.php%3Fid%3D1689789-13820%26name%3D%E6%AF%8E%E6%97%A5%E3%81%A9%E3%81%A3%E3%81%8D%E3%82%8A+vs+%E5%87%BA%E5%B7%9D%282%E6%9E%9A%E3%82%BB%E3%83%83%E3%83%88%292+%E5%87%BA%E5%B7%9D%E3%81%AE%E5%BE%A9%E8%AE%90%E3%80%90%E5%85%A8%E5%B7%BB+%E3%81%8A%E7%AC%91%E3%81%84+%E4%B8%AD%E5%8F%A4+DVD%E3%80%91%E3%83%AC%E3%83%B3%E3%82%BF%E3%83%AB%E8%90%BD%E3%81%A1 HTTP/1.1" 200 53373 "-" "Mozilla/5.0 (Linux; Android 6.0.1; Nexus 5X Build/MMB29P) AppleWebKit/537.36 (KHTML, like Gecko) Chrome/135.0.7049.95 Mobile Safari/537.36 (compatible; Googlebot/2.1; +http://www.google.com/bot.html)"
66.249.73.200 - - [02/May/2025:15:46:15 -0400] "GET /?k=69109176403600&channel=8b98a1&from=info.php%3Fid%3D1764036-5398%26name%3D3.7V+3000Mah+18650+%E5%85%88%E3%81%AE%E3%81%A8%E3%81%8C%E3%81%A3%E3%81%9F%E3%83%90%E3%83%83%E3%83%86%E3%83%AA%E3%83%BC%E3%83%AA%E3%83%81%E3%82%A6%E3%83%A0%E5%85%85%E9%9B%BB%E5%85%85%E9%9B%BB%E5%BC%8F%E9%9B%BB%E6%B1%A0%E3%83%AA%E3%83%81%E3%82%A6%E3%83%A0%E3%82%A4%E3%82%AA%E3%83%B3%E9%9B%BB%E6%B1%A0%E6%87%90%E4%B8%AD%E9%9B%BB%E7%81%AF%E7%94%A8-10+%E5%80%8B HTTP/1.1" 200 52184 "-" "Mozilla/5.0 (Linux; Android 6.0.1; Nexus 5X Build/MMB29P) AppleWebKit/537.36 (KHTML, like Gecko) Chrome/135.0.7049.95 Mobile Safari/537.36 (compatible; Googlebot/2.1; +http://www.google.com/bot.html)"
66.249.73.200 - - [02/May/2025:15:46:18 -0400] "GET /?k=66196163915802&channel=552e6f&from=pin.php%3Fid%3D1639158-9176%26name%3D%E3%82%A8%E3%83%AB%E3%83%A1%E3%82%B9%E2%9D%A4%EF%B8%8F%E3%82%AF%E3%83%83%E3%82%B7%E3%83%A7%E3%83%B3 HTTP/1.1" 200 51214 "-" "Mozilla/5.0 (Linux; Android 6.0.1; Nexus 5X Build/MMB29P) AppleWebKit/537.36 (KHTML, like Gecko) Chrome/135.0.7049.95 Mobile Safari/537.36 (compatible; Googlebot/2.1; +http://www.google.com/bot.html)"
66.249.73.201 - - [02/May/2025:15:46:21 -0400] "GET /?k=95097159083102&channel=e664a0&from=blog.php%3Fid%3D1590831-600%26name%3D%E3%82%AA%E3%83%B3%E3%83%96%E3%83%AC%E3%83%81%E3%82%A7%E3%83%83%E3%82%AF%E3%80%80%E3%82%B3%E3%83%BC%E3%83%88%E3%80%80vintage HTTP/1.1" 200 52293 "-" "Mozilla/5.0 (Linux; Android 6.0.1; Nexus 5X Build/MMB29P) AppleWebKit/537.36 (KHTML, like Gecko) Chrome/135.0.7049.95 Mobile Safari/537.36 (compatible; Googlebot/2.1; +http://www.google.com/bot.html)"
66.249.73.201 - - [02/May/2025:15:46:23 -0400] "GET /?k=1797160077408&channel=e9fbb6&from=goods.php%3Fid%3D600774-5021%26name%3D%E2%93%81BRIEFING+GOLF+%E3%83%96%E3%83%AA%E3%83%BC%E3%83%95%E3%82%A3%E3%83%B3%E3%82%B0%E3%82%B4%E3%83%AB%E3%83%95+3D%E3%83%AD%E3%82%B4%E3%82%B9%E3%83%AA%E3%83%A0%E3%83%91%E3%83%B3%E3%83%84+%E9%BB%92 HTTP/1.1" 200 51690 "-" "Mozilla/5.0 (Linux; Android 6.0.1; Nexus 5X Build/MMB29P) AppleWebKit/537.36 (KHTML, like Gecko) Chrome/135.0.7049.95 Mobile Safari/537.36 (compatible; Googlebot/2.1; +http://www.google.com/bot.html)"
66.249.73.201 - - [02/May/2025:15:46:25 -0400] "GET /?k=8479074926800&channel=028451&from=goods.php%3Fid%3D749268-8635%26name%3D%E3%80%90%E5%9C%A8%E5%BA%AB%E5%87%A6%E5%88%86%E3%80%91NARUMI%28%E3%83%8A%E3%83%AB%E3%83%9F%29+%E3%83%97%E3%83%AC%E3%83%BC%E3%83%88+%E7%9A%BF+%E3%82%B9%E3%83%97%E3%83%AA%E3%83%B3%E3%82%B0%E3%83%BB%E3%83%95%E3%82%A3%E3%83%BC%E3%83%AB%E3%83%89%28Spring+Field%29+15cm+%E3%83%AC%E3%83%83%E3%83%89+%E3%82%A2%E3%83%8D%E3%83%A2%E3%83%8D+%E3%81%8B%E3%82%8F%E3%81%84%E3%81%84+%E3%83%87%E3%82%A3%E3%83%BC%E3%83%97%E3%83%87%E3%82%A3%E3%83%83%E3%82%B7%E3%83%A5+%E6%B7%B1%E3%82%81+%E6%B7%B1%E7%9A%BF+%E9%9B%BB%E5%AD%90%E3%83%AC%E3%83%B3%E3%82%B8%E6%B8%A9%E3%82%81+%E9%A3%9F%E6%B4%97%E6%A9%9F%E5%AF%BE%E5%BF%9C+%E6%97%A5%E6%9C%AC%E8%A3%BD+52214-5921 HTTP/1.1" 200 52837 "-" "Mozilla/5.0 (Linux; Android 6.0.1; Nexus 5X Build/MMB29P) AppleWebKit/537.36 (KHTML, like Gecko) Chrome/135.0.7049.95 Mobile Safari/537.36 (compatible; Googlebot/2.1; +http://www.google.com/bot.html)"
66.249.73.201 - - [02/May/2025:15:46:26 -0400] "GET /?k=8203012487800&channel=8d1ba7&from=goods.php%3Fid%3D124878-3277%26name%3D%E3%80%90%E4%B8%AD%E5%8F%A4%E3%80%91+%E3%83%A4%E3%83%9E%E3%83%8F+inpres+UD%2B2%282021%29+5W+%E3%83%95%E3%82%A7%E3%82%A2%E3%82%A6%E3%82%A7%E3%82%A4%E3%82%A6%E3%83%83%E3%83%89+FW+AIR+Speeder+M421f+%28%E3%83%95%E3%83%AC%E3%83%83%E3%82%AF%E3%82%B9SR%29+%E3%83%A1%E3%83%B3%E3%82%BA+%E7%94%B7%E6%80%A7%E7%94%A8+%E5%8F%B3%E5%88%A9%E3%81%8D+%E5%8F%B3%E7%94%A8+C%E3%83%A9%E3%83%B3%E3%82%AF+%E3%82%B4%E3%83%AB%E3%83%95%E3%82%AF%E3%83%A9%E3%83%96 HTTP/1.1" 200 54370 "-" "Mozilla/5.0 (Linux; Android 6.0.1; Nexus 5X Build/MMB29P) AppleWebKit/537.36 (KHTML, like Gecko) Chrome/135.0.7049.95 Mobile Safari/537.36 (compatible; Googlebot/2.1; +http://www.google.com/bot.html)"
66.249.73.200 - - [02/May/2025:15:46:28 -0400] "GET /?k=5020933527402&channel=135070&from=news.php%3Fid%3D335274-11996%26name%3DVitesse+SKID+1%2F43+%E3%82%B7%E3%83%88%E3%83%AD%E3%82%A8%E3%83%B3+%E3%82%AF%E3%82%B5%E3%83%A9+Primagaz+1998%2F1999+%E3%82%A2%E3%83%B3%E3%83%89%E3%83%AD%E3%82%B9%E3%83%BB%E3%83%88%E3%83%AD%E3%83%95%E3%82%A3%E3%83%BC+%E3%83%9E%E3%83%AB%E3%82%BB%E3%83%AB%E3%83%BB%E3%82%BF%E3%83%AC HTTP/1.1" 200 52226 "-" "Mozilla/5.0 (Linux; Android 6.0.1; Nexus 5X Build/MMB29P) AppleWebKit/537.36 (KHTML, like Gecko) Chrome/135.0.7049.95 Mobile Safari/537.36 (compatible; Googlebot/2.1; +http://www.google.com/bot.html)"
66.249.73.200 - - [02/May/2025:15:46:29 -0400] "GET /?k=33756192756000&channel=6edbe1&from=article.php%3Fid%3D1927560-17440%26name%3D04+Limited+Sazabys+%E3%83%94%E3%83%B3%E3%82%AF%E3%83%9E%E3%83%BC%E3%83%96%E3%83%AB%E3%83%A9%E3%83%90%E3%83%BC%E3%83%90%E3%83%B3%E3%83%89 HTTP/1.1" 200 51417 "-" "Mozilla/5.0 (Linux; Android 6.0.1; Nexus 5X Build/MMB29P) AppleWebKit/537.36 (KHTML, like Gecko) Chrome/135.0.7049.95 Mobile Safari/537.36 (compatible; Googlebot/2.1; +http://www.google.com/bot.html)"
66.249.73.200 - - [02/May/2025:15:46:31 -0400] "GET /?k=31129198677701&channel=c760e4&from=info.php%3Fid%3D1986777-1126%26name%3DBluetooth%E3%83%98%E3%83%83%E3%83%89%E3%83%9B%E3%83%B3 HTTP/1.1" 200 53153 "-" "Mozilla/5.0 (Linux; Android 6.0.1; Nexus 5X Build/MMB29P) AppleWebKit/537.36 (KHTML, like Gecko) Chrome/135.0.7049.95 Mobile Safari/537.36 (compatible; Googlebot/2.1; +http://www.google.com/bot.html)"
66.249.73.201 - - [02/May/2025:15:46:33 -0400] "GET /?k=97348109688703&channel=5430d7&from=shop.php%3Fid%3D1096887-20002%26name%3D%E3%83%8C%E3%83%93%E3%82%AD%E3%83%AB%E3%83%88+%E3%82%A4%E3%83%96%E3%83%AB+%E7%94%9F%E5%9C%B0+14mm%E5%B9%85+%E3%81%AF%E3%81%8E%E3%82%8C+%E3%82%AD%E3%83%AB%E3%83%86%E3%82%A3%E3%83%B3%E3%82%B0+%E3%83%8F%E3%83%B3%E3%83%89%E3%83%A1%E3%82%A4%E3%83%89+%E3%82%B0%E3%83%AC%E3%83%BC HTTP/1.1" 200 51714 "-" "Mozilla/5.0 (Linux; Android 6.0.1; Nexus 5X Build/MMB29P) AppleWebKit/537.36 (KHTML, like Gecko) Chrome/135.0.7049.95 Mobile Safari/537.36 (compatible; Googlebot/2.1; +http://www.google.com/bot.html)"
2a06:98c0:3600::103 - - [02/May/2025:15:46:33 -0400] "GET /wordpress/wp-admin/setup-config.php HTTP/1.1" 200 0 "-" "Mozilla/5.0 (Windows NT 10.0; Win64; x64) AppleWebKit/537.36 (KHTML, like Gecko) Chrome/135.0.0.0 Safari/537.36"
66.249.73.201 - - [02/May/2025:15:46:35 -0400] "GET /?k=1988940364500&channel=eb4f46&from=brands.php%3Fid%3D403645-2525%26name%3D%E3%82%B7%E3%83%A5%E3%82%A6%E3%82%A6%E3%82%A8%E3%83%A0%E3%83%A9+%E3%82%A2%E3%83%AB%E3%83%86%E3%82%A3%E3%83%A08+%E3%82%B9%E3%83%96%E3%83%AA%E3%83%A0+%E3%83%93%E3%83%A5%E3%83%BC%E3%83%86%E3%82%A3+%E3%82%AF%E3%83%AC%E3%83%B3%E3%82%B8%E3%83%B3%E3%82%B0%E3%82%AA%E3%82%A4%E3%83%ABn HTTP/1.1" 200 51765 "-" "Mozilla/5.0 (Linux; Android 6.0.1; Nexus 5X Build/MMB29P) AppleWebKit/537.36 (KHTML, like Gecko) Chrome/135.0.7049.95 Mobile Safari/537.36 (compatible; Googlebot/2.1; +http://www.google.com/bot.html)"
66.249.73.201 - - [02/May/2025:15:46:37 -0400] "GET /?k=2807762439000&channel=44f1d1&from=goods.php%3Fid%3D624390-606%26name%3D%E3%83%A2%E3%83%B3%E3%83%96%E3%83%A9%E3%83%B3%E3%80%80%E3%83%AC%E3%82%BF%E3%83%BC%E3%82%AA%E3%83%BC%E3%83%97%E3%83%8A%E3%83%BC HTTP/1.1" 200 51822 "-" "Mozilla/5.0 (Linux; Android 6.0.1; Nexus 5X Build/MMB29P) AppleWebKit/537.36 (KHTML, like Gecko) Chrome/135.0.7049.95 Mobile Safari/537.36 (compatible; Googlebot/2.1; +http://www.google.com/bot.html)"
66.249.73.202 - - [02/May/2025:15:46:38 -0400] "GET /?k=89922100689612&channel=9f64ec&from=news.php%3Fid%3D1006896-546%26name%3DVOLVO+V40+%E3%82%AF%E3%83%AD%E3%82%B9%E3%82%AB%E3%83%B3%E3%83%88%E3%83%AA%E3%83%BC+D4+SE+%2F%E5%89%8D%E5%BE%8C%E3%83%89%E3%83%A9%E3%83%AC%E3%82%B3%2F%E5%86%AC%E3%82%BF%E3%82%A4%E3%83%A4%E4%BB%98%E3%81%8D HTTP/1.1" 200 51339 "-" "Mozilla/5.0 (Linux; Android 6.0.1; Nexus 5X Build/MMB29P) AppleWebKit/537.36 (KHTML, like Gecko) Chrome/135.0.7049.95 Mobile Safari/537.36 (compatible; Googlebot/2.1; +http://www.google.com/bot.html)"
66.249.73.201 - - [02/May/2025:15:46:40 -0400] "GET /?k=41007198943208&channel=0f03ca&from=article.php%3Fid%3D1989432-20324%26name%3Dguess%E3%82%B8%E3%83%A3%E3%82%B1%E3%83%83%E3%83%88 HTTP/1.1" 200 50953 "-" "Mozilla/5.0 (Linux; Android 6.0.1; Nexus 5X Build/MMB29P) AppleWebKit/537.36 (KHTML, like Gecko) Chrome/135.0.7049.95 Mobile Safari/537.36 (compatible; Googlebot/2.1; +http://www.google.com/bot.html)"
66.249.73.202 - - [02/May/2025:15:46:42 -0400] "GET /?k=0982375714000&channel=f53cd5&from=category-info.php%3Fid%3D757140-14484%26name%3D%E3%82%B8%E3%83%A5%E3%82%A8%E3%83%AA%E3%83%BC%E3%83%9C%E3%83%83%E3%82%AF%E3%82%B9 HTTP/1.1" 200 52066 "-" "Mozilla/5.0 (Linux; Android 6.0.1; Nexus 5X Build/MMB29P) AppleWebKit/537.36 (KHTML, like Gecko) Chrome/135.0.7049.95 Mobile Safari/537.36 (compatible; Googlebot/2.1; +http://www.google.com/bot.html)"
66.249.73.201 - - [02/May/2025:15:46:43 -0400] "GET /?k=8053173352404&channel=6777ae&from=pin.php%3Fid%3D733524-7160%26name%3D%E5%9F%8B%E3%82%81%E8%BE%BC%E3%81%BF%E5%BC%8F%E3%82%B9%E3%82%A4%E3%83%9F%E3%83%B3%E3%82%B0%E3%83%97%E3%83%BC%E3%83%AB%E5%86%AC%E7%94%A8%E3%82%AB%E3%83%90%E3%83%BC+1+3+6+9+10+13+16+19+23+26+29+33+%E3%83%95%E3%82%A3%E3%83%BC%E3%83%88%E3%80%81%E4%BC%B8%E7%B8%AE%E6%80%A7%E3%81%AE%E3%81%82%E3%82%8B%E3%83%97%E3%83%BC%E3%83%AB%E3%83%89 HTTP/1.1" 200 52891 "-" "Mozilla/5.0 (Linux; Android 6.0.1; Nexus 5X Build/MMB29P) AppleWebKit/537.36 (KHTML, like Gecko) Chrome/135.0.7049.95 Mobile Safari/537.36 (compatible; Googlebot/2.1; +http://www.google.com/bot.html)"
66.249.73.202 - - [02/May/2025:15:46:45 -0400] "GET /?k=83573124878006&channel=755dd8&from=news.php%3Fid%3D1248780-5676%26name%3D%E3%80%90%E6%95%B0%E5%9B%9E%E4%BD%BF%E7%94%A8%E7%A8%8B%E5%BA%A6%E3%80%91HARUTA+%E3%83%8F%E3%83%AB%E3%82%BF+%E3%83%AD%E3%83%BC%E3%83%95%E3%82%A1%E3%83%BC+6550+%E3%83%96%E3%83%A9%E3%83%83%E3%82%AF+26cm HTTP/1.1" 200 51764 "-" "Mozilla/5.0 (Linux; Android 6.0.1; Nexus 5X Build/MMB29P) AppleWebKit/537.36 (KHTML, like Gecko) Chrome/135.0.7049.95 Mobile Safari/537.36 (compatible; Googlebot/2.1; +http://www.google.com/bot.html)"
66.249.73.200 - - [02/May/2025:15:46:47 -0400] "GET /?k=6976091797300&channel=55a8cd&from=jp.php%3Fid%3D917973-1727%26name%3D%E5%80%A4%E4%B8%8B%E3%81%92%E3%81%97%E3%81%BE%E3%81%97%E3%81%9F%EF%BC%81+FOSSIL+%E3%83%A1%E3%83%83%E3%82%BB%E3%83%B3%E3%82%B8%E3%83%A3%E3%83%BC%E3%83%90%E3%83%83%E3%82%B0 HTTP/1.1" 200 51616 "-" "Mozilla/5.0 (Linux; Android 6.0.1; Nexus 5X Build/MMB29P) AppleWebKit/537.36 (KHTML, like Gecko) Chrome/135.0.7049.95 Mobile Safari/537.36 (compatible; Googlebot/2.1; +http://www.google.com/bot.html)"
66.249.73.203 - - [02/May/2025:15:46:49 -0400] "GET /?k=1002081564301&channel=9bd089&from=article.php%3Fid%3D815643-17817%26name%3D%E3%82%B5%E3%83%A0%E3%83%A9%E3%82%A4%E3%82%A8%E3%83%8A%E3%82%B8%E3%83%BC+250ml%C3%9730%E6%9C%AC+%E3%82%A8%E3%83%8A%E3%82%B8%E3%83%BC%E3%83%89%E3%83%AA%E3%83%B3%E3%82%AF+%E3%83%8E%E3%83%B3%E3%82%AB%E3%83%AD%E3%83%AA%E3%83%BC HTTP/1.1" 200 52372 "-" "Mozilla/5.0 (Linux; Android 6.0.1; Nexus 5X Build/MMB29P) AppleWebKit/537.36 (KHTML, like Gecko) Chrome/135.0.7049.95 Mobile Safari/537.36 (compatible; Googlebot/2.1; +http://www.google.com/bot.html)"
66.249.73.200 - - [02/May/2025:15:46:50 -0400] "GET /?k=19896182253906&channel=d929fa&from=blog.php%3Fid%3D1822539-14702%26name%3DYueShengYCHUANG+%E3%83%87%E3%82%A3%E3%83%83%E3%83%97%E3%83%90%E3%83%BC%E3%82%B9%E3%83%86%E3%83%BC%E3%82%B7%E3%83%A7%E3%83%B3+%E7%AD%8B%E8%82%89%E5%A2%97%E5%BC%B7%E7%AD%8B%E5%8A%9B%E3%83%88%E3%83%AC%E3%83%BC%E3%83%8B%E3%83%B3%E3%82%B0%E5%A4%A7%E4%BA%BA%E5%90%91%E3%81%91%E3%83%87%E3%82%A3%E3%83%83%E3%83%97%E3%82%B9%E3%83%86%E3%83%BC%E3%82%B7%E3%83%A7%E3%83%B3 HTTP/1.1" 200 51699 "-" "Mozilla/5.0 (Linux; Android 6.0.1; Nexus 5X Build/MMB29P) AppleWebKit/537.36 (KHTML, like Gecko) Chrome/135.0.7049.95 Mobile Safari/537.36 (compatible; Googlebot/2.1; +http://www.google.com/bot.html)"
66.249.73.200 - - [02/May/2025:15:46:51 -0400] "GET /?k=3079951639300&channel=608ad4&from=category-info.php%3Fid%3D516393-4022%26name%3D%E3%83%9E%E3%83%83%E3%83%89%E3%82%AC%E3%83%BC%E3%83%89+%E9%81%A9%E5%90%88%E8%BB%8A%E7%A8%AE%EF%BC%9AJeep+Grand+Cherokee+WK2+2011%7E2019+2015+2016+2017+2018 HTTP/1.1" 200 52337 "-" "Mozilla/5.0 (Linux; Android 6.0.1; Nexus 5X Build/MMB29P) AppleWebKit/537.36 (KHTML, like Gecko) Chrome/135.0.7049.95 Mobile Safari/537.36 (compatible; Googlebot/2.1; +http://www.google.com/bot.html)"
40.77.167.33 - - [02/May/2025:15:46:52 -0400] "GET /?k=4209919886205&channel=8b4d79&from=news.php%3Fid%3D198862-10129%26name%3DLCR%E3%83%A1%E3%83%BC%E3%82%BF%E3%83%BC+%E9%9D%99%E9%9B%BB%E5%AE%B9%E9%87%8F%E3%80%81%E3%82%A4%E3%83%B3%E3%83%80%E3%82%AF%E3%82%BF%E3%83%B3%E3%82%B9%E3%80%81%E6%8A%B5%E6%8A%97%E3%81%AE%E3%83%86%E3%82%B9%E3%83%88%E7%94%A8%E3%81%AE%E5%BC%B7%E5%8A%9B%E3%81%AA%E3%83%8F%E3%83%B3%E3%83%89%E3%83%98%E3%83%AB%E3%83%89+LCR+%E3%83%87%E3%82%B8%E3%82%BF%E3%83%AB+%E3%83%96%E3%83%AA%E3%83%83%E3%82%B8%E3%81%8A%E3%82%88%E3%81%B3%E3%82%A4%E3%83%B3%E3%83%80%E3%82%AF%E3%82%BF%E3%83%B3%E3%82%B9+%E3%83%A1%E3%83%BC%E3%82%BF HTTP/1.1" 200 41645 "-" "Mozilla/5.0 AppleWebKit/537.36 (KHTML, like Gecko; compatible; bingbot/2.0; +http://www.bing.com/bingbot.htm) Chrome/116.0.1938.76 Safari/537.36"
2a06:98c0:3600::103 - - [02/May/2025:15:46:53 -0400] "GET /wp-admin/setup-config.php HTTP/1.1" 200 0 "-" "Mozilla/5.0 (Windows NT 10.0; Win64; x64) AppleWebKit/537.36 (KHTML, like Gecko) Chrome/135.0.0.0 Safari/537.36"
40.77.167.33 - - [02/May/2025:15:46:53 -0400] "GET /?k=4435095603302&channel=cca602&from=shop.php%3Fid%3D956033-19165%26name%3D%E3%80%90%E5%9C%A8%E5%BA%AB%E5%87%A6%E5%88%86%E3%80%91%E6%B5%B7%E6%B0%B4+%E6%B7%A1%E6%B0%B4+%E4%BF%AE%E7%90%86%E3%82%AD%E3%83%83%E3%83%88+%E4%BA%A4%E6%8F%9B+%E9%87%A3%E3%82%8A%E7%AB%BF%E7%A9%82%E5%85%88+%E3%83%A9%E3%83%9F%E3%83%83%E3%82%AF%E3%83%AA%E3%83%B3%E3%82%B0+%E3%82%B9%E3%83%86%E3%83%AC%E3%83%B3%E3%82%B9+20%E5%80%8B%2F40%E5%80%8B%2F45%E5%80%8B%E3%82%BB%E3%83%83%E3%83%88+%E3%83%AD%E3%83%83%E3%83%89%E3%82%AC%E3%82%A4%E3%83%89+%E3%83%88%E3%83%83%E3%83%97%E3%82%AC%E3%82%A4%E3%83%89+DWLIFE+9KM HTTP/1.1" 200 41248 "-" "Mozilla/5.0 AppleWebKit/537.36 (KHTML, like Gecko; compatible; bingbot/2.0; +http://www.bing.com/bingbot.htm) Chrome/116.0.1938.76 Safari/537.36"
66.249.73.203 - - [02/May/2025:15:46:54 -0400] "GET /?k=4016919125300&channel=02f71a&from=blog.php%3Fid%3D191253-2415%26name%3D%E9%AD%94%E5%A5%B3%E3%81%AE%E6%97%85%E3%80%85+19+%E3%82%A2%E3%83%8B%E3%83%A1%E3%82%A4%E3%83%88W%E3%82%B5%E3%82%A4%E3%83%B3%E5%85%A5%E3%82%8A%E3%83%96%E3%83%83%E3%82%AF%E3%82%AB%E3%83%90%E3%83%BC+%E7%99%BD%E7%9F%B3%E5%AE%9A%E8%A6%8F+%E3%81%82%E3%81%9A%E3%83%BC%E3%82%8B HTTP/1.1" 200 53357 "-" "Mozilla/5.0 (Linux; Android 6.0.1; Nexus 5X Build/MMB29P) AppleWebKit/537.36 (KHTML, like Gecko) Chrome/135.0.7049.95 Mobile Safari/537.36 (compatible; Googlebot/2.1; +http://www.google.com/bot.html)"
