66.249.74.104 - - [03/May/2025:01:19:09 -0400] "GET /?k=6580975792104&channel=be39f4&from=product.php%3Fid%3D757921-929%26name%3D%E6%B6%B2%E6%99%B6%E3%83%86%E3%83%AC%E3%83%93%E4%BF%9D%E8%AD%B7%E3%83%91%E3%83%8D%E3%83%AB+%E3%82%A2%E3%83%B3%E3%83%81%E3%82%B0%E3%83%AC%E3%82%A2%E3%83%86%E3%83%AC%E3%83%93%E7%94%BB%E9%9D%A2%E4%BF%9D%E8%AD%B7%E3%83%95%E3%82%A3%E3%83%AB%E3%83%A0%E3%82%A2%E3%83%B3%E3%83%81%E3%83%96%E3%83%AB%E3%83%BC%E3%83%A9%E3%82%A4%E3%83%88%E3%83%95%E3%82%A3%E3%83%AB%E3%82%BF%E3%83%BC%E6%8C%87%E7%B4%8B%E3%81%AA%E3%81%97+%E8%BF%91%E8%A6%96%E3%81%AE%E4%BA%88%E9%98%B2+%E7%9B%AE%E3%81%AE%E7%96%B2%E3%82%8C%E3%81%AE%E4%BA%88%E9%98%B2+%E8%A4%87%E6%95%B0%E3%81%AE%E3%82%B5%E3%82%A4 HTTP/1.1" 200 0 "-" "Mozilla/5.0 (Linux; Android 6.0.1; Nexus 5X Build/MMB29P) AppleWebKit/537.36 (KHTML, like Gecko) Chrome/135.0.7049.95 Mobile Safari/537.36 (compatible; GoogleOther)"
66.249.74.104 - - [03/May/2025:01:19:11 -0400] "GET /?k=901476573905&channel=6ace05&from=pin.php%3Fid%3D65739-5629%26name%3D%E3%82%AA%E3%83%BC%E3%83%88%E3%83%90%E3%82%A4%E3%83%8F%E3%83%B3%E3%83%89%E3%82%AC%E3%83%BC%E3%83%89%E3%83%8F%E3%83%B3%E3%83%89%E3%83%AB%E3%83%90%E3%83%BC%E3%83%8F%E3%83%B3%E3%83%89%E3%82%AC%E3%83%BC%E3%83%89%E3%83%8F%E3%83%BC%E3%83%AC%E3%83%BC%E3%82%B9%E3%83%88%E3%83%AA%E3%83%BC%E3%83%88%E3%82%B0%E3%83%A9%E3%82%A4%E3%83%89%E7%94%A8+-+FLHX+2014+2015+2016+2017+2 HTTP/1.1" 200 0 "-" "Mozilla/5.0 (Linux; Android 6.0.1; Nexus 5X Build/MMB29P) AppleWebKit/537.36 (KHTML, like Gecko) Chrome/135.0.7049.95 Mobile Safari/537.36 (compatible; GoogleOther)"
66.249.74.103 - - [03/May/2025:01:19:30 -0400] "GET /?k=8219540643701&channel=ecfcf3&from=news.php%3Fid%3D406437-12812%26name%3D%E3%83%AA%E3%83%90%E3%83%86%E3%82%A3%E3%80%80%E3%82%B9%E3%82%AB%E3%83%BC%E3%83%88%E2%91%A2 HTTP/1.1" 200 0 "-" "Mozilla/5.0 (Linux; Android 6.0.1; Nexus 5X Build/MMB29P) AppleWebKit/537.36 (KHTML, like Gecko) Chrome/135.0.7049.95 Mobile Safari/537.36 (compatible; GoogleOther)"
66.249.74.103 - - [03/May/2025:01:19:41 -0400] "GET /?k=29661200152502&channel=97e615&from=brands.php%3Fid%3D2001525-536%26name%3D%E6%A5%95%E5%86%86%E5%BD%A2%E3%81%AE%E8%BB%8A%E3%81%AE%E6%8E%92%E6%B0%97%E3%83%81%E3%83%83%E3%83%97%E3%82%A2%E3%82%A6%E3%83%87%E3%82%A3+A4+A5+A6+A7+%E3%81%BE%E3%81%A7+RS4+RS5+RS6+RS7+%E3%83%9E%E3%83%95%E3%83%A9%E3%83%BC%E3%83%81%E3%83%83%E3%83%97+304+%E3%82%B9%E3%83%86%E3%83%B3%E3%83%AC%E3%82%B9%E9%8B%BC%E6%8E%92 HTTP/1.1" 200 0 "-" "Mozilla/5.0 (Linux; Android 6.0.1; Nexus 5X Build/MMB29P) AppleWebKit/537.36 (KHTML, like Gecko) Chrome/135.0.7049.95 Mobile Safari/537.36 (compatible; GoogleOther)"
66.249.74.103 - - [03/May/2025:01:19:43 -0400] "GET /?k=11622166216805&channel=35b65b&from=news.php%3Fid%3D1662168-25673%26name%3D%E5%A4%A9%E7%84%B6%E3%82%B1%E3%83%A4%E3%82%AD%E6%9D%90%E3%80%80%E6%89%8B%E4%BD%9C%E3%82%8A%E4%B8%B8%E5%9E%8B%E3%83%96%E3%83%A9%E3%82%A6%E3%83%B3%E3%82%B9%E3%83%84%E3%83%BC%E3%83%AB HTTP/1.1" 200 0 "-" "Mozilla/5.0 (Linux; Android 6.0.1; Nexus 5X Build/MMB29P) AppleWebKit/537.36 (KHTML, like Gecko) Chrome/135.0.7049.95 Mobile Safari/537.36 (compatible; GoogleOther)"
66.249.74.103 - - [03/May/2025:01:19:58 -0400] "GET /?k=6128053953204&channel=090fa2&from=blog.php%3Fid%3D539532-10289%26name%3D%5B%E5%BA%95%E5%80%A4%E3%81%A7%E3%81%99%EF%BC%81%5DBLACKSTAR+ST.+JAMES+50W+6L6 HTTP/1.1" 200 0 "-" "Mozilla/5.0 (Linux; Android 6.0.1; Nexus 5X Build/MMB29P) AppleWebKit/537.36 (KHTML, like Gecko) Chrome/135.0.7049.95 Mobile Safari/537.36 (compatible; GoogleOther)"
66.249.74.103 - - [03/May/2025:01:20:02 -0400] "GET /?k=1333267634000&channel=8a2c97&from=shop.php%3Fid%3D676340-15543%26name%3D%5B%E4%BF%9D%E8%A8%BC%E3%81%82%E3%82%8A%5DSONY+%E3%82%BD%E3%83%8B%E3%83%BC+%E3%83%86%E3%83%AC%E3%83%93++%E3%83%AA%E3%83%A2%E3%82%B3%E3%83%B3%EF%BC%88%5B%E4%BF%9D%E8%A8%BC%E3%81%82%E3%82%8A%5DSONY+%E3%82%BD%E3%83%8B%E3%83%BC+%E3%83%86%E3%83%AC%E3%83%93+%E3%83%AA%E3%83%A2%E3%82%B3%E3%83%B3+RM-JD016%EF%BC%89 HTTP/1.1" 200 50884 "-" "Mozilla/5.0 (Linux; Android 6.0.1; Nexus 5X Build/MMB29P) AppleWebKit/537.36 (KHTML, like Gecko) Chrome/135.0.7049.95 Mobile Safari/537.36 (compatible; Googlebot/2.1; +http://www.google.com/bot.html)"
66.249.74.103 - - [03/May/2025:01:20:07 -0400] "GET /?k=5070388922100&channel=6bad2a&from=brands.php%3Fid%3D889221-3179%26name%3DKY-42C+DIGNO+%E3%82%B1%E3%83%BC%E3%82%BF%E3%82%A4++SIM%E3%83%95%E3%83%AA%E3%83%BC+%E3%82%AC%E3%83%A9%E3%82%B1%E3%83%BC+%E6%9C%AC%E4%BD%93+%E3%83%89%E3%82%B3%E3%83%A2 HTTP/1.1" 200 0 "-" "Mozilla/5.0 (Linux; Android 6.0.1; Nexus 5X Build/MMB29P) AppleWebKit/537.36 (KHTML, like Gecko) Chrome/135.0.7049.95 Mobile Safari/537.36 (compatible; GoogleOther)"
66.249.74.103 - - [03/May/2025:01:20:10 -0400] "GET /?k=88115607901&channel=9fa3aa&from=form.php%3Fid%3D6079-931%26name%3D%E2%97%AF%E3%83%90%E3%83%BC%E3%82%AD%E3%83%A3%E3%83%93%E3%83%8D%E3%83%83%E3%83%88+%E5%9B%9E%E8%BB%A2%E6%89%89+%E5%8F%8E%E7%B4%8D%E6%A3%9A+%E3%81%8A%E9%85%92+%E3%82%A6%E3%82%A4%E3%82%B9%E3%82%AD%E3%83%BC+%E3%83%9C%E3%83%88%E3%83%AB+%E3%82%B0%E3%83%A9%E3%82%B9+%E3%82%AB%E3%82%AF%E3%83%86%E3%83%AB+%E3%83%A9%E3%83%83%E3%82%AF+%E5%AE%B6%E5%85%B7+%E3%82%B1%E3%83%B3%E3%83%96%E3%83%AA%E3%83%83%E3%82%B8%E2%96%A0%E3%82%B8%E3%83%A2%E3%83%86%E3%82%A3%E5%A7%AB%E8%B7%AF HTTP/1.1" 200 0 "-" "Mozilla/5.0 (Linux; Android 6.0.1; Nexus 5X Build/MMB29P) AppleWebKit/537.36 (KHTML, like Gecko) Chrome/135.0.7049.95 Mobile Safari/537.36 (compatible; GoogleOther)"
66.249.74.103 - - [03/May/2025:01:20:20 -0400] "GET /?k=71802121513002&channel=0dcf98&from=form.php%3Fid%3D1215130-22033%26name%3D%E3%83%91%E3%82%A4%E3%83%B3%E3%83%90%E3%83%BC%E3%82%AF+2%E3%83%AA%E3%83%83%E3%83%88%E3%83%AB HTTP/1.1" 200 0 "-" "Mozilla/5.0 (Linux; Android 6.0.1; Nexus 5X Build/MMB29P) AppleWebKit/537.36 (KHTML, like Gecko) Chrome/135.0.7049.95 Mobile Safari/537.36 (compatible; GoogleOther)"
66.249.74.103 - - [03/May/2025:01:20:22 -0400] "GET /?k=15370120091504&channel=9f3382&from=shared.php%3Fid%3D1200915-12856%26name%3DKAGUCOCO+%E3%83%86%E3%83%BC%E3%83%96%E3%83%AB+%E4%B8%80%E6%9E%9A%E6%9D%BF+%5B%E7%B6%99%E3%81%8E%E7%B6%99%E3%81%8E+%E5%B9%85180cm+%E3%82%A6%E3%82%A9%E3%83%BC%E3%83%AB%E3%83%8A%E3%83%83%E3%83%88%5D+%E3%83%80%E3%82%A4%E3%83%8B%E3%83%B3%E3%82%B0%E3%83%86%E3%83%BC%E3%83%96%E3%83%AB+%E6%97%A5%E6%9C%AC%E8%A3%BD+%E8%80%B3%E4%BB%98%E3%81%8D+%E7%84%A1%E5%9E%A2+%E5%A4%A9%E7%84%B6%E6%9C%A8+%E3%83%91 HTTP/1.1" 200 0 "-" "Mozilla/5.0 (Linux; Android 6.0.1; Nexus 5X Build/MMB29P) AppleWebKit/537.36 (KHTML, like Gecko) Chrome/135.0.7049.95 Mobile Safari/537.36 (compatible; GoogleOther)"
66.249.74.103 - - [03/May/2025:01:20:26 -0400] "GET /?k=92928122225709&channel=be37ce&from=news.php%3Fid%3D1222257-19150%26name%3D%E7%BE%8E%E5%93%81%EF%BC%81perche+%E6%9F%94%E3%82%89%E3%81%8B%E3%81%84%E5%B1%B1%E7%BE%8A%E9%9D%A9%E3%83%AA%E3%83%9C%E3%83%B3%E3%83%87%E3%82%B6%E3%82%A4%E3%83%B3%E4%B8%89%E3%81%A4%E6%8A%98%E3%82%8A%E3%82%B3%E3%83%B3%E3%83%91%E3%82%AF%E3%83%88%E8%B2%A1%E5%B8%83 HTTP/1.1" 200 0 "-" "Mozilla/5.0 (Linux; Android 6.0.1; Nexus 5X Build/MMB29P) AppleWebKit/537.36 (KHTML, like Gecko) Chrome/135.0.7049.95 Mobile Safari/537.36 (compatible; GoogleOther)"
66.249.74.103 - - [03/May/2025:01:20:30 -0400] "GET /?k=0369464088000&channel=cc0883&from=news.php%3Fid%3D640880-9520%26name%3D21%E3%82%BB%E3%83%AB%E3%83%86%E3%83%BC%E3%83%88+sw6000p HTTP/1.1" 200 0 "-" "Mozilla/5.0 (Linux; Android 6.0.1; Nexus 5X Build/MMB29P) AppleWebKit/537.36 (KHTML, like Gecko) Chrome/135.0.7049.95 Mobile Safari/537.36 (compatible; GoogleOther)"
66.249.74.103 - - [03/May/2025:01:20:41 -0400] "GET /?k=6782028084602&channel=1550fa&from=form.php%3Fid%3D280846-6039%26name%3DXverycan+%E3%82%B9%E3%82%BF%E3%83%B3%E3%83%89%E3%83%9F%E3%82%AD%E3%82%B5%E3%83%BC+%E5%8D%93%E4%B8%8A%E3%83%9F%E3%82%AD%E3%82%B5%E3%83%BC+6L+%E5%A4%A7%E5%AE%B9%E9%87%8F+%E5%A4%9A%E6%A9%9F%E8%83%BD+%E3%83%9F%E3%83%B3%E3%83%81%E6%A9%9F+%E3%82%B8%E3%83%A5%E3%83%BC%E3%82%B5%E3%83%BC+%E5%AE%B6%E5%BA%AD%E7%94%A8+%E6%A5%AD%E5%8B%99%E7%94%A8+6%E6%AE%B5%E9%9A%8E%E3%82%B9%E3%83%94%E3%83%BC%E3%83%89%E8%AA%BF%E7%AF%80+3%E7%A8%AE%E9%A1%9E%E3%82%A2%E3%82%BF%E3%83%83%E3%83%81%E3%83%A1%E3%83%B3%E3%83%88%E4%BB%98%E3%81%8D+%E8%82%89%E6%8C%BD%E3%81%8D%E5%99%A8%E3%82%AB%E3%83%83%E3%82%BF%E3%83%BC+%E3%83%91%E3%83%B3%E7%94%9F%E5%9C%B0%E3%81%93%E3%81%AD%E3%82%84%E3%81%8A%E8%8F%93%E5%AD%90%E4%BD%9C%E3%82%8A+%E3%82%B8%E3%83%A5%E3%83%BC%E3%82%B9%2F%E6%9E%9C%E7%89%A9%2F%E9%87%8E%E8%8F%9C%2F%E9%9B%A2%E4%B9%B3%E9%A3%9F%E7%94%A8+%E6%97%A5%E6%9C%AC%E8%AA%9E%E8%AA%AC%E6%98%8E%E6%9B%B8+0 HTTP/1.1" 200 0 "-" "Mozilla/5.0 (Linux; Android 6.0.1; Nexus 5X Build/MMB29P) AppleWebKit/537.36 (KHTML, like Gecko) Chrome/135.0.7049.95 Mobile Safari/537.36 (compatible; GoogleOther)"
66.249.74.103 - - [03/May/2025:01:20:48 -0400] "GET /?k=68898137456601&channel=81f1df&from=product.php%3Fid%3D1374566-12271%26name%3D%E6%B8%9A%E3%81%8F%E3%82%93%E3%82%92%E3%81%8A%E5%85%84%E3%81%A1%E3%82%83%E3%82%93%E3%81%A8%E3%81%AF%E5%91%BC%E3%81%B0%E3%81%AA%E3%81%841%EF%BD%9E3%E3%80%816%E3%80%9C10%E5%B7%BB%E3%80%80%E3%81%BE%E3%81%A8%E3%82%81%E5%A3%B2%E3%82%8A HTTP/1.1" 200 0 "-" "Mozilla/5.0 (Linux; Android 6.0.1; Nexus 5X Build/MMB29P) AppleWebKit/537.36 (KHTML, like Gecko) Chrome/135.0.7049.95 Mobile Safari/537.36 (compatible; GoogleOther)"
66.249.74.103 - - [03/May/2025:01:20:51 -0400] "GET /?k=08474137388405&channel=70a54f&from=blog.php%3Fid%3D1373884-16294%26name%3D%E3%82%B3%E3%83%BC%E3%83%89%E3%83%AC%E3%82%B9%E3%83%AA%E3%83%BC%E3%83%95%E3%83%96%E3%83%AD%E3%83%AF%E3%83%BC%E3%80%81%E9%9B%BB%E5%8B%95%E3%83%AA%E3%83%BC%E3%83%95%E3%83%96%E3%83%AD%E3%83%AF%E3%83%BC%E3%80%81%E3%83%8F%E3%83%B3%E3%83%89%E3%83%98%E3%83%AB%E3%83%89%E3%83%AA%E3%83%BC%E3%83%95%E3%83%96%E3%83%AD%E3%83%AF%E3%83%BC%E3%80%812+%2A+3.0Ah%E3%83%AA%E3%83%81%E3%82%A6%E3%83%A0%E3%82%A4%E3%82%AA%E3%83%B3%E3%83%90%E3%83%83%E3%83%86%E3%83%AA%E3%83%BC%E3%80%81%E5%BB%B6%E9%95%B7%E3%83%8E%E3%82%BA%E3%83%AB%E3%80%815 HTTP/1.1" 200 52728 "-" "Mozilla/5.0 (Linux; Android 6.0.1; Nexus 5X Build/MMB29P) AppleWebKit/537.36 (KHTML, like Gecko) Chrome/135.0.7049.95 Mobile Safari/537.36 (compatible; Googlebot/2.1; +http://www.google.com/bot.html)"
66.249.74.103 - - [03/May/2025:01:20:51 -0400] "GET /?k=8871475761403&channel=60e6fa&from=pin.php%3Fid%3D757614-2169%26name%3Dmaison+de+dolce+%E3%82%AA%E3%82%B1%E3%83%BC%E3%82%B8%E3%83%A7%E3%83%B3%E3%80%80%E3%82%BB%E3%83%83%E3%83%88%E3%82%A2%E3%83%83%E3%83%97 HTTP/1.1" 200 50139 "-" "Mozilla/5.0 (Linux; Android 6.0.1; Nexus 5X Build/MMB29P) AppleWebKit/537.36 (KHTML, like Gecko) Chrome/135.0.7049.95 Mobile Safari/537.36 (compatible; Googlebot/2.1; +http://www.google.com/bot.html)"
66.249.74.103 - - [03/May/2025:01:20:54 -0400] "GET /?k=8721524891900&channel=0bc383&from=brands.php%3Fid%3D248919-7339%26name%3D%E3%82%B9%E3%82%BA%E3%82%AD%E3%82%B8%E3%83%A0%E3%83%8B%E3%83%BCJB23+JB33+JB43+JB64+JB74+%E3%81%AB%E9%81%A9%E7%94%A8%E3%82%BF%E3%82%A4%E3%83%A4%E3%83%81%E3%82%A7%E3%83%BC%E3%83%B3+%E9%9D%9E%E9%87%91%E5%B1%9E%E3%82%BF%E3%82%A4%E3%83%A4%E3%83%81%E3%82%A7+%E3%83%BC%E3%83%B3+%E5%86%AC%E3%81%AE%E5%BF%85%E9%9C%80%E5%93%81+%E3%82%B8%E3%83%A3%E3%83%83%E3%82%AD%E3%82%A2 HTTP/1.1" 200 0 "-" "Mozilla/5.0 (Linux; Android 6.0.1; Nexus 5X Build/MMB29P) AppleWebKit/537.36 (KHTML, like Gecko) Chrome/135.0.7049.95 Mobile Safari/537.36 (compatible; GoogleOther)"
66.249.74.103 - - [03/May/2025:01:20:56 -0400] "GET /?k=29811135564002&channel=08d555&from=shop.php%3Fid%3D1355640-23645%26name%3D%E5%9F%8E%E5%B3%B6%E9%AB%98%E5%8E%9F%E3%83%91%E3%83%BC%E3%82%AF%E3%80%80%E5%85%A5%E5%9C%92%E3%81%94%E6%8B%9B%E5%BE%85%E5%88%B8%E3%80%804%E6%9E%9A HTTP/1.1" 200 0 "-" "Mozilla/5.0 (Linux; Android 6.0.1; Nexus 5X Build/MMB29P) AppleWebKit/537.36 (KHTML, like Gecko) Chrome/135.0.7049.95 Mobile Safari/537.36 (compatible; GoogleOther)"
66.249.74.103 - - [03/May/2025:01:21:05 -0400] "GET /?k=97956164058006&channel=f264a2&from=product.php%3Fid%3D1640580-4387%26name%3D%E3%83%AA%E3%82%A2%E3%83%A9%E3%82%B2%E3%83%83%E3%82%B8+%E3%82%AD%E3%83%A3%E3%83%AA%E3%82%A2%E3%83%A9%E3%83%83%E3%82%AF+%E3%81%AB%E3%81%A8%E3%81%A3%E3%81%A6+CT125+%E3%81%9F%E3%82%81%E3%83%8F%E3%83%B3%E3%82%BF%E3%83%BC%E3%82%AB%E3%83%96+2020+2021+2022+%E3%83%AA%E3%82%A2%E3%83%86%E3%83%BC%E3%83%AB%E3%83%A9%E3%83%83%E3%82%AF%E3%82%B1%E3%83%BC%E3%82%B9%E3%82%B9%E3%83%BC%E3%83%84%E3%82%B1%E3%83%BC HTTP/1.1" 200 0 "-" "Mozilla/5.0 (Linux; Android 6.0.1; Nexus 5X Build/MMB29P) AppleWebKit/537.36 (KHTML, like Gecko) Chrome/135.0.7049.95 Mobile Safari/537.36 (compatible; GoogleOther)"
66.249.74.104 - - [03/May/2025:01:21:08 -0400] "GET /?k=29827121147305&channel=5423c2&from=brands.php%3Fid%3D1211473-3261%26name%3D%E5%B0%82%E7%94%A8+%E7%94%A8%E3%82%B7%E3%82%A8%E3%83%A9JB74W+2018%2F07%E3%82%AD%E3%83%A3%E3%83%AA%E3%83%BC%E3%83%88%E3%83%A9%E3%83%83%E3%82%AFDA63T+2005%2F11+%E3%81%AB%E9%81%A9%E7%94%A8+%E3%82%B5%E3%82%A4%E3%83%89%E3%82%BF%E3%83%BC%E3%83%B3%E3%82%B7%E3%82%B0%E3%83%8A%E3%83%AB%E3%83%A9%E3%83%B3%E3%83%97+%E3%83%9E%E3%83%BC%E3%82%AB%E3%83%BC%E3%83%A9%E3%83%B3 HTTP/1.1" 200 0 "-" "Mozilla/5.0 (Linux; Android 6.0.1; Nexus 5X Build/MMB29P) AppleWebKit/537.36 (KHTML, like Gecko) Chrome/135.0.7049.95 Mobile Safari/537.36 (compatible; GoogleOther)"
66.249.74.104 - - [03/May/2025:01:21:12 -0400] "GET /?k=7677241657210&channel=855a44&from=blog.php%3Fid%3D416572-1974%26name%3DMERCURYDUO+%E3%83%95%E3%82%A7%E3%82%A4%E3%82%AF%E3%83%95%E3%82%A1%E3%83%BC%E3%82%B8%E3%83%A3%E3%82%B1%E3%83%83%E3%83%88+%E3%82%A2%E3%82%A4%E3%83%9C%E3%83%AA%E3%83%BC HTTP/1.1" 200 0 "-" "Mozilla/5.0 (Linux; Android 6.0.1; Nexus 5X Build/MMB29P) AppleWebKit/537.36 (KHTML, like Gecko) Chrome/135.0.7049.95 Mobile Safari/537.36 (compatible; GoogleOther)"
66.249.74.103 - - [03/May/2025:01:21:17 -0400] "GET /?k=920912232302&channel=5af4b4&from=jp.php%3Fid%3D22323-2664%26name%3DEQUALS+%E3%82%A4%E3%82%B3%E3%83%BC%E3%83%AB%E3%82%BA+%E3%83%86%E3%83%AC%E3%83%93%E5%8F%B0%E3%80%80%E6%A3%9A%E3%82%BB%E3%83%83%E3%83%88 HTTP/1.1" 200 0 "-" "Mozilla/5.0 (Linux; Android 6.0.1; Nexus 5X Build/MMB29P) AppleWebKit/537.36 (KHTML, like Gecko) Chrome/135.0.7049.95 Mobile Safari/537.36 (compatible; GoogleOther)"
66.249.74.103 - - [03/May/2025:01:21:21 -0400] "GET /?k=452779640801&channel=ee1f5d&from=info.php%3Fid%3D96408-84%26name%3D%E3%80%90SALE%EF%BC%8F30%25OFF%E3%80%91%E3%82%AB%E3%83%BC%E3%83%89%E3%82%B9%E3%83%AD%E3%83%83%E3%83%88%E4%BB%98%E3%81%8D%E3%82%B7%E3%83%B3%E3%83%97%E3%83%AB%E3%82%B9%E3%83%9E%E3%83%9B%E3%82%B7%E3%83%A7%E3%83%AB%E3%83%80%E3%83%BC+Samantha+Thavasa+%E3%82%B5%E3%83%9E%E3%83%B3%E3%82%B5%E3%82%BF%E3%83%90%E3%82%B5+%E3%83%90%E3%83%83%E3%82%B0+%E3%82%B7%E3%83%A7%E3%83%AB%E3%83%80%E3%83%BC%E3%83%90%E3%83%83%E3%82%B0+%E3%83%9B%E3%83%AF%E3%82%A4%E3%83%88+%E3%83%96%E3%83%A9%E3%83%83%E3%82%AF+%E3%82%B0%E3%83%AC%E3%83%BC+%E3%83%94%E3%83%B3%E3%82%AF%E3%80%90RBA_E%E3%80%91%E3%80%90%E9%80%81%E6%96%99%E7%84%A1%E6%96%99%E3%80%91%5BRakuten+Fashion%5D HTTP/1.1" 200 0 "-" "Mozilla/5.0 (Linux; Android 6.0.1; Nexus 5X Build/MMB29P) AppleWebKit/537.36 (KHTML, like Gecko) Chrome/135.0.7049.95 Mobile Safari/537.36 (compatible; GoogleOther)"
66.249.74.103 - - [03/May/2025:01:21:31 -0400] "GET /?k=8497994758604&channel=4c9f88&from=category-info.php%3Fid%3D947586-2476%26name%3D%5BNEZIH%5D+%E5%86%AC%E6%9C%8D+%E3%83%A1%E3%83%B3%E3%82%BA+%E3%83%80%E3%82%A6%E3%83%B3%E3%82%B8%E3%83%A3%E3%82%B1%E3%83%83%E3%83%88+%E3%83%A1%E3%83%B3%E3%82%BA+%E3%82%B3%E3%83%BC%E3%83%88+%E5%86%AC+%E3%83%95%E3%83%BC%E3%83%89%E4%BB%98%E3%81%8D+%E5%A4%A7%E3%81%8D%E3%81%84%E3%82%B5%E3%82%A4%E3%82%BA+%E3%83%A1%E3%83%B3%E3%82%BA+%E4%B8%AD%E7%B6%BF+%E3%82%B8%E3%83%A3%E3%82%B1%E3%83%83%E3%83%88+%E9%98%B2%E5%AF%92%E3%82%A2%E3%82%A6%E3%82%BF%E3%83%BC HTTP/1.1" 200 51723 "-" "Mozilla/5.0 (Linux; Android 6.0.1; Nexus 5X Build/MMB29P) AppleWebKit/537.36 (KHTML, like Gecko) Chrome/135.0.7049.95 Mobile Safari/537.36 (compatible; Googlebot/2.1; +http://www.google.com/bot.html)"
52.167.144.25 - - [03/May/2025:01:21:31 -0400] "GET /?k=7778224401303&channel=5249ba&from=news.php%3Fid%3D244013-10776%26name%3D%E5%8C%BB%E7%99%82%E7%94%A8%E3%83%97%E3%83%A9%E3%82%A4%E3%83%90%E3%82%B7%E3%83%BC%E3%82%B9%E3%82%AF%E3%83%AA%E3%83%BC%E3%83%B3%E3%80%81%E5%A4%A7%E4%BA%BA%E7%94%A8%E6%8A%98%E3%82%8A%E3%81%9F%E3%81%9F%E3%81%BF%E5%BC%8F%E3%83%AB%E3%83%BC%E3%83%A0%E3%83%91%E3%83%BC%E3%83%86%E3%82%A3%E3%82%B7%E3%83%A7%E3%83%B3%E3%80%81%E5%A4%A7%E6%95%99%E5%AE%A4%2F%E7%97%85%E9%99%A2%2F%E5%AD%90%E4%BE%9B%E9%83%A8%E5%B1%8B%E7%94%A8%E3%82%B9%E3%83%81%E3%83%BC%E3%83%AB%E3%83%95%E3%83%AC%E3%83%BC%E3%83%A0%E3%83%91%E3%83%BC%E3%83%86%E3%82%A3%E3%82%B7%E3%83%A7%E3%83%B3%E3%82%B9%E3%82%AF%E3%83%AA%E3%83%BC HTTP/1.1" 200 41021 "-" "Mozilla/5.0 AppleWebKit/537.36 (KHTML, like Gecko; compatible; bingbot/2.0; +http://www.bing.com/bingbot.htm) Chrome/116.0.1938.76 Safari/537.36"
66.249.74.103 - - [03/May/2025:01:21:47 -0400] "GET /?k=84758182595803&channel=67366a&from=category-info.php%3Fid%3D1825958-8669%26name%3D140+%E5%A5%B3%E3%81%AE%E5%AD%90+%E6%9C%8D+%E3%82%A2%E3%82%A6%E3%82%BF%E3%83%BC+%E3%82%AD%E3%83%83%E3%82%BA+140+%E3%83%91%E3%83%BC%E3%82%AB%E3%83%BC+%E3%82%AD%E3%83%83%E3%82%BA+%E3%83%9E+%E3%82%AD%E3%83%83%E3%82%BA+%E3%82%A2%E3%82%A6%E3%82%BF%E3%83%BC+%E5%A5%B3%E3%81%AE%E5%AD%90+%E3%83%95%E3%83%BC%E3%83%89%E3%81%AA%E3%81%97+%E3%83%95%E3%83%AA%E3%83%BC%E3%82%B9%E3%82%B8%E3%83%A3%E3%82%B1%E3%83%83%E3%83%88+%E5%A5%B3%E3%81%AE%E5%AD%90 HTTP/1.1" 200 0 "-" "Mozilla/5.0 (Linux; Android 6.0.1; Nexus 5X Build/MMB29P) AppleWebKit/537.36 (KHTML, like Gecko) Chrome/135.0.7049.95 Mobile Safari/537.36 (compatible; GoogleOther)"
66.249.74.103 - - [03/May/2025:01:21:48 -0400] "GET /?k=6516714756902&channel=da094c&from=brands.php%3Fid%3D147569-8421%26name%3D%E3%83%8F%E3%83%B3%E3%83%9E%E3%83%BC%E3%83%89%E3%83%AA%E3%83%AB%E3%83%93%E3%83%83%E3%83%88%E3%80%81%E3%82%B9%E3%83%91%E3%82%A4%E3%83%A9%E3%83%AB%E3%82%A4%E3%83%B3%E3%83%91%E3%82%AF%E3%83%88%E3%83%89%E3%83%AA%E3%83%AB%E3%83%93%E3%83%83%E3%83%88%E3%82%AD%E3%83%83%E3%83%88%E8%B6%85%E7%A1%AC%E3%83%81%E3%83%83%E3%83%97%E3%82%B9%E3%83%AD%E3%83%83%E3%83%88%E3%82%BF%E3%82%A4%E3%83%97%E3%83%9D%E3%83%BC%E3%82%BF%E3%83%96%E3%83%AB5%E5%80%8B%E7%9F%B3%E7%94%A8%2818mm%29 HTTP/1.1" 200 51807 "-" "Mozilla/5.0 (Linux; Android 6.0.1; Nexus 5X Build/MMB29P) AppleWebKit/537.36 (KHTML, like Gecko) Chrome/135.0.7049.95 Mobile Safari/537.36 (compatible; Googlebot/2.1; +http://www.google.com/bot.html)"
66.249.74.103 - - [03/May/2025:01:21:50 -0400] "GET /?k=9180113214102&channel=0573ba&from=article.php%3Fid%3D132141-4331%26name%3DSONOS+Roam+Charging+set HTTP/1.1" 200 51363 "-" "Mozilla/5.0 (Linux; Android 6.0.1; Nexus 5X Build/MMB29P) AppleWebKit/537.36 (KHTML, like Gecko) Chrome/135.0.7049.95 Mobile Safari/537.36 (compatible; Googlebot/2.1; +http://www.google.com/bot.html)"
66.249.74.104 - - [03/May/2025:01:22:06 -0400] "GET /?k=3988270704900&channel=8d2e1d&from=shared.php%3Fid%3D707049-8759%26name%3D%E5%88%BA%E7%B9%8D%E7%B3%B8%E3%80%80%E6%9C%AA%E4%BD%BF%E7%94%A867%E6%9C%AC%E3%80%80%E4%BD%BF%E7%94%A8%E6%B8%8835%E8%89%B2 HTTP/1.1" 200 52174 "-" "Mozilla/5.0 (Linux; Android 6.0.1; Nexus 5X Build/MMB29P) AppleWebKit/537.36 (KHTML, like Gecko) Chrome/135.0.7049.95 Mobile Safari/537.36 (compatible; Googlebot/2.1; +http://www.google.com/bot.html)"
66.249.74.105 - - [03/May/2025:01:22:08 -0400] "GET /?k=32138195857502&channel=186a35&from=blog.php%3Fid%3D1958575-27684%26name%3D%E7%96%BE%E6%82%A3%E5%88%A5%E7%9C%8B%E8%AD%B7%E9%81%8E%E7%A8%8B+%E5%90%84%E7%A8%AE HTTP/1.1" 200 0 "-" "Mozilla/5.0 (Linux; Android 6.0.1; Nexus 5X Build/MMB29P) AppleWebKit/537.36 (KHTML, like Gecko) Chrome/135.0.7049.95 Mobile Safari/537.36 (compatible; GoogleOther)"
66.249.74.104 - - [03/May/2025:01:22:19 -0400] "GET /?k=3096142868511&channel=502b99&from=brands.php%3Fid%3D428685-12880%26name%3D%E3%83%9E%E3%82%A6%E3%83%B3%E3%83%86%E3%83%B3%E3%83%90%E3%82%A4%E3%82%AF%E3%80%80GIANT++ATX++%E3%82%B8%E3%83%A3%E3%82%A4%E3%82%A2%E3%83%B3%E3%83%88 HTTP/1.1" 200 0 "-" "Mozilla/5.0 (Linux; Android 6.0.1; Nexus 5X Build/MMB29P) AppleWebKit/537.36 (KHTML, like Gecko) Chrome/135.0.7049.95 Mobile Safari/537.36 (compatible; GoogleOther)"
66.249.74.104 - - [03/May/2025:01:22:20 -0400] "GET /?k=14007191488102&channel=8e79d6&from=form.php%3Fid%3D1914881-17823%26name%3D%E3%80%90%E6%96%B0%E5%93%81%E6%9C%AA%E4%BD%BF%E7%94%A8%E3%80%91%E3%82%B5%E3%83%B3%E3%83%AA%E3%82%AA+%E3%82%BF%E3%82%AA%E3%83%AB%E3%82%AD%E3%83%A3%E3%83%83%E3%83%97+%E3%82%AF%E3%83%AD%E3%83%9F%E3%80%80%E6%B0%B4%E6%B3%B3 HTTP/1.1" 200 51778 "-" "Mozilla/5.0 (Linux; Android 6.0.1; Nexus 5X Build/MMB29P) AppleWebKit/537.36 (KHTML, like Gecko) Chrome/135.0.7049.95 Mobile Safari/537.36 (compatible; Googlebot/2.1; +http://www.google.com/bot.html)"
66.249.74.103 - - [03/May/2025:01:22:20 -0400] "GET /?k=7766094712001&channel=6e6953&from=news.php%3Fid%3D947120-3787%26name%3D%E3%82%A2%E3%82%A4%E3%82%BC%E3%83%B3+%E3%83%94%E3%83%B3%E3%82%B2%E3%83%BC%E3%82%B8%E3%83%90%E3%83%A9+FC40.99 HTTP/1.1" 200 51801 "-" "Mozilla/5.0 (Linux; Android 6.0.1; Nexus 5X Build/MMB29P) AppleWebKit/537.36 (KHTML, like Gecko) Chrome/135.0.7049.95 Mobile Safari/537.36 (compatible; Googlebot/2.1; +http://www.google.com/bot.html)"
66.249.74.104 - - [03/May/2025:01:22:22 -0400] "GET /?k=2907235500607&channel=923d57&from=form.php%3Fid%3D355006-779%26name%3D%E7%BE%A4%E8%A8%80%E5%A0%82+%E3%81%90%E3%82%93%E3%81%92%E3%82%93%E3%81%A9%E3%81%86+%E3%83%9E%E3%83%95%E3%83%A9%E3%83%BC%E3%80%80%E3%82%B9%E3%83%88%E3%83%BC%E3%83%AB%E3%80%80%E7%9F%B3%E8%A6%8B%E9%8A%80%E5%B1%B1+%E7%B6%BF%E3%82%B3%E3%83%83%E3%83%88%E3%83%B3100%EF%BC%85+%E3%82%B7%E3%83%A7%E3%83%BC%E3%83%AB HTTP/1.1" 200 50697 "-" "Mozilla/5.0 (Linux; Android 6.0.1; Nexus 5X Build/MMB29P) AppleWebKit/537.36 (KHTML, like Gecko) Chrome/135.0.7049.95 Mobile Safari/537.36 (compatible; Googlebot/2.1; +http://www.google.com/bot.html)"
66.249.74.103 - - [03/May/2025:01:22:22 -0400] "GET /?k=521791483201&channel=ad6975&from=goods.php%3Fid%3D14832-1845%26name%3DID%3A593763++%E3%83%AB%E3%83%BC%E3%83%A0%E3%82%A8%E3%82%A2%E3%82%B3%E3%83%B3%EF%BC%92%EF%BC%8E%EF%BC%92%EF%BD%8B%E3%80%80%E3%83%8F%E3%82%A4%E3%82%A2%E3%83%BC%E3%83%AB%E3%80%80%EF%BC%92%EF%BC%90%EF%BC%92%EF%BC%94%E5%B9%B4%E8%A3%BD%EF%BC%88%E4%B8%AD%E5%8F%A4%EF%BC%89%E3%80%80%E2%91%A0 HTTP/1.1" 200 52908 "-" "Mozilla/5.0 (Linux; Android 6.0.1; Nexus 5X Build/MMB29P) AppleWebKit/537.36 (KHTML, like Gecko) Chrome/135.0.7049.95 Mobile Safari/537.36 (compatible; Googlebot/2.1; +http://www.google.com/bot.html)"
66.249.74.103 - - [03/May/2025:01:22:23 -0400] "GET /?k=68803186951405&channel=a89faf&from=shop.php%3Fid%3D1869514-4666%26name%3D%E4%B8%80%E7%82%B9%E7%89%A9+80%E3%80%9C90%E5%B9%B4%E4%BB%A3%E3%83%93%E3%83%B3%E3%83%86%E3%83%BC%E3%82%B8%E3%80%80%E5%8F%B0%E6%B9%BE%E8%A3%BD%E3%80%80%E5%88%87%E3%82%8A%E6%9B%BF%E3%81%88%E3%83%88%E3%83%A9%E3%83%83%E3%82%AF%E3%82%B8%E3%83%A3%E3%82%B1%E3%83%83%E3%83%88 HTTP/1.1" 200 52920 "-" "Mozilla/5.0 (Linux; Android 6.0.1; Nexus 5X Build/MMB29P) AppleWebKit/537.36 (KHTML, like Gecko) Chrome/135.0.7049.95 Mobile Safari/537.36 (compatible; Googlebot/2.1; +http://www.google.com/bot.html)"
66.249.74.103 - - [03/May/2025:01:22:25 -0400] "GET /?k=97956164058006&channel=f264a2&from=product.php%3Fid%3D1640580-4387%26name%3D%E3%83%AA%E3%82%A2%E3%83%A9%E3%82%B2%E3%83%83%E3%82%B8+%E3%82%AD%E3%83%A3%E3%83%AA%E3%82%A2%E3%83%A9%E3%83%83%E3%82%AF+%E3%81%AB%E3%81%A8%E3%81%A3%E3%81%A6+CT125+%E3%81%9F%E3%82%81%E3%83%8F%E3%83%B3%E3%82%BF%E3%83%BC%E3%82%AB%E3%83%96+2020+2021+2022+%E3%83%AA%E3%82%A2%E3%83%86%E3%83%BC%E3%83%AB%E3%83%A9%E3%83%83%E3%82%AF%E3%82%B1%E3%83%BC%E3%82%B9%E3%82%B9%E3%83%BC%E3%83%84%E3%82%B1%E3%83%BC HTTP/1.1" 200 51267 "-" "Mozilla/5.0 (Linux; Android 6.0.1; Nexus 5X Build/MMB29P) AppleWebKit/537.36 (KHTML, like Gecko) Chrome/135.0.7049.95 Mobile Safari/537.36 (compatible; Googlebot/2.1; +http://www.google.com/bot.html)"
66.249.74.103 - - [03/May/2025:01:22:26 -0400] "GET /?k=61599133748601&channel=6396ca&from=brands.php%3Fid%3D1337486-17888%26name%3D%E3%83%A4%E3%83%96%E3%83%A9%E3%83%B3%E3%80%80%E3%83%94%E3%83%A5%E3%82%A2%E3%83%96%E3%83%AD%E3%83%B3%E3%83%89%E3%80%80%E6%8A%9C%E3%81%8D%E8%8B%97 HTTP/1.1" 200 51034 "-" "Mozilla/5.0 (Linux; Android 6.0.1; Nexus 5X Build/MMB29P) AppleWebKit/537.36 (KHTML, like Gecko) Chrome/135.0.7049.95 Mobile Safari/537.36 (compatible; Googlebot/2.1; +http://www.google.com/bot.html)"
66.249.74.103 - - [03/May/2025:01:22:28 -0400] "GET /?k=89928172215604&channel=3234ab&from=article.php%3Fid%3D1722156-29%26name%3D%E3%83%A6%E3%83%8B%E3%82%AF%E3%83%ADUNIQLO%E3%82%B9%E3%83%9E%E3%83%BC%E3%83%88%E3%82%B9%E3%83%88%E3%83%AC%E3%83%83%E3%83%81W%E3%82%B9%E3%83%88%E3%83%AC%E3%83%83%E3%83%81%E3%82%B3%E3%83%BC%E3%83%87%E3%83%A5%E3%83%AD%E3%82%A4%E3%82%B7%E3%83%A3%E3%83%84L%E3%83%99%E3%83%BC%E3%82%B8%E3%83%A5 HTTP/1.1" 200 51215 "-" "Mozilla/5.0 (Linux; Android 6.0.1; Nexus 5X Build/MMB29P) AppleWebKit/537.36 (KHTML, like Gecko) Chrome/135.0.7049.95 Mobile Safari/537.36 (compatible; Googlebot/2.1; +http://www.google.com/bot.html)"
66.249.74.103 - - [03/May/2025:01:22:30 -0400] "GET /?k=98372107147200&channel=7c4fcb&from=product.php%3Fid%3D1071472-2846%26name%3D%E3%83%AC%E3%82%B9%E3%83%AC%E3%83%AA%E3%82%A2%E3%83%BC%E3%83%8A%E3%81%AE%E3%82%A2%E3%83%88%E3%83%AA%E3%82%A8+%E3%83%AC%E3%82%B9%E3%83%8AB5+%E3%82%A2%E3%82%AF%E3%83%AA%E3%83%AB+%E3%83%97%E3%83%AC%E3%83%BC%E3%83%88+%E3%83%A9%E3%82%A4%E3%82%B6+ABFAWWCD HTTP/1.1" 200 52320 "-" "Mozilla/5.0 (Linux; Android 6.0.1; Nexus 5X Build/MMB29P) AppleWebKit/537.36 (KHTML, like Gecko) Chrome/135.0.7049.95 Mobile Safari/537.36 (compatible; Googlebot/2.1; +http://www.google.com/bot.html)"
66.249.74.104 - - [03/May/2025:01:22:32 -0400] "GET /?k=58914116046406&channel=9df815&from=product.php%3Fid%3D1160464-7615%26name%3D%E7%B4%A0%E6%95%B5%E3%81%AA%E6%BC%AB%E7%94%BB%E3%81%AE%E3%83%8A%E3%83%9E%E3%82%B1%E3%83%A2%E3%83%8E+%E3%83%9E%E3%82%B0%E3%82%AB%E3%83%83%E3%83%97+%E3%81%B5%E3%81%9F%E4%BB%98%E3%81%8D%E3%81%8B%E3%82%8F%E3%81%84%E3%81%84%E3%82%B3%E3%83%BC%E3%83%92%E3%83%BC%E3%82%AB%E3%83%83%E3%83%97%E6%B0%B4%E7%AD%92%E3%82%B9%E3%83%9D%E3%83%BC%E3%83%84%E3%83%9C%E3%83%88%E3%83%AB%E3%82%BF%E3%83%B3%E3%83%96%E3%83%A9%E3%83%BC%E3%83%97%E3%83%AC%E3%82%BC%E3%83%B3%E3%83%88 HTTP/1.1" 200 53001 "-" "Mozilla/5.0 (Linux; Android 6.0.1; Nexus 5X Build/MMB29P) AppleWebKit/537.36 (KHTML, like Gecko) Chrome/135.0.7049.95 Mobile Safari/537.36 (compatible; Googlebot/2.1; +http://www.google.com/bot.html)"
52.167.144.25 - - [03/May/2025:01:22:32 -0400] "GET /?k=7709886516400&channel=9ae0c6&from=info.php%3Fid%3D865164-3551%26name%3D%E3%82%B9%E3%83%86%E3%83%B3%E3%83%AC%E3%82%B9%E9%8B%BC%E8%87%AA%E7%AB%8B%E5%BC%8F%E3%83%A6%E3%83%BC%E3%83%86%E3%82%A3%E3%83%AA%E3%83%86%E3%82%A3%E3%82%B7%E3%83%B3%E3%82%AF%E3%80%81%E3%82%B9%E3%83%8E%E3%82%B3%E4%BB%98%E3%81%8D%E5%95%86%E6%A5%AD%E3%82%B7%E3%83%B3%E3%82%AF%E3%80%81%E5%A4%9A%E7%9B%AE%E7%9A%84%E4%BA%8C%E5%B1%A4%E3%83%96%E3%83%A9%E3%82%B1%E3%83%83%E3%83%88%E6%B4%97%E9%9D%A2%E5%99%A8 HTTP/1.1" 200 42327 "-" "Mozilla/5.0 AppleWebKit/537.36 (KHTML, like Gecko; compatible; bingbot/2.0; +http://www.bing.com/bingbot.htm) Chrome/116.0.1938.76 Safari/537.36"
66.249.74.104 - - [03/May/2025:01:22:33 -0400] "GET /?k=42964131917805&channel=c020c3&from=brands.php%3Fid%3D1319178-14388%26name%3DRebornsun+%E5%B9%BC%E5%85%90%E3%81%AE%E3%83%88%E3%82%A4%E3%83%AC%E3%83%88%E3%83%AC%E3%83%BC%E3%83%8B%E3%83%B3%E3%82%B0%E3%82%B7%E3%83%BC%E3%83%88%E3%80%81%E3%83%99%E3%83%93%E3%83%BC%E3%83%88%E3%82%A4%E3%83%AC%E3%82%B7%E3%83%BC%E3%83%88%2C+%E8%AA%BF%E6%95%B4%E5%8F%AF%E8%83%BD%E3%81%AA%E9%AB%98%E3%81%952-in-1%E3%83%88%E3%82%A4%E3%83%AC%E3%82%B7%E3%83%BC%E3%83%88%E3%82%B9%E3%83%86%E3%83%83%E3%83%97%E3%82%B9%E3%83%84%E3%83%BC%E3%83%AB%2C HTTP/1.1" 200 0 "-" "Mozilla/5.0 (Linux; Android 6.0.1; Nexus 5X Build/MMB29P) AppleWebKit/537.36 (KHTML, like Gecko) Chrome/135.0.7049.95 Mobile Safari/537.36 (compatible; GoogleOther)"
52.167.144.25 - - [03/May/2025:01:22:33 -0400] "GET /?k=6918233608301&channel=9c7603&from=brands.php%3Fid%3D336083-7658%26name%3D%E8%9B%87%E5%8F%A3%E6%B4%97%E9%9D%A2%E5%99%A8%E3%83%90%E3%82%B9%E8%9B%87%E5%8F%A3%E3%83%AC%E3%83%88%E3%83%AD%E3%81%AA%E3%82%B7%E3%83%B3%E3%82%B0%E3%83%AB%E3%83%8F%E3%83%B3%E3%83%89%E3%83%AB%E3%83%96%E3%83%A9%E3%83%83%E3%82%AF%E3%82%AF%E3%83%AD%E3%83%BC%E3%83%A0%E5%86%B7%E6%B0%B4%E3%81%8A%E3%82%88%E3%81%B3%E6%B8%A9%E6%B0%B4%E3%82%B7%E3%83%B3%E3%82%AF%E3%83%9F%E3%82%AD%E3%82%B5%E3%83%BC%E3%82%BF%E3%83%83%E3%83%97%E3%83%9F%E3%82%AD%E3%82%B5%E3%83%BC HTTP/1.1" 200 41378 "-" "Mozilla/5.0 AppleWebKit/537.36 (KHTML, like Gecko; compatible; bingbot/2.0; +http://www.bing.com/bingbot.htm) Chrome/116.0.1938.76 Safari/537.36"
66.249.74.103 - - [03/May/2025:01:22:34 -0400] "GET /?k=78711148532508&channel=247c43&from=shared.php%3Fid%3D1485325-3885%26name%3D%E6%97%A5%E7%AB%8B+2022%E5%B9%B4+%E5%8B%95%E4%BD%9C%E4%BF%9D%E8%A8%BC%E4%BB%98+BD-SG110HL++%E3%83%89%E3%83%A9%E3%83%A0%E5%BC%8F%E6%B4%97%E6%BF%AF%E4%B9%BE%E7%87%A5%E6%A9%9F HTTP/1.1" 200 50966 "-" "Mozilla/5.0 (Linux; Android 6.0.1; Nexus 5X Build/MMB29P) AppleWebKit/537.36 (KHTML, like Gecko) Chrome/135.0.7049.95 Mobile Safari/537.36 (compatible; Googlebot/2.1; +http://www.google.com/bot.html)"
66.249.74.103 - - [03/May/2025:01:22:35 -0400] "GET /?k=10282101701803&channel=5b01d2&from=shared.php%3Fid%3D1017018-19816%26name%3DAO+%E3%83%88%E3%83%AA%E3%82%A2+TIG%E6%BA%B6%E6%8E%A5%E7%94%A8+%E3%82%BF%E3%83%B3%E3%82%B0%E3%82%B9%E3%83%86%E3%83%B3%E9%9B%BB%E6%A5%B5%E6%A3%92+2.4%C3%97150%E3%8E%9C+%E2%98%86%E6%9C%AA%E4%BD%BF%E7%94%A8%E5%93%81%E2%98%86 HTTP/1.1" 200 0 "-" "Mozilla/5.0 (Linux; Android 6.0.1; Nexus 5X Build/MMB29P) AppleWebKit/537.36 (KHTML, like Gecko) Chrome/135.0.7049.95 Mobile Safari/537.36 (compatible; GoogleOther)"
66.249.74.103 - - [03/May/2025:01:22:35 -0400] "GET /?k=7836931051006&channel=4139a9&from=article.php%3Fid%3D310510-9611%26name%3D%E3%82%AF%E3%83%A9%E3%82%B7%E3%83%83%E3%82%AF%E3%83%BB%E3%83%88%E3%83%A9%E3%83%87%E3%82%A3%E3%82%B7%E3%83%A7%E3%83%8A%E3%83%AB%E3%83%BB%E3%83%A9%E3%82%B0+%E3%83%93%E3%83%B3%E3%83%86%E3%83%BC%E3%82%B8%E3%83%BB%E3%83%97%E3%83%AA%E3%83%B3%E3%83%88%E3%83%BB%E3%83%A9%E3%83%BC%E3%82%B8%E3%83%A9%E3%82%B0%E3%80%81+100cm+1.5m+2m+250cm+3m+3.5m+4m HTTP/1.1" 200 51540 "-" "Mozilla/5.0 (Linux; Android 6.0.1; Nexus 5X Build/MMB29P) AppleWebKit/537.36 (KHTML, like Gecko) Chrome/135.0.7049.95 Mobile Safari/537.36 (compatible; Googlebot/2.1; +http://www.google.com/bot.html)"
66.249.74.103 - - [03/May/2025:01:22:36 -0400] "GET /?k=82377192686402&channel=c9f9f1&from=news.php%3Fid%3D1926864-23479%26name%3D%E3%83%AA%E3%83%A0%E3%83%AB%E3%80%80%E3%83%95%E3%82%A3%E3%82%AE%E3%83%A5%E3%82%A2 HTTP/1.1" 200 52554 "-" "Mozilla/5.0 (Linux; Android 6.0.1; Nexus 5X Build/MMB29P) AppleWebKit/537.36 (KHTML, like Gecko) Chrome/135.0.7049.95 Mobile Safari/537.36 (compatible; Googlebot/2.1; +http://www.google.com/bot.html)"
66.249.74.104 - - [03/May/2025:01:22:37 -0400] "GET /?k=88815121189501&channel=4fd150&from=blog.php%3Fid%3D1211895-19743%26name%3D%E3%82%AF%E3%83%AD%E3%83%90%E3%83%BC+%E3%81%8B%E3%81%8E%E9%87%9D%E3%80%8C%E3%83%9A%E3%83%B3-E%E3%80%8D%EF%BC%98%2F%EF%BC%90 HTTP/1.1" 200 51611 "-" "Mozilla/5.0 (Linux; Android 6.0.1; Nexus 5X Build/MMB29P) AppleWebKit/537.36 (KHTML, like Gecko) Chrome/135.0.7049.95 Mobile Safari/537.36 (compatible; Googlebot/2.1; +http://www.google.com/bot.html)"
66.249.74.104 - - [03/May/2025:01:22:38 -0400] "GET /?k=2837932534202&channel=cda297&from=news.php%3Fid%3D325342-11546%26name%3D%E7%BE%8E%E5%93%81%E2%98%86%E5%AE%9A%E4%BE%A1%C2%A5137%2C500+LOEWE+%E3%83%86%E3%83%A9+%E3%82%A6%E3%82%A7%E3%83%83%E3%82%B8+%E3%82%AF%E3%83%AD%E3%83%83%E3%82%B0+%E3%82%AB%E3%83%BC%E3%83%95+35 HTTP/1.1" 200 50176 "-" "Mozilla/5.0 (Linux; Android 6.0.1; Nexus 5X Build/MMB29P) AppleWebKit/537.36 (KHTML, like Gecko) Chrome/135.0.7049.95 Mobile Safari/537.36 (compatible; Googlebot/2.1; +http://www.google.com/bot.html)"
66.249.74.105 - - [03/May/2025:01:22:38 -0400] "GET /?k=0050918425300&channel=cf9cbd&from=jp.php%3Fid%3D184253-9779%26name%3D%E3%80%90%E6%96%B0%E5%93%81%E3%80%91HAL+%E4%B8%87%E8%83%BD%E7%84%A1%E6%B0%B4%E9%8D%8B+26 HTTP/1.1" 200 0 "-" "Mozilla/5.0 (Linux; Android 6.0.1; Nexus 5X Build/MMB29P) AppleWebKit/537.36 (KHTML, like Gecko) Chrome/135.0.7049.95 Mobile Safari/537.36 (compatible; GoogleOther)"
66.249.74.104 - - [03/May/2025:01:22:40 -0400] "GET /?k=04147193625801&channel=77ef32&from=goods.php%3Fid%3D1936258-16869%26name%3D%E3%83%A1%E3%82%BF%E3%83%AB%E3%82%B8%E3%82%B0+180g%C3%974+3D%E3%83%AC%E3%83%83%E3%83%89%E3%83%96%E3%83%A9%E3%83%83%E3%82%AF%E3%82%A2%E3%82%A4+TG%E3%83%99%E3%82%A4%E3%83%88%E9%A2%A8+%E3%82%A4%E3%83%AF%E3%82%B7%E5%9E%8B+%E9%AB%98%E6%AF%94%E9%87%8D HTTP/1.1" 200 51222 "-" "Mozilla/5.0 (Linux; Android 6.0.1; Nexus 5X Build/MMB29P) AppleWebKit/537.36 (KHTML, like Gecko) Chrome/135.0.7049.95 Mobile Safari/537.36 (compatible; Googlebot/2.1; +http://www.google.com/bot.html)"
66.249.74.103 - - [03/May/2025:01:22:41 -0400] "GET /?k=23120157431702&channel=7d1180&from=news.php%3Fid%3D1574317-3406%26name%3D%E8%96%84%E5%9E%8B%E2%9C%A8Bluetooth%E2%9C%A8%E9%AB%98%E9%80%9FSSD%E2%9C%A815.6%E3%82%A4%E3%83%B3%E3%83%81%E2%9C%A8%E6%9D%B1%E8%8A%9D%E2%9C%A8%E3%83%8E%E3%83%BC%E3%83%88%E3%83%91%E3%82%BD%E3%82%B3%E3%83%B3 HTTP/1.1" 200 50535 "-" "Mozilla/5.0 (Linux; Android 6.0.1; Nexus 5X Build/MMB29P) AppleWebKit/537.36 (KHTML, like Gecko) Chrome/135.0.7049.95 Mobile Safari/537.36 (compatible; Googlebot/2.1; +http://www.google.com/bot.html)"
66.249.74.105 - - [03/May/2025:01:22:43 -0400] "GET /?k=5323895329702&channel=ab80aa&from=form.php%3Fid%3D953297-9745%26name%3D%E3%83%9E%E3%82%B0%E3%82%AB%E3%83%83%E3%83%97+%E3%83%95%E3%83%AB%E3%83%BC%E3%83%84%E3%80%81%E8%8A%B1%E3%80%81%E3%82%B9%E3%83%88%E3%83%A9%E3%82%A4%E3%83%97%E3%80%81%E6%B3%A2%E3%80%81%E3%81%8B%E3%82%8F%E3%81%84%E3%81%84%E5%86%99%E7%9C%9F+%E3%82%B3%E3%83%B3%E3%83%93%E3%83%8B%E3%82%AB%E3%83%83%E3%83%97+%E7%9C%9F%E7%A9%BA%E6%96%AD%E7%86%B1+%E8%93%8B%2F%E3%82%B9%E3%83%88%E3%83%AD%E3%83%BC%E4%BB%98%E3%81%8D+%E3%82%B9%E3%83%86%E3%83%B3%E3%83%AC%E3%82%B9%E3%83%9C%E3%83%88%E3%83%AB+%E3%82%B9%E3%83%9D%E3%83%BC%E3%83%84%E9%A3%B2%E6%96%99%E5%AF%BE HTTP/1.1" 200 50753 "-" "Mozilla/5.0 (Linux; Android 6.0.1; Nexus 5X Build/MMB29P) AppleWebKit/537.36 (KHTML, like Gecko) Chrome/135.0.7049.95 Mobile Safari/537.36 (compatible; Googlebot/2.1; +http://www.google.com/bot.html)"
66.249.74.104 - - [03/May/2025:01:22:46 -0400] "GET /?k=8219540643701&channel=ecfcf3&from=news.php%3Fid%3D406437-12812%26name%3D%E3%83%AA%E3%83%90%E3%83%86%E3%82%A3%E3%80%80%E3%82%B9%E3%82%AB%E3%83%BC%E3%83%88%E2%91%A2 HTTP/1.1" 200 52339 "-" "Mozilla/5.0 (Linux; Android 6.0.1; Nexus 5X Build/MMB29P) AppleWebKit/537.36 (KHTML, like Gecko) Chrome/135.0.7049.95 Mobile Safari/537.36 (compatible; Googlebot/2.1; +http://www.google.com/bot.html)"
66.249.74.104 - - [03/May/2025:01:22:47 -0400] "GET /?k=9962862102005&channel=7ad88f&from=shop.php%3Fid%3D621020-8584%26name%3D%E3%83%AF%E3%83%83%E3%82%AF%E3%82%B9%E6%96%BD%E5%B7%A5%E8%BE%BC%E3%81%BF%EF%BC%81NITRO+MERCY%2BZUMA+ZM+%E3%83%8A%E3%82%A4%E3%83%88%E3%83%AD+%E3%83%AC%E3%83%87%E3%82%A3%E3%83%BC%E3%82%B9+%E3%82%B9%E3%83%8E%E3%83%BC%E3%83%9C%E3%83%BC%E3%83%89+%E3%82%B9%E3%83%8E%E3%83%9C%E3%83%BC+%E6%9D%BF+%E3%83%90%E3%82%A4%E3%83%B3%E3%83%87%E3%82%A3%E3%83%B3%E3%82%B0+%E3%83%93%E3%83%B3%E3%83%87%E3%82%A3 HTTP/1.1" 200 51753 "-" "Mozilla/5.0 (Linux; Android 6.0.1; Nexus 5X Build/MMB29P) AppleWebKit/537.36 (KHTML, like Gecko) Chrome/135.0.7049.95 Mobile Safari/537.36 (compatible; Googlebot/2.1; +http://www.google.com/bot.html)"
66.249.74.104 - - [03/May/2025:01:22:48 -0400] "GET /?k=7049421900202&channel=03034c&from=news.php%3Fid%3D219002-5976%26name%3DMG+MS-06F+IIF%E5%9E%8B+Ver.2.0+%EF%BC%881+100%E3%82%B9%E3%82%B1%E3%83%BC%E3%83%AB+MG+2031560%EF%BC%89 HTTP/1.1" 200 51043 "-" "Mozilla/5.0 (Linux; Android 6.0.1; Nexus 5X Build/MMB29P) AppleWebKit/537.36 (KHTML, like Gecko) Chrome/135.0.7049.95 Mobile Safari/537.36 (compatible; Googlebot/2.1; +http://www.google.com/bot.html)"
66.249.74.103 - - [03/May/2025:01:22:49 -0400] "GET /?k=97556177369500&channel=9fa3aa&from=info.php%3Fid%3D1773695-931%26name%3D%E5%8F%8E%E7%B4%8D%E3%82%B1%E3%83%BC%E3%82%B9%E3%80%80%E5%8F%8E%E7%B4%8D%E6%A3%9A%E3%80%80%E9%A3%9F%E5%99%A8%E6%A3%9A%E3%80%80%E3%82%AD%E3%83%A3%E3%83%93%E3%83%8D%E3%83%83%E3%83%88%E3%80%8059.5%C3%9729%C3%9790+%EF%BC%88%EF%BE%8E%EF%BE%9F%EF%BD%B2%EF%BE%9D%EF%BE%845%E5%80%8D%E2%98%861%2F29+1%3A59%E8%BF%84%E3%80%91%E9%A3%9F%E5%99%A8%E6%A3%9A+%E5%B9%8560+%E3%83%AC%E3%83%B3%E3%82%B8%E5%8F%B0+%E6%97%A5%E6%9C%AC%E8%A3%BD+%E3%82%AA%E3%83%BC%E3%83%97%E3%83%B3%E3%83%9C%E3%83%BC%E3%83%89+%E3%83%AC%E3%83%B3%E3%82%B8%E3%83%9C%E3%83%BC%E3%83%89+%E3%82%AD%E3%83%83%E3%83%81%E3%83%B3%E3%83%9C%E3%83%BC%E3%83%89+%E5%B9%8560+%E3%82%AD%E3%83%83%E3%83%81%E3%83%B3%E5%8F%8E%E7%B4%8D+%E3%82%B9%E3%83%AA%E3%83%A0+%E5%A3%81%E9%9D%A2+%E5%8F%8E%E7%B4%8D+%E3%83%8F%E3%82%A4%E3%82%BF%E3%82%A4%E3%83%97+%E3%83%AC%E3%83%B3%E3%82%B8%E3%83%A9%E3%83%83%E3%82%AF+%E5%9B%BD%E7%94%A3+%E5%A5%A5%E8%A1%8C%E3%81%8D45%EF%BC%88%E3%82%AD%E3%83%83%E3%83%81%E3%83%B3%E5%8F%8E%E7%B4%8D%E3%83%BB%E9%A3%9F%E5%99%A8%E6%A3%9A+%E9%80%9A%E8%B2%A9+-+%E3%83%87%E3%82%A3%E3%83%8E%E3%82%B9%EF%BC%89%EF%BC%89 HTTP/1.1" 200 0 "-" "Mozilla/5.0 (Linux; Android 6.0.1; Nexus 5X Build/MMB29P) AppleWebKit/537.36 (KHTML, like Gecko) Chrome/135.0.7049.95 Mobile Safari/537.36 (compatible; GoogleOther)"
66.249.74.105 - - [03/May/2025:01:22:49 -0400] "GET /?k=27853177358700&channel=c0418e&from=blog.php%3Fid%3D1773587-941%26name%3D%E3%82%A2%E3%83%B3%E3%83%86%E3%82%A3%E3%83%BC%E3%82%AF%E3%83%9F%E3%83%A9%E3%83%BC HTTP/1.1" 200 52140 "-" "Mozilla/5.0 (Linux; Android 6.0.1; Nexus 5X Build/MMB29P) AppleWebKit/537.36 (KHTML, like Gecko) Chrome/135.0.7049.95 Mobile Safari/537.36 (compatible; Googlebot/2.1; +http://www.google.com/bot.html)"
66.249.74.106 - - [03/May/2025:01:22:51 -0400] "GET /?k=19214135231806&channel=7bf890&from=product.php%3Fid%3D1352318-13382%26name%3DSC-7003+%283%25%29+%E3%83%97%E3%83%AD%E4%BB%95%E6%A7%98%E4%B8%80%E6%9E%9A%E8%B2%BC%E3%82%8A%E7%94%A8%28%E8%A6%81%E7%86%B1%E6%88%90%E5%9E%8B%29+%E5%9B%BD%E7%94%A3+%E6%96%AD%E7%86%B1+%E5%8E%9F%E7%9D%80%E3%83%8F%E3%83%BC%E3%83%89%E3%82%B3%E3%83%BC%E3%83%88%E3%83%95%E3%82%A3%E3%83%AB%E3%83%A0+%28%E3%82%B7%E3%83%AB%E3%83%95%E3%82%A3%E3%83%BC%E3%83%89%29+%E3%83%95%E3%82%A3%E3%83%83%E3%83%88+%28Fit HTTP/1.1" 200 53630 "-" "Mozilla/5.0 (Linux; Android 6.0.1; Nexus 5X Build/MMB29P) AppleWebKit/537.36 (KHTML, like Gecko) Chrome/135.0.7049.95 Mobile Safari/537.36 (compatible; Googlebot/2.1; +http://www.google.com/bot.html)"
66.249.74.105 - - [03/May/2025:01:22:52 -0400] "GET /?k=68780154486901&channel=dd217b&from=shop.php%3Fid%3D1544869-4015%26name%3D%E3%82%AB%E3%83%AA%E3%83%B3%E3%83%90+34+%E3%82%AD%E3%83%BC+C+%E3%83%88%E3%83%BC%E3%83%B3+%E8%A6%AA%E6%8C%87%E3%83%94%E3%82%A2%E3%83%8E+%E5%88%9D%E5%BF%83%E8%80%85%E5%90%91%E3%81%91%E9%9F%B3%E6%A5%BD%E3%82%AD%E3%83%BC%E3%83%9C%E3%83%BC%E3%83%89+%E3%83%97%E3%83%AD%E4%BB%95%E6%A7%98+%E3%82%AF%E3%83%AD%E3%83%9E%E3%83%81%E3%83%83%E3%82%AF+%E3%82%AB%E3%83%AA%E3%83%B3%E3%83%90+%E6%A5%BD%E5%99%A8%28B%29 HTTP/1.1" 200 0 "-" "Mozilla/5.0 (Linux; Android 6.0.1; Nexus 5X Build/MMB29P) AppleWebKit/537.36 (KHTML, like Gecko) Chrome/135.0.7049.95 Mobile Safari/537.36 (compatible; GoogleOther)"
66.249.74.106 - - [03/May/2025:01:22:53 -0400] "GET /?k=6572729567800&channel=1e8e50&from=news.php%3Fid%3D295678-11464%26name%3D%E3%83%A8%E3%83%83%E3%83%88%E3%83%91%E3%83%BC%E3%82%AB%E3%83%BC+%E3%83%A1%E3%83%B3%E3%82%BA+%E3%83%AF%E3%83%BC%E3%82%AF+%E3%82%A6%E3%82%A7%E3%82%A2+%E5%86%AC+%E3%82%B8%E3%83%A3%E3%82%B1%E3%83%83%E3%83%88+%E3%83%A1%E3%83%B3%E3%82%BA+%E3%83%A4%E3%83%83%E3%82%B1+%E4%B8%8A%E4%B8%8B+%E3%83%AF%E3%83%BC%E3%82%AF%E3%83%9E%E3%83%B3+1870+%E9%98%B2%E5%AF%92%E7%9D%80+8L+%E5%A4%A7%E3%81%8D%E3%81%84%E3%82%B5%E3%82%A4%E3%82%BA+%E9%98%B2%E5%88%83 HTTP/1.1" 200 51758 "-" "Mozilla/5.0 (Linux; Android 6.0.1; Nexus 5X Build/MMB29P) AppleWebKit/537.36 (KHTML, like Gecko) Chrome/135.0.7049.95 Mobile Safari/537.36 (compatible; Googlebot/2.1; +http://www.google.com/bot.html)"
66.249.74.106 - - [03/May/2025:01:22:55 -0400] "GET /?k=09720187693001&channel=690e6d&from=jp.php%3Fid%3D1876930-13499%26name%3D%E3%82%B9%E3%83%86%E3%83%B3%E3%83%AC%E3%82%B9+HNS+303+%E5%88%87%E6%9D%BF+%E6%9D%BF%E5%8E%9A+25%EF%BD%8D%EF%BD%8D+200mm%C3%97640mm HTTP/1.1" 200 52846 "-" "Mozilla/5.0 (Linux; Android 6.0.1; Nexus 5X Build/MMB29P) AppleWebKit/537.36 (KHTML, like Gecko) Chrome/135.0.7049.95 Mobile Safari/537.36 (compatible; Googlebot/2.1; +http://www.google.com/bot.html)"
66.249.74.107 - - [03/May/2025:01:22:56 -0400] "GET /?k=7980672436305&channel=9c3aef&from=brands.php%3Fid%3D724363-16230%26name%3D%E3%83%90%E3%82%A4%E3%83%A6%E3%82%A2%E3%80%80%E3%82%BB%E3%83%A9%E3%83%A0%E3%83%95%E3%82%A3%E3%83%83%E3%83%88%E3%80%80%E3%83%AB%E3%83%BC%E3%82%B9%E3%83%95%E3%82%A7%E3%82%A4%E3%82%B9%E3%83%91%E3%82%A6%E3%83%80%E3%83%BC02 HTTP/1.1" 200 50952 "-" "Mozilla/5.0 (Linux; Android 6.0.1; Nexus 5X Build/MMB29P) AppleWebKit/537.36 (KHTML, like Gecko) Chrome/135.0.7049.95 Mobile Safari/537.36 (compatible; Googlebot/2.1; +http://www.google.com/bot.html)"
66.249.74.104 - - [03/May/2025:01:22:59 -0400] "GET /?k=0970147318100&channel=adb230&from=category-info.php%3Fid%3D473181-8996%26name%3D%E3%82%B8%E3%82%A7%E3%83%AB%E3%83%8D%E3%82%A4%E3%83%AB%E3%82%BB%E3%83%83%E3%83%88%28%E2%99%A1%CB%8Av%CB%8B%E2%99%A1%29 HTTP/1.1" 200 50383 "-" "Mozilla/5.0 (Linux; Android 6.0.1; Nexus 5X Build/MMB29P) AppleWebKit/537.36 (KHTML, like Gecko) Chrome/135.0.7049.95 Mobile Safari/537.36 (compatible; Googlebot/2.1; +http://www.google.com/bot.html)"
66.249.74.105 - - [03/May/2025:01:23:00 -0400] "GET /?k=46898126380701&channel=7d1830&from=goods.php%3Fid%3D1263807-22544%26name%3DLED%E9%9B%BB%E5%AD%90%E3%82%B9%E3%82%B3%E3%82%A2%E3%83%9C%E3%83%BC%E3%83%89+%E9%9B%BB%E5%AD%90%E3%83%90%E3%82%B9%E3%82%B1%E3%83%83%E3%83%88%E3%83%9C%E3%83%BC%E3%83%AB%E3%82%B9%E3%82%B3%E3%82%A2%E3%83%9C%E3%83%BC%E3%83%89+LED+12%2F24%2F14s+%E3%82%B7%E3%83%A7%E3%83%83%E3%83%88%E3%82%AF%E3%83%AD%E3%83%83%E3%82%AF%E3%82%B9%E3%82%B3%E3%82%A2%E3%83%9C%E3%83%BC%E3%83%89+%E4%B8%AD%E5%8F%A4%E3%83%90%E3%82%B9%E3%82%B1%E3%83%83%E3%83%88%E3%83%9C HTTP/1.1" 200 51820 "-" "Mozilla/5.0 (Linux; Android 6.0.1; Nexus 5X Build/MMB29P) AppleWebKit/537.36 (KHTML, like Gecko) Chrome/135.0.7049.95 Mobile Safari/537.36 (compatible; Googlebot/2.1; +http://www.google.com/bot.html)"
66.249.74.106 - - [03/May/2025:01:23:02 -0400] "GET /?k=2523867986701&channel=e62b05&from=category-info.php%3Fid%3D679867-1985%26name%3DLED%E3%83%90%E3%82%BF%E3%83%95%E3%83%A9%E3%82%A4%E3%82%B7%E3%83%AA%E3%82%A2%E3%83%AB%E3%83%A9%E3%83%B3%E3%83%97%E3%80%813.2+m+20+LED%E9%9B%BB%E6%B1%A0%E3%81%A7%E9%9B%BB%E5%8A%9B%E3%82%92%E4%BE%9B%E7%B5%A6%E3%81%99%E3%82%8B%E3%83%90%E3%82%BF%E3%83%95%E3%83%A9%E3%82%A4LED%E4%BB%99%E5%A5%B3%E3%83%A9%E3%83%B3%E3%83%97%E3%81%AF%E3%80%81%E5%AE%B6%E5%BA%AD%E5%AF%9D%E5%AE%A4%E3%81%AE%E5%AE%A4%E5%86%85%E5%B1%8B%E5%A4%96%E3%82%AC%E3%83%BC%E3%83%87%E3%83%B3 HTTP/1.1" 200 52931 "-" "Mozilla/5.0 (Linux; Android 6.0.1; Nexus 5X Build/MMB29P) AppleWebKit/537.36 (KHTML, like Gecko) Chrome/135.0.7049.95 Mobile Safari/537.36 (compatible; Googlebot/2.1; +http://www.google.com/bot.html)"
66.249.74.105 - - [03/May/2025:01:23:02 -0400] "GET /?k=08269175697300&channel=2f0565&from=blog.php%3Fid%3D1756973-9652%26name%3D%E3%82%BB%E3%83%AA%E3%82%A2+Seria+%E9%BA%BB%E9%9B%80%E7%89%8C+%E3%82%AF%E3%83%83%E3%82%AD%E3%83%BC%E6%8A%9C%E3%81%8D%E5%9E%8B%E3%80%80%E2%91%A0 HTTP/1.1" 200 0 "-" "Mozilla/5.0 (Linux; Android 6.0.1; Nexus 5X Build/MMB29P) AppleWebKit/537.36 (KHTML, like Gecko) Chrome/135.0.7049.95 Mobile Safari/537.36 (compatible; GoogleOther)"
66.249.74.104 - - [03/May/2025:01:23:04 -0400] "GET /?k=8491469469902&channel=bd9777&from=category-info.php%3Fid%3D694699-626%26name%3D%E3%82%AA%E3%83%BC%E3%83%88%E3%83%90%E3%82%A4%E3%81%AE%E3%83%A9%E3%82%B8%E3%82%A8%E3%83%BC%E3%82%BF%E3%83%BC+%E5%BF%8D%E8%80%85%E7%94%A8+300+EX300+EX+300+%E5%BF%8D%E8%80%85%E7%94%A8+300+%E5%BF%8D%E8%80%85%E7%94%A8+300+ABS+2013-2017+20 HTTP/1.1" 200 51916 "-" "Mozilla/5.0 (Linux; Android 6.0.1; Nexus 5X Build/MMB29P) AppleWebKit/537.36 (KHTML, like Gecko) Chrome/135.0.7049.95 Mobile Safari/537.36 (compatible; Googlebot/2.1; +http://www.google.com/bot.html)"
66.249.74.105 - - [03/May/2025:01:23:05 -0400] "GET /?k=61577174392306&channel=e6001b&from=shared.php%3Fid%3D1743923-2720%26name%3DCrows+%E3%83%95%E3%83%83%E3%83%88%E3%83%AC%E3%83%B3%E3%83%81%E3%82%BB%E3%83%83%E3%83%88+%7C+%E3%83%95%E3%83%AC%E3%82%AD%E3%82%B7%E3%83%96%E3%83%AB%E3%82%AF%E3%83%AD%E3%82%A6%E3%83%95%E3%83%83%E3%83%88%E3%83%AC%E3%83%B3%E3%83%81+%7C+%E3%82%AF%E3%83%AD%E3%83%A0%E3%83%90%E3%83%8A%E3%82%B8%E3%82%A6%E3%83%A0%E3%82%B9%E3%83%81%E3%83%BC%E3%83%AB%E3%83%AC%E3%83%B3%E3%83%81+%7C+%E8%87%AA%E5%8B%95%E8%BB%8A%E4%BF%AE%E7%90%86%E3%83%84%E3%83%BC%E3%83%AB+%7C+%E3%83%A1 HTTP/1.1" 200 51713 "-" "Mozilla/5.0 (Linux; Android 6.0.1; Nexus 5X Build/MMB29P) AppleWebKit/537.36 (KHTML, like Gecko) Chrome/135.0.7049.95 Mobile Safari/537.36 (compatible; Googlebot/2.1; +http://www.google.com/bot.html)"
66.249.74.105 - - [03/May/2025:01:23:05 -0400] "GET /?k=71171128605500&channel=52f7e3&from=jp.php%3Fid%3D1286055-6734%26name%3D%E3%81%9F%E3%81%A4%E3%81%8D%E8%AB%92%E9%81%B8%E9%9B%86%E5%85%A83%E5%B7%BB%E3%82%BB%E3%83%83%E3%83%88%E5%A4%A2%E6%97%A5%E8%A8%98%E5%B8%B3%E4%BB%98%E3%81%8D%E3%80%8C%E7%A7%81%E3%81%8C%E8%A6%8B%E3%81%9F%E6%9C%AA%E6%9D%A5%E3%80%8D%E4%BD%9C%E8%80%85%E3%81%AE%E5%8E%9F%E7%82%B9 HTTP/1.1" 200 52483 "-" "Mozilla/5.0 (Linux; Android 6.0.1; Nexus 5X Build/MMB29P) AppleWebKit/537.36 (KHTML, like Gecko) Chrome/135.0.7049.95 Mobile Safari/537.36 (compatible; Googlebot/2.1; +http://www.google.com/bot.html)"
66.249.74.103 - - [03/May/2025:01:23:07 -0400] "GET /?k=616096674402&channel=d6513b&from=jp.php%3Fid%3D66744-3820%26name%3D%E3%83%93%E3%83%AB%E3%82%B1%E3%83%B3%E3%82%B7%E3%83%A5%E3%83%88%E3%83%83%E3%82%AF+%E3%82%B5%E3%83%B3%E3%83%80%E3%83%AB+%E3%83%AC%E3%83%87%E3%82%A3%E3%83%BC%E3%82%B9+%E3%83%9E%E3%83%89%E3%83%AA%E3%83%83%E3%83%89+%E3%83%93%E3%83%83%E3%82%B0%E3%83%90%E3%83%83%E3%82%AF%E3%83%AB+EVA+%E3%83%8A%E3%83%AD%E3%83%BC%E3%83%95%E3%82%A3%E3%83%83%E3%83%88%28%E5%B9%85%E7%8B%AD%29+BIRKENSTOCK+MADRID+BIG+BUCKLE HTTP/1.1" 200 51823 "-" "Mozilla/5.0 (Linux; Android 6.0.1; Nexus 5X Build/MMB29P) AppleWebKit/537.36 (KHTML, like Gecko) Chrome/135.0.7049.95 Mobile Safari/537.36 (compatible; Googlebot/2.1; +http://www.google.com/bot.html)"
66.249.74.105 - - [03/May/2025:01:23:09 -0400] "GET /?k=56971108630405&channel=6bbbd9&from=pin.php%3Fid%3D1086304-7252%26name%3D%E3%82%AD%E3%83%AA%E3%83%B3%E3%81%A8%E8%B1%A1%E3%81%AE%E6%BC%AB%E7%94%BB%E3%81%AE%E5%8B%95%E7%89%A9%E3%81%AE%E3%83%96%E3%83%A9%E3%82%A6%E3%83%B3+%E3%83%8F%E3%83%BC%E3%83%88%E5%9E%8B%E3%83%9E%E3%82%A6%E3%82%B9%E3%83%91%E3%83%83%E3%83%89%E3%82%B4%E3%83%A0%E3%83%91%E3%83%83%E3%83%89 HTTP/1.1" 200 51330 "-" "Mozilla/5.0 (Linux; Android 6.0.1; Nexus 5X Build/MMB29P) AppleWebKit/537.36 (KHTML, like Gecko) Chrome/135.0.7049.95 Mobile Safari/537.36 (compatible; Googlebot/2.1; +http://www.google.com/bot.html)"
66.249.74.103 - - [03/May/2025:01:23:11 -0400] "GET /?k=2176874661104&channel=4405ac&from=product.php%3Fid%3D746611-1352%26name%3D%E8%BB%8A%E3%81%AE%E3%83%AA%E3%82%A2%E3%83%86%E3%83%BC%E3%83%AB%E3%83%A9%E3%82%A4%E3%83%88%E3%83%A9%E3%83%B3%E3%83%97%E3%83%8F%E3%82%A6%E3%82%B8%E3%83%B3%E3%82%B0%E9%9B%BB%E7%90%83%E3%81%AA%E3%81%97%E3%83%86%E3%83%BC%E3%83%AB%E3%83%A9%E3%82%A4%E3%83%88%E3%82%B7%E3%82%A7%E3%83%AB+R56+R57+2010-2013+%E3%81%A8%E4%BA%92%E6%8F%9B%E6%80%A7%E3%81%82%E3%82%8A%28Only+Righ HTTP/1.1" 200 52818 "-" "Mozilla/5.0 (Linux; Android 6.0.1; Nexus 5X Build/MMB29P) AppleWebKit/537.36 (KHTML, like Gecko) Chrome/135.0.7049.95 Mobile Safari/537.36 (compatible; Googlebot/2.1; +http://www.google.com/bot.html)"
66.249.74.104 - - [03/May/2025:01:23:12 -0400] "GET /?k=7095834017402&channel=e2c2a3&from=shared.php%3Fid%3D340174-6010%26name%3D%E8%BB%8A%E3%81%AE%E6%B6%B2%E6%99%B6%E3%83%87%E3%82%B8%E3%82%BF%E3%83%AB%E3%83%80%E3%83%83%E3%82%B7%E3%83%A5%E3%83%9C%E3%83%BC%E3%83%89%E3%83%91%E3%83%8D%E3%83%AB+BMW+X3+X4+F25+F26+2011-2017+%E8%A8%88%E5%99%A8%E3%82%AF%E3%83%A9%E3%82%B9%E3%82%BF%E3%82%B3%E3%83%83%E3%82%AF%E3%82%B9%E3%83%94%E3%83%BC%E3%83%89%E3%83%A1%E3%83%BC%E3%82%BF%E3%83%BC%E3%83%9E%E3%83%AB HTTP/1.1" 200 53462 "-" "Mozilla/5.0 (Linux; Android 6.0.1; Nexus 5X Build/MMB29P) AppleWebKit/537.36 (KHTML, like Gecko) Chrome/135.0.7049.95 Mobile Safari/537.36 (compatible; Googlebot/2.1; +http://www.google.com/bot.html)"
52.167.144.25 - - [03/May/2025:01:23:12 -0400] "GET /?k=711785297701&channel=2a3406&from=pin.php%3Fid%3D52977-4909%26name%3DPry+Bars++%E3%83%9F%E3%83%8B%E3%83%9D%E3%82%B1%E3%83%83%E3%83%88%E3%82%AF%E3%83%A9%E3%83%B3%E3%82%AF+%E3%82%AF%E3%83%AD%E3%83%BC%E3%83%90%E3%83%BC+%E3%82%AD%E3%83%BC%E3%83%81%E3%82%A7%E3%83%BC%E3%83%B3+%E3%82%B5%E3%83%90%E3%82%A4%E3%83%90%E3%83%AB%E3%82%B9%E3%82%AF%E3%83%AC%E3%83%BC%E3%83%91%E3%83%BC+%E3%82%B9%E3%83%86%E3%83%B3%E3%83%AC%E3%82%B9%E3%82%B9%E3%83%81%E3%83%BC%E3%83%AB+%E3%83%9E%E3%82%A4%E3%82%AF%E3%83%AD%E3%83%84%E3%83%BC%E3%83%AB%E3%80%81%E3%82%B9%E3%83%86%E3%83%B3%EF%BC%88%E3%82%B9%E3%83%86%E3%83%B3%E3%83%AC%E3%82%B9%E3%83%9C%E3%83%88%E3%83%AB+%E3%82%B9%E3%83%9D%E3%83%BC%E3%83%84%E3%83%89%E3%83%AA%E3%83%B3%E3%82%AF%E5%AF%BE%E5%BF%9C+AKE-R60%E3%83%BB80+%E9%80%9A%E8%B2%A9%E3%80%90%E3%83%8B%E3%83%83%E3%82%BB%E3%83%B3%E3%80%91%EF%BC%89 HTTP/1.1" 200 41994 "-" "Mozilla/5.0 AppleWebKit/537.36 (KHTML, like Gecko; compatible; bingbot/2.0; +http://www.bing.com/bingbot.htm) Chrome/116.0.1938.76 Safari/537.36"
