40.77.167.4 - - [02/May/2025:22:42:01 -0400] "GET /?k=1377872904503&channel=baf5a3&from=brands.php%3Fid%3D729045-9747%26name%3D%E5%A4%A7%E5%9E%8B2%E3%82%AC%E3%83%AD%E3%83%B3%E3%82%A6%E3%82%A9%E3%83%BC%E3%82%BF%E3%83%BC%E3%83%87%E3%82%A3%E3%82%B9%E3%83%9A%E3%83%B3%E3%82%B5%E3%83%BC+-+%E6%B0%B7%E3%83%99%E3%83%BC%E3%82%B9%E3%81%AE%E8%8A%AF%E3%81%A8%E3%82%B8%E3%83%A5%E3%83%BC%E3%82%B9%E3%82%92%E5%86%B7%E6%B0%B4%E3%82%92%E9%A3%B2%E3%81%BF%E7%B6%9A%E3%81%91%E3%82%8B+%E9%98%B2%E6%B0%B4%E3%82%A2%E3%82%AF%E3%83%AA%E3%83%AB%E3%82%B1%E3%83%88%E3%83%AB+%E3%83%A1%E3%82%BF%E3%83%AB%E3%82%B9%E3%82%BF%E3%83%B3%E3%83%89%E3%81%A8%E8%9B%87%E5%8F%A3%E3%83%91%E3%83%BC%E3%83%86%E3%82%A3 HTTP/1.1" 200 41785 "-" "Mozilla/5.0 AppleWebKit/537.36 (KHTML, like Gecko; compatible; bingbot/2.0; +http://www.bing.com/bingbot.htm) Chrome/116.0.1938.76 Safari/537.36"
40.77.167.4 - - [02/May/2025:22:43:51 -0400] "GET /?k=711785297701&channel=2a3406&from=pin.php%3Fid%3D52977-4909%26name%3DPry+Bars++%E3%83%9F%E3%83%8B%E3%83%9D%E3%82%B1%E3%83%83%E3%83%88%E3%82%AF%E3%83%A9%E3%83%B3%E3%82%AF+%E3%82%AF%E3%83%AD%E3%83%BC%E3%83%90%E3%83%BC+%E3%82%AD%E3%83%BC%E3%83%81%E3%82%A7%E3%83%BC%E3%83%B3+%E3%82%B5%E3%83%90%E3%82%A4%E3%83%90%E3%83%AB%E3%82%B9%E3%82%AF%E3%83%AC%E3%83%BC%E3%83%91%E3%83%BC+%E3%82%B9%E3%83%86%E3%83%B3%E3%83%AC%E3%82%B9%E3%82%B9%E3%83%81%E3%83%BC%E3%83%AB+%E3%83%9E%E3%82%A4%E3%82%AF%E3%83%AD%E3%83%84%E3%83%BC%E3%83%AB%E3%80%81%E3%82%B9%E3%83%86%E3%83%B3%EF%BC%88%E3%82%B9%E3%83%86%E3%83%B3%E3%83%AC%E3%82%B9%E3%83%9C%E3%83%88%E3%83%AB+%E3%82%B9%E3%83%9D%E3%83%BC%E3%83%84%E3%83%89%E3%83%AA%E3%83%B3%E3%82%AF%E5%AF%BE%E5%BF%9C+AKE-R60%E3%83%BB80+%E9%80%9A%E8%B2%A9%E3%80%90%E3%83%8B%E3%83%83%E3%82%BB%E3%83%B3%E3%80%91%EF%BC%89 HTTP/1.1" 200 42027 "-" "Mozilla/5.0 AppleWebKit/537.36 (KHTML, like Gecko; compatible; bingbot/2.0; +http://www.bing.com/bingbot.htm) Chrome/116.0.1938.76 Safari/537.36"
40.77.167.78 - - [02/May/2025:22:44:48 -0400] "GET /?k=70268178780700&channel=d74e66&from=brands.php%3Fid%3D1787807-14349%26name%3D%E9%9B%BB%E6%B0%97%E6%8A%80%E5%B8%AB%E3%83%84%E3%83%BC%E3%83%AB%E3%83%9D%E3%83%BC%E3%83%81+%E5%B0%8F%E5%9E%8B%E3%83%84%E3%83%BC%E3%83%AB%E3%83%9D%E3%83%BC%E3%83%81+600D+%E3%83%9D%E3%83%AA%E3%82%A8%E3%82%B9%E3%83%86%E3%83%AB%E3%83%84%E3%83%BC%E3%83%AB+%E3%82%A6%E3%82%A8%E3%82%B9%E3%83%88%E3%83%90%E3%83%83%E3%82%B0+%E3%83%96%E3%83%A9%E3%83%83%E3%82%AF+%E9%9B%BB%E6%B0%97%E5%B7%A5%E4%BA%8B%E5%A3%AB+%E4%BD%9C%E6%A5%AD%E5%B7%A5%E5%85%B7%E3%82%AA%E3%83%BC%E3%82%AC%E3%83%8A%E3%82%A4%E3%82%B6%E3%83%BC HTTP/1.1" 200 41843 "-" "Mozilla/5.0 AppleWebKit/537.36 (KHTML, like Gecko; compatible; bingbot/2.0; +http://www.bing.com/bingbot.htm) Chrome/116.0.1938.76 Safari/537.36"
66.249.74.104 - - [02/May/2025:22:44:51 -0400] "GET /?k=5989273558807&channel=9aaced&from=pin.php%3Fid%3D735588-4356%26name%3D%E3%83%8F%E3%83%BC%E3%83%BB%E3%83%9B%E3%83%B3%E3%82%B7%E3%83%A3%E3%83%B3%E3%80%8E%E9%B3%B3%E5%87%B0%E4%BC%9D%EF%BD%9E%E6%B0%B8%E9%81%A0%28%E3%81%A8%E3%82%8F%29%E3%81%AE%E7%B4%84%E6%9D%9F%EF%BD%9E%E3%80%8F%E3%83%AC%E3%83%B3%E3%82%BF%E3%83%AB%E8%90%BD%E3%81%A1DVD%E2%98%85%E5%85%A8%E5%B7%BB HTTP/1.1" 200 51422 "-" "Mozilla/5.0 (Linux; Android 6.0.1; Nexus 5X Build/MMB29P) AppleWebKit/537.36 (KHTML, like Gecko) Chrome/135.0.7049.95 Mobile Safari/537.36 (compatible; Googlebot/2.1; +http://www.google.com/bot.html)"
66.249.73.200 - - [02/May/2025:22:45:13 -0400] "GET /?k=95922131601901&channel=1178dd&from=jp.php%3Fid%3D1316019-6103%26name%3Dwinemana+40%25+%E3%83%96%E3%83%A9%E3%83%83%E3%82%AF%E3%82%B7%E3%82%A7%E3%83%BC%E3%83%89%E3%82%AF%E3%83%AD%E3%82%B9%E3%80%8120+x+48%E3%83%95%E3%82%A3%E3%83%BC%E3%83%88+%E4%B8%88%E5%A4%AB%E3%81%AA%E3%83%A1%E3%83%83%E3%82%B7%E3%83%A5%E3%82%BF%E3%83%BC%E3%83%97+%E3%82%B0%E3%83%AD%E3%83%A1%E3%83%83%E3%83%88%E4%BB%98%E3%81%8D+%E8%80%90%E6%80%A7%E3%81%AE%E3%81%82%E3%82%8B%E3%82%AC%E3%83%BC%E3%83%87%E3%83%B3%E3%82%B5 HTTP/1.1" 200 0 "-" "Mozilla/5.0 (Linux; Android 6.0.1; Nexus 5X Build/MMB29P) AppleWebKit/537.36 (KHTML, like Gecko) Chrome/135.0.7049.95 Mobile Safari/537.36 (compatible; GoogleOther)"
66.249.74.105 - - [02/May/2025:22:45:30 -0400] "GET /?k=027893673204&channel=64babc&from=article.php%3Fid%3D36732-3673%26name%3D%E3%81%BB%E3%81%BC%E6%96%B0%E5%93%81+SOMABITO+%E3%82%BD%E3%83%9E%E3%83%93%E3%83%88+38%E7%81%AF+SOMA8%E7%81%AF%E3%80%80%E3%82%BD%E3%83%9E%E3%83%AD%E3%82%B4 HTTP/1.1" 200 50347 "-" "Mozilla/5.0 (Linux; Android 6.0.1; Nexus 5X Build/MMB29P) AppleWebKit/537.36 (KHTML, like Gecko) Chrome/135.0.7049.95 Mobile Safari/537.36 (compatible; Googlebot/2.1; +http://www.google.com/bot.html)"
66.249.74.104 - - [02/May/2025:22:46:06 -0400] "GET /?k=4597046691602&channel=ba3327&from=blog.php%3Fid%3D466916-13129%26name%3D%E3%82%B7%E3%83%9E%E3%83%8E%E3%80%80RC5%E3%80%80%E3%83%96%E3%83%AB%E3%83%BC HTTP/1.1" 200 0 "-" "Mozilla/5.0 (Linux; Android 6.0.1; Nexus 5X Build/MMB29P) AppleWebKit/537.36 (KHTML, like Gecko) Chrome/135.0.7049.95 Mobile Safari/537.36 (compatible; GoogleOther)"
66.249.74.103 - - [02/May/2025:22:46:45 -0400] "GET /?k=1824717272801&channel=2c5eb2&from=article.php%3Fid%3D172728-9673%26name%3DYIRENWEE+16%E3%82%A4%E3%83%B3%E3%83%81+%E3%83%9E%E3%82%B8%E3%83%83%E3%82%AF%E3%83%AF%E3%83%B3%E3%83%89+%E3%83%8F%E3%83%B3%E3%83%89%E3%83%A1%E3%82%A4%E3%83%89%E6%A8%B9%E8%84%82%E3%82%B9%E3%83%81%E3%83%BC%E3%83%AB%E3%82%B3%E3%82%A2+%E3%83%91%E3%83%95%E3%82%A9%E3%83%BC%E3%83%9E%E3%83%B3%E3%82%B9%E5%B0%8F%E9%81%93%E5%85%B7%E3%82%84%E3%82%AE%E3%83%95%E3%83%88%E3%81%AB+%28%E3%83%8F%E3%83%BC%E3%83%9E%E3%82%A4%E3%82%AA%E3%83%B3%29 HTTP/1.1" 200 52508 "-" "Mozilla/5.0 (Linux; Android 6.0.1; Nexus 5X Build/MMB29P) AppleWebKit/537.36 (KHTML, like Gecko) Chrome/135.0.7049.95 Mobile Safari/537.36 (compatible; Googlebot/2.1; +http://www.google.com/bot.html)"
66.249.74.103 - - [02/May/2025:22:46:58 -0400] "GET /?k=5127963898401&channel=e859a6&from=form.php%3Fid%3D638984-13941%26name%3D%E8%BB%8A%E3%81%AE%E3%83%A9%E3%83%83%E3%83%97%E3%83%88%E3%83%83%E3%83%97%E3%83%87%E3%82%B9%E3%82%AF%E3%80%81%E6%8A%98%E3%82%8A%E3%81%9F%E3%81%9F%E3%81%BF%E5%BC%8F%E3%83%8F%E3%83%B3%E3%83%89%E3%83%AB%E3%83%87%E3%82%B9%E3%82%AF%E3%80%81%E5%A4%9A%E7%9B%AE%E7%9A%84%E3%83%95%E3%83%BC%E3%83%89%E3%83%88%E3%83%AC%E3%82%A4%E3%80%81%E3%82%AB%E3%83%BC%E3%83%80%E3%82%A4%E3%83%8B%E3%83%B3%E3%82%B0%E3%83%86%E3%83%BC%E3%83%96%E3%83%AB%E3%80%81%E3%83%9D%E3%83%BC%E3%82%BF%E3%83%96%E3%83%AB%E3%83%AF%E3%83%BC%E3%82%AF%E3%83%88%E3%83%AC%E3%82%A4%E3%83%87%E3%82%B9%E3%82%AF%E3%80%81%E6%8A%98%E3%82%8A%E3%81%9F HTTP/1.1" 200 52514 "-" "Mozilla/5.0 (Linux; Android 6.0.1; Nexus 5X Build/MMB29P) AppleWebKit/537.36 (KHTML, like Gecko) Chrome/135.0.7049.95 Mobile Safari/537.36 (compatible; Googlebot/2.1; +http://www.google.com/bot.html)"
66.249.74.103 - - [02/May/2025:22:47:59 -0400] "GET /?k=97579175260607&channel=cb10c3&from=shared.php%3Fid%3D1752606-5398%26name%3D%E3%83%9C%E3%82%BF%E3%83%B3%E4%B8%8A%E9%83%A8%E3%81%AB4.2V18650+10000mAh%E3%80%816%E5%80%8B HTTP/1.1" 200 0 "-" "Mozilla/5.0 (Linux; Android 6.0.1; Nexus 5X Build/MMB29P) AppleWebKit/537.36 (KHTML, like Gecko) Chrome/135.0.7049.95 Mobile Safari/537.36 (compatible; GoogleOther)"
66.249.74.103 - - [02/May/2025:22:48:08 -0400] "GET /?k=030503259001&channel=80ee9b&from=goods.php%3Fid%3D32590-549%26name%3DDiy+shop%E6%A7%98%E5%B0%82%E7%94%A8 HTTP/1.1" 200 0 "-" "Mozilla/5.0 (Linux; Android 6.0.1; Nexus 5X Build/MMB29P) AppleWebKit/537.36 (KHTML, like Gecko) Chrome/135.0.7049.95 Mobile Safari/537.36 (compatible; GoogleOther)"
66.249.74.103 - - [02/May/2025:22:48:14 -0400] "GET /?k=9091143994106&channel=c13795&from=info.php%3Fid%3D439941-3518%26name%3D%E3%83%94%E3%83%8A%E3%83%AC%E3%83%ADgan HTTP/1.1" 200 0 "-" "Mozilla/5.0 (Linux; Android 6.0.1; Nexus 5X Build/MMB29P) AppleWebKit/537.36 (KHTML, like Gecko) Chrome/135.0.7049.95 Mobile Safari/537.36 (compatible; GoogleOther)"
66.249.74.103 - - [02/May/2025:22:48:42 -0400] "GET /?k=180014268401&channel=2d1c0f&from=news.php%3Fid%3D42684-4306%26name%3D%E5%A3%81%E6%8E%9B%E3%81%91%E5%BC%8F%E6%B0%B4%E5%B9%B3%E3%83%90%E3%83%BC+%E5%A4%9A%E6%A9%9F%E8%83%BD%E3%83%95%E3%82%A3%E3%83%83%E3%83%88%E3%83%8D%E3%82%B9%E6%87%B8%E5%9E%82%E3%83%90%E3%83%BC+%E5%BF%AB%E9%81%A9%E3%81%AA%E3%83%8F%E3%83%B3%E3%83%89%E3%83%AB%E4%BB%98%E3%81%8D+%E5%AE%89%E5%85%A8%E8%8D%B7%E9%87%8D300kg%E3%80%81 HTTP/1.1" 200 0 "-" "Mozilla/5.0 (Linux; Android 6.0.1; Nexus 5X Build/MMB29P) AppleWebKit/537.36 (KHTML, like Gecko) Chrome/135.0.7049.95 Mobile Safari/537.36 (compatible; GoogleOther)"
66.249.74.105 - - [02/May/2025:22:49:09 -0400] "GET /?k=719453259605&channel=80ee9b&from=blog.php%3Fid%3D32596-549%26name%3D50%E3%83%97%E3%83%AA%E3%82%A6%E3%82%B9%E3%80%80%E3%83%95%E3%82%A9%E3%82%B0%E5%8A%A0%E5%B7%A5%E3%80%80%E6%8C%81%E3%81%A1%E8%BE%BC%E3%81%BF%E4%BE%9D%E9%A0%BC%E7%94%A8 HTTP/1.1" 200 0 "-" "Mozilla/5.0 (Linux; Android 6.0.1; Nexus 5X Build/MMB29P) AppleWebKit/537.36 (KHTML, like Gecko) Chrome/135.0.7049.95 Mobile Safari/537.36 (compatible; GoogleOther)"
40.77.167.78 - - [02/May/2025:22:49:10 -0400] "GET /?k=7747849210100&channel=5acc4b&from=product.php%3Fid%3D492101-10001%26name%3D%E3%81%8F%E3%81%86%E3%81%8D%E3%82%A2%E3%82%AF%E3%83%81%E3%83%A5%E3%82%A8%E3%83%BC%E3%82%BF%E3%82%A2%E3%83%B3%E3%82%B0%E3%83%AB%E3%83%90%E3%83%AB%E3%83%96+DN25+%E3%82%B9%E3%83%86%E3%83%B3%E3%83%AC%E3%82%B9%E9%8B%BC%E3%83%95%E3%83%A9%E3%83%B3%E3%82%B8%E7%A9%BA%E6%B0%97%E5%9C%A7%E3%82%A2%E3%83%B3%E3%82%B0%E3%83%AB%E3%82%B7%E3%83%BC%E3%83%88%E3%83%90%E3%83%AB%E3%83%96%28CLOSED_DOUBLE+ACTIN HTTP/1.1" 200 41215 "-" "Mozilla/5.0 AppleWebKit/537.36 (KHTML, like Gecko; compatible; bingbot/2.0; +http://www.bing.com/bingbot.htm) Chrome/116.0.1938.76 Safari/537.36"
66.249.74.103 - - [02/May/2025:22:49:29 -0400] "GET /?k=9622737313406&channel=4485bd&from=info.php%3Fid%3D373134-10555%26name%3D%E3%82%AF%E3%83%A9%E3%83%AA%E3%83%8D%E3%83%83%E3%83%88+%E3%82%AF%E3%83%A9%E3%83%AA%E3%83%8D%E3%83%83%E3%83%88+Bb+17+%E3%82%AD%E3%83%BC%E3%83%9D%E3%83%BC%E3%82%BF%E3%83%96%E3%83%AB%E3%82%AF%E3%83%A9%E3%83%AA%E3%83%8D%E3%83%83%E3%83%88%E6%A5%BD%E5%99%A8 HTTP/1.1" 200 0 "-" "Mozilla/5.0 (Linux; Android 6.0.1; Nexus 5X Build/MMB29P) AppleWebKit/537.36 (KHTML, like Gecko) Chrome/135.0.7049.95 Mobile Safari/537.36 (compatible; GoogleOther)"
66.249.74.105 - - [02/May/2025:22:50:47 -0400] "GET /?k=669973675105&channel=64babc&from=shared.php%3Fid%3D36751-3673%26name%3D%E2%98%86%E3%83%A9%E3%83%B3%E3%82%BF%E3%83%B3++%E3%82%AD%E3%83%A3%E3%83%B3%E3%83%97+%E3%83%A9%E3%83%B3%E3%82%BF%E3%83%B3+%E3%82%B9%E3%83%BC%E3%83%A0%E3%83%AB%E3%83%BC%E3%83%A0+%E6%87%90%E4%B8%AD%E9%9B%BB%E7%81%AF%E6%A9%9F%E8%83%BD%E3%80%802%E3%81%93%E3%82%BB%E3%83%83%E3%83%88%EF%BC%88%E3%83%A9%E3%83%B3%E3%82%BF%E3%83%B3+led+%E3%82%BD%E3%83%BC%E3%83%A9%E3%83%BC+%E5%85%85%E9%9B%BB%E5%BC%8F+3%EF%BC%B7ay%E4%BB%95%E6%A7%98+%E8%B6%85%E9%AB%98%E8%BC%9D%E5%BA%A6+10%E6%99%82%E9%96%93%E9%80%A3%E7%B6%9A+2%E8%89%B2+%E3%83%A2%E3%83%90%E3%82%A4%E3%83%AB%E3%83%90%E3%83%83%E3%83%86%E3%83%AA%E3%83%BC%E6%A9%9F%E8%83%BD%E4%BB%98%E3%81%8D+%E7%81%BD%E5%AE%B3%E7%94%A8+%E6%87%90%E4%B8%AD%E9%9B%BB%E7%81%AF+%E3%82%A2%E3%82%A6%E3%83%88%E3%83%89%E3%82%A2+%E3%82%AD%E3%83%A3%E3%83%B3%E3%83%97%E3%83%A9%E3%82%A4%E3%83%88++%E6%95%AC%E8%80%81%E3%81%AE%E6%97%A5+%3A+lt-zd+%3A+KuKuYa+-+%E9%80%9A%E8%B2%A9+-+Yahoo%21%E3%82%B7%E3%83%A7%E3%83%83%E3%83%94%E3%83%B3%E3%82%B0%EF%BC%89 HTTP/1.1" 200 52042 "-" "Mozilla/5.0 (Linux; Android 6.0.1; Nexus 5X Build/MMB29P) AppleWebKit/537.36 (KHTML, like Gecko) Chrome/135.0.7049.95 Mobile Safari/537.36 (compatible; Googlebot/2.1; +http://www.google.com/bot.html)"
40.77.167.78 - - [02/May/2025:22:50:50 -0400] "GET /?k=0722940332200&channel=eb4f46&from=blog.php%3Fid%3D403322-2525%26name%3D%E3%82%A8%E3%83%B3%E3%83%93%E3%83%AD%E3%83%B3%E3%82%A2%E3%82%AF%E3%82%A2%E3%82%AA%E3%82%A4%E3%83%AB%E3%80%81%E3%82%AF%E3%83%AC%E3%82%A4%E3%83%86%E3%83%83%E3%82%AF%E3%83%9E%E3%82%B9%E3%82%AF HTTP/1.1" 200 41460 "-" "Mozilla/5.0 AppleWebKit/537.36 (KHTML, like Gecko; compatible; bingbot/2.0; +http://www.bing.com/bingbot.htm) Chrome/116.0.1938.76 Safari/537.36"
52.167.144.57 - - [02/May/2025:22:51:37 -0400] "GET /robots.txt HTTP/1.1" 200 66 "-" "Mozilla/5.0 AppleWebKit/537.36 (KHTML, like Gecko; compatible; bingbot/2.0; +http://www.bing.com/bingbot.htm) Chrome/116.0.1938.76 Safari/537.36"
52.167.144.189 - - [02/May/2025:22:51:37 -0400] "GET /?k=8241471604600&channel=6824ef&from=news.php%3Fid%3D716046-16134%26name%3D%E3%83%89%E3%83%A9%E3%82%B4%E3%83%B3%E3%83%9C%E3%83%BC%E3%83%AB%E3%83%95%E3%83%A5%E3%83%BC%E3%82%B8%E3%83%A7%E3%83%B3%E3%83%AF%E3%83%BC%E3%83%AB%E3%83%89%E3%80%80%E3%82%A2%E3%83%8B%E3%83%90%E3%83%BC%E3%82%B5%E3%83%AA%E3%83%BC%E3%83%91%E3%83%83%E3%82%AF03%E3%80%80%E3%83%95%E3%83%AA%E3%83%BC%E3%82%B6%E3%80%80%E3%83%91%E3%83%A9%E3%83%AC%E3%83%AB HTTP/1.1" 200 42195 "-" "Mozilla/5.0 AppleWebKit/537.36 (KHTML, like Gecko; compatible; bingbot/2.0; +http://www.bing.com/bingbot.htm) Chrome/116.0.1938.76 Safari/537.36"
66.249.74.103 - - [02/May/2025:22:51:50 -0400] "GET /?k=0151715861504&channel=506823&from=news.php%3Fid%3D158615-9346%26name%3DIKEA+%E3%82%AB%E3%83%95%E3%82%A7%E3%83%86%E3%83%BC%E3%83%96%E3%83%AB%E3%80%80STENSELE+%E3%82%B9%E3%83%86%E3%83%BC%E3%83%B3%E3%82%BB%E3%83%AC%E3%80%80%E3%82%AA%E3%83%BC%E3%82%AF%E6%9D%BF HTTP/1.1" 200 0 "-" "Mozilla/5.0 (Linux; Android 6.0.1; Nexus 5X Build/MMB29P) AppleWebKit/537.36 (KHTML, like Gecko) Chrome/135.0.7049.95 Mobile Safari/537.36 (compatible; GoogleOther)"
66.249.74.105 - - [02/May/2025:22:52:02 -0400] "GET /?k=993283259100&channel=80ee9b&from=goods.php%3Fid%3D32591-549%26name%3Dkenkouchan%E6%A7%98%E5%B0%82%E7%94%A8 HTTP/1.1" 200 51054 "-" "Mozilla/5.0 (Linux; Android 6.0.1; Nexus 5X Build/MMB29P) AppleWebKit/537.36 (KHTML, like Gecko) Chrome/135.0.7049.95 Mobile Safari/537.36 (compatible; Googlebot/2.1; +http://www.google.com/bot.html)"
66.249.74.105 - - [02/May/2025:22:53:44 -0400] "GET /?k=95444149654300&channel=56869f&from=form.php%3Fid%3D1496543-8467%26name%3D%E3%83%AD%E3%83%9E%E3%83%B3%E3%82%B7%E3%83%B3%E3%82%B0+%E3%82%B5%E3%83%BB%E3%82%AC3+sc%E3%82%BD%E3%83%95%E3%83%88 HTTP/1.1" 200 50756 "-" "Mozilla/5.0 (Linux; Android 6.0.1; Nexus 5X Build/MMB29P) AppleWebKit/537.36 (KHTML, like Gecko) Chrome/135.0.7049.95 Mobile Safari/537.36 (compatible; Googlebot/2.1; +http://www.google.com/bot.html)"
66.249.74.103 - - [02/May/2025:22:54:55 -0400] "GET /?k=1128921392500&channel=7b7621&from=blog.php%3Fid%3D213925-4296%26name%3DRiPi%E3%82%8C%E3%82%8B%E3%81%BE%E3%81%A4%E3%81%92+RP-04+%E3%83%89%E3%83%BC%E3%83%AA%E3%83%BC%E3%82%A2%E3%82%A4%E3%82%BA HTTP/1.1" 200 0 "-" "Mozilla/5.0 (Linux; Android 6.0.1; Nexus 5X Build/MMB29P) AppleWebKit/537.36 (KHTML, like Gecko) Chrome/135.0.7049.95 Mobile Safari/537.36 (compatible; GoogleOther)"
52.167.144.187 - - [02/May/2025:22:56:33 -0400] "GET /?k=62892171810000&channel=ce82a8&from=category-info.php%3Fid%3D1718100-11438%26name%3DOkiyakusama+%E8%87%AA%E5%8B%95%E8%BB%8A%E3%83%9C%E3%83%87%E3%82%A3%E3%81%AE%E3%81%B8%E3%81%93%E3%81%BF%E4%BF%AE%E7%90%86%E3%83%84%E3%83%BC%E3%83%AB+%E8%87%AA%E5%8B%95%E8%BB%8A%E5%A1%97%E8%A3%85%E4%B8%8D%E8%A6%81%E3%81%AE%E4%BF%AE%E7%90%86%E7%94%A8%E3%83%97%E3%83%BC%E3%83%A9%E3%83%BC+%E9%9B%B9%E3%81%AB%E3%82%88%E3%82%8B%E3%81%B8%E3%81%93%E3%81%BF%E3%81%AE%E9%99%A4%E5%8E%BB+%E8%87%AA%E5%8B%95%E8%BB%8A%E7%94%A8%E3%82%A8%E3%82%AD%E3%82%B9%E3%83%91%E3%83%B3%E3%83%80%E3%83%BC HTTP/1.1" 200 41190 "-" "Mozilla/5.0 AppleWebKit/537.36 (KHTML, like Gecko; compatible; bingbot/2.0; +http://www.bing.com/bingbot.htm) Chrome/116.0.1938.76 Safari/537.36"
66.249.74.103 - - [02/May/2025:22:56:35 -0400] "GET /?k=7736812904802&channel=02ba53&from=product.php%3Fid%3D129048-4305%26name%3D%E5%8B%9D%E5%88%A9%E5%AE%A3%E8%A8%80%E9%AC%BC%E4%B8%B8%E3%80%8C%E8%A6%87%E3%80%8D%E3%80%80%E3%83%97%E3%83%AD%E3%83%A2 HTTP/1.1" 200 52423 "-" "Mozilla/5.0 (Linux; Android 6.0.1; Nexus 5X Build/MMB29P) AppleWebKit/537.36 (KHTML, like Gecko) Chrome/135.0.7049.95 Mobile Safari/537.36 (compatible; Googlebot/2.1; +http://www.google.com/bot.html)"
52.167.144.189 - - [02/May/2025:22:56:37 -0400] "GET /?k=86276117482804&channel=74ea2e&from=form.php%3Fid%3D1174828-21639%26name%3DCSCDD+120A%E3%82%A2%E3%83%B3%E3%83%97%E6%95%B4%E6%B5%81%E5%99%A8%E3%83%95%E3%82%A3%E3%83%AB%E3%82%BF%E3%83%BC%E4%BE%9B%E7%B5%A6%E9%9B%BB%E6%BA%90%E3%83%9C%E3%83%BC%E3%83%89%E9%AB%98%E5%87%BA%E5%8A%9B%E3%82%B7%E3%83%A7%E3%83%83%E3%83%88%E3%82%AD%E3%83%BC%E6%95%B4%E6%B5%81%E5%99%A8%E3%83%95%E3%82%A3%E3%83%AB%E3%82%BF%E3%83%BC%E9%9B%BB%E6%BA%90%E3%83%9C%E3%83%BC%E3%83%8910000UF+125V HTTP/1.1" 200 41989 "-" "Mozilla/5.0 AppleWebKit/537.36 (KHTML, like Gecko; compatible; bingbot/2.0; +http://www.bing.com/bingbot.htm) Chrome/116.0.1938.76 Safari/537.36"
66.249.74.105 - - [02/May/2025:22:58:07 -0400] "GET /?k=9122162786804&channel=9a0cc8&from=article.php%3Fid%3D627868-14787%26name%3D%5B%E3%82%A2%E3%83%AA%E3%82%B5%E3%83%8A%5D+%E8%A2%B4+%E3%81%93%E3%81%A9%E3%82%82+%E5%A5%B3%E3%81%AE%E5%AD%90+%E5%92%8C%E6%9C%8D+%E4%B8%83%E4%BA%94%E4%B8%89+%E5%85%A5%E5%AD%A6+%E5%8D%92%E5%9C%92+%28%E7%9D%80%E7%89%A9%2B%E5%8D%8A%E8%A5%9F%E4%BB%98%E3%81%8D%E8%A5%A6%E8%A2%A2%2B%E8%A2%B4%2B%E5%B8%AF%E6%9E%95%E4%BB%98%E3%81%8D%E5%B8%AF%2B%E8%85%B0%E7%B4%90%E3%81%AE5%E7%82%B9%29 HTTP/1.1" 200 0 "-" "Mozilla/5.0 (Linux; Android 6.0.1; Nexus 5X Build/MMB29P) AppleWebKit/537.36 (KHTML, like Gecko) Chrome/135.0.7049.95 Mobile Safari/537.36 (compatible; GoogleOther)"
20.15.133.174 - - [02/May/2025:22:59:10 -0400] "GET /?k=81029176446404&channel=5d4a84&from=jp.php%3Fid%3D1764464-8436%26name%3D%E3%83%A1%E3%82%BF%E3%83%AB%E3%83%93%E3%83%AB%E3%83%89%E3%82%B9%E3%83%88%E3%83%A9%E3%82%A4%E3%82%AF%E3%83%8E%E3%83%AF%E3%83%BC%E3%83%AB%E3%82%AC%E3%83%B3%E3%83%80%E3%83%A0%E3%80%80%E3%83%A9%E3%82%A4%E3%83%88%E3%83%8B%E3%83%B3%E3%82%B0%E3%82%B9%E3%83%88%E3%83%A9%E3%82%A4%E3%82%AB%E3%83%BC HTTP/1.1" 200 39941 "-" "Mozilla/5.0 AppleWebKit/537.36 (KHTML, like Gecko; compatible; bingbot/2.0; +http://www.bing.com/bingbot.htm) Chrome/116.0.1938.76 Safari/537.36"
66.249.74.103 - - [02/May/2025:22:59:31 -0400] "GET /?k=97398176366001&channel=db1cbc&from=pin.php%3Fid%3D1763660-3062%26name%3D%E3%83%8F%E3%82%A4%E3%82%AD%E3%83%A5%E3%83%BC%E3%80%80%E3%82%A2%E3%83%89%E3%83%A9%E3%83%BC%E3%82%BA%E3%80%80%E5%BD%B1%E5%B1%B1%E9%A3%9B%E9%9B%84+%E3%83%A6%E3%83%8B%E3%83%95%E3%82%A9%E3%83%BC%E3%83%A0%E3%80%80M%E3%82%B5%E3%82%A4%E3%82%BA HTTP/1.1" 200 50783 "-" "Mozilla/5.0 (Linux; Android 6.0.1; Nexus 5X Build/MMB29P) AppleWebKit/537.36 (KHTML, like Gecko) Chrome/135.0.7049.95 Mobile Safari/537.36 (compatible; Googlebot/2.1; +http://www.google.com/bot.html)"
20.15.133.191 - - [02/May/2025:23:00:43 -0400] "GET /?k=12091181414402&channel=e0bf27&from=form.php%3Fid%3D1814144-1695%26name%3D%E3%83%97%E3%83%A9%E3%82%AF%E3%83%86%E3%82%A3%E3%82%B9%E3%82%B7%E3%83%A3%E3%83%84A+LTJ01+%E3%82%B4%E3%83%BC%E3%82%BB%E3%83%B3+GOSEN+%E5%8D%8A%E8%A2%96+2025%E6%98%A5%E4%BC%81%E7%94%BB+T%E3%82%B7%E3%83%A3%E3%83%84+%E3%83%88%E3%83%A0%EF%BC%86%E3%82%B8%E3%82%A7%E3%83%AA%E3%83%BC+%E3%83%88%E3%83%A0%E3%82%B8%E3%82%A7%E3%83%AA HTTP/1.1" 200 41078 "-" "Mozilla/5.0 AppleWebKit/537.36 (KHTML, like Gecko; compatible; bingbot/2.0; +http://www.bing.com/bingbot.htm) Chrome/116.0.1938.76 Safari/537.36"
66.249.74.103 - - [02/May/2025:23:01:10 -0400] "GET /?k=272098371003&channel=b43a05&from=news.php%3Fid%3D83710-6488%26name%3D%E3%83%97%E3%83%A9%E3%83%AC%E3%83%BC%E3%83%AB+%E9%80%A3%E7%B5%90E8%E7%B3%BB%E3%81%A4%E3%81%B0%E3%81%95%EF%BC%86%E3%82%A2%E3%83%BC%E3%83%81%E8%B8%8F%E5%88%87%E3%82%BB%E3%83%83%E3%83%88%28%E5%88%9D%E5%9B%9E%E7%89%B9%E5%85%B8S%E5%AD%97%E3%83%AC%E3%83%BC%E3%83%AB3%E6%9C%AC%E4%BB%98 HTTP/1.1" 200 0 "-" "Mozilla/5.0 (Linux; Android 6.0.1; Nexus 5X Build/MMB29P) AppleWebKit/537.36 (KHTML, like Gecko) Chrome/135.0.7049.95 Mobile Safari/537.36 (compatible; GoogleOther)"
66.249.74.104 - - [02/May/2025:23:01:18 -0400] "GET /?k=37168105701401&channel=54205c&from=article.php%3Fid%3D1057014-9669%26name%3D%E6%B0%B4%E9%99%B8%E4%B8%A1%E7%94%A8%E3%83%8F%E3%83%BC%E3%83%95%E3%83%91%E3%83%B3%E3%83%84%E3%80%80%E3%83%96%E3%83%AB%E3%83%BC%E3%82%AF%E3%83%AD%E3%82%B9%E3%80%80L%E3%82%B5%E3%82%A4%E3%82%BA%E3%80%80160 HTTP/1.1" 200 51533 "-" "Mozilla/5.0 (Linux; Android 6.0.1; Nexus 5X Build/MMB29P) AppleWebKit/537.36 (KHTML, like Gecko) Chrome/135.0.7049.95 Mobile Safari/537.36 (compatible; Googlebot/2.1; +http://www.google.com/bot.html)"
52.167.144.187 - - [02/May/2025:23:02:36 -0400] "GET /?k=73117144948103&channel=b05e84&from=blog.php%3Fid%3D1449481-12261%26name%3D%EF%BC%A8%EF%BD%85%EF%BD%8C%EF%BD%8C%EF%BD%85%EF%BD%92%EF%BD%99+3D%E3%82%B9%E3%83%86%E3%83%83%E3%83%97%E3%83%A1%E3%83%BC%E3%83%88%E3%83%AB%E3%82%B9%E3%83%86%E3%83%83%E3%83%97%E3%82%AB%E3%83%AD%E3%83%AA%E3%83%BC%E3%82%AB%E3%82%A6%E3%83%B3%E3%82%BF%E3%83%BC%E3%82%AC%E3%82%B8%E3%82%A7%E3%83%83%E3%83%88%E3%83%87%E3%82%A4%E3%83%AA%E3%83%BC%E3%82%B4%E3%83%BC%E3%83%AB+-+%E9%81%8B%E5%8B%95%E3%83%8F%E3%82%A4%E3%82%AD%E3%83%B3%E3%82%B0%E3%81%AE%E3%81%9F%E3%82%81%E3%81%AE%E3%82%AF%E3%83%AA%E3%83%83%E3%83%97%E4%BB%98%E3%81%8D%E3%83%95%E3%82%A3%E3%83%83 HTTP/1.1" 200 42145 "-" "Mozilla/5.0 AppleWebKit/537.36 (KHTML, like Gecko; compatible; bingbot/2.0; +http://www.bing.com/bingbot.htm) Chrome/116.0.1938.76 Safari/537.36"
52.167.144.234 - - [02/May/2025:23:03:36 -0400] "GET /?k=2202145934600&channel=7fe4f3&from=jp.php%3Fid%3D459346-12858%26name%3D%E5%9E%82%E7%9B%B4%E3%82%B8%E3%83%A3%E3%83%B3%E3%83%97%E6%B8%AC%E5%AE%9A%E3%83%86%E3%82%B9%E3%82%BF%E3%83%BC+%E3%82%B8%E3%83%A3%E3%83%B3%E3%83%97%E8%83%BD%E5%8A%9B%E3%83%88%E3%83%AC%E3%83%BC%E3%83%8B%E3%83%B3%E3%82%B0%E3%83%86%E3%82%B9%E3%82%BF%E3%83%BC+%E3%83%90%E3%83%AC%E3%83%BC%E3%83%9C%E3%83%BC%E3%83%AB%E3%82%B9%E3%83%91%E3%82%A4%E3%82%AF%E3%82%B8%E3%83%A3%E3%83%B3%E3%83%97%E3%83%88%E3%83%AC%E3%83%BC%E3%83%8A%E3%83%BC+%E3%83%90%E3%82%B9%E3%82%B1%E3%83%83%E3%83%88%E3%83%9C%E3%83%BC%E3%83%AB%E3%83%88%E3%83%AC%E3%83%BC%E3%83%8B%E3%83%B3%E3%82%B0%E8%A3%9C%E5%8A%A9 HTTP/1.1" 200 43049 "-" "Mozilla/5.0 AppleWebKit/537.36 (KHTML, like Gecko; compatible; bingbot/2.0; +http://www.bing.com/bingbot.htm) Chrome/116.0.1938.76 Safari/537.36"
40.77.167.149 - - [02/May/2025:23:04:19 -0400] "GET /?k=1223131696605&channel=162cdf&from=shared.php%3Fid%3D316966-11769%26name%3DABuff+%28%E3%82%A2%E3%83%90%E3%83%95%29+%E3%83%97%E3%83%A9%E3%82%B9%E3%83%81%E3%83%83%E3%82%AF%E5%B0%81%E7%AD%92+%E3%83%9D%E3%83%AA%E5%B0%81%E7%AD%92+%E3%82%AF%E3%83%AA%E3%82%A2%E3%83%95%E3%82%A1%E3%82%A4%E3%83%AB%E3%83%95%E3%82%A9%E3%83%AB%E3%83%80%E3%83%BC+%E6%9B%B8%E9%A1%9E%E7%94%A8+A4%E3%83%97%E3%83%A9%E3%82%B9%E3%83%81%E3%83%83%E3%82%AF%E5%B0%81%E7%AD%92+%E3%82%B9%E3%83%8A%E3%83%83%E3%83%97%E7%95%99%E3%82%81+8%E8%89%B2+%E3%83%97%E3%83%A9 HTTP/1.1" 200 39395 "-" "Mozilla/5.0 AppleWebKit/537.36 (KHTML, like Gecko; compatible; bingbot/2.0; +http://www.bing.com/bingbot.htm) Chrome/116.0.1938.76 Safari/537.36"
66.249.74.104 - - [02/May/2025:23:04:31 -0400] "GET /?k=7288922877707&channel=aeb385&from=blog.php%3Fid%3D228777-10566%26name%3D%28o23t28%E6%A7%98%29%23800++%E4%B8%83%E4%BA%94%E4%B8%89%E3%80%80%E3%83%9D%E3%83%AA%E3%82%A8%E3%82%B9%E3%83%86%E3%83%AB%E3%80%80%E7%9D%80%E7%89%A9%E3%82%BB%E3%83%83%E3%83%88%E3%80%807%E6%AD%B3 HTTP/1.1" 200 0 "-" "Mozilla/5.0 (Linux; Android 6.0.1; Nexus 5X Build/MMB29P) AppleWebKit/537.36 (KHTML, like Gecko) Chrome/135.0.7049.95 Mobile Safari/537.36 (compatible; GoogleOther)"
52.167.144.234 - - [02/May/2025:23:04:56 -0400] "GET /?k=97349101972003&channel=1c5cf1&from=pin.php%3Fid%3D1019720-860%26name%3D%E3%82%B5%E3%83%9E%E3%83%BC%E3%83%99%E3%83%83%E3%83%89%E3%82%B9%E3%82%AB%E3%83%BC%E3%83%88%E3%83%80%E3%83%96%E3%83%AB%E3%82%AB%E3%83%90%E3%83%BC%E3%82%A2%E3%82%A4%E3%82%B9%E3%82%B7%E3%83%AB%E3%82%AF%E3%83%9E%E3%83%83%E3%83%88%E3%82%AF%E3%83%BC%E3%83%AB%E3%82%B7%E3%83%BC%E3%83%88%E3%83%99%E3%83%83%E3%83%89%E3%82%AB%E3%83%90%E3%83%BC%E3%82%BB%E3%83%83%E3%83%88%E3%82%AB%E3%83%83%E3%83%97%E3%83%AB%E3%82%AD%E3%83%AB%E3%83%88%E3%83%9E%E3%83%83%E3%83%88%E3%83%AC%E3%82%B9%E4%BC%B8%E2%80%8B%E2%80%8B%E7%B8%AE%E6%80%A7%E3%83%95%E3%82%A3%E3%83%83%E3%83%88%E3%83%99%E3%83%83%E3%83%89%E3%82%B7%E3%83%BC HTTP/1.1" 200 41120 "-" "Mozilla/5.0 AppleWebKit/537.36 (KHTML, like Gecko; compatible; bingbot/2.0; +http://www.bing.com/bingbot.htm) Chrome/116.0.1938.76 Safari/537.36"
52.167.144.219 - - [02/May/2025:23:06:28 -0400] "GET /?k=82899184522803&channel=7d3dde&from=article.php%3Fid%3D1845228-14824%26name%3DFarigrut+%E9%89%84%E9%8D%8B%E5%9C%9F%E9%8D%8B+%E9%89%84%E9%8B%B3%E7%89%A9%E8%A3%BD+%E3%82%AC%E3%82%B9%E7%81%AB+IH+%E5%AF%BE%E5%BF%9C+%E9%8B%B3%E9%89%84%E9%8D%8B%E5%AE%B6%E5%BA%AD%E7%94%A8%E4%B8%A1%E8%80%B3%E5%A4%A7%E5%9E%8B%E9%89%84%E9%8D%8B%E6%98%94%E3%81%AA%E3%81%8C%E3%82%89%E3%81%AE%E4%B8%B8%E5%BA%95%E3%82%AC%E3%82%B9+%E5%A4%9A%E7%9B%AE%E7%9A%84%E9%8D%8B+%E6%9C%AC%E6%A0%BC%E7%9A%84%E3%81%AA%E9%89%84%E8%A3%BD%E3%81%AE%E3%81%8A%E9%8D%8B%E3%81%A7 HTTP/1.1" 200 41911 "-" "Mozilla/5.0 AppleWebKit/537.36 (KHTML, like Gecko; compatible; bingbot/2.0; +http://www.bing.com/bingbot.htm) Chrome/116.0.1938.76 Safari/537.36"
66.249.74.104 - - [02/May/2025:23:06:48 -0400] "GET /?k=8850952130103&channel=d53065&from=jp.php%3Fid%3D521301-12307%26name%3DASXDCP+%E6%9C%A8%E8%A3%BD%E3%81%AE%E5%AF%BF%E5%8F%B8%E3%83%97%E3%83%AC%E3%83%BC%E3%83%88%E3%83%89%E3%83%A9%E3%82%A4%E3%83%95%E3%83%AB%E3%83%BC%E3%83%84%E3%83%97%E3%83%AC%E3%83%BC%E3%83%88%E3%82%BD%E3%83%AA%E3%83%83%E3%83%89%E3%82%A6%E3%83%83%E3%83%89%E9%A3%9F%E5%99%A8%E3%83%95%E3%83%BC%E3%83%89%E3%82%B5%E3%83%BC%E3%83%93%E3%82%B9%E3%83%87%E3%82%B6%E3%83%BC%E3%83%88%E3%82%B9%E3%82%BF%E3%83%B3%E3%83%89%E5%B0%8F%E3%81%95%E3%81%AA%E3%83%95%E3%83%AB%E3%83%BC%E3%83%84%E3%83%97%E3%83%AC%E3%83%BC%E3%83%88 HTTP/1.1" 200 53238 "-" "Mozilla/5.0 (Linux; Android 6.0.1; Nexus 5X Build/MMB29P) AppleWebKit/537.36 (KHTML, like Gecko) Chrome/135.0.7049.95 Mobile Safari/537.36 (compatible; Googlebot/2.1; +http://www.google.com/bot.html)"
66.249.74.105 - - [02/May/2025:23:07:39 -0400] "GET /?k=78087118047000&channel=7b7621&from=shared.php%3Fid%3D1180470-4296%26name%3D%E3%81%A4%E3%81%91%E3%81%BE%E3%81%A4%E3%81%92 HTTP/1.1" 200 52097 "-" "Mozilla/5.0 (Linux; Android 6.0.1; Nexus 5X Build/MMB29P) AppleWebKit/537.36 (KHTML, like Gecko) Chrome/135.0.7049.95 Mobile Safari/537.36 (compatible; Googlebot/2.1; +http://www.google.com/bot.html)"
66.249.74.103 - - [02/May/2025:23:07:51 -0400] "GET /?k=8173086383201&channel=9ac6e9&from=form.php%3Fid%3D863832-18485%26name%3D%E6%9C%9F%E9%96%93%E9%99%90%E5%AE%9A%E5%89%B2%E5%BC%95CZ.10%E3%82%B3%E3%83%B3%E3%83%91%E3%82%A6%E3%83%B3%E3%83%89+%E3%83%90%E3%82%A4%E3%82%AF+%E4%BF%AE%E7%90%86+%E3%83%95%E3%83%AD%E3%83%B3%E3%83%88+%E6%96%B0%E7%99%BB%E5%A0%B4+%E8%BB%8A%E5%82%B7%E6%B6%88jo2 HTTP/1.1" 200 0 "-" "Mozilla/5.0 (Linux; Android 6.0.1; Nexus 5X Build/MMB29P) AppleWebKit/537.36 (KHTML, like Gecko) Chrome/135.0.7049.95 Mobile Safari/537.36 (compatible; GoogleOther)"
66.249.74.104 - - [02/May/2025:23:08:50 -0400] "GET /?k=220272227502&channel=9fa3aa&from=brands.php%3Fid%3D22275-931%26name%3D%E3%82%B5%E3%82%A4%E3%83%89%E3%83%9C%E3%83%BC%E3%83%89%E3%80%80%E3%83%8A%E3%83%81%E3%83%A5%E3%83%A9%E3%83%AB%E3%80%80TJ11383 HTTP/1.1" 200 0 "-" "Mozilla/5.0 (Linux; Android 6.0.1; Nexus 5X Build/MMB29P) AppleWebKit/537.36 (KHTML, like Gecko) Chrome/135.0.7049.95 Mobile Safari/537.36 (compatible; GoogleOther)"
66.249.74.103 - - [02/May/2025:23:10:30 -0400] "GET /?k=1112830436905&channel=390fdd&from=shared.php%3Fid%3D304369-9707%26name%3D%E3%83%9C%E3%83%AB%E3%83%9C940.240%E7%94%A8%E3%82%AE%E3%83%A3%E3%83%A9%E3%82%AF%E3%82%B7%E3%83%BC%E3%83%9B%E3%82%A4%E3%83%BC%E3%83%AB4%E6%9C%AC%E3%82%BB%E3%83%83%E3%83%88 HTTP/1.1" 200 0 "-" "Mozilla/5.0 (Linux; Android 6.0.1; Nexus 5X Build/MMB29P) AppleWebKit/537.36 (KHTML, like Gecko) Chrome/135.0.7049.95 Mobile Safari/537.36 (compatible; GoogleOther)"
40.77.167.36 - - [02/May/2025:23:11:37 -0400] "GET /?k=61595192064303&channel=20f2b0&from=goods.php%3Fid%3D1920643-10645%26name%3D2%E5%80%8B%E3%82%BB%E3%83%83%E3%83%88+X80+SW+%E3%83%A1%E3%82%AC%E3%83%90%E3%82%B9+X+80+%E3%83%8F%E3%83%81%E3%83%9E%E3%83%AB+PM+%E3%82%B0%E3%83%AA%E3%83%BC%E3%83%B3%E3%82%AA%E3%83%BC%E3%82%B7%E3%83%A3%E3%83%B3+2005%E5%B9%B4+PM+%E3%83%86%E3%82%AD%E3%83%BC%E3%83%A9%E3%82%B7%E3%83%A3%E3%83%83%E3%83%89+2004%E5%B9%B4 HTTP/1.1" 200 40851 "-" "Mozilla/5.0 AppleWebKit/537.36 (KHTML, like Gecko; compatible; bingbot/2.0; +http://www.bing.com/bingbot.htm) Chrome/116.0.1938.76 Safari/537.36"
40.77.167.18 - - [02/May/2025:23:11:42 -0400] "GET /?k=2852043593005&channel=20344a&from=news.php%3Fid%3D435930-9451%26name%3D4%E5%B1%A4%E9%87%91%E5%B1%9E%E6%9C%AC%E6%A3%9A+%E3%83%9E%E3%82%AC%E3%82%B8%E3%83%B3%E3%82%B9%E3%82%BF%E3%83%B3%E3%83%89+%E7%9D%80%E5%9C%B0%E5%BC%8F+%E9%9A%8E%E3%83%96%E3%83%83%E3%82%AF%E3%82%B9%E3%82%BF%E3%83%B3%E3%83%89%E3%80%81%E5%B0%8F%E3%82%B9%E3%83%9A%E3%83%BC%E3%82%B9%E3%82%B3%E3%83%BC%E3%83%8A%E3%83%BC%E6%A3%9A%E3%80%81%E6%9C%80%E6%96%B0%E5%BC%8F+%E3%81%8A%E3%81%97%E3%82%83%E3%82%8C+%E5%8F%8E%E7%B4%8D%E6%A3%9A+%E9%9A%99%E9%96%93%E5%8F%8E%E7%B4%8D+%E5%8F%8E%E7%B4%8D%E3%83%A9%E3%83%83%E3%82%AF%E3%80%81%E3%83%9B%E3%83%BC HTTP/1.1" 200 42458 "-" "Mozilla/5.0 AppleWebKit/537.36 (KHTML, like Gecko; compatible; bingbot/2.0; +http://www.bing.com/bingbot.htm) Chrome/116.0.1938.76 Safari/537.36"
66.249.74.104 - - [02/May/2025:23:12:16 -0400] "GET /?k=68710137515800&channel=ffe25a&from=shared.php%3Fid%3D1375158-23828%26name%3D%E9%9B%91%E8%B2%A8+%E5%A4%A7%E8%B0%B7%E7%BF%94%E5%B9%B3+%E3%83%AD%E3%82%B5%E3%83%B3%E3%82%BC%E3%83%AB%E3%82%B9+%E3%83%89%E3%82%B8%E3%83%A3%E3%83%BC%E3%82%B9+%E3%83%97%E3%83%AD%E9%87%8E%E7%90%83%E9%81%B8%E6%89%8B+%E5%86%99%E7%9C%9F+%E3%83%A1%E3%82%BF%E3%83%AB+%E3%83%9D%E3%82%B9%E3%82%BF%E3%83%BC+%E3%83%96%E3%83%AA%E3%82%AD+%E7%9C%8B%E6%9D%BF+%E3%82%B5%E3%83%93%E9%A2%A8%E3%81%AA%E3%81%97+-5 HTTP/1.1" 200 52789 "-" "Mozilla/5.0 (Linux; Android 6.0.1; Nexus 5X Build/MMB29P) AppleWebKit/537.36 (KHTML, like Gecko) Chrome/135.0.7049.95 Mobile Safari/537.36 (compatible; Googlebot/2.1; +http://www.google.com/bot.html)"
66.249.74.105 - - [02/May/2025:23:13:34 -0400] "GET /?k=32510166435804&channel=80568a&from=article.php%3Fid%3D1664358-25642%26name%3DFoppery+%E3%83%91%E3%82%B9%E3%83%9D%E3%83%BC%E3%83%88%E3%82%B1%E3%83%BC%E3%82%B9+%E9%A6%96%E4%B8%8B%E3%81%92+%E3%82%B9%E3%82%AD%E3%83%9F%E3%83%B3%E3%82%B0%E9%98%B2%E6%AD%A2+%E8%B6%85%E8%BB%BD%E9%87%8F+%E3%83%8D%E3%83%83%E3%82%AF%E3%83%9D%E3%83%BC%E3%83%81+%E9%9B%BB%E7%A3%81%E6%B3%A2%E9%81%AE%E6%96%AD+%E9%98%B2%E7%8A%AF%E5%AF%BE%E7%AD%96+%E3%83%91%E3%82%B9%E3%83%9D%E3%83%BC%E3%83%88%E5%85%A5%E3%82%8C+%E3%82%BB%E3%82%AD%E3%83%A5%E3%83%AA%E3%83%86%E3%82%A3%E3%83%9D HTTP/1.1" 200 0 "-" "Mozilla/5.0 (Linux; Android 6.0.1; Nexus 5X Build/MMB29P) AppleWebKit/537.36 (KHTML, like Gecko) Chrome/135.0.7049.95 Mobile Safari/537.36 (compatible; GoogleOther)"
40.77.167.18 - - [02/May/2025:23:15:10 -0400] "GET /?k=0711428192306&channel=5249ba&from=article.php%3Fid%3D281923-10776%26name%3D%E3%82%A2%E3%83%83%E3%83%97%E3%82%B0%E3%83%AC%E3%83%BC%E3%83%89%E3%81%95%E3%82%8C%E3%81%9F%E5%8C%BB%E7%99%82%E7%94%A8%E3%83%97%E3%83%A9%E3%82%A4%E3%83%90%E3%82%B7%E3%83%BC%E3%82%B9%E3%82%AF%E3%83%AA%E3%83%BC%E3%83%B3%E3%80%814%E3%83%91%E3%83%8D%E3%83%AB%E6%8A%98%E3%82%8A%E3%81%9F%E3%81%9F%E3%81%BF%E5%BC%8F%E3%83%AB%E3%83%BC%E3%83%A0%E3%83%87%E3%82%A3%E3%83%90%E3%82%A4%E3%83%80%E3%83%BC%E3%80%81%E5%A4%A7%E5%9E%8B%E6%95%99%E5%AE%A4%2F%E7%97%85%E9%99%A2%2F%E5%AD%90%E4%BE%9B%E9%83%A8%E5%B1%8B%E7%94%A8%E3%82%B9%E3%83%81%E3%83%BC%E3%83%AB%E3%83%95%E3%83%AC%E3%83%BC%E3%83%A0 HTTP/1.1" 200 41891 "-" "Mozilla/5.0 AppleWebKit/537.36 (KHTML, like Gecko; compatible; bingbot/2.0; +http://www.bing.com/bingbot.htm) Chrome/116.0.1938.76 Safari/537.36"
66.249.74.103 - - [02/May/2025:23:15:38 -0400] "GET /?k=915871823102&channel=1a207d&from=category-info.php%3Fid%3D18231-1429%26name%3D%3Cbr%3EMIUMIU+%E3%83%9F%E3%83%A5%E3%82%A6%E3%83%9F%E3%83%A5%E3%82%A6%2F%E3%83%98%E3%82%A2%E3%83%90%E3%83%AC%E3%83%83%E3%82%BF%EF%BC%88%E5%B0%8F%EF%BC%89%2F%E3%82%B9%E3%83%88%E3%83%AD%E3%83%BC%2FA%E3%83%A9%E3%83%B3%E3%82%AF%2F75%E3%80%90%E4%B8%AD%E5%8F%A4%E3%80%91 HTTP/1.1" 200 52246 "-" "Mozilla/5.0 (Linux; Android 6.0.1; Nexus 5X Build/MMB29P) AppleWebKit/537.36 (KHTML, like Gecko) Chrome/135.0.7049.95 Mobile Safari/537.36 (compatible; Googlebot/2.1; +http://www.google.com/bot.html)"
66.249.74.103 - - [02/May/2025:23:16:13 -0400] "GET /?k=18919125913003&channel=571a1e&from=shared.php%3Fid%3D1259130-22509%26name%3D%E3%80%90%E3%82%B3%E3%83%A9%E3%83%9C%E5%95%86%E5%93%81%E3%80%91V3%E3%82%A8%E3%82%AD%E3%82%B5%E3%82%A4%E3%83%86%E3%82%A3%E3%83%B3%E3%82%B0%E3%83%95%E3%82%A1%E3%83%B3%E3%83%87%E3%83%BC%E3%82%B7%E3%83%A7%E3%83%B3%E3%82%AD%E3%82%AD+%26+%E3%83%A9%E3%83%A9%E3%80%90%E6%95%B0%E9%87%8F%E9%99%90%E5%AE%9A%E3%80%91 HTTP/1.1" 200 0 "-" "Mozilla/5.0 (Linux; Android 6.0.1; Nexus 5X Build/MMB29P) AppleWebKit/537.36 (KHTML, like Gecko) Chrome/135.0.7049.95 Mobile Safari/537.36 (compatible; GoogleOther)"
66.249.74.103 - - [02/May/2025:23:16:42 -0400] "GET /?k=8879087319900&channel=a3d920&from=shop.php%3Fid%3D873199-4286%26name%3D%E3%82%AA%E3%83%AD%E3%83%93%E3%82%A2%E3%83%B3%E3%82%B3+%E3%82%B9%E3%83%88%E3%83%A9%E3%83%83%E3%83%97 HTTP/1.1" 200 0 "-" "Mozilla/5.0 (Linux; Android 6.0.1; Nexus 5X Build/MMB29P) AppleWebKit/537.36 (KHTML, like Gecko) Chrome/135.0.7049.95 Mobile Safari/537.36 (compatible; GoogleOther)"
66.249.74.103 - - [02/May/2025:23:17:28 -0400] "GET /?k=50378190750515&channel=c1cb7a&from=jp.php%3Fid%3D1907505-600%26name%3D%E5%B8%8C%E5%B0%91%E2%98%85+SALOMON+%E3%82%B5%E3%83%AD%E3%83%A2%E3%83%B3+%E3%82%B4%E3%82%A2%E3%83%86%E3%83%83%E3%82%AF%E3%82%B9+%E3%83%AC%E3%82%A4%E3%83%B3%E3%82%B8%E3%83%A3%E3%82%B1%E3%83%83%E3%83%88+%E3%83%AC%E3%82%A4%E3%83%B3%E3%82%B3%E3%83%BC%E3%83%88 HTTP/1.1" 200 51126 "-" "Mozilla/5.0 (Linux; Android 6.0.1; Nexus 5X Build/MMB29P) AppleWebKit/537.36 (KHTML, like Gecko) Chrome/135.0.7049.95 Mobile Safari/537.36 (compatible; Googlebot/2.1; +http://www.google.com/bot.html)"
66.249.74.103 - - [02/May/2025:23:17:41 -0400] "GET /?k=7582797813802&channel=855a44&from=category-info.php%3Fid%3D978138-1974%26name%3D%E6%9C%80%E7%B5%82%E5%80%A4%E4%B8%8B%E3%81%92%E3%80%80%E3%83%A9%E3%82%B0%E3%82%A2%E3%82%B8%E3%82%A7%E3%83%A0%E3%80%80%E3%82%B8%E3%83%A3%E3%82%B1%E3%83%83%E3%83%88 HTTP/1.1" 200 0 "-" "Mozilla/5.0 (Linux; Android 6.0.1; Nexus 5X Build/MMB29P) AppleWebKit/537.36 (KHTML, like Gecko) Chrome/135.0.7049.95 Mobile Safari/537.36 (compatible; GoogleOther)"
66.249.74.103 - - [02/May/2025:23:17:54 -0400] "GET /?k=69033147254104&channel=6ae25d&from=form.php%3Fid%3D1472541-3676%26name%3D%E3%82%B9%E3%82%B1%E3%83%BC%E3%83%88%E3%83%9C%E3%83%BC%E3%83%898.5%E3%82%A4%E3%83%B3%E3%83%81%28%E3%83%9C%E3%83%BC%E3%83%89%E3%82%B1%E3%83%BC%E3%82%B9%E4%BB%98%E3%81%8D%29 HTTP/1.1" 200 0 "-" "Mozilla/5.0 (Linux; Android 6.0.1; Nexus 5X Build/MMB29P) AppleWebKit/537.36 (KHTML, like Gecko) Chrome/135.0.7049.95 Mobile Safari/537.36 (compatible; GoogleOther)"
40.77.167.36 - - [02/May/2025:23:18:59 -0400] "GET /?k=0715958995000&channel=57a0dc&from=blog.php%3Fid%3D589950-5688%26name%3D%E3%83%90%E3%82%A4%E3%82%AF%E7%94%A8%E3%83%89%E3%83%A9%E3%82%A4%E3%83%96%E3%83%99%E3%83%AB%E3%83%88+6EPH+1228%E3%81%AE%E6%B4%97%E6%BF%AF%E6%A9%9F%E3%83%99%E3%83%AB%E3%83%88%E3%81%AE%E3%82%B3%E3%83%B3%E3%83%99%E3%83%A4%E3%83%BC+%E3%83%99%E3%83%AB%E3%83%88%E3%81%AE%E3%81%9F%E3%82%81%E3%81%AE%E3%83%89%E3%83%A9%E3%83%A0%E6%B4%97%E6%BF%AF%E6%A9%9F%E3%81%AE%E4%BB%98%E5%B1%9E%E5%93%81+%E3%83%90%E3%82%A4%E3%82%AF%E7%94%A8+V%E3%83%99%E3%83%AB%E3%83%88 HTTP/1.1" 200 42662 "-" "Mozilla/5.0 AppleWebKit/537.36 (KHTML, like Gecko; compatible; bingbot/2.0; +http://www.bing.com/bingbot.htm) Chrome/116.0.1938.76 Safari/537.36"
66.249.74.105 - - [02/May/2025:23:19:13 -0400] "GET /?k=298683345600&channel=134796&from=category-info.php%3Fid%3D33456-2938%26name%3DRT-150MNCJ-ML+%E3%83%9B%E3%82%B7%E3%82%B6%E3%82%AD+%E3%83%86%E3%83%BC%E3%83%96%E3%83%AB%E5%BD%A2%E5%86%B7%E8%94%B5%E5%BA%AB+%E3%82%B3%E3%83%BC%E3%83%AB%E3%83%89%E3%83%86%E3%83%BC%E3%83%96%E3%83%AB+%E5%86%85%E8%A3%85%E3%82%AB%E3%83%A9%E3%83%BC%E9%8B%BC%E6%9D%BF++%E6%A5%AD%E5%8B%99%E7%94%A8%E5%86%B7%E8%94%B5%E5%BA%AB+%E5%88%A5%E6%96%99%E9%87%91%E3%81%AB%E3%81%A6+%E8%A8%AD%E7%BD%AE+%E5%85%A5%E6%9B%BF+%E5%9B%9E%E5%8F%8E+%E5%87%A6%E5%88%86+%E5%BB%83%E6%A3%84+%E3%82%AF%E3%83%AA%E3%83%BC%E3%83%96%E3%83%A9%E3%83%B3%E3%83%89 HTTP/1.1" 200 0 "-" "Mozilla/5.0 (Linux; Android 6.0.1; Nexus 5X Build/MMB29P) AppleWebKit/537.36 (KHTML, like Gecko) Chrome/135.0.7049.95 Mobile Safari/537.36 (compatible; GoogleOther)"
66.249.74.103 - - [02/May/2025:23:19:30 -0400] "GET /?k=2788471898402&channel=fde012&from=brands.php%3Fid%3D718984-9225%26name%3D4%E2%84%83+%5B%E3%83%A8%E3%83%B3%E3%83%89%E3%82%B7%E3%83%BC%5D+%E5%85%AC%E5%BC%8F+%E3%80%906%E6%9C%88%E8%AA%95%E7%94%9F%E7%9F%B3%E3%80%91+%E3%81%97%E3%81%9A%E3%81%8F+%E3%83%A0%E3%83%BC%E3%83%B3%E3%82%B9%E3%83%88%E3%83%BC%E3%83%B3+%E3%82%B7%E3%83%AB%E3%83%90%E3%83%BC+%E3%83%8D%E3%83%83%E3%82%AF%E3%83%AC%E3%82%B9+111824121817+%E8%AA%95%E7%94%9F%E6%97%A5+%E8%A8%98%E5%BF%B5%E6%97%A5 HTTP/1.1" 200 53501 "-" "Mozilla/5.0 (Linux; Android 6.0.1; Nexus 5X Build/MMB29P) AppleWebKit/537.36 (KHTML, like Gecko) Chrome/135.0.7049.95 Mobile Safari/537.36 (compatible; Googlebot/2.1; +http://www.google.com/bot.html)"
66.249.74.103 - - [02/May/2025:23:19:41 -0400] "GET /?k=929923259900&channel=80ee9b&from=brands.php%3Fid%3D32599-549%26name%3D%E3%82%B8%E3%83%A7%E3%83%B3%E2%80%A2%E3%82%B3%E3%83%8A%E3%83%BC%E3%81%95%E3%82%93%E5%B0%82%E7%94%A8 HTTP/1.1" 200 0 "-" "Mozilla/5.0 (Linux; Android 6.0.1; Nexus 5X Build/MMB29P) AppleWebKit/537.36 (KHTML, like Gecko) Chrome/135.0.7049.95 Mobile Safari/537.36 (compatible; GoogleOther)"
66.249.74.103 - - [02/May/2025:23:19:46 -0400] "GET /?k=98671128639802&channel=b58d8d&from=article.php%3Fid%3D1286398-12519%26name%3D%E3%82%B8%E3%83%A3%E3%83%B3%E3%83%9C%E3%83%97%E3%83%A9%E3%82%B9AP+GM-AP60J+%E3%80%80%E9%9B%A3%E8%81%B4%E7%94%A8%E9%9B%BB%E8%A9%B1%E6%A9%9F HTTP/1.1" 200 0 "-" "Mozilla/5.0 (Linux; Android 6.0.1; Nexus 5X Build/MMB29P) AppleWebKit/537.36 (KHTML, like Gecko) Chrome/135.0.7049.95 Mobile Safari/537.36 (compatible; GoogleOther)"
52.167.144.220 - - [02/May/2025:23:20:09 -0400] "GET /?k=6720910753101&channel=2ac5e8&from=form.php%3Fid%3D107531-7675%26name%3Dmohngie+12+V%E8%87%AA%E5%8B%95%E8%BB%8A%E3%82%A8%E3%82%A2%E3%82%B3%E3%83%B3%E9%9B%BB%E5%8B%95%E5%9C%A7%E7%B8%AE%E6%A9%9F%E5%9B%9B%E5%AD%94%E8%92%B8%E7%99%BA%E5%99%A8%E3%82%BB%E3%83%83%E3%83%88%E3%80%81%E3%81%8A%E3%81%98%E3%81%84%E3%81%95%E3%82%93%E3%81%AE%E8%BB%8A%E3%80%81%E3%83%88%E3%83%A9%E3%83%83%E3%82%AF%E3%80%81%E4%BD%8F%E5%AE%85%E8%BB%8A%E3%80%81%E8%BE%B2%E6%A5%AD%E7%94%A8%E8%BB%8A%E3%80%81%E6%8E%98%E5%89%8A%E6%A9%9F%E3%80%81%E8%87%AA%E5%8B%95%E8%BB%8A%E3%82%A8%E3%82%A2%E3%82%B3%E3%83%B3 HTTP/1.1" 200 39801 "-" "Mozilla/5.0 AppleWebKit/537.36 (KHTML, like Gecko; compatible; bingbot/2.0; +http://www.bing.com/bingbot.htm) Chrome/116.0.1938.76 Safari/537.36"
66.249.74.105 - - [02/May/2025:23:20:25 -0400] "GET /?k=56117127909700&channel=e381bd&from=info.php%3Fid%3D1279097-22692%26name%3D%E7%B4%AB%E4%BA%AC%E9%99%A2%E3%81%B2%E3%81%B3%E3%81%8D+%E3%83%96%E3%83%AA%E3%82%AD%E7%BC%B6+%E3%83%97%E3%83%AA%E3%83%91%E3%83%A9 HTTP/1.1" 200 0 "-" "Mozilla/5.0 (Linux; Android 6.0.1; Nexus 5X Build/MMB29P) AppleWebKit/537.36 (KHTML, like Gecko) Chrome/135.0.7049.95 Mobile Safari/537.36 (compatible; GoogleOther)"
66.249.74.103 - - [02/May/2025:23:21:06 -0400] "GET /?k=4797650801100&channel=c38d4f&from=blog.php%3Fid%3D508011-13476%26name%3D%E3%82%B5%E3%83%B3%E3%83%91%E3%83%B3+SD%E5%A2%A8%E7%B5%B5+%E3%82%B9%E3%83%AA%E3%83%BC%E3%83%96+%E3%83%97%E3%83%AC%E3%82%A4%E3%83%9E%E3%83%83%E3%83%88+%E3%82%AB%E3%82%BF%E3%82%AF%E3%83%AA HTTP/1.1" 200 0 "-" "Mozilla/5.0 (Linux; Android 6.0.1; Nexus 5X Build/MMB29P) AppleWebKit/537.36 (KHTML, like Gecko) Chrome/135.0.7049.95 Mobile Safari/537.36 (compatible; GoogleOther)"
52.167.144.220 - - [02/May/2025:23:21:19 -0400] "GET /?k=83143184505607&channel=9d117f&from=product.php%3Fid%3D1845056-2173%26name%3D%E3%82%A4%E3%83%A4%E3%83%9B%E3%83%B3%E3%81%AF%E8%80%B3%E3%83%98%E3%83%83%E3%83%89%E3%83%95%E3%82%A9%E3%83%B3%E3%81%A7%E6%9C%89%E7%B7%9A%2C%E3%83%9E%E3%82%A4%E3%82%AF%E3%81%A7%E3%83%98%E3%83%83%E3%83%89%E3%83%95%E3%82%A9%E3%83%B3%E3%82%92%E3%83%97%E3%83%A9%E3%82%B0%E3%82%A4%E3%83%B3%E3%81%97%E3%81%BE%E3%81%99+%7C+3.5mm%E9%AB%98%E5%BF%A0%E5%AE%9F%E5%BA%A6%E3%81%AE%E9%AB%98%E3%81%84%E3%82%A4%E3%83%A4%E3%83%9B%E3%83%B3%E3%82%B2%E3%83%BC%E3%83%A0%E9%A3%9B%E8%A1%8C%E6%A9%9F%E3%81%AE%E3%82%B9%E3%82%BF%E3%82%B8%E3%82%AA%E3%83%AC HTTP/1.1" 200 41695 "-" "Mozilla/5.0 AppleWebKit/537.36 (KHTML, like Gecko; compatible; bingbot/2.0; +http://www.bing.com/bingbot.htm) Chrome/116.0.1938.76 Safari/537.36"
66.249.74.103 - - [02/May/2025:23:21:20 -0400] "GET /?k=9068037996109&channel=15060e&from=news.php%3Fid%3D379961-9299%26name%3DNikon+%E3%83%8B%E3%82%B3%E3%83%B3+FM10+%26+Zoom-NIKKOR+35-70mm HTTP/1.1" 200 50344 "-" "Mozilla/5.0 (Linux; Android 6.0.1; Nexus 5X Build/MMB29P) AppleWebKit/537.36 (KHTML, like Gecko) Chrome/135.0.7049.95 Mobile Safari/537.36 (compatible; Googlebot/2.1; +http://www.google.com/bot.html)"
40.77.167.41 - - [02/May/2025:23:22:26 -0400] "GET /?k=7667075346600&channel=4bea92&from=product.php%3Fid%3D753466-15608%26name%3D%E4%B8%AD%E5%8F%A4%E2%96%A0%E7%BF%BB%E5%BC%84%E3%81%99%E3%82%8B%E3%82%A8%E3%83%AB%E3%83%95%E3%81%AE%E5%89%A3%E5%A3%ABw02%E5%8A%B9%E6%9E%9C%E3%83%A2%E3%83%B3%E3%82%B9%E3%82%BF%E3%83%BC%E3%82%AB%E3%83%BC%E3%83%89KONAMI%E9%81%8A%E6%88%AF%E7%8E%8B%E3%82%AB%E3%83%BC%E3%83%89%E5%BC%95%E9%80%80%E5%87%A6%E5%88%86%E3%83%88%E3%83%AC%E3%83%BC%E3%83%87%E3%82%A3%E3%83%B3%E3%82%B0%E3%82%AB%E3%83%BC%E3%83%89%E3%82%B2%E3%83%BC%E3%83%A0%E8%8C%B6%E8%89%B2%E5%8D%98%E5%93%81%E2%96%A0i%E8%89%AF%E5%93%81%E7%94%9F%E6%B4%BB%E3%81%8A%E3%81%B2%E3%81%95%E3%81%BE%E5%A0%82 HTTP/1.1" 200 43496 "-" "Mozilla/5.0 AppleWebKit/537.36 (KHTML, like Gecko; compatible; bingbot/2.0; +http://www.bing.com/bingbot.htm) Chrome/116.0.1938.76 Safari/537.36"
66.249.74.105 - - [02/May/2025:23:22:28 -0400] "GET /?k=08674122867203&channel=f6705f&from=news.php%3Fid%3D1228672-14533%26name%3DHolibanna+%E3%83%95%E3%82%A7%E3%82%A2%E3%83%AA%E3%83%BC%E3%82%B9%E3%82%BF%E3%83%BC%E3%82%BB%E3%83%83%E3%83%88+6%E5%80%8B+%E5%AD%90%E4%BE%9B%E7%94%A8%E3%83%89%E3%83%AC%E3%82%B9%E3%82%A2%E3%83%83%E3%83%97%E3%82%A2%E3%82%AF%E3%82%BB%E3%82%B5%E3%83%AA%E3%83%BC+%E8%AA%95%E7%94%9F%E6%97%A5%E3%83%91%E3%83%BC%E3%83%86%E3%82%A3%E3%83%BC%E7%94%A8%E5%93%81+%E3%83%97%E3%83%AA%E3%83%B3%E3%82%BB%E3%82%B9%E3%83%89%E3%83%AC%E3%82%B9%E3%82%A2%E3%83%83%E3%83%97%E5%B0%8F%E9%81%93%E5%85%B7 HTTP/1.1" 200 51471 "-" "Mozilla/5.0 (Linux; Android 6.0.1; Nexus 5X Build/MMB29P) AppleWebKit/537.36 (KHTML, like Gecko) Chrome/135.0.7049.95 Mobile Safari/537.36 (compatible; Googlebot/2.1; +http://www.google.com/bot.html)"
66.249.74.104 - - [02/May/2025:23:22:55 -0400] "GET /?k=15922128773200&channel=17a62f&from=jp.php%3Fid%3D1287732-22164%26name%3D%E6%A1%9C%E5%AE%88%E6%AD%8C%E7%B9%94-%E3%82%A8%E3%82%B9%E3%82%BB%E3%83%86%E3%82%A3%E3%83%83%E3%82%AF%E3%83%BB%E3%82%BB%E3%83%AC%E3%83%8B%E3%83%86%E3%82%A3-+Limited+Edition HTTP/1.1" 200 0 "-" "Mozilla/5.0 (Linux; Android 6.0.1; Nexus 5X Build/MMB29P) AppleWebKit/537.36 (KHTML, like Gecko) Chrome/135.0.7049.95 Mobile Safari/537.36 (compatible; GoogleOther)"
66.249.74.105 - - [02/May/2025:23:23:21 -0400] "GET /?k=97773129750003&channel=4d01bb&from=product.php%3Fid%3D1297500-20037%26name%3D%E3%80%90URBAN+RESEARCH+%E3%80%91%E3%82%A4%E3%83%B3%E3%83%8A%E3%83%BC%E3%83%AF%E3%83%B3%E3%83%94%E3%83%BC%E3%82%B9%E3%80%80%E9%80%8F%E3%81%91%E9%98%B2%E6%AD%A2%E3%80%80L%E3%82%B5%E3%82%A4%E3%82%BA HTTP/1.1" 200 52099 "-" "Mozilla/5.0 (Linux; Android 6.0.1; Nexus 5X Build/MMB29P) AppleWebKit/537.36 (KHTML, like Gecko) Chrome/135.0.7049.95 Mobile Safari/537.36 (compatible; Googlebot/2.1; +http://www.google.com/bot.html)"
66.249.74.105 - - [02/May/2025:23:24:29 -0400] "GET /?k=15750188265004&channel=ebcfc9&from=category-info.php%3Fid%3D1882650-8867%26name%3D%E3%83%9C%E3%83%BC%E3%83%AB%E3%82%BF%E3%82%A4%E3%83%97%E3%82%A2%E3%82%AC%E3%83%99+%E3%83%81%E3%82%BF%E3%83%8E%E3%82%BF+%E3%83%96%E3%83%A9%E3%83%83%E3%82%AF%E3%82%A2%E3%83%B3%E3%83%89%E3%83%96%E3%83%AB%E3%83%BC+%E4%B8%AD%E6%A0%AA HTTP/1.1" 200 0 "-" "Mozilla/5.0 (Linux; Android 6.0.1; Nexus 5X Build/MMB29P) AppleWebKit/537.36 (KHTML, like Gecko) Chrome/135.0.7049.95 Mobile Safari/537.36 (compatible; GoogleOther)"
66.249.74.103 - - [02/May/2025:23:24:48 -0400] "GET /?k=01089104331102&channel=54c585&from=article.php%3Fid%3D1043311-10460%26name%3D%E6%BF%80%E5%AE%89%E3%81%8A%E8%B2%B7%E3%81%84%E5%BE%97%E2%98%86800g%EF%BC%9C%E6%B5%84%E5%8C%96%E2%98%86%E9%82%AA%E6%B0%97%E7%A5%93%E3%81%84%E2%98%86%E3%82%AB%E3%83%AA%E3%83%95%E3%82%A9%E3%83%AB%E3%83%8B%E3%82%A2%E7%94%A3%E3%83%9B%E3%83%AF%E3%82%A4%E3%83%88%E3%82%BB%E3%83%BC%E3%82%B8%E6%9E%9D%E4%BB%98%E3%81%8D%EF%BC%9E HTTP/1.1" 200 50847 "-" "Mozilla/5.0 (Linux; Android 6.0.1; Nexus 5X Build/MMB29P) AppleWebKit/537.36 (KHTML, like Gecko) Chrome/135.0.7049.95 Mobile Safari/537.36 (compatible; Googlebot/2.1; +http://www.google.com/bot.html)"
66.249.74.104 - - [02/May/2025:23:25:07 -0400] "GET /?k=7472050876901&channel=3234ab&from=shop.php%3Fid%3D508769-29%26name%3D45R++cotton%E3%82%BB%E3%83%BC%E3%82%BF%E3%83%BC HTTP/1.1" 200 0 "-" "Mozilla/5.0 (Linux; Android 6.0.1; Nexus 5X Build/MMB29P) AppleWebKit/537.36 (KHTML, like Gecko) Chrome/135.0.7049.95 Mobile Safari/537.36 (compatible; GoogleOther)"
66.249.74.104 - - [02/May/2025:23:25:43 -0400] "GET /?k=76425158168703&channel=04eefe&from=news.php%3Fid%3D1581687-5945%26name%3D%E3%82%B9%E3%83%BC%E3%83%91%E3%83%BC+%E3%83%A9%E3%83%B3%E3%83%89%E3%83%AA%E3%83%BC%E3%83%90%E3%82%B9%E3%82%B1%E3%83%83%E3%83%88+%E6%8A%98%E3%82%8A%E3%81%9F%E3%81%9F%E3%81%BF+%E6%B4%97%E6%BF%AF%E3%81%8B%E3%81%94+%E6%B4%97%E6%BF%AF%E3%82%AB%E3%82%B4+%E6%B4%97%E6%BF%AF%E7%89%A9%E5%85%A5%E3%82%8C+%E5%A4%A7%E5%AE%B9%E9%87%8F+%E5%A3%81%E6%8E%9B%E3%81%91+%E3%82%B9%E3%83%AA%E3%83%A0+%E3%82%B3%E3%83%B3%E3%83%91%E3%82%AF%E3%83%88+%E3%81%8A%E3%81%97%E3%82%83%E3%82%8C+%E6%8C%81%E3%81%A1%E6%89%8B+%E7%9C%81%E3%82%B9 HTTP/1.1" 200 0 "-" "Mozilla/5.0 (Linux; Android 6.0.1; Nexus 5X Build/MMB29P) AppleWebKit/537.36 (KHTML, like Gecko) Chrome/135.0.7049.95 Mobile Safari/537.36 (compatible; GoogleOther)"
66.249.74.103 - - [02/May/2025:23:25:48 -0400] "GET /?k=26881164920104&channel=b21bab&from=product.php%3Fid%3D1649201-10443%26name%3D%E3%83%9E%E3%83%AD%E3%83%AA%E3%83%BC+%E3%83%90%E3%83%8B%E3%83%A9%E3%81%AE%EF%BC%A4%E3%82%AB%E3%83%B3%E4%BB%98%E3%81%8D%E3%83%90%E3%83%83%E3%82%B0M%E5%80%A4%E4%B8%8B%E3%81%92 HTTP/1.1" 200 51269 "-" "Mozilla/5.0 (Linux; Android 6.0.1; Nexus 5X Build/MMB29P) AppleWebKit/537.36 (KHTML, like Gecko) Chrome/135.0.7049.95 Mobile Safari/537.36 (compatible; Googlebot/2.1; +http://www.google.com/bot.html)"
66.249.74.103 - - [02/May/2025:23:25:49 -0400] "GET /?k=9728276104500&channel=87fe60&from=product.php%3Fid%3D761045-6305%26name%3DBMW+130i+%E7%B4%94%E6%AD%A3%E3%83%AA%E3%82%A2%E3%83%9B%E3%82%A4%E3%83%BC%E3%83%AB7.5Jx17+ET47%EF%BC%86%E3%82%BF%E3%82%A4%E3%83%A4+%EF%BC%88%EF%BC%92%EF%BC%8F%EF%BC%92%EF%BC%89 HTTP/1.1" 200 0 "-" "Mozilla/5.0 (Linux; Android 6.0.1; Nexus 5X Build/MMB29P) AppleWebKit/537.36 (KHTML, like Gecko) Chrome/135.0.7049.95 Mobile Safari/537.36 (compatible; GoogleOther)"
66.249.74.103 - - [02/May/2025:23:25:52 -0400] "GET /?k=34076151728101&channel=a6c3da&from=goods.php%3Fid%3D1517281-3856%26name%3D%E8%BB%8A%E3%81%AE%E3%83%9A%E3%83%80%E3%83%AB+1+2+3+4+%E3%82%B7%E3%83%AA%E3%83%BC%E3%82%BA+F20+F21+F22+F23+F30+F31+GT+F34+F32+F33+F36+%E8%BB%8A%E3%81%AE%E3%82%A2%E3%82%AF HTTP/1.1" 200 0 "-" "Mozilla/5.0 (Linux; Android 6.0.1; Nexus 5X Build/MMB29P) AppleWebKit/537.36 (KHTML, like Gecko) Chrome/135.0.7049.95 Mobile Safari/537.36 (compatible; GoogleOther)"
66.249.74.104 - - [02/May/2025:23:26:20 -0400] "GET /?k=2582927026106&channel=8841a3&from=blog.php%3Fid%3D270261-11136%26name%3DFolpus+2%E5%80%8B%E3%81%AE%E3%82%B4%E3%83%AB%E3%83%95%E3%82%AB%E3%83%BC%E3%83%88%E3%83%95%E3%83%AD%E3%83%B3%E3%83%88%2F%E3%83%AA%E3%82%A2%E3%82%B7%E3%83%A7%E3%83%83%E3%82%AF%E3%82%B3%E3%82%A4%E3%83%AB%E3%82%B9%E3%83%97%E3%83%AA%E3%83%B3%E3%82%B0%E3%82%B7%E3%83%A7%E3%83%83%E3%82%AF%E3%82%A2%E3%83%96%E3%82%BD%E3%83%BC%E3%83%90%E3%83%BC%E4%BF%AE%E7%90%86%E3%83%98%E3%83%93%E3%83%BC%E3%83%87%E3%83%A5%E3%83%BC%E3%83%86%E3%82%A3%E3%83%BC%E3%82%AC%E3%82%B9%EF%BC%86%E9%9B%BB%E5%8B%95%E3%82%B4%E3%83%AB%E3%83%95%E3%82%AB%E3%83%BC HTTP/1.1" 200 51688 "-" "Mozilla/5.0 (Linux; Android 6.0.1; Nexus 5X Build/MMB29P) AppleWebKit/537.36 (KHTML, like Gecko) Chrome/135.0.7049.95 Mobile Safari/537.36 (compatible; Googlebot/2.1; +http://www.google.com/bot.html)"
66.249.74.105 - - [02/May/2025:23:26:21 -0400] "GET /?k=18148126962900&channel=0f3063&from=blog.php%3Fid%3D1269629-606%26name%3D%E8%B6%85%E5%B8%8C%E5%B0%91%E3%80%80%E6%9C%AA%E4%BD%BF%E7%94%A8%E3%80%80%E3%82%A2%E3%82%AF%E3%83%AD%E3%83%8B%E3%82%A6%E3%83%A0+%E3%82%AD%E3%83%BC%E3%83%81%E3%82%A7%E3%83%BC%E3%83%B3 HTTP/1.1" 200 51788 "-" "Mozilla/5.0 (Linux; Android 6.0.1; Nexus 5X Build/MMB29P) AppleWebKit/537.36 (KHTML, like Gecko) Chrome/135.0.7049.95 Mobile Safari/537.36 (compatible; Googlebot/2.1; +http://www.google.com/bot.html)"
66.249.74.103 - - [02/May/2025:23:26:34 -0400] "GET /?k=7026991948502&channel=19263e&from=blog.php%3Fid%3D919485-11912%26name%3D%E3%82%B1%E3%83%9F%E3%82%AB%E3%83%AB%E3%82%A2%E3%83%B3%E3%82%AB%E3%83%BC%E3%80%80R%E3%82%BF%E3%82%A4%E3%83%97%EF%BC%88VOC%E5%AF%BE%E7%AD%96%E3%80%80%E9%9D%9E%E3%82%B9%E3%83%81%E3%83%AC%E3%83%B3%EF%BC%89%E3%80%8010%E6%9C%AC%E3%82%BB%E3%83%83%E3%83%88 HTTP/1.1" 200 0 "-" "Mozilla/5.0 (Linux; Android 6.0.1; Nexus 5X Build/MMB29P) AppleWebKit/537.36 (KHTML, like Gecko) Chrome/135.0.7049.95 Mobile Safari/537.36 (compatible; GoogleOther)"
