66.249.73.200 - - [02/May/2025:15:46:56 -0400] "GET /?k=60225162767905&channel=380995&from=news.php%3Fid%3D1627679-22146%26name%3DUPKOCH+%E3%83%99%E3%83%93%E3%83%BC+%E3%83%9F%E3%83%8B+%E3%82%AB%E3%83%BC%E3%83%88+%E3%81%8A%E3%82%82%E3%81%A1%E3%82%83+%E5%B9%BC%E5%85%90+%E8%B5%A4%E3%81%A1%E3%82%83%E3%82%93+%E3%83%AD%E3%83%9C%E3%83%83%E3%83%88+%E3%83%89%E3%83%BC%E3%83%AB%E3%83%8F%E3%82%A6%E3%82%B9+%E3%83%90%E3%82%A6%E3%83%B3%E3%82%B5%E3%83%BC+%E3%83%89%E3%83%AA%E3%83%BC+%E3%83%90%E3%82%B9%E3%82%B1%E3%83%83%E3%83%88+%E3%83%90%E3%82%AE%E3%83%BC+%E3%83%AF%E3%82%B4%E3%83%B3 HTTP/1.1" 200 52478 "-" "Mozilla/5.0 (Linux; Android 6.0.1; Nexus 5X Build/MMB29P) AppleWebKit/537.36 (KHTML, like Gecko) Chrome/135.0.7049.95 Mobile Safari/537.36 (compatible; Googlebot/2.1; +http://www.google.com/bot.html)"
66.249.73.200 - - [02/May/2025:15:46:58 -0400] "GET /?k=9898389776202&channel=56a179&from=blog.php%3Fid%3D897762-4649%26name%3D%5B%E3%81%BB%E3%81%97%5D+%E3%83%88%E3%83%AC%E3%83%BC%E3%83%8A%E3%83%BC+%E9%95%B7%E8%A2%96+%E8%A3%8F%E6%AF%9B%E3%83%A9%E3%83%BC%E3%83%A1%E3%83%B3%E8%B5%A4%E7%8C%AB+%E7%A4%BE%E7%8F%A0%E5%AD%90+%E6%96%87%E8%94%B5%E9%95%B7%E8%A2%96+T%E3%82%B7%E3%83%A3%E3%83%84%E7%B6%BF+%E4%B8%B8%E9%A6%96+%E3%83%AC%E3%83%87%E3%82%A3%E3%83%BC%E3%82%B9+%E3%81%8A%E3%82%82%E3%81%97%E3%82%8D+%E7%A7%8B%E6%9C%8D+%E6%9F%94%E3%82%89%E3%81%8B+%E5%BF%AB%E9%81%A9+%E3%83%86%E3%82%A3%E3%83%BC%E3%82%B7 HTTP/1.1" 200 51377 "-" "Mozilla/5.0 (Linux; Android 6.0.1; Nexus 5X Build/MMB29P) AppleWebKit/537.36 (KHTML, like Gecko) Chrome/135.0.7049.95 Mobile Safari/537.36 (compatible; Googlebot/2.1; +http://www.google.com/bot.html)"
66.249.73.200 - - [02/May/2025:15:47:00 -0400] "GET /?k=22555120602102&channel=361c99&from=goods.php%3Fid%3D1206021-6591%26name%3DA-LABEL+1%2F6+%E3%82%AD%E3%83%B3%E3%82%B0%E3%82%AA%E3%83%96%E3%83%95%E3%82%A1%E3%82%A4%E3%82%BF%E3%83%BC%E3%82%BA+2002+UNLIMITED+MATCH+%E3%83%B4%E3%82%A1%E3%83%8D%E3%83%83%E3%82%B5+kof+24622+21010 HTTP/1.1" 200 52888 "-" "Mozilla/5.0 (Linux; Android 6.0.1; Nexus 5X Build/MMB29P) AppleWebKit/537.36 (KHTML, like Gecko) Chrome/135.0.7049.95 Mobile Safari/537.36 (compatible; Googlebot/2.1; +http://www.google.com/bot.html)"
66.249.73.200 - - [02/May/2025:15:47:02 -0400] "GET /?k=7007246701100&channel=fed14e&from=product.php%3Fid%3D467011-13439%26name%3DLafuma+Mobilier+%E3%83%A9%E3%83%95%E3%83%9E%E3%83%A2%E3%83%93%E3%83%AA%E3%82%A8+VOGUE+ALU+LOW+TABLE+%E3%82%A2%E3%82%A6%E3%83%88%E3%83%89%E3%82%A2%E3%83%86%E3%83%BC%E3%83%96%E3%83%AB+LFM5053+%28Sab HTTP/1.1" 200 52757 "-" "Mozilla/5.0 (Linux; Android 6.0.1; Nexus 5X Build/MMB29P) AppleWebKit/537.36 (KHTML, like Gecko) Chrome/135.0.7049.95 Mobile Safari/537.36 (compatible; Googlebot/2.1; +http://www.google.com/bot.html)"
66.249.73.201 - - [02/May/2025:15:47:03 -0400] "GET /?k=9823787476303&channel=ff4f94&from=form.php%3Fid%3D874763-13158%26name%3D%E5%8D%97%E9%83%A8%E9%89%84%E5%99%A8+%E9%A6%99%E7%82%89+%E5%B1%B1%E6%B0%B4 HTTP/1.1" 200 51954 "-" "Mozilla/5.0 (Linux; Android 6.0.1; Nexus 5X Build/MMB29P) AppleWebKit/537.36 (KHTML, like Gecko) Chrome/135.0.7049.95 Mobile Safari/537.36 (compatible; Googlebot/2.1; +http://www.google.com/bot.html)"
66.249.73.202 - - [02/May/2025:15:47:05 -0400] "GET /?k=98812152677300&channel=65cfcc&from=info.php%3Fid%3D1526773-16135%26name%3D%E3%80%90%E6%96%B0%E5%93%81%E3%80%91%E7%84%BC%E3%82%A2%E3%83%9F+%EF%BC%88%E6%89%8B%E7%84%A1%EF%BC%89+%E6%A5%AD%E5%8B%99%E7%94%A8+%E3%82%AF%E3%83%AD%E3%83%BC%E3%83%A0%E3%83%A1%E3%83%83%E3%82%AD+70cm HTTP/1.1" 200 51987 "-" "Mozilla/5.0 (Linux; Android 6.0.1; Nexus 5X Build/MMB29P) AppleWebKit/537.36 (KHTML, like Gecko) Chrome/135.0.7049.95 Mobile Safari/537.36 (compatible; Googlebot/2.1; +http://www.google.com/bot.html)"
66.249.73.201 - - [02/May/2025:15:47:07 -0400] "GET /?k=7429475474500&channel=f7449e&from=jp.php%3Fid%3D754745-16143%26name%3DROXY+%E3%82%B9%E3%82%A6%E3%82%A7%E3%83%83%E3%83%88%E3%83%91%E3%83%B3%E3%83%84+%E3%83%A9%E3%82%A4%E3%83%88%E3%82%B0%E3%83%AA%E3%83%BC%E3%83%B3 HTTP/1.1" 200 51111 "-" "Mozilla/5.0 (Linux; Android 6.0.1; Nexus 5X Build/MMB29P) AppleWebKit/537.36 (KHTML, like Gecko) Chrome/135.0.7049.95 Mobile Safari/537.36 (compatible; Googlebot/2.1; +http://www.google.com/bot.html)"
66.249.73.202 - - [02/May/2025:15:47:08 -0400] "GET /?k=39562155553901&channel=dcf0b1&from=product.php%3Fid%3D1555539-10257%26name%3D%E3%82%BF%E3%83%B3%E3%82%AC%E3%83%AD%E3%82%A4%E3%83%81%E3%83%83%E3%83%97%EF%BC%88%E6%9C%AA%E4%BD%BF%E7%94%A8%EF%BC%89 HTTP/1.1" 200 53470 "-" "Mozilla/5.0 (Linux; Android 6.0.1; Nexus 5X Build/MMB29P) AppleWebKit/537.36 (KHTML, like Gecko) Chrome/135.0.7049.95 Mobile Safari/537.36 (compatible; Googlebot/2.1; +http://www.google.com/bot.html)"
66.249.73.200 - - [02/May/2025:15:47:09 -0400] "GET /?k=2169710952101&channel=0c2e72&from=blog.php%3Fid%3D109521-2404%26name%3D%E3%83%AC%E3%82%A2%E7%89%A9%E3%80%80%E3%83%91%E3%83%AA%E3%82%BB%E3%82%A4%E3%82%BA+%E3%82%A8%E3%82%A4%E3%83%AA%E3%82%A2%E3%83%B3%E3%80%80SP%E3%82%A8%E3%83%87%E3%82%A3%E3%82%B7%E3%83%A7%E3%83%B3%E3%80%80%E3%83%94%E3%83%A5%E3%83%BC%E3%82%BF%E3%83%BC%E8%A3%BD%E3%80%80%E4%B8%96%E7%95%8C%E9%99%90%E5%AE%9A250%E5%80%8B HTTP/1.1" 200 50869 "-" "Mozilla/5.0 (Linux; Android 6.0.1; Nexus 5X Build/MMB29P) AppleWebKit/537.36 (KHTML, like Gecko) Chrome/135.0.7049.95 Mobile Safari/537.36 (compatible; Googlebot/2.1; +http://www.google.com/bot.html)"
66.249.73.200 - - [02/May/2025:15:47:10 -0400] "GET /?k=7798932277306&channel=49011b&from=shop.php%3Fid%3D322773-9064%26name%3D%E3%82%B9%E3%82%AD%E3%83%BC%E3%82%B0%E3%83%AD%E3%83%BC%E3%83%96+%E3%82%B9%E3%82%AD%E3%83%BC+%E6%89%8B%E8%A2%8B+%E3%83%A6%E3%83%8B%E3%82%BB%E3%83%83%E3%82%AF%E3%82%B9%E9%98%B2%E5%AF%92%E3%82%B0%E3%83%AD%E3%83%BC%E3%83%96+%E3%83%96%E3%83%A9%E3%83%83%E3%82%AF+%E3%82%B7%E3%83%B3%E3%83%97%E3%83%AB HTTP/1.1" 200 51015 "-" "Mozilla/5.0 (Linux; Android 6.0.1; Nexus 5X Build/MMB29P) AppleWebKit/537.36 (KHTML, like Gecko) Chrome/135.0.7049.95 Mobile Safari/537.36 (compatible; Googlebot/2.1; +http://www.google.com/bot.html)"
66.249.73.200 - - [02/May/2025:15:47:13 -0400] "GET /?k=73938141240600&channel=a0d48f&from=brands.php%3Fid%3D1412406-13499%26name%3D%E3%82%B9%E3%83%86%E3%83%B3%E3%83%AC%E3%82%B9+HNS+303+%E5%88%87%E6%9D%BF+%E6%9D%BF%E5%8E%9A+25%EF%BD%8D%EF%BD%8D+280mm%C3%97430mm HTTP/1.1" 200 52601 "-" "Mozilla/5.0 (Linux; Android 6.0.1; Nexus 5X Build/MMB29P) AppleWebKit/537.36 (KHTML, like Gecko) Chrome/135.0.7049.95 Mobile Safari/537.36 (compatible; Googlebot/2.1; +http://www.google.com/bot.html)"
66.249.73.200 - - [02/May/2025:15:47:14 -0400] "GET /?k=981993000701&channel=a1e7bb&from=jp.php%3Fid%3D30007-3433%26name%3D%E6%96%B0%E5%93%81+Heshare+%E9%99%A4%E6%B9%BF%E6%A9%9F+%E5%A4%A7%E5%AE%B9%E9%87%8F+3L+%E5%BC%B7%E5%8A%9B%E9%99%A4%E6%B9%BF+%E6%A2%85%E9%9B%A8%EF%BD%A5%E6%B9%BF%E6%B0%97%E5%AF%BE%E7%AD%96+%E6%BA%80%E6%B0%B4%E5%81%9C%E6%AD%A2%E6%A9%9F+5-16%E7%95%B3%E5%AF%BE%E5%BF%9C+%E7%9C%81%E3%82%A8%E3%83%8D+%E9%9D%99%E9%9F%B3+%E3%82%B3%E3%83%B3%E3%83%91%E3%82%AF%E3%83%88+%E9%83%A8%E5%B1%8B%E5%B9%B2%E3%81%97+%E9%99%A4%E6%B9%BF%E5%99%A8+%E5%B0%8F%E5%9E%8B%E3%80%90%E6%AD%A3%E8%A6%8F%E5%93%81%E3%80%91+%E8%BB%BD%E9%87%8F+%E3%81%98%E3%82%87%E3%81%97%E3%81%A4%E3%81%8D+%E9%9D%99%E9%9F%B3+7%E8%89%B2%E3%83%A9%E3%83%B3%E3%83%97+%E3%83%8F%E3%83%B3%E3%83%89%E3%83%AB%E4%BB%98%E3%81%8D%EF%BC%88black%EF%BC%89 HTTP/1.1" 200 52761 "-" "Mozilla/5.0 (Linux; Android 6.0.1; Nexus 5X Build/MMB29P) AppleWebKit/537.36 (KHTML, like Gecko) Chrome/135.0.7049.95 Mobile Safari/537.36 (compatible; Googlebot/2.1; +http://www.google.com/bot.html)"
66.249.73.201 - - [02/May/2025:15:47:16 -0400] "GET /?k=5018336951904&channel=1794f9&from=article.php%3Fid%3D369519-4627%26name%3D2024+%E6%96%B0+-+%E7%B4%B3%E5%A3%AB%E6%9C%8D+%E4%B8%AD%E4%B8%96%E6%9C%8D+%E7%B4%B3%E5%A3%AB%E6%9C%8D+%E3%82%AF%E3%83%A9+%E3%83%AC%E3%83%BC%E3%82%B9%E3%82%A2%E3%83%83%E3%83%97+%E3%82%B7%E3%83%A3%E3%83%84+%E3%82%B7%E3%83%A3%E3%83%84+%E3%83%91%E3%83%B3%E3%83%84+%E3%82%A2%E3%82%AF%E3%82%BB%E3%82%B5%E3%83%AA%E3%83%BC+%E3%82%BB%E3%83%83%E3%83%88+%E7%99%BA%E7%86%B1%E3%83%99%E3%82%B9%E3%83%88%E8%A3%BD%E3%83%90%E3%83%83%E3%83%86%E3%83%AA%E3%83%BC%E4%BB%98 HTTP/1.1" 200 51270 "-" "Mozilla/5.0 (Linux; Android 6.0.1; Nexus 5X Build/MMB29P) AppleWebKit/537.36 (KHTML, like Gecko) Chrome/135.0.7049.95 Mobile Safari/537.36 (compatible; Googlebot/2.1; +http://www.google.com/bot.html)"
66.249.73.200 - - [02/May/2025:15:47:17 -0400] "GET /?k=75210144891301&channel=5219ae&from=product.php%3Fid%3D1448913-24274%26name%3DSwageLine+%E3%82%A4%E3%83%BC%E3%82%B8%E3%83%BC%E3%82%AA%E3%83%BC%E3%83%80%E3%83%BC%E3%83%9B%E3%83%BC%E3%82%B9+G%EF%BC%86K%EF%BC%8FBLK+SF-20+%28SWAGE-LINE+GAKB-1012%29+%E3%82%BB%E3%83%BC%E3%83%AB HTTP/1.1" 200 51506 "-" "Mozilla/5.0 (Linux; Android 6.0.1; Nexus 5X Build/MMB29P) AppleWebKit/537.36 (KHTML, like Gecko) Chrome/135.0.7049.95 Mobile Safari/537.36 (compatible; Googlebot/2.1; +http://www.google.com/bot.html)"
66.249.73.200 - - [02/May/2025:15:47:20 -0400] "GET /?k=08803139765600&channel=1df7b3&from=goods.php%3Fid%3D1397656-19234%26name%3D%E3%83%9F%E3%83%AC%E3%83%8B%E3%82%A2%E3%83%A2%E3%83%B3+BT18-019+%E3%83%91%E3%83%A9%E3%83%AC%E3%83%AB+%EF%BC%94%E6%9E%9A%E7%B5%84 HTTP/1.1" 200 51756 "-" "Mozilla/5.0 (Linux; Android 6.0.1; Nexus 5X Build/MMB29P) AppleWebKit/537.36 (KHTML, like Gecko) Chrome/135.0.7049.95 Mobile Safari/537.36 (compatible; Googlebot/2.1; +http://www.google.com/bot.html)"
66.249.73.200 - - [02/May/2025:15:47:24 -0400] "GET /?k=88912110027000&channel=79742e&from=shop.php%3Fid%3D1100270-5668%26name%3D%E3%82%A8%E3%82%A2%E3%82%B3%E3%83%B3%E3%83%96%E3%83%AD%E3%83%AF%E3%83%BC+27226-JS60B+%E9%81%A9%E5%88%87%E3%81%AA%E4%BA%92%E6%8F%9B%E6%80%A7+N-issan+%E3%83%91%E3%82%B9%E3%83%95%E3%82%A1%E3%82%A4%E3%83%B3%E3%83%80%E3%83%BC+R51+%E3%83%8A%E3%83%90%E3%83%A9+D40+27226-JS7 HTTP/1.1" 200 53078 "-" "Mozilla/5.0 (Linux; Android 6.0.1; Nexus 5X Build/MMB29P) AppleWebKit/537.36 (KHTML, like Gecko) Chrome/135.0.7049.95 Mobile Safari/537.36 (compatible; Googlebot/2.1; +http://www.google.com/bot.html)"
66.249.73.201 - - [02/May/2025:15:47:31 -0400] "GET /?k=88484152033500&channel=1b207b&from=article.php%3Fid%3D1520335-221%26name%3D%E5%B1%8B%E5%A4%96%E3%82%B3%E3%83%9F%E3%83%A5%E3%83%8B%E3%83%86%E3%82%A3%E3%83%A8%E3%83%BC%E3%83%AD%E3%83%83%E3%83%91%E3%83%86%E3%83%8B%E3%82%B9%E4%B8%AD%E7%A9%BA%E3%83%B4%E3%82%A3%E3%83%A9%E3%83%9D%E3%83%BC%E3%83%AB%E3%83%A9%E3%82%A4%E3%83%88%E3%82%AC%E3%83%BC%E3%83%87%E3%83%B3%E3%83%B4%E3%82%A3%E3%83%A9%E8%8A%9D%E7%94%9F%E3%83%A9%E3%82%A4%E3%83%88%E4%B8%AD%E5%BA%AD%E8%A1%97%E7%81%AF%E9%98%B2%E6%B0%B4%E3%82%A2%E3%83%AB%E3%83%9F%E3%82%AC%E3%83%A9%E3%82%B9E27%E3%82%B9%E3%83%86%E3%82%A3%E3%82%B0%E3%83%9E%E3%83%95%E3%83%AD%E3%82%A2%E3%83%A9%E3%83%B3%E3%83%97%E3%83%9D HTTP/1.1" 200 53949 "-" "Mozilla/5.0 (Linux; Android 6.0.1; Nexus 5X Build/MMB29P) AppleWebKit/537.36 (KHTML, like Gecko) Chrome/135.0.7049.95 Mobile Safari/537.36 (compatible; Googlebot/2.1; +http://www.google.com/bot.html)"
66.249.73.201 - - [02/May/2025:15:47:34 -0400] "GET /?k=1250794574904&channel=8bfdb8&from=pin.php%3Fid%3D945749-2167%26name%3DMARNI+%E3%83%88%E3%83%AD%E3%83%94%E3%82%AB%E3%83%AA%E3%82%A2+%E3%83%9E%E3%83%AB%E3%83%8B+%E3%83%A9%E3%83%95%E3%82%A3%E3%82%A2+%E3%81%8B%E3%81%94%E3%83%90%E3%83%83%E3%82%B0 HTTP/1.1" 200 50351 "-" "Mozilla/5.0 (Linux; Android 6.0.1; Nexus 5X Build/MMB29P) AppleWebKit/537.36 (KHTML, like Gecko) Chrome/135.0.7049.95 Mobile Safari/537.36 (compatible; Googlebot/2.1; +http://www.google.com/bot.html)"
66.249.73.202 - - [02/May/2025:15:47:35 -0400] "GET /?k=6028178362302&channel=6050fa&from=article.php%3Fid%3D783623-8964%26name%3Dnapoca+%E3%83%8A%E3%83%9D%E3%82%AB%E3%80%80%E9%95%B7%E8%A2%96%E3%80%80%E3%83%8B%E3%83%83%E3%83%88%E3%80%80%E7%B6%BF%E6%B7%B7%E3%80%80%E3%82%BB%E3%83%BC%E3%82%BF%E3%83%BC%E3%80%80%E3%83%88%E3%83%83%E3%83%97%E3%82%B9%E3%80%80%E3%83%A9%E3%83%99%E3%83%B3%E3%83%80%E3%83%BC%E3%80%80%E6%98%A5%E6%9C%8D HTTP/1.1" 200 50794 "-" "Mozilla/5.0 (Linux; Android 6.0.1; Nexus 5X Build/MMB29P) AppleWebKit/537.36 (KHTML, like Gecko) Chrome/135.0.7049.95 Mobile Safari/537.36 (compatible; Googlebot/2.1; +http://www.google.com/bot.html)"
66.249.73.202 - - [02/May/2025:15:47:38 -0400] "GET /?k=73215134514503&channel=62c3d2&from=product.php%3Fid%3D1345145-23484%26name%3DSky+-+Sky+3+%28Prog+Rock%29 HTTP/1.1" 200 52253 "-" "Mozilla/5.0 (Linux; Android 6.0.1; Nexus 5X Build/MMB29P) AppleWebKit/537.36 (KHTML, like Gecko) Chrome/135.0.7049.95 Mobile Safari/537.36 (compatible; Googlebot/2.1; +http://www.google.com/bot.html)"
66.249.73.201 - - [02/May/2025:15:47:40 -0400] "GET /?k=118122252903&channel=aa39a3&from=pin.php%3Fid%3D22529-2685%26name%3D%E3%83%80%E3%82%A4%E3%83%8B%E3%83%B3%E3%82%B0%E3%83%86%E3%83%BC%E3%83%96%E3%83%AB+%E3%83%81%E3%82%A7%E3%82%A2 HTTP/1.1" 200 52937 "-" "Mozilla/5.0 (Linux; Android 6.0.1; Nexus 5X Build/MMB29P) AppleWebKit/537.36 (KHTML, like Gecko) Chrome/135.0.7049.95 Mobile Safari/537.36 (compatible; Googlebot/2.1; +http://www.google.com/bot.html)"
66.249.73.202 - - [02/May/2025:15:47:42 -0400] "GET /?k=0923044450705&channel=253ad8&from=pin.php%3Fid%3D444507-13239%26name%3D%E3%82%AB%E3%83%BC%E3%83%88%E3%82%BF%E3%82%A4%E3%83%A42%E5%80%8B%E3%80%81%E9%9B%BB%E5%8B%95%E3%82%B9%E3%82%AF%E3%83%BC%E3%82%BF%E3%83%BC%E3%82%BF%E3%82%A4%E3%83%A4%E3%80%8180%2F60-5%E7%9C%9F%E7%A9%BA%E3%82%BF%E3%82%A4%E3%83%A4%E3%80%81%E5%8E%9A%E3%81%8F%E3%81%A6%E8%80%90%E6%91%A9%E8%80%97%E6%80%A7%E3%80%819%E3%82%AB%E3%83%BC%E3%83%88%E3%82%BF%E3%82%A4%E3%83%A4%E6%94%B9%E9%80%A0%E3%82%A2%E3%82%AF%E3%82%BB%E3%82%B5%E3%83%AA%E3%83%BC%E7%94%A8+%EF%BC%88Amazon.co.jp%3A+%E9%9B%BB%E5%8B%95%E3%82%B9%E3%82%AF%E3%83%BC%E3%82%BF%E3%83%BC%E3%82%BF%E3%82%A4%E3%83%A4%E3%80%819%E3%82%A4%E3%83%B3%E3%83%812.80%2F2.50-4%E3%83%9B%E3%82%A4%E3%83%BC%E3%83%AB%E3%80%81%E6%BB%91%E3%82%8A%E6%AD%A2%E3%82%81%E8%80%90%E6%91%A9%E8%80%97%E3%82%BF%E3%82%A4%E3%83%A4+%E3%80%81%E3%82%A2%E3%83%AB%E3%83%9F%E5%90%88%E9%87%91%E3%83%9B%E3%82%A4%E3%83%BC%E3%83%AB%E3%80%81%E5%86%85%E5%BE%8415mm%E3%80%81%E9%AB%98%E9%BD%A2%E8%80%85%E3%81%AE%E3%82%B9%E3%82%AF%E3%83%BC%E3%82%BF%E3%83%BC%2F%E4%B8%89%E8%BC%AA%E8%BB%8A%E3%81%AB%E9%81%A9%E3%81%97%E3%81%A6%E3%81%84%E3%81%BE%E3%81%99%EF%BC%88%E3%82%A4%E3%83%B3%E3%83%95%E3%83%AC%E3%83%BC%E3%82%BF%E3%83%96%E3%83%AB%EF%BC%89+%3A+%E3%81%8A%E3%82%82%E3%81%A1%E3%82%83%EF%BC%89 HTTP/1.1" 200 53515 "-" "Mozilla/5.0 (Linux; Android 6.0.1; Nexus 5X Build/MMB29P) AppleWebKit/537.36 (KHTML, like Gecko) Chrome/135.0.7049.95 Mobile Safari/537.36 (compatible; Googlebot/2.1; +http://www.google.com/bot.html)"
52.167.144.198 - - [02/May/2025:15:48:53 -0400] "GET /?k=18022141620500&channel=101439&from=article.php%3Fid%3D1416205-5767%26name%3D%E3%83%A6%E3%83%A1%E3%82%AD%E3%83%AD%E3%83%83%E3%82%AF+B6+%E6%89%8B%E5%B8%B3%E3%82%AB%E3%83%90%E3%83%BC+%E3%82%BB%E3%83%91%E3%83%AC%E3%83%BC%E3%83%88%E3%83%80%E3%82%A4%E3%82%A2%E3%83%AA%E3%83%BC+%E3%82%A6%E3%82%A3%E3%83%BC%E3%82%AF%E3%83%AA%E3%83%BC+%E3%83%87%E3%82%A4%E3%83%AA%E3%83%BC%E5%AF%BE%E5%BF%9C+%E3%83%8A%E3%83%81%E3%83%A5%E3%83%A9%E3%83%AB%E3%82%AB%E3%83%90%E3%83%BC+%E3%83%91%E3%82%A6%E3%83%80%E3%83%BC HTTP/1.1" 200 43001 "-" "Mozilla/5.0 AppleWebKit/537.36 (KHTML, like Gecko; compatible; bingbot/2.0; +http://www.bing.com/bingbot.htm) Chrome/116.0.1938.76 Safari/537.36"
40.77.167.13 - - [02/May/2025:15:49:30 -0400] "GET /?k=62892171810000&channel=ce82a8&from=category-info.php%3Fid%3D1718100-11438%26name%3DOkiyakusama+%E8%87%AA%E5%8B%95%E8%BB%8A%E3%83%9C%E3%83%87%E3%82%A3%E3%81%AE%E3%81%B8%E3%81%93%E3%81%BF%E4%BF%AE%E7%90%86%E3%83%84%E3%83%BC%E3%83%AB+%E8%87%AA%E5%8B%95%E8%BB%8A%E5%A1%97%E8%A3%85%E4%B8%8D%E8%A6%81%E3%81%AE%E4%BF%AE%E7%90%86%E7%94%A8%E3%83%97%E3%83%BC%E3%83%A9%E3%83%BC+%E9%9B%B9%E3%81%AB%E3%82%88%E3%82%8B%E3%81%B8%E3%81%93%E3%81%BF%E3%81%AE%E9%99%A4%E5%8E%BB+%E8%87%AA%E5%8B%95%E8%BB%8A%E7%94%A8%E3%82%A8%E3%82%AD%E3%82%B9%E3%83%91%E3%83%B3%E3%83%80%E3%83%BC HTTP/1.1" 200 41191 "-" "Mozilla/5.0 AppleWebKit/537.36 (KHTML, like Gecko; compatible; bingbot/2.0; +http://www.bing.com/bingbot.htm) Chrome/116.0.1938.76 Safari/537.36"
40.77.167.14 - - [02/May/2025:15:49:38 -0400] "GET /?k=86276117482804&channel=74ea2e&from=form.php%3Fid%3D1174828-21639%26name%3DCSCDD+120A%E3%82%A2%E3%83%B3%E3%83%97%E6%95%B4%E6%B5%81%E5%99%A8%E3%83%95%E3%82%A3%E3%83%AB%E3%82%BF%E3%83%BC%E4%BE%9B%E7%B5%A6%E9%9B%BB%E6%BA%90%E3%83%9C%E3%83%BC%E3%83%89%E9%AB%98%E5%87%BA%E5%8A%9B%E3%82%B7%E3%83%A7%E3%83%83%E3%83%88%E3%82%AD%E3%83%BC%E6%95%B4%E6%B5%81%E5%99%A8%E3%83%95%E3%82%A3%E3%83%AB%E3%82%BF%E3%83%BC%E9%9B%BB%E6%BA%90%E3%83%9C%E3%83%BC%E3%83%8910000UF+125V HTTP/1.1" 200 41985 "-" "Mozilla/5.0 AppleWebKit/537.36 (KHTML, like Gecko; compatible; bingbot/2.0; +http://www.bing.com/bingbot.htm) Chrome/116.0.1938.76 Safari/537.36"
52.167.144.198 - - [02/May/2025:15:56:36 -0400] "GET /?k=2202145934600&channel=7fe4f3&from=jp.php%3Fid%3D459346-12858%26name%3D%E5%9E%82%E7%9B%B4%E3%82%B8%E3%83%A3%E3%83%B3%E3%83%97%E6%B8%AC%E5%AE%9A%E3%83%86%E3%82%B9%E3%82%BF%E3%83%BC+%E3%82%B8%E3%83%A3%E3%83%B3%E3%83%97%E8%83%BD%E5%8A%9B%E3%83%88%E3%83%AC%E3%83%BC%E3%83%8B%E3%83%B3%E3%82%B0%E3%83%86%E3%82%B9%E3%82%BF%E3%83%BC+%E3%83%90%E3%83%AC%E3%83%BC%E3%83%9C%E3%83%BC%E3%83%AB%E3%82%B9%E3%83%91%E3%82%A4%E3%82%AF%E3%82%B8%E3%83%A3%E3%83%B3%E3%83%97%E3%83%88%E3%83%AC%E3%83%BC%E3%83%8A%E3%83%BC+%E3%83%90%E3%82%B9%E3%82%B1%E3%83%83%E3%83%88%E3%83%9C%E3%83%BC%E3%83%AB%E3%83%88%E3%83%AC%E3%83%BC%E3%83%8B%E3%83%B3%E3%82%B0%E8%A3%9C%E5%8A%A9 HTTP/1.1" 200 43055 "-" "Mozilla/5.0 AppleWebKit/537.36 (KHTML, like Gecko; compatible; bingbot/2.0; +http://www.bing.com/bingbot.htm) Chrome/116.0.1938.76 Safari/537.36"
52.167.144.219 - - [02/May/2025:15:59:33 -0400] "GET /?k=82899184522803&channel=7d3dde&from=article.php%3Fid%3D1845228-14824%26name%3DFarigrut+%E9%89%84%E9%8D%8B%E5%9C%9F%E9%8D%8B+%E9%89%84%E9%8B%B3%E7%89%A9%E8%A3%BD+%E3%82%AC%E3%82%B9%E7%81%AB+IH+%E5%AF%BE%E5%BF%9C+%E9%8B%B3%E9%89%84%E9%8D%8B%E5%AE%B6%E5%BA%AD%E7%94%A8%E4%B8%A1%E8%80%B3%E5%A4%A7%E5%9E%8B%E9%89%84%E9%8D%8B%E6%98%94%E3%81%AA%E3%81%8C%E3%82%89%E3%81%AE%E4%B8%B8%E5%BA%95%E3%82%AC%E3%82%B9+%E5%A4%9A%E7%9B%AE%E7%9A%84%E9%8D%8B+%E6%9C%AC%E6%A0%BC%E7%9A%84%E3%81%AA%E9%89%84%E8%A3%BD%E3%81%AE%E3%81%8A%E9%8D%8B%E3%81%A7 HTTP/1.1" 200 41915 "-" "Mozilla/5.0 AppleWebKit/537.36 (KHTML, like Gecko; compatible; bingbot/2.0; +http://www.bing.com/bingbot.htm) Chrome/116.0.1938.76 Safari/537.36"
2a06:98c0:3600::103 - - [02/May/2025:16:02:28 -0400] "GET /wordpress/wp-admin/setup-config.php HTTP/1.1" 200 0 "-" "Mozilla/5.0 (Windows NT 10.0; Win64; x64) AppleWebKit/537.36 (KHTML, like Gecko) Chrome/135.0.0.0 Safari/537.36"
20.15.133.174 - - [02/May/2025:16:03:29 -0400] "GET /?k=4878072156001&channel=36f1c5&from=form.php%3Fid%3D721560-10143%26name%3D%E3%82%AD%E3%83%A3%E3%83%9F%E3%82%BD%E3%83%BC%E3%83%AB+%E3%83%8D%E3%82%B0%E3%83%AA%E3%82%B8%E3%82%A7+%E3%82%BB%E3%82%AF%E3%82%B7%E3%83%BC+%E3%82%AD%E3%83%A3%E3%83%9F%E3%82%BD%E3%83%BC%E3%83%AB+%E3%82%BB%E3%83%83%E3%83%88+%E4%B8%8B%E7%9D%80+%E3%82%BB%E3%82%AF%E3%82%B7%E3%83%BC+%E5%A4%A7%E3%81%8D%E3%81%84+%E3%83%97%E3%83%AC%E3%83%81%E3%83%A3%E3%82%A4%E3%83%8A%E6%9C%8D%E3%82%BB%E3%82%AF%E3%82%B7%E3%83%BC+%E3%82%BB%E3%82%AF%E3%82%B7%E3%83%BC%E3%81%AA%E3%83%97%E3%83%AC+%E7%99%BD+%E3%83%AF%E3%83%B3%E3%83%94 HTTP/1.1" 200 42677 "-" "Mozilla/5.0 AppleWebKit/537.36 (KHTML, like Gecko; compatible; bingbot/2.0; +http://www.bing.com/bingbot.htm) Chrome/116.0.1938.76 Safari/537.36"
2a06:98c0:3600::103 - - [02/May/2025:16:04:31 -0400] "GET /wp-admin/setup-config.php HTTP/1.1" 200 0 "-" "Mozilla/5.0 (Windows NT 10.0; Win64; x64) AppleWebKit/537.36 (KHTML, like Gecko) Chrome/135.0.0.0 Safari/537.36"
40.77.167.254 - - [02/May/2025:16:10:09 -0400] "GET /?k=8788764372404&channel=047a10&from=category-info.php%3Fid%3D643724-6121%26name%3D%E7%9B%86%E6%A0%BD%E5%88%88%E8%BE%BC%E3%81%BF%E3%82%BB%E3%83%83%E3%83%88+%E3%82%B9%E3%83%86%E3%83%B3%E3%83%AC%E3%82%B9%E8%A3%BD%E3%83%8E%E3%83%96%E3%82%AB%E3%83%83%E3%82%BF%E3%83%BC+%E5%89%AA%E5%AE%9A%E7%94%A8%E3%81%AF%E3%81%95%E3%81%BF%2C+%E8%8A%B1%E3%81%AE%E3%82%A2%E3%83%AC%E3%83%B3%E3%82%B8%E3%83%A1%E3%83%B3%E3%83%88%E3%82%84%E5%BA%AD%E5%9C%92%E4%BD%9C%E6%A5%AD%E3%81%AB%E6%9C%80%E9%81%A9%2C+%E9%AB%98%E7%A1%AC%E5%BA%A6%E3%81%A7%E8%80%90%E4%B9%85%E6%80%A7%E3%81%AE%E3%81%82%E3%82%8B%E6%9D%90%E6%96%99%2C+%E3%82%B9%E3%83%86%E3%83%B3 HTTP/1.1" 200 40687 "-" "Mozilla/5.0 AppleWebKit/537.36 (KHTML, like Gecko; compatible; bingbot/2.0; +http://www.bing.com/bingbot.htm) Chrome/116.0.1938.76 Safari/537.36"
40.77.167.72 - - [02/May/2025:16:13:10 -0400] "GET /?k=6720910753101&channel=2ac5e8&from=form.php%3Fid%3D107531-7675%26name%3Dmohngie+12+V%E8%87%AA%E5%8B%95%E8%BB%8A%E3%82%A8%E3%82%A2%E3%82%B3%E3%83%B3%E9%9B%BB%E5%8B%95%E5%9C%A7%E7%B8%AE%E6%A9%9F%E5%9B%9B%E5%AD%94%E8%92%B8%E7%99%BA%E5%99%A8%E3%82%BB%E3%83%83%E3%83%88%E3%80%81%E3%81%8A%E3%81%98%E3%81%84%E3%81%95%E3%82%93%E3%81%AE%E8%BB%8A%E3%80%81%E3%83%88%E3%83%A9%E3%83%83%E3%82%AF%E3%80%81%E4%BD%8F%E5%AE%85%E8%BB%8A%E3%80%81%E8%BE%B2%E6%A5%AD%E7%94%A8%E8%BB%8A%E3%80%81%E6%8E%98%E5%89%8A%E6%A9%9F%E3%80%81%E8%87%AA%E5%8B%95%E8%BB%8A%E3%82%A8%E3%82%A2%E3%82%B3%E3%83%B3 HTTP/1.1" 200 39801 "-" "Mozilla/5.0 AppleWebKit/537.36 (KHTML, like Gecko; compatible; bingbot/2.0; +http://www.bing.com/bingbot.htm) Chrome/116.0.1938.76 Safari/537.36"
66.249.74.104 - - [02/May/2025:16:14:44 -0400] "GET /?k=24523178397301&channel=ad1200&from=blog.php%3Fid%3D1783973-893%26name%3D%E3%82%B9%E3%83%8C%E3%83%BC%E3%83%94%E3%83%BC+iPhone14plus+%E3%82%B1%E3%83%BC%E3%82%B9+%E3%82%A2%E3%82%A4%E3%83%95%E3%82%A9%E3%83%B314plus+%E5%AF%BE%E5%BF%9C+%E6%96%B0%E5%9E%8B+%E3%82%AB%E3%83%BC%E3%83%89+%E5%8F%8E%E7%B4%8D+%E8%80%90%E8%A1%9D%E6%92%83+%E6%89%8B%E5%B8%B3%E5%9E%8B+%E8%83%8C%E9%9D%A2+%E3%82%AB%E3%83%BC%E3%83%89+%E3%83%9B%E3%83%AB%E3%83%80 HTTP/1.1" 200 0 "-" "Mozilla/5.0 (Linux; Android 6.0.1; Nexus 5X Build/MMB29P) AppleWebKit/537.36 (KHTML, like Gecko) Chrome/135.0.7049.95 Mobile Safari/537.36 (compatible; GoogleOther)"
52.167.144.198 - - [02/May/2025:16:15:07 -0400] "GET /?k=62892171810000&channel=ce82a8&from=category-info.php%3Fid%3D1718100-11438%26name%3DOkiyakusama+%E8%87%AA%E5%8B%95%E8%BB%8A%E3%83%9C%E3%83%87%E3%82%A3%E3%81%AE%E3%81%B8%E3%81%93%E3%81%BF%E4%BF%AE%E7%90%86%E3%83%84%E3%83%BC%E3%83%AB+%E8%87%AA%E5%8B%95%E8%BB%8A%E5%A1%97%E8%A3%85%E4%B8%8D%E8%A6%81%E3%81%AE%E4%BF%AE%E7%90%86%E7%94%A8%E3%83%97%E3%83%BC%E3%83%A9%E3%83%BC+%E9%9B%B9%E3%81%AB%E3%82%88%E3%82%8B%E3%81%B8%E3%81%93%E3%81%BF%E3%81%AE%E9%99%A4%E5%8E%BB+%E8%87%AA%E5%8B%95%E8%BB%8A%E7%94%A8%E3%82%A8%E3%82%AD%E3%82%B9%E3%83%91%E3%83%B3%E3%83%80%E3%83%BC HTTP/1.1" 200 41229 "-" "Mozilla/5.0 AppleWebKit/537.36 (KHTML, like Gecko; compatible; bingbot/2.0; +http://www.bing.com/bingbot.htm) Chrome/116.0.1938.76 Safari/537.36"
40.77.167.72 - - [02/May/2025:16:15:41 -0400] "GET /?k=83143184505607&channel=9d117f&from=product.php%3Fid%3D1845056-2173%26name%3D%E3%82%A4%E3%83%A4%E3%83%9B%E3%83%B3%E3%81%AF%E8%80%B3%E3%83%98%E3%83%83%E3%83%89%E3%83%95%E3%82%A9%E3%83%B3%E3%81%A7%E6%9C%89%E7%B7%9A%2C%E3%83%9E%E3%82%A4%E3%82%AF%E3%81%A7%E3%83%98%E3%83%83%E3%83%89%E3%83%95%E3%82%A9%E3%83%B3%E3%82%92%E3%83%97%E3%83%A9%E3%82%B0%E3%82%A4%E3%83%B3%E3%81%97%E3%81%BE%E3%81%99+%7C+3.5mm%E9%AB%98%E5%BF%A0%E5%AE%9F%E5%BA%A6%E3%81%AE%E9%AB%98%E3%81%84%E3%82%A4%E3%83%A4%E3%83%9B%E3%83%B3%E3%82%B2%E3%83%BC%E3%83%A0%E9%A3%9B%E8%A1%8C%E6%A9%9F%E3%81%AE%E3%82%B9%E3%82%BF%E3%82%B8%E3%82%AA%E3%83%AC HTTP/1.1" 200 41695 "-" "Mozilla/5.0 AppleWebKit/537.36 (KHTML, like Gecko; compatible; bingbot/2.0; +http://www.bing.com/bingbot.htm) Chrome/116.0.1938.76 Safari/537.36"
66.249.73.201 - - [02/May/2025:16:18:57 -0400] "GET /?k=06470167851800&channel=076a43&from=blog.php%3Fid%3D1678518-25810%26name%3D%E6%8A%98%E3%82%8A%E3%81%9F%E3%81%9F%E3%81%BF%E7%B4%99%E3%83%91%E3%83%83%E3%82%AF%E9%A3%B2%E6%96%99%E3%83%9B%E3%83%AB%E3%83%80%E3%83%BC+%E3%80%8C%E6%99%AE%E9%80%9A%E9%83%B5%E4%BE%BF%E9%80%81%E6%96%99%E7%84%A1%E6%96%99%E3%80%8D%2F+%E3%82%B7%E3%83%8B%E3%82%A2+%E4%BB%8B%E8%AD%B7+%E9%AB%98%E9%BD%A2%E8%80%85+%E4%BB%8B%E8%AD%B7%E7%94%A8%E5%93%81+%E3%82%B3%E3%83%B3%E3%83%91%E3%82%AF%E3%83%88+%E5%8F%8E%E7%B4%8D+%E9%A3%9F%E4%BA%8B%E8%A3%9C%E5%8A%A9+%E9%A3%9F%E4%BA%8B+%E3%82%B5%E3%83%9D%E3%83%BC%E3%83%88+%E3%83%A6%E3%83%8B%E3%83%90%E3%83%BC%E3%82%B5%E3%83%AB%E3%83%87%E3%82%B6%E3%82%A4%E3%83%B3 HTTP/1.1" 200 50563 "-" "Mozilla/5.0 (Linux; Android 6.0.1; Nexus 5X Build/MMB29P) AppleWebKit/537.36 (KHTML, like Gecko) Chrome/135.0.7049.95 Mobile Safari/537.36 (compatible; Googlebot/2.1; +http://www.google.com/bot.html)"
2a06:98c0:3600::103 - - [02/May/2025:16:19:53 -0400] "GET /wordpress/wp-admin/setup-config.php HTTP/1.1" 200 0 "-" "Mozilla/5.0 (Windows NT 10.0; Win64; x64) AppleWebKit/537.36 (KHTML, like Gecko) Chrome/135.0.0.0 Safari/537.36"
2a06:98c0:3600::103 - - [02/May/2025:16:20:08 -0400] "GET /wp-admin/setup-config.php HTTP/1.1" 200 0 "-" "Mozilla/5.0 (Windows NT 10.0; Win64; x64) AppleWebKit/537.36 (KHTML, like Gecko) Chrome/135.0.0.0 Safari/537.36"
66.249.73.200 - - [02/May/2025:16:21:08 -0400] "GET /?k=07194161252401&channel=7de8e6&from=shared.php%3Fid%3D1612524-25108%26name%3Dmisha+%26+Puff+%E5%8D%8A%E8%A2%96%E3%82%B7%E3%83%A3%E3%83%84%E3%80%806y HTTP/1.1" 200 49950 "-" "Mozilla/5.0 (Linux; Android 6.0.1; Nexus 5X Build/MMB29P) AppleWebKit/537.36 (KHTML, like Gecko) Chrome/135.0.7049.95 Mobile Safari/537.36 (compatible; Googlebot/2.1; +http://www.google.com/bot.html)"
52.167.144.235 - - [02/May/2025:16:22:51 -0400] "GET /?k=286325430304&channel=209307&from=news.php%3Fid%3D54303-3538%26name%3D%E5%B1%8B%E5%A4%96%E3%81%AE%E9%9A%8E%E6%AE%B5%E3%82%84%E5%B1%8B%E5%86%85%E9%9A%8E%E6%AE%B5%E3%81%AE%E6%89%8B%E3%81%99%E3%82%8A%E3%80%81%E9%9A%9C%E5%AE%B3%E3%81%AE%E3%81%82%E3%82%8B%E9%AB%98%E9%BD%A2%E8%80%85%E3%81%AE%E5%AD%90%E4%BE%9B%E3%81%AE%E5%AE%89%E5%85%A8%E9%9A%8E%E6%AE%B5%E6%89%8B%E3%81%99%E3%82%8A%E3%80%81%E6%BB%91%E3%82%8A%E6%AD%A2%E3%82%81%E9%9A%8E%E6%AE%B5%E5%8F%96%E3%82%8A%E4%BB%98%E3%81%91%E3%82%A2%E3%83%BC%E3%83%A0%E3%83%AC%E3%82%B9%E3%83%88%E3%83%96%E3%83%A9%E3%82%B1%E3%83%83%E3%83%88%E4%BB%98%E3%81%8D%E3%82%A6%E3%82%A9%E3%83%BC%E3%83%AB%E3%83%9E%E3%82%A6%E3%83%B3%E3%83%88 HTTP/1.1" 200 41924 "-" "Mozilla/5.0 AppleWebKit/537.36 (KHTML, like Gecko; compatible; bingbot/2.0; +http://www.bing.com/bingbot.htm) Chrome/116.0.1938.76 Safari/537.36"
66.249.74.104 - - [02/May/2025:16:24:48 -0400] "GET /?k=1919925842300&channel=126364&from=form.php%3Fid%3D258423-11000%26name%3D235%2F35ZR19+%2891Y%29+XL+%E3%83%96%E3%83%AA%E3%83%82%E3%82%B9%E3%83%88%E3%83%B3+POTENZA+SPORT+%EF%BC%88%E3%83%9D%E3%83%86%E3%83%B3%E3%82%B6+%E3%82%B9%E3%83%9D%E3%83%BC%E3%83%84%EF%BC%89+19%E3%82%A4%E3%83%B3%E3%83%81+BRIDGES HTTP/1.1" 200 0 "-" "Mozilla/5.0 (Linux; Android 6.0.1; Nexus 5X Build/MMB29P) AppleWebKit/537.36 (KHTML, like Gecko) Chrome/135.0.7049.95 Mobile Safari/537.36 (compatible; GoogleOther)"
52.167.144.235 - - [02/May/2025:16:25:11 -0400] "GET /?k=82170139343002&channel=e09ee0&from=info.php%3Fid%3D1393430-560%26name%3D%E3%83%90%E3%83%8A%E3%83%8A%E3%83%AF%E3%83%BC%E3%82%AF%E3%82%B9%EF%BD%9CBANANA+WORKS+%E3%83%8A%E3%82%A4%E3%82%B9%E3%83%95%E3%83%AC%E3%83%BC%E3%83%A0%E3%83%90%E3%83%83%E3%82%B0%28W420%C3%97D60%C3%97H225mm%2F%E3%83%99%E3%83%BC%E3%82%B8%E3%83%A5%29 HTTP/1.1" 200 43329 "-" "Mozilla/5.0 AppleWebKit/537.36 (KHTML, like Gecko; compatible; bingbot/2.0; +http://www.bing.com/bingbot.htm) Chrome/116.0.1938.76 Safari/537.36"
52.167.144.235 - - [02/May/2025:16:25:21 -0400] "GET /?k=16647132353900&channel=f9730b&from=form.php%3Fid%3D1323539-6057%26name%3D8Pin+HDSCS+%E8%87%AA%E5%8B%95%E8%BB%8A%E9%9B%BB%E5%AD%90%E3%82%B3%E3%83%8D%E3%82%AF%E3%82%BF%E6%96%B0%E3%82%A8%E3%83%8D%E3%83%AB%E3%82%AE%E3%83%BC%E8%BB%8A%E4%B8%A1%E5%B0%BF%E7%B4%A0%E3%83%97%E3%83%A9%E3%82%B0%E9%85%8D%E7%B7%9A%E3%83%8F%E3%83%BC%E3%83%8D%E3%82%B9+0-1418438-1+%E3%81%A8%E4%BA%92%E6%8F%9B%E6%80%A7%E3%81%82%E3%82%8A%288P+Fema HTTP/1.1" 200 40688 "-" "Mozilla/5.0 AppleWebKit/537.36 (KHTML, like Gecko; compatible; bingbot/2.0; +http://www.bing.com/bingbot.htm) Chrome/116.0.1938.76 Safari/537.36"
52.167.144.235 - - [02/May/2025:16:25:41 -0400] "GET /?k=2222956129002&channel=fd79f4&from=jp.php%3Fid%3D561290-837%26name%3D%E3%83%97%E3%83%AB%E3%83%80%E3%82%A6%E3%83%B3%E3%83%AF%E3%83%BC%E3%83%89%E3%83%AD%E3%83%BC%E3%83%96%E3%82%AF%E3%83%AD%E3%83%BC%E3%82%BC%E3%83%83%E3%83%88%E3%83%AD%E3%83%83%E3%83%89%E8%AA%BF%E7%AF%80%E5%8F%AF%E8%83%BD%E3%81%AA%E6%A0%BC%E7%B4%8D%E5%BC%8F%E3%83%AA%E3%83%95%E3%83%88%E3%83%AC%E3%83%BC%E3%83%AB%E3%82%AA%E3%83%BC%E3%82%AC%E3%83%8A%E3%82%A4%E3%82%B6%E3%83%BC%E5%8F%8E%E7%B4%8D%E3%82%B7%E3%82%B9%E3%83%86%E3%83%A0%E3%82%AF%E3%83%AD%E3%83%BC%E3%82%BC%E3%83%83%E3%83%88%E3%83%8F%E3%83%B3%E3%82%AC%E3%83%BC%E3%83%AD%E3%83%83%E3%83%89%E6%9C%8D%E3%82%92%E6%8E%9B%E3%81%91%E3%82%8B%E3%81%9F HTTP/1.1" 200 43240 "-" "Mozilla/5.0 AppleWebKit/537.36 (KHTML, like Gecko; compatible; bingbot/2.0; +http://www.bing.com/bingbot.htm) Chrome/116.0.1938.76 Safari/537.36"
40.77.167.23 - - [02/May/2025:16:26:41 -0400] "GET /?k=8718848584306&channel=c3f764&from=goods.php%3Fid%3D485843-3350%26name%3DCB600F%E3%83%9B%E3%83%BC%E3%83%8D%E3%83%83%E3%83%88%E3%82%AA%E3%83%BC%E3%83%88%E3%83%90%E3%82%A4%E3%82%A2%E3%82%AF%E3%82%BB%E3%82%B5%E3%83%AA%E3%83%BC%E3%82%B9%E3%83%86%E3%82%A2%E3%83%AA%E3%83%B3%E3%82%B0%E3%82%B9%E3%82%BF%E3%83%93%E3%83%A9%E3%82%A4%E3%82%B6%E3%83%BC%E3%83%80%E3%83%B3%E3%83%91%E3%83%BC%E3%83%9E%E3%82%A6%E3%83%B3%E3%83%88%E3%83%96%E3%83%A9%E3%82%B1%E3%83%83%E3%83%88%E3%82%AD%E3%83%83%E3%83%88+CB600FHornet+2 HTTP/1.1" 200 40996 "-" "Mozilla/5.0 AppleWebKit/537.36 (KHTML, like Gecko; compatible; bingbot/2.0; +http://www.bing.com/bingbot.htm) Chrome/116.0.1938.76 Safari/537.36"
40.77.167.150 - - [02/May/2025:16:30:35 -0400] "GET /?k=711785297701&channel=2a3406&from=pin.php%3Fid%3D52977-4909%26name%3DPry+Bars++%E3%83%9F%E3%83%8B%E3%83%9D%E3%82%B1%E3%83%83%E3%83%88%E3%82%AF%E3%83%A9%E3%83%B3%E3%82%AF+%E3%82%AF%E3%83%AD%E3%83%BC%E3%83%90%E3%83%BC+%E3%82%AD%E3%83%BC%E3%83%81%E3%82%A7%E3%83%BC%E3%83%B3+%E3%82%B5%E3%83%90%E3%82%A4%E3%83%90%E3%83%AB%E3%82%B9%E3%82%AF%E3%83%AC%E3%83%BC%E3%83%91%E3%83%BC+%E3%82%B9%E3%83%86%E3%83%B3%E3%83%AC%E3%82%B9%E3%82%B9%E3%83%81%E3%83%BC%E3%83%AB+%E3%83%9E%E3%82%A4%E3%82%AF%E3%83%AD%E3%83%84%E3%83%BC%E3%83%AB%E3%80%81%E3%82%B9%E3%83%86%E3%83%B3%EF%BC%88%E3%82%B9%E3%83%86%E3%83%B3%E3%83%AC%E3%82%B9%E3%83%9C%E3%83%88%E3%83%AB+%E3%82%B9%E3%83%9D%E3%83%BC%E3%83%84%E3%83%89%E3%83%AA%E3%83%B3%E3%82%AF%E5%AF%BE%E5%BF%9C+AKE-R60%E3%83%BB80+%E9%80%9A%E8%B2%A9%E3%80%90%E3%83%8B%E3%83%83%E3%82%BB%E3%83%B3%E3%80%91%EF%BC%89 HTTP/1.1" 200 42029 "-" "Mozilla/5.0 AppleWebKit/537.36 (KHTML, like Gecko; compatible; bingbot/2.0; +http://www.bing.com/bingbot.htm) Chrome/116.0.1938.76 Safari/537.36"
52.167.144.195 - - [02/May/2025:16:31:22 -0400] "GET /?k=18105185190700&channel=970d16&from=shared.php%3Fid%3D1851907-4514%26name%3D%E6%BA%B6%E8%9E%8D%E5%9C%A7%E5%8A%9B%E3%82%BB%E3%83%B3%E3%82%B5%E3%83%BC+%E9%AB%98%E6%B8%A9%E6%BA%B6%E8%9E%8D%E5%9C%A7%E5%8A%9B%E3%82%BB%E3%83%B3%E3%82%B5%E3%83%BC%2F%E4%BC%9D%E9%80%81%E5%99%A8+CN1-6-M-B35D-1-4-D+%E6%BA%B6%E8%9E%8D%E5%9C%A7%E5%8A%9B%E5%A4%89%E6%8F%9B%E5%99%A8 HTTP/1.1" 200 41582 "-" "Mozilla/5.0 AppleWebKit/537.36 (KHTML, like Gecko; compatible; bingbot/2.0; +http://www.bing.com/bingbot.htm) Chrome/116.0.1938.76 Safari/537.36"
66.249.74.104 - - [02/May/2025:16:34:09 -0400] "GET /?k=88212115056902&channel=cf09e4&from=news.php%3Fid%3D1150569-21393%26name%3D%E3%83%88%E3%83%A9%E3%81%8C%E9%A9%9A%E3%81%8F%E5%BC%81%E5%BD%93%E3%83%90%E3%83%83%E3%82%B0+%E3%83%88%E3%83%BC%E3%83%88%E3%83%90%E3%83%83%E3%82%AF+%E6%96%AD%E7%86%B1%E3%83%A9%E3%83%B3%E3%83%81%E3%83%90%E3%83%83%E3%82%B0+%E5%BC%81%E5%BD%93%E8%A2%8B+%E3%83%94%E3%82%AF%E3%83%8B%E3%83%83%E3%82%AF+%E8%B2%B7%E3%81%84%E7%89%A9%E8%A2%8B+%E4%BF%9D%E5%86%B7%E3%83%A9%E3%83%B3%E3%83%81%E3%83%90%E3%83%83%E3%82%B0+%E9%80%9A%E5%AD%A6+%E3%83%94%E3%82%AF%E3%83%8B%E3%83%83%E3%82%AF%E9%A3%9F%E5%93%81%E5%8F%8E%E7%B4%8D HTTP/1.1" 200 0 "-" "Mozilla/5.0 (Linux; Android 6.0.1; Nexus 5X Build/MMB29P) AppleWebKit/537.36 (KHTML, like Gecko) Chrome/135.0.7049.95 Mobile Safari/537.36 (compatible; GoogleOther)"
52.167.144.195 - - [02/May/2025:16:35:03 -0400] "GET /?k=17218181318205&channel=3098c5&from=product.php%3Fid%3D1813182-2156%26name%3D%E9%81%BA%E5%93%81%E6%95%B4%E7%90%86%E2%97%BC%EF%B8%8F%E8%94%B5%E3%81%8B%E3%82%89%E5%87%BA%E3%81%A6%E3%81%8D%E3%81%9F%E8%AC%8E%E3%81%AE%E5%A3%BA%E3%80%81%E5%A3%B7%E3%80%81%E8%8A%B1%E7%93%B6%E3%80%81%E9%99%B6%E5%99%A8%E3%80%81%E8%8A%B1%E9%81%93%E5%85%B7%E3%80%81%E3%83%92%E3%83%A7%E3%82%A6%E3%82%BF%E3%83%B3 HTTP/1.1" 200 40850 "-" "Mozilla/5.0 AppleWebKit/537.36 (KHTML, like Gecko; compatible; bingbot/2.0; +http://www.bing.com/bingbot.htm) Chrome/116.0.1938.76 Safari/537.36"
2a06:98c0:3600::103 - - [02/May/2025:16:37:57 -0400] "GET /wordpress/wp-admin/setup-config.php HTTP/1.1" 200 0 "-" "Mozilla/5.0 (Windows NT 10.0; Win64; x64) AppleWebKit/537.36 (KHTML, like Gecko) Chrome/135.0.0.0 Safari/537.36"
52.167.144.176 - - [02/May/2025:16:42:33 -0400] "GET /?k=86276117482804&channel=74ea2e&from=form.php%3Fid%3D1174828-21639%26name%3DCSCDD+120A%E3%82%A2%E3%83%B3%E3%83%97%E6%95%B4%E6%B5%81%E5%99%A8%E3%83%95%E3%82%A3%E3%83%AB%E3%82%BF%E3%83%BC%E4%BE%9B%E7%B5%A6%E9%9B%BB%E6%BA%90%E3%83%9C%E3%83%BC%E3%83%89%E9%AB%98%E5%87%BA%E5%8A%9B%E3%82%B7%E3%83%A7%E3%83%83%E3%83%88%E3%82%AD%E3%83%BC%E6%95%B4%E6%B5%81%E5%99%A8%E3%83%95%E3%82%A3%E3%83%AB%E3%82%BF%E3%83%BC%E9%9B%BB%E6%BA%90%E3%83%9C%E3%83%BC%E3%83%8910000UF+125V HTTP/1.1" 200 42080 "-" "Mozilla/5.0 AppleWebKit/537.36 (KHTML, like Gecko; compatible; bingbot/2.0; +http://www.bing.com/bingbot.htm) Chrome/116.0.1938.76 Safari/537.36"
52.167.144.142 - - [02/May/2025:16:42:37 -0400] "GET /?k=62892171810000&channel=ce82a8&from=category-info.php%3Fid%3D1718100-11438%26name%3DOkiyakusama+%E8%87%AA%E5%8B%95%E8%BB%8A%E3%83%9C%E3%83%87%E3%82%A3%E3%81%AE%E3%81%B8%E3%81%93%E3%81%BF%E4%BF%AE%E7%90%86%E3%83%84%E3%83%BC%E3%83%AB+%E8%87%AA%E5%8B%95%E8%BB%8A%E5%A1%97%E8%A3%85%E4%B8%8D%E8%A6%81%E3%81%AE%E4%BF%AE%E7%90%86%E7%94%A8%E3%83%97%E3%83%BC%E3%83%A9%E3%83%BC+%E9%9B%B9%E3%81%AB%E3%82%88%E3%82%8B%E3%81%B8%E3%81%93%E3%81%BF%E3%81%AE%E9%99%A4%E5%8E%BB+%E8%87%AA%E5%8B%95%E8%BB%8A%E7%94%A8%E3%82%A8%E3%82%AD%E3%82%B9%E3%83%91%E3%83%B3%E3%83%80%E3%83%BC HTTP/1.1" 200 41227 "-" "Mozilla/5.0 AppleWebKit/537.36 (KHTML, like Gecko; compatible; bingbot/2.0; +http://www.bing.com/bingbot.htm) Chrome/116.0.1938.76 Safari/537.36"
2a06:98c0:3600::103 - - [02/May/2025:16:42:39 -0400] "GET /wp-admin/setup-config.php HTTP/1.1" 200 0 "-" "Mozilla/5.0 (Windows NT 10.0; Win64; x64) AppleWebKit/537.36 (KHTML, like Gecko) Chrome/135.0.0.0 Safari/537.36"
52.167.144.160 - - [02/May/2025:16:47:29 -0400] "GET /?k=85190194790803&channel=f5015e&from=jp.php%3Fid%3D1947908-10142%26name%3D%E7%BD%AE%E7%89%A9%E6%A3%9A%E3%80%81%E5%8F%8E%E7%B4%8D%E6%A3%9A%E3%80%81%E3%82%B7%E3%83%A7%E3%83%83%E3%83%94%E3%83%B3%E3%82%B0%E3%82%AB%E3%83%BC%E3%83%88%E3%80%81%E6%89%8B%E6%8A%BC%E3%81%97%E8%BB%8A%E3%80%81%E7%A7%BB%E5%8B%95%E5%8F%AF%E8%83%BD%E3%80%814%E6%AE%B5%E9%9A%8E%E3%80%8190-180%C2%B0%E3%81%AE%E8%A7%92%E5%BA%A6%E3%82%92%E8%87%AA%E5%8B%95%E7%9A%84%E3%81%AB%E5%88%B6%E5%BE%A1%E3%81%A7%E3%81%8D%E3%80%81%E8%BB%8A%E8%BC%AA%E4%BB%98%E3%81%8D%E3%80%81%E5%B0%8F%E5%9E%8B%E3%81%AE%E6%89%8B%E6%8A%BC%E3%81%97%E8%BB%8A%E3%80%81%E5%8F%8E HTTP/1.1" 200 42403 "-" "Mozilla/5.0 AppleWebKit/537.36 (KHTML, like Gecko; compatible; bingbot/2.0; +http://www.bing.com/bingbot.htm) Chrome/116.0.1938.76 Safari/537.36"
52.167.144.22 - - [02/May/2025:16:48:53 -0400] "GET /?k=94803117282206&channel=dfbb8a&from=category-info.php%3Fid%3D1172822-7206%26name%3D%E3%83%A4%E3%83%9E%E3%83%8F+XT660E%E7%94%A8CNC%E6%8A%98%E3%82%8A%E3%81%9F%E3%81%9F%E3%81%BF%E5%BC%8F%E6%8B%A1%E5%BC%B5%E5%8F%AF%E8%83%BD%E3%83%A2%E3%83%BC%E3%82%BF%E3%83%BC%E3%82%B5%E3%82%A4%E3%82%AF%E3%83%AB%E3%83%96%E3%83%AC%E3%83%BC%E3%82%AD%E3%82%AF%E3%83%A9%E3%83%83%E3%83%81%E3%83%AC%E3%83%90%E3%83%BC1990-20032002+2001+2000 HTTP/1.1" 200 40628 "-" "Mozilla/5.0 AppleWebKit/537.36 (KHTML, like Gecko; compatible; bingbot/2.0; +http://www.bing.com/bingbot.htm) Chrome/116.0.1938.76 Safari/537.36"
52.167.144.160 - - [02/May/2025:16:49:40 -0400] "GET /?k=2202145934600&channel=7fe4f3&from=jp.php%3Fid%3D459346-12858%26name%3D%E5%9E%82%E7%9B%B4%E3%82%B8%E3%83%A3%E3%83%B3%E3%83%97%E6%B8%AC%E5%AE%9A%E3%83%86%E3%82%B9%E3%82%BF%E3%83%BC+%E3%82%B8%E3%83%A3%E3%83%B3%E3%83%97%E8%83%BD%E5%8A%9B%E3%83%88%E3%83%AC%E3%83%BC%E3%83%8B%E3%83%B3%E3%82%B0%E3%83%86%E3%82%B9%E3%82%BF%E3%83%BC+%E3%83%90%E3%83%AC%E3%83%BC%E3%83%9C%E3%83%BC%E3%83%AB%E3%82%B9%E3%83%91%E3%82%A4%E3%82%AF%E3%82%B8%E3%83%A3%E3%83%B3%E3%83%97%E3%83%88%E3%83%AC%E3%83%BC%E3%83%8A%E3%83%BC+%E3%83%90%E3%82%B9%E3%82%B1%E3%83%83%E3%83%88%E3%83%9C%E3%83%BC%E3%83%AB%E3%83%88%E3%83%AC%E3%83%BC%E3%83%8B%E3%83%B3%E3%82%B0%E8%A3%9C%E5%8A%A9 HTTP/1.1" 200 43143 "-" "Mozilla/5.0 AppleWebKit/537.36 (KHTML, like Gecko; compatible; bingbot/2.0; +http://www.bing.com/bingbot.htm) Chrome/116.0.1938.76 Safari/537.36"
52.167.144.160 - - [02/May/2025:16:51:11 -0400] "GET /?k=94742178216200&channel=d42d5b&from=shared.php%3Fid%3D1782162-1099%26name%3D%E3%83%8F%E3%82%A4%E3%82%A8%E3%83%BC%E3%82%B9%E3%80%807%E5%9E%8B%E7%B4%94%E6%AD%A3%E3%83%86%E3%83%BC%E3%83%AB%E3%83%A9%E3%83%B3%E3%83%97%E3%80%80%E6%9D%A1%E4%BB%B6%E4%BB%98%E3%81%8D%E3%80%82 HTTP/1.1" 200 40254 "-" "Mozilla/5.0 AppleWebKit/537.36 (KHTML, like Gecko; compatible; bingbot/2.0; +http://www.bing.com/bingbot.htm) Chrome/116.0.1938.76 Safari/537.36"
66.249.73.200 - - [02/May/2025:16:51:43 -0400] "GET /?k=29712107939404&channel=57a0dc&from=brands.php%3Fid%3D1079394-5688%26name%3D%E3%83%88%E3%83%A9%E3%83%B3%E3%82%B9%E3%83%9F%E3%83%83%E3%82%B7%E3%83%A7%E3%83%B3%E3%83%99%E3%83%AB%E3%83%88+%E3%83%9E%E3%83%83%E3%82%B7%E3%83%A2%E7%94%A8+%E3%82%A2%E3%83%AA%E3%82%B2%E3%83%BC%E3%82%BF%E3%83%BC%E7%94%A8+500+550+700%E3%83%8A%E3%82%A4%E3%83%88500+700%E7%94%A8+MSA500%E7%94%A8+MSU500%E7%94%A8 HTTP/1.1" 200 52464 "-" "Mozilla/5.0 (Linux; Android 6.0.1; Nexus 5X Build/MMB29P) AppleWebKit/537.36 (KHTML, like Gecko) Chrome/135.0.7049.95 Mobile Safari/537.36 (compatible; Googlebot/2.1; +http://www.google.com/bot.html)"
40.77.167.23 - - [02/May/2025:16:52:27 -0400] "GET /?k=82899184522803&channel=7d3dde&from=article.php%3Fid%3D1845228-14824%26name%3DFarigrut+%E9%89%84%E9%8D%8B%E5%9C%9F%E9%8D%8B+%E9%89%84%E9%8B%B3%E7%89%A9%E8%A3%BD+%E3%82%AC%E3%82%B9%E7%81%AB+IH+%E5%AF%BE%E5%BF%9C+%E9%8B%B3%E9%89%84%E9%8D%8B%E5%AE%B6%E5%BA%AD%E7%94%A8%E4%B8%A1%E8%80%B3%E5%A4%A7%E5%9E%8B%E9%89%84%E9%8D%8B%E6%98%94%E3%81%AA%E3%81%8C%E3%82%89%E3%81%AE%E4%B8%B8%E5%BA%95%E3%82%AC%E3%82%B9+%E5%A4%9A%E7%9B%AE%E7%9A%84%E9%8D%8B+%E6%9C%AC%E6%A0%BC%E7%9A%84%E3%81%AA%E9%89%84%E8%A3%BD%E3%81%AE%E3%81%8A%E9%8D%8B%E3%81%A7 HTTP/1.1" 200 41937 "-" "Mozilla/5.0 AppleWebKit/537.36 (KHTML, like Gecko; compatible; bingbot/2.0; +http://www.bing.com/bingbot.htm) Chrome/116.0.1938.76 Safari/537.36"
40.77.167.23 - - [02/May/2025:16:52:38 -0400] "GET /?k=452278481704&channel=4cd370&from=form.php%3Fid%3D84817-524%26name%3D1+%E3%83%9A%E3%82%A2%E3%83%90%E3%83%83%E3%82%AF%E3%83%9F%E3%83%A9%E3%83%BC%E3%82%AB%E3%83%90%E3%83%BC%E3%82%AD%E3%83%A3%E3%83%83%E3%83%97%E5%A4%96%E8%A3%85%E3%82%AB%E3%83%BC%E3%83%9C%E3%83%B3%E3%83%91%E3%82%BF%E3%83%BC%E3%83%B3%E4%BA%A4%E6%8F%9B%E7%94%A8%E3%82%A4%E3%83%B3%E3%83%95%E3%82%A3%E3%83%8B%E3%83%86%E3%82%A3+2014+2015+2016+2017+2018+201 HTTP/1.1" 200 40048 "-" "Mozilla/5.0 AppleWebKit/537.36 (KHTML, like Gecko; compatible; bingbot/2.0; +http://www.bing.com/bingbot.htm) Chrome/116.0.1938.76 Safari/537.36"
66.249.73.201 - - [02/May/2025:16:54:23 -0400] "GET /?k=95097159083102&channel=e664a0&from=blog.php%3Fid%3D1590831-600%26name%3D%E3%82%AA%E3%83%B3%E3%83%96%E3%83%AC%E3%83%81%E3%82%A7%E3%83%83%E3%82%AF%E3%80%80%E3%82%B3%E3%83%BC%E3%83%88%E3%80%80vintage HTTP/1.1" 200 0 "-" "Mozilla/5.0 (Linux; Android 6.0.1; Nexus 5X Build/MMB29P) AppleWebKit/537.36 (KHTML, like Gecko) Chrome/135.0.7049.95 Mobile Safari/537.36 (compatible; GoogleOther)"
2a06:98c0:3600::103 - - [02/May/2025:16:55:06 -0400] "GET /wp-admin/setup-config.php HTTP/1.1" 200 0 "-" "Mozilla/5.0 (Windows NT 10.0; Win64; x64) AppleWebKit/537.36 (KHTML, like Gecko) Chrome/135.0.0.0 Safari/537.36"
20.15.133.175 - - [02/May/2025:16:55:10 -0400] "GET /?k=1199834436702&channel=d4b995&from=product.php%3Fid%3D344367-13%26name%3D%E3%82%AA%E3%83%BC%E3%83%80%E3%83%BC%E3%83%AF%E3%83%B3%E3%83%94%E3%83%BC%E3%82%B9%E3%80%80L HTTP/1.1" 200 41185 "-" "Mozilla/5.0 AppleWebKit/537.36 (KHTML, like Gecko; compatible; bingbot/2.0; +http://www.bing.com/bingbot.htm) Chrome/116.0.1938.76 Safari/537.36"
66.249.73.201 - - [02/May/2025:16:55:27 -0400] "GET /?k=51741104966503&channel=bc81a8&from=form.php%3Fid%3D1049665-3493%26name%3DCM400DY-12NF+CM400DY-24NF+IGBT+%E3%83%91%E3%83%AF%E3%83%BC%E3%82%B5%E3%82%A4%E3%83%AA%E3%82%B9%E3%82%BF%E3%83%A2%E3%82%B8%E3%83%A5%E3%83%BC%E3%83%AB%28CM400DY-24NF%29 HTTP/1.1" 200 0 "-" "Mozilla/5.0 (Linux; Android 6.0.1; Nexus 5X Build/MMB29P) AppleWebKit/537.36 (KHTML, like Gecko) Chrome/135.0.7049.95 Mobile Safari/537.36 (compatible; GoogleOther)"
2a06:98c0:3600::103 - - [02/May/2025:16:55:44 -0400] "GET /wordpress/wp-admin/setup-config.php HTTP/1.1" 200 0 "-" "Mozilla/5.0 (Windows NT 10.0; Win64; x64) AppleWebKit/537.36 (KHTML, like Gecko) Chrome/135.0.0.0 Safari/537.36"
66.249.73.201 - - [02/May/2025:16:56:40 -0400] "GET /?k=41007198943208&channel=0f03ca&from=article.php%3Fid%3D1989432-20324%26name%3Dguess%E3%82%B8%E3%83%A3%E3%82%B1%E3%83%83%E3%83%88 HTTP/1.1" 200 0 "-" "Mozilla/5.0 (Linux; Android 6.0.1; Nexus 5X Build/MMB29P) AppleWebKit/537.36 (KHTML, like Gecko) Chrome/135.0.7049.95 Mobile Safari/537.36 (compatible; GoogleOther)"
66.249.73.200 - - [02/May/2025:17:03:38 -0400] "GET /?k=83573124878006&channel=755dd8&from=news.php%3Fid%3D1248780-5676%26name%3D%E3%80%90%E6%95%B0%E5%9B%9E%E4%BD%BF%E7%94%A8%E7%A8%8B%E5%BA%A6%E3%80%91HARUTA+%E3%83%8F%E3%83%AB%E3%82%BF+%E3%83%AD%E3%83%BC%E3%83%95%E3%82%A1%E3%83%BC+6550+%E3%83%96%E3%83%A9%E3%83%83%E3%82%AF+26cm HTTP/1.1" 200 0 "-" "Mozilla/5.0 (Linux; Android 6.0.1; Nexus 5X Build/MMB29P) AppleWebKit/537.36 (KHTML, like Gecko) Chrome/135.0.7049.95 Mobile Safari/537.36 (compatible; GoogleOther)"
66.249.73.201 - - [02/May/2025:17:05:14 -0400] "GET /?k=981993000701&channel=a1e7bb&from=jp.php%3Fid%3D30007-3433%26name%3D%E6%96%B0%E5%93%81+Heshare+%E9%99%A4%E6%B9%BF%E6%A9%9F+%E5%A4%A7%E5%AE%B9%E9%87%8F+3L+%E5%BC%B7%E5%8A%9B%E9%99%A4%E6%B9%BF+%E6%A2%85%E9%9B%A8%EF%BD%A5%E6%B9%BF%E6%B0%97%E5%AF%BE%E7%AD%96+%E6%BA%80%E6%B0%B4%E5%81%9C%E6%AD%A2%E6%A9%9F+5-16%E7%95%B3%E5%AF%BE%E5%BF%9C+%E7%9C%81%E3%82%A8%E3%83%8D+%E9%9D%99%E9%9F%B3+%E3%82%B3%E3%83%B3%E3%83%91%E3%82%AF%E3%83%88+%E9%83%A8%E5%B1%8B%E5%B9%B2%E3%81%97+%E9%99%A4%E6%B9%BF%E5%99%A8+%E5%B0%8F%E5%9E%8B%E3%80%90%E6%AD%A3%E8%A6%8F%E5%93%81%E3%80%91+%E8%BB%BD%E9%87%8F+%E3%81%98%E3%82%87%E3%81%97%E3%81%A4%E3%81%8D+%E9%9D%99%E9%9F%B3+7%E8%89%B2%E3%83%A9%E3%83%B3%E3%83%97+%E3%83%8F%E3%83%B3%E3%83%89%E3%83%AB%E4%BB%98%E3%81%8D%EF%BC%88black%EF%BC%89 HTTP/1.1" 200 0 "-" "Mozilla/5.0 (Linux; Android 6.0.1; Nexus 5X Build/MMB29P) AppleWebKit/537.36 (KHTML, like Gecko) Chrome/135.0.7049.95 Mobile Safari/537.36 (compatible; GoogleOther)"
52.167.144.200 - - [02/May/2025:17:05:26 -0400] "GET /?k=6720910753101&channel=2ac5e8&from=form.php%3Fid%3D107531-7675%26name%3Dmohngie+12+V%E8%87%AA%E5%8B%95%E8%BB%8A%E3%82%A8%E3%82%A2%E3%82%B3%E3%83%B3%E9%9B%BB%E5%8B%95%E5%9C%A7%E7%B8%AE%E6%A9%9F%E5%9B%9B%E5%AD%94%E8%92%B8%E7%99%BA%E5%99%A8%E3%82%BB%E3%83%83%E3%83%88%E3%80%81%E3%81%8A%E3%81%98%E3%81%84%E3%81%95%E3%82%93%E3%81%AE%E8%BB%8A%E3%80%81%E3%83%88%E3%83%A9%E3%83%83%E3%82%AF%E3%80%81%E4%BD%8F%E5%AE%85%E8%BB%8A%E3%80%81%E8%BE%B2%E6%A5%AD%E7%94%A8%E8%BB%8A%E3%80%81%E6%8E%98%E5%89%8A%E6%A9%9F%E3%80%81%E8%87%AA%E5%8B%95%E8%BB%8A%E3%82%A8%E3%82%A2%E3%82%B3%E3%83%B3 HTTP/1.1" 200 39802 "-" "Mozilla/5.0 AppleWebKit/537.36 (KHTML, like Gecko; compatible; bingbot/2.0; +http://www.bing.com/bingbot.htm) Chrome/116.0.1938.76 Safari/537.36"
66.249.73.201 - - [02/May/2025:17:06:20 -0400] "GET /?k=75210144891301&channel=5219ae&from=product.php%3Fid%3D1448913-24274%26name%3DSwageLine+%E3%82%A4%E3%83%BC%E3%82%B8%E3%83%BC%E3%82%AA%E3%83%BC%E3%83%80%E3%83%BC%E3%83%9B%E3%83%BC%E3%82%B9+G%EF%BC%86K%EF%BC%8FBLK+SF-20+%28SWAGE-LINE+GAKB-1012%29+%E3%82%BB%E3%83%BC%E3%83%AB HTTP/1.1" 200 0 "-" "Mozilla/5.0 (Linux; Android 6.0.1; Nexus 5X Build/MMB29P) AppleWebKit/537.36 (KHTML, like Gecko) Chrome/135.0.7049.95 Mobile Safari/537.36 (compatible; GoogleOther)"
66.249.73.202 - - [02/May/2025:17:08:06 -0400] "GET /?k=7429475474500&channel=f7449e&from=jp.php%3Fid%3D754745-16143%26name%3DROXY+%E3%82%B9%E3%82%A6%E3%82%A7%E3%83%83%E3%83%88%E3%83%91%E3%83%B3%E3%83%84+%E3%83%A9%E3%82%A4%E3%83%88%E3%82%B0%E3%83%AA%E3%83%BC%E3%83%B3 HTTP/1.1" 200 0 "-" "Mozilla/5.0 (Linux; Android 6.0.1; Nexus 5X Build/MMB29P) AppleWebKit/537.36 (KHTML, like Gecko) Chrome/135.0.7049.95 Mobile Safari/537.36 (compatible; GoogleOther)"
40.77.167.10 - - [02/May/2025:17:08:37 -0400] "GET /?k=83143184505607&channel=9d117f&from=product.php%3Fid%3D1845056-2173%26name%3D%E3%82%A4%E3%83%A4%E3%83%9B%E3%83%B3%E3%81%AF%E8%80%B3%E3%83%98%E3%83%83%E3%83%89%E3%83%95%E3%82%A9%E3%83%B3%E3%81%A7%E6%9C%89%E7%B7%9A%2C%E3%83%9E%E3%82%A4%E3%82%AF%E3%81%A7%E3%83%98%E3%83%83%E3%83%89%E3%83%95%E3%82%A9%E3%83%B3%E3%82%92%E3%83%97%E3%83%A9%E3%82%B0%E3%82%A4%E3%83%B3%E3%81%97%E3%81%BE%E3%81%99+%7C+3.5mm%E9%AB%98%E5%BF%A0%E5%AE%9F%E5%BA%A6%E3%81%AE%E9%AB%98%E3%81%84%E3%82%A4%E3%83%A4%E3%83%9B%E3%83%B3%E3%82%B2%E3%83%BC%E3%83%A0%E9%A3%9B%E8%A1%8C%E6%A9%9F%E3%81%AE%E3%82%B9%E3%82%BF%E3%82%B8%E3%82%AA%E3%83%AC HTTP/1.1" 200 41691 "-" "Mozilla/5.0 AppleWebKit/537.36 (KHTML, like Gecko; compatible; bingbot/2.0; +http://www.bing.com/bingbot.htm) Chrome/116.0.1938.76 Safari/537.36"
40.77.167.33 - - [02/May/2025:17:09:22 -0400] "GET /?k=49196119409900&channel=3f48f8&from=blog.php%3Fid%3D1194099-4011%26name%3D%E5%BE%8C%E9%83%A8%E3%83%95%E3%82%A7%E3%82%A2%E3%83%AA%E3%83%B3%E3%82%B0%E3%83%86+%E3%83%A4%E3%83%9E%E3%83%8F+RZ350+1984-1986+%E3%82%AA%E3%83%BC%E3%83%88%E3%83%90%E3%82%A4%E3%82%B7%E3%82%A7%E3%83%AB%E3%83%AA%E3%82%A2%E3%83%86%E3%83%BC%E3%83%AB%E3%82%BB%E3%82%AF%E3%82%B7%E3%83%A7%E3%83%B3%E3%82%B7%E3%83%BC%E3%83%88%E3%82%AB%E3%82%A6%E3%83%AB%E3%83%95%E3%82%A7%E3%82%A2%E3%83%AA%E3%83%B3%E3%82%B0%E9%83%A8%E5%88%86%E3%83%AA%E3%82%A2%E3%82%B7%E3%83%BC HTTP/1.1" 200 40874 "-" "Mozilla/5.0 AppleWebKit/537.36 (KHTML, like Gecko; compatible; bingbot/2.0; +http://www.bing.com/bingbot.htm) Chrome/116.0.1938.76 Safari/537.36"
2a06:98c0:3600::103 - - [02/May/2025:17:10:17 -0400] "GET /wordpress/wp-admin/setup-config.php HTTP/1.1" 200 0 "-" "Mozilla/5.0 (Windows NT 10.0; Win64; x64) AppleWebKit/537.36 (KHTML, like Gecko) Chrome/135.0.0.0 Safari/537.36"
2a06:98c0:3600::103 - - [02/May/2025:17:10:50 -0400] "GET /wp-admin/setup-config.php HTTP/1.1" 200 0 "-" "Mozilla/5.0 (Windows NT 10.0; Win64; x64) AppleWebKit/537.36 (KHTML, like Gecko) Chrome/135.0.0.0 Safari/537.36"
40.77.167.10 - - [02/May/2025:17:12:57 -0400] "GET /?k=6802259079701&channel=5146d9&from=goods.php%3Fid%3D590797-3396%26name%3D%5BUSB%E3%81%A7%E9%8C%B2%E7%94%BB%E3%82%84%E5%86%8D%E7%94%9F%E5%8F%AF%E8%83%BD%5D%E3%83%9D%E3%83%BC%E3%82%BF%E3%83%96%E3%83%AB%E3%83%86%E3%83%AC%E3%83%93+%E3%83%86%E3%83%AC%E3%83%93%E5%B0%8F%E5%9E%8B+14.1%E3%82%A4%E3%83%B3%E3%83%81 HTTP/1.1" 200 39113 "-" "Mozilla/5.0 AppleWebKit/537.36 (KHTML, like Gecko; compatible; bingbot/2.0; +http://www.bing.com/bingbot.htm) Chrome/116.0.1938.76 Safari/537.36"
66.249.73.202 - - [02/May/2025:17:13:53 -0400] "GET /?k=2169710952101&channel=0c2e72&from=blog.php%3Fid%3D109521-2404%26name%3D%E3%83%AC%E3%82%A2%E7%89%A9%E3%80%80%E3%83%91%E3%83%AA%E3%82%BB%E3%82%A4%E3%82%BA+%E3%82%A8%E3%82%A4%E3%83%AA%E3%82%A2%E3%83%B3%E3%80%80SP%E3%82%A8%E3%83%87%E3%82%A3%E3%82%B7%E3%83%A7%E3%83%B3%E3%80%80%E3%83%94%E3%83%A5%E3%83%BC%E3%82%BF%E3%83%BC%E8%A3%BD%E3%80%80%E4%B8%96%E7%95%8C%E9%99%90%E5%AE%9A250%E5%80%8B HTTP/1.1" 200 0 "-" "Mozilla/5.0 (Linux; Android 6.0.1; Nexus 5X Build/MMB29P) AppleWebKit/537.36 (KHTML, like Gecko) Chrome/135.0.7049.95 Mobile Safari/537.36 (compatible; GoogleOther)"
66.249.73.202 - - [02/May/2025:17:14:40 -0400] "GET /?k=7049049164003&channel=e721f4&from=form.php%3Fid%3D491640-2176%26name%3D%E3%81%B2%E3%82%8C%E3%81%84%E3%81%B2%E3%81%93%E3%81%86%E3%81%8D%E3%83%A2%E3%83%87%E3%83%AB+16+%E3%82%BB%E3%83%B3%E3%83%81%E3%83%A1%E3%83%BC%E3%83%88%E3%83%AB%E3%83%9C%E3%83%BC%E3%82%A4%E3%83%B3%E3%82%B0+B747+%E3%82%B7%E3%83%9F%E3%83%A5%E3%83%AC%E3%83%BC%E3%82%B7%E3%83%A7%E3%83%B3%E5%AE%8C%E6%88%90%E3%81%97%E3%81%9F%E8%88%AA%E7%A9%BA%E6%A9%9F%E3%83%A2%E3%83%87%E3%83%AB%E3%83%80%E3%82%A4%E3%82%AD%E3%83%A3%E3%82%B9%E3%83%88%E8%88%AA%E7%A9%BA%E6%A9%9F%E3%83%A2%E3%83%87%E3%83%AB%E3%81%A8%E3%83%96%E3%83%A9%E3%82%B1 HTTP/1.1" 200 51158 "-" "Mozilla/5.0 (Linux; Android 6.0.1; Nexus 5X Build/MMB29P) AppleWebKit/537.36 (KHTML, like Gecko) Chrome/135.0.7049.95 Mobile Safari/537.36 (compatible; Googlebot/2.1; +http://www.google.com/bot.html)"
66.249.73.201 - - [02/May/2025:17:14:53 -0400] "GET /?k=88484152033500&channel=1b207b&from=article.php%3Fid%3D1520335-221%26name%3D%E5%B1%8B%E5%A4%96%E3%82%B3%E3%83%9F%E3%83%A5%E3%83%8B%E3%83%86%E3%82%A3%E3%83%A8%E3%83%BC%E3%83%AD%E3%83%83%E3%83%91%E3%83%86%E3%83%8B%E3%82%B9%E4%B8%AD%E7%A9%BA%E3%83%B4%E3%82%A3%E3%83%A9%E3%83%9D%E3%83%BC%E3%83%AB%E3%83%A9%E3%82%A4%E3%83%88%E3%82%AC%E3%83%BC%E3%83%87%E3%83%B3%E3%83%B4%E3%82%A3%E3%83%A9%E8%8A%9D%E7%94%9F%E3%83%A9%E3%82%A4%E3%83%88%E4%B8%AD%E5%BA%AD%E8%A1%97%E7%81%AF%E9%98%B2%E6%B0%B4%E3%82%A2%E3%83%AB%E3%83%9F%E3%82%AC%E3%83%A9%E3%82%B9E27%E3%82%B9%E3%83%86%E3%82%A3%E3%82%B0%E3%83%9E%E3%83%95%E3%83%AD%E3%82%A2%E3%83%A9%E3%83%B3%E3%83%97%E3%83%9D HTTP/1.1" 200 0 "-" "Mozilla/5.0 (Linux; Android 6.0.1; Nexus 5X Build/MMB29P) AppleWebKit/537.36 (KHTML, like Gecko) Chrome/135.0.7049.95 Mobile Safari/537.36 (compatible; GoogleOther)"
