52.167.144.199 - - [03/May/2025:00:23:04 -0400] "GET /?k=44745194939307&channel=a91c86&from=article.php%3Fid%3D1949393-10241%26name%3DX+AUTOHAUX+1%E5%80%8B+%E5%86%85%E5%BE%8451-76mm%E9%95%B7%E3%81%95127mm+0%E5%BA%A6+%E3%83%96%E3%83%A9%E3%83%83%E3%82%AF+%E3%82%AB%E3%83%BC+%E3%82%B7%E3%83%AA%E3%82%B3%E3%83%B3%E3%83%9B%E3%83%BC%E3%82%B9+%E3%82%B7%E3%83%AA%E3%82%B3%E3%83%B3%E3%83%81%E3%83%A5%E3%83%BC%E3%83%96+%E3%82%A4%E3%83%B3%E3%82%BF%E3%83%BC%E3%82%AF%E3%83%BC%E3%83%A9%E3%83%BC+%E3%82%BF%E3%83%BC%E3%83%9C+%E3%82%A4%E3%83%B3%E3%83%86%E3%83%BC%E3%82%AF+%E3%83%A9%E3%82%B8%E3%82%A7%E3%83%BC%E3%82%BF%E3%83%BC%E3%83%9B%E3%83%BC%E3%82%B9+%E8%80%90%E5%9C%A7%E5%8A%9B+%E8%80%90%E4%B9%85+%E8%80%90%E7%86%B1%E3%83%9B%E3%83%BC%E3%82%B9+%E8%80%90%E5%AF%92+%E5%86%B7%E5%8D%B4+%E6%8E%A5%E7%B6%9A%E3%83%9B%E3%83%BC%E3%82%B9+%E8%87%AA%E5%8B%95%E8%BB%8A+%E5%BB%BA%E8%A8%AD%E6%A9%9F%E6%A2%B0+%E5%B7%A5%E6%A5%AD%E7%94%A8+%E6%B1%8E%E7%94%A8 HTTP/1.1" 200 40572 "-" "Mozilla/5.0 AppleWebKit/537.36 (KHTML, like Gecko; compatible; bingbot/2.0; +http://www.bing.com/bingbot.htm) Chrome/116.0.1938.76 Safari/537.36"
66.249.74.104 - - [03/May/2025:00:23:04 -0400] "GET /?k=1163683020200&channel=9a0cc8&from=form.php%3Fid%3D830202-14787%26name%3D%E8%A2%AB%E5%B8%83%E3%82%BB%E3%83%83%E3%83%88+%E5%A5%B3%E5%85%903%E6%AD%B3%E7%94%A8+%E8%8A%B1%E6%9F%84 HTTP/1.1" 200 0 "-" "Mozilla/5.0 (Linux; Android 6.0.1; Nexus 5X Build/MMB29P) AppleWebKit/537.36 (KHTML, like Gecko) Chrome/135.0.7049.95 Mobile Safari/537.36 (compatible; GoogleOther)"
66.249.74.103 - - [03/May/2025:00:24:28 -0400] "GET /?k=9829414980300&channel=d66800&from=jp.php%3Fid%3D149803-6106%26name%3DTrick+Or+Treat+Studios%E3%83%8F%E3%83%AD%E3%82%A6%E3%82%A3%E3%83%B3+1978+%E3%83%9C%E3%83%BC%E3%83%89%E3%82%B2%E3%83%BC%E3%83%A0 HTTP/1.1" 200 0 "-" "Mozilla/5.0 (Linux; Android 6.0.1; Nexus 5X Build/MMB29P) AppleWebKit/537.36 (KHTML, like Gecko) Chrome/135.0.7049.95 Mobile Safari/537.36 (compatible; GoogleOther)"
66.249.74.105 - - [03/May/2025:00:25:21 -0400] "GET /?k=61298181066704&channel=f276b8&from=shared.php%3Fid%3D1810667-7053%26name%3D%5B%E3%83%9E%E3%83%AD%E3%83%BC%E3%83%8D%5D+%E5%B8%BD%E5%AD%90+%E3%83%A1%E3%83%B3%E3%82%BA+%E3%83%AC%E3%83%87%E3%82%A3%E3%83%BC%E3%82%B9+One+Panel+Berretto+Ajiro%EF%BC%88%E3%83%AF%E3%83%B3%E3%83%91%E3%83%8D%E3%83%AB%E3%83%99%E3%83%AC%E3%83%83%E3%83%88+%E3%82%A2%E3%82%B8%E3%83%AD%EF%BC%89+mrwh15 HTTP/1.1" 200 53055 "-" "Mozilla/5.0 (Linux; Android 6.0.1; Nexus 5X Build/MMB29P) AppleWebKit/537.36 (KHTML, like Gecko) Chrome/135.0.7049.95 Mobile Safari/537.36 (compatible; Googlebot/2.1; +http://www.google.com/bot.html)"
66.249.74.104 - - [03/May/2025:00:25:44 -0400] "GET /?k=82583136576106&channel=05923b&from=goods.php%3Fid%3D1365761-13932%26name%3D%E3%82%AB%E3%83%BC%E3%82%B5%E3%83%B3%E3%82%B7%E3%82%A7%E3%83%BC%E3%83%89+%E3%81%9F%E3%82%81%E3%81%AB+CH-R+2016-2022+%E8%BB%8A%E3%81%AE%E3%82%B5%E3%83%B3%E3%82%B7%E3%82%A7%E3%83%BC%E3%83%89%E3%83%90%E3%82%A4%E3%82%B6%E3%83%BC%E3%83%95%E3%83%AD%E3%83%B3%E3%83%88%E3%82%AC%E3%83%A9%E3%82%B9%E3%83%95%E3%83%AC%E3%83%BC%E3%83%A0%E3%82%AB%E3%83%BC%E3%83%86%E3%83%B3%E3%83%AA%E3%82%A2%E3%82%B5%E3%82%A4%E3%83%89%E3%82%A6%E3%82%A3%E3%83%B3%E3%83%89%E3%82%A6%E3%82%B5 HTTP/1.1" 200 0 "-" "Mozilla/5.0 (Linux; Android 6.0.1; Nexus 5X Build/MMB29P) AppleWebKit/537.36 (KHTML, like Gecko) Chrome/135.0.7049.95 Mobile Safari/537.36 (compatible; GoogleOther)"
66.249.74.104 - - [03/May/2025:00:26:48 -0400] "GET /?k=7298731792601&channel=ba7565&from=product.php%3Fid%3D317926-11781%26name%3D%E3%80%90%E4%BB%A4%E7%8E%8B%E6%A7%98%E2%99%A1%E3%81%94%E7%A2%BA%E8%AA%8D%E3%83%9A%E3%83%BC%E3%82%B8%E3%80%91 HTTP/1.1" 200 51024 "-" "Mozilla/5.0 (Linux; Android 6.0.1; Nexus 5X Build/MMB29P) AppleWebKit/537.36 (KHTML, like Gecko) Chrome/135.0.7049.95 Mobile Safari/537.36 (compatible; Googlebot/2.1; +http://www.google.com/bot.html)"
66.249.74.103 - - [03/May/2025:00:27:02 -0400] "GET /?k=2802845662704&channel=b9445b&from=news.php%3Fid%3D456627-10589%26name%3D%E3%83%99%E3%83%B3%E3%83%81%E3%82%B3%E3%83%BC%E3%83%88+%E3%82%B5%E3%83%83%E3%82%AB%E3%83%BC+%E3%82%B8%E3%83%A5%E3%83%8B%E3%82%A2+%E3%82%B0%E3%83%BC%E3%82%B9%E3%83%80%E3%82%A6%E3%83%B3%E3%82%B8%E3%83%A3%E3%82%B1%E3%83%83%E3%83%88+%E3%83%A1%E3%83%B3%E3%82%BA+%E5%A4%A7%E3%81%8D%E3%81%84%E3%82%B5%E3%82%A4%E3%82%BA%E3%83%A1%E3%83%B3%E3%82%BA%E3%82%A2%E3%82%A6%E3%82%BF%E3%83%BC+%E3%82%B3%E3%83%A0%E3%82%B5+%E3%82%AB%E3%83%BC%E3%83%87%E3%82%A3+%E3%83%8C%E3%83%97%E3%82%B7%E3%82%B4%E3%82%A2%E3%83%86%E3%83%83%E3%82%AF%E3%82%B9 HTTP/1.1" 200 0 "-" "Mozilla/5.0 (Linux; Android 6.0.1; Nexus 5X Build/MMB29P) AppleWebKit/537.36 (KHTML, like Gecko) Chrome/135.0.7049.95 Mobile Safari/537.36 (compatible; GoogleOther)"
66.249.74.103 - - [03/May/2025:00:27:48 -0400] "GET /?k=6442915525500&channel=19f401&from=form.php%3Fid%3D155255-8828%26name%3D%E3%80%90%E6%96%B0%E5%93%81%E6%9C%AA%E9%96%8B%E5%B0%81%E3%80%91Logicool+MX+Anywhere+3 HTTP/1.1" 200 51062 "-" "Mozilla/5.0 (Linux; Android 6.0.1; Nexus 5X Build/MMB29P) AppleWebKit/537.36 (KHTML, like Gecko) Chrome/135.0.7049.95 Mobile Safari/537.36 (compatible; Googlebot/2.1; +http://www.google.com/bot.html)"
66.249.74.105 - - [03/May/2025:00:28:17 -0400] "GET /?k=28909196592200&channel=1c5e07&from=blog.php%3Fid%3D1965922-17557%26name%3D%E9%A4%8A%E8%9C%82%E7%94%A8%E3%82%B9%E3%83%A2%E3%83%BC%E3%82%AB%E3%83%BC%E3%82%AD%E3%83%83%E3%83%88+%E3%83%8D%E3%82%A4%E3%83%86%E3%82%A3%E3%83%96%E6%B6%B2%E4%BD%93%E3%81%A8%E6%8A%B5%E6%8A%97%E5%99%A8%E4%BB%98%E3%81%8D+%E6%A4%9C%E6%9F%BB%E3%81%8C%E7%B0%A1%E5%8D%98+%E9%A4%8A%E8%9C%82%E5%AE%B6%E3%81%AB%E3%81%A8%E3%81%A3%E3%81%A6%E5%AE%89%E5%85%A8%E3%81%A7%E9%9D%A9%E6%96%B0%E7%9A%84%E3%81%AA%E8%9C%82%E3%82%B9%E3%83%A2%E3%83%BC%E3%82%AB%E3%83%BC%E3%82%AD%E3%83%83%E3%83%88+120ml%E6%B6%B2%E4%BD%93+- HTTP/1.1" 200 0 "-" "Mozilla/5.0 (Linux; Android 6.0.1; Nexus 5X Build/MMB29P) AppleWebKit/537.36 (KHTML, like Gecko) Chrome/135.0.7049.95 Mobile Safari/537.36 (compatible; GoogleOther)"
66.249.74.104 - - [03/May/2025:00:28:27 -0400] "GET /?k=91988173650700&channel=664b1b&from=news.php%3Fid%3D1736507-7054%26name%3D%E3%82%AD%E3%83%A3%E3%82%B9%E3%82%B1%E3%83%83%E3%83%88+%E3%81%BC%E3%81%86%E3%81%97%E5%B8%BD%E5%AD%90+%E6%B1%9A%E3%82%8C%E9%98%B2%E6%AD%A2+%E3%83%9D%E3%83%B3%E3%83%9D%E3%83%B3+%E3%81%8A%E3%81%97%E3%82%83%E3%82%8C+%E3%82%AD%E3%83%A3%E3%83%83%E3%83%97+%E6%97%A5%E7%84%BC%E3%81%91%E3%81%A8+%E3%83%8B%E3%83%83%E3%83%88+%E6%B1%97%E3%81%A8%E3%82%8A+%E3%83%8F%E3%83%83%E3%83%88+%E3%83%AF%E3%83%BC%E3%82%AF+%E3%82%B5%E3%82%A6%E3%83%8A+%E6%B1%97%E6%AD%A2%E3%82%81+%E6%B6%BC%E3%81%97%E3%81%84 HTTP/1.1" 200 54870 "-" "Mozilla/5.0 (Linux; Android 6.0.1; Nexus 5X Build/MMB29P) AppleWebKit/537.36 (KHTML, like Gecko) Chrome/135.0.7049.95 Mobile Safari/537.36 (compatible; Googlebot/2.1; +http://www.google.com/bot.html)"
66.249.74.105 - - [03/May/2025:00:29:27 -0400] "GET /?k=8749587220203&channel=da47d5&from=form.php%3Fid%3D872202-4914%26name%3D%E3%83%8F%E3%83%B3%E3%83%89%E3%83%96%E3%83%AC%E3%83%BC%E3%82%AD%E3%82%A2%E3%82%AF%E3%83%81%E3%83%A5%E3%82%A8%E3%83%BC%E3%82%BF%E3%83%BC+6%2F12-%E3%83%88%E3%83%AB%E3%82%AF%E3%82%B9%E8%BB%8A%E3%81%AE%E8%80%90%E4%B9%85%E6%80%A7%E3%81%AE%E3%81%82%E3%82%8B%E3%82%A2%E3%82%AF%E3%82%BB%E3%82%B5%E3%83%AA%E3%83%BC%E3%83%AA%E3%82%A2%E3%82%AD%E3%83%A3%E3%83%AA%E3%83%91%E3%83%BC%E3%83%91%E3%83%BC%E3%82%AD%E3%83%B3%E3%82%B0%E3%83%96%E3%83%AC%E3%83%BC%E3%82%AD%E3%82%B5%E3%83%BC%E3%83%9C%E3%83%A2%E3%83%BC%E3%82%BF%E3%83%BC%E3%81%AB%E9%81%A9%E5%90%88%E3%81%99 HTTP/1.1" 200 51829 "-" "Mozilla/5.0 (Linux; Android 6.0.1; Nexus 5X Build/MMB29P) AppleWebKit/537.36 (KHTML, like Gecko) Chrome/135.0.7049.95 Mobile Safari/537.36 (compatible; Googlebot/2.1; +http://www.google.com/bot.html)"
66.249.74.104 - - [03/May/2025:00:29:40 -0400] "GET /?k=2010815860302&channel=506823&from=shared.php%3Fid%3D158603-9346%26name%3D%E7%89%B9%E4%BE%A1%EF%BC%81%E3%80%80%E3%83%84%E3%82%A4%E3%82%B9%E3%83%88%E8%84%9A%E3%80%80%E7%8C%AB%E8%84%9A%E3%80%80%E3%82%B3%E3%83%BC%E3%83%92%E3%83%BC%E3%83%86%E3%83%BC%E3%83%96%E3%83%AB%E3%80%80%E3%82%A2%E3%83%B3%E3%83%86%E3%82%A3%E3%83%BC%E3%82%AF%E8%AA%BF%E3%80%80%E3%82%A4%E3%83%B3%E3%83%86%E3%83%AA%E3%82%A2 HTTP/1.1" 200 0 "-" "Mozilla/5.0 (Linux; Android 6.0.1; Nexus 5X Build/MMB29P) AppleWebKit/537.36 (KHTML, like Gecko) Chrome/135.0.7049.95 Mobile Safari/537.36 (compatible; GoogleOther)"
52.167.144.19 - - [03/May/2025:00:30:36 -0400] "GET /?k=8848567542103&channel=c5d3f7&from=form.php%3Fid%3D675421-15552%26name%3DFERIQ+LED%E3%83%95%E3%83%A9%E3%83%83%E3%82%B7%E3%83%A5%E3%83%A9%E3%82%A4%E3%83%88+%E5%A4%96%E4%BB%98%E3%81%91+USB%E3%83%AC%E3%83%B3%E3%82%BA%E3%83%AA%E3%83%B3%E3%82%B0+%E7%9C%81%E3%82%A8%E3%83%8D+%E9%AB%98%E8%BC%9D%E5%BA%A6+GoPro+Hero+3%2B+%E3%82%AB%E3%83%A1%E3%83%A9%E5%AF%BE%E5%BF%9C HTTP/1.1" 200 39168 "-" "Mozilla/5.0 AppleWebKit/537.36 (KHTML, like Gecko; compatible; bingbot/2.0; +http://www.bing.com/bingbot.htm) Chrome/116.0.1938.76 Safari/537.36"
52.167.144.186 - - [03/May/2025:00:30:40 -0400] "GET /?k=711785297701&channel=2a3406&from=pin.php%3Fid%3D52977-4909%26name%3DPry+Bars++%E3%83%9F%E3%83%8B%E3%83%9D%E3%82%B1%E3%83%83%E3%83%88%E3%82%AF%E3%83%A9%E3%83%B3%E3%82%AF+%E3%82%AF%E3%83%AD%E3%83%BC%E3%83%90%E3%83%BC+%E3%82%AD%E3%83%BC%E3%83%81%E3%82%A7%E3%83%BC%E3%83%B3+%E3%82%B5%E3%83%90%E3%82%A4%E3%83%90%E3%83%AB%E3%82%B9%E3%82%AF%E3%83%AC%E3%83%BC%E3%83%91%E3%83%BC+%E3%82%B9%E3%83%86%E3%83%B3%E3%83%AC%E3%82%B9%E3%82%B9%E3%83%81%E3%83%BC%E3%83%AB+%E3%83%9E%E3%82%A4%E3%82%AF%E3%83%AD%E3%83%84%E3%83%BC%E3%83%AB%E3%80%81%E3%82%B9%E3%83%86%E3%83%B3%EF%BC%88%E3%82%B9%E3%83%86%E3%83%B3%E3%83%AC%E3%82%B9%E3%83%9C%E3%83%88%E3%83%AB+%E3%82%B9%E3%83%9D%E3%83%BC%E3%83%84%E3%83%89%E3%83%AA%E3%83%B3%E3%82%AF%E5%AF%BE%E5%BF%9C+AKE-R60%E3%83%BB80+%E9%80%9A%E8%B2%A9%E3%80%90%E3%83%8B%E3%83%83%E3%82%BB%E3%83%B3%E3%80%91%EF%BC%89 HTTP/1.1" 200 41996 "-" "Mozilla/5.0 AppleWebKit/537.36 (KHTML, like Gecko; compatible; bingbot/2.0; +http://www.bing.com/bingbot.htm) Chrome/116.0.1938.76 Safari/537.36"
66.249.74.104 - - [03/May/2025:00:31:01 -0400] "GET /?k=53479174227801&channel=a4fc2d&from=news.php%3Fid%3D1742278-26330%26name%3D%E5%AD%90%E3%81%A9%E3%82%82%E7%94%A8%E5%B8%83%E5%9B%A3%E3%82%BB%E3%83%83%E3%83%88+%E3%83%8F%E3%83%BC%E3%83%88%E3%83%87%E3%82%B6%E3%82%A4%E3%83%B3%E3%80%80%E6%8E%9B%E3%81%91%E5%B8%83%E5%9B%A3%E3%80%80%E6%9E%95%C3%97%EF%BC%92%E3%82%BB%E3%83%83%E3%83%88 HTTP/1.1" 200 0 "-" "Mozilla/5.0 (Linux; Android 6.0.1; Nexus 5X Build/MMB29P) AppleWebKit/537.36 (KHTML, like Gecko) Chrome/135.0.7049.95 Mobile Safari/537.36 (compatible; GoogleOther)"
66.249.74.105 - - [03/May/2025:00:32:16 -0400] "GET /?k=7202426590605&channel=4e8fb6&from=form.php%3Fid%3D265906-5401%26name%3D%E3%83%95%E3%83%AB%E9%8A%85%E8%A3%BDLED%E3%83%A9%E3%82%A6%E3%83%B3%E3%83%89%E5%A4%A9%E4%BA%95%E3%83%A9%E3%83%B3%E3%83%97%E3%80%81%E3%82%AF%E3%83%A9%E3%82%B7%E3%83%83%E3%82%AF%E3%81%AA%E3%83%80%E3%82%A4%E3%83%8B%E3%83%B3%E3%82%B0%E3%83%AB%E3%83%BC%E3%83%A0%E3%83%A9%E3%83%B3%E3%83%97%E3%80%81%E3%83%A2%E3%83%80%E3%83%B3%E3%83%9F%E3%83%8B%E3%83%9E%E3%83%AA%E3%82%B9%E3%83%88%E3%81%AE%E6%97%A5%E6%9C%AC%E3%81%AE%E3%83%9E%E3%82%B9%E3%82%BF%E3%83%BC%E3%83%99%E3%83%83%E3%83%89%E3%83%AB%E3%83%BC%E3%83%A0%E3%83%A9%E3%83%B3%E3%83%97%E3%80%81%E3%82%B7%E3%83%A3%E3%83%B3%E3%83%87 HTTP/1.1" 200 0 "-" "Mozilla/5.0 (Linux; Android 6.0.1; Nexus 5X Build/MMB29P) AppleWebKit/537.36 (KHTML, like Gecko) Chrome/135.0.7049.95 Mobile Safari/537.36 (compatible; GoogleOther)"
52.167.144.220 - - [03/May/2025:00:32:28 -0400] "GET /?k=021794899902&channel=4d0dd2&from=jp.php%3Fid%3D48999-532%26name%3D%E3%82%B5%E3%82%A4%E3%83%89%E3%82%B9%E3%82%AB%E3%83%BC%E3%83%88+%E3%81%84%E3%81%99%E3%82%9E+MUX%E7%94%A8+MU-X%E7%94%A8+%E8%BB%8A%E7%94%A8%E3%83%95%E3%83%83%E3%83%88%E3%83%9A%E3%83%80%E3%83%AB+%E3%82%B5%E3%82%A4%E3%83%89%E3%82%B9%E3%83%86%E3%83%83%E3%83%97%E3%83%90%E3%83%BC+%E3%83%88%E3%83%AC%E3%83%83%E3%83%89%E3%83%97%E3%83%AD%E3%83%86%E3%82%AF%E3%82%BF%E3%83%BC%E3%82%AB%E3%83%90%E3%83%BC+%E3%82%B9%E3%83%9D%E3%82%A4%E3%83%A9%E3%83%BC%28%E5%89%8D%E6%96%B9%E5%B7%A6%E5%81%B4 HTTP/1.1" 200 42143 "-" "Mozilla/5.0 AppleWebKit/537.36 (KHTML, like Gecko; compatible; bingbot/2.0; +http://www.bing.com/bingbot.htm) Chrome/116.0.1938.76 Safari/537.36"
66.249.74.104 - - [03/May/2025:00:33:33 -0400] "GET /?k=51160101461202&channel=62370a&from=pin.php%3Fid%3D1014612-16118%26name%3DCableMod+E-Series+Kit+PREMIUM+CABLE+KIT HTTP/1.1" 200 0 "-" "Mozilla/5.0 (Linux; Android 6.0.1; Nexus 5X Build/MMB29P) AppleWebKit/537.36 (KHTML, like Gecko) Chrome/135.0.7049.95 Mobile Safari/537.36 (compatible; GoogleOther)"
66.249.74.104 - - [03/May/2025:00:34:44 -0400] "GET /?k=91292167024401&channel=34647b&from=shared.php%3Fid%3D1670244-277%26name%3D%E3%83%97%E3%83%83%E3%82%B7%E3%83%A5%E3%82%B9%E3%83%86%E3%83%B3%E3%83%89+%E3%83%9B%E3%83%AF%E3%82%A4%E3%83%88%E3%82%A6%E3%82%A3%E3%83%B3%E3%83%89%E3%82%A6+%E3%80%90+%E3%82%B9%E3%83%86%E3%83%B3%E3%83%89%E3%82%B0%E3%83%A9%E3%82%B9%E9%A2%A8+%E5%88%87%E3%82%8A%E7%B5%B5+%E5%88%87%E7%B5%B5+%E3%80%91 HTTP/1.1" 200 52160 "-" "Mozilla/5.0 (Linux; Android 6.0.1; Nexus 5X Build/MMB29P) AppleWebKit/537.36 (KHTML, like Gecko) Chrome/135.0.7049.95 Mobile Safari/537.36 (compatible; Googlebot/2.1; +http://www.google.com/bot.html)"
66.249.74.103 - - [03/May/2025:00:34:50 -0400] "GET /?k=93296161410201&channel=51d8c1&from=blog.php%3Fid%3D1614102-25116%26name%3D%E3%83%91%E3%82%B7%E3%83%A3%E3%83%90%E3%83%81%E3%82%A7+GB+%E3%82%B9%E3%83%A9%E3%83%B3%E3%83%88%E3%83%9C%E3%83%BC%E3%83%AB+%E3%83%9F%E3%83%B3%E3%83%88+XPS53952GR HTTP/1.1" 200 0 "-" "Mozilla/5.0 (Linux; Android 6.0.1; Nexus 5X Build/MMB29P) AppleWebKit/537.36 (KHTML, like Gecko) Chrome/135.0.7049.95 Mobile Safari/537.36 (compatible; GoogleOther)"
66.249.74.105 - - [03/May/2025:00:35:14 -0400] "GET /?k=18864138198203&channel=053349&from=category-info.php%3Fid%3D1381982-5995%26name%3D%E3%83%97%E3%83%AD%E3%82%B8%E3%82%A7%E3%82%AF%E3%82%BF%E3%83%BC%E3%82%B9%E3%82%AF%E3%83%AA%E3%83%BC%E3%83%B3+%E5%B1%8B%E5%A4%96%E3%82%AA%E3%83%95%E3%82%A3%E3%82%B9%E3%82%A8%E3%83%B3%E3%82%BF%E3%83%BC%E3%83%86%E3%82%A4%E3%83%A1%E3%83%B3%E3%83%88%E3%83%9B%E3%83%BC%E3%83%A0%E6%8A%98%E3%82%8A%E3%81%9F%E3%81%9F%E3%81%BF%E5%BC%8F%E3%83%80%E3%83%96%E3%83%AB%E4%B8%89%E8%84%9A%E5%8E%9A%E3%81%84%E3%83%9F%E3%83%AB%E3%82%AF%E3%82%B7%E3%83%AB%E3%82%AF%E3%82%AB%E3%83%BC%E3%83%86%E3%83%B3+HD+%E6%8A%95%E5%BD%B1%E3%82%B9%E3%82%AF%E3%83%AA%E3%83%BC%E3%83%B3 HTTP/1.1" 200 50735 "-" "Mozilla/5.0 (Linux; Android 6.0.1; Nexus 5X Build/MMB29P) AppleWebKit/537.36 (KHTML, like Gecko) Chrome/135.0.7049.95 Mobile Safari/537.36 (compatible; Googlebot/2.1; +http://www.google.com/bot.html)"
66.249.74.103 - - [03/May/2025:00:36:02 -0400] "GET /?k=17109133737901&channel=ce2895&from=shared.php%3Fid%3D1337379-23440%26name%3D%E5%B9%BB%E3%81%AE%E3%83%9D%E3%82%B1%E3%83%A2%E3%83%B3%E3%83%9F%E3%83%A5%E3%82%A6 HTTP/1.1" 200 51675 "-" "Mozilla/5.0 (Linux; Android 6.0.1; Nexus 5X Build/MMB29P) AppleWebKit/537.36 (KHTML, like Gecko) Chrome/135.0.7049.95 Mobile Safari/537.36 (compatible; Googlebot/2.1; +http://www.google.com/bot.html)"
66.249.74.103 - - [03/May/2025:00:36:08 -0400] "GET /?k=7099826657303&channel=809151&from=article.php%3Fid%3D266573-11109%26name%3DNew%E3%83%8B%E3%83%B3%E3%83%86%E3%83%B3%E3%83%89%E3%83%BC3ds+%E3%83%96%E3%83%A9%E3%83%83%E3%82%AF%E3%80%80%E6%9C%AC%E4%BD%93%E3%80%80%E7%AE%B1%E4%BB%98%E3%81%8D HTTP/1.1" 200 0 "-" "Mozilla/5.0 (Linux; Android 6.0.1; Nexus 5X Build/MMB29P) AppleWebKit/537.36 (KHTML, like Gecko) Chrome/135.0.7049.95 Mobile Safari/537.36 (compatible; GoogleOther)"
66.249.74.105 - - [03/May/2025:00:37:35 -0400] "GET /?k=81050115984401&channel=d0a0ce&from=article.php%3Fid%3D1159844-5298%26name%3D%E3%82%B0%E3%83%AC%E3%83%B3%E3%83%A2%E3%83%BC%E3%83%AC%E3%83%B3%E3%82%B8+10%E5%B9%B4+%E6%97%A7%E3%83%A9%E3%83%99%E3%83%AB+%E6%9C%A8%E7%AE%B1%E5%85%A5%E3%82%8AGLENMORANGIE++%E5%8F%A4%E9%85%92 HTTP/1.1" 200 0 "-" "Mozilla/5.0 (Linux; Android 6.0.1; Nexus 5X Build/MMB29P) AppleWebKit/537.36 (KHTML, like Gecko) Chrome/135.0.7049.95 Mobile Safari/537.36 (compatible; GoogleOther)"
66.249.74.104 - - [03/May/2025:00:38:40 -0400] "GET /?k=2417779638402&channel=fa1b8b&from=news.php%3Fid%3D796384-5905%26name%3DDEARMAMY+%E3%82%A2%E3%82%A4%E3%82%B9%E3%83%9B%E3%83%83%E3%82%B1%E3%83%BC%E9%9D%B4%E3%81%B2%E3%82%82+%E3%83%9B%E3%83%83%E3%82%B1%E3%83%BC%E3%82%B9%E3%82%B1%E3%83%BC%E3%83%88%E9%9D%B4%E3%81%B2%E3%82%82+%E3%82%B9%E3%83%8B%E3%83%BC%E3%82%AB%E3%83%BC%E7%94%A8%E3%81%AE%E9%9D%B4%E3%81%B2%E3%82%82+%E3%82%AF%E3%83%BC%E3%83%AB%E3%81%AA%E9%9D%B4%E3%81%B2%E3%82%82+%E3%83%A9%E3%83%B3%E3%83%8B%E3%83%B3%E3%82%B0%E3%82%B7%E3%83%A5%E3%83%BC%E3%82%BA%E3%83%AC%E3%83%BC%E3%82%B9+%E9%9D%92%E5%B0%91 HTTP/1.1" 200 0 "-" "Mozilla/5.0 (Linux; Android 6.0.1; Nexus 5X Build/MMB29P) AppleWebKit/537.36 (KHTML, like Gecko) Chrome/135.0.7049.95 Mobile Safari/537.36 (compatible; GoogleOther)"
66.249.74.104 - - [03/May/2025:00:38:48 -0400] "GET /?k=81524136199000&channel=b6ab1f&from=news.php%3Fid%3D1361990-8834%26name%3D%E2%99%A1%E3%81%8B%E3%81%99%E3%81%BF%E8%8D%89%E3%81%AE%E3%83%95%E3%83%AC%E3%83%83%E3%82%B7%E3%83%A5%E3%83%96%E3%83%BC%E3%82%B1%E2%99%A1 HTTP/1.1" 200 0 "-" "Mozilla/5.0 (Linux; Android 6.0.1; Nexus 5X Build/MMB29P) AppleWebKit/537.36 (KHTML, like Gecko) Chrome/135.0.7049.95 Mobile Safari/537.36 (compatible; GoogleOther)"
66.249.74.105 - - [03/May/2025:00:40:08 -0400] "GET /?k=0016437877701&channel=c533a9&from=blog.php%3Fid%3D378777-3551%26name%3DTirczil+%E5%A4%9A%E6%A9%9F%E8%83%BD%E3%82%B7%E3%83%B3%E3%82%AF+%E3%81%8A%E3%81%97%E3%82%83%E3%82%8C%E5%8F%B0%E6%89%80%E6%B5%81%E3%81%97+%E5%B1%8B%E5%A4%96%E3%83%BB%E5%B1%8B%E5%86%85%E7%B0%A1%E6%98%93%E5%BC%8F%E6%B4%97%E9%9D%A2%E5%8F%B0+%E7%BD%AE%E3%81%8D%E5%A0%B4%E4%BB%98%E3%81%8D%E3%82%B7%E3%83%B3%E3%82%B0%E3%83%AB%E3%82%B7%E3%83%B3%E3%82%AF+%E9%AB%98%E3%81%95%E8%AA%BF%E6%95%B4+%E8%9B%87%E5%8F%A3+360+%E5%BA%A6%E7%B0%A1%E5%8D%98%E5%8F%96%E4%BB%98 HTTP/1.1" 200 0 "-" "Mozilla/5.0 (Linux; Android 6.0.1; Nexus 5X Build/MMB29P) AppleWebKit/537.36 (KHTML, like Gecko) Chrome/135.0.7049.95 Mobile Safari/537.36 (compatible; GoogleOther)"
66.249.74.105 - - [03/May/2025:00:41:27 -0400] "GET /?k=12830145194301&channel=85e51b&from=goods.php%3Fid%3D1451943-7288%26name%3D%E6%8E%A5%E8%A7%A6%E5%86%B7%E6%84%9F+%E3%82%BA%E3%83%9C%E3%83%B3+%E3%83%A1%E3%83%B3%E3%82%BA+%E6%B6%BC%E3%81%97%E3%81%84+%E5%A4%A7%E3%81%8D%E3%81%84%E3%82%B5%E3%82%A4%E3%82%BA+%E3%82%B9%E3%83%88%E3%83%AC%E3%83%83%E3%83%81%E3%83%91%E3%83%B3%E3%83%84+%E5%A4%8F+%E3%82%B9%E3%83%9D%E3%83%BC%E3%83%84+%E3%82%A2%E3%82%A4%E3%82%B9%E3%82%B7%E3%83%AB%E3%82%AF%E3%83%91%E3%83%B3%E3%83%84+%E3%83%AD%E3%83%B3%E3%82%B0+%E3%82%B4%E3%83%AB%E3%83%95+%E3%82%A4%E3%83%BC%E3%82%B8%E3%83%BC%E3%83%91%E3%83%B3%E3%83%84 HTTP/1.1" 200 0 "-" "Mozilla/5.0 (Linux; Android 6.0.1; Nexus 5X Build/MMB29P) AppleWebKit/537.36 (KHTML, like Gecko) Chrome/135.0.7049.95 Mobile Safari/537.36 (compatible; GoogleOther)"
52.167.144.169 - - [03/May/2025:00:42:08 -0400] "GET /?k=86276117482804&channel=74ea2e&from=form.php%3Fid%3D1174828-21639%26name%3DCSCDD+120A%E3%82%A2%E3%83%B3%E3%83%97%E6%95%B4%E6%B5%81%E5%99%A8%E3%83%95%E3%82%A3%E3%83%AB%E3%82%BF%E3%83%BC%E4%BE%9B%E7%B5%A6%E9%9B%BB%E6%BA%90%E3%83%9C%E3%83%BC%E3%83%89%E9%AB%98%E5%87%BA%E5%8A%9B%E3%82%B7%E3%83%A7%E3%83%83%E3%83%88%E3%82%AD%E3%83%BC%E6%95%B4%E6%B5%81%E5%99%A8%E3%83%95%E3%82%A3%E3%83%AB%E3%82%BF%E3%83%BC%E9%9B%BB%E6%BA%90%E3%83%9C%E3%83%BC%E3%83%8910000UF+125V HTTP/1.1" 200 41987 "-" "Mozilla/5.0 AppleWebKit/537.36 (KHTML, like Gecko; compatible; bingbot/2.0; +http://www.bing.com/bingbot.htm) Chrome/116.0.1938.76 Safari/537.36"
52.167.144.220 - - [03/May/2025:00:42:12 -0400] "GET /?k=62892171810000&channel=ce82a8&from=category-info.php%3Fid%3D1718100-11438%26name%3DOkiyakusama+%E8%87%AA%E5%8B%95%E8%BB%8A%E3%83%9C%E3%83%87%E3%82%A3%E3%81%AE%E3%81%B8%E3%81%93%E3%81%BF%E4%BF%AE%E7%90%86%E3%83%84%E3%83%BC%E3%83%AB+%E8%87%AA%E5%8B%95%E8%BB%8A%E5%A1%97%E8%A3%85%E4%B8%8D%E8%A6%81%E3%81%AE%E4%BF%AE%E7%90%86%E7%94%A8%E3%83%97%E3%83%BC%E3%83%A9%E3%83%BC+%E9%9B%B9%E3%81%AB%E3%82%88%E3%82%8B%E3%81%B8%E3%81%93%E3%81%BF%E3%81%AE%E9%99%A4%E5%8E%BB+%E8%87%AA%E5%8B%95%E8%BB%8A%E7%94%A8%E3%82%A8%E3%82%AD%E3%82%B9%E3%83%91%E3%83%B3%E3%83%80%E3%83%BC HTTP/1.1" 200 41230 "-" "Mozilla/5.0 AppleWebKit/537.36 (KHTML, like Gecko; compatible; bingbot/2.0; +http://www.bing.com/bingbot.htm) Chrome/116.0.1938.76 Safari/537.36"
66.249.74.103 - - [03/May/2025:00:42:28 -0400] "GET /?k=669973675104&channel=64babc&from=jp.php%3Fid%3D36751-3673%26name%3D%E2%98%86%E3%83%A9%E3%83%B3%E3%82%BF%E3%83%B3++%E3%82%AD%E3%83%A3%E3%83%B3%E3%83%97+%E3%83%A9%E3%83%B3%E3%82%BF%E3%83%B3+%E3%82%B9%E3%83%BC%E3%83%A0%E3%83%AB%E3%83%BC%E3%83%A0+%E6%87%90%E4%B8%AD%E9%9B%BB%E7%81%AF%E6%A9%9F%E8%83%BD%E3%80%802%E3%81%93%E3%82%BB%E3%83%83%E3%83%88%EF%BC%88%E3%83%A9%E3%83%B3%E3%82%BF%E3%83%B3+led+%E3%82%BD%E3%83%BC%E3%83%A9%E3%83%BC+%E5%85%85%E9%9B%BB%E5%BC%8F+3%EF%BC%B7ay%E4%BB%95%E6%A7%98+%E8%B6%85%E9%AB%98%E8%BC%9D%E5%BA%A6+10%E6%99%82%E9%96%93%E9%80%A3%E7%B6%9A+2%E8%89%B2+%E3%83%A2%E3%83%90%E3%82%A4%E3%83%AB%E3%83%90%E3%83%83%E3%83%86%E3%83%AA%E3%83%BC%E6%A9%9F%E8%83%BD%E4%BB%98%E3%81%8D+%E7%81%BD%E5%AE%B3%E7%94%A8+%E6%87%90%E4%B8%AD%E9%9B%BB%E7%81%AF+%E3%82%A2%E3%82%A6%E3%83%88%E3%83%89%E3%82%A2+%E3%82%AD%E3%83%A3%E3%83%B3%E3%83%97%E3%83%A9%E3%82%A4%E3%83%88++%E6%95%AC%E8%80%81%E3%81%AE%E6%97%A5+%3A+lt-zd+%3A+KuKuYa+-+%E9%80%9A%E8%B2%A9+-+Yahoo%21%E3%82%B7%E3%83%A7%E3%83%83%E3%83%94%E3%83%B3%E3%82%B0%EF%BC%89 HTTP/1.1" 200 52173 "-" "Mozilla/5.0 (Linux; Android 6.0.1; Nexus 5X Build/MMB29P) AppleWebKit/537.36 (KHTML, like Gecko) Chrome/135.0.7049.95 Mobile Safari/537.36 (compatible; Googlebot/2.1; +http://www.google.com/bot.html)"
40.77.167.72 - - [03/May/2025:00:42:29 -0400] "GET /?k=7422084315301&channel=970d16&from=goods.php%3Fid%3D843153-4514%26name%3D%E3%83%87%E3%82%B8%E3%82%BF%E3%83%AB%E3%83%AD%E3%83%BC%E3%83%89%E3%82%BB%E3%83%AB%E9%87%8D%E9%87%8F%E3%82%BB%E3%83%B3%E3%82%B5+%E9%87%8D%E9%87%8F%E3%82%BB%E3%83%B3%E3%82%B5%E3%83%BC+%E3%83%AD%E3%83%BC%E3%83%89%E3%82%BB%E3%83%AB+%E8%A8%88%E9%87%8F%E3%82%BB%E3%83%B3%E3%82%B5%E3%83%BC%E5%9C%A7%E5%8A%9B%E8%A8%88%E9%87%8F%E8%A1%A8%E7%A4%BA%E3%82%B3%E3%83%B3%E3%83%88%E3%83%AD%E3%83%BC%E3%83%A9%E5%AE%9A%E9%87%8F%E5%8C%85%E8%A3%85%E5%8A%9B%E5%80%A4%E8%A1%A8%E7%A4%BA%E6%A9%9F%E5%99%A8+%E9%87%8D%E9%87%8F%E3%82%A2%E3%83%B3%E3%83%97%E3%83%A2%E3%82%B8%E3%83%A5%E3%83%BC HTTP/1.1" 200 41439 "-" "Mozilla/5.0 AppleWebKit/537.36 (KHTML, like Gecko; compatible; bingbot/2.0; +http://www.bing.com/bingbot.htm) Chrome/116.0.1938.76 Safari/537.36"
66.249.74.103 - - [03/May/2025:00:42:40 -0400] "GET /?k=81291178436301&channel=4a85d6&from=blog.php%3Fid%3D1784363-1526%26name%3D%E3%82%AB%E3%82%B9%E3%82%BF%E3%83%A03D%E5%86%99%E7%9C%9F%E5%A3%81%E7%B4%99%E3%83%89%E3%83%90%E3%82%A4%E3%83%8A%E3%82%A4%E3%83%88%E3%83%93%E3%83%A5%E3%83%BC%E3%82%B7%E3%83%86%E3%82%A3%E3%83%93%E3%83%AB%E3%83%87%E3%82%A3%E3%83%B3%E3%82%B0%E5%A3%81%E5%A3%81%E7%94%BB%E5%A3%81%E7%B4%99%E5%AE%B6%E3%81%AE%E8%A3%85%E9%A3%BE%E3%83%AA%E3%83%93%E3%83%B3%E3%82%B0%E3%83%AB%E3%83%BC%E3%83%A0%E8%83%8C%E6%99%AF%E5%A3%81%E7%94%BB HTTP/1.1" 200 0 "-" "Mozilla/5.0 (Linux; Android 6.0.1; Nexus 5X Build/MMB29P) AppleWebKit/537.36 (KHTML, like Gecko) Chrome/135.0.7049.95 Mobile Safari/537.36 (compatible; GoogleOther)"
66.249.74.104 - - [03/May/2025:00:43:09 -0400] "GET /?k=42414151450801&channel=45e2af&from=form.php%3Fid%3D1514508-15717%26name%3D%E9%BB%92%E3%80%81%E3%83%AD%E3%83%B3%E3%82%B0%E3%83%8E%E3%83%BC%E3%82%B9%E3%83%AA%E3%83%BC%E3%83%96%E3%83%AF%E3%83%B3%E3%83%94%E3%83%BC%E3%82%B9 HTTP/1.1" 200 52620 "-" "Mozilla/5.0 (Linux; Android 6.0.1; Nexus 5X Build/MMB29P) AppleWebKit/537.36 (KHTML, like Gecko) Chrome/135.0.7049.95 Mobile Safari/537.36 (compatible; Googlebot/2.1; +http://www.google.com/bot.html)"
66.249.74.104 - - [03/May/2025:00:43:23 -0400] "GET /?k=82993182549900&channel=67366a&from=goods.php%3Fid%3D1825499-8669%26name%3D%E5%BF%9C%E9%87%8F%E5%99%A8+%E6%BC%86%E5%99%A8+%E3%82%B7%E3%83%A7%E3%83%BC%E3%83%88%E3%83%91%E3%83%B3%E3%83%84%E5%A5%B3%E3%81%AE%E5%AD%90+%E3%82%B9%E3%82%A4%E3%82%AB+%E3%82%B0%E3%83%83%E3%82%BA+%E5%8D%8A%E8%A2%96+90+%E7%94%B7%E3%81%AE%E5%AD%90+%E5%8F%AF%E6%84%9B%E3%81%84+%E3%82%B9%E3%82%BF%E3%82%B8%E3%83%A3%E3%83%B3+%E3%83%AC%E3%83%87%E3%82%A3%E3%83%BC%E3%82%B9+%E3%82%B9%E3%83%88%E3%82%A2+%E6%99%82%E8%A8%88+%E3%82%A6%E3%83%BC%E3%83%AB%E3%82%B3%E3%83%BC%E3%83%88 HTTP/1.1" 200 51829 "-" "Mozilla/5.0 (Linux; Android 6.0.1; Nexus 5X Build/MMB29P) AppleWebKit/537.36 (KHTML, like Gecko) Chrome/135.0.7049.95 Mobile Safari/537.36 (compatible; Googlebot/2.1; +http://www.google.com/bot.html)"
66.249.74.103 - - [03/May/2025:00:44:00 -0400] "GET /?k=82853179106600&channel=8c3e34&from=jp.php%3Fid%3D1791066-26616%26name%3D%E4%BD%93%E6%B8%A9%E8%A8%88%E3%82%B1%E3%83%BC%E3%82%B9%E4%BB%98%E3%81%8D HTTP/1.1" 200 0 "-" "Mozilla/5.0 (Linux; Android 6.0.1; Nexus 5X Build/MMB29P) AppleWebKit/537.36 (KHTML, like Gecko) Chrome/135.0.7049.95 Mobile Safari/537.36 (compatible; GoogleOther)"
66.249.74.103 - - [03/May/2025:00:44:56 -0400] "GET /?k=97030136539902&channel=c26c2e&from=article.php%3Fid%3D1365399-6939%26name%3D65W+DC%E3%83%A1%E3%82%B9%E3%81%8B%E3%82%89%E3%82%BF%E3%82%A4%E3%83%97C%E3%82%AA%E3%82%B9%E5%85%85%E9%9B%BB%E3%82%B3%E3%83%B3%E3%83%90%E3%83%BC%E3%82%BF6-in-1+4.0x1.7+4.5x3.0+7.9x0.9+7.4x5.0+5.5x HTTP/1.1" 200 50475 "-" "Mozilla/5.0 (Linux; Android 6.0.1; Nexus 5X Build/MMB29P) AppleWebKit/537.36 (KHTML, like Gecko) Chrome/135.0.7049.95 Mobile Safari/537.36 (compatible; Googlebot/2.1; +http://www.google.com/bot.html)"
66.249.74.104 - - [03/May/2025:00:45:20 -0400] "GET /?k=9860971879107&channel=fde012&from=shop.php%3Fid%3D718791-9225%26name%3D%5BJewelry+i%5D+%E3%82%A4%E3%83%B3%E3%83%95%E3%82%A3%E3%83%8B%E3%83%86%E3%82%A3%E3%83%8D%E3%83%83%E3%82%AF%E3%83%AC%E3%82%B9+%E3%83%80%E3%82%A4%E3%83%A4%E3%83%A2%E3%83%B3%E3%83%89+%E2%88%9E+%E7%84%A1%E9%99%90%E3%83%9E%E3%83%BC%E3%82%AF+%E3%83%9A%E3%83%B3%E3%83%80%E3%83%B3%E3%83%88 HTTP/1.1" 200 0 "-" "Mozilla/5.0 (Linux; Android 6.0.1; Nexus 5X Build/MMB29P) AppleWebKit/537.36 (KHTML, like Gecko) Chrome/135.0.7049.95 Mobile Safari/537.36 (compatible; GoogleOther)"
66.249.74.105 - - [03/May/2025:00:46:16 -0400] "GET /?k=6199040805402&channel=26b593&from=product.php%3Fid%3D408054-2228%26name%3D722.9+%E3%83%88%E3%83%A9%E3%83%B3%E3%82%B9%E3%83%9F%E3%83%83%E3%82%B7%E3%83%A7%E3%83%B3%E3%82%B3%E3%83%B3%E3%83%88%E3%83%AD%E3%83%BC%E3%83%AB%E3%83%A6%E3%83%8B%E3%83%83%E3%83%88%E3%83%90%E3%83%AB%E3%83%96%E3%83%9C%E3%83%87%E3%82%A3+TCU+TCM+%E3%81%A8%E4%BA%92%E6%8F%9B%E6%80%A7%E3%81%AE%E3%81%82%E3%82%8B%E3%83%99%E3%83%B3%E3%83%84+0002702600+A033 HTTP/1.1" 200 52629 "-" "Mozilla/5.0 (Linux; Android 6.0.1; Nexus 5X Build/MMB29P) AppleWebKit/537.36 (KHTML, like Gecko) Chrome/135.0.7049.95 Mobile Safari/537.36 (compatible; Googlebot/2.1; +http://www.google.com/bot.html)"
66.249.74.104 - - [03/May/2025:00:48:01 -0400] "GET /?k=4970153114502&channel=c1cb7a&from=news.php%3Fid%3D531145-600%26name%3D%E3%83%9F%E3%82%B7%E3%82%A7%E3%83%AB%E3%82%AF%E3%83%A9%E3%83%B3%E3%80%80%E3%83%80%E3%82%A6%E3%83%B3%E3%82%B8%E3%83%A3%E3%82%B1%E3%83%83%E3%83%88 HTTP/1.1" 200 0 "-" "Mozilla/5.0 (Linux; Android 6.0.1; Nexus 5X Build/MMB29P) AppleWebKit/537.36 (KHTML, like Gecko) Chrome/135.0.7049.95 Mobile Safari/537.36 (compatible; GoogleOther)"
40.77.167.48 - - [03/May/2025:00:48:01 -0400] "GET /?k=57510114781401&channel=4576ee&from=news.php%3Fid%3D1147814-1519%26name%3D%E3%80%90MeeDoo%E3%80%91+%E9%89%A2%E7%BD%AE%E3%81%8D%E5%8F%B0+%E3%82%AD%E3%83%A3%E3%82%B9%E3%82%BF%E3%83%BC%E4%BB%98%E3%81%8D+%E3%83%95%E3%83%A9%E3%83%AF%E3%83%BC%E3%82%B9%E3%82%BF%E3%83%B3%E3%83%89+%E6%A4%8D%E6%9C%A8%E9%89%A2%E5%8F%B0+%E7%A7%BB%E5%8B%95%E5%8F%B0%E8%BB%8A+%E8%B2%AF%E6%B0%B4%E3%83%88%E3%83%AC%E3%83%BC%E4%BB%98%E3%81%8D+%E3%83%97%E3%83%A9%E3%83%B3%E3%82%BF%E3%83%BC+%E8%A6%B3%E8%91%89%E6%A4%8D%E7%89%A9+%28%E3%82%B0%E3%83%AC%E3%83%BC%2C HTTP/1.1" 200 40249 "-" "Mozilla/5.0 AppleWebKit/537.36 (KHTML, like Gecko; compatible; bingbot/2.0; +http://www.bing.com/bingbot.htm) Chrome/116.0.1938.76 Safari/537.36"
40.77.167.151 - - [03/May/2025:00:48:06 -0400] "GET /?k=82899184522803&channel=7d3dde&from=article.php%3Fid%3D1845228-14824%26name%3DFarigrut+%E9%89%84%E9%8D%8B%E5%9C%9F%E9%8D%8B+%E9%89%84%E9%8B%B3%E7%89%A9%E8%A3%BD+%E3%82%AC%E3%82%B9%E7%81%AB+IH+%E5%AF%BE%E5%BF%9C+%E9%8B%B3%E9%89%84%E9%8D%8B%E5%AE%B6%E5%BA%AD%E7%94%A8%E4%B8%A1%E8%80%B3%E5%A4%A7%E5%9E%8B%E9%89%84%E9%8D%8B%E6%98%94%E3%81%AA%E3%81%8C%E3%82%89%E3%81%AE%E4%B8%B8%E5%BA%95%E3%82%AC%E3%82%B9+%E5%A4%9A%E7%9B%AE%E7%9A%84%E9%8D%8B+%E6%9C%AC%E6%A0%BC%E7%9A%84%E3%81%AA%E9%89%84%E8%A3%BD%E3%81%AE%E3%81%8A%E9%8D%8B%E3%81%A7 HTTP/1.1" 200 41899 "-" "Mozilla/5.0 AppleWebKit/537.36 (KHTML, like Gecko; compatible; bingbot/2.0; +http://www.bing.com/bingbot.htm) Chrome/116.0.1938.76 Safari/537.36"
66.249.74.104 - - [03/May/2025:00:49:11 -0400] "GET /?k=05089143389402&channel=bad6a0&from=form.php%3Fid%3D1433894-13164%26name%3D%5BGDJZXD%5D+%E3%82%AD%E3%83%A3%E3%83%AA%E3%83%BC%E3%82%B1%E3%83%BC%E3%82%B9+%E3%81%8B%E3%82%8F%E3%81%84%E3%81%84%2B360%E5%BA%A6%E5%9B%9E%E8%BB%A2%2B%E3%82%B9%E3%83%BC%E3%83%84+%E3%82%B1%E3%83%BC%E3%82%B9%2B%E9%9D%99%E9%9F%B3%2B%E3%82%AD%E3%83%A3%E3%83%AA%E3%83%BC%E3%82%B1%E3%83%BC%E3%82%B9+%E8%BB%BD%E9%87%8F%2B%E6%97%85%E8%A1%8C+%E5%87%BA%E5%BC%B5%2B%E3%83%88%E3%83%A9%E3%83%B3%E3%82%AF%E3%82%B1%E3%83%BC%E3%82%B9%2B%E6%A9%9F HTTP/1.1" 200 53512 "-" "Mozilla/5.0 (Linux; Android 6.0.1; Nexus 5X Build/MMB29P) AppleWebKit/537.36 (KHTML, like Gecko) Chrome/135.0.7049.95 Mobile Safari/537.36 (compatible; Googlebot/2.1; +http://www.google.com/bot.html)"
40.77.167.48 - - [03/May/2025:00:49:32 -0400] "GET /?k=2202145934600&channel=7fe4f3&from=jp.php%3Fid%3D459346-12858%26name%3D%E5%9E%82%E7%9B%B4%E3%82%B8%E3%83%A3%E3%83%B3%E3%83%97%E6%B8%AC%E5%AE%9A%E3%83%86%E3%82%B9%E3%82%BF%E3%83%BC+%E3%82%B8%E3%83%A3%E3%83%B3%E3%83%97%E8%83%BD%E5%8A%9B%E3%83%88%E3%83%AC%E3%83%BC%E3%83%8B%E3%83%B3%E3%82%B0%E3%83%86%E3%82%B9%E3%82%BF%E3%83%BC+%E3%83%90%E3%83%AC%E3%83%BC%E3%83%9C%E3%83%BC%E3%83%AB%E3%82%B9%E3%83%91%E3%82%A4%E3%82%AF%E3%82%B8%E3%83%A3%E3%83%B3%E3%83%97%E3%83%88%E3%83%AC%E3%83%BC%E3%83%8A%E3%83%BC+%E3%83%90%E3%82%B9%E3%82%B1%E3%83%83%E3%83%88%E3%83%9C%E3%83%BC%E3%83%AB%E3%83%88%E3%83%AC%E3%83%BC%E3%83%8B%E3%83%B3%E3%82%B0%E8%A3%9C%E5%8A%A9 HTTP/1.1" 200 43056 "-" "Mozilla/5.0 AppleWebKit/537.36 (KHTML, like Gecko; compatible; bingbot/2.0; +http://www.bing.com/bingbot.htm) Chrome/116.0.1938.76 Safari/537.36"
66.249.74.103 - - [03/May/2025:00:50:26 -0400] "GET /?k=1070821912500&channel=03034c&from=blog.php%3Fid%3D219125-5976%26name%3DHGUC+1+144+%E3%83%90%E3%82%A6%E3%83%B3%E3%83%89+%E3%83%89%E3%83%83%E3%82%AF HTTP/1.1" 200 52977 "-" "Mozilla/5.0 (Linux; Android 6.0.1; Nexus 5X Build/MMB29P) AppleWebKit/537.36 (KHTML, like Gecko) Chrome/135.0.7049.95 Mobile Safari/537.36 (compatible; Googlebot/2.1; +http://www.google.com/bot.html)"
40.77.167.151 - - [03/May/2025:00:52:27 -0400] "GET /?k=82899184522803&channel=7d3dde&from=article.php%3Fid%3D1845228-14824%26name%3DFarigrut+%E9%89%84%E9%8D%8B%E5%9C%9F%E9%8D%8B+%E9%89%84%E9%8B%B3%E7%89%A9%E8%A3%BD+%E3%82%AC%E3%82%B9%E7%81%AB+IH+%E5%AF%BE%E5%BF%9C+%E9%8B%B3%E9%89%84%E9%8D%8B%E5%AE%B6%E5%BA%AD%E7%94%A8%E4%B8%A1%E8%80%B3%E5%A4%A7%E5%9E%8B%E9%89%84%E9%8D%8B%E6%98%94%E3%81%AA%E3%81%8C%E3%82%89%E3%81%AE%E4%B8%B8%E5%BA%95%E3%82%AC%E3%82%B9+%E5%A4%9A%E7%9B%AE%E7%9A%84%E9%8D%8B+%E6%9C%AC%E6%A0%BC%E7%9A%84%E3%81%AA%E9%89%84%E8%A3%BD%E3%81%AE%E3%81%8A%E9%8D%8B%E3%81%A7 HTTP/1.1" 200 41912 "-" "Mozilla/5.0 AppleWebKit/537.36 (KHTML, like Gecko; compatible; bingbot/2.0; +http://www.bing.com/bingbot.htm) Chrome/116.0.1938.76 Safari/537.36"
40.77.167.13 - - [03/May/2025:00:53:09 -0400] "GET /?k=2681111144503&channel=84f32b&from=product.php%3Fid%3D111445-6179%26name%3D%E4%B8%8B%E5%9C%B0%E3%83%81%E3%82%A7%E3%83%83%E3%82%AB%E3%83%BC%E3%80%81+%E3%83%97%E3%83%AD%E3%81%AE%E9%87%91%E5%B1%9E%E6%8E%A2%E7%9F%A5%E6%A9%9F%E6%A4%9C%E5%87%BA%E5%99%A8%E3%81%AF%E3%80%81%E9%87%91%E5%B1%9E%2F%E3%82%B1%E3%83%BC%E3%83%96%E3%83%AB%2F%E6%9C%A8%E6%9D%90%2F%E6%B0%B4%E9%81%93%E7%AE%A1%2F%E3%83%AF%E3%82%A4%E3%83%A4%E3%83%BC%E3%82%92%E6%A4%9C%E5%87%BA%E3%81%97%E3%81%BE%E3%81%99%E9%AB%98%E7%B2%BE%E5%BA%A6%E3%81%AE%E5%A3%81%E6%A4%9C%E5%87%BA%E5%99%A8+%E3%80%81%E5%A3%81%E3%83%91%E3%82%A4%E3%83%97%E4%BD%8D%E7%BD%AE%E6%B1%BA%E3%82%81%E5%99%A8 HTTP/1.1" 200 41867 "-" "Mozilla/5.0 AppleWebKit/537.36 (KHTML, like Gecko; compatible; bingbot/2.0; +http://www.bing.com/bingbot.htm) Chrome/116.0.1938.76 Safari/537.36"
66.249.74.103 - - [03/May/2025:00:53:15 -0400] "GET /?k=02435149274102&channel=e988b4&from=shared.php%3Fid%3D1492741-6280%26name%3D%E6%A5%95%E5%86%86%E7%9A%BF+%E3%83%97%E3%83%A9%E3%82%BF%E3%83%BC+%E7%99%BD%E4%B8%AD%E8%8F%AF+%E7%9A%BF+23.7cm%3Cbr%3E%E5%9B%BD%E7%94%A3+%E6%A5%AD%E5%8B%99%E7%94%A8+%E9%A3%9F%E5%99%A8+%E7%9B%9B%E7%9A%BF+%E9%A3%9F%E6%B4%97%E6%A9%9F%E5%AF%BE%E5%BF%9C+%E3%83%AC%E3%83%B3%E3%82%B8%E5%AF%BE%E5%BF%9C+%E7%BE%8E%E6%BF%83%E7%84%BC HTTP/1.1" 200 53433 "-" "Mozilla/5.0 (Linux; Android 6.0.1; Nexus 5X Build/MMB29P) AppleWebKit/537.36 (KHTML, like Gecko) Chrome/135.0.7049.95 Mobile Safari/537.36 (compatible; Googlebot/2.1; +http://www.google.com/bot.html)"
54.236.1.11 - - [03/May/2025:00:54:09 -0400] "GET / HTTP/1.1" 200 0 "-" "Mozilla/5.0 (compatible; Pinterestbot/1.0; +http://www.pinterest.com/bot.html)"
66.249.74.103 - - [03/May/2025:00:54:15 -0400] "GET /?k=08082169990800&channel=45b388&from=shop.php%3Fid%3D1699908-15372%26name%3D%E3%80%90%E6%89%8B%E6%9B%B8%E3%81%8D%E5%91%BD%E5%90%8D%E6%9B%B8%E3%80%91%E6%9C%A8%E7%9B%AE%E8%AA%BF%E3%83%95%E3%83%AC%E3%83%BC%E3%83%A0%E4%BB%98%E3%81%8D%EF%BC%88%E3%83%8F%E3%82%AC%E3%82%AD%E3%82%B5%E3%82%A4%E3%82%BA%EF%BC%89 HTTP/1.1" 200 53663 "-" "Mozilla/5.0 (Linux; Android 6.0.1; Nexus 5X Build/MMB29P) AppleWebKit/537.36 (KHTML, like Gecko) Chrome/135.0.7049.95 Mobile Safari/537.36 (compatible; Googlebot/2.1; +http://www.google.com/bot.html)"
40.77.167.56 - - [03/May/2025:01:01:30 -0400] "GET /?k=1824586936904&channel=a4dccf&from=article.php%3Fid%3D869369-18395%26name%3D%E5%85%89%E3%83%95%E3%82%A1%E3%82%A4%E3%83%90%E3%83%BC%E3%82%B1%E3%83%BC%E3%83%96%E3%83%AB+%E3%83%95%E3%82%A1%E3%82%A4%E3%83%90%E3%83%BC%E3%83%91%E3%83%83%E3%83%81%E3%82%B1%E3%83%BC%E3%83%96%E3%83%AB+FTTH+SC+APC+%E3%83%96%E3%83%A9%E3%83%83%E3%82%AF+80M%2F90M%2F100M+SC+APC+%E3%82%B7%E3%83%B3%E3%82%B0%E3%83%AB%E3%83%A2 HTTP/1.1" 200 40241 "-" "Mozilla/5.0 AppleWebKit/537.36 (KHTML, like Gecko; compatible; bingbot/2.0; +http://www.bing.com/bingbot.htm) Chrome/116.0.1938.76 Safari/537.36"
66.249.73.201 - - [03/May/2025:01:02:30 -0400] "GET /?k=9132233139200&channel=9947f7&from=form.php%3Fid%3D331392-11939%26name%3D%E3%80%90%E5%AE%8C%E5%8B%95%E5%93%81%E3%80%91XREAL+Air2+Pro%2FXREAL+Beam+%E3%82%BB%E3%83%83%E3%83%88 HTTP/1.1" 200 51472 "-" "Mozilla/5.0 (Linux; Android 6.0.1; Nexus 5X Build/MMB29P) AppleWebKit/537.36 (KHTML, like Gecko) Chrome/135.0.7049.95 Mobile Safari/537.36 (compatible; Googlebot/2.1; +http://www.google.com/bot.html)"
66.249.73.201 - - [03/May/2025:01:02:55 -0400] "GET /?k=3107936254001&channel=e664a0&from=blog.php%3Fid%3D362540-600%26name%3D%E3%82%BF%E3%82%A4%E3%83%88%E3%83%AA%E3%82%B9%E3%83%88+%E3%82%A2%E3%82%A6%E3%82%BF%E3%83%BC+%E3%83%AC%E3%83%83%E3%83%89 HTTP/1.1" 200 52339 "-" "Mozilla/5.0 (Linux; Android 6.0.1; Nexus 5X Build/MMB29P) AppleWebKit/537.36 (KHTML, like Gecko) Chrome/135.0.7049.95 Mobile Safari/537.36 (compatible; Googlebot/2.1; +http://www.google.com/bot.html)"
52.167.144.200 - - [03/May/2025:01:04:07 -0400] "GET /?k=84383131294302&channel=f43975&from=blog.php%3Fid%3D1312943-12810%26name%3D%5B%E3%82%B8%E3%83%A3%E3%83%83%E3%82%AF%E3%83%90%E3%83%8B%E3%83%BC%5D+%E3%83%A1%E3%83%B3%E3%82%BA+%E9%95%B7%E8%A2%96+%E3%83%8B%E3%83%83%E3%83%88%E3%83%91%E3%83%BC%E3%82%AB%E3%83%BC+%28%E3%83%96%E3%83%A9%E3%83%B3%E3%83%89%E3%83%AD%E3%82%B4%E3%83%BB%E3%82%A8%E3%82%B3%E7%B4%A0%E6%9D%90%29+%2F+%E3%82%B4%E3%83%AB%E3%83%95+%E3%82%B5%E3%82%B9%E3%83%86%E3%83%8A%E3%83%96%E3%83%AB+%2F+262-4172133 HTTP/1.1" 200 40704 "-" "Mozilla/5.0 AppleWebKit/537.36 (KHTML, like Gecko; compatible; bingbot/2.0; +http://www.bing.com/bingbot.htm) Chrome/116.0.1938.76 Safari/537.36"
66.249.73.200 - - [03/May/2025:01:04:29 -0400] "GET /?k=58414128438704&channel=d8cde4&from=jp.php%3Fid%3D1284387-15660%26name%3D12.9+%E3%82%B9%E3%83%81%E3%83%BC%E3%83%AB%E8%A3%BD%E5%85%AD%E8%A7%92%E3%83%9C%E3%83%AB%E3%83%88+%E3%83%AA%E3%83%9F%E3%83%83%E3%83%88%E3%82%B9%E3%82%AF%E3%83%AA%E3%83%A5%E3%83%BC+%E5%BE%84%3D%CE%A6+6%2C8%2C10%7E25%2C%E3%82%B7%E3%83%A7%E3%83%AB%E3%83%80%E3%83%BC%E3%83%99%E3%82%A2%E3%83%AA%E3%83%B3%E3%82%B0%E3%83%9C%E3%83%AB%E3%83%88+%E3%82%B7%E3%83%A3%E3%83%95%E3%83%88+M5+M6+M HTTP/1.1" 200 52345 "-" "Mozilla/5.0 (Linux; Android 6.0.1; Nexus 5X Build/MMB29P) AppleWebKit/537.36 (KHTML, like Gecko) Chrome/135.0.7049.95 Mobile Safari/537.36 (compatible; Googlebot/2.1; +http://www.google.com/bot.html)"
66.249.73.200 - - [03/May/2025:01:05:50 -0400] "GET /?k=32877115223401&channel=b143df&from=news.php%3Fid%3D1152234-16435%26name%3Dmillionhearts+%E3%82%89%E3%81%8F%E3%82%89%E3%81%8F%E3%82%B9%E3%83%9E%E3%83%BC%E3%83%88%E3%83%95%E3%82%A9%E3%83%B3+F-53E+%E6%B6%B2%E6%99%B6%E4%BF%9D%E8%AD%B7%E3%82%AC%E3%83%A9%E3%82%B9%E3%83%95%E3%82%A3%E3%83%AB%E3%83%A0+SP-F53EFG HTTP/1.1" 200 50944 "-" "Mozilla/5.0 (Linux; Android 6.0.1; Nexus 5X Build/MMB29P) AppleWebKit/537.36 (KHTML, like Gecko) Chrome/135.0.7049.95 Mobile Safari/537.36 (compatible; Googlebot/2.1; +http://www.google.com/bot.html)"
52.167.144.200 - - [03/May/2025:01:05:57 -0400] "GET /?k=6720910753101&channel=2ac5e8&from=form.php%3Fid%3D107531-7675%26name%3Dmohngie+12+V%E8%87%AA%E5%8B%95%E8%BB%8A%E3%82%A8%E3%82%A2%E3%82%B3%E3%83%B3%E9%9B%BB%E5%8B%95%E5%9C%A7%E7%B8%AE%E6%A9%9F%E5%9B%9B%E5%AD%94%E8%92%B8%E7%99%BA%E5%99%A8%E3%82%BB%E3%83%83%E3%83%88%E3%80%81%E3%81%8A%E3%81%98%E3%81%84%E3%81%95%E3%82%93%E3%81%AE%E8%BB%8A%E3%80%81%E3%83%88%E3%83%A9%E3%83%83%E3%82%AF%E3%80%81%E4%BD%8F%E5%AE%85%E8%BB%8A%E3%80%81%E8%BE%B2%E6%A5%AD%E7%94%A8%E8%BB%8A%E3%80%81%E6%8E%98%E5%89%8A%E6%A9%9F%E3%80%81%E8%87%AA%E5%8B%95%E8%BB%8A%E3%82%A8%E3%82%A2%E3%82%B3%E3%83%B3 HTTP/1.1" 200 39798 "-" "Mozilla/5.0 AppleWebKit/537.36 (KHTML, like Gecko; compatible; bingbot/2.0; +http://www.bing.com/bingbot.htm) Chrome/116.0.1938.76 Safari/537.36"
66.249.73.200 - - [03/May/2025:01:06:32 -0400] "GET /?k=62923151286000&channel=07d7ba&from=article.php%3Fid%3D1512860-12277%26name%3D%E3%83%90%E3%83%87%E3%82%A3%E3%83%95%E3%82%A1%E3%82%A4%E3%83%88%E3%80%80%E3%82%BF%E3%82%A4%E3%83%A0%E3%82%BD%E3%83%AB%E3%82%B8%E3%83%A3%E3%83%BC%E3%83%BB%E3%82%B9%E3%83%94%E3%82%AC HTTP/1.1" 200 50461 "-" "Mozilla/5.0 (Linux; Android 6.0.1; Nexus 5X Build/MMB29P) AppleWebKit/537.36 (KHTML, like Gecko) Chrome/135.0.7049.95 Mobile Safari/537.36 (compatible; Googlebot/2.1; +http://www.google.com/bot.html)"
66.249.74.105 - - [03/May/2025:01:06:49 -0400] "GET /?k=7553119975108&channel=c26ed8&from=info.php%3Fid%3D199751-8970%26name%3DKATOJI++Joie+3%E7%82%B9%E3%82%BB%E3%83%83%E3%83%88i-Base+i-AnchorFIX+%E8%89%AF%E5%93%81 HTTP/1.1" 200 50482 "-" "Mozilla/5.0 (Linux; Android 6.0.1; Nexus 5X Build/MMB29P) AppleWebKit/537.36 (KHTML, like Gecko) Chrome/135.0.7049.95 Mobile Safari/537.36 (compatible; Googlebot/2.1; +http://www.google.com/bot.html)"
40.77.167.116 - - [03/May/2025:01:07:44 -0400] "GET /?k=4830038820301&channel=75dfd2&from=article.php%3Fid%3D388203-10870%26name%3D%E3%83%8B%E3%83%B3%E3%83%86%E3%83%B3%E3%83%89%E3%83%BC%E3%82%AF%E3%83%A9%E3%82%B7%E3%83%83%E3%82%AF%E3%83%9F%E3%83%8B++%E3%83%95%E3%82%A1%E3%83%9F%E3%82%B3%E3%83%B3+%E3%82%B9%E3%83%BC%E3%83%91%E3%83%BC%E3%83%95%E3%82%A1%E3%83%9F%E3%82%B3%E3%83%B3+%E3%82%BB%E3%83%83%E3%83%88%EF%BC%88%E3%83%8B%E3%83%B3%E3%83%86%E3%83%B3%E3%83%89%E3%83%BC%E3%82%AF%E3%83%A9%E3%82%B7%E3%83%83%E3%82%AF%E3%83%9F%E3%83%8B%E3%80%8D%E3%82%B7%E3%83%AA%E3%83%BC%E3%82%BA%E3%81%AE%E7%99%BA%E5%A3%B2%E3%81%8C%E6%94%B9%E3%82%81%E3%81%A6%E7%A4%BA%E3%81%97%E3%81%9F%E3%80%8C%E3%83%86%E3%83%AC%E3%83%93%E3%81%AE%E4%BB%98%E5%8A%A0%E4%BE%A1%E5%80%A4%E3%81%A8%E3%81%97%E3%81%A6%E3%81%AE%E3%83%86%E3%83%AC%E3%83%93%E3%82%B2%E3%83%BC%E3%83%A0%E6%A9%9F%E3%80%8D%E3%81%A8%E3%81%AF+-+%E3%83%A1%E3%83%87%E3%82%A3%E3%82%A2%E8%8A%B8%E8%A1%93%E3%82%AB%E3%83%AC%E3%83%B3%E3%83%88%E3%82%B3%E3%83%B3%E3%83%86%E3%83%B3%E3%83%84%EF%BC%89 HTTP/1.1" 200 40038 "-" "Mozilla/5.0 AppleWebKit/537.36 (KHTML, like Gecko; compatible; bingbot/2.0; +http://www.bing.com/bingbot.htm) Chrome/116.0.1938.76 Safari/537.36"
66.249.74.105 - - [03/May/2025:01:07:47 -0400] "GET /?k=546773708001&channel=64babc&from=shared.php%3Fid%3D37080-3673%26name%3D%E6%96%B0%E5%93%81%E6%9C%AA%E4%BD%BF%E7%94%A8%E3%80%8038explore+zeropod38 HTTP/1.1" 200 51705 "-" "Mozilla/5.0 (Linux; Android 6.0.1; Nexus 5X Build/MMB29P) AppleWebKit/537.36 (KHTML, like Gecko) Chrome/135.0.7049.95 Mobile Safari/537.36 (compatible; Googlebot/2.1; +http://www.google.com/bot.html)"
66.249.74.103 - - [03/May/2025:01:07:53 -0400] "GET /?k=37719190659403&channel=f10a5f&from=jp.php%3Fid%3D1906594-24825%26name%3Dtrunks+for+men+%E3%83%88%E3%83%A9%E3%83%B3%E3%82%AF%E3%82%B9%E3%83%A5+%E3%82%BB%E3%82%AF%E3%82%B7%E3%83%BC+%E3%82%A4%E3%83%B3%E3%83%8A%E3%83%BC+%E6%91%A9%E6%93%A6%E9%98%B2%E6%AD%A2+%E3%83%91%E3%83%B3%E3%83%84+%E3%83%A1%E3%83%B3%E3%82%BA+%E5%89%8D%E9%96%8B%E3%81%8D+%E5%A4%A7%E3%81%8D%E3%81%84+%E4%B8%8B%E7%9D%80+%E5%86%B0%E4%B8%9D+%E6%B0%B4%E7%9D%80+%E5%86%85%E8%A3%A4+%E7%94%B7 HTTP/1.1" 200 54017 "-" "Mozilla/5.0 (Linux; Android 6.0.1; Nexus 5X Build/MMB29P) AppleWebKit/537.36 (KHTML, like Gecko) Chrome/135.0.7049.95 Mobile Safari/537.36 (compatible; Googlebot/2.1; +http://www.google.com/bot.html)"
66.249.74.104 - - [03/May/2025:01:07:55 -0400] "GET /?k=80462138939801&channel=68434f&from=article.php%3Fid%3D1389398-9073%26name%3D%E7%88%86%E3%83%81%E3%83%A5%E3%83%BC%E5%95%8F%E9%A1%8C%E3%81%AE%E9%83%A8%E5%B1%8B%E3%80%80%E5%85%A83%E5%B7%BB%E3%82%BB%E3%83%83%E3%83%88%E3%80%80DVD HTTP/1.1" 200 51156 "-" "Mozilla/5.0 (Linux; Android 6.0.1; Nexus 5X Build/MMB29P) AppleWebKit/537.36 (KHTML, like Gecko) Chrome/135.0.7049.95 Mobile Safari/537.36 (compatible; Googlebot/2.1; +http://www.google.com/bot.html)"
66.249.74.103 - - [03/May/2025:01:07:59 -0400] "GET /?k=784914449601&channel=983c77&from=article.php%3Fid%3D44496-420%26name%3D%E3%82%AB%E3%82%B9%E3%82%BF%E3%83%A0%E3%82%B3%E3%83%AB%E3%82%AF%E5%8D%8A%E3%80%80Candy%E3%83%AC%E3%83%83%E3%83%89%E3%83%A9%E3%83%83%E3%83%97%E2%9C%98%E7%99%BD%E5%AF%8C%E5%A3%AB%E6%97%A5%E7%AB%A0%E3%80%80%E4%B8%83%E8%89%B2%E3%83%A9%E3%83%A1%E3%80%80%E6%96%87%E5%AD%97%E5%A4%89%E6%9B%B4%E7%84%A1%E6%96%99 HTTP/1.1" 200 49845 "-" "Mozilla/5.0 (Linux; Android 6.0.1; Nexus 5X Build/MMB29P) AppleWebKit/537.36 (KHTML, like Gecko) Chrome/135.0.7049.95 Mobile Safari/537.36 (compatible; Googlebot/2.1; +http://www.google.com/bot.html)"
66.249.74.103 - - [03/May/2025:01:08:05 -0400] "GET /?k=572808899203&channel=5831c8&from=blog.php%3Fid%3D88992-4499%26name%3D%E6%96%B0%E5%93%81%E3%80%80%E3%82%AA%E3%83%BC%E3%83%96%E3%83%B3%E3%83%AC%E3%83%B3%E3%82%B8%E3%80%8018L+%E3%83%9B%E3%83%AF%E3%82%A4%E3%83%88 HTTP/1.1" 200 51134 "-" "Mozilla/5.0 (Linux; Android 6.0.1; Nexus 5X Build/MMB29P) AppleWebKit/537.36 (KHTML, like Gecko) Chrome/135.0.7049.95 Mobile Safari/537.36 (compatible; Googlebot/2.1; +http://www.google.com/bot.html)"
66.249.74.103 - - [03/May/2025:01:08:09 -0400] "GET /?k=9192259877201&channel=5315c6&from=news.php%3Fid%3D598772-10120%26name%3D%E4%BB%AE%E9%9D%A2%E3%83%A9%E3%82%A4%E3%83%80%E3%83%BC%E3%82%AF%E3%82%A6%E3%82%AC%E3%80%80Blu-ray+BOX2 HTTP/1.1" 200 52301 "-" "Mozilla/5.0 (Linux; Android 6.0.1; Nexus 5X Build/MMB29P) AppleWebKit/537.36 (KHTML, like Gecko) Chrome/135.0.7049.95 Mobile Safari/537.36 (compatible; Googlebot/2.1; +http://www.google.com/bot.html)"
66.249.74.103 - - [03/May/2025:01:08:15 -0400] "GET /?k=21853134490200&channel=367c4c&from=goods.php%3Fid%3D1344902-22030%26name%3D%E7%BE%8E%E5%93%81%E3%81%A7%E3%81%99%E3%80%81%E3%82%A2%E3%83%AB%E3%82%A4%E3%83%B3%E3%82%B3%E3%80%80AFB4309GX+%E3%82%B3%E3%83%B3%E3%83%95%E3%82%A9%E3%83%BC%E3%83%88%E3%83%90%E3%82%A4%E3%82%AFII HTTP/1.1" 200 53886 "-" "Mozilla/5.0 (Linux; Android 6.0.1; Nexus 5X Build/MMB29P) AppleWebKit/537.36 (KHTML, like Gecko) Chrome/135.0.7049.95 Mobile Safari/537.36 (compatible; Googlebot/2.1; +http://www.google.com/bot.html)"
52.167.144.200 - - [03/May/2025:01:08:17 -0400] "GET /?k=83143184505607&channel=9d117f&from=product.php%3Fid%3D1845056-2173%26name%3D%E3%82%A4%E3%83%A4%E3%83%9B%E3%83%B3%E3%81%AF%E8%80%B3%E3%83%98%E3%83%83%E3%83%89%E3%83%95%E3%82%A9%E3%83%B3%E3%81%A7%E6%9C%89%E7%B7%9A%2C%E3%83%9E%E3%82%A4%E3%82%AF%E3%81%A7%E3%83%98%E3%83%83%E3%83%89%E3%83%95%E3%82%A9%E3%83%B3%E3%82%92%E3%83%97%E3%83%A9%E3%82%B0%E3%82%A4%E3%83%B3%E3%81%97%E3%81%BE%E3%81%99+%7C+3.5mm%E9%AB%98%E5%BF%A0%E5%AE%9F%E5%BA%A6%E3%81%AE%E9%AB%98%E3%81%84%E3%82%A4%E3%83%A4%E3%83%9B%E3%83%B3%E3%82%B2%E3%83%BC%E3%83%A0%E9%A3%9B%E8%A1%8C%E6%A9%9F%E3%81%AE%E3%82%B9%E3%82%BF%E3%82%B8%E3%82%AA%E3%83%AC HTTP/1.1" 200 41695 "-" "Mozilla/5.0 AppleWebKit/537.36 (KHTML, like Gecko; compatible; bingbot/2.0; +http://www.bing.com/bingbot.htm) Chrome/116.0.1938.76 Safari/537.36"
66.249.74.103 - - [03/May/2025:01:08:19 -0400] "GET /?k=2462877627508&channel=b7f241&from=info.php%3Fid%3D776275-632%26name%3D%E5%B0%82%E7%94%A8%E3%81%A7%E3%81%99+%E3%82%B3%E3%83%A0%E3%82%B5%E3%83%87%E3%83%A2%E3%83%BC%E3%83%89%E2%9D%81%E2%83%98%2A%E9%BB%92%E3%81%AE%E6%AD%A3%E7%B5%B9%E6%8C%AF%E8%A2%96+%E8%B2%B7%E3%81%84%E8%B6%B3%E3%81%97%E7%84%A1%E3%81%97%E3%81%AE%E3%83%95%E3%83%AB%E3%82%BB%E3%83%83%E3%83%88+%E8%8D%89%E5%B1%A5 HTTP/1.1" 200 50645 "-" "Mozilla/5.0 (Linux; Android 6.0.1; Nexus 5X Build/MMB29P) AppleWebKit/537.36 (KHTML, like Gecko) Chrome/135.0.7049.95 Mobile Safari/537.36 (compatible; Googlebot/2.1; +http://www.google.com/bot.html)"
66.249.74.103 - - [03/May/2025:01:08:26 -0400] "GET /?k=905935191205&channel=e4d173&from=brands.php%3Fid%3D51912-4791%26name%3DTOSHIBA%28%E6%9D%B1%E8%8A%9D%29+%E3%82%A2%E3%82%A4%E3%83%AD%E3%83%B3+%E3%82%B9%E3%83%81%E3%83%BC%E3%83%A0%E3%82%A2%E3%82%A4%E3%83%AD%E3%83%B3+%E3%82%B3%E3%83%BC%E3%83%89%E3%83%AC%E3%82%B9+TAS-X6-L HTTP/1.1" 200 51220 "-" "Mozilla/5.0 (Linux; Android 6.0.1; Nexus 5X Build/MMB29P) AppleWebKit/537.36 (KHTML, like Gecko) Chrome/135.0.7049.95 Mobile Safari/537.36 (compatible; Googlebot/2.1; +http://www.google.com/bot.html)"
66.249.74.103 - - [03/May/2025:01:08:30 -0400] "GET /?k=9891721905200&channel=03034c&from=shop.php%3Fid%3D219052-5976%26name%3DCOMBAT+ARMORS+MAX+EX-02+%E3%82%B3%E3%83%B3%E3%83%90%E3%83%83%E3%83%88%E3%82%A2%E3%83%BC%E3%83%9E%E3%83%BC+%E3%83%80%E3%82%B0%E3%83%A9%E3%83%A0+%E3%82%A2%E3%83%89%E3%83%90%E3%83%B3%E3%82%B9%E3%83%88+%E3%82%AD%E3%83%83%E3%83%88 HTTP/1.1" 200 51367 "-" "Mozilla/5.0 (Linux; Android 6.0.1; Nexus 5X Build/MMB29P) AppleWebKit/537.36 (KHTML, like Gecko) Chrome/135.0.7049.95 Mobile Safari/537.36 (compatible; Googlebot/2.1; +http://www.google.com/bot.html)"
66.249.74.103 - - [03/May/2025:01:08:34 -0400] "GET /?k=2359945093302&channel=3495a9&from=jp.php%3Fid%3D450933-4657%26name%3D%5B%E3%83%8A%E3%82%A4%E3%82%AD%5D+%E3%83%A9%E3%83%B3%E3%83%8B%E3%83%B3%E3%82%B0%E3%82%B7%E3%83%A5%E3%83%BC%E3%82%BA+677243+%E3%83%A1%E3%83%B3%E3%82%BA HTTP/1.1" 200 52405 "-" "Mozilla/5.0 (Linux; Android 6.0.1; Nexus 5X Build/MMB29P) AppleWebKit/537.36 (KHTML, like Gecko) Chrome/135.0.7049.95 Mobile Safari/537.36 (compatible; Googlebot/2.1; +http://www.google.com/bot.html)"
66.249.74.104 - - [03/May/2025:01:08:38 -0400] "GET /?k=05277178841900&channel=15c061&from=form.php%3Fid%3D1788419-12001%26name%3D%E3%80%90%E4%BA%BA%E6%B0%97%E5%95%86%E5%93%81%E3%80%917690181+%E3%83%90%E3%82%B9%E3%82%B1%E3%83%83%E3%83%88%E3%82%B9%E3%83%86%E3%83%BC+%E3%83%96%E3%83%AA%E3%83%82%E3%82%B9%E3%83%88%E3%83%B3%28BRIDGESTONE%29 HTTP/1.1" 200 50704 "-" "Mozilla/5.0 (Linux; Android 6.0.1; Nexus 5X Build/MMB29P) AppleWebKit/537.36 (KHTML, like Gecko) Chrome/135.0.7049.95 Mobile Safari/537.36 (compatible; Googlebot/2.1; +http://www.google.com/bot.html)"
66.249.74.103 - - [03/May/2025:01:08:43 -0400] "GET /?k=6771217750306&channel=f23846&from=category-info.php%3Fid%3D177503-1545%26name%3DLouisville+Slugger+NEUTRON-2 HTTP/1.1" 200 51520 "-" "Mozilla/5.0 (Linux; Android 6.0.1; Nexus 5X Build/MMB29P) AppleWebKit/537.36 (KHTML, like Gecko) Chrome/135.0.7049.95 Mobile Safari/537.36 (compatible; Googlebot/2.1; +http://www.google.com/bot.html)"
66.249.74.104 - - [03/May/2025:01:08:46 -0400] "GET /?k=2393256169200&channel=044a10&from=info.php%3Fid%3D561692-5224%26name%3DE-MU+VINTAGE+KEYS HTTP/1.1" 200 51264 "-" "Mozilla/5.0 (Linux; Android 6.0.1; Nexus 5X Build/MMB29P) AppleWebKit/537.36 (KHTML, like Gecko) Chrome/135.0.7049.95 Mobile Safari/537.36 (compatible; Googlebot/2.1; +http://www.google.com/bot.html)"
66.249.74.103 - - [03/May/2025:01:08:53 -0400] "GET /?k=0015455427604&channel=c8a4dc&from=product.php%3Fid%3D554276-431%26name%3D%E3%83%90%E3%82%B9%E3%82%BF%E3%82%AA%E3%83%AB%E3%82%BF%E3%82%AA%E3%83%AB%E3%82%BB%E3%83%83%E3%83%88%E3%80%81%E3%83%90%E3%82%B9%E3%82%BF%E3%82%AA%E3%83%AB1%E6%9E%9A%E3%80%81%E3%83%8F%E3%83%B3%E3%83%89%E3%82%BF%E3%82%AA%E3%83%AB1%E6%9E%9A%E3%80%81%E3%82%B7%E3%83%A3%E3%83%AF%E3%83%BC%E3%82%AD%E3%83%A3%E3%83%83%E3%83%971%E6%9E%9A%E3%80%81600GSM%E3%83%AA%E3%83%B3%E3%82%B0%E3%82%B9%E3%83%91%E3%83%B3%E3%82%B3%E3%83%83%E3%83%88%E3%83%B3100%25%E9%AB%98%E5%90%B8%E5%8F%8E%E6%80%A7%E3%82%BF%E3%82%AA HTTP/1.1" 200 51356 "-" "Mozilla/5.0 (Linux; Android 6.0.1; Nexus 5X Build/MMB29P) AppleWebKit/537.36 (KHTML, like Gecko) Chrome/135.0.7049.95 Mobile Safari/537.36 (compatible; Googlebot/2.1; +http://www.google.com/bot.html)"
66.249.74.103 - - [03/May/2025:01:08:59 -0400] "GET /?k=3096142868511&channel=502b99&from=brands.php%3Fid%3D428685-12880%26name%3D%E3%83%9E%E3%82%A6%E3%83%B3%E3%83%86%E3%83%B3%E3%83%90%E3%82%A4%E3%82%AF%E3%80%80GIANT++ATX++%E3%82%B8%E3%83%A3%E3%82%A4%E3%82%A2%E3%83%B3%E3%83%88 HTTP/1.1" 200 50827 "-" "Mozilla/5.0 (Linux; Android 6.0.1; Nexus 5X Build/MMB29P) AppleWebKit/537.36 (KHTML, like Gecko) Chrome/135.0.7049.95 Mobile Safari/537.36 (compatible; Googlebot/2.1; +http://www.google.com/bot.html)"
