66.249.74.103 - - [02/May/2025:23:27:17 -0400] "GET /?k=2222028038501&channel=80ee9b&from=shop.php%3Fid%3D280385-549%26name%3D%E3%82%BB%E3%83%AC%E3%83%8A%E3%80%80%E3%83%AA%E3%82%A2%E3%82%A6%E3%82%A4%E3%83%B3%E3%82%B0++%E7%A4%BE%E5%A4%96%E5%93%81FRP%EF%BC%88IMPUL+SERENA+%28C27%29%EF%BC%89 HTTP/1.1" 200 0 "-" "Mozilla/5.0 (Linux; Android 6.0.1; Nexus 5X Build/MMB29P) AppleWebKit/537.36 (KHTML, like Gecko) Chrome/135.0.7049.95 Mobile Safari/537.36 (compatible; GoogleOther)"
66.249.74.104 - - [02/May/2025:23:27:22 -0400] "GET /?k=77141174995700&channel=62d5dd&from=info.php%3Fid%3D1749957-26274%26name%3D%E7%99%BD%E3%83%A1%E3%83%AD%E3%83%B3%E3%81%AE%E7%A8%AE50%E7%B2%92 HTTP/1.1" 200 51126 "-" "Mozilla/5.0 (Linux; Android 6.0.1; Nexus 5X Build/MMB29P) AppleWebKit/537.36 (KHTML, like Gecko) Chrome/135.0.7049.95 Mobile Safari/537.36 (compatible; Googlebot/2.1; +http://www.google.com/bot.html)"
66.249.74.103 - - [02/May/2025:23:27:33 -0400] "GET /?k=7225089814306&channel=4f2351&from=shared.php%3Fid%3D898143-8043%26name%3D%E6%9C%A8%E5%B7%A5%E7%94%A8%E7%A9%B4%E3%81%82%E3%81%91%E7%9A%BF%E5%8F%B0+23%E5%80%8B+HSS%E3%83%97%E3%83%A9%E3%82%B0%E3%82%AB%E3%83%83%E3%82%BF%E3%83%BC+1%2F4%E3%82%A4%E3%83%B3%E3%83%81+%E5%85%AD%E8%A7%92%E3%82%B7%E3%83%A3%E3%83%B3%E3%82%AF+5%E3%83%95%E3%83%AB%E3%83%BC%E3%83%88%E3%83%93%E3%83%83%E3%83%88%E3%82%BB%E3%83%83%E3%83%88+7%E5%80%8B+3+%E5%B0%96%E3%81%A3%E3%81%9F%E9%AB%98%E9%80%9F%E5%BA%A6%E9%8B%BC%E3%83%93%E3%83%83%E3%83%88 HTTP/1.1" 200 53180 "-" "Mozilla/5.0 (Linux; Android 6.0.1; Nexus 5X Build/MMB29P) AppleWebKit/537.36 (KHTML, like Gecko) Chrome/135.0.7049.95 Mobile Safari/537.36 (compatible; Googlebot/2.1; +http://www.google.com/bot.html)"
52.167.144.168 - - [02/May/2025:23:27:48 -0400] "GET /?k=76787155480403&channel=755beb&from=category-info.php%3Fid%3D1554804-24825%26name%3D%E3%83%93%E3%82%AD%E3%83%8B+%E3%83%91%E3%83%B3%E3%83%84+%E3%83%A1%E3%83%B3%E3%82%BA+%E3%83%8F%E3%82%A4%E3%82%AB%E3%83%83%E3%83%88%E3%83%96%E3%83%95+%E7%94%B7%E3%81%AE%E5%AD%90+%E3%83%88%E3%83%A9%E3%83%B3%E3%82%AF%E3%82%B9+%E4%B8%8B%E7%9D%80+%E7%B6%BF+%E5%90%B8%E6%B0%B4%E9%80%9F%E4%B9%BE+%E3%83%88%E3%83%A9%E3%83%B3%E3%82%AF%E3%82%B9+%E7%B6%BF+%E7%A3%81%E6%B0%97+%E7%A3%81%E6%B0%97%E5%85%A5%E3%82%8A+%E3%83%9C%E3%82%AF%E3%82%B5%E3%83%BC+%E5%88%86%E9%9B%A2%E5%9E%8B+%E3%83%96 HTTP/1.1" 200 40959 "-" "Mozilla/5.0 AppleWebKit/537.36 (KHTML, like Gecko; compatible; bingbot/2.0; +http://www.bing.com/bingbot.htm) Chrome/116.0.1938.76 Safari/537.36"
66.249.74.104 - - [02/May/2025:23:28:12 -0400] "GET /?k=15547130167302&channel=dd451f&from=article.php%3Fid%3D1301673-12517%26name%3D%E3%83%B4%E3%82%A7%E3%83%AB%E3%83%86%E3%83%83%E3%82%AF%E3%82%B9+32%CF%80%E3%82%B9%E3%83%86%E3%82%A2%E3%83%AA%E3%83%B3%E3%82%B0 HTTP/1.1" 200 0 "-" "Mozilla/5.0 (Linux; Android 6.0.1; Nexus 5X Build/MMB29P) AppleWebKit/537.36 (KHTML, like Gecko) Chrome/135.0.7049.95 Mobile Safari/537.36 (compatible; GoogleOther)"
66.249.74.104 - - [02/May/2025:23:28:22 -0400] "GET /?k=54148135692706&channel=eb09bc&from=news.php%3Fid%3D1356927-22416%26name%3D%E3%83%8A%E3%83%83%E3%83%88%E3%83%BB%E3%82%AD%E3%83%B3%E3%82%B0%E3%83%BB%E3%82%B3%E3%83%BC%E3%83%AB%E3%80%80NAT+KING+COLE%E3%80%80%E3%82%B9%E3%82%BF%E3%83%BC%E3%83%BB%E3%83%80%E3%82%B9%E3%83%88 HTTP/1.1" 200 51501 "-" "Mozilla/5.0 (Linux; Android 6.0.1; Nexus 5X Build/MMB29P) AppleWebKit/537.36 (KHTML, like Gecko) Chrome/135.0.7049.95 Mobile Safari/537.36 (compatible; Googlebot/2.1; +http://www.google.com/bot.html)"
66.249.74.103 - - [02/May/2025:23:28:50 -0400] "GET /?k=7375031303803&channel=c26ed8&from=info.php%3Fid%3D313038-8970%26name%3D%E3%82%A8%E3%82%A2%E3%83%90%E3%82%AE%E3%83%BC%EF%BC%88%E3%82%B3%E3%82%B3%E3%83%96%E3%83%AC%E3%83%BC%E3%82%AD%EF%BC%89 HTTP/1.1" 200 52628 "-" "Mozilla/5.0 (Linux; Android 6.0.1; Nexus 5X Build/MMB29P) AppleWebKit/537.36 (KHTML, like Gecko) Chrome/135.0.7049.95 Mobile Safari/537.36 (compatible; Googlebot/2.1; +http://www.google.com/bot.html)"
66.249.74.105 - - [02/May/2025:23:29:22 -0400] "GET /?k=3347285385700&channel=d6bfa6&from=jp.php%3Fid%3D853857-7250%26name%3D%E3%82%B7%E3%83%A3%E3%83%AC%E3%83%BC%E3%83%89%E3%83%9E%E3%83%8B%E3%82%A2%E3%82%AF%E3%82%B9+%E3%82%B7%E3%83%A3%E3%83%AC%E3%83%9E%E3%83%8B+%E3%83%AA%E3%83%A7%E3%82%A6%E3%82%A4%E3%83%81+%E3%82%A2%E3%82%AF%E3%83%AA%E3%83%AB%E3%82%B9%E3%82%BF%E3%83%B3%E3%83%89 HTTP/1.1" 200 52805 "-" "Mozilla/5.0 (Linux; Android 6.0.1; Nexus 5X Build/MMB29P) AppleWebKit/537.36 (KHTML, like Gecko) Chrome/135.0.7049.95 Mobile Safari/537.36 (compatible; Googlebot/2.1; +http://www.google.com/bot.html)"
66.249.74.105 - - [02/May/2025:23:29:25 -0400] "GET /?k=0593428376111&channel=73493a&from=brands.php%3Fid%3D283761-11322%26name%3D%E3%83%99%E3%83%AA%E3%83%BC%E3%83%80%E3%83%B3%E3%82%B9%E3%83%91%E3%83%95%E3%82%A9%E3%83%BC%E3%83%9E%E3%83%B3%E3%82%B9%E3%83%96%E3%83%A9%E3%82%B8%E3%83%A3%E3%83%BC+%2B+%E3%83%AD%E3%83%B3%E3%82%B0%E3%82%B9%E3%82%AB%E3%83%BC%E3%83%88+2+%E5%80%8B%E5%A5%B3%E6%80%A7%E5%A4%A7%E4%BA%BA%E5%AD%90%E4%BE%9B%E3%82%AA%E3%83%AA HTTP/1.1" 200 0 "-" "Mozilla/5.0 (Linux; Android 6.0.1; Nexus 5X Build/MMB29P) AppleWebKit/537.36 (KHTML, like Gecko) Chrome/135.0.7049.95 Mobile Safari/537.36 (compatible; GoogleOther)"
66.249.74.104 - - [02/May/2025:23:29:26 -0400] "GET /?k=28591102929902&channel=1c4a0c&from=goods.php%3Fid%3D1029299-17582%26name%3D%E3%83%8F%E3%82%A4%E3%82%AD%E3%83%A5%E3%83%BC%21%21%E3%83%80%E3%83%BB%E3%83%B4%E3%82%A3%E3%83%B3%E3%83%812024%E5%B9%B43%E6%9C%88 HTTP/1.1" 200 51722 "-" "Mozilla/5.0 (Linux; Android 6.0.1; Nexus 5X Build/MMB29P) AppleWebKit/537.36 (KHTML, like Gecko) Chrome/135.0.7049.95 Mobile Safari/537.36 (compatible; Googlebot/2.1; +http://www.google.com/bot.html)"
66.249.74.103 - - [02/May/2025:23:29:35 -0400] "GET /?k=7771466491300&channel=fc468d&from=shop.php%3Fid%3D664913-483%26name%3D%E4%B8%AD%E5%8F%A4%E3%82%B3%E3%83%AC%E3%82%AF%E3%82%B7%E3%83%A7%E3%83%B3%E3%82%AB%E3%83%BC%E3%83%89%28%E7%94%B7%E6%80%A7%29+81%5B%E3%82%B9%E3%83%9A%E3%82%B7%E3%83%A3%E3%83%AB%E3%82%AB%E3%83%BC%E3%83%89%5D%EF%BC%9ASEVENTEEN%2FDINO%28%E3%83%87%E3%82%A3%E3%83%8E%29%2F%E3%80%8CSEVENTEEN+TOUR+%E2%80%99FOLLOW%E2%80%99+AG HTTP/1.1" 200 52806 "-" "Mozilla/5.0 (Linux; Android 6.0.1; Nexus 5X Build/MMB29P) AppleWebKit/537.36 (KHTML, like Gecko) Chrome/135.0.7049.95 Mobile Safari/537.36 (compatible; Googlebot/2.1; +http://www.google.com/bot.html)"
66.249.74.104 - - [02/May/2025:23:29:36 -0400] "GET /?k=06087158205803&channel=80ee9b&from=goods.php%3Fid%3D1582058-549%26name%3D%E3%83%87%E3%83%AA%E3%82%AB%E3%83%9F%E3%83%8B+34+35+37+38+%E8%B6%85%E9%8F%A1%E9%9D%A2%E3%82%B9%E3%83%86%E3%83%B3%E3%83%AC%E3%82%B9%E3%83%A1%E3%83%83%E3%82%AD%E3%83%90%E3%83%83%E3%82%AF%E3%83%89%E3%82%A2%E3%82%AC%E3%83%BC%E3%83%8B%E3%83%83%E3%82%B7%E3%83%A5 HTTP/1.1" 200 0 "-" "Mozilla/5.0 (Linux; Android 6.0.1; Nexus 5X Build/MMB29P) AppleWebKit/537.36 (KHTML, like Gecko) Chrome/135.0.7049.95 Mobile Safari/537.36 (compatible; GoogleOther)"
66.249.74.105 - - [02/May/2025:23:30:33 -0400] "GET /?k=5968680110000&channel=248863&from=info.php%3Fid%3D801100-7328%26name%3D%E3%83%90%E3%83%B3%E3%83%89%E3%83%AA%E3%80%80%E3%82%AC%E3%83%AB%E3%83%91%E3%80%80%E6%B9%8A%E5%8F%8B%E5%B8%8C%E9%82%A3%E3%80%80%E3%83%A9%E3%83%90%E3%82%B9%E3%83%88%E3%80%80%E3%82%A2%E3%82%AF%E3%83%AA%E3%83%AB%E3%82%AD%E3%83%BC%E3%83%9B%E3%83%AB%E3%83%80%E3%83%BC%E3%80%80%E3%82%BB%E3%83%83%E3%83%88 HTTP/1.1" 200 53211 "-" "Mozilla/5.0 (Linux; Android 6.0.1; Nexus 5X Build/MMB29P) AppleWebKit/537.36 (KHTML, like Gecko) Chrome/135.0.7049.95 Mobile Safari/537.36 (compatible; Googlebot/2.1; +http://www.google.com/bot.html)"
52.167.144.220 - - [02/May/2025:23:30:42 -0400] "GET /?k=20169179645504&channel=e4f8f2&from=shop.php%3Fid%3D1796455-4116%26name%3D21107008+ECM+%E3%82%A8%E3%83%B3%E3%82%B8%E3%83%B3%E3%82%B3%E3%83%B3%E3%83%88%E3%83%AD%E3%83%BC%E3%83%A9%E3%83%A2%E3%82%B8%E3%83%A5%E3%83%BC%E3%83%AB%E3%82%B3%E3%83%B3%E3%83%94%E3%83%A5%E3%83%BC%E3%82%BF%E3%83%9C%E3%83%BC%E3%83%89%E3%83%9C%E3%83%AB%E3%83%9C+EC380D+%E6%8E%98%E5%89%8A%E6%A9%9F%E3%83%9E%E3%83%83%E3%82%AF+MP8+FH13+%E3%83%88%E3%83%A9 HTTP/1.1" 200 40540 "-" "Mozilla/5.0 AppleWebKit/537.36 (KHTML, like Gecko; compatible; bingbot/2.0; +http://www.bing.com/bingbot.htm) Chrome/116.0.1938.76 Safari/537.36"
143.198.76.131 - - [02/May/2025:23:30:44 -0400] "GET /uploaded_script.php HTTP/1.1" 200 0 "www.google.com" "Mozilla/5.0 (Linux; Android 7.0; SM-G892A Build/NRD90M; wv) AppleWebKit/537.36 (KHTML, like Gecko) Version/4.0 Chrome/60.0.3112.107 Mobile Safari/537.36"
66.249.74.103 - - [02/May/2025:23:30:47 -0400] "GET /?k=56031168819605&channel=01e289&from=brands.php%3Fid%3D1688196-8720%26name%3DJEJEA+%E3%82%A2%E3%82%A4%E3%82%AA%E3%83%AF%E5%B7%9E%E6%97%97%E3%83%97%E3%83%AA%E3%83%B3%E3%83%88+%E3%82%AF%E3%83%AC%E3%82%B8%E3%83%83%E3%83%88%E3%82%AB%E3%83%BC%E3%83%89%E3%83%9B%E3%83%AB%E3%83%80%E3%83%BC%E8%B2%A1%E5%B8%83%E3%80%81%E3%82%B8%E3%83%83%E3%83%91%E3%83%BC%E4%BB%98%E3%81%8D%E3%82%B9%E3%83%A2%E3%83%BC%E3%83%AB%E3%82%AB%E3%83%BC%E3%83%89%E3%83%9B%E3%83%AB%E3%83%80%E3%83%BC%E3%82%A6%E3%82%A9%E3%83%AC%E3%83%83%E3%83%88%E3%80%81%E3%83%AC%E3%82%B6%E3%83%BC%E3%82%AB%E3%83%BC%E3%83%89%E3%83%9B%E3%83%AB%E3%83%80%E3%83%BC%2C HTTP/1.1" 200 0 "-" "Mozilla/5.0 (Linux; Android 6.0.1; Nexus 5X Build/MMB29P) AppleWebKit/537.36 (KHTML, like Gecko) Chrome/135.0.7049.95 Mobile Safari/537.36 (compatible; GoogleOther)"
52.167.144.168 - - [02/May/2025:23:31:10 -0400] "GET /?k=18453172753701&channel=fb6cb7&from=category-info.php%3Fid%3D1727537-11184%26name%3D%E3%80%902025%E6%96%B0%E5%9E%8BAI%E7%9F%A5%E8%83%BD%E8%AA%BF%E7%AF%80%E3%80%91%E3%82%B9%E3%83%9E%E3%83%9B+%E5%86%B7%E5%8D%B4%E3%83%95%E3%82%A1%E3%83%B3+%E7%A3%81%E6%B0%97%E5%BC%8F%2F%E3%82%AF%E3%83%AA%E3%83%83%E3%83%97%E5%BC%8F2way+AI%E7%9F%A5%E8%83%BD-L1-L2%E4%B8%89%E6%AE%B5%E9%9A%8E%E8%AA%BF%E6%95%B4+%E3%82%B9%E3%83%9E%E3%83%9B%E3%82%AF%E3%83%BC%E3%83%A9%E3%83%BC+USB%E7%B5%A6 HTTP/1.1" 200 40483 "-" "Mozilla/5.0 AppleWebKit/537.36 (KHTML, like Gecko; compatible; bingbot/2.0; +http://www.bing.com/bingbot.htm) Chrome/116.0.1938.76 Safari/537.36"
66.249.74.104 - - [02/May/2025:23:31:12 -0400] "GET /?k=9171580061003&channel=108545&from=brands.php%3Fid%3D800610-17568%26name%3D%E3%83%95%E3%83%AA%E3%83%AB%E4%BB%98%E3%81%8D%E3%83%AA%E3%83%9C%E3%83%B3+%E3%83%9A%E3%83%83%E3%83%88%E7%94%A8%E3%82%A2%E3%82%AF%E3%82%BB%E3%82%B5%E3%83%AA%E3%83%BC%E3%80%80S%E3%82%B5%E3%82%A4%E3%82%BA HTTP/1.1" 200 0 "-" "Mozilla/5.0 (Linux; Android 6.0.1; Nexus 5X Build/MMB29P) AppleWebKit/537.36 (KHTML, like Gecko) Chrome/135.0.7049.95 Mobile Safari/537.36 (compatible; GoogleOther)"
66.249.74.103 - - [02/May/2025:23:31:34 -0400] "GET /?k=08288186846901&channel=03034c&from=news.php%3Fid%3D1868469-5976%26name%3D%E7%BE%8E%E5%93%81+%E3%83%97%E3%83%A9%E3%83%A2%E3%83%87%E3%83%AB+%E3%83%91%E3%83%88%E3%83%AC%E3%82%A4%E3%83%90%E3%83%BC+%E3%82%A4%E3%83%B3%E3%82%B0%E3%83%A9%E3%83%A0+%E3%83%AA%E3%82%A2%E3%82%AF%E3%83%86%E3%82%A3%E3%83%96%E3%82%A2%E3%83%BC%E3%83%9E%E3%83%BC+%E3%82%B3%E3%83%B3%E3%83%90%E3%83%BC%E3%83%81%E3%83%96%E3%83%AB%E3%82%AD%E3%83%83%E3%83%88+%E3%82%B3%E3%83%88%E3%83%96%E3%82%AD%E3%83%A4 HTTP/1.1" 200 52629 "-" "Mozilla/5.0 (Linux; Android 6.0.1; Nexus 5X Build/MMB29P) AppleWebKit/537.36 (KHTML, like Gecko) Chrome/135.0.7049.95 Mobile Safari/537.36 (compatible; Googlebot/2.1; +http://www.google.com/bot.html)"
66.249.74.103 - - [02/May/2025:23:31:59 -0400] "GET /?k=0495165939700&channel=231f31&from=article.php%3Fid%3D659397-786%26name%3D%E3%83%91%E3%83%8A%E3%82%BD%E3%83%8B%E3%83%83%E3%82%AF%E3%82%A2%E3%83%80%E3%83%97%E3%82%BF%E3%83%BCrc1-79 HTTP/1.1" 200 0 "-" "Mozilla/5.0 (Linux; Android 6.0.1; Nexus 5X Build/MMB29P) AppleWebKit/537.36 (KHTML, like Gecko) Chrome/135.0.7049.95 Mobile Safari/537.36 (compatible; GoogleOther)"
66.249.74.105 - - [02/May/2025:23:32:09 -0400] "GET /?k=5932194082700&channel=ff4ac4&from=jp.php%3Fid%3D940827-10217%26name%3D%E6%9C%89%E7%94%B0%E7%84%BC+%E5%85%B6%E6%B3%89%E7%AA%AF+%E7%99%BD%E7%A3%81%E8%8F%8A%E5%89%B2+%28%E9%8A%98%E3%80%85%E7%9A%BF%E6%8F%83%285%E6%9E%9A%E7%B5%84%29%29 HTTP/1.1" 200 0 "-" "Mozilla/5.0 (Linux; Android 6.0.1; Nexus 5X Build/MMB29P) AppleWebKit/537.36 (KHTML, like Gecko) Chrome/135.0.7049.95 Mobile Safari/537.36 (compatible; GoogleOther)"
66.249.74.103 - - [02/May/2025:23:33:24 -0400] "GET /?k=76418147537803&channel=ab49b7&from=article.php%3Fid%3D1475378-11583%26name%3DFreneci+2x+%E3%82%AB%E3%83%A9%E3%83%95%E3%83%AB%E3%81%AA%E4%BB%98%E7%AE%8B%E3%83%9C%E3%83%BC%E3%83%AB%E3%83%86%E3%83%BC%E3%83%97%E6%89%8B%E4%BD%9C%E3%82%8A%E3%82%A2%E3%82%AF%E3%82%BB%E3%82%B5%E3%83%AA%E3%83%BC%E3%82%AA%E3%83%BC%E3%83%8A%E3%83%A1%E3%83%B3%E3%83%88+DIY+%E7%94%A8%E5%93%81%E6%95%99%E8%82%B2%E3%81%8A%E3%82%82%E3%81%A1%E3%82%83+10+%E3%83%A1%E3%83%BC%E3%83%88%E3%83%AB%E3%83%AA%E3%83%A9%E3%83%83%E3%82%AF%E3%82%B9%E3%83%91 HTTP/1.1" 200 0 "-" "Mozilla/5.0 (Linux; Android 6.0.1; Nexus 5X Build/MMB29P) AppleWebKit/537.36 (KHTML, like Gecko) Chrome/135.0.7049.95 Mobile Safari/537.36 (compatible; GoogleOther)"
66.249.74.104 - - [02/May/2025:23:33:55 -0400] "GET /?k=247783259401&channel=80ee9b&from=jp.php%3Fid%3D32594-549%26name%3D%E3%81%91%E3%82%93%E3%81%84%E3%81%A1%E3%82%8D%E3%81%86%E3%81%95%E3%81%BE%E5%B0%82%E7%94%A8 HTTP/1.1" 200 0 "-" "Mozilla/5.0 (Linux; Android 6.0.1; Nexus 5X Build/MMB29P) AppleWebKit/537.36 (KHTML, like Gecko) Chrome/135.0.7049.95 Mobile Safari/537.36 (compatible; GoogleOther)"
66.249.74.104 - - [02/May/2025:23:34:14 -0400] "GET /?k=88781113521404&channel=ac8960&from=news.php%3Fid%3D1135214-21268%26name%3D%E7%AC%AC%E4%B8%80%E7%B2%BE%E5%B7%A5%E3%80%80%E3%82%AA%E3%83%BC%E3%83%88%E3%82%AD%E3%83%B3%E3%82%B0%E3%82%AE%E3%83%A3%E3%83%95%E3%80%80500 HTTP/1.1" 200 0 "-" "Mozilla/5.0 (Linux; Android 6.0.1; Nexus 5X Build/MMB29P) AppleWebKit/537.36 (KHTML, like Gecko) Chrome/135.0.7049.95 Mobile Safari/537.36 (compatible; GoogleOther)"
66.249.74.104 - - [02/May/2025:23:34:23 -0400] "GET /?k=71212155802504&channel=d1d9c6&from=shared.php%3Fid%3D1558025-5691%26name%3D%E3%83%95%E3%83%AD%E3%83%B3%E3%83%88%E3%82%A6%E3%82%A3%E3%83%B3%E3%82%AB%E3%83%BC%E3%82%A4%E3%83%B3%E3%82%B8%E3%82%B1%E3%83%BC%E3%82%BF%E3%83%BC+%E3%82%AA%E3%83%BC%E3%83%88%E3%83%90%E3%82%A4%E3%82%A2%E3%82%AF%E3%82%BB%E3%82%B5%E3%83%AA%E3%83%BC+%E3%83%95%E3%83%A9%E3%83%83%E3%82%B7%E3%83%A3%E3%83%BC%E3%83%A9%E3%82%A4%E3%83%88+%E3%82%AB%E3%83%AF%E3%82%B5%E3%82%AD%E7%94%A8+%E3%83%8B%E3%83%B3%E3%82%B8%E3%83%A3+ZX-6R+2013-2023 HTTP/1.1" 200 0 "-" "Mozilla/5.0 (Linux; Android 6.0.1; Nexus 5X Build/MMB29P) AppleWebKit/537.36 (KHTML, like Gecko) Chrome/135.0.7049.95 Mobile Safari/537.36 (compatible; GoogleOther)"
66.249.74.103 - - [02/May/2025:23:34:35 -0400] "GET /?k=9881238853602&channel=9b8bf7&from=category-info.php%3Fid%3D388536-10870%26name%3DYAMAHA+UNIT+CONNECTOR+UCN-01+MSX HTTP/1.1" 200 0 "-" "Mozilla/5.0 (Linux; Android 6.0.1; Nexus 5X Build/MMB29P) AppleWebKit/537.36 (KHTML, like Gecko) Chrome/135.0.7049.95 Mobile Safari/537.36 (compatible; GoogleOther)"
66.249.74.103 - - [02/May/2025:23:34:45 -0400] "GET /?k=9651789514216&channel=4a123c&from=jp.php%3Fid%3D895142-4512%26name%3D%E6%9C%AA%E4%BD%BF%E7%94%A8DX09+%E3%83%A0%E3%83%BC%E3%83%93%E3%83%BC%E3%83%9E%E3%82%B9%E3%82%BF%E3%83%BC%E3%83%94%E3%83%BC%E3%82%B9DX+%E3%83%90%E3%83%83%E3%83%88%E3%83%9E%E3%83%B3%E3%80%80%E3%83%9E%E3%82%A4%E3%82%B1%E3%83%AB%E3%83%BB%E3%82%AD%E3%83%BC%E3%83%88%E3%83%B3%E7%89%88 HTTP/1.1" 200 0 "-" "Mozilla/5.0 (Linux; Android 6.0.1; Nexus 5X Build/MMB29P) AppleWebKit/537.36 (KHTML, like Gecko) Chrome/135.0.7049.95 Mobile Safari/537.36 (compatible; GoogleOther)"
66.249.74.103 - - [02/May/2025:23:35:05 -0400] "GET /?k=0781273478503&channel=b415d7&from=shop.php%3Fid%3D734785-9525%26name%3D%5BKLYso%5D+%E3%83%87%E3%83%8B%E3%83%A0+%E3%83%A1%E3%83%83%E3%82%BB%E3%83%B3%E3%82%B8%E3%83%A3%E3%83%BC%E3%83%90%E3%83%83%E3%82%B0+Y2K+%E3%82%B8%E3%83%BC%E3%83%B3%E3%82%BA+%E3%83%AC%E3%83%87%E3%82%A3%E3%83%BC%E3%82%B9+%E3%82%B7%E3%83%A7%E3%83%AB%E3%83%80%E3%83%BC+%E3%82%AF%E3%83%AD%E3%82%B9%E3%83%9C%E3%83%87%E3%82%A3+%E3%83%8F%E3%83%B3%E3%83%89%E3%83%90%E3%83%83%E3%82%B0 HTTP/1.1" 200 0 "-" "Mozilla/5.0 (Linux; Android 6.0.1; Nexus 5X Build/MMB29P) AppleWebKit/537.36 (KHTML, like Gecko) Chrome/135.0.7049.95 Mobile Safari/537.36 (compatible; GoogleOther)"
66.249.74.104 - - [02/May/2025:23:35:09 -0400] "GET /?k=82969168814505&channel=7bca30&from=form.php%3Fid%3D1688145-7177%26name%3D%E5%BA%AD%E3%81%AE%E6%95%A3%E6%AD%A9%E9%81%93%E7%94%A8%E3%81%AE%E3%82%B0%E3%83%A9%E3%82%A6%E3%83%B3%E3%83%89%E3%82%B0%E3%83%AA%E3%83%83%E3%83%89%E5%9C%9F%E5%A3%8C%E3%82%B8%E3%82%AA%E3%82%BB%E3%83%AB%E3%82%B0%E3%83%AA%E3%83%83%E3%83%89%E3%80%81%E5%88%87%E6%96%AD%E5%8F%AF%E8%83%BD%E3%81%AA%E5%A4%89%E6%80%A7%E3%83%9D%E3%83%AA%E3%82%A8%E3%83%81%E3%83%AC%E3%83%B3%E7%A0%82%E5%88%A9%E5%AE%89%E5%AE%9A%E5%89%A4%E3%82%B8%E3%82%AA%E3%82%B0%E3%83%AA%E3%83%83%E3%83%89%E3%80%81%E8%80%90%E4%B9%85%E6%80%A7%E3%81%AE%E3%81%82%E3%82%8B%E3%82%B8%E3%82%AA%E3%82%BB%E3%83%AB%E3%82%B0%E3%83%AA%E3%83%83%E3%83%89 HTTP/1.1" 200 53786 "-" "Mozilla/5.0 (Linux; Android 6.0.1; Nexus 5X Build/MMB29P) AppleWebKit/537.36 (KHTML, like Gecko) Chrome/135.0.7049.95 Mobile Safari/537.36 (compatible; Googlebot/2.1; +http://www.google.com/bot.html)"
66.249.74.103 - - [02/May/2025:23:35:13 -0400] "GET /?k=77748174546302&channel=44326b&from=category-info.php%3Fid%3D1745463-5435%26name%3D%E3%83%87%E3%82%A3%E3%82%BA%E3%83%8B%E3%83%BC%E3%83%AA%E3%82%BE%E3%83%BC%E3%83%88%E3%80%80%E3%82%BD%E3%83%83%E3%82%AF%E3%82%B9 HTTP/1.1" 200 0 "-" "Mozilla/5.0 (Linux; Android 6.0.1; Nexus 5X Build/MMB29P) AppleWebKit/537.36 (KHTML, like Gecko) Chrome/135.0.7049.95 Mobile Safari/537.36 (compatible; GoogleOther)"
66.249.74.103 - - [02/May/2025:23:35:25 -0400] "GET /?k=27123197324400&channel=38e1ce&from=goods.php%3Fid%3D1973244-21443%26name%3D%E3%83%89%E3%83%A9%E3%82%B4%E3%83%B3%E3%83%9C%E3%83%BC%E3%83%AB%E3%80%80%E3%82%AB%E3%83%BC%E3%83%89%E3%83%80%E3%82%B9%E3%80%80%E6%96%B0%E7%AB%A0%E6%82%9F%E9%A3%AF%E7%B7%A8%E3%80%80%E4%BC%9D%E8%AA%AC%E3%81%AE%E9%AD%94%E4%BA%BA%E3%80%80%EF%BC%AC%EF%BC%B2%E3%80%802%E6%9E%9A%E3%82%BB%E3%83%83%E3%83%88%E3%80%80%E2%91%A1 HTTP/1.1" 200 53648 "-" "Mozilla/5.0 (Linux; Android 6.0.1; Nexus 5X Build/MMB29P) AppleWebKit/537.36 (KHTML, like Gecko) Chrome/135.0.7049.95 Mobile Safari/537.36 (compatible; Googlebot/2.1; +http://www.google.com/bot.html)"
66.249.74.104 - - [02/May/2025:23:36:02 -0400] "GET /?k=96860199661100&channel=1d0fda&from=news.php%3Fid%3D1996611-588%26name%3D%E3%82%BF%E3%82%B3%E3%83%9E%E3%83%B3V2%E7%94%A8%E9%83%A8%E5%93%81%E3%80%80%E5%A1%A9%E3%83%93%E3%83%91%E3%82%A4%E3%83%97%E3%80%80%E5%B7%BB%E5%8F%96%E3%82%8A%E6%A9%9F+%E6%B6%88%E9%98%B2%E3%83%9B%E3%83%BC%E3%82%B9+%E6%B6%88%E9%98%B2%E5%9B%A3+%E6%B6%88%E9%98%B2%E6%B4%BB%E5%8B%95+%E6%93%8D%E6%B3%95+%E6%93%8D%E6%B3%95%E5%A4%A7%E4%BC%9A+%E8%A8%93%E7%B7%B4 HTTP/1.1" 200 0 "-" "Mozilla/5.0 (Linux; Android 6.0.1; Nexus 5X Build/MMB29P) AppleWebKit/537.36 (KHTML, like Gecko) Chrome/135.0.7049.95 Mobile Safari/537.36 (compatible; GoogleOther)"
66.249.74.103 - - [02/May/2025:23:36:28 -0400] "GET /?k=1282559281400&channel=2bb353&from=info.php%3Fid%3D592814-4157%26name%3D%E7%BE%8E%E5%93%81%E3%80%90ACTUS%E3%80%91%E3%82%A2%E3%82%AF%E3%82%BF%E3%82%B9+%E3%83%99%E3%83%83%E3%83%89%E3%83%95%E3%83%AC%E3%83%BC%E3%83%A0 HTTP/1.1" 200 0 "-" "Mozilla/5.0 (Linux; Android 6.0.1; Nexus 5X Build/MMB29P) AppleWebKit/537.36 (KHTML, like Gecko) Chrome/135.0.7049.95 Mobile Safari/537.36 (compatible; GoogleOther)"
66.249.74.103 - - [02/May/2025:23:36:41 -0400] "GET /?k=13888167819003&channel=31b3d9&from=blog.php%3Fid%3D1678190-5963%26name%3D%E5%BD%93%E6%99%82%E7%89%A9+KAWAI+%E3%81%84%E3%81%84%E9%9F%B3%E3%81%8A%E3%81%A8%E3%82%82%E3%81%A0%E3%81%A1+%E3%82%AB%E3%83%AF%E3%82%A4%E3%81%AE%E3%83%9F%E3%83%8B%E6%A5%BD%E5%99%A8+%E3%81%8A%E3%82%93%E3%81%B7%E3%81%A1%E3%82%83%E3%82%93+2+%E6%9C%AA%E4%BD%BF%E7%94%A8%E5%93%81+%E9%9F%B3%E6%A5%BD%E6%95%99%E7%BF%92%E7%8E%A9%E5%85%B7+%E3%83%94%E3%82%A2%E3%83%8E+%E6%B2%B3%E5%90%88%E6%A5%BD%E5%99%A8 HTTP/1.1" 200 0 "-" "Mozilla/5.0 (Linux; Android 6.0.1; Nexus 5X Build/MMB29P) AppleWebKit/537.36 (KHTML, like Gecko) Chrome/135.0.7049.95 Mobile Safari/537.36 (compatible; GoogleOther)"
66.249.74.104 - - [02/May/2025:23:37:16 -0400] "GET /?k=82041143758200&channel=36793f&from=pin.php%3Fid%3D1437582-24167%26name%3D%E6%9C%AA+%E3%83%95%E3%82%A3%E3%83%AB%E3%83%A0%E4%BB%98+%E8%8A%B1%E6%9C%AD+%E8%8A%B1%E3%81%82%E3%82%8F%E3%81%9B+%E3%80%9C%E9%AB%98%E6%A9%8B%E7%95%99%E7%BE%8E%E5%AD%90 HTTP/1.1" 200 0 "-" "Mozilla/5.0 (Linux; Android 6.0.1; Nexus 5X Build/MMB29P) AppleWebKit/537.36 (KHTML, like Gecko) Chrome/135.0.7049.95 Mobile Safari/537.36 (compatible; GoogleOther)"
40.77.167.254 - - [02/May/2025:23:37:44 -0400] "GET /?k=711785297701&channel=2a3406&from=pin.php%3Fid%3D52977-4909%26name%3DPry+Bars++%E3%83%9F%E3%83%8B%E3%83%9D%E3%82%B1%E3%83%83%E3%83%88%E3%82%AF%E3%83%A9%E3%83%B3%E3%82%AF+%E3%82%AF%E3%83%AD%E3%83%BC%E3%83%90%E3%83%BC+%E3%82%AD%E3%83%BC%E3%83%81%E3%82%A7%E3%83%BC%E3%83%B3+%E3%82%B5%E3%83%90%E3%82%A4%E3%83%90%E3%83%AB%E3%82%B9%E3%82%AF%E3%83%AC%E3%83%BC%E3%83%91%E3%83%BC+%E3%82%B9%E3%83%86%E3%83%B3%E3%83%AC%E3%82%B9%E3%82%B9%E3%83%81%E3%83%BC%E3%83%AB+%E3%83%9E%E3%82%A4%E3%82%AF%E3%83%AD%E3%83%84%E3%83%BC%E3%83%AB%E3%80%81%E3%82%B9%E3%83%86%E3%83%B3%EF%BC%88%E3%82%B9%E3%83%86%E3%83%B3%E3%83%AC%E3%82%B9%E3%83%9C%E3%83%88%E3%83%AB+%E3%82%B9%E3%83%9D%E3%83%BC%E3%83%84%E3%83%89%E3%83%AA%E3%83%B3%E3%82%AF%E5%AF%BE%E5%BF%9C+AKE-R60%E3%83%BB80+%E9%80%9A%E8%B2%A9%E3%80%90%E3%83%8B%E3%83%83%E3%82%BB%E3%83%B3%E3%80%91%EF%BC%89 HTTP/1.1" 200 42031 "-" "Mozilla/5.0 AppleWebKit/537.36 (KHTML, like Gecko; compatible; bingbot/2.0; +http://www.bing.com/bingbot.htm) Chrome/116.0.1938.76 Safari/537.36"
66.249.74.104 - - [02/May/2025:23:38:35 -0400] "GET /?k=10499157987800&channel=8c3c3e&from=info.php%3Fid%3D1579878-1082%26name%3Dinno+UK729+%E3%83%87%E3%83%A5%E3%82%A2%E3%83%AB%E3%82%A2%E3%83%B3%E3%82%B0%E3%83%AB%E3%82%B9%E3%83%8E%E3%83%BC%E3%82%AD%E3%83%A3%E3%83%AA%E3%82%A2%EF%BC%8B%E5%8F%96%E4%BB%98%E3%83%95%E3%83%83%E3%82%AFK445%E3%82%BB%E3%83%83%E3%83%88 HTTP/1.1" 200 0 "-" "Mozilla/5.0 (Linux; Android 6.0.1; Nexus 5X Build/MMB29P) AppleWebKit/537.36 (KHTML, like Gecko) Chrome/135.0.7049.95 Mobile Safari/537.36 (compatible; GoogleOther)"
40.77.167.254 - - [02/May/2025:23:39:04 -0400] "GET /?k=90610105699105&channel=4fbf01&from=shared.php%3Fid%3D1056991-20243%26name%3D%E3%83%91%E3%83%86%E3%82%A3%E3%82%AA%E5%82%98%E3%81%AE%E3%83%99%E3%83%BC%E3%82%B9%E3%82%AB%E3%83%90%E3%83%BC%E3%80%81%E5%82%98%E4%B8%8B%E3%83%99%E3%83%BC%E3%82%B9%E3%83%97%E3%83%AD%E3%83%86%E3%82%AF%E3%82%BF%E3%83%BC+%7C+%E5%82%98%E3%82%B9%E3%82%BF%E3%83%B3%E3%83%89%E3%83%97%E3%83%AD%E3%83%86%E3%82%AF%E3%82%BF%E3%83%BC%E3%82%AF%E3%83%AD%E3%82%B9%E3%83%90%E3%83%83%E3%82%B0%2C%E8%A3%8F%E5%BA%AD%E7%94%A8%E9%98%B2%E6%AD%A2%E9%98%B2%E6%AD%A2%E9%98%B2%E6%AD%A2%E3%83%91%E3%83%A9%E3%82%BD%E3%83%AB%E7%94%A8%E5%93%81%E8%A3%8F%E5%BA%AD%E3%83%97%E3%83%BC%E3%83%AB%E3%83%87 HTTP/1.1" 200 41640 "-" "Mozilla/5.0 AppleWebKit/537.36 (KHTML, like Gecko; compatible; bingbot/2.0; +http://www.bing.com/bingbot.htm) Chrome/116.0.1938.76 Safari/537.36"
66.249.74.104 - - [02/May/2025:23:39:39 -0400] "GET /?k=1920679308900&channel=418e86&from=article.php%3Fid%3D793089-5994%26name%3D%E3%83%95%E3%82%A1%E3%83%89%E3%83%AA%E3%83%83%E3%82%AF%E3%83%9B%E3%83%86%E3%83%AB+%E6%9F%94%E8%BB%9F%E5%89%A4+%E3%83%92%E3%83%BC%E3%83%AA%E3%83%B3%E3%82%B0%E3%83%8A%E3%82%A4%E3%83%88%E3%81%AE%E9%A6%99%E3%82%8A HTTP/1.1" 200 0 "-" "Mozilla/5.0 (Linux; Android 6.0.1; Nexus 5X Build/MMB29P) AppleWebKit/537.36 (KHTML, like Gecko) Chrome/135.0.7049.95 Mobile Safari/537.36 (compatible; GoogleOther)"
66.249.74.104 - - [02/May/2025:23:40:00 -0400] "GET /?k=29900172745001&channel=5b6616&from=article.php%3Fid%3D1727450-13544%26name%3DSewroro+100%E5%80%8B+%E6%AF%8D%E4%B9%B3%E3%83%87%E3%83%BC%E3%83%88%E3%82%B9%E3%83%86%E3%83%83%E3%82%AB%E3%83%BC+%E9%A3%9F%E5%93%81%E3%82%B9%E3%83%86%E3%83%83%E3%82%AB%E3%83%BC+%E5%93%BA%E4%B9%B3%E7%93%B6%E3%81%AE%E3%83%A9%E3%83%99%E3%83%AB+%E6%AF%8D%E4%B9%B3%E3%83%9C%E3%83%88%E3%83%AB+%E3%83%9C%E3%83%88%E3%83%AB%E3%82%B9%E3%83%86%E3%83%83%E3%82%AB%E3%83%BC+%E3%83%9C%E3%83%88%E3%83%AB%E3%81%AE%E3%83%8D%E3%83%BC%E3%83%A0%E3%83%A9%E3%83%99%E3%83%AB HTTP/1.1" 200 0 "-" "Mozilla/5.0 (Linux; Android 6.0.1; Nexus 5X Build/MMB29P) AppleWebKit/537.36 (KHTML, like Gecko) Chrome/135.0.7049.95 Mobile Safari/537.36 (compatible; GoogleOther)"
66.249.73.202 - - [02/May/2025:23:40:23 -0400] "GET /?k=01956129566200&channel=3abe21&from=jp.php%3Fid%3D1295662-1324%26name%3D%E3%82%A2%E3%82%A4%E3%83%97%E3%83%AA%E3%80%80%E3%82%B5%E3%82%AF%E3%83%A9 HTTP/1.1" 200 0 "-" "Mozilla/5.0 (Linux; Android 6.0.1; Nexus 5X Build/MMB29P) AppleWebKit/537.36 (KHTML, like Gecko) Chrome/135.0.7049.95 Mobile Safari/537.36 (compatible; GoogleOther)"
66.249.74.103 - - [02/May/2025:23:40:25 -0400] "GET /?k=0280752935302&channel=f4a2e7&from=brands.php%3Fid%3D529353-2459%26name%3DLevi%27s+519+%E3%82%B3%E3%83%BC%E3%83%87%E3%83%A5%E3%83%AD%E3%82%A4+W34+L30+USA+USED HTTP/1.1" 200 0 "-" "Mozilla/5.0 (Linux; Android 6.0.1; Nexus 5X Build/MMB29P) AppleWebKit/537.36 (KHTML, like Gecko) Chrome/135.0.7049.95 Mobile Safari/537.36 (compatible; GoogleOther)"
66.249.74.104 - - [02/May/2025:23:41:15 -0400] "GET /?k=09332102128803&channel=b1f96a&from=article.php%3Fid%3D1021288-13258%26name%3D%E3%82%A2%E3%82%A4%E3%83%AA%E3%82%B9%E3%82%AA%E3%83%BC%E3%83%A4%E3%83%9E+%E3%83%9B%E3%83%BC%E3%82%B9+%E3%83%AA%E3%83%BC%E3%83%AB+%E3%82%A8%E3%83%83%E3%82%AF%E3%82%B9%E3%83%9B%E3%83%BC%E3%82%B9%E3%83%AA%E3%83%BC%E3%83%AB20M+XHR-20+%E3%82%B0%E3%83%AC%E3%83%BC%2F%E3%83%9E%E3%83%AA%E3%83%B3%E3%83%96%E3%83%AB%E3%83%BC+%E6%B0%B4%E3%82%84%E3%82%8A+%E6%B4%97%E8%BB%8A%E6%8E%83%E9%99%A4 HTTP/1.1" 200 0 "-" "Mozilla/5.0 (Linux; Android 6.0.1; Nexus 5X Build/MMB29P) AppleWebKit/537.36 (KHTML, like Gecko) Chrome/135.0.7049.95 Mobile Safari/537.36 (compatible; GoogleOther)"
66.249.74.105 - - [02/May/2025:23:42:25 -0400] "GET /?k=88252124371513&channel=410021&from=shared.php%3Fid%3D1243715-22369%26name%3D%E3%82%AB%E3%83%BC%E3%82%BA+%E3%82%BF%E3%83%B3%E3%82%AF%E3%83%88%E3%83%83%E3%83%97+%E3%82%B5%E3%82%A4%E3%82%BA100+2%E6%9E%9A%EF%BC%86%E3%82%AB%E3%83%BC%E3%82%BAT%E3%82%B7%E3%83%A3%E3%83%84+%E3%82%B5%E3%82%A4%E3%82%BA95%E3%81%AE3%E6%9E%9A%E3%82%BB%E3%83%83%E3%83%88 HTTP/1.1" 200 0 "-" "Mozilla/5.0 (Linux; Android 6.0.1; Nexus 5X Build/MMB29P) AppleWebKit/537.36 (KHTML, like Gecko) Chrome/135.0.7049.95 Mobile Safari/537.36 (compatible; GoogleOther)"
66.249.74.104 - - [02/May/2025:23:42:33 -0400] "GET /?k=6992851154208&channel=855a44&from=goods.php%3Fid%3D511542-1974%26name%3D%E3%83%A9%E3%82%A4%E3%83%8A%E3%83%BC%E4%BB%98%E3%83%A2%E3%83%83%E3%82%BA%E3%82%B3%E3%83%BC%E3%83%88 HTTP/1.1" 200 0 "-" "Mozilla/5.0 (Linux; Android 6.0.1; Nexus 5X Build/MMB29P) AppleWebKit/537.36 (KHTML, like Gecko) Chrome/135.0.7049.95 Mobile Safari/537.36 (compatible; GoogleOther)"
66.249.74.103 - - [02/May/2025:23:43:02 -0400] "GET /?k=00404175522200&channel=e98cd5&from=info.php%3Fid%3D1755222-15491%26name%3D%E6%98%A5%E5%A4%8F%E6%96%B0%E5%95%86%E5%93%81%E3%82%86%E3%81%A3%E3%81%9F%E3%82%8A%E3%83%AC%E3%83%87%E3%82%A3%E3%83%BC%E3%82%B9%E5%8D%8A%E8%A2%96%E3%83%AF%E3%83%B3%E3%83%94%E3%83%BC%E3%82%B9%E3%83%AD%E3%83%B3%E3%82%B0%E4%B8%88%E3%82%B7%E3%83%B3%E3%83%97%E3%83%AB%E9%80%9A%E5%8B%A4%E3%80%80%E3%83%95%E3%82%A1%E3%82%B7%E3%83%A7%E3%83%B3%E5%80%8B6 HTTP/1.1" 200 0 "-" "Mozilla/5.0 (Linux; Android 6.0.1; Nexus 5X Build/MMB29P) AppleWebKit/537.36 (KHTML, like Gecko) Chrome/135.0.7049.95 Mobile Safari/537.36 (compatible; GoogleOther)"
66.249.74.103 - - [02/May/2025:23:43:10 -0400] "GET /?k=2067874222601&channel=12d949&from=shared.php%3Fid%3D742226-6006%26name%3D%E3%82%AD%E3%83%83%E3%82%BA%E5%A5%B3%E3%81%AE%E5%AD%90%E5%86%AC%E6%9C%8D+%E5%AD%90%E4%BE%9B+%E6%9C%8D+%E5%86%AC+%E5%A5%B3%E3%81%AE%E5%AD%90+150+%E8%B5%A4+%E3%83%AA%E3%83%9C%E3%83%B3+%E5%AD%90%E4%BE%9B+%E5%A5%B3%E3%81%AE%E5%AD%90+150+%E6%98%A5+%E9%9F%93%E5%9B%BD+%E3%83%95%E3%82%A1%E3%83%83%E3%82%B7%E3%83%A7%E3%83%B3+%E7%A7%8B+%E3%81%8A%E5%BC%81%E5%BD%93%E3%82%B0%E3%83%83%E3%82%BA+140 HTTP/1.1" 200 51979 "-" "Mozilla/5.0 (Linux; Android 6.0.1; Nexus 5X Build/MMB29P) AppleWebKit/537.36 (KHTML, like Gecko) Chrome/135.0.7049.95 Mobile Safari/537.36 (compatible; Googlebot/2.1; +http://www.google.com/bot.html)"
66.249.74.103 - - [02/May/2025:23:43:50 -0400] "GET /?k=2870257303300&channel=f179e3&from=news.php%3Fid%3D573033-3166%26name%3Di7+7700k+32GB%E3%83%A1%E3%83%A2%E3%83%AA+512G+nvme+SSD+2TB+HDD HTTP/1.1" 200 0 "-" "Mozilla/5.0 (Linux; Android 6.0.1; Nexus 5X Build/MMB29P) AppleWebKit/537.36 (KHTML, like Gecko) Chrome/135.0.7049.95 Mobile Safari/537.36 (compatible; GoogleOther)"
66.249.74.105 - - [02/May/2025:23:44:06 -0400] "GET /?k=15898101043301&channel=b5cf12&from=form.php%3Fid%3D1010433-98%26name%3D%E3%83%AF%E3%83%B3%E3%83%80%E3%83%BC%E3%82%B9%E3%83%AF%E3%83%B3%E3%80%80%E3%82%B0%E3%83%B3%E3%83%9A%E3%82%A4 HTTP/1.1" 200 0 "-" "Mozilla/5.0 (Linux; Android 6.0.1; Nexus 5X Build/MMB29P) AppleWebKit/537.36 (KHTML, like Gecko) Chrome/135.0.7049.95 Mobile Safari/537.36 (compatible; GoogleOther)"
66.249.74.104 - - [02/May/2025:23:44:43 -0400] "GET /?k=2090925490904&channel=4b9f8e&from=form.php%3Fid%3D254909-8953%26name%3D%E3%82%BF%E3%83%81%E3%82%AB%E3%83%AF%E3%83%96%E3%83%A9%E3%82%A4%E3%83%B3%E3%83%89+%E3%82%B7%E3%83%AB%E3%82%AD%E3%83%BC+RDS+%E3%82%A2%E3%83%AB%E3%83%9F+%E3%83%96%E3%83%A9%E3%82%A4%E3%83%B3%E3%83%89+%E5%B9%851600%C3%97%E9%AB%98%E3%81%951000mm%E8%BF%84+%E9%85%B8%E5%8C%96%E3%83%81%E3%82%BF%E3%83%B3%EF%BC%8B%E9%81%AE%E7%86%B1+T-6536%28%E3%82%AB%E3%83%95%E3%82%A7%E3%83%96%E3%83%A9 HTTP/1.1" 200 0 "-" "Mozilla/5.0 (Linux; Android 6.0.1; Nexus 5X Build/MMB29P) AppleWebKit/537.36 (KHTML, like Gecko) Chrome/135.0.7049.95 Mobile Safari/537.36 (compatible; GoogleOther)"
66.249.74.105 - - [02/May/2025:23:45:15 -0400] "GET /?k=78732102115902&channel=929af2&from=article.php%3Fid%3D1021159-2966%26name%3D%E3%80%90%E5%85%A8%E5%93%8110%EF%BC%85OFF%E3%82%AF%E3%83%BC%E3%83%9D%E3%83%B3%EF%BC%8BP10%E5%80%8D%E2%99%AA%E3%80%914%2F17+9%3A59%E3%81%BE%E3%81%A7%E3%80%80%3Cbr%3E%E3%80%9050%EF%BC%85OFF%E3%80%91%E3%82%A2%E3%83%87%E3%82%A3%E3%83%80%E3%82%B9+%E3%83%A1%E3%83%B3%E3%82%BA+%E3%83%AD%E3%82%B4%E3%83%87%E3%82%B6%E3%82%A4%E3%83%B3+%E3%83%AD%E3%83%B3%E3%82%B0%E3%83%91%E3%83%B3%E3%83%84+W9394+%E3%82%B4%E3%83%AB%E3%83%95%E3%82%A6%E3%82%A7%E3%82%A2+%E7%89%B9%E4%BE%A1 HTTP/1.1" 200 0 "-" "Mozilla/5.0 (Linux; Android 6.0.1; Nexus 5X Build/MMB29P) AppleWebKit/537.36 (KHTML, like Gecko) Chrome/135.0.7049.95 Mobile Safari/537.36 (compatible; GoogleOther)"
20.15.133.191 - - [02/May/2025:23:45:24 -0400] "GET /?k=27940125716206&channel=de5075&from=pin.php%3Fid%3D1257162-9734%26name%3D%E3%83%9E%E3%83%BC%E3%82%B5%E3%83%BB%E3%82%B9%E3%83%81%E3%83%A5%E3%83%AF%E3%83%BC%E3%83%88+%E3%82%AC%E3%83%88%E3%82%A6%E3%82%A3%E3%83%83%E3%82%AF+4%E3%82%AF%E3%82%A9%E3%83%BC%E3%83%88+%E3%82%A8%E3%83%8A%E3%83%A1%E3%83%AB%E9%8B%B3%E9%89%84%E3%83%80%E3%83%83%E3%83%81%E3%82%AA%E3%83%BC%E3%83%96%E3%83%B3+-+%E3%83%AC%E3%83%83%E3%83%89 HTTP/1.1" 200 41454 "-" "Mozilla/5.0 AppleWebKit/537.36 (KHTML, like Gecko; compatible; bingbot/2.0; +http://www.bing.com/bingbot.htm) Chrome/116.0.1938.76 Safari/537.36"
52.167.144.203 - - [02/May/2025:23:45:26 -0400] "GET /?k=88709121790006&channel=a930d4&from=info.php%3Fid%3D1217900-122%26name%3D%E8%8B%B1%E5%9B%BD%E3%83%93%E3%82%AF%E3%83%88%E3%83%AA%E3%82%A2%E7%8E%8B%E6%9C%9D%E6%99%82%E4%BB%A3%E3%81%AE%E5%BE%A9%E5%88%BB%E7%89%88%E7%94%BB%E3%80%80%E8%8A%B13%E7%82%B9%E9%A1%8D%E8%A3%85%E3%82%BB%E3%83%83%E3%83%88 HTTP/1.1" 200 40395 "-" "Mozilla/5.0 AppleWebKit/537.36 (KHTML, like Gecko; compatible; bingbot/2.0; +http://www.bing.com/bingbot.htm) Chrome/116.0.1938.76 Safari/537.36"
66.249.74.103 - - [02/May/2025:23:46:05 -0400] "GET /?k=77762104260202&channel=626a85&from=jp.php%3Fid%3D1042602-12894%26name%3D%E6%AE%B5%E3%83%9C%E3%83%BC%E3%83%AB%E7%8C%AB%E3%82%B9%E3%82%AF%E3%83%A9%E3%83%83%E3%83%81%E3%83%A3%E3%83%BC%E3%82%BD%E3%83%95%E3%82%A1%E3%83%99%E3%83%83%E3%83%89%E7%8C%AB%E3%82%B9%E3%82%AF%E3%83%A9%E3%83%83%E3%83%81%E3%83%9C%E3%83%BC%E3%83%89%E8%80%90%E6%91%A9%E8%80%97%E6%80%A7%E3%82%A2%E3%82%AF%E3%82%BB%E3%82%B5%E3%83%AA%E3%83%BC%E5%B1%8B%E5%86%85%E7%8C%AB%E7%94%A8%E7%8C%AB%E5%AE%B6%E5%85%B7%E3%80%81L HTTP/1.1" 200 0 "-" "Mozilla/5.0 (Linux; Android 6.0.1; Nexus 5X Build/MMB29P) AppleWebKit/537.36 (KHTML, like Gecko) Chrome/135.0.7049.95 Mobile Safari/537.36 (compatible; GoogleOther)"
66.249.74.103 - - [02/May/2025:23:46:22 -0400] "GET /?k=54314105895500&channel=3c2216&from=info.php%3Fid%3D1058955-20277%26name%3D%E3%82%B3%E3%83%8B%E3%83%BC%E3%80%80%E6%8A%B1%E3%81%A3%E3%81%93%E7%B4%90%E3%80%80S%E3%82%B5%E3%82%A4%E3%82%BA HTTP/1.1" 200 0 "-" "Mozilla/5.0 (Linux; Android 6.0.1; Nexus 5X Build/MMB29P) AppleWebKit/537.36 (KHTML, like Gecko) Chrome/135.0.7049.95 Mobile Safari/537.36 (compatible; GoogleOther)"
66.249.74.103 - - [02/May/2025:23:46:30 -0400] "GET /?k=24811181847200&channel=c04073&from=news.php%3Fid%3D1818472-17838%26name%3D%E3%80%90%E2%9C%A8%E5%A4%8F%E4%BC%91%E3%81%BF%E5%A4%A7%E7%89%B9%E4%BE%A1%E2%9C%A8%E3%81%8A%E3%81%BE%E3%81%91%E4%BB%98%E3%81%8D%E3%80%91%E6%96%B0%E5%93%81+%E3%82%AA%E3%83%A0%E3%83%8B+%E3%83%91%E3%83%AB%E3%82%B9%E3%82%BC%E3%83%AD%E3%83%A1%E3%83%BC%E3%82%BF%E3%83%BC%E3%80%80%E8%A1%80%E4%B8%AD%E9%85%B8%E7%B4%A0%E6%BF%83%E5%BA%A6%E8%A8%88 HTTP/1.1" 200 0 "-" "Mozilla/5.0 (Linux; Android 6.0.1; Nexus 5X Build/MMB29P) AppleWebKit/537.36 (KHTML, like Gecko) Chrome/135.0.7049.95 Mobile Safari/537.36 (compatible; GoogleOther)"
66.249.74.103 - - [02/May/2025:23:46:32 -0400] "GET /?k=8108470175600&channel=25f081&from=pin.php%3Fid%3D701756-5273%26name%3D%E3%83%93%E3%82%B8%E3%83%8D%E3%82%B9%E3%82%B9%E3%83%BC%E3%83%84+%E3%83%A1%E3%83%B3%E3%82%BA%E3%83%80%E3%82%A6%E3%83%B3%E3%82%B3%E3%83%BC%E3%83%88%E5%86%AC+%E9%98%B2%E9%A2%A8+%E3%83%91%E3%83%B3%E3%83%84+%E3%82%B9%E3%82%AB%E3%82%B8%E3%83%A5%E3%82%A2%E3%83%AB+%E3%83%A1%E3%83%B3%E3%82%BA+%E7%A7%8B+%E5%86%AC%E5%A4%A9+%E5%A4%96%E5%A5%97+%E7%B4%BA%E3%82%B8%E3%83%A3%E3%82%B1%E3%83%83%E3%83%88%E3%83%A1%E3%83%B3%E3%82%BA+%E7%B6%BF+%E4%BD%9C%E6%A5%AD%E7%9D%80+%E3%82%B8%E3%83%A3%E3%82%B1%E3%83%83%E3%83%88 HTTP/1.1" 200 0 "-" "Mozilla/5.0 (Linux; Android 6.0.1; Nexus 5X Build/MMB29P) AppleWebKit/537.36 (KHTML, like Gecko) Chrome/135.0.7049.95 Mobile Safari/537.36 (compatible; GoogleOther)"
66.249.74.103 - - [02/May/2025:23:46:49 -0400] "GET /?k=7113090136502&channel=f40ff5&from=product.php%3Fid%3D901365-491%26name%3D%E3%82%AA%E3%82%AC%E3%83%AF%E3%80%80%E3%82%B7%E3%83%A3%E3%83%B3%E3%83%86%E3%82%A3R HTTP/1.1" 200 0 "-" "Mozilla/5.0 (Linux; Android 6.0.1; Nexus 5X Build/MMB29P) AppleWebKit/537.36 (KHTML, like Gecko) Chrome/135.0.7049.95 Mobile Safari/537.36 (compatible; GoogleOther)"
66.249.74.103 - - [02/May/2025:23:47:18 -0400] "GET /?k=90018188647606&channel=4d570f&from=goods.php%3Fid%3D1886476-42%26name%3DEVA%E7%B4%A0%E6%9D%90+2way%E5%B1%A5%E3%81%8D%E6%96%B9+%E3%82%B5%E3%83%B3%E3%83%80%E3%83%AB++%E3%82%B5%E3%83%9E%E3%83%BC%E3%82%B7%E3%83%A5%E3%83%BC%E3%82%BA+%E3%83%AB%E3%83%BC%E3%83%A0%E3%82%B7%E3%83%A5%E3%83%BC%E3%82%BA++%E5%A4%8F+%E5%AE%A4%E5%86%85++%E7%94%B7%E5%A5%B3%E5%85%BC%E7%94%A8+%E3%83%AC%E3%83%87%E3%82%A3%E3%83%BC%E3%82%B9+%E3%83%A1%E3%83%B3%E3%82%BA%E3%82%B5%E3%83%B3%E3%83%80%E3%83%AB+%E3%81%B5%E3%82%8F%E3%81%B5%E3%82%8F+2way%E3%83%95%E3%82%A1%E3%82%B7%E3%83%A7%E3%83%B3+%E6%9F%94%E8%BB%9F%E6%80%A7+%E4%B8%B8%E6%B4%97%E3%81%84+%E3%82%AB%E3%82%B8%E3%83%A5%E3%82%A2%E3%83%AB%E3%82%B9%E3%83%AA%E3%83%83%E3%83%91%E6%92%A5%E6%B0%B4%E5%8A%A0%E5%B7%A5+%E5%B1%A5%E3%81%8D%E5%BF%83%E5%9C%B0+%E8%B6%85%E8%BB%BD%E9%87%8F+%E9%9D%99%E9%9F%B3+%E6%BB%91%E3%82%8A%E6%AD%A2%E3%82%81+%E7%96%B2%E3%82%8C%E3%81%AB%E3%81%8F%E3%81%84+%E6%AD%A9%E3%81%8D%E3%82%84%E3%81%99%E3%81%84+%E6%8A%97%E8%8F%8C%E9%98%B2%E8%87%AD+%E5%AE%A4%E5%A4%96%E5%B1%A5%E3%81%8D+%E9%BB%92 HTTP/1.1" 200 0 "-" "Mozilla/5.0 (Linux; Android 6.0.1; Nexus 5X Build/MMB29P) AppleWebKit/537.36 (KHTML, like Gecko) Chrome/135.0.7049.95 Mobile Safari/537.36 (compatible; GoogleOther)"
66.249.74.103 - - [02/May/2025:23:47:35 -0400] "GET /?k=3287660607002&channel=c855f2&from=product.php%3Fid%3D606070-5626%26name%3D%E7%94%A8+%E3%82%AB%E3%83%AF%E3%82%B5%E3%82%AD+Z750+%E7%94%A8+%E5%BF%8D%E8%80%85+35-51+%E3%83%9F%E3%83%AA%E3%83%A1%E3%83%BC%E3%83%88%E3%83%AB%E3%82%AA%E3%83%BC%E3%83%88%E3%83%90%E3%82%A4%E3%82%B9%E3%82%AF%E3%83%BC%E3%82%BF%E3%83%BC+ATV+%E3%83%9E%E3%83%95%E3%83%A9%E3%83%BC%E3%82%A8%E3%82%B9%E3%82%B1%E3%83%BC%E3%83%97%E3%83%A2%E3%83%88%E6%8E%92%E6%B0%97%E6%8E%92%E6%B0%97%E7%AE%A1+%E3%82%A8%E3%82%AD%E3%82%BE%E3%83%BC%E3%82%B9 HTTP/1.1" 200 0 "-" "Mozilla/5.0 (Linux; Android 6.0.1; Nexus 5X Build/MMB29P) AppleWebKit/537.36 (KHTML, like Gecko) Chrome/135.0.7049.95 Mobile Safari/537.36 (compatible; GoogleOther)"
66.249.74.103 - - [02/May/2025:23:47:50 -0400] "GET /?k=37708138178300&channel=20d930&from=goods.php%3Fid%3D1381783-1483%26name%3DCX%EF%BC%91%E5%BC%BE%EF%BC%AC%EF%BC%AC%EF%BC%B2%E3%80%80%E6%96%B0%EF%BC%92%E5%8F%B7%E3%80%80%E3%82%AC%E3%83%B3%E3%83%90%E3%83%AC%E3%82%B8%E3%82%A7%E3%83%B3%E3%82%BA%E3%80%80%E3%82%AF%E3%83%AD%E3%83%9E%E3%83%86%E3%82%A3%E3%83%83%E3%82%AF%E3%82%AF%E3%83%AD%E3%82%B9%EF%BC%91%E5%BC%BE HTTP/1.1" 200 0 "-" "Mozilla/5.0 (Linux; Android 6.0.1; Nexus 5X Build/MMB29P) AppleWebKit/537.36 (KHTML, like Gecko) Chrome/135.0.7049.95 Mobile Safari/537.36 (compatible; GoogleOther)"
66.249.74.103 - - [02/May/2025:23:47:52 -0400] "GET /?k=88770135230102&channel=ce63e0&from=jp.php%3Fid%3D1352301-1538%26name%3D%E3%82%B7%E3%83%A3%E3%83%AF%E3%83%BC%E3%83%98%E3%83%83%E3%83%89 HTTP/1.1" 200 0 "-" "Mozilla/5.0 (Linux; Android 6.0.1; Nexus 5X Build/MMB29P) AppleWebKit/537.36 (KHTML, like Gecko) Chrome/135.0.7049.95 Mobile Safari/537.36 (compatible; GoogleOther)"
66.249.74.105 - - [02/May/2025:23:48:06 -0400] "GET /?k=9103255905000&channel=b2197b&from=article.php%3Fid%3D559050-13927%26name%3DKohler+k-13478-b-vs%E3%82%AA%E3%83%97%E3%82%B7%E3%83%A7%E3%83%B34+%26%2334%3B+Escutcheon%E6%AD%A3%E6%96%B9%E5%BD%A2%E3%83%97%E3%83%AC%E3%83%BC%E3%83%88for+Insight%E8%9B%87%E5%8F%A3%E3%80%81%E9%AE%AE%E3%82%84%E3%81%8B HTTP/1.1" 200 0 "-" "Mozilla/5.0 (Linux; Android 6.0.1; Nexus 5X Build/MMB29P) AppleWebKit/537.36 (KHTML, like Gecko) Chrome/135.0.7049.95 Mobile Safari/537.36 (compatible; GoogleOther)"
66.249.74.103 - - [02/May/2025:23:48:11 -0400] "GET /?k=1781917051404&channel=855a44&from=blog.php%3Fid%3D170514-1974%26name%3Dallureville+%E3%83%AC%E3%82%B6%E3%83%BC%E3%82%AF%E3%83%AB%E3%83%BC%E3%83%8D%E3%83%83%E3%82%AF%E3%83%96%E3%83%AB%E3%82%BE%E3%83%B3 HTTP/1.1" 200 0 "-" "Mozilla/5.0 (Linux; Android 6.0.1; Nexus 5X Build/MMB29P) AppleWebKit/537.36 (KHTML, like Gecko) Chrome/135.0.7049.95 Mobile Safari/537.36 (compatible; GoogleOther)"
66.249.74.103 - - [02/May/2025:23:48:19 -0400] "GET /?k=2550799037700&channel=69a080&from=article.php%3Fid%3D990377-19570%26name%3DPapilio+%E3%83%91%E3%83%94%E3%83%AA%E3%82%AA%E3%80%80%E3%82%AF%E3%83%AA%E3%82%A2%E3%83%96%E3%83%A9%E3%82%A4%E3%83%88%E3%82%AF%E3%83%AC%E3%83%B3%E3%82%B8%E3%83%B3%E3%82%B0 HTTP/1.1" 200 0 "-" "Mozilla/5.0 (Linux; Android 6.0.1; Nexus 5X Build/MMB29P) AppleWebKit/537.36 (KHTML, like Gecko) Chrome/135.0.7049.95 Mobile Safari/537.36 (compatible; GoogleOther)"
66.249.74.103 - - [02/May/2025:23:48:26 -0400] "GET /?k=8115749203801&channel=6bc4f3&from=shop.php%3Fid%3D492038-4702%26name%3D%E3%81%A8%E3%81%B0%E3%82%8A%E6%A7%98%E5%B0%82%E7%94%A8%E3%80%80%E3%83%81%E3%82%A7%E3%82%A2%E3%83%BC HTTP/1.1" 200 52766 "-" "Mozilla/5.0 (Linux; Android 6.0.1; Nexus 5X Build/MMB29P) AppleWebKit/537.36 (KHTML, like Gecko) Chrome/135.0.7049.95 Mobile Safari/537.36 (compatible; Googlebot/2.1; +http://www.google.com/bot.html)"
66.249.74.103 - - [02/May/2025:23:49:03 -0400] "GET /?k=80462138939801&channel=68434f&from=article.php%3Fid%3D1389398-9073%26name%3D%E7%88%86%E3%83%81%E3%83%A5%E3%83%BC%E5%95%8F%E9%A1%8C%E3%81%AE%E9%83%A8%E5%B1%8B%E3%80%80%E5%85%A83%E5%B7%BB%E3%82%BB%E3%83%83%E3%83%88%E3%80%80DVD HTTP/1.1" 200 0 "-" "Mozilla/5.0 (Linux; Android 6.0.1; Nexus 5X Build/MMB29P) AppleWebKit/537.36 (KHTML, like Gecko) Chrome/135.0.7049.95 Mobile Safari/537.36 (compatible; GoogleOther)"
40.77.167.8 - - [02/May/2025:23:49:08 -0400] "GET /?k=26893154486800&channel=61234c&from=goods.php%3Fid%3D1544868-4015%26name%3D34+%E3%82%AD%E3%83%BC+%E3%82%AF%E3%83%AD%E3%83%9E%E3%83%81%E3%83%83%E3%82%AF+%E3%82%AB%E3%83%AA%E3%83%B3%E3%83%90+C+%E3%83%88%E3%83%BC%E3%83%B3+%E3%82%B5%E3%83%A0%E3%83%94%E3%82%A2%E3%83%8E+%E3%83%96%E3%83%A9%E3%83%83%E3%82%AF+%E3%82%A6%E3%82%A9%E3%83%BC%E3%83%AB%E3%83%8A%E3%83%83%E3%83%88+%E3%83%9D%E3%83%BC%E3%82%BF%E3%83%96%E3%83%AB+%E3%82%AB%E3%83%AA%E3%83%B3%E3%83%90+%E9%9F%B3%E6%A5%BD+%E3%82%AD%E3%83%BC%E3%83%9C%E3%83%BC%E3%83%89+%E6%A5%BD%E5%99%A8 HTTP/1.1" 200 42316 "-" "Mozilla/5.0 AppleWebKit/537.36 (KHTML, like Gecko; compatible; bingbot/2.0; +http://www.bing.com/bingbot.htm) Chrome/116.0.1938.76 Safari/537.36"
40.77.167.8 - - [02/May/2025:23:49:32 -0400] "GET /?k=86276117482804&channel=74ea2e&from=form.php%3Fid%3D1174828-21639%26name%3DCSCDD+120A%E3%82%A2%E3%83%B3%E3%83%97%E6%95%B4%E6%B5%81%E5%99%A8%E3%83%95%E3%82%A3%E3%83%AB%E3%82%BF%E3%83%BC%E4%BE%9B%E7%B5%A6%E9%9B%BB%E6%BA%90%E3%83%9C%E3%83%BC%E3%83%89%E9%AB%98%E5%87%BA%E5%8A%9B%E3%82%B7%E3%83%A7%E3%83%83%E3%83%88%E3%82%AD%E3%83%BC%E6%95%B4%E6%B5%81%E5%99%A8%E3%83%95%E3%82%A3%E3%83%AB%E3%82%BF%E3%83%BC%E9%9B%BB%E6%BA%90%E3%83%9C%E3%83%BC%E3%83%8910000UF+125V HTTP/1.1" 200 42079 "-" "Mozilla/5.0 AppleWebKit/537.36 (KHTML, like Gecko; compatible; bingbot/2.0; +http://www.bing.com/bingbot.htm) Chrome/116.0.1938.76 Safari/537.36"
40.77.167.8 - - [02/May/2025:23:49:38 -0400] "GET /?k=62892171810000&channel=ce82a8&from=category-info.php%3Fid%3D1718100-11438%26name%3DOkiyakusama+%E8%87%AA%E5%8B%95%E8%BB%8A%E3%83%9C%E3%83%87%E3%82%A3%E3%81%AE%E3%81%B8%E3%81%93%E3%81%BF%E4%BF%AE%E7%90%86%E3%83%84%E3%83%BC%E3%83%AB+%E8%87%AA%E5%8B%95%E8%BB%8A%E5%A1%97%E8%A3%85%E4%B8%8D%E8%A6%81%E3%81%AE%E4%BF%AE%E7%90%86%E7%94%A8%E3%83%97%E3%83%BC%E3%83%A9%E3%83%BC+%E9%9B%B9%E3%81%AB%E3%82%88%E3%82%8B%E3%81%B8%E3%81%93%E3%81%BF%E3%81%AE%E9%99%A4%E5%8E%BB+%E8%87%AA%E5%8B%95%E8%BB%8A%E7%94%A8%E3%82%A8%E3%82%AD%E3%82%B9%E3%83%91%E3%83%B3%E3%83%80%E3%83%BC HTTP/1.1" 200 41228 "-" "Mozilla/5.0 AppleWebKit/537.36 (KHTML, like Gecko; compatible; bingbot/2.0; +http://www.bing.com/bingbot.htm) Chrome/116.0.1938.76 Safari/537.36"
66.249.74.104 - - [02/May/2025:23:50:12 -0400] "GET /?k=81672169249200&channel=a651ca&from=form.php%3Fid%3D1692492-10901%26name%3D%E5%82%98%E7%AB%8B%E3%81%A6+%E5%82%98%E7%AB%8B%E3%81%A6+%E3%83%A2%E3%83%80%E3%83%B3%E3%81%A7%E3%82%B7%E3%83%B3%E3%83%97%E3%83%AB%E3%81%AA%E9%87%91%E5%B1%9E%E8%A3%BD%E5%B0%8F%E5%9E%8B+%E5%AE%B6%E5%BA%AD%E7%94%A8%E5%82%98%E7%AB%8B%E3%81%A6+%E3%83%89%E3%83%AA%E3%83%83%E3%83%97%E3%83%88%E3%83%AC%E3%82%A4%E4%BB%98%E3%81%8D+%E5%82%986%E6%9C%AC%E5%8F%8E%E7%B4%8D HTTP/1.1" 200 0 "-" "Mozilla/5.0 (Linux; Android 6.0.1; Nexus 5X Build/MMB29P) AppleWebKit/537.36 (KHTML, like Gecko) Chrome/135.0.7049.95 Mobile Safari/537.36 (compatible; GoogleOther)"
66.249.74.104 - - [02/May/2025:23:50:20 -0400] "GET /?k=2483561360400&channel=054cd5&from=jp.php%3Fid%3D613604-10132%26name%3D%E3%83%88%E3%83%A9%E3%83%B3%E3%82%B9%E3%83%95%E3%82%A9%E3%83%BC%E3%83%9E%E3%83%BC+%E3%82%B9%E3%82%AB%E3%82%A4%E3%83%89%E3%83%AA%E3%83%95%E3%83%88+SS-38+%E3%82%B9%E3%82%BF%E3%82%B8%E3%82%AA%E3%82%B7%E3%83%AA%E3%83%BC%E3%82%BA+J HTTP/1.1" 200 0 "-" "Mozilla/5.0 (Linux; Android 6.0.1; Nexus 5X Build/MMB29P) AppleWebKit/537.36 (KHTML, like Gecko) Chrome/135.0.7049.95 Mobile Safari/537.36 (compatible; GoogleOther)"
66.249.74.103 - - [02/May/2025:23:50:28 -0400] "GET /?k=25580103487302&channel=244730&from=blog.php%3Fid%3D1034873-2628%26name%3DK-SPEED+diablo+%E3%83%80%E3%83%83%E3%82%AF%E3%82%B9125%2FST125+%E3%83%95%E3%83%AD%E3%83%B3%E3%83%88%E3%83%95%E3%82%A7%E3%83%B3%E3%83%80%E3%83%BC HTTP/1.1" 200 0 "-" "Mozilla/5.0 (Linux; Android 6.0.1; Nexus 5X Build/MMB29P) AppleWebKit/537.36 (KHTML, like Gecko) Chrome/135.0.7049.95 Mobile Safari/537.36 (compatible; GoogleOther)"
66.249.74.103 - - [02/May/2025:23:50:33 -0400] "GET /?k=0074717008703&channel=4139a9&from=article.php%3Fid%3D170087-9611%26name%3D%E6%BB%91%E3%82%8A%E3%81%AB%E3%81%8F%E3%81%8F%E3%80%81%E7%B3%B8%E3%81%8F%E3%81%9A%E3%81%8C%E5%B0%91%E3%81%AA%E3%81%8F%E3%80%81%E6%B4%97%E6%BF%AF%E5%8F%AF%E8%83%BD+%E5%AF%9D%E5%AE%A4%E3%80%81%E3%83%80%E3%82%A4%E3%83%8B%E3%83%B3%E3%82%B0%E3%83%AB%E3%83%BC%E3%83%A0%E3%80%81%E3%82%AA%E3%83%95%E3%82%A3%E3%82%B9%E3%81%AE%E3%82%AB%E3%83%BC%E3%83%9A%E3%83%83%E3%83%88%E3%80%81%E5%AE%B6%E3%81%A8%E8%A3%85%E9%A3%BE%E3%80%82%E5%A4%A7%E9%9D%A2%E7%A9%8D%E3%81%AE%E5%AF%9D%E5%AE%A4%E3%81%AE%E5%AE%B6%E3%81%AE%E7%8E%84%E9%96%A2%E3%83%95%E3%83%AD%E3%82%A2%E3%83%9E%E3%83%83%E3%83%88%E3%83%AB%E3%83%BC HTTP/1.1" 200 53279 "-" "Mozilla/5.0 (Linux; Android 6.0.1; Nexus 5X Build/MMB29P) AppleWebKit/537.36 (KHTML, like Gecko) Chrome/135.0.7049.95 Mobile Safari/537.36 (compatible; Googlebot/2.1; +http://www.google.com/bot.html)"
66.249.74.103 - - [02/May/2025:23:50:56 -0400] "GET /?k=23120157431702&channel=7d1180&from=news.php%3Fid%3D1574317-3406%26name%3D%E8%96%84%E5%9E%8B%E2%9C%A8Bluetooth%E2%9C%A8%E9%AB%98%E9%80%9FSSD%E2%9C%A815.6%E3%82%A4%E3%83%B3%E3%83%81%E2%9C%A8%E6%9D%B1%E8%8A%9D%E2%9C%A8%E3%83%8E%E3%83%BC%E3%83%88%E3%83%91%E3%82%BD%E3%82%B3%E3%83%B3 HTTP/1.1" 200 0 "-" "Mozilla/5.0 (Linux; Android 6.0.1; Nexus 5X Build/MMB29P) AppleWebKit/537.36 (KHTML, like Gecko) Chrome/135.0.7049.95 Mobile Safari/537.36 (compatible; GoogleOther)"
66.249.74.104 - - [02/May/2025:23:51:44 -0400] "GET /?k=89928172215604&channel=3234ab&from=article.php%3Fid%3D1722156-29%26name%3D%E3%83%A6%E3%83%8B%E3%82%AF%E3%83%ADUNIQLO%E3%82%B9%E3%83%9E%E3%83%BC%E3%83%88%E3%82%B9%E3%83%88%E3%83%AC%E3%83%83%E3%83%81W%E3%82%B9%E3%83%88%E3%83%AC%E3%83%83%E3%83%81%E3%82%B3%E3%83%BC%E3%83%87%E3%83%A5%E3%83%AD%E3%82%A4%E3%82%B7%E3%83%A3%E3%83%84L%E3%83%99%E3%83%BC%E3%82%B8%E3%83%A5 HTTP/1.1" 200 0 "-" "Mozilla/5.0 (Linux; Android 6.0.1; Nexus 5X Build/MMB29P) AppleWebKit/537.36 (KHTML, like Gecko) Chrome/135.0.7049.95 Mobile Safari/537.36 (compatible; GoogleOther)"
52.167.144.162 - - [02/May/2025:23:51:57 -0400] "GET /?k=42104165345402&channel=7c1bb1&from=product.php%3Fid%3D1653454-12001%26name%3D%E3%82%B9%E3%83%9E%E3%83%9B%E3%83%9B%E3%83%AB%E3%83%80%E3%83%BC%E3%80%80%E3%82%B9%E3%83%9E%E3%83%9B%E3%82%B9%E3%82%BF%E3%83%B3%E3%83%89%E3%80%80%E9%98%B2%E6%B0%B4%E3%80%807%E3%82%A4%E3%83%B3%E3%83%81%E5%AF%BE%E5%BF%9C%E3%80%80%E8%87%AA%E8%BB%A2%E8%BB%8A%E3%83%90%E3%82%A4%E3%82%AF%E3%80%80306%C2%B0%E5%9B%9E%E8%BB%A2 HTTP/1.1" 200 39459 "-" "Mozilla/5.0 AppleWebKit/537.36 (KHTML, like Gecko; compatible; bingbot/2.0; +http://www.bing.com/bingbot.htm) Chrome/116.0.1938.76 Safari/537.36"
66.249.73.201 - - [02/May/2025:23:52:15 -0400] "GET /?k=7483643518303&channel=515884&from=article.php%3Fid%3D435183-10994%26name%3DTape+Logic+TLBINB418+%E7%A9%8D%E3%81%BF%E9%87%8D%E3%81%AD%E5%8F%AF%E8%83%BD%E3%81%AA%E3%83%93%E3%83%B3%E3%83%9C%E3%83%83%E3%82%AF%E3%82%B9+4%E3%82%A4%E3%83%B3%E3%83%81+x+18%E3%82%A4%E3%83%B3%E3%83%81+x+4+1%2F2%E3%82%A4%E3%83%B3%E3%83%81+%E3%83%9B%E3%83%AF%E3%82%A4%E3%83%88+%285 HTTP/1.1" 200 53072 "-" "Mozilla/5.0 (Linux; Android 6.0.1; Nexus 5X Build/MMB29P) AppleWebKit/537.36 (KHTML, like Gecko) Chrome/135.0.7049.95 Mobile Safari/537.36 (compatible; Googlebot/2.1; +http://www.google.com/bot.html)"
66.249.74.103 - - [02/May/2025:23:52:16 -0400] "GET /?k=37269109372001&channel=ac44a8&from=shared.php%3Fid%3D1093720-6962%26name%3DCRAFTWORKS+3%E3%82%B9%E3%83%86%E3%83%83%E3%83%97%E3%83%AF%E3%82%A4%E3%83%A4%E3%83%BC+%E3%82%B8%E3%83%A5%E3%82%A8%E3%83%AA%E3%83%BC%E3%83%AB%E3%83%BC%E3%83%97%E3%83%84%E3%83%BC%E3%83%AB+%E3%83%9A%E3%83%B3%E3%83%81+%E5%87%B9%E5%9E%8B%26amp%3B%E3%83%A9%E3%82%A6%E3%83%B3%E3%83%89%E3%83%8E%E3%83%BC%E3%82%BA%E3%83%97%E3%83%A9%E3%82%A4%E3%83%A4%E3%83%BC+%E3%82%B3%E3%82%A4%E3%83%AB%E3%83%95%E3%82%A9%E3%83%BC%E3%83%9F%E3%83%B3%E3%82%B0 HTTP/1.1" 200 0 "-" "Mozilla/5.0 (Linux; Android 6.0.1; Nexus 5X Build/MMB29P) AppleWebKit/537.36 (KHTML, like Gecko) Chrome/135.0.7049.95 Mobile Safari/537.36 (compatible; GoogleOther)"
66.249.74.104 - - [02/May/2025:23:52:19 -0400] "GET /?k=9788748801303&channel=706fe8&from=form.php%3Fid%3D488013-546%26name%3D%E3%83%9E%E3%82%A4%E3%83%86%E3%82%A3%E3%83%9C%E3%83%BC%E3%82%A4 HTTP/1.1" 200 50338 "-" "Mozilla/5.0 (Linux; Android 6.0.1; Nexus 5X Build/MMB29P) AppleWebKit/537.36 (KHTML, like Gecko) Chrome/135.0.7049.95 Mobile Safari/537.36 (compatible; Googlebot/2.1; +http://www.google.com/bot.html)"
66.249.74.104 - - [02/May/2025:23:52:31 -0400] "GET /?k=62077155206902&channel=c1cb7a&from=info.php%3Fid%3D1552069-600%26name%3DX-LARGE+%E2%98%85+%E3%82%B3%E3%83%BC%E3%83%81%E3%82%B8%E3%83%A3%E3%82%B1%E3%83%83%E3%83%88%E3%80%80%E3%83%A1%E3%83%B3%E3%82%BA HTTP/1.1" 200 51365 "-" "Mozilla/5.0 (Linux; Android 6.0.1; Nexus 5X Build/MMB29P) AppleWebKit/537.36 (KHTML, like Gecko) Chrome/135.0.7049.95 Mobile Safari/537.36 (compatible; Googlebot/2.1; +http://www.google.com/bot.html)"
66.249.74.104 - - [02/May/2025:23:52:33 -0400] "GET /?k=1714151026100&channel=6fd73a&from=article.php%3Fid%3D510261-7852%26name%3D%E3%83%AD%E3%82%A4%E3%83%A4%E3%83%AB%E3%82%A2%E3%83%AB%E3%83%90%E3%83%BC%E3%83%88+%E3%82%AA%E3%83%BC%E3%83%AB%E3%83%89%E3%82%AB%E3%83%B3%E3%83%88%E3%83%AA%E3%83%BC%E3%83%AD%E3%83%BC%E3%82%BA+%E3%83%9C%E3%82%A6%E3%83%AB+%E7%9A%BF+%E3%83%9A%E3%82%A2 HTTP/1.1" 200 0 "-" "Mozilla/5.0 (Linux; Android 6.0.1; Nexus 5X Build/MMB29P) AppleWebKit/537.36 (KHTML, like Gecko) Chrome/135.0.7049.95 Mobile Safari/537.36 (compatible; GoogleOther)"
66.249.74.105 - - [02/May/2025:23:53:06 -0400] "GET /?k=7049421900202&channel=03034c&from=news.php%3Fid%3D219002-5976%26name%3DMG+MS-06F+IIF%E5%9E%8B+Ver.2.0+%EF%BC%881+100%E3%82%B9%E3%82%B1%E3%83%BC%E3%83%AB+MG+2031560%EF%BC%89 HTTP/1.1" 200 0 "-" "Mozilla/5.0 (Linux; Android 6.0.1; Nexus 5X Build/MMB29P) AppleWebKit/537.36 (KHTML, like Gecko) Chrome/135.0.7049.95 Mobile Safari/537.36 (compatible; GoogleOther)"
