66.249.73.200 - - [03/May/2025:01:47:36 -0400] "GET /?k=29989197017301&channel=95d28b&from=article.php%3Fid%3D1970173-534%26name%3D%E3%83%92%E3%83%A5%E3%83%B3%E3%83%80%E3%82%A4%E3%82%A8%E3%83%A9%E3%83%B3%E3%83%88%E3%83%A9%E3%82%A2%E3%83%90%E3%83%B3%E3%83%86+CN7+2020-2022+%E8%BB%8A%E3%81%AE%E3%83%AA%E3%82%A2%E3%83%90%E3%83%B3%E3%83%91%E3%83%BC%E3%82%B9%E3%83%9D%E3%82%A4%E3%83%A9%E3%83%BC%E3%83%86%E3%83%BC%E3%83%AB%E4%B8%8B%E5%94%87%E3%83%9C%E3%83%87%E3%82%A3%E3%82%AC%E3%83%BC%E3%83%89%E3%82%A2%E3%82%AF%E3%82%BB%E3%82%B5%E3%83%AA%E3%83%BC%E5%A4%96%E8%A3%85%E8%A3%85%E9%A3%BE%E3%82%AB%E3%83%90%E3%83%BC HTTP/1.1" 200 51654 "-" "Mozilla/5.0 (Linux; Android 6.0.1; Nexus 5X Build/MMB29P) AppleWebKit/537.36 (KHTML, like Gecko) Chrome/135.0.7049.95 Mobile Safari/537.36 (compatible; Googlebot/2.1; +http://www.google.com/bot.html)"
66.249.73.200 - - [03/May/2025:01:47:38 -0400] "GET /?k=85997143216101&channel=29bae9&from=jp.php%3Fid%3D1432161-9331%26name%3D%E5%B0%8F%E6%9F%84%E2%99%A1%E5%92%8C%E6%9F%84%E2%99%A1%E3%83%AA%E3%83%9C%E3%83%B3 HTTP/1.1" 200 50746 "-" "Mozilla/5.0 (Linux; Android 6.0.1; Nexus 5X Build/MMB29P) AppleWebKit/537.36 (KHTML, like Gecko) Chrome/135.0.7049.95 Mobile Safari/537.36 (compatible; Googlebot/2.1; +http://www.google.com/bot.html)"
66.249.73.201 - - [03/May/2025:01:47:40 -0400] "GET /?k=37200183041100&channel=92de0c&from=article.php%3Fid%3D1830411-20448%26name%3D%E3%82%93oon%E3%80%8CBody%E3%80%8D%E3%82%A2%E3%83%8A%E3%83%AD%E3%82%B0%E7%9B%A4 HTTP/1.1" 200 53427 "-" "Mozilla/5.0 (Linux; Android 6.0.1; Nexus 5X Build/MMB29P) AppleWebKit/537.36 (KHTML, like Gecko) Chrome/135.0.7049.95 Mobile Safari/537.36 (compatible; Googlebot/2.1; +http://www.google.com/bot.html)"
66.249.73.202 - - [03/May/2025:01:47:41 -0400] "GET /?k=75836129588605&channel=25a542&from=product.php%3Fid%3D1295886-22873%26name%3DWEST.%E3%82%AA%E3%83%95%E3%82%A3%E3%82%B7%E3%83%A3%E3%83%AB%E3%82%AB%E3%83%AC%E3%83%B3%E3%83%80%E3%83%BC2023-2024+%E3%82%BF%E3%83%AD%E3%83%83%E3%83%88%E3%82%AB%E3%83%BC%E3%83%89%EF%BC%88%E8%AA%AC%E6%98%8E%E6%9B%B8%E3%81%A4%E3%81%8D%EF%BC%89 HTTP/1.1" 200 52130 "-" "Mozilla/5.0 (Linux; Android 6.0.1; Nexus 5X Build/MMB29P) AppleWebKit/537.36 (KHTML, like Gecko) Chrome/135.0.7049.95 Mobile Safari/537.36 (compatible; Googlebot/2.1; +http://www.google.com/bot.html)"
66.249.73.200 - - [03/May/2025:01:47:43 -0400] "GET /?k=82529180262500&channel=268c92&from=news.php%3Fid%3D1802625-518%26name%3D%E3%83%9E%E3%82%AD%E3%82%BF+%E3%83%9F%E3%83%8B%E7%94%9F%E5%9E%A3%E3%83%90%E3%83%AA%E3%82%AB%E3%83%B3+MUH265DSH HTTP/1.1" 200 51649 "-" "Mozilla/5.0 (Linux; Android 6.0.1; Nexus 5X Build/MMB29P) AppleWebKit/537.36 (KHTML, like Gecko) Chrome/135.0.7049.95 Mobile Safari/537.36 (compatible; Googlebot/2.1; +http://www.google.com/bot.html)"
66.249.73.201 - - [03/May/2025:01:47:45 -0400] "GET /robots.txt HTTP/1.1" 200 66 "-" "Mozilla/5.0 (compatible; Googlebot/2.1; +http://www.google.com/bot.html)"
66.249.73.201 - - [03/May/2025:01:47:45 -0400] "GET /?k=7780752303000&channel=511061&from=info.php%3Fid%3D523030-10025%26name%3Dacca+%E3%83%98%E3%82%A2%E3%82%A2%E3%82%AF%E3%82%BB%E3%82%B5%E3%83%AA%E3%83%BC%E3%80%80%E3%81%BE%E3%81%A8%E3%82%81%E5%A3%B2%E3%82%8A HTTP/1.1" 200 50458 "-" "Mozilla/5.0 (Linux; Android 6.0.1; Nexus 5X Build/MMB29P) AppleWebKit/537.36 (KHTML, like Gecko) Chrome/135.0.7049.95 Mobile Safari/537.36 (compatible; Googlebot/2.1; +http://www.google.com/bot.html)"
66.249.73.203 - - [03/May/2025:01:47:46 -0400] "GET /?k=58959144790503&channel=487ebe&from=category-info.php%3Fid%3D1447905-9459%26name%3D%E3%82%A2%E3%83%B3%E3%82%B0%E3%83%AB%E3%82%B0%E3%83%A9%E3%82%A4%E3%83%B3%E3%83%80%E3%83%BC%E3%83%9B%E3%83%AB%E3%83%80%E3%83%BC%E3%80%81%E3%82%A6%E3%82%A9%E3%83%BC%E3%83%AB%E3%83%9E%E3%82%A6%E3%83%B3%E3%83%88%E3%83%96%E3%83%A9%E3%82%B1%E3%83%83%E3%83%88+-+%E5%A4%9A%E6%A9%9F%E8%83%BD%E3%83%84%E3%83%BC%E3%83%AB%E3%82%A6%E3%82%A9%E3%83%BC%E3%83%AB%E3%83%9E%E3%82%A6%E3%83%B3%E3%83%88%E3%83%96%E3%83%A9%E3%82%B1%E3%83%83%E3%83%88+-+%E5%86%8D%E5%88%A9%E7%94%A8%E5%8F%AF%E8%83%BD%E3%81%AA%E3%82%AC%E3%83%AC%E3%83%BC%E3%82%B8%E7%94%A8%E5%93%81%E3%80%81 HTTP/1.1" 200 51336 "-" "Mozilla/5.0 (Linux; Android 6.0.1; Nexus 5X Build/MMB29P) AppleWebKit/537.36 (KHTML, like Gecko) Chrome/135.0.7049.95 Mobile Safari/537.36 (compatible; Googlebot/2.1; +http://www.google.com/bot.html)"
66.249.73.203 - - [03/May/2025:01:47:48 -0400] "GET /?k=7982232877301&channel=506151&from=jp.php%3Fid%3D328773-11908%26name%3D%E7%BE%8E%E5%93%81Dr.Martens+++8%E3%83%9B%E3%83%BC%E3%83%AB HTTP/1.1" 200 52041 "-" "Mozilla/5.0 (Linux; Android 6.0.1; Nexus 5X Build/MMB29P) AppleWebKit/537.36 (KHTML, like Gecko) Chrome/135.0.7049.95 Mobile Safari/537.36 (compatible; Googlebot/2.1; +http://www.google.com/bot.html)"
66.249.74.105 - - [03/May/2025:01:47:48 -0400] "GET /?k=8977324651901&channel=6a2403&from=info.php%3Fid%3D246519-1275%26name%3D%E3%82%A4%E3%83%AC%E3%82%AE%E3%83%A5%E3%83%A9%E3%83%BC+%E3%83%81%E3%83%A7%E3%82%A4%E3%82%B9+x+%E3%83%87%E3%82%A3%E3%82%BA%E3%83%8B%E3%83%BC+%E3%82%B3%E3%83%A9%E3%83%9C%E3%80%80%E3%82%B7%E3%83%B3%E3%83%87%E3%83%AC%E3%83%A9%E3%83%91%E3%83%B3%E3%83%97%E3%82%B9%E6%96%B0%E5%93%81%E6%9C%AA%E4%BD%BF%E7%94%A8 HTTP/1.1" 200 51276 "-" "Mozilla/5.0 (Linux; Android 6.0.1; Nexus 5X Build/MMB29P) AppleWebKit/537.36 (KHTML, like Gecko) Chrome/135.0.7049.95 Mobile Safari/537.36 (compatible; Googlebot/2.1; +http://www.google.com/bot.html)"
66.249.73.201 - - [03/May/2025:01:47:49 -0400] "GET /?k=072131914304&channel=aef2ef&from=article.php%3Fid%3D19143-456%26name%3D%5BBogotto%5D+%E3%83%9C%E3%82%AC%E3%83%83%E3%83%88+Caracas+%E3%83%A9%E3%82%A4%E3%83%87%E3%82%A3%E3%83%B3%E3%82%B0%E3%83%96%E3%83%BC%E3%83%84+%E3%82%AA%E3%83%BC%E3%83%88%E3%83%90%E3%82%A4%E3%83%96%E3%83%BC%E3%83%84+%E3%83%A9%E3%82%A4%E3%83%80%E3%83%BC+%E3%83%90%E3%82%A4%E3%82%AF+%E3%81%8B%E3%81%A3%E3%81%93%E3%81%84%E3%81%84 HTTP/1.1" 200 52511 "-" "Mozilla/5.0 (Linux; Android 6.0.1; Nexus 5X Build/MMB29P) AppleWebKit/537.36 (KHTML, like Gecko) Chrome/135.0.7049.95 Mobile Safari/537.36 (compatible; Googlebot/2.1; +http://www.google.com/bot.html)"
66.249.73.203 - - [03/May/2025:01:47:52 -0400] "GET /?k=08991176931600&channel=55bfa6&from=pin.php%3Fid%3D1769316-24270%26name%3DDK+BMX%E3%82%B9%E3%83%97%E3%83%AD%E3%82%B1%E3%83%83%E3%83%88+36T+Old+School HTTP/1.1" 200 52061 "-" "Mozilla/5.0 (Linux; Android 6.0.1; Nexus 5X Build/MMB29P) AppleWebKit/537.36 (KHTML, like Gecko) Chrome/135.0.7049.95 Mobile Safari/537.36 (compatible; Googlebot/2.1; +http://www.google.com/bot.html)"
66.249.73.204 - - [03/May/2025:01:47:54 -0400] "GET /?k=7412455014300&channel=7f9414&from=form.php%3Fid%3D550143-14164%26name%3D%E3%82%AA%E3%83%BC%E3%83%88%E3%83%90%E3%82%A4%E9%81%8B%E8%BB%A2%E5%B8%AD%E5%8A%A9%E6%89%8B%E5%B8%AD%E3%83%8F%E3%83%BC%E3%83%AC%E3%83%BC%E3%82%BD%E3%83%95%E3%83%86%E3%82%A4%E3%83%AB%E3%82%B9%E3%82%BF%E3%83%B3%E3%83%80%E3%83%BC%E3%83%89%E3%82%B9%E3%83%88%E3%83%AA%E3%83%BC%E3%83%88%E3%83%9C%E3%83%96FXBB+FXST+2018-2023%E3%81%AB%E5%AF%BE%E5%BF%9C%28X3+series HTTP/1.1" 200 51878 "-" "Mozilla/5.0 (Linux; Android 6.0.1; Nexus 5X Build/MMB29P) AppleWebKit/537.36 (KHTML, like Gecko) Chrome/135.0.7049.95 Mobile Safari/537.36 (compatible; Googlebot/2.1; +http://www.google.com/bot.html)"
66.249.73.204 - - [03/May/2025:01:47:55 -0400] "GET /?k=1632333553802&channel=135070&from=blog.php%3Fid%3D335538-11996%26name%3DOGASAKA+SKI+GK%2FN+L+WH HTTP/1.1" 200 52307 "-" "Mozilla/5.0 (Linux; Android 6.0.1; Nexus 5X Build/MMB29P) AppleWebKit/537.36 (KHTML, like Gecko) Chrome/135.0.7049.95 Mobile Safari/537.36 (compatible; Googlebot/2.1; +http://www.google.com/bot.html)"
66.249.73.204 - - [03/May/2025:01:47:57 -0400] "GET /?k=66113113154902&channel=e664a0&from=shared.php%3Fid%3D1131549-600%26name%3Dmaison+special+%E3%83%84%E3%82%A4%E3%82%B9%E3%83%88%E3%83%9C%E3%82%BF%E3%83%B3%E3%83%9E%E3%82%AD%E3%82%B7%E3%83%A2%E3%83%83%E3%82%BA%E3%82%B3%E3%83%BC%E3%83%88+RINGO%E6%A7%98%E5%B0%82%E7%94%A8 HTTP/1.1" 200 50832 "-" "Mozilla/5.0 (Linux; Android 6.0.1; Nexus 5X Build/MMB29P) AppleWebKit/537.36 (KHTML, like Gecko) Chrome/135.0.7049.95 Mobile Safari/537.36 (compatible; Googlebot/2.1; +http://www.google.com/bot.html)"
66.249.73.203 - - [03/May/2025:01:47:58 -0400] "GET /?k=75207145577700&channel=0e7b80&from=article.php%3Fid%3D1455777-12128%26name%3D%E3%80%90%E6%96%B0%E5%93%81%E3%83%BB2%E5%96%B6%E6%A5%AD%E6%97%A5%E3%81%A7%E7%99%BA%E9%80%81%E3%80%91%EF%BC%A9%EF%BC%B3%EF%BC%88%E3%82%A4%E3%82%B7%E3%83%8F%E3%82%B7%E7%B2%BE%E5%B7%A5%EF%BC%89%E3%80%80%E8%BB%B8%E7%B4%B0%E6%AD%A3%E5%AE%97%E3%83%89%E3%83%AA%E3%83%AB%E3%80%80%EF%BC%96%EF%BC%8E%EF%BC%95%E5%9E%8B%E3%80%80%EF%BC%91%EF%BC%92%EF%BC%8E%EF%BC%95%EF%BD%8D%EF%BD%8D+JDS-12.5+1040308 HTTP/1.1" 200 52115 "-" "Mozilla/5.0 (Linux; Android 6.0.1; Nexus 5X Build/MMB29P) AppleWebKit/537.36 (KHTML, like Gecko) Chrome/135.0.7049.95 Mobile Safari/537.36 (compatible; Googlebot/2.1; +http://www.google.com/bot.html)"
66.249.73.202 - - [03/May/2025:01:47:59 -0400] "GET /?k=89851155703900&channel=a23d3e&from=pin.php%3Fid%3D1557039-22207%26name%3D%E3%82%B7%E3%83%BC%E3%83%AA%E3%83%B3%E3%82%B0%E3%82%B9%E3%82%BF%E3%83%B3%E3%83%97+%E8%8B%BA+%E3%81%84%E3%81%A1%E3%81%94+%E3%82%B7%E3%83%BC%E3%83%AA%E3%83%B3%E3%82%B0%E3%82%B9%E3%82%BF%E3%83%B3%E3%83%97%E3%83%98%E3%83%83%E3%83%89+%E3%82%B7%E3%83%BC%E3%83%AA%E3%83%B3%E3%82%B0%E3%83%AF%E3%83%83%E3%82%AF%E3%82%B9 HTTP/1.1" 200 52700 "-" "Mozilla/5.0 (Linux; Android 6.0.1; Nexus 5X Build/MMB29P) AppleWebKit/537.36 (KHTML, like Gecko) Chrome/135.0.7049.95 Mobile Safari/537.36 (compatible; Googlebot/2.1; +http://www.google.com/bot.html)"
66.249.73.200 - - [03/May/2025:01:48:02 -0400] "GET /?k=098064275900&channel=a48456&from=shop.php%3Fid%3D42759-4306%26name%3D%E5%A4%A7%E4%BA%BA%E7%94%A8%E3%83%95%E3%82%A3%E3%83%83%E3%83%88%E3%83%8D%E3%82%B9+%E6%87%B8%E5%9E%82%E3%83%90%E3%83%BC+%E7%AD%8B%E5%8A%9B%E3%83%88%E3%83%AC%E3%83%BC%E3%83%8B%E3%83%B3%E3%82%B0%E5%99%A8%E5%85%B7+%E9%AB%98%E3%81%95%E8%AA%BF%E7%AF%80%E5%8F%AF%E8%83%BD+%E5%A3%81%E6%8E%9B%E3%81%91+%E5%A4%A9%E4%BA%95%E5%8F%96%E3%82%8A%E4%BB%98%E3%81%91+%E5%AE%89%E5%AE%9A%E8%8D%B7%E9%87%8D300kg+%E5%8F%96%E3%82%8A%E4%BB%98%E3%81%91%E7%B0%A1%E5%8D%98%E3%80%81 HTTP/1.1" 200 53400 "-" "Mozilla/5.0 (Linux; Android 6.0.1; Nexus 5X Build/MMB29P) AppleWebKit/537.36 (KHTML, like Gecko) Chrome/135.0.7049.95 Mobile Safari/537.36 (compatible; Googlebot/2.1; +http://www.google.com/bot.html)"
66.249.73.203 - - [03/May/2025:01:48:03 -0400] "GET /?k=8500742526506&channel=5503b9&from=shop.php%3Fid%3D425265-11788%26name%3DKoiFlow+%E3%83%A1%E3%83%8B%E3%83%A5%E3%83%BC%E3%82%B9%E3%82%BF%E3%83%B3%E3%83%89+%E6%A1%88%E5%86%85%E6%9D%BF+%E3%82%B5%E3%82%A4%E3%83%B3%E3%82%B9%E3%82%BF%E3%83%B3%E3%83%89+%E7%9C%8B%E6%9D%BF+%E6%9C%A8%E7%9B%AE%E8%AA%BF+%E3%82%B9%E3%82%BF%E3%83%B3%E3%83%89+%E8%A1%A8%E7%A4%BA%E3%81%AE%E3%81%9F%E3%82%81+%E3%83%A1%E3%83%8B%E3%83%A5%E3%83%BC%E7%AB%8B%E3%81%A6+%E3%82%B9%E3%82%BF%E3%83%B3%E3%83%89%E3%83%9C%E3%83%BC%E3%83%89+A4%E5%AF%BE%E5%BF%9C HTTP/1.1" 200 51292 "-" "Mozilla/5.0 (Linux; Android 6.0.1; Nexus 5X Build/MMB29P) AppleWebKit/537.36 (KHTML, like Gecko) Chrome/135.0.7049.95 Mobile Safari/537.36 (compatible; Googlebot/2.1; +http://www.google.com/bot.html)"
66.249.73.200 - - [03/May/2025:01:48:05 -0400] "GET /?k=32800172914901&channel=25c704&from=category-info.php%3Fid%3D1729149-22413%26name%3DNIKE+%E3%83%8A%E3%82%A4%E3%82%AD+%E3%83%90%E3%82%B1%E3%83%83%E3%83%88%E3%83%8F%E3%83%83%E3%83%88+%E5%B8%BD%E5%AD%90%E3%80%80%E3%83%9C%E3%82%A2%E3%80%80%E3%83%96%E3%83%A9%E3%83%83%E3%82%AF+%E3%83%90%E3%82%B1%E3%83%8F+USED+%E5%8F%A4%E7%9D%80 HTTP/1.1" 200 51852 "-" "Mozilla/5.0 (Linux; Android 6.0.1; Nexus 5X Build/MMB29P) AppleWebKit/537.36 (KHTML, like Gecko) Chrome/135.0.7049.95 Mobile Safari/537.36 (compatible; Googlebot/2.1; +http://www.google.com/bot.html)"
66.249.74.103 - - [03/May/2025:01:48:13 -0400] "GET /?k=53389149385200&channel=bb592b&from=form.php%3Fid%3D1493852-587%26name%3D38D1-O-SL+%E5%90%84%E7%A4%BE%E5%AF%BE%E5%BF%9C%E3%83%AC%E3%83%90%E3%83%BC+%E7%A9%BA%E9%8C%A0+00776888-001 HTTP/1.1" 200 54656 "-" "Mozilla/5.0 (Linux; Android 6.0.1; Nexus 5X Build/MMB29P) AppleWebKit/537.36 (KHTML, like Gecko) Chrome/135.0.7049.95 Mobile Safari/537.36 (compatible; Googlebot/2.1; +http://www.google.com/bot.html)"
66.249.74.104 - - [03/May/2025:01:48:15 -0400] "GET /?k=699964626004&channel=14a330&from=blog.php%3Fid%3D46260-3849%26name%3D%E3%82%A6%E3%82%A3%E3%83%B3%E3%83%89%E3%82%A6%E3%83%89%E3%82%A2%E3%82%B7%E3%83%BC%E3%83%AB+%E8%BB%8A%E3%81%AE%E7%AA%93%E3%82%AC%E3%83%A9%E3%82%B9%E3%82%B7%E3%83%BC%E3%83%AB%E3%80%81%E3%83%86%E3%82%B9%E3%83%A9%E7%94%A8%E3%80%81%E3%83%A2%E3%83%87%E3%83%AB3+Y+2020-2023+%E3%82%B5%E3%82%A4%E3%83%89%E3%82%A6%E3%82%A3%E3%83%B3%E3%83%89%E3%82%A6%E3%83%90%E3%82%A4%E3%82%B6%E3%83%BC+%E3%83%89%E3%82%A2%E3%83%87%E3%83%95%E3%83%AC%E3%82%AF%E3%82%BF%E3%83%BC%E3%82%B9%E3%83%88 HTTP/1.1" 200 52232 "-" "Mozilla/5.0 (Linux; Android 6.0.1; Nexus 5X Build/MMB29P) AppleWebKit/537.36 (KHTML, like Gecko) Chrome/135.0.7049.95 Mobile Safari/537.36 (compatible; Googlebot/2.1; +http://www.google.com/bot.html)"
66.249.74.105 - - [03/May/2025:01:48:16 -0400] "GET /?k=0362747087202&channel=3cca5f&from=info.php%3Fid%3D470872-13480%26name%3D%E3%82%BC%E3%83%8A%E3%83%83%E3%82%AF+%E3%83%9F%E3%83%A5%E3%83%BC%E3%83%88%E3%82%B9%E3%82%A2%E3%82%AD%E3%83%A5%E3%83%A9100H+RG HTTP/1.1" 200 51344 "-" "Mozilla/5.0 (Linux; Android 6.0.1; Nexus 5X Build/MMB29P) AppleWebKit/537.36 (KHTML, like Gecko) Chrome/135.0.7049.95 Mobile Safari/537.36 (compatible; Googlebot/2.1; +http://www.google.com/bot.html)"
66.249.74.103 - - [03/May/2025:01:48:18 -0400] "GET /?k=7023736857400&channel=ff7710&from=article.php%3Fid%3D368574-3191%26name%3D%E3%83%87%E3%82%B8%E3%83%A2%E3%83%B3%E3%82%AB%E3%83%BC%E3%83%89%E3%82%B2%E3%83%BC%E3%83%A0+%E3%82%AF%E3%83%BC%E3%83%AB%E3%83%9C%E3%83%BC%E3%82%A4+%E3%83%91%E3%83%A9%E3%83%AC%E3%83%AB+x+2+WUFP7 HTTP/1.1" 200 51677 "-" "Mozilla/5.0 (Linux; Android 6.0.1; Nexus 5X Build/MMB29P) AppleWebKit/537.36 (KHTML, like Gecko) Chrome/135.0.7049.95 Mobile Safari/537.36 (compatible; Googlebot/2.1; +http://www.google.com/bot.html)"
66.249.74.103 - - [03/May/2025:01:48:39 -0400] "GET /?k=911294806601&channel=5c2099&from=news.php%3Fid%3D48066-3639%26name%3D%E3%83%AA%E3%83%B3%E3%82%AF%E3%83%AB%E3%82%B7%E3%83%A3%E3%83%BC%E3%83%AA%E3%83%B3%E3%82%B0%E3%83%8E%E3%83%BC%E3%82%B9%E3%83%AA%E3%83%97%E3%83%AB%E3%82%AA%E3%83%BC%E3%83%90%E3%83%BC HTTP/1.1" 200 50678 "-" "Mozilla/5.0 (Linux; Android 6.0.1; Nexus 5X Build/MMB29P) AppleWebKit/537.36 (KHTML, like Gecko) Chrome/135.0.7049.95 Mobile Safari/537.36 (compatible; Googlebot/2.1; +http://www.google.com/bot.html)"
66.249.74.103 - - [03/May/2025:01:48:42 -0400] "GET /?k=699964626004&channel=14a330&from=blog.php%3Fid%3D46260-3849%26name%3D%E3%82%A6%E3%82%A3%E3%83%B3%E3%83%89%E3%82%A6%E3%83%89%E3%82%A2%E3%82%B7%E3%83%BC%E3%83%AB+%E8%BB%8A%E3%81%AE%E7%AA%93%E3%82%AC%E3%83%A9%E3%82%B9%E3%82%B7%E3%83%BC%E3%83%AB%E3%80%81%E3%83%86%E3%82%B9%E3%83%A9%E7%94%A8%E3%80%81%E3%83%A2%E3%83%87%E3%83%AB3+Y+2020-2023+%E3%82%B5%E3%82%A4%E3%83%89%E3%82%A6%E3%82%A3%E3%83%B3%E3%83%89%E3%82%A6%E3%83%90%E3%82%A4%E3%82%B6%E3%83%BC+%E3%83%89%E3%82%A2%E3%83%87%E3%83%95%E3%83%AC%E3%82%AF%E3%82%BF%E3%83%BC%E3%82%B9%E3%83%88 HTTP/1.1" 200 0 "-" "Mozilla/5.0 (Linux; Android 6.0.1; Nexus 5X Build/MMB29P) AppleWebKit/537.36 (KHTML, like Gecko) Chrome/135.0.7049.95 Mobile Safari/537.36 (compatible; GoogleOther)"
66.249.74.104 - - [03/May/2025:01:50:15 -0400] "GET /?k=29862193958600&channel=41668c&from=product.php%3Fid%3D1939586-27540%26name%3D%E3%83%AC%E3%82%B8%E3%82%A7%E3%83%B3%E3%83%89+LF1150+1%2F35+%E3%82%A2%E3%83%A1%E3%83%AA%E3%82%AB+M2%E3%83%8F%E3%83%BC%E3%83%95%E3%83%88%E3%83%A9%E3%83%83%E3%82%AF+%E7%A9%8D%E8%8D%B7%E3%82%BB%E3%83%83%E3%83%88 HTTP/1.1" 200 51635 "-" "Mozilla/5.0 (Linux; Android 6.0.1; Nexus 5X Build/MMB29P) AppleWebKit/537.36 (KHTML, like Gecko) Chrome/135.0.7049.95 Mobile Safari/537.36 (compatible; Googlebot/2.1; +http://www.google.com/bot.html)"
66.249.74.103 - - [03/May/2025:01:51:24 -0400] "GET /?k=25049181120202&channel=470a03&from=shared.php%3Fid%3D1811202-13252%26name%3DDeeRace+U%E5%9E%8B%E3%83%96%E3%83%AC%E3%83%BC%E3%83%89%E3%83%9B%E3%82%A4%E3%83%BC%E3%83%AB%E4%BB%98%E3%81%8D%E3%83%93%E3%83%8B%E3%83%BC%E3%83%AB%E3%82%B0%E3%83%AB%E3%83%BC%E3%83%90%E3%83%BC%E3%80%811.5mm%E3%81%8B%E3%82%893mm%E5%8E%9A%E3%81%AE%E5%BA%8A%E7%94%A8%E3%83%93%E3%83%8B%E3%83%BC%E3%83%AB%E3%83%95%E3%83%AD%E3%82%A2%E3%82%B9%E3%83%AD%E3%83%83%E3%83%86%E3%82%A3%E3%83%B3%E3%82%B0%E3%83%97%E3%83%AB%E3%82%B9%E3%83%AD%E3%83%83%E3%82%BF%E3%83%BC%E3%80%81 HTTP/1.1" 200 0 "-" "Mozilla/5.0 (Linux; Android 6.0.1; Nexus 5X Build/MMB29P) AppleWebKit/537.36 (KHTML, like Gecko) Chrome/135.0.7049.95 Mobile Safari/537.36 (compatible; GoogleOther)"
66.249.74.104 - - [03/May/2025:01:51:25 -0400] "GET /?k=01582122610004&channel=367d4d&from=form.php%3Fid%3D1226100-13025%26name%3DBanaVega+2%E5%80%8B+%E3%82%B7%E3%83%AA%E3%82%B3%E3%83%B3%E3%83%AC%E3%83%83%E3%83%89+11%2F16%E3%82%A4%E3%83%B3%E3%83%81+18mm+%E3%83%80%E3%83%96%E3%83%AB%E3%83%95%E3%83%AC%E3%82%A2+%E3%82%B5%E3%83%89%E3%83%AB+%E3%83%A6%E3%83%8B%E3%83%BC%E3%82%AF+%E3%82%A4%E3%83%A4%E3%83%BC%E3%83%AA%E3%83%B3%E3%82%B0+%E3%82%B9%E3%83%88%E3%83%AC%E3%83%83%E3%83%81%E3%83%A3%E3%83%BC+%E3%83%AD HTTP/1.1" 200 53655 "-" "Mozilla/5.0 (Linux; Android 6.0.1; Nexus 5X Build/MMB29P) AppleWebKit/537.36 (KHTML, like Gecko) Chrome/135.0.7049.95 Mobile Safari/537.36 (compatible; Googlebot/2.1; +http://www.google.com/bot.html)"
66.249.74.103 - - [03/May/2025:01:52:15 -0400] "GET /?k=29842176276200&channel=7b5ae8&from=info.php%3Fid%3D1762762-26449%26name%3D%E3%83%91%E3%82%B9%E3%83%9D%E3%83%BC%E3%83%88%E3%80%80%E5%85%A5%E3%82%8C HTTP/1.1" 200 51816 "-" "Mozilla/5.0 (Linux; Android 6.0.1; Nexus 5X Build/MMB29P) AppleWebKit/537.36 (KHTML, like Gecko) Chrome/135.0.7049.95 Mobile Safari/537.36 (compatible; Googlebot/2.1; +http://www.google.com/bot.html)"
66.249.74.103 - - [03/May/2025:01:52:53 -0400] "GET /?k=7140824963100&channel=60b0b1&from=shared.php%3Fid%3D249631-4799%26name%3D%E6%99%A9%E7%A7%8B%E3%81%AE%E5%AF%8C%E5%A3%AB%E5%B1%B1%E6%9B%BC%E9%99%80%E7%BE%85%E5%9B%B3%E3%81%AE%E4%B8%80%E7%82%B9%E3%80%81%E3%81%9D%E3%82%89%E3%81%A8%E3%81%B6%E7%94%BB%E5%AE%B6%E7%B3%B8%E5%B7%9D%E8%A3%95%E5%BF%97%E3%81%AE%E4%BD%9C%E5%93%81%E3%81%A7%E3%81%99%E3%80%82 HTTP/1.1" 200 51109 "-" "Mozilla/5.0 (Linux; Android 6.0.1; Nexus 5X Build/MMB29P) AppleWebKit/537.36 (KHTML, like Gecko) Chrome/135.0.7049.95 Mobile Safari/537.36 (compatible; Googlebot/2.1; +http://www.google.com/bot.html)"
66.249.74.104 - - [03/May/2025:01:53:06 -0400] "GET /?k=2932183240804&channel=471eb4&from=form.php%3Fid%3D832408-3930%26name%3DiPhone+14+Pro+Max%E3%83%87%E3%82%A3%E3%83%BC%E3%83%97%E3%83%91%E3%83%BC%E3%83%97%E3%83%AB+256GB+SIM%E3%83%95%E3%83%AA%E3%83%BC2%E5%8F%B0 HTTP/1.1" 200 0 "-" "Mozilla/5.0 (Linux; Android 6.0.1; Nexus 5X Build/MMB29P) AppleWebKit/537.36 (KHTML, like Gecko) Chrome/135.0.7049.95 Mobile Safari/537.36 (compatible; GoogleOther)"
66.249.74.103 - - [03/May/2025:01:53:27 -0400] "GET /?k=40979166282800&channel=b76d23&from=article.php%3Fid%3D1662828-25686%26name%3D%E3%82%AA%E3%83%BC%E3%83%80%E3%83%BC%E3%82%B7%E3%83%A3%E3%83%83%E3%82%BF%E3%83%BC%E5%BC%8F%E3%83%95%E3%83%AD%E3%83%96%E3%82%BF%E3%80%8065%C3%97100cm%E7%94%A8%E3%80%80%E3%83%96%E3%83%AB%E3%83%BC HTTP/1.1" 200 52290 "-" "Mozilla/5.0 (Linux; Android 6.0.1; Nexus 5X Build/MMB29P) AppleWebKit/537.36 (KHTML, like Gecko) Chrome/135.0.7049.95 Mobile Safari/537.36 (compatible; Googlebot/2.1; +http://www.google.com/bot.html)"
66.249.74.103 - - [03/May/2025:01:53:53 -0400] "GET /?k=7770635046904&channel=026170&from=news.php%3Fid%3D350469-2676%26name%3D%E3%82%B9%E3%83%8E%E3%83%BC%E3%83%94%E3%83%BC%E3%82%AF%28snow+peak%29+%E8%84%9A%E3%82%BB%E3%83%83%E3%83%88%C3%972+%28%E8%A8%884%E6%9C%AC%29 HTTP/1.1" 200 52911 "-" "Mozilla/5.0 (Linux; Android 6.0.1; Nexus 5X Build/MMB29P) AppleWebKit/537.36 (KHTML, like Gecko) Chrome/135.0.7049.95 Mobile Safari/537.36 (compatible; Googlebot/2.1; +http://www.google.com/bot.html)"
66.249.74.103 - - [03/May/2025:01:54:04 -0400] "GET /?k=81672169249200&channel=a651ca&from=form.php%3Fid%3D1692492-10901%26name%3D%E5%82%98%E7%AB%8B%E3%81%A6+%E5%82%98%E7%AB%8B%E3%81%A6+%E3%83%A2%E3%83%80%E3%83%B3%E3%81%A7%E3%82%B7%E3%83%B3%E3%83%97%E3%83%AB%E3%81%AA%E9%87%91%E5%B1%9E%E8%A3%BD%E5%B0%8F%E5%9E%8B+%E5%AE%B6%E5%BA%AD%E7%94%A8%E5%82%98%E7%AB%8B%E3%81%A6+%E3%83%89%E3%83%AA%E3%83%83%E3%83%97%E3%83%88%E3%83%AC%E3%82%A4%E4%BB%98%E3%81%8D+%E5%82%986%E6%9C%AC%E5%8F%8E%E7%B4%8D HTTP/1.1" 200 53225 "-" "Mozilla/5.0 (Linux; Android 6.0.1; Nexus 5X Build/MMB29P) AppleWebKit/537.36 (KHTML, like Gecko) Chrome/135.0.7049.95 Mobile Safari/537.36 (compatible; Googlebot/2.1; +http://www.google.com/bot.html)"
66.249.74.104 - - [03/May/2025:01:54:16 -0400] "GET /?k=6241141296801&channel=54d6de&from=article.php%3Fid%3D412968-5951%26name%3D%E3%82%AA%E3%83%A1%E3%82%AC%E3%80%80%E3%83%87%E3%83%93%E3%83%AB%E3%80%80%E3%82%AF%E3%82%A9%E3%83%BC%E3%83%84%E6%99%82%E8%A8%88 HTTP/1.1" 200 52622 "-" "Mozilla/5.0 (Linux; Android 6.0.1; Nexus 5X Build/MMB29P) AppleWebKit/537.36 (KHTML, like Gecko) Chrome/135.0.7049.95 Mobile Safari/537.36 (compatible; Googlebot/2.1; +http://www.google.com/bot.html)"
66.249.74.103 - - [03/May/2025:01:54:31 -0400] "GET /?k=61711113287104&channel=759022&from=pin.php%3Fid%3D1132871-14060%26name%3D%E3%82%BB%E3%82%B5%E3%83%9F%E3%82%B9%E3%83%88%E3%83%AA%E3%83%BC%E3%83%88%E3%81%AE%E4%BA%BA%E3%81%9F%E3%81%A1%E3%80%80%E3%81%9D%E3%81%AE1 HTTP/1.1" 200 50485 "-" "Mozilla/5.0 (Linux; Android 6.0.1; Nexus 5X Build/MMB29P) AppleWebKit/537.36 (KHTML, like Gecko) Chrome/135.0.7049.95 Mobile Safari/537.36 (compatible; Googlebot/2.1; +http://www.google.com/bot.html)"
66.249.74.103 - - [03/May/2025:01:54:55 -0400] "GET /?k=84819184833002&channel=ace40b&from=shared.php%3Fid%3D1848330-3396%26name%3DSONY+BRAVIA+X8000E+KJ-43X8000E+2017%E5%B9%B4%E8%A3%BD HTTP/1.1" 200 51773 "-" "Mozilla/5.0 (Linux; Android 6.0.1; Nexus 5X Build/MMB29P) AppleWebKit/537.36 (KHTML, like Gecko) Chrome/135.0.7049.95 Mobile Safari/537.36 (compatible; Googlebot/2.1; +http://www.google.com/bot.html)"
66.249.74.105 - - [03/May/2025:01:55:12 -0400] "GET /?k=68877107148401&channel=7c4fcb&from=product.php%3Fid%3D1071484-2846%26name%3D%E6%99%82%E3%80%85%E3%83%9C%E3%82%BD%E3%83%83%E3%81%A8%E3%83%AD%E3%82%B7%E3%82%A2%E8%AA%9E%E3%81%A7%E3%83%87%E3%83%AC%E3%82%8B%E9%9A%A3%E3%81%AE%E3%82%A2%E3%83%BC%E3%83%AA%E3%83%A3%E3%81%95%E3%82%93+%E3%82%A2%E3%82%AF%E3%83%AA%E3%83%AB%E3%83%97%E3%83%AC%E3%83%BC%E3%83%88+%E3%82%A2%E3%83%8B+%E3%83%88 HTTP/1.1" 200 52168 "-" "Mozilla/5.0 (Linux; Android 6.0.1; Nexus 5X Build/MMB29P) AppleWebKit/537.36 (KHTML, like Gecko) Chrome/135.0.7049.95 Mobile Safari/537.36 (compatible; Googlebot/2.1; +http://www.google.com/bot.html)"
66.249.74.104 - - [03/May/2025:01:55:27 -0400] "GET /?k=8876241047801&channel=502b99&from=jp.php%3Fid%3D410478-12880%26name%3DTREK%E3%80%80%E3%83%88%E3%83%AC%E3%83%83%E3%82%AF%E3%80%80MTB+%E3%82%B9%E3%82%BF%E3%83%83%E3%82%B7%E3%83%A55+%E3%83%95%E3%83%AC%E3%83%BC%E3%83%A0%E3%80%8029er%2B HTTP/1.1" 200 52009 "-" "Mozilla/5.0 (Linux; Android 6.0.1; Nexus 5X Build/MMB29P) AppleWebKit/537.36 (KHTML, like Gecko) Chrome/135.0.7049.95 Mobile Safari/537.36 (compatible; Googlebot/2.1; +http://www.google.com/bot.html)"
66.249.74.103 - - [03/May/2025:01:55:34 -0400] "GET /?k=1937311656602&channel=de5ab7&from=blog.php%3Fid%3D116566-8011%26name%3D%E3%83%95%E3%83%AD%E3%83%B3%E3%83%88%E5%B0%82%E7%94%A8+%E6%96%B0%E5%93%81+2%E6%9C%AC%E4%BE%A1%E6%A0%BC+%E4%BC%9A%E7%A4%BE%E5%AE%9B+%E9%80%81%E6%96%99%E7%84%A1%E6%96%99+17.5%C3%976.00+6%E7%A9%B4+%2B127+SHONE+%E3%82%AF%E3%83%AD%E3%83%A0%E3%83%A1%E3%83%83%E3%82%AD%E3%83%9B%E3%82%A4%E3%83%BC%E3%83%AB+%E3%83%88%E3%83%A9%E3%83%83%E3%82%AF%E9%89%84+%E3%82%AD%E3%83%A3%E3%83%B3%E3%82%BF%E3%83%BC+1%E5%B9%B4%E4%BF%9D%E8%A8%BC%E4%BB%98%E3%81%8D+NO%2CSH94 HTTP/1.1" 200 51153 "-" "Mozilla/5.0 (Linux; Android 6.0.1; Nexus 5X Build/MMB29P) AppleWebKit/537.36 (KHTML, like Gecko) Chrome/135.0.7049.95 Mobile Safari/537.36 (compatible; Googlebot/2.1; +http://www.google.com/bot.html)"
66.249.74.103 - - [03/May/2025:01:55:52 -0400] "GET /?k=7670045415800&channel=59e024&from=pin.php%3Fid%3D454158-548%26name%3DGRANDTREK+PTS++265%2F70R16+%E3%83%80%E3%83%B3%E3%83%AD%E3%83%83%E3%83%97 HTTP/1.1" 200 51845 "-" "Mozilla/5.0 (Linux; Android 6.0.1; Nexus 5X Build/MMB29P) AppleWebKit/537.36 (KHTML, like Gecko) Chrome/135.0.7049.95 Mobile Safari/537.36 (compatible; Googlebot/2.1; +http://www.google.com/bot.html)"
52.167.144.234 - - [03/May/2025:01:56:05 -0400] "GET /?k=8330098744704&channel=b23bdd&from=blog.php%3Fid%3D987447-14448%26name%3D%E5%88%9D%E5%BF%83%E8%80%85+%E4%BA%8C%E8%83%A1+%E5%A4%A7%E9%9F%B3%E9%87%8F%E3%81%AE%E4%BA%8C%E8%83%A1%E6%A5%BD%E5%99%A8%E3%80%81%E6%89%8B%E5%BD%AB%E3%82%8A%E3%83%AD%E3%83%BC%E3%82%BA%E3%82%A6%E3%83%83%E3%83%89%E3%83%89%E3%83%A9%E3%82%B4%E3%83%B3%E3%83%98%E3%83%83%E3%83%89%E3%80%81%E3%83%97%E3%83%AD%E4%BA%8C%E8%83%A1%E5%A5%8F%E8%80%85 HTTP/1.1" 200 41036 "-" "Mozilla/5.0 AppleWebKit/537.36 (KHTML, like Gecko; compatible; bingbot/2.0; +http://www.bing.com/bingbot.htm) Chrome/116.0.1938.76 Safari/537.36"
66.249.74.104 - - [03/May/2025:01:56:13 -0400] "GET /?k=45090142647803&channel=9d4ea7&from=jp.php%3Fid%3D1426478-4163%26name%3D%E6%A1%9C%E5%B1%8B%E5%B7%A5%E6%A5%AD%E3%80%80%E3%82%BD%E3%83%95%E3%82%A1 HTTP/1.1" 200 50672 "-" "Mozilla/5.0 (Linux; Android 6.0.1; Nexus 5X Build/MMB29P) AppleWebKit/537.36 (KHTML, like Gecko) Chrome/135.0.7049.95 Mobile Safari/537.36 (compatible; Googlebot/2.1; +http://www.google.com/bot.html)"
66.249.74.104 - - [03/May/2025:01:56:25 -0400] "GET /?k=9000046403400&channel=cafd9b&from=product.php%3Fid%3D464034-13400%26name%3D%E3%82%B3%E3%82%B9%E3%83%A2%E3%82%B9%E3%83%93%E3%83%BC%E3%83%89+VIDTEC+%E3%82%AF%E3%83%AD%E3%83%9E%E3%83%88%E3%82%B0%E3%83%A9%E3%83%95%E7%AE%A1+%E5%86%85100%C3%97+PTFE%E3%82%B3%E3%83%83%E3%82%AF+%E3%82%AB%E3%83%A9%E3%83%A0%E9%95%B7600mm+2402-10-2 HTTP/1.1" 200 50812 "-" "Mozilla/5.0 (Linux; Android 6.0.1; Nexus 5X Build/MMB29P) AppleWebKit/537.36 (KHTML, like Gecko) Chrome/135.0.7049.95 Mobile Safari/537.36 (compatible; Googlebot/2.1; +http://www.google.com/bot.html)"
66.249.74.103 - - [03/May/2025:01:56:31 -0400] "GET /?k=25699147978400&channel=8f67ca&from=category-info.php%3Fid%3D1479784-18874%26name%3D%E3%83%A6%E3%83%8B%E3%82%AF%E3%83%AD%E3%83%A9%E3%82%A4%E3%83%88%E3%83%96%E3%83%AD%E3%83%83%E3%82%AF%E3%83%86%E3%83%83%E3%82%AF%E3%82%B3%E3%83%BC%E3%83%88L%E3%82%B5%E3%82%A4%E3%82%BA HTTP/1.1" 200 52062 "-" "Mozilla/5.0 (Linux; Android 6.0.1; Nexus 5X Build/MMB29P) AppleWebKit/537.36 (KHTML, like Gecko) Chrome/135.0.7049.95 Mobile Safari/537.36 (compatible; Googlebot/2.1; +http://www.google.com/bot.html)"
66.249.74.103 - - [03/May/2025:01:56:35 -0400] "GET /?k=74905121497700&channel=0dcf98&from=blog.php%3Fid%3D1214977-22033%26name%3D%E3%83%A1%E3%82%BF%E3%83%AA%E3%83%83%E3%83%81%E3%80%80%E5%9C%9F%E5%A3%8C%E6%94%B9%E8%89%AF%E8%B3%87%E6%9D%90 HTTP/1.1" 200 0 "-" "Mozilla/5.0 (Linux; Android 6.0.1; Nexus 5X Build/MMB29P) AppleWebKit/537.36 (KHTML, like Gecko) Chrome/135.0.7049.95 Mobile Safari/537.36 (compatible; GoogleOther)"
66.249.74.103 - - [03/May/2025:01:56:52 -0400] "GET /?k=43483159228801&channel=f901af&from=blog.php%3Fid%3D1592288-16287%26name%3D%E3%82%A6%E3%83%AB%E3%83%88%E3%83%A9%E3%83%9B%E3%83%BC%E3%82%AF1%E5%8F%B7+%E3%82%A6%E3%83%AB%E3%83%88%E3%83%A9%E3%82%BB%E3%83%96%E3%83%B3+%E3%83%A1%E3%82%BF%E3%83%AB HTTP/1.1" 200 51178 "-" "Mozilla/5.0 (Linux; Android 6.0.1; Nexus 5X Build/MMB29P) AppleWebKit/537.36 (KHTML, like Gecko) Chrome/135.0.7049.95 Mobile Safari/537.36 (compatible; Googlebot/2.1; +http://www.google.com/bot.html)"
66.249.74.105 - - [03/May/2025:01:57:24 -0400] "GET /?k=11698107908703&channel=5a3817&from=product.php%3Fid%3D1079087-16858%26name%3D%E3%83%90%E3%82%A4%E3%82%AF%E7%94%A8%E3%82%B9%E3%83%97%E3%83%AD%E3%82%B1%E3%83%83%E3%83%88%E3%82%AB%E3%83%90%E3%83%BC%E3%82%AC%E3%83%BC%E3%83%89+%E7%82%BA%E3%81%AB%E3%83%9B%E3%83%B3%26amp%3B%E3%83%80%E3%83%8F%E3%83%B3%E3%82%BF%E3%83%BC%E3%82%AB%E3%83%96+CT125+CT+125+Ct125+2020+2021+202 HTTP/1.1" 200 53046 "-" "Mozilla/5.0 (Linux; Android 6.0.1; Nexus 5X Build/MMB29P) AppleWebKit/537.36 (KHTML, like Gecko) Chrome/135.0.7049.95 Mobile Safari/537.36 (compatible; Googlebot/2.1; +http://www.google.com/bot.html)"
52.167.144.192 - - [03/May/2025:01:59:40 -0400] "GET /?k=6720910753101&channel=2ac5e8&from=form.php%3Fid%3D107531-7675%26name%3Dmohngie+12+V%E8%87%AA%E5%8B%95%E8%BB%8A%E3%82%A8%E3%82%A2%E3%82%B3%E3%83%B3%E9%9B%BB%E5%8B%95%E5%9C%A7%E7%B8%AE%E6%A9%9F%E5%9B%9B%E5%AD%94%E8%92%B8%E7%99%BA%E5%99%A8%E3%82%BB%E3%83%83%E3%83%88%E3%80%81%E3%81%8A%E3%81%98%E3%81%84%E3%81%95%E3%82%93%E3%81%AE%E8%BB%8A%E3%80%81%E3%83%88%E3%83%A9%E3%83%83%E3%82%AF%E3%80%81%E4%BD%8F%E5%AE%85%E8%BB%8A%E3%80%81%E8%BE%B2%E6%A5%AD%E7%94%A8%E8%BB%8A%E3%80%81%E6%8E%98%E5%89%8A%E6%A9%9F%E3%80%81%E8%87%AA%E5%8B%95%E8%BB%8A%E3%82%A8%E3%82%A2%E3%82%B3%E3%83%B3 HTTP/1.1" 200 39800 "-" "Mozilla/5.0 AppleWebKit/537.36 (KHTML, like Gecko; compatible; bingbot/2.0; +http://www.bing.com/bingbot.htm) Chrome/116.0.1938.76 Safari/537.36"
52.167.144.192 - - [03/May/2025:02:04:26 -0400] "GET /?k=83143184505607&channel=9d117f&from=product.php%3Fid%3D1845056-2173%26name%3D%E3%82%A4%E3%83%A4%E3%83%9B%E3%83%B3%E3%81%AF%E8%80%B3%E3%83%98%E3%83%83%E3%83%89%E3%83%95%E3%82%A9%E3%83%B3%E3%81%A7%E6%9C%89%E7%B7%9A%2C%E3%83%9E%E3%82%A4%E3%82%AF%E3%81%A7%E3%83%98%E3%83%83%E3%83%89%E3%83%95%E3%82%A9%E3%83%B3%E3%82%92%E3%83%97%E3%83%A9%E3%82%B0%E3%82%A4%E3%83%B3%E3%81%97%E3%81%BE%E3%81%99+%7C+3.5mm%E9%AB%98%E5%BF%A0%E5%AE%9F%E5%BA%A6%E3%81%AE%E9%AB%98%E3%81%84%E3%82%A4%E3%83%A4%E3%83%9B%E3%83%B3%E3%82%B2%E3%83%BC%E3%83%A0%E9%A3%9B%E8%A1%8C%E6%A9%9F%E3%81%AE%E3%82%B9%E3%82%BF%E3%82%B8%E3%82%AA%E3%83%AC HTTP/1.1" 200 0 "-" "Mozilla/5.0 AppleWebKit/537.36 (KHTML, like Gecko; compatible; bingbot/2.0; +http://www.bing.com/bingbot.htm) Chrome/116.0.1938.76 Safari/537.36"
66.249.74.104 - - [03/May/2025:02:05:29 -0400] "GET /?k=96084152409900&channel=8937aa&from=shared.php%3Fid%3D1524099-12351%26name%3D%E5%A4%A7%E8%B0%B7%E7%BF%94%E5%B9%B3+%E3%82%B7%E3%83%BC%E3%82%BA%E3%83%B350%E6%9C%AC%E5%A1%81%E6%89%93+50%E7%9B%97%E5%A1%81+%E9%81%94%E6%88%90%E8%A8%98%E5%BF%B5+%E3%83%A2%E3%83%87%E3%83%AB+%E6%B5%B7%E5%A4%96%E5%8F%96%E5%AF%84+%E8%A8%98%E5%BF%B5%E3%82%BF%E3%82%AA%E3%83%AB+%E3%83%AD%E3%82%B5%E3%83%B3%E3%82%BC%E3%83%AB%E3%82%B9+%E3%83%89%E3%82%B8%E3%83%A3%E3%83%BC%E3%82%B9+%E9%99%90%E5%AE%9A%E5%93%81 HTTP/1.1" 200 52554 "-" "Mozilla/5.0 (Linux; Android 6.0.1; Nexus 5X Build/MMB29P) AppleWebKit/537.36 (KHTML, like Gecko) Chrome/135.0.7049.95 Mobile Safari/537.36 (compatible; Googlebot/2.1; +http://www.google.com/bot.html)"
66.249.74.104 - - [03/May/2025:02:07:09 -0400] "GET /?k=80811198568500&channel=36cae5&from=goods.php%3Fid%3D1985685-32%26name%3DRaybestos+Element3+%E4%BA%A4%E6%8F%9B%E7%94%A8%E3%83%AA%E3%82%A2%E3%83%87%E3%82%A3%E3%82%B9%E3%82%AF%E3%83%96%E3%83%AC%E3%83%BC%E3%82%AD%E3%83%AD%E3%83%BC%E3%82%BF%E3%83%BC+Ford+Thunderbird+Jaguar+S%E3%82%BF%E3%82%A4%E3%83%97%2F HTTP/1.1" 200 52738 "-" "Mozilla/5.0 (Linux; Android 6.0.1; Nexus 5X Build/MMB29P) AppleWebKit/537.36 (KHTML, like Gecko) Chrome/135.0.7049.95 Mobile Safari/537.36 (compatible; Googlebot/2.1; +http://www.google.com/bot.html)"
66.249.74.104 - - [03/May/2025:02:07:57 -0400] "GET /?k=748751085506&channel=4b431e&from=news.php%3Fid%3D10855-1933%26name%3DChandelier%2C+%E3%83%9F%E3%83%8B%E3%83%9E%E3%83%AA%E3%82%BA%E3%83%A0%E9%8A%85+E27+%E3%82%B7%E3%83%A3%E3%83%B3%E3%83%87%E3%83%AA%E3%82%A2%E3%83%AA%E3%83%93%E3%83%B3%E3%82%B0%E3%83%AB%E3%83%BC%E3%83%A0%E3%82%AC%E3%83%A9%E3%82%B9%E3%82%B7%E3%82%A7%E3%83%BC%E3%83%89%E3%83%9A%E3%83%B3%E3%83%80%E3%83%B3%E3%83%88%E3%82%B7%E3%83%A3%E3%83%B3%E3%83%87%E3%83%AA%E3%82%A2%E7%85%A7%E6%98%8E+Led%286+li HTTP/1.1" 200 50121 "-" "Mozilla/5.0 (Linux; Android 6.0.1; Nexus 5X Build/MMB29P) AppleWebKit/537.36 (KHTML, like Gecko) Chrome/135.0.7049.95 Mobile Safari/537.36 (compatible; Googlebot/2.1; +http://www.google.com/bot.html)"
66.249.74.104 - - [03/May/2025:02:08:31 -0400] "GET /?k=4708086381301&channel=86d8c2&from=pin.php%3Fid%3D863813-13706%26name%3D%E3%80%90%E6%96%B0%E5%93%81%E6%9C%AA%E9%96%8B%E5%B0%81%E3%80%91+M.2+SSD+1TB%E3%80%80%E3%83%92%E3%83%BC%E3%83%88%E3%82%B7%E3%83%B3%E3%82%AF%E4%BB%98%E3%80%80%EF%BC%88%E6%A4%9C%E7%B4%A2%E3%80%80960+1000 HTTP/1.1" 200 51699 "-" "Mozilla/5.0 (Linux; Android 6.0.1; Nexus 5X Build/MMB29P) AppleWebKit/537.36 (KHTML, like Gecko) Chrome/135.0.7049.95 Mobile Safari/537.36 (compatible; Googlebot/2.1; +http://www.google.com/bot.html)"
66.249.74.103 - - [03/May/2025:02:09:11 -0400] "GET /?k=4468038834402&channel=9b8bf7&from=blog.php%3Fid%3D388344-10870%26name%3D%EF%BF%BC%E3%82%B2%E3%83%BC%E3%83%A0%E3%82%AD%E3%83%A5%E3%83%BC%E3%83%96%E3%80%80%E3%82%B3%E3%83%B3%E3%83%88%E3%83%AD%E3%83%BC%E3%83%A9%E3%83%BC%E3%80%80%E3%83%AF%E3%82%A4%E3%83%A4%E3%83%AC%E3%82%B9%E3%80%80%E3%82%A6%E3%82%A7%E3%83%BC%E3%83%96%E3%83%90%E3%83%BC%E3%83%89%EF%BF%BC HTTP/1.1" 200 51644 "-" "Mozilla/5.0 (Linux; Android 6.0.1; Nexus 5X Build/MMB29P) AppleWebKit/537.36 (KHTML, like Gecko) Chrome/135.0.7049.95 Mobile Safari/537.36 (compatible; Googlebot/2.1; +http://www.google.com/bot.html)"
66.249.74.104 - - [03/May/2025:02:09:33 -0400] "GET /?k=47444103902502&channel=58479e&from=shop.php%3Fid%3D1039025-20002%26name%3D%E3%82%AD%E3%83%AB%E3%83%86%E3%82%A3%E3%83%B3%E3%82%B0%E7%94%9F%E5%9C%B0+%E3%83%94%E3%83%B3%E3%82%AF%E5%9C%B0+%E3%83%9E%E3%82%AB%E3%83%AD%E3%83%B3+%E3%82%AD%E3%83%A3%E3%83%B3%E3%83%87%E3%82%A3+%E3%82%AB%E3%83%83%E3%83%97%E3%82%B1%E3%83%BC%E3%82%AD+%E3%82%B9%E3%82%A4%E3%83%BC%E3%83%84%E6%9F%84+%E7%94%9F%E5%9C%B0 HTTP/1.1" 200 51094 "-" "Mozilla/5.0 (Linux; Android 6.0.1; Nexus 5X Build/MMB29P) AppleWebKit/537.36 (KHTML, like Gecko) Chrome/135.0.7049.95 Mobile Safari/537.36 (compatible; Googlebot/2.1; +http://www.google.com/bot.html)"
66.249.74.105 - - [03/May/2025:02:10:15 -0400] "GET /?k=66011182963101&channel=ab389f&from=product.php%3Fid%3D1829631-27079%26name%3D%E3%80%909634%E3%80%91mimi%E6%A7%98%E5%B0%82%E7%94%A8 HTTP/1.1" 200 53189 "-" "Mozilla/5.0 (Linux; Android 6.0.1; Nexus 5X Build/MMB29P) AppleWebKit/537.36 (KHTML, like Gecko) Chrome/135.0.7049.95 Mobile Safari/537.36 (compatible; Googlebot/2.1; +http://www.google.com/bot.html)"
66.249.74.104 - - [03/May/2025:02:10:37 -0400] "GET /?k=77051121723606&channel=4a14ad&from=goods.php%3Fid%3D1217236-13783%26name%3D30%E6%97%A5%E8%BF%84%EF%BC%81%E9%80%81%E6%96%99%E7%84%A1%E6%96%99%E2%98%85Panasonic%E3%80%805%E3%8E%8F%E3%80%80+%E6%B4%97%E6%BF%AF%E6%A9%9F%E3%80%80%E3%80%90NA-F50B3%E3%80%91 HTTP/1.1" 200 50520 "-" "Mozilla/5.0 (Linux; Android 6.0.1; Nexus 5X Build/MMB29P) AppleWebKit/537.36 (KHTML, like Gecko) Chrome/135.0.7049.95 Mobile Safari/537.36 (compatible; Googlebot/2.1; +http://www.google.com/bot.html)"
66.249.74.105 - - [03/May/2025:02:11:13 -0400] "GET /?k=60751129924703&channel=eca3f6&from=jp.php%3Fid%3D1299247-6736%26name%3DODK+%E3%82%B2%E3%83%BC%E3%83%9F%E3%83%B3%E3%82%B0%E3%83%87%E3%82%B9%E3%82%AF+%E3%83%91%E3%82%BD%E3%82%B3%E3%83%B3%E3%83%87%E3%82%B9%E3%82%AF+%E5%B9%85110+l%E5%AD%97%E3%83%87%E3%82%B9%E3%82%AF+%E3%83%87%E3%82%B9%E3%82%AF+%E6%9C%BA+pc%E3%83%87%E3%82%B9%E3%82%AF+desk+%E6%A3%9A%E4%BB%98%E3%81%8D+%E3%82%AA%E3%83%95%E3%82%A3%E3%82%B9%E3%83%87%E3%82%B9%E3%82%AF+%E3%83%AF%E3%83%BC%E3%82%AF%E3%83%87%E3%82%B9 HTTP/1.1" 200 53185 "-" "Mozilla/5.0 (Linux; Android 6.0.1; Nexus 5X Build/MMB29P) AppleWebKit/537.36 (KHTML, like Gecko) Chrome/135.0.7049.95 Mobile Safari/537.36 (compatible; Googlebot/2.1; +http://www.google.com/bot.html)"
66.249.74.104 - - [03/May/2025:02:11:44 -0400] "GET /?k=08889109269606&channel=cb10c3&from=goods.php%3Fid%3D1092696-5398%26name%3D%E3%80%904%E3%83%91%E3%83%83%E3%82%AF%E3%80%9118650b+3.7v%E5%85%85%E9%9B%BB%E5%BC%8F%E3%83%90%E3%83%83%E3%83%86%E3%83%AA%E3%83%BC%E3%80%813400mAh%E3%80%8118+%2A+65mm+3.7%E3%83%9C%E3%83%AB%E3%83%88%E3%83%95%E3%83%A9%E3%83%83%E3%83%88%E3%83%88%E3%83%83%E3%83%97%E3%83%AA%E3%83%81%E3%82%A6%E3%83%A010A%E3%83%89%E3%82%A2 HTTP/1.1" 200 50733 "-" "Mozilla/5.0 (Linux; Android 6.0.1; Nexus 5X Build/MMB29P) AppleWebKit/537.36 (KHTML, like Gecko) Chrome/135.0.7049.95 Mobile Safari/537.36 (compatible; Googlebot/2.1; +http://www.google.com/bot.html)"
52.167.144.147 - - [03/May/2025:02:12:03 -0400] "GET /?k=2794127386800&channel=e9e2ec&from=blog.php%3Fid%3D273868-11205%26name%3DLED%E5%8C%96%E7%B2%A7%E3%83%90%E3%83%8B%E3%83%86%E3%82%A3%E3%83%9F%E3%83%A9%E3%83%BC%E3%80%813%E5%80%8D%E5%80%8D%E7%8E%87%E5%A3%81%E6%8E%9B%E3%81%91%E3%83%93%E3%83%A5%E3%83%BC%E3%83%86%E3%82%A3%E3%83%BC%E3%83%9F%E3%83%A9%E3%83%BCLED%E7%85%A7%E6%98%8E%E4%BB%98%E3%81%8D%E3%83%90%E3%82%B9%E3%83%AB%E3%83%BC%E3%83%A0%E3%83%9F%E3%83%A9%E3%83%BC%E6%8B%A1%E5%BC%B5%E5%8F%AF%E8%83%BD%E3%81%AA%E5%8C%96%E7%B2%A7%E9%8F%A1%E3%83%8F%E3%83%BC%E3%83%89%E3%83%AF%E3%82%A4%E3%83%A4%E3%83%BC%E3%83%89%E6%8E%A5%E7%B6%9A%E3%80%81%E3%83%8B%E3%83%83%E3%82%B1 HTTP/1.1" 200 42587 "-" "Mozilla/5.0 AppleWebKit/537.36 (KHTML, like Gecko; compatible; bingbot/2.0; +http://www.bing.com/bingbot.htm) Chrome/116.0.1938.76 Safari/537.36"
66.249.74.104 - - [03/May/2025:02:12:06 -0400] "GET /?k=54705141636503&channel=1fd395&from=shared.php%3Fid%3D1416365-24004%26name%3D%5BYTYVAGT%5D+%E3%82%B9%E3%82%AF%E3%83%A9%E3%83%96%E3%83%8F%E3%83%83%E3%83%88%E3%80%81%E3%83%9C%E3%82%BF%E3%83%B3%E4%BB%98%E3%81%8D%E3%83%AF%E3%83%BC%E3%82%AD%E3%83%B3%E3%82%B0%E3%83%98%E3%83%83%E3%83%89%E3%82%AB%E3%83%90%E3%83%BC%E3%80%81%E3%82%B3%E3%83%83%E3%83%88%E3%83%B3%E3%82%B9%E3%82%A6%E3%82%A7%E3%83%83%E3%83%88%E3%83%90%E3%83%B3%E3%83%89%2C%E8%89%B2%E3%81%AE%E6%97%A5%E6%9C%AC%E3%81%AE%E5%AF%8C%E5%A3%AB%E5%B1%B1%E6%A1%9C HTTP/1.1" 200 52292 "-" "Mozilla/5.0 (Linux; Android 6.0.1; Nexus 5X Build/MMB29P) AppleWebKit/537.36 (KHTML, like Gecko) Chrome/135.0.7049.95 Mobile Safari/537.36 (compatible; Googlebot/2.1; +http://www.google.com/bot.html)"
66.249.74.103 - - [03/May/2025:02:12:29 -0400] "GET /?k=5298725821500&channel=126364&from=form.php%3Fid%3D258215-11000%26name%3D%E3%80%90%E3%82%BF%E3%82%A4%E3%83%A4%E3%81%AE%E3%81%BF+4%E6%9C%AC%E3%82%BB%E3%83%83%E3%83%88%E3%80%91%E3%83%96%E3%83%AA%E3%83%82%E3%82%B9%E3%83%88%E3%83%B3+%E3%83%96%E3%83%AA%E3%82%B6%E3%83%83%E3%82%AF+VRX3+15%E3%82%A4%E3%83%B3%E3%83%81+%E3%82%B9%E3%82%BF%E3%83%83%E3%83%89%E3%83%AC%E3%82%B9%E3%82%BF%E3%82%A4%E3%83%A4+%28185%2F60R15%29 HTTP/1.1" 200 53647 "-" "Mozilla/5.0 (Linux; Android 6.0.1; Nexus 5X Build/MMB29P) AppleWebKit/537.36 (KHTML, like Gecko) Chrome/135.0.7049.95 Mobile Safari/537.36 (compatible; Googlebot/2.1; +http://www.google.com/bot.html)"
66.249.74.104 - - [03/May/2025:02:13:23 -0400] "GET /?k=1679453610706&channel=d10de5&from=news.php%3Fid%3D536107-14038%26name%3D%E5%BC%B7%E5%8C%96%E3%82%AF%E3%83%AC%E3%83%93%E3%82%B9+%E3%82%AF%E3%83%A9%E3%83%83%E3%83%81%E5%BC%B7%E5%8C%96%E3%82%AF%E3%83%AC%E3%83%93%E3%82%B9+%E3%82%A2%E3%83%AB%E3%83%86%E3%83%83%E3%83%84%E3%82%A1%E3%80%81%E3%82%B9%E3%83%BC%E3%83%97%E3%83%A9%E3%80%81MR-S%E3%80%81MR2%E3%80%81%E3%83%81%E3%82%A7%E3%82%A4%E3%82%B5%E3%83%BC%E3%80%81%E3%83%9E%E3%83%BC%E3%82%AF%E2%85%A1%E3%80%81ZZE123%E3%81%AA%E3%81%A9 HTTP/1.1" 200 50830 "-" "Mozilla/5.0 (Linux; Android 6.0.1; Nexus 5X Build/MMB29P) AppleWebKit/537.36 (KHTML, like Gecko) Chrome/135.0.7049.95 Mobile Safari/537.36 (compatible; Googlebot/2.1; +http://www.google.com/bot.html)"
40.77.167.7 - - [03/May/2025:02:13:57 -0400] "GET /?k=788016672201&channel=a41e2a&from=category-info.php%3Fid%3D66722-5665%26name%3D12V+24V%E3%83%87%E3%82%A3%E3%83%BC%E3%82%BC%E3%83%AB%E3%82%A8%E3%82%A2%E3%83%92%E3%83%BC%E3%82%BF%E3%83%BC+LCD.%E3%83%A2%E3%83%8B%E3%82%BF%E3%83%BC%E3%82%B9%E3%82%A4%E3%83%83%E3%83%81%2B%E3%82%B3%E3%83%B3%E3%83%88%E3%83%AD%E3%83%BC%E3%83%AB%E3%83%9C%E3%83%BC%E3%83%89%E3%83%9E%E3%82%B6%E3%83%BC%E3%83%9C%E3%83%BC%E3%83%89%2B%E9%A7%90%E8%BB%8A%E5%A0%B4%E3%83%92%E3%83%BC%E3%82%BF%E3%83%BC%E3%82%B3%E3%83%B3%E3%83%88%E3%83%AD%E3%83%BC%E3%83%A9%E3%83%BC%E3%81%AE%E3%83%AA%E3%83%A2%E3%82%B3 HTTP/1.1" 200 40379 "-" "Mozilla/5.0 AppleWebKit/537.36 (KHTML, like Gecko; compatible; bingbot/2.0; +http://www.bing.com/bingbot.htm) Chrome/116.0.1938.76 Safari/537.36"
66.249.74.104 - - [03/May/2025:02:13:59 -0400] "GET /?k=2422087581702&channel=9e7fea&from=form.php%3Fid%3D875817-6008%26name%3D%E3%83%95%E3%83%AD%E3%83%B3%E3%83%88%E5%B7%A6+CV+%E3%82%A2%E3%82%AF%E3%82%B9%E3%83%AB%E3%82%B7%E3%83%A3%E3%83%95%E3%83%88+BMW+X5+2014-2018+X6+2017-2019+%E3%81%AB%E5%AF%BE%E5%BF%9C HTTP/1.1" 200 53135 "-" "Mozilla/5.0 (Linux; Android 6.0.1; Nexus 5X Build/MMB29P) AppleWebKit/537.36 (KHTML, like Gecko) Chrome/135.0.7049.95 Mobile Safari/537.36 (compatible; Googlebot/2.1; +http://www.google.com/bot.html)"
66.249.74.105 - - [03/May/2025:02:14:52 -0400] "GET /?k=1138085068302&channel=3aa7c1&from=jp.php%3Fid%3D850683-6147%26name%3D%E3%82%A8%E3%82%AF%E3%82%B9%E3%83%86%E3%83%AA%E3%82%A2+%E3%81%B2%E3%81%95%E3%81%97%E3%83%AB%E3%83%BC%E3%83%95%E3%82%AD%E3%83%A3%E3%83%8E%E3%83%94%E3%83%BC+%E3%83%91%E3%83%86%E3%82%A3%E3%82%AA%E3%82%AB%E3%83%90%E3%83%BC+%E3%83%95%E3%83%AD%E3%83%B3%E3%83%88%E3%83%89%E3%82%A2%E3%82%AD%E3%83%A3%E3%83%8E%E3%83%94%E3%83%BC+%E6%97%A5%E3%82%88%E3%81%91+%E7%AA%93+%E9%9B%A8%E3%82%88%E3%81%91%E3%82%AB%E3%83%90%E3%83%BC+%E3%83%95%E3%83%AD%E3%83%B3%E3%83%88%E3%83%89%E3%82%A2%E3%83%9D%E3%83%BC%E3%83%81%E7%94%A8+%E3%82%A2%E3%83%AB%E3%83%9F HTTP/1.1" 200 54124 "-" "Mozilla/5.0 (Linux; Android 6.0.1; Nexus 5X Build/MMB29P) AppleWebKit/537.36 (KHTML, like Gecko) Chrome/135.0.7049.95 Mobile Safari/537.36 (compatible; Googlebot/2.1; +http://www.google.com/bot.html)"
66.249.74.104 - - [03/May/2025:02:15:48 -0400] "GET /?k=56847118387001&channel=44ac4c&from=goods.php%3Fid%3D1183870-14595%26name%3D%E9%AD%9A%E3%81%AE%E9%AA%A8%E6%A0%BC+%E6%BC%AB%E7%94%BB+%E9%80%86%E3%81%95%E5%82%98+%E6%97%A5%E5%82%98+%E9%95%B7%E5%82%98+%E9%80%86%E6%8A%98%E3%82%8A%E5%BC%8F%E5%82%98+%E3%83%A1%E3%83%B3%E3%82%BA+%E3%83%AC%E3%83%87%E3%82%A3%E3%83%BC%E3%82%B9+C%E5%9E%8B%E3%83%8F%E3%83%B3%E3%83%89%E3%83%AB+%E6%BF%A1%E3%82%8C%E3%81%AA%E3%81%84%E5%82%98+%E3%81%8A%E3%81%97%E3%82%83%E3%82%8C+%E8%BB%BD%E9%87%8F+%E4%BA%8C%E9%87%8D%E7%94%9F%E5%9C%B0+%E5%BC%B7%E5%8C%968%E6%9C%AC%E9%AA%A8 HTTP/1.1" 200 53270 "-" "Mozilla/5.0 (Linux; Android 6.0.1; Nexus 5X Build/MMB29P) AppleWebKit/537.36 (KHTML, like Gecko) Chrome/135.0.7049.95 Mobile Safari/537.36 (compatible; Googlebot/2.1; +http://www.google.com/bot.html)"
66.249.74.104 - - [03/May/2025:02:15:49 -0400] "GET /?k=51160101461202&channel=62370a&from=pin.php%3Fid%3D1014612-16118%26name%3DCableMod+E-Series+Kit+PREMIUM+CABLE+KIT HTTP/1.1" 200 50817 "-" "Mozilla/5.0 (Linux; Android 6.0.1; Nexus 5X Build/MMB29P) AppleWebKit/537.36 (KHTML, like Gecko) Chrome/135.0.7049.95 Mobile Safari/537.36 (compatible; Googlebot/2.1; +http://www.google.com/bot.html)"
66.249.73.201 - - [03/May/2025:02:15:52 -0400] "GET /?k=9489922839305&channel=c75771&from=info.php%3Fid%3D228393-10563%26name%3D%E3%83%A2%E3%83%87%E3%83%AB%E5%BB%BA%E8%A8%AD%E7%94%A8%E5%B7%A5%E8%8A%B8%E7%94%A8%E7%9C%9F%E9%8D%AE%E3%83%AD%E3%83%83%E3%83%89+1%E5%80%8B%E3%80%8119%E3%82%A4%E3%83%B3%E3%83%81%E7%9C%9F%E9%8D%AE%E3%83%AD%E3%83%83%E3%83%89%E8%A9%B0%E3%82%81%E5%90%88%E3%82%8F%E3%81%9B%E3%80%81%E7%9B%B4%E5%BE%8430%2F32%2F35mm+%E7%9C%9F%E9%8D%AE%E3%83%AD%E3%83%83%E3%83%89%2828mm%2A19-1%2F2%E3%82%A4%E3%83%B3 HTTP/1.1" 200 0 "-" "Mozilla/5.0 (Linux; Android 6.0.1; Nexus 5X Build/MMB29P) AppleWebKit/537.36 (KHTML, like Gecko) Chrome/135.0.7049.95 Mobile Safari/537.36 (compatible; GoogleOther)"
66.249.74.105 - - [03/May/2025:02:16:14 -0400] "GET /?k=6128053953204&channel=090fa2&from=blog.php%3Fid%3D539532-10289%26name%3D%5B%E5%BA%95%E5%80%A4%E3%81%A7%E3%81%99%EF%BC%81%5DBLACKSTAR+ST.+JAMES+50W+6L6 HTTP/1.1" 200 51231 "-" "Mozilla/5.0 (Linux; Android 6.0.1; Nexus 5X Build/MMB29P) AppleWebKit/537.36 (KHTML, like Gecko) Chrome/135.0.7049.95 Mobile Safari/537.36 (compatible; Googlebot/2.1; +http://www.google.com/bot.html)"
66.249.74.104 - - [03/May/2025:02:16:30 -0400] "GET /?k=36727122725806&channel=64ab35&from=product.php%3Fid%3D1227258-8470%26name%3D%E3%81%BE%E3%81%AA%E6%9D%BF%E3%80%81%E3%83%81%E3%83%A7%E3%83%83%E3%83%94%E3%83%B3%E3%82%B0%E3%83%9C%E3%83%BC%E3%83%89%2C+%E5%86%8D%E5%88%A9%E7%94%A8%E5%8F%AF%E8%83%BD%E3%81%AA%E3%82%AD%E3%83%83%E3%83%81%E3%83%B3%E3%83%81%E3%83%A7%E3%83%83%E3%83%94%E3%83%B3%E3%82%B0%E3%83%9C%E3%83%BC%E3%83%89%2C+%E6%BB%91%E3%82%8A%E6%AD%A2%E3%82%81%E3%81%AE%E3%82%AD%E3%83%83%E3%83%81%E3%83%B3%E7%94%A8%E5%93%81%E3%80%81%E8%82%89%E3%81%AE%E6%BA%96%E5%82%99%E3%81%AE%E3%81%9F%E3%82%81%E3%81%AE%E8%BB%BD%E9%87%8F%E3%82%AD%E3%83%A3%E3%83%B3%E3%83%97%E3%82%A2%E3%82%AF%E3%82%BB%E3%82%B5 HTTP/1.1" 200 52368 "-" "Mozilla/5.0 (Linux; Android 6.0.1; Nexus 5X Build/MMB29P) AppleWebKit/537.36 (KHTML, like Gecko) Chrome/135.0.7049.95 Mobile Safari/537.36 (compatible; Googlebot/2.1; +http://www.google.com/bot.html)"
40.77.167.116 - - [03/May/2025:02:16:52 -0400] "GET /?k=711785297701&channel=2a3406&from=pin.php%3Fid%3D52977-4909%26name%3DPry+Bars++%E3%83%9F%E3%83%8B%E3%83%9D%E3%82%B1%E3%83%83%E3%83%88%E3%82%AF%E3%83%A9%E3%83%B3%E3%82%AF+%E3%82%AF%E3%83%AD%E3%83%BC%E3%83%90%E3%83%BC+%E3%82%AD%E3%83%BC%E3%83%81%E3%82%A7%E3%83%BC%E3%83%B3+%E3%82%B5%E3%83%90%E3%82%A4%E3%83%90%E3%83%AB%E3%82%B9%E3%82%AF%E3%83%AC%E3%83%BC%E3%83%91%E3%83%BC+%E3%82%B9%E3%83%86%E3%83%B3%E3%83%AC%E3%82%B9%E3%82%B9%E3%83%81%E3%83%BC%E3%83%AB+%E3%83%9E%E3%82%A4%E3%82%AF%E3%83%AD%E3%83%84%E3%83%BC%E3%83%AB%E3%80%81%E3%82%B9%E3%83%86%E3%83%B3%EF%BC%88%E3%82%B9%E3%83%86%E3%83%B3%E3%83%AC%E3%82%B9%E3%83%9C%E3%83%88%E3%83%AB+%E3%82%B9%E3%83%9D%E3%83%BC%E3%83%84%E3%83%89%E3%83%AA%E3%83%B3%E3%82%AF%E5%AF%BE%E5%BF%9C+AKE-R60%E3%83%BB80+%E9%80%9A%E8%B2%A9%E3%80%90%E3%83%8B%E3%83%83%E3%82%BB%E3%83%B3%E3%80%91%EF%BC%89 HTTP/1.1" 200 42002 "-" "Mozilla/5.0 AppleWebKit/537.36 (KHTML, like Gecko; compatible; bingbot/2.0; +http://www.bing.com/bingbot.htm) Chrome/116.0.1938.76 Safari/537.36"
66.249.74.103 - - [03/May/2025:02:17:10 -0400] "GET /?k=94774152598100&channel=3234ab&from=shop.php%3Fid%3D1525981-29%26name%3D%E3%83%AD%E3%83%99%E3%83%AB%E3%83%88%E3%82%B3%E3%83%AA%E3%83%BC%E3%83%8A%E3%80%80%E3%83%8B%E3%83%83%E3%83%88 HTTP/1.1" 200 52054 "-" "Mozilla/5.0 (Linux; Android 6.0.1; Nexus 5X Build/MMB29P) AppleWebKit/537.36 (KHTML, like Gecko) Chrome/135.0.7049.95 Mobile Safari/537.36 (compatible; Googlebot/2.1; +http://www.google.com/bot.html)"
52.167.144.147 - - [03/May/2025:02:17:15 -0400] "GET /?k=930179785000&channel=216db8&from=product.php%3Fid%3D97850-7241%26name%3D%E3%82%A2%E3%83%BC%E3%83%88%E3%83%87%E3%82%B3%E3%83%AC%E3%83%BC%E3%82%B7%E3%83%A7%E3%83%B3+%E3%83%A9%E3%82%A4%E3%83%88+Let%26%2339%3Bs+Read+%E3%83%8D%E3%82%AA%E3%83%B3%E3%82%B5%E3%82%A4%E3%83%B3%E8%AA%BF%E5%85%89%E5%8F%AF%E8%83%BD%E3%81%AALED%E3%83%A9%E3%82%A4%E3%83%88USB%E9%9B%BB%E6%BA%90%E7%A0%94%E7%A9%B6%E5%9B%B3%E6%9B%B8%E9%A4%A8%E8%AA%AD%E6%9B%B8%E5%AE%A4%E5%AF%9D%E5%AE%A4%E3%81%AE%E5%A3%81%E3%81%AE%E8%A3%85 HTTP/1.1" 200 42674 "-" "Mozilla/5.0 AppleWebKit/537.36 (KHTML, like Gecko; compatible; bingbot/2.0; +http://www.bing.com/bingbot.htm) Chrome/116.0.1938.76 Safari/537.36"
66.249.74.104 - - [03/May/2025:02:17:24 -0400] "GET /?k=8178297491800&channel=28f325&from=form.php%3Fid%3D974918-2521%26name%3D%E4%B8%AD%E5%8F%A4%E3%83%87%E3%83%A5%E3%82%A8%E3%83%AB%E3%83%9E%E3%82%B9%E3%82%BF%E3%83%BC%E3%82%BAVR+11%2F95%5BVR%5D%EF%BC%9A%E7%A6%81%E6%96%AD%E7%AB%9C%E7%A7%98%E4%BC%9D%E3%82%A8%E3%82%BF%E3%83%BC%E3%83%8A%E3%83%AB%E3%83%97%E3%83%AC%E3%83%9F%E3%82%A2%E3%83%A0%E3%82%BA HTTP/1.1" 200 53059 "-" "Mozilla/5.0 (Linux; Android 6.0.1; Nexus 5X Build/MMB29P) AppleWebKit/537.36 (KHTML, like Gecko) Chrome/135.0.7049.95 Mobile Safari/537.36 (compatible; Googlebot/2.1; +http://www.google.com/bot.html)"
66.249.74.103 - - [03/May/2025:02:17:51 -0400] "GET /?k=6330840055000&channel=d52511&from=category-info.php%3Fid%3D400550-5973%26name%3D%E3%83%8F%E3%83%B3%E3%83%89%E3%82%AF%E3%83%A9%E3%83%B3%E3%83%97+HHC-60 HTTP/1.1" 200 0 "-" "Mozilla/5.0 (Linux; Android 6.0.1; Nexus 5X Build/MMB29P) AppleWebKit/537.36 (KHTML, like Gecko) Chrome/135.0.7049.95 Mobile Safari/537.36 (compatible; GoogleOther)"
66.249.74.103 - - [03/May/2025:02:18:06 -0400] "GET /?k=53389149385200&channel=bb592b&from=form.php%3Fid%3D1493852-587%26name%3D38D1-O-SL+%E5%90%84%E7%A4%BE%E5%AF%BE%E5%BF%9C%E3%83%AC%E3%83%90%E3%83%BC+%E7%A9%BA%E9%8C%A0+00776888-001 HTTP/1.1" 200 0 "-" "Mozilla/5.0 (Linux; Android 6.0.1; Nexus 5X Build/MMB29P) AppleWebKit/537.36 (KHTML, like Gecko) Chrome/135.0.7049.95 Mobile Safari/537.36 (compatible; GoogleOther)"
66.249.74.104 - - [03/May/2025:02:18:13 -0400] "GET /?k=31996172700601&channel=80ee9b&from=form.php%3Fid%3D1727006-549%26name%3D%E3%83%97%E3%83%AA%E3%82%A6%E3%82%B9%CE%B1+%E3%83%88%E3%83%8E%E3%82%AB%E3%83%90%E3%83%BC HTTP/1.1" 200 51971 "-" "Mozilla/5.0 (Linux; Android 6.0.1; Nexus 5X Build/MMB29P) AppleWebKit/537.36 (KHTML, like Gecko) Chrome/135.0.7049.95 Mobile Safari/537.36 (compatible; Googlebot/2.1; +http://www.google.com/bot.html)"
66.249.74.104 - - [03/May/2025:02:18:13 -0400] "GET /?k=68300121727701&channel=525bf3&from=blog.php%3Fid%3D1217277-13645%26name%3D%E3%80%90%E5%85%AD%E6%9C%88%E8%B3%BC%E5%85%A5%E3%80%911000ml%E3%83%A9%E3%82%A4%E3%83%95%E3%82%A8%E3%83%83%E3%82%BB%E3%83%B3%E3%82%B9%EF%BC%92%E6%9C%AC%E7%B5%84%E3%80%80%E3%82%AD%E3%83%A3%E3%83%B3%E3%83%97%E3%81%AB%E3%82%82%E6%9C%80%E9%81%A9%E6%9C%80%E9%AB%98%E3%82%B5%E3%83%BC%E3%83%90%E3%83%BC HTTP/1.1" 200 52578 "-" "Mozilla/5.0 (Linux; Android 6.0.1; Nexus 5X Build/MMB29P) AppleWebKit/537.36 (KHTML, like Gecko) Chrome/135.0.7049.95 Mobile Safari/537.36 (compatible; Googlebot/2.1; +http://www.google.com/bot.html)"
