66.249.74.103 - - [03/May/2025:01:25:39 -0400] "GET /?k=1045115318500&channel=ef15e6&from=news.php%3Fid%3D153185-6721%26name%3D%E4%B8%89%E8%8F%B1IH%E3%82%B8%E3%83%A3%E3%83%BC%E7%82%8A%E9%A3%AF%E5%99%A8+NJ-XVD10E2-B HTTP/1.1" 200 0 "-" "Mozilla/5.0 (Linux; Android 6.0.1; Nexus 5X Build/MMB29P) AppleWebKit/537.36 (KHTML, like Gecko) Chrome/135.0.7049.95 Mobile Safari/537.36 (compatible; GoogleOther)"
66.249.74.103 - - [03/May/2025:01:25:50 -0400] "GET /?k=70122103413000&channel=c02255&from=news.php%3Fid%3D1034130-1813%26name%3D%E3%82%AA%E3%83%BC%E3%83%88%E3%83%90%E3%82%A4%E3%81%AE%E3%83%95%E3%83%AC%E3%83%BC%E3%83%A0%E3%82%AC%E3%83%BC%E3%83%89+%E3%82%AA%E3%83%BC%E3%83%88%E3%83%90%E3%82%A4%E9%83%A8%E5%93%81%E3%83%95%E3%83%AC%E3%83%BC%E3%83%A0%E3%83%9C%E3%83%87%E3%82%A3%E3%83%95%E3%82%A7%E3%82%A2%E3%83%AA%E3%83%B3%E3%82%B0%E3%82%AB%E3%83%90%E3%83%BC%E3%82%BF%E3%83%B3%E3%82%AF%E3%82%B5%E3%82%A4%E3%83%89%E3%82%AB%E3%82%A6%E3%83%AB%E3%83%88%E3%83%AA%E3%83%A0%E3%83%A4%E3%83%9E%E3%83%8F+XJ6+2009-2012 HTTP/1.1" 200 0 "-" "Mozilla/5.0 (Linux; Android 6.0.1; Nexus 5X Build/MMB29P) AppleWebKit/537.36 (KHTML, like Gecko) Chrome/135.0.7049.95 Mobile Safari/537.36 (compatible; GoogleOther)"
66.249.74.103 - - [03/May/2025:01:25:58 -0400] "GET /?k=79049138362402&channel=c34c5c&from=blog.php%3Fid%3D1383624-927%26name%3DY2503-940+%E3%83%80%E3%82%A4%E3%83%8B%E3%83%B3%E3%82%B0%E3%83%81%E3%82%A7%E3%82%A2+%E3%83%99%E3%83%B3%E3%83%81+%E4%B8%AD%E5%8F%A4 HTTP/1.1" 200 0 "-" "Mozilla/5.0 (Linux; Android 6.0.1; Nexus 5X Build/MMB29P) AppleWebKit/537.36 (KHTML, like Gecko) Chrome/135.0.7049.95 Mobile Safari/537.36 (compatible; GoogleOther)"
66.249.74.105 - - [03/May/2025:01:26:13 -0400] "GET /?k=6988490977202&channel=fc5994&from=brands.php%3Fid%3D909772-13207%26name%3D%E3%83%99%E3%83%AB%E3%83%88+%E5%A5%B3%E6%80%A7+%E5%A4%8F+%E3%82%B8%E3%83%BC%E3%83%B3%E3%82%BA%E3%83%99%E3%83%AB%E3%83%88%E4%BB%98%E3%81%8D%282%29 HTTP/1.1" 200 0 "-" "Mozilla/5.0 (Linux; Android 6.0.1; Nexus 5X Build/MMB29P) AppleWebKit/537.36 (KHTML, like Gecko) Chrome/135.0.7049.95 Mobile Safari/537.36 (compatible; GoogleOther)"
66.249.74.103 - - [03/May/2025:01:26:15 -0400] "GET /?k=58854131341803&channel=99932c&from=shared.php%3Fid%3D1313418-10517%26name%3D%E6%96%B0%E5%93%81%E6%9C%AA%E4%BD%BF%E7%94%A8%E6%8E%A5%E7%9D%80%E3%82%B7%E3%83%BC%E3%83%88%E3%80%8025%E6%9E%9A%E3%82%B7%E3%83%BC%E3%83%88%E5%85%A5%E3%80%8030%C3%9725%E3%8E%9D%E3%82%B5%E3%82%A4%E3%82%BA%E3%80%80%E4%BE%BF%E5%88%A9%E3%81%AA2.5%E3%8E%9C%E6%96%B9%E7%9C%BC%E7%9B%AE%E4%BB%98 HTTP/1.1" 200 50638 "-" "Mozilla/5.0 (Linux; Android 6.0.1; Nexus 5X Build/MMB29P) AppleWebKit/537.36 (KHTML, like Gecko) Chrome/135.0.7049.95 Mobile Safari/537.36 (compatible; Googlebot/2.1; +http://www.google.com/bot.html)"
66.249.74.103 - - [03/May/2025:01:26:18 -0400] "GET /?k=49752146189300&channel=191c34&from=jp.php%3Fid%3D1461893-15186%26name%3D%E3%82%BD%E3%83%95%E3%83%8899%28SOFT99%29+99%E5%B7%A5%E6%88%BF+%E8%A3%9C%E4%BF%AE%E3%83%9A%E3%82%A4%E3%83%B3%E3%83%88+%E3%82%BF%E3%83%83%E3%83%81%E3%82%A2%E3%83%83%E3%83%97%E3%83%9A%E3%83%B3+T%E3%83%BC62+12ml+TOYOTA%28%E3%83%88%E3%83%A8%E3%82%BF%29%2FLEXUS%28%E3%83%AC%E3%82%AF%E3%82%B5%E3%82%B9%29+1D2 HTTP/1.1" 200 0 "-" "Mozilla/5.0 (Linux; Android 6.0.1; Nexus 5X Build/MMB29P) AppleWebKit/537.36 (KHTML, like Gecko) Chrome/135.0.7049.95 Mobile Safari/537.36 (compatible; GoogleOther)"
66.249.74.104 - - [03/May/2025:01:26:21 -0400] "GET /?k=99705156870900&channel=42aad8&from=product.php%3Fid%3D1568709-14878%26name%3D%E6%B0%B8%E4%BA%95%E9%9B%BB%E5%AD%90+%E3%82%A6%E3%83%AB%E3%83%88%E3%83%A9+%E3%83%96%E3%83%AB%E3%83%BC%E3%83%9D%E3%82%A4%E3%83%B3%E3%83%88%E3%83%91%E3%83%AF%E3%83%BC%E3%83%97%E3%83%A9%E3%82%B0%E3%82%B3%E3%83%BC%E3%83%89+1%E5%8F%B0%E5%88%86+4%E6%9C%AC+%E3%82%A2%E3%83%86%E3%83%B3%E3%82%B6%2F%E3%82%A2%E3%83%86%E3%83%B3%E3%82%B6%E3%82%B9%E3%83%9D%E3%83%BC%E3%83%84+GGES+GGEP+LF-DE+20 HTTP/1.1" 200 51422 "-" "Mozilla/5.0 (Linux; Android 6.0.1; Nexus 5X Build/MMB29P) AppleWebKit/537.36 (KHTML, like Gecko) Chrome/135.0.7049.95 Mobile Safari/537.36 (compatible; Googlebot/2.1; +http://www.google.com/bot.html)"
66.249.74.103 - - [03/May/2025:01:26:25 -0400] "GET /?k=0999184557704&channel=9fa3aa&from=form.php%3Fid%3D845577-931%26name%3D%E3%82%AD%E3%83%A3%E3%83%93%E3%83%8D%E3%83%83%E3%83%88%E3%80%80%E3%82%AD%E3%83%A3%E3%82%B9%E3%82%BF%E3%83%BC%E4%BB%98%E3%81%8D HTTP/1.1" 200 0 "-" "Mozilla/5.0 (Linux; Android 6.0.1; Nexus 5X Build/MMB29P) AppleWebKit/537.36 (KHTML, like Gecko) Chrome/135.0.7049.95 Mobile Safari/537.36 (compatible; GoogleOther)"
66.249.74.103 - - [03/May/2025:01:26:27 -0400] "GET /?k=08815192884200&channel=e97b76&from=news.php%3Fid%3D1928842-27492%26name%3DAprica+Coconel+Air+%E3%83%99%E3%83%93%E3%83%BC%E3%83%99%E3%83%83%E3%83%89 HTTP/1.1" 200 0 "-" "Mozilla/5.0 (Linux; Android 6.0.1; Nexus 5X Build/MMB29P) AppleWebKit/537.36 (KHTML, like Gecko) Chrome/135.0.7049.95 Mobile Safari/537.36 (compatible; GoogleOther)"
66.249.74.103 - - [03/May/2025:01:26:40 -0400] "GET /?k=29023170222306&channel=ba093b&from=form.php%3Fid%3D1702223-18520%26name%3D%E3%80%90c3676%E3%80%91gelato+Pique+%E3%83%96%E3%83%A9%E3%83%B3%E3%82%B1%E3%83%83%E3%83%88%E3%80%80%E3%82%B9%E3%83%88%E3%83%A9%E3%82%A4%E3%83%97 HTTP/1.1" 200 0 "-" "Mozilla/5.0 (Linux; Android 6.0.1; Nexus 5X Build/MMB29P) AppleWebKit/537.36 (KHTML, like Gecko) Chrome/135.0.7049.95 Mobile Safari/537.36 (compatible; GoogleOther)"
66.249.74.103 - - [03/May/2025:01:26:48 -0400] "GET /?k=28750159808007&channel=a3ed9f&from=blog.php%3Fid%3D1598080-10142%26name%3D%E3%83%9B%E3%83%86%E3%83%AB%E3%82%B5%E3%83%BC%E3%83%93%E3%82%B9%E3%82%AB%E3%83%BC%E3%83%88%E3%80%81%E3%83%9B%E3%83%86%E3%83%AB%E3%83%88%E3%83%AD%E3%83%AA%E3%83%BC3%E6%AE%B5%E3%82%AD%E3%83%83%E3%83%81%E3%83%B3%E3%82%AB%E3%83%BC%E3%82%B7%E3%82%A7%E3%83%AB%E3%83%95%E3%83%A6%E3%83%BC%E3%83%86%E3%82%A3%E3%83%AA%E3%83%86%E3%82%A3%2F%E3%82%B5%E3%83%BC%E3%83%93%E3%82%B9%E3%82%AB%E3%83%BC%E3%83%88%E3%82%B9%E3%83%86%E3%83%B3%E3%83%AC%E3%82%B9%E3%82%B9%E3%83%81%E3%83%BC%E3%83%AB%E3%82%AD%E3%83%83%E3%83%81%E3%83%B3%E5%8F%8E%E7%B4%8D%E3%83%88%E3%83%AD%E3%83%AA%E3%83%BC%E3%83%9B%E3%83%86 HTTP/1.1" 200 0 "-" "Mozilla/5.0 (Linux; Android 6.0.1; Nexus 5X Build/MMB29P) AppleWebKit/537.36 (KHTML, like Gecko) Chrome/135.0.7049.95 Mobile Safari/537.36 (compatible; GoogleOther)"
66.249.74.103 - - [03/May/2025:01:26:52 -0400] "GET /?k=5894915858605&channel=506823&from=jp.php%3Fid%3D158586-9346%26name%3D%E3%83%95%E3%83%A9%E3%83%B3%E3%83%95%E3%83%A9%E3%83%B3%E3%82%BD%E3%83%AB%E3%83%86%E3%82%A3%E3%83%BC%E3%83%AB+%E3%83%AA%E3%83%95%E3%83%86%E3%82%A3%E3%83%B3%E3%82%B0%E3%83%86%E3%83%BC%E3%83%96%E3%83%AB+W1000%E3%83%AD%E3%83%BC%E3%83%86%E3%83%BC%E3%83%96%E3%83%AB HTTP/1.1" 200 0 "-" "Mozilla/5.0 (Linux; Android 6.0.1; Nexus 5X Build/MMB29P) AppleWebKit/537.36 (KHTML, like Gecko) Chrome/135.0.7049.95 Mobile Safari/537.36 (compatible; GoogleOther)"
66.249.74.105 - - [03/May/2025:01:27:02 -0400] "GET /?k=08518158876605&channel=276467&from=shop.php%3Fid%3D1588766-8916%26name%3D%E3%81%8E%E3%82%87%E3%81%86%E3%81%9B%E3%81%84%E3%80%80%E5%AD%A6%E7%BF%92%E6%9C%AC%E3%80%80%E6%B5%B7%E5%A4%96%E8%A6%96%E7%82%B9%E3%80%80%E6%97%A5%E6%9C%AC%E3%81%AE%E6%AD%B4%E5%8F%B2%E3%80%80%E5%85%A8%E5%B7%BB%E3%82%BB%E3%83%83%E3%83%88 HTTP/1.1" 200 0 "-" "Mozilla/5.0 (Linux; Android 6.0.1; Nexus 5X Build/MMB29P) AppleWebKit/537.36 (KHTML, like Gecko) Chrome/135.0.7049.95 Mobile Safari/537.36 (compatible; GoogleOther)"
66.249.74.103 - - [03/May/2025:01:27:05 -0400] "GET /?k=00318138491705&channel=6323d1&from=news.php%3Fid%3D1384917-2163%26name%3DAbel+TR2+%E3%82%A8%E3%83%BC%E3%83%99%E3%83%AB%E3%83%95%E3%83%A9%E3%82%A4%E3%83%AA%E3%83%BC%E3%83%AB HTTP/1.1" 200 51616 "-" "Mozilla/5.0 (Linux; Android 6.0.1; Nexus 5X Build/MMB29P) AppleWebKit/537.36 (KHTML, like Gecko) Chrome/135.0.7049.95 Mobile Safari/537.36 (compatible; Googlebot/2.1; +http://www.google.com/bot.html)"
66.249.74.103 - - [03/May/2025:01:27:06 -0400] "GET /?k=03670192653102&channel=7a54ee&from=article.php%3Fid%3D1926531-3053%26name%3D%E3%83%8F%E3%83%B3%E3%83%89%E3%83%A1%E3%82%A4%E3%83%89+%E6%B0%B4%E7%AD%92%E8%82%A9%E7%B4%90%E3%82%AB%E3%83%90%E3%83%BC%E3%80%80%E3%82%B9%E3%83%88%E3%83%A9%E3%82%A4%E3%83%97%E3%80%80%E8%BB%8A%E3%80%80%E6%98%9F HTTP/1.1" 200 0 "-" "Mozilla/5.0 (Linux; Android 6.0.1; Nexus 5X Build/MMB29P) AppleWebKit/537.36 (KHTML, like Gecko) Chrome/135.0.7049.95 Mobile Safari/537.36 (compatible; GoogleOther)"
66.249.74.103 - - [03/May/2025:01:27:10 -0400] "GET /?k=10671153723700&channel=d51d56&from=goods.php%3Fid%3D1537237-3455%26name%3D%E3%83%90%E3%83%88%E3%83%AB%E3%82%B9%E3%83%94%E3%83%AA%E3%83%83%E3%83%84 HTTP/1.1" 200 0 "-" "Mozilla/5.0 (Linux; Android 6.0.1; Nexus 5X Build/MMB29P) AppleWebKit/537.36 (KHTML, like Gecko) Chrome/135.0.7049.95 Mobile Safari/537.36 (compatible; GoogleOther)"
66.249.74.103 - - [03/May/2025:01:27:14 -0400] "GET /?k=9580125909200&channel=0573ba&from=shop.php%3Fid%3D259092-4331%26name%3DPolk+Audio+Signature+Elite+ES10+%E3%83%96%E3%83%A9%E3%82%A6%E3%83%B3+%E6%9C%AA%E9%96%8B%E5%B0%81 HTTP/1.1" 200 0 "-" "Mozilla/5.0 (Linux; Android 6.0.1; Nexus 5X Build/MMB29P) AppleWebKit/537.36 (KHTML, like Gecko) Chrome/135.0.7049.95 Mobile Safari/537.36 (compatible; GoogleOther)"
66.249.74.103 - - [03/May/2025:01:27:23 -0400] "GET /?k=89907148592600&channel=431b53&from=goods.php%3Fid%3D1485926-6056%26name%3D%E3%83%88%E3%83%A9%E3%83%B3%E3%82%B9%E3%83%95+%E3%82%A9%E3%83%BC%E3%83%9E%E3%83%BC+SS100+%E3%83%95%E3%82%A9%E3%83%BC%E3%83%AC%E3%83%B3 HTTP/1.1" 200 52089 "-" "Mozilla/5.0 (Linux; Android 6.0.1; Nexus 5X Build/MMB29P) AppleWebKit/537.36 (KHTML, like Gecko) Chrome/135.0.7049.95 Mobile Safari/537.36 (compatible; Googlebot/2.1; +http://www.google.com/bot.html)"
66.249.74.103 - - [03/May/2025:01:27:23 -0400] "GET /?k=9414152048600&channel=f70a76&from=shared.php%3Fid%3D520486-628%26name%3DCompatible+With+Yaris+For+Corolla+For+RAV4+2014+2015+%E5%A4%9A%E6%A9%9F%E8%83%BD%E3%82%B9%E3%83%86%E3%82%A2%E3%83%AA%E3%83%B3%E3%82%B0%E3%83%9B%E3%82%A4%E3%83%BC%E3%83%AB HTTP/1.1" 200 0 "-" "Mozilla/5.0 (Linux; Android 6.0.1; Nexus 5X Build/MMB29P) AppleWebKit/537.36 (KHTML, like Gecko) Chrome/135.0.7049.95 Mobile Safari/537.36 (compatible; GoogleOther)"
66.249.74.103 - - [03/May/2025:01:27:53 -0400] "GET /?k=4291661631703&channel=a0936b&from=pin.php%3Fid%3D616317-9451%26name%3D%E5%9B%9E%E8%BB%A2%E6%9C%AC%E6%A3%9A+4+%E6%AE%B5%E7%AB%8B%E3%81%A1%E6%9C%AC%E6%A3%9A+360+%E5%BA%A6%E5%9B%9E%E8%BB%A2%E6%9C%AC%E6%A3%9A%E5%A4%A7%E5%AE%B9%E9%87%8F%E6%9C%AC%E6%A3%9A%E3%82%AA%E3%83%BC%E3%82%AC%E3%83%8A%E3%82%A4%E3%82%B6%E3%83%BC%E3%83%AA%E3%83%93%E3%83%B3%E3%82%B0%E3%83%AB%E3%83%BC%E3%83%A0%E3%82%84%E5%AD%A6%E7%BF%92%E6%9C%AC%E3%83%A9%E3%83%83%E3%82%AF+%E5%BA%83%E3%81%84%E7%A9%BA%E9%96%93 HTTP/1.1" 200 52981 "-" "Mozilla/5.0 (Linux; Android 6.0.1; Nexus 5X Build/MMB29P) AppleWebKit/537.36 (KHTML, like Gecko) Chrome/135.0.7049.95 Mobile Safari/537.36 (compatible; Googlebot/2.1; +http://www.google.com/bot.html)"
66.249.74.105 - - [03/May/2025:01:28:16 -0400] "GET /?k=4272239208602&channel=bc8fc7&from=brands.php%3Fid%3D392086-12621%26name%3DEARTHLITE+%E3%83%9E%E3%83%83%E3%82%B5%E3%83%BC%E3%82%B8%E3%83%86%E3%83%BC%E3%83%96%E3%83%AB%E3%83%95%E3%82%A7%E3%82%A4%E3%82%B9%E3%82%AF%E3%83%AC%E3%83%BC%E3%83%89%E3%83%AB+%E3%83%87%E3%83%A9%E3%83%83%E3%82%AF%E3%82%B9%E8%AA%BF%E7%AF%80%E5%8F%AF%E8%83%BD+%E3%83%9E%E3%83%83%E3%82%B5%E3%83%BC%E3%82%B8%E3%83%86%E3%83%BC%E3%83%96%E3%83%AB%2F%E3%83%9E%E3%83%83%E3%82%B5%E3%83%BC%E3%82%B8%E6%A4%85%E5%AD%90%E3%83%98%E3%83%83%E3%83%89%E3%83%AC%E3%82%B9%E3%83%88%E3%83%97%E3%83%A9%E3%83%83%E3%83%88 HTTP/1.1" 200 0 "-" "Mozilla/5.0 (Linux; Android 6.0.1; Nexus 5X Build/MMB29P) AppleWebKit/537.36 (KHTML, like Gecko) Chrome/135.0.7049.95 Mobile Safari/537.36 (compatible; GoogleOther)"
66.249.74.103 - - [03/May/2025:01:28:23 -0400] "GET /?k=96600178803502&channel=0c26ec&from=jp.php%3Fid%3D1788035-5649%26name%3DAS%E3%83%8A%E3%82%A4%E3%83%88%E3%83%AA%E3%83%9A%E3%82%A2%2F%E3%82%A8%E3%82%AF%E3%82%B9%E3%82%AF%E3%83%AC%E3%83%B3%E3%82%B6%E3%83%BC%2F%E3%82%B5%E3%83%B3%E3%82%B9%E3%82%AF%E3%83%AA%E3%83%BC%E3%83%B3%E3%83%97%E3%83%A9%E3%82%B9%E3%83%97%E3%83%A9%E3%82%A4%E3%83%9E%E3%83%BCSPF30 HTTP/1.1" 200 53109 "-" "Mozilla/5.0 (Linux; Android 6.0.1; Nexus 5X Build/MMB29P) AppleWebKit/537.36 (KHTML, like Gecko) Chrome/135.0.7049.95 Mobile Safari/537.36 (compatible; Googlebot/2.1; +http://www.google.com/bot.html)"
66.249.74.103 - - [03/May/2025:01:28:41 -0400] "GET /?k=78278186061818&channel=d72eb7&from=article.php%3Fid%3D1860618-17891%26name%3D%E9%81%A0%E8%97%A4%E5%98%89%E5%9F%BA%E3%83%BB%E6%B8%A1%E8%BE%BA%E5%AE%9F%E3%80%8E%E7%9D%80%E7%9C%BC%E3%81%A8%E8%80%83%E3%81%88%E6%96%B9+%E5%8F%A4%E6%96%87%E8%A7%A3%E9%87%88%E3%81%AE%E5%9F%BA%E7%A4%8E%E3%80%8F%E4%B8%AD%E5%A4%AE%E5%9B%B3%E6%9B%B8%E3%80%80%E5%88%A5%E5%86%8A%E8%A7%A3%E7%AD%94%E4%BB%98 HTTP/1.1" 200 51635 "-" "Mozilla/5.0 (Linux; Android 6.0.1; Nexus 5X Build/MMB29P) AppleWebKit/537.36 (KHTML, like Gecko) Chrome/135.0.7049.95 Mobile Safari/537.36 (compatible; Googlebot/2.1; +http://www.google.com/bot.html)"
66.249.74.103 - - [03/May/2025:01:29:19 -0400] "GET /?k=12725128996003&channel=d88953&from=product.php%3Fid%3D1289960-22764%26name%3D%E3%83%91%E3%83%B3%E4%BD%9C%E3%82%8A%E7%94%A8%E7%99%BA%E9%85%B5%E3%83%9C%E3%83%83%E3%82%AF%E3%82%B9%E3%80%81%E5%A4%9A%E7%9B%AE%E7%9A%84%E7%94%9F%E5%9C%B0%E7%99%BA%E9%85%B5%E3%83%9C%E3%83%83%E3%82%AF%E3%82%B9%E3%80%81%E3%83%92%E3%83%BC%E3%82%BF%E3%83%BC%E4%BB%98%E3%81%8D%E3%80%81%E3%83%9D%E3%83%BC%E3%82%BF%E3%83%96%E3%83%AB%E7%99%BA%E9%85%B5%E3%83%90%E3%83%83%E3%82%B0%E4%BF%9D%E6%B8%A9%E3%83%9C%E3%83%83%E3%82%AF%E3%82%B9%E3%80%81%E3%83%99%E3%83%BC%E3%82%AD%E3%83%B3%E3%82%B0%E3%81%A8%E7%99%BA%E9%85%B5%E7%94%A8%28Red%2C52%2A4 HTTP/1.1" 200 53000 "-" "Mozilla/5.0 (Linux; Android 6.0.1; Nexus 5X Build/MMB29P) AppleWebKit/537.36 (KHTML, like Gecko) Chrome/135.0.7049.95 Mobile Safari/537.36 (compatible; Googlebot/2.1; +http://www.google.com/bot.html)"
66.249.73.201 - - [03/May/2025:01:29:36 -0400] "GET /?k=3926946004001&channel=9a7592&from=blog.php%3Fid%3D460040-13361%26name%3DWXQ%E9%9B%BB%E5%8B%95%E7%BC%B6%E7%A0%B4%E7%A0%95%E6%A9%9F+%E9%9B%BB%E5%8B%95%E7%BC%B6%E3%82%AF%E3%83%A9%E3%83%83%E3%82%B7%E3%83%A3%E3%83%BC+%E7%BC%B6%E6%BD%B0%E3%81%97%E6%A9%9F+%E3%83%9A%E3%83%83%E3%83%88%E3%83%9C%E3%83%88%E3%83%AB+%E5%9C%A7%E7%B8%AE+%E7%A9%BA%E3%81%8D%E7%BC%B6%E6%BD%B0%E3%81%97%E5%99%A8+%E3%82%A2%E3%83%AB%E3%83%9F%E7%BC%B6%E6%BD%B0%E3%81%97+%E3%83%9A%E3%83%83%E3%83%88%E3%83%9C%E3%83%88%E3%83%AB+%E5%9C%A7%E7%B8%AE+%E3%82%B9%E9%87%91%E5%B1%9E%E7%BC%B6%E3%82%AF%E3%83%A9%E3%83%83 HTTP/1.1" 200 0 "-" "Mozilla/5.0 (Linux; Android 6.0.1; Nexus 5X Build/MMB29P) AppleWebKit/537.36 (KHTML, like Gecko) Chrome/135.0.7049.95 Mobile Safari/537.36 (compatible; GoogleOther)"
66.249.74.104 - - [03/May/2025:01:29:55 -0400] "GET /?k=2046585839103&channel=cb32c6&from=jp.php%3Fid%3D858391-7732%26name%3DDIY+%E3%83%84%E3%83%BC%E3%83%AB+Woodworing+Clear-Cut+%E3%83%97%E3%83%AC%E3%82%B7%E3%82%B8%E3%83%A7%E3%83%B3+%E3%82%B9%E3%83%88%E3%83%83%E3%82%AF+%E3%82%AC%E3%82%A4%E3%83%89+%E3%83%86%E3%83%BC%E3%83%96%E3%83%AB+%E3%82%BD%E3%83%BC+%E3%83%99%E3%82%A2%E3%83%AA%E3%83%B3%E3%82%B0+%E3%83%9B%E3%82%A4%E3%83%BC%E3%83%AB+%E3%83%97%E3%83%AC HTTP/1.1" 200 52421 "-" "Mozilla/5.0 (Linux; Android 6.0.1; Nexus 5X Build/MMB29P) AppleWebKit/537.36 (KHTML, like Gecko) Chrome/135.0.7049.95 Mobile Safari/537.36 (compatible; Googlebot/2.1; +http://www.google.com/bot.html)"
66.249.74.104 - - [03/May/2025:01:31:48 -0400] "GET /?k=68483160020601&channel=9e7fea&from=article.php%3Fid%3D1600206-6008%26name%3D%E3%83%95%E3%83%AD%E3%83%B3%E3%83%88%E5%8F%B3+CV+%E3%82%A2%E3%82%AF%E3%82%B9%E3%83%AB%E3%82%B7%E3%83%A3%E3%83%95%E3%83%88+2008-2017+%E3%83%A1%E3%83%AB%E3%82%BB%E3%83%87%E3%82%B9%E3%83%99%E3%83%B3%E3%83%84+E400+C350+C300+%E3%81%AB%E5%AF%BE%E5%BF%9C HTTP/1.1" 200 54437 "-" "Mozilla/5.0 (Linux; Android 6.0.1; Nexus 5X Build/MMB29P) AppleWebKit/537.36 (KHTML, like Gecko) Chrome/135.0.7049.95 Mobile Safari/537.36 (compatible; Googlebot/2.1; +http://www.google.com/bot.html)"
66.249.74.103 - - [03/May/2025:01:31:52 -0400] "GET /?k=76870162211300&channel=9926da&from=product.php%3Fid%3D1622113-9683%26name%3Done+way+%E9%BB%92+%E3%83%AC%E3%82%B6%E3%83%BC%E3%82%B8%E3%83%A3%E3%82%B1%E3%83%83%E3%83%88+%E3%83%A9%E3%82%A4%E3%83%80%E3%83%BC%E3%82%B9 HTTP/1.1" 200 0 "-" "Mozilla/5.0 (Linux; Android 6.0.1; Nexus 5X Build/MMB29P) AppleWebKit/537.36 (KHTML, like Gecko) Chrome/135.0.7049.95 Mobile Safari/537.36 (compatible; GoogleOther)"
52.167.144.140 - - [03/May/2025:01:32:02 -0400] "GET /?k=50071157900303&channel=ed7009&from=goods.php%3Fid%3D1579003-1517%26name%3D%E3%83%AC%E3%83%88%E3%83%AD%E3%83%A1%E3%82%BF%E3%83%AB%E9%A2%A8%E5%90%91%E8%A8%88%E3%82%AC%E3%83%BC%E3%83%87%E3%83%B3%E3%82%B9%E3%83%86%E3%83%BC%E3%82%AF%E9%A2%A8%E5%90%91%E8%A8%88%E5%BA%AD%E5%BA%AD%E5%B1%8B%E6%A0%B9%E3%83%9E%E3%82%A6%E3%83%B3%E3%83%88%E9%A2%A8%E5%90%91%E8%A8%88%E7%B0%A1%E5%8D%98%E4%BD%BF%E7%94%A8%E9%A2%A8%E5%90%91%E8%A8%88%E3%83%A4%E3%83%BC%E3%83%89%E6%B8%AC%E5%AE%9A%E3%83%84%E3%83%BC%E3%83%AB HTTP/1.1" 200 41776 "-" "Mozilla/5.0 AppleWebKit/537.36 (KHTML, like Gecko; compatible; bingbot/2.0; +http://www.bing.com/bingbot.htm) Chrome/116.0.1938.76 Safari/537.36"
66.249.74.104 - - [03/May/2025:01:32:29 -0400] "GET /?k=9889555275303&channel=4cd089&from=form.php%3Fid%3D552753-2698%26name%3D%E3%82%A2%E3%83%B3%E3%83%86%E3%82%A3%E3%83%BC%E3%82%AF%E8%AA%BF%E3%80%80%E3%82%B5%E3%82%A4%E3%83%89%E3%83%81%E3%82%A7%E3%82%B9%E3%83%88 HTTP/1.1" 200 51651 "-" "Mozilla/5.0 (Linux; Android 6.0.1; Nexus 5X Build/MMB29P) AppleWebKit/537.36 (KHTML, like Gecko) Chrome/135.0.7049.95 Mobile Safari/537.36 (compatible; Googlebot/2.1; +http://www.google.com/bot.html)"
66.249.74.104 - - [03/May/2025:01:33:13 -0400] "GET /?k=6771086673904&channel=2170d1&from=category-info.php%3Fid%3D866739-12194%26name%3D%E6%96%B0%E5%93%81%E6%9C%AA%E4%BD%BF%E7%94%A8+%E3%82%B9%E3%83%BC%E3%83%84%E3%82%B1%E3%83%BC%E3%82%B9+%E8%BB%BD%E9%87%8F+%E3%82%AD%E3%83%A3%E3%83%AA%E3%83%BC%E3%82%B1%E3%83%BC%E3%82%B9+20%E3%82%A4%E3%83%B3%E3%83%81+%E3%82%AD%E3%83%A3%E3%83%AA%E3%83%BC%E3%83%90%E3%83%83%E3%82%B0+%E3%81%8B%E3%82%8F%E3%81%84%E3%81%84+%E3%81%8A%E3%81%97%E3%82%83%E3%82%8C+%E6%97%85%E8%A1%8C%E3%83%90%E3%83%83%E3%82%B0+%E3%82%AB%E3%83%90%E3%83%B3+%E5%87%BA%E5%BC%B5+%E4%BF%AE%E5%AD%A6%E6%97%85%E8%A1%8C+%E6%A9%9F%E5%86%85%E6%8C%81%E3%81%A1%E8%BE%BC%E3%81%BF+%E7%84%A1%E5%9C%B0+%E9%9D%99%E9%9F%B3+%E5%A4%A7%E5%AE%B9%E9%87%8F+kkk HTTP/1.1" 200 51764 "-" "Mozilla/5.0 (Linux; Android 6.0.1; Nexus 5X Build/MMB29P) AppleWebKit/537.36 (KHTML, like Gecko) Chrome/135.0.7049.95 Mobile Safari/537.36 (compatible; Googlebot/2.1; +http://www.google.com/bot.html)"
52.167.144.150 - - [03/May/2025:01:33:36 -0400] "GET /?k=8788764372407&channel=047a10&from=blog.php%3Fid%3D643724-6121%26name%3D%E7%9B%86%E6%A0%BD%E5%88%88%E8%BE%BC%E3%81%BF%E3%82%BB%E3%83%83%E3%83%88+%E3%82%B9%E3%83%86%E3%83%B3%E3%83%AC%E3%82%B9%E8%A3%BD%E3%83%8E%E3%83%96%E3%82%AB%E3%83%83%E3%82%BF%E3%83%BC+%E5%89%AA%E5%AE%9A%E7%94%A8%E3%81%AF%E3%81%95%E3%81%BF%2C+%E8%8A%B1%E3%81%AE%E3%82%A2%E3%83%AC%E3%83%B3%E3%82%B8%E3%83%A1%E3%83%B3%E3%83%88%E3%82%84%E5%BA%AD%E5%9C%92%E4%BD%9C%E6%A5%AD%E3%81%AB%E6%9C%80%E9%81%A9%2C+%E9%AB%98%E7%A1%AC%E5%BA%A6%E3%81%A7%E8%80%90%E4%B9%85%E6%80%A7%E3%81%AE%E3%81%82%E3%82%8B%E6%9D%90%E6%96%99%2C+%E3%82%B9%E3%83%86%E3%83%B3 HTTP/1.1" 200 40300 "-" "Mozilla/5.0 AppleWebKit/537.36 (KHTML, like Gecko; compatible; bingbot/2.0; +http://www.bing.com/bingbot.htm) Chrome/116.0.1938.76 Safari/537.36"
66.249.74.103 - - [03/May/2025:01:33:49 -0400] "GET /?k=74817187986008&channel=68a010&from=pin.php%3Fid%3D1879860-10363%26name%3DDECHOUS+3%E5%80%8B+%E3%83%89%E3%83%BC%E3%83%AB%E3%83%8F%E3%82%A6%E3%82%B9%E3%82%AD%E3%83%A3%E3%83%93%E3%83%8D%E3%83%83%E3%83%88+%E5%8F%8E%E7%B4%8D%E3%82%AD%E3%83%A3%E3%83%93%E3%83%8D%E3%83%83%E3%83%88%E3%83%A2%E3%83%87%E3%83%AB+%E3%82%AD%E3%83%A3%E3%83%93%E3%83%8D%E3%83%83%E3%83%88%E5%B7%A5%E8%8A%B8%E5%93%81+%E3%83%9F%E3%83%8B%E3%82%AD%E3%83%A3%E3%83%93%E3%83%8D%E3%83%83%E3%83%88%E3%83%A2%E3%83%87%E3%83%AB+%E3%83%9F%E3%83%8B%E5%8F%8E%E7%B4%8D%E3%82%AD%E3%83%A3%E3%83%93%E3%83%8D HTTP/1.1" 200 52660 "-" "Mozilla/5.0 (Linux; Android 6.0.1; Nexus 5X Build/MMB29P) AppleWebKit/537.36 (KHTML, like Gecko) Chrome/135.0.7049.95 Mobile Safari/537.36 (compatible; Googlebot/2.1; +http://www.google.com/bot.html)"
52.167.144.19 - - [03/May/2025:01:34:32 -0400] "GET /?k=8108719808705&channel=41e9de&from=article.php%3Fid%3D198087-10171%26name%3D%E5%90%B8%E7%9B%A4+%E5%BC%B7%E5%8A%9B+150kg+%E9%9B%BB%E5%8B%95%E7%9C%9F%E7%A9%BA%E5%90%B8%E7%9B%A4+4%E3%82%AE%E3%82%A2%E8%AA%BF%E6%95%B4+%E8%8A%B1%E5%B4%97%E5%B2%A9+%E3%82%AC%E3%83%A9%E3%82%B9+%E3%82%BF%E3%82%A4%E3%83%AB+%E5%90%B8%E7%9B%A4+%E3%82%A8%E3%82%A2%E3%83%9D%E3%83%B3%E3%83%97+%E3%83%AA%E3%83%95%E3%83%86%E3%82%A3%E3%83%B3%E3%82%B0%E3%83%84%E3%83%BC%E3%83%AB+%E3%83%9C%E3%83%83%E3%82%AF%E3%82%B9%E3%83%91%E3%83%83%E3%82%AF%E3%81%AB%E9%81%A9%E7%94%A8 HTTP/1.1" 200 41301 "-" "Mozilla/5.0 AppleWebKit/537.36 (KHTML, like Gecko; compatible; bingbot/2.0; +http://www.bing.com/bingbot.htm) Chrome/116.0.1938.76 Safari/537.36"
66.249.74.105 - - [03/May/2025:01:34:53 -0400] "GET /?k=8472222816800&channel=d18284&from=shared.php%3Fid%3D228168-5498%26name%3D%E3%82%B9%E3%83%86%E3%83%B3%E3%83%AC%E3%82%B9%E9%8B%BC+3+%E6%96%B9%E3%82%B0%E3%83%AD%E3%83%BC%E3%83%96%E3%83%90%E3%83%AB%E3%83%96+H240S-N+DN40+%E3%83%A1%E3%82%B9+2+%E6%96%B9%E5%8F%96%E3%82%8A%E4%BB%98%E3%81%91%E4%BA%A4%E6%8F%9B%E5%B7%A5%E6%A5%AD%E7%94%A8%E3%83%90%E3%83%AB%E3%83%96 HTTP/1.1" 200 51404 "-" "Mozilla/5.0 (Linux; Android 6.0.1; Nexus 5X Build/MMB29P) AppleWebKit/537.36 (KHTML, like Gecko) Chrome/135.0.7049.95 Mobile Safari/537.36 (compatible; Googlebot/2.1; +http://www.google.com/bot.html)"
66.249.73.201 - - [03/May/2025:01:35:20 -0400] "GET /?k=708955365700&channel=30f50a&from=news.php%3Fid%3D53657-4998%26name%3D%E5%A3%81%E6%8E%9B%E3%81%91%E3%82%B9%E3%83%9A%E3%83%BC%E3%82%B9%E7%AF%80%E7%B4%84%E8%A1%A3%E9%A1%9E%E5%AE%B6%E5%BA%AD%E7%94%A8%E7%B0%A1%E5%8D%98%E5%8F%8E%E7%B4%8D%E4%B9%BE%E7%87%A5%E3%83%A9%E3%83%83%E3%82%AF%E6%8A%98%E3%82%8A%E3%81%9F%E3%81%9F%E3%81%BF4%E4%B9%BE%E7%87%A5%E3%83%AD%E3%83%83%E3%83%89%E6%B4%97%E6%BF%AF%E5%B8%83%E3%83%A9%E3%82%A4%E3%83%B3%E3%82%A8%E3%82%A2%E3%83%A9%E3%83%BC%E3%83%90%E3%82%B9%E3%83%AB%E3%83%BC%E3%83%A0%E3%82%BF%E3%82%AA%E3%83%AB%E3%83%AC%E3%83%BC%E3%83%AB%E3%83%90%E3%83%BC%E3%83%95%E3%83%83%E3%82%AF%E6%A0%BC%E7%B4%8D%E5%BC%8F%E3%82%AF%E3%83%AD HTTP/1.1" 200 0 "-" "Mozilla/5.0 (Linux; Android 6.0.1; Nexus 5X Build/MMB29P) AppleWebKit/537.36 (KHTML, like Gecko) Chrome/135.0.7049.95 Mobile Safari/537.36 (compatible; GoogleOther)"
66.249.74.105 - - [03/May/2025:01:35:49 -0400] "GET /?k=05806188473601&channel=a17090&from=blog.php%3Fid%3D1884736-11111%26name%3D%E6%96%B0%E5%93%81%E6%9C%AA%E4%BD%BF%E7%94%A8TraditionalWeatherwear+ARKLEY+%E3%82%A6%E3%83%BC%E3%83%AB36 HTTP/1.1" 200 51061 "-" "Mozilla/5.0 (Linux; Android 6.0.1; Nexus 5X Build/MMB29P) AppleWebKit/537.36 (KHTML, like Gecko) Chrome/135.0.7049.95 Mobile Safari/537.36 (compatible; Googlebot/2.1; +http://www.google.com/bot.html)"
52.167.144.19 - - [03/May/2025:01:35:53 -0400] "GET /?k=86276117482804&channel=74ea2e&from=form.php%3Fid%3D1174828-21639%26name%3DCSCDD+120A%E3%82%A2%E3%83%B3%E3%83%97%E6%95%B4%E6%B5%81%E5%99%A8%E3%83%95%E3%82%A3%E3%83%AB%E3%82%BF%E3%83%BC%E4%BE%9B%E7%B5%A6%E9%9B%BB%E6%BA%90%E3%83%9C%E3%83%BC%E3%83%89%E9%AB%98%E5%87%BA%E5%8A%9B%E3%82%B7%E3%83%A7%E3%83%83%E3%83%88%E3%82%AD%E3%83%BC%E6%95%B4%E6%B5%81%E5%99%A8%E3%83%95%E3%82%A3%E3%83%AB%E3%82%BF%E3%83%BC%E9%9B%BB%E6%BA%90%E3%83%9C%E3%83%BC%E3%83%8910000UF+125V HTTP/1.1" 200 42080 "-" "Mozilla/5.0 AppleWebKit/537.36 (KHTML, like Gecko; compatible; bingbot/2.0; +http://www.bing.com/bingbot.htm) Chrome/116.0.1938.76 Safari/537.36"
40.77.167.48 - - [03/May/2025:01:35:58 -0400] "GET /?k=62892171810000&channel=ce82a8&from=category-info.php%3Fid%3D1718100-11438%26name%3DOkiyakusama+%E8%87%AA%E5%8B%95%E8%BB%8A%E3%83%9C%E3%83%87%E3%82%A3%E3%81%AE%E3%81%B8%E3%81%93%E3%81%BF%E4%BF%AE%E7%90%86%E3%83%84%E3%83%BC%E3%83%AB+%E8%87%AA%E5%8B%95%E8%BB%8A%E5%A1%97%E8%A3%85%E4%B8%8D%E8%A6%81%E3%81%AE%E4%BF%AE%E7%90%86%E7%94%A8%E3%83%97%E3%83%BC%E3%83%A9%E3%83%BC+%E9%9B%B9%E3%81%AB%E3%82%88%E3%82%8B%E3%81%B8%E3%81%93%E3%81%BF%E3%81%AE%E9%99%A4%E5%8E%BB+%E8%87%AA%E5%8B%95%E8%BB%8A%E7%94%A8%E3%82%A8%E3%82%AD%E3%82%B9%E3%83%91%E3%83%B3%E3%83%80%E3%83%BC HTTP/1.1" 200 41191 "-" "Mozilla/5.0 AppleWebKit/537.36 (KHTML, like Gecko; compatible; bingbot/2.0; +http://www.bing.com/bingbot.htm) Chrome/116.0.1938.76 Safari/537.36"
66.249.74.105 - - [03/May/2025:01:36:28 -0400] "GET /?k=31105154871100&channel=f127e3&from=brands.php%3Fid%3D1548711-19601%26name%3D%E3%80%90%E4%BA%92%E6%8F%9B%E5%93%81%E3%80%91%E3%83%97%E3%83%AB%E3%83%BC%E3%83%A0%E3%83%86%E3%83%83%E3%82%AF%E3%83%97%E3%83%A9%E3%82%B9%E3%83%BB%E3%82%A6%E3%82%A3%E3%82%BA+%E3%82%AB%E3%83%BC%E3%83%88%E3%83%AA%E3%83%83%E3%82%B8+10%E6%9C%AC+%E3%82%AB%E3%83%AB%E3%83%94%E3%82%B9%E3%82%BD%E3%83%BC%E3%83%80 HTTP/1.1" 200 52905 "-" "Mozilla/5.0 (Linux; Android 6.0.1; Nexus 5X Build/MMB29P) AppleWebKit/537.36 (KHTML, like Gecko) Chrome/135.0.7049.95 Mobile Safari/537.36 (compatible; Googlebot/2.1; +http://www.google.com/bot.html)"
66.249.74.104 - - [03/May/2025:01:36:48 -0400] "GET /?k=7836931051006&channel=4139a9&from=article.php%3Fid%3D310510-9611%26name%3D%E3%82%AF%E3%83%A9%E3%82%B7%E3%83%83%E3%82%AF%E3%83%BB%E3%83%88%E3%83%A9%E3%83%87%E3%82%A3%E3%82%B7%E3%83%A7%E3%83%8A%E3%83%AB%E3%83%BB%E3%83%A9%E3%82%B0+%E3%83%93%E3%83%B3%E3%83%86%E3%83%BC%E3%82%B8%E3%83%BB%E3%83%97%E3%83%AA%E3%83%B3%E3%83%88%E3%83%BB%E3%83%A9%E3%83%BC%E3%82%B8%E3%83%A9%E3%82%B0%E3%80%81+100cm+1.5m+2m+250cm+3m+3.5m+4m HTTP/1.1" 200 0 "-" "Mozilla/5.0 (Linux; Android 6.0.1; Nexus 5X Build/MMB29P) AppleWebKit/537.36 (KHTML, like Gecko) Chrome/135.0.7049.95 Mobile Safari/537.36 (compatible; GoogleOther)"
66.249.74.103 - - [03/May/2025:01:37:28 -0400] "GET /?k=88472132677003&channel=7cc687&from=news.php%3Fid%3D1326770-4167%26name%3DBURBERRY+110+%E3%83%95%E3%82%A9%E3%83%BC%E3%83%9E%E3%83%AB+%E4%B8%83%E4%BA%94%E4%B8%89+%E5%86%A0%E5%A9%9A%E8%91%AC%E7%A5%AD+%E5%85%A5%E5%AD%A6%E5%BC%8F+%E5%8D%92%E5%9C%92%E5%BC%8F+%E7%99%BA%E8%A1%A8%E4%BC%9A HTTP/1.1" 200 51176 "-" "Mozilla/5.0 (Linux; Android 6.0.1; Nexus 5X Build/MMB29P) AppleWebKit/537.36 (KHTML, like Gecko) Chrome/135.0.7049.95 Mobile Safari/537.36 (compatible; Googlebot/2.1; +http://www.google.com/bot.html)"
66.249.74.103 - - [03/May/2025:01:37:58 -0400] "GET /?k=49095107975303&channel=3d0538&from=shop.php%3Fid%3D1079753-20451%26name%3D%E5%A5%B3%E6%80%A7%E7%94%A8%E3%82%BD%E3%83%83%E3%82%AF%E3%82%B9+%E9%95%B7%E3%81%84%E5%A4%8F%E3%81%AE%E8%96%84%E3%81%84%E7%97%B4%E5%88%BB%E3%81%AE%E9%9D%B4%E4%B8%8B%E5%A5%B3%E6%80%A7%E3%81%AE%E3%83%AC%E3%83%83%E3%82%B0%E3%82%A6%E3%82%A9%E3%83%BC%E3%83%9E%E3%83%BC%E5%A4%AA%E3%82%82%E3%82%82%E3%81%AE%E9%AB%98%E3%81%84%E3%82%B9%E3%83%88%E3%83%83%E3%82%AF%E3%83%AC%E3%83%87%E3%82%A3%E3%83%BC%E3%82%B9%E3%83%80%E3%83%B3%E3%82%B9%E3%83%94%E3%83%A9%E3%83%86%E3%82%A3%E3%82%B9%E3%83%A8%E3%82%AC%E3%81%AE%E3%83%88%E3%83%AC%E3%83%BC%E3%83%8B%E3%83%B3%E3%82%B0%E3%82%B3%E3%83%83%E3%83%88%E3%83%B3 HTTP/1.1" 200 0 "-" "Mozilla/5.0 (Linux; Android 6.0.1; Nexus 5X Build/MMB29P) AppleWebKit/537.36 (KHTML, like Gecko) Chrome/135.0.7049.95 Mobile Safari/537.36 (compatible; GoogleOther)"
66.249.74.103 - - [03/May/2025:01:38:15 -0400] "GET /?k=50611132032300&channel=ef8b7d&from=jp.php%3Fid%3D1320323-5093%26name%3D%E7%94%9F%E3%83%93%E3%83%BC%E3%83%AB+%E7%B4%99%E3%82%B3%E3%83%83%E3%83%97+%E3%82%AD%E3%83%AA%E3%83%B3%E3%83%93%E3%83%BC%E3%83%AB+%E3%83%AD%E3%82%B4%E5%85%A5%E3%82%8A+IS%E7%B4%99%E3%82%B3%E3%83%83%E3%83%97+415ml+50%E5%80%8B%E5%85%A5+%E3%83%93%E3%83%BC%E3%83%AB+%E3%82%B5%E3%83%BC%E3%83%90%E3%83%BC+%E4%BD%BF%E3%81%84%E6%8D%A8%E3%81%A6%E3%82%B3%E3%83%83%E3%83%97+%E3%83%91%E3%83%BC%E3%83%86%E3%82%A3%E2%80%95+%E3%82%A4%E3%83%99%E3%83%B3%E3%83%88+%E3%83%90%E3%83%BC%E3%83%99%E3%82%AD%E3%83%A5%E3%83%BC+%E3%83%95%E3%82%A7%E3%82%B9+%E3%82%AD%E3%83%A3%E3%83%B3%E3%83%97+%E3%81%8A%E7%A5%AD%E3%82%8A HTTP/1.1" 200 52722 "-" "Mozilla/5.0 (Linux; Android 6.0.1; Nexus 5X Build/MMB29P) AppleWebKit/537.36 (KHTML, like Gecko) Chrome/135.0.7049.95 Mobile Safari/537.36 (compatible; Googlebot/2.1; +http://www.google.com/bot.html)"
66.249.74.105 - - [03/May/2025:01:39:14 -0400] "GET /?k=67086142099805&channel=8dfc66&from=product.php%3Fid%3D1420998-10838%26name%3D%E3%83%A9%E3%82%A6%E3%83%B3%E3%83%89%E3%82%A2%E3%82%AF%E3%83%AA%E3%83%AB%E3%83%87%E3%82%A3%E3%82%B9%E3%83%97%E3%83%AC%E3%82%A4%E3%82%B9%E3%82%BF%E3%83%B3%E3%83%89%E3%83%87%E3%82%B9%E3%82%AF%E3%83%95%E3%83%A9%E3%83%AF%E3%83%BC%E3%82%B9%E3%82%BF%E3%83%B3%E3%83%89%E5%AE%B6%E5%BA%AD%E7%94%A8 HTTP/1.1" 200 50965 "-" "Mozilla/5.0 (Linux; Android 6.0.1; Nexus 5X Build/MMB29P) AppleWebKit/537.36 (KHTML, like Gecko) Chrome/135.0.7049.95 Mobile Safari/537.36 (compatible; Googlebot/2.1; +http://www.google.com/bot.html)"
66.249.74.105 - - [03/May/2025:01:40:15 -0400] "GET /?k=881775768400&channel=9ce9d4&from=pin.php%3Fid%3D57684-2212%26name%3D%E3%82%A2%E3%83%AA%E3%83%BC%E3%83%8A%E3%80%80%E3%82%AB%E3%83%BC%E3%83%9C%E3%83%B3%E3%82%A8%E3%82%A2%E3%83%BC%E3%80%80arena+carbon+air+%E8%A9%A6%E5%90%88%E7%94%A8%E6%B0%B4%E7%9D%80 HTTP/1.1" 200 52248 "-" "Mozilla/5.0 (Linux; Android 6.0.1; Nexus 5X Build/MMB29P) AppleWebKit/537.36 (KHTML, like Gecko) Chrome/135.0.7049.95 Mobile Safari/537.36 (compatible; Googlebot/2.1; +http://www.google.com/bot.html)"
66.249.74.104 - - [03/May/2025:01:40:48 -0400] "GET /?k=87589178771602&channel=1bd275&from=blog.php%3Fid%3D1787716-2485%26name%3DMG+%E3%83%87%E3%82%B9%E3%83%86%E3%82%A3%E3%83%8B%E3%83%BC%E3%82%AC%E3%83%B3%E3%83%80%E3%83%A0%E3%80%90%E6%96%B0%E5%93%81%E6%9C%AA%E9%96%8B%E5%B0%81%E3%80%91%E3%80%80%E6%AE%B5%E3%83%9C%E3%83%BC%E3%83%AB%E6%A2%B1%E5%8C%85 HTTP/1.1" 200 51738 "-" "Mozilla/5.0 (Linux; Android 6.0.1; Nexus 5X Build/MMB29P) AppleWebKit/537.36 (KHTML, like Gecko) Chrome/135.0.7049.95 Mobile Safari/537.36 (compatible; Googlebot/2.1; +http://www.google.com/bot.html)"
52.167.144.19 - - [03/May/2025:01:41:35 -0400] "GET /?k=4830038820304&channel=75dfd2&from=info.php%3Fid%3D388203-10870%26name%3D%E3%83%8B%E3%83%B3%E3%83%86%E3%83%B3%E3%83%89%E3%83%BC%E3%82%AF%E3%83%A9%E3%82%B7%E3%83%83%E3%82%AF%E3%83%9F%E3%83%8B+%E3%83%95%E3%82%A1%E3%83%9F%E3%82%B3%E3%83%B3+%E3%82%B9%E3%83%BC%E3%83%91%E3%83%BC%E3%83%95%E3%82%A1%E3%83%9F%E3%82%B3%E3%83%B3+%E3%82%BB%E3%83%83%E3%83%88 HTTP/1.1" 200 40130 "-" "Mozilla/5.0 AppleWebKit/537.36 (KHTML, like Gecko; compatible; bingbot/2.0; +http://www.bing.com/bingbot.htm) Chrome/116.0.1938.76 Safari/537.36"
66.249.74.103 - - [03/May/2025:01:41:54 -0400] "GET /?k=95103175522102&channel=e98cd5&from=shop.php%3Fid%3D1755221-15491%26name%3D%E7%BE%8E%E5%93%81%E5%A4%A7%E4%BA%BA%E6%B0%97%E5%A4%A7%E3%81%8D%E3%81%84%E3%82%B5%E3%82%A4%E3%82%BA%E5%B8%BD%E5%AD%90%E4%BB%98%E3%81%91%E5%8E%9A%E3%81%A6%E7%B4%A0%E6%9D%90%E3%83%87%E3%83%8B%E3%83%A0%E3%83%AF%E3%83%B3%E3%83%94%E3%83%BC%E3%82%B9%E7%97%A9%E3%81%9B%E9%95%B7%E8%A2%96%E6%A3%AE%E5%A5%B3%E9%80%81%E6%96%99%E7%84%A1%E6%96%99%5D HTTP/1.1" 200 50964 "-" "Mozilla/5.0 (Linux; Android 6.0.1; Nexus 5X Build/MMB29P) AppleWebKit/537.36 (KHTML, like Gecko) Chrome/135.0.7049.95 Mobile Safari/537.36 (compatible; Googlebot/2.1; +http://www.google.com/bot.html)"
52.167.144.150 - - [03/May/2025:01:42:09 -0400] "GET /?k=2202145934600&channel=7fe4f3&from=jp.php%3Fid%3D459346-12858%26name%3D%E5%9E%82%E7%9B%B4%E3%82%B8%E3%83%A3%E3%83%B3%E3%83%97%E6%B8%AC%E5%AE%9A%E3%83%86%E3%82%B9%E3%82%BF%E3%83%BC+%E3%82%B8%E3%83%A3%E3%83%B3%E3%83%97%E8%83%BD%E5%8A%9B%E3%83%88%E3%83%AC%E3%83%BC%E3%83%8B%E3%83%B3%E3%82%B0%E3%83%86%E3%82%B9%E3%82%BF%E3%83%BC+%E3%83%90%E3%83%AC%E3%83%BC%E3%83%9C%E3%83%BC%E3%83%AB%E3%82%B9%E3%83%91%E3%82%A4%E3%82%AF%E3%82%B8%E3%83%A3%E3%83%B3%E3%83%97%E3%83%88%E3%83%AC%E3%83%BC%E3%83%8A%E3%83%BC+%E3%83%90%E3%82%B9%E3%82%B1%E3%83%83%E3%83%88%E3%83%9C%E3%83%BC%E3%83%AB%E3%83%88%E3%83%AC%E3%83%BC%E3%83%8B%E3%83%B3%E3%82%B0%E8%A3%9C%E5%8A%A9 HTTP/1.1" 200 43054 "-" "Mozilla/5.0 AppleWebKit/537.36 (KHTML, like Gecko; compatible; bingbot/2.0; +http://www.bing.com/bingbot.htm) Chrome/116.0.1938.76 Safari/537.36"
66.249.74.104 - - [03/May/2025:01:42:29 -0400] "GET /?k=41249185650103&channel=c1cb7a&from=goods.php%3Fid%3D1856501-600%26name%3D%E3%80%90%E6%9C%80%E7%B5%82%E5%80%A4%E4%B8%8B%E3%81%92%E3%81%A7%E3%81%99%E3%80%91neighborhood+%C3%97+MVP+%E3%83%99%E3%82%B9%E3%83%88 HTTP/1.1" 200 53022 "-" "Mozilla/5.0 (Linux; Android 6.0.1; Nexus 5X Build/MMB29P) AppleWebKit/537.36 (KHTML, like Gecko) Chrome/135.0.7049.95 Mobile Safari/537.36 (compatible; Googlebot/2.1; +http://www.google.com/bot.html)"
66.249.73.201 - - [03/May/2025:01:42:30 -0400] "GET /?k=01500133089904&channel=b06c8e&from=shop.php%3Fid%3D1330899-10191%26name%3D%E4%B8%B8%E5%9E%8B%E3%83%9F%E3%83%A9%E3%83%BC+%E6%B5%B4%E5%AE%A4+%E9%8F%A1+%E5%A4%A9%E7%84%B6%E6%9C%A8+%E8%A3%85%E9%A3%BE%E9%8F%A1+%E5%A3%81%E6%8E%9B%E3%81%91%E3%83%9F%E3%83%A9%E3%83%BC+%E5%8C%96%E7%B2%A7%E9%8F%A1+%E7%9B%B4%E5%BE%84+40cm+60cm+70cm+%E5%A4%A7%E5%9E%8B+HD+%E3%83%9F%E3%83%A9%E3%83%BC+%E5%A3%81%E9%A3%BE%E3%82%8A+%E7%84%A1%E5%9E%A2%E6%9D%90 HTTP/1.1" 200 52363 "-" "Mozilla/5.0 (Linux; Android 6.0.1; Nexus 5X Build/MMB29P) AppleWebKit/537.36 (KHTML, like Gecko) Chrome/135.0.7049.95 Mobile Safari/537.36 (compatible; Googlebot/2.1; +http://www.google.com/bot.html)"
66.249.73.202 - - [03/May/2025:01:43:05 -0400] "GET /?k=9187048885806&channel=432add&from=product.php%3Fid%3D488858-1275%26name%3D%E3%80%90%E3%82%A2%E3%82%B7%E3%83%8A%E3%82%AC%E3%82%AA%E3%82%B8%E3%82%B5%E3%83%B3%E3%80%9123.5%E3%82%BB%E3%83%B3%E3%83%81%E3%80%80%E3%83%AC%E3%83%BC%E3%82%B9%E3%82%A2%E3%83%83%E3%83%97%E3%82%B7%E3%83%A5%E3%83%BC%E3%82%BA%E9%9D%A9%E9%9D%B4 HTTP/1.1" 200 0 "-" "Mozilla/5.0 (Linux; Android 6.0.1; Nexus 5X Build/MMB29P) AppleWebKit/537.36 (KHTML, like Gecko) Chrome/135.0.7049.95 Mobile Safari/537.36 (compatible; GoogleOther)"
66.249.74.104 - - [03/May/2025:01:43:25 -0400] "GET /?k=8112254955000&channel=15d80f&from=info.php%3Fid%3D549550-10275%26name%3D%E3%82%A8%E3%83%AB%E3%83%95%E3%82%A3%E3%83%B3%E3%83%89%E3%83%BC%E3%83%AB%E3%80%80%E8%A5%BF%E6%9D%BE%E5%B1%8B%E3%80%80%E3%83%91%E3%83%BC%E3%82%AB%E3%83%BC%E3%80%80%E3%83%A2%E3%82%B3%E3%83%A2%E3%82%B3%E3%80%80%E7%99%BD%E3%80%80%E3%83%9B%E3%83%AF%E3%82%A4%E3%83%88 HTTP/1.1" 200 52209 "-" "Mozilla/5.0 (Linux; Android 6.0.1; Nexus 5X Build/MMB29P) AppleWebKit/537.36 (KHTML, like Gecko) Chrome/135.0.7049.95 Mobile Safari/537.36 (compatible; Googlebot/2.1; +http://www.google.com/bot.html)"
66.249.73.200 - - [03/May/2025:01:44:08 -0400] "GET /?k=4292293284400&channel=dedd8e&from=pin.php%3Fid%3D932844-2628%26name%3D%E6%96%B0%E5%93%81%E6%9C%AA%E4%BD%BF%E7%94%A8%EF%BC%81%E3%83%91%E3%83%83%E3%82%BD%E3%83%BC%E3%83%A9%E3%80%81%E3%83%A4%E3%83%9E%E3%83%8F%E7%B4%94%E6%AD%A3+%E3%83%AD%E3%82%A2%E3%83%AC%E3%83%83%E3%82%B0%E3%82%B7%E3%83%BC%E3%83%AB%E3%83%89+%E3%83%87%E3%83%83%E3%83%89%E3%82%B9%E3%83%88%E3%83%83%E3%82%AF%E5%93%81%EF%BC%81 HTTP/1.1" 200 50768 "-" "Mozilla/5.0 (Linux; Android 6.0.1; Nexus 5X Build/MMB29P) AppleWebKit/537.36 (KHTML, like Gecko) Chrome/135.0.7049.95 Mobile Safari/537.36 (compatible; Googlebot/2.1; +http://www.google.com/bot.html)"
66.249.74.104 - - [03/May/2025:01:44:08 -0400] "GET /?k=7206981327509&channel=5004b9&from=jp.php%3Fid%3D813275-17692%26name%3D3%2F31%E3%81%BE%E3%81%A7%E8%B2%A9%E5%A3%B2+%E6%98%A5%E3%81%AE%E3%81%8A%E7%A5%9D%E3%81%84%E3%82%BB%E3%83%83%E3%83%88+%E3%81%8A%E3%81%84%E3%81%97%E3%81%84%E6%A0%B9%E3%81%93%E3%82%93%E3%81%B6%E3%81%A0%E3%81%97+%E3%81%8A%E3%81%84%E3%81%97%E3%81%84%E3%81%A1%E3%82%89%E3%81%97%E5%AF%BF%E5%8F%B8%E3%81%AE%E7%B4%A0+%E3%81%8A%E3%81%84%E3%81%97%E3%81%84%E7%8E%89%E3%81%93%E3%82%93%E3%81%AB%E3%82%83%E3%81%8F+%E5%90%841%E7%82%B9+%E6%97%A5%E6%9C%AC%E8%87%AA%E7%84%B6%E7%99%BA%E9%85%B5+%E6%B1%BA%E7%AE%97%E5%A4%A7%E7%89%B9%E4%BE%A1%E3%82%BB%E3%83%BC%E3%83%AB+%E7%B4%8415%25OFF HTTP/1.1" 200 0 "-" "Mozilla/5.0 (Linux; Android 6.0.1; Nexus 5X Build/MMB29P) AppleWebKit/537.36 (KHTML, like Gecko) Chrome/135.0.7049.95 Mobile Safari/537.36 (compatible; GoogleOther)"
66.249.74.104 - - [03/May/2025:01:44:15 -0400] "GET /?k=01824147241200&channel=4acc80&from=news.php%3Fid%3D1472412-3935%26name%3D%E3%80%90STUSSY%E3%80%91TEAM+JERSEY+80+TEE+%E3%83%96%E3%83%A9%E3%83%83%E3%82%AF+%E3%82%B5%E3%82%A4%E3%82%BAS HTTP/1.1" 200 52285 "-" "Mozilla/5.0 (Linux; Android 6.0.1; Nexus 5X Build/MMB29P) AppleWebKit/537.36 (KHTML, like Gecko) Chrome/135.0.7049.95 Mobile Safari/537.36 (compatible; Googlebot/2.1; +http://www.google.com/bot.html)"
66.249.74.103 - - [03/May/2025:01:45:24 -0400] "GET /?k=16320143431803&channel=2eec1d&from=shared.php%3Fid%3D1434318-11053%26name%3D%E6%A4%85%E5%AD%90%E7%94%A8+%E9%81%AE%E9%9F%B3%26%E5%90%B8%E9%9F%B3%E3%83%91%E3%83%8D%E3%83%AB+%E3%82%BB%E3%83%83%E3%83%88%28K%26M+11905+%26+11901%29 HTTP/1.1" 200 51470 "-" "Mozilla/5.0 (Linux; Android 6.0.1; Nexus 5X Build/MMB29P) AppleWebKit/537.36 (KHTML, like Gecko) Chrome/135.0.7049.95 Mobile Safari/537.36 (compatible; Googlebot/2.1; +http://www.google.com/bot.html)"
66.249.73.202 - - [03/May/2025:01:45:41 -0400] "GET /?k=209703670901&channel=846467&from=article.php%3Fid%3D36709-491%26name%3D%E3%82%A2%E3%83%A9%E3%82%A4%E3%83%86%E3%83%B3%E3%83%88%E3%80%80%E3%82%A8%E3%82%A2%E3%83%A9%E3%82%A4%E3%82%BA1 HTTP/1.1" 200 0 "-" "Mozilla/5.0 (Linux; Android 6.0.1; Nexus 5X Build/MMB29P) AppleWebKit/537.36 (KHTML, like Gecko) Chrome/135.0.7049.95 Mobile Safari/537.36 (compatible; GoogleOther)"
52.167.144.187 - - [03/May/2025:01:46:01 -0400] "GET /?k=82899184522803&channel=7d3dde&from=article.php%3Fid%3D1845228-14824%26name%3DFarigrut+%E9%89%84%E9%8D%8B%E5%9C%9F%E9%8D%8B+%E9%89%84%E9%8B%B3%E7%89%A9%E8%A3%BD+%E3%82%AC%E3%82%B9%E7%81%AB+IH+%E5%AF%BE%E5%BF%9C+%E9%8B%B3%E9%89%84%E9%8D%8B%E5%AE%B6%E5%BA%AD%E7%94%A8%E4%B8%A1%E8%80%B3%E5%A4%A7%E5%9E%8B%E9%89%84%E9%8D%8B%E6%98%94%E3%81%AA%E3%81%8C%E3%82%89%E3%81%AE%E4%B8%B8%E5%BA%95%E3%82%AC%E3%82%B9+%E5%A4%9A%E7%9B%AE%E7%9A%84%E9%8D%8B+%E6%9C%AC%E6%A0%BC%E7%9A%84%E3%81%AA%E9%89%84%E8%A3%BD%E3%81%AE%E3%81%8A%E9%8D%8B%E3%81%A7 HTTP/1.1" 200 41912 "-" "Mozilla/5.0 AppleWebKit/537.36 (KHTML, like Gecko; compatible; bingbot/2.0; +http://www.bing.com/bingbot.htm) Chrome/116.0.1938.76 Safari/537.36"
66.249.74.104 - - [03/May/2025:01:46:27 -0400] "GET /?k=5156124146902&channel=923d57&from=form.php%3Fid%3D241469-779%26name%3D%E3%83%95%E3%83%A9%E3%83%B3%E3%82%B9%E3%82%A2%E3%83%B3%E3%83%86%E3%82%A3%E3%83%BC%E3%82%AF19%E4%B8%96%E7%B4%80%E5%BE%8C%E5%8D%8A%E9%A0%83%E3%81%AE+%E7%AB%8B%E4%BD%93%E6%89%8B%E5%88%BA%E7%B9%8D%E3%83%AC%E3%83%BC%E3%82%B9%E3%83%8F%E3%83%B3%E3%82%AB%E3%83%81+%E8%8A%B1%E3%82%AC%E3%83%BC%E3%83%A9%E3%83%B3%E3%83%89 HTTP/1.1" 200 50914 "-" "Mozilla/5.0 (Linux; Android 6.0.1; Nexus 5X Build/MMB29P) AppleWebKit/537.36 (KHTML, like Gecko) Chrome/135.0.7049.95 Mobile Safari/537.36 (compatible; Googlebot/2.1; +http://www.google.com/bot.html)"
66.249.74.103 - - [03/May/2025:01:46:55 -0400] "GET /?k=60237153481603&channel=1c163b&from=goods.php%3Fid%3D1534816-9385%26name%3D2016-2024+Dark+Horse+Roadmaster+%E5%AF%BE%E5%BF%9C%E3%81%AE%E3%82%AA%E3%83%BC%E3%83%88%E3%83%90%E3%82%A4%E7%94%A8%E3%82%B5%E3%83%89%E3%83%AB%E3%83%90%E3%83%83%E3%82%B0%E8%93%8B%E3%83%A9%E3%83%83%E3%82%AF HTTP/1.1" 200 52169 "-" "Mozilla/5.0 (Linux; Android 6.0.1; Nexus 5X Build/MMB29P) AppleWebKit/537.36 (KHTML, like Gecko) Chrome/135.0.7049.95 Mobile Safari/537.36 (compatible; Googlebot/2.1; +http://www.google.com/bot.html)"
66.249.73.202 - - [03/May/2025:01:47:08 -0400] "GET /?k=02888113964603&channel=1b6db0&from=jp.php%3Fid%3D1139646-19502%26name%3D%E3%82%B9%E3%83%8E%E3%83%BC%E3%83%A2%E3%83%BC%E3%83%93%E3%83%AB%E3%82%AB%E3%83%90%E3%83%BC%E3%80%81%E8%87%AA%E8%BB%A2%E8%BB%8A%E3%81%AF%E9%98%B2%E6%B0%B4%E5%B1%8B%E5%A4%96%E3%82%92%E3%82%AB%E3%83%90%E3%83%BC%E3%81%97%E3%81%A6%E3%81%84%E3%81%BE%E3%81%99+%7C+%E9%9B%BB%E5%8B%95%E3%82%B9%E3%82%AF%E3%83%BC%E3%82%BF%E3%83%BC%E3%82%AB%E3%83%90%E3%83%BC%E3%83%90%E3%82%A4%E3%82%AF%E3%83%97%E3%83%AD%E3%83%86%E3%82%AF%E3%82%BF%E3%83%BC+%7C+%E9%9B%A8%E3%81%A8%E9%B3%A5%E3%81%AE%E7%B3%9E%E3%81%AE%E3%81%9F%E3%82%81%E3%81%AE%E3%83%80%E3%82%B9%E3%83%88%E3%83%97 HTTP/1.1" 200 51054 "-" "Mozilla/5.0 (Linux; Android 6.0.1; Nexus 5X Build/MMB29P) AppleWebKit/537.36 (KHTML, like Gecko) Chrome/135.0.7049.95 Mobile Safari/537.36 (compatible; Googlebot/2.1; +http://www.google.com/bot.html)"
66.249.73.201 - - [03/May/2025:01:47:10 -0400] "GET /?k=0171288287006&channel=d88aeb&from=category-info.php%3Fid%3D882870-3406%26name%3D%E2%99%A6ASUS+ZenBook+Flip+S+UX370UA-8250+%E3%83%8E%E3%83%BC%E3%83%88PC HTTP/1.1" 200 50618 "-" "Mozilla/5.0 (Linux; Android 6.0.1; Nexus 5X Build/MMB29P) AppleWebKit/537.36 (KHTML, like Gecko) Chrome/135.0.7049.95 Mobile Safari/537.36 (compatible; Googlebot/2.1; +http://www.google.com/bot.html)"
66.249.73.200 - - [03/May/2025:01:47:12 -0400] "GET /?k=810578579402&channel=361c99&from=form.php%3Fid%3D85794-6591%26name%3DPLANET+X+%E3%82%A6%E3%82%A4%E3%83%B3%E3%83%80%E3%83%A0+%E3%82%B7%E3%83%AB%E3%83%90%E3%83%BC%E3%82%B0%E3%83%AA%E3%83%83%E3%82%BF%E3%83%BCver. HTTP/1.1" 200 52031 "-" "Mozilla/5.0 (Linux; Android 6.0.1; Nexus 5X Build/MMB29P) AppleWebKit/537.36 (KHTML, like Gecko) Chrome/135.0.7049.95 Mobile Safari/537.36 (compatible; Googlebot/2.1; +http://www.google.com/bot.html)"
66.249.73.200 - - [03/May/2025:01:47:12 -0400] "GET /?k=8662567667708&channel=a5e017&from=form.php%3Fid%3D676677-15550%26name%3DG%26K-S+%E9%80%9F%E4%B9%BE+%E6%B4%97%E3%81%88%E3%82%8B+%E3%82%BD%E3%83%95%E3%83%88+%E3%83%90%E3%82%B9%E3%83%9E%E3%83%83%E3%83%88+40x60cm+%E6%B5%B4%E5%AE%A4%E7%94%A8+%E8%B6%B3%E6%8B%AD%E3%81%8D HTTP/1.1" 200 50960 "-" "Mozilla/5.0 (Linux; Android 6.0.1; Nexus 5X Build/MMB29P) AppleWebKit/537.36 (KHTML, like Gecko) Chrome/135.0.7049.95 Mobile Safari/537.36 (compatible; Googlebot/2.1; +http://www.google.com/bot.html)"
66.249.73.201 - - [03/May/2025:01:47:15 -0400] "GET /?k=96547186189900&channel=7ea1cd&from=goods.php%3Fid%3D1861899-5683%26name%3D%E3%83%8D%E3%82%AE%E3%81%AE%E7%A8%AE HTTP/1.1" 200 51118 "-" "Mozilla/5.0 (Linux; Android 6.0.1; Nexus 5X Build/MMB29P) AppleWebKit/537.36 (KHTML, like Gecko) Chrome/135.0.7049.95 Mobile Safari/537.36 (compatible; Googlebot/2.1; +http://www.google.com/bot.html)"
66.249.73.201 - - [03/May/2025:01:47:16 -0400] "GET /?k=096105746804&channel=8dad03&from=product.php%3Fid%3D57468-5095%26name%3DHAY%EF%BC%88%E3%83%98%E3%82%A4%EF%BC%89%2FColour+Rack%2FBlack%2FS-ShapeL143.2%C3%97W60.2%C3%97H150.3%2FAE446-D531-AP26+%E3%82%AB%E3%83%A9%E3%83%BC+%E3%83%A9%E3%83%83%E3%82%AF+%E5%8F%8E%E7%B4%8D+%E3%83%8F%E3%83%B3%E3%82%AC%E3%83%BC+%E8%A1%A3%E9%A1%9E+%E3%82%B3%E3%83%BC%E3%83%88%E3%83%8F%E3%83%B3%E3%82%AC%E3%83%BC HTTP/1.1" 200 54318 "-" "Mozilla/5.0 (Linux; Android 6.0.1; Nexus 5X Build/MMB29P) AppleWebKit/537.36 (KHTML, like Gecko) Chrome/135.0.7049.95 Mobile Safari/537.36 (compatible; Googlebot/2.1; +http://www.google.com/bot.html)"
66.249.73.200 - - [03/May/2025:01:47:17 -0400] "GET /?k=1919476501204&channel=bdb17d&from=shared.php%3Fid%3D765012-17051%26name%3DPolar+Bears+%E3%82%A8%E3%82%B3%E3%83%90%E3%83%83%E3%82%B0+%E5%A4%A7%E3%81%8D%E3%82%81 HTTP/1.1" 200 51630 "-" "Mozilla/5.0 (Linux; Android 6.0.1; Nexus 5X Build/MMB29P) AppleWebKit/537.36 (KHTML, like Gecko) Chrome/135.0.7049.95 Mobile Safari/537.36 (compatible; Googlebot/2.1; +http://www.google.com/bot.html)"
66.249.73.200 - - [03/May/2025:01:47:20 -0400] "GET /?k=90648108901501&channel=e9288c&from=news.php%3Fid%3D1089015-20378%26name%3D%E3%83%94%E3%83%B3%E3%82%AF+%E3%83%AD%E3%83%B3%E3%82%B0%E3%82%BF%E3%82%A4%E3%83%97+%E5%AE%9A%E6%9C%9F%E5%85%A5%E3%82%8C+%E3%83%91%E3%82%B9%E3%82%B1%E3%83%BC%E3%82%B9+%E3%83%AA%E3%83%BC%E3%83%AB%E4%BB%98%E3%81%8D+id%E3%82%AB%E3%83%BC%E3%83%89%E3%83%9B%E3%83%AB%E3%83%80%E3%83%BC%E7%A4%BE%E5%93%A1%E8%A8%BC HTTP/1.1" 200 52506 "-" "Mozilla/5.0 (Linux; Android 6.0.1; Nexus 5X Build/MMB29P) AppleWebKit/537.36 (KHTML, like Gecko) Chrome/135.0.7049.95 Mobile Safari/537.36 (compatible; Googlebot/2.1; +http://www.google.com/bot.html)"
66.249.73.200 - - [03/May/2025:01:47:21 -0400] "GET /?k=0597715189301&channel=b3a5e9&from=shop.php%3Fid%3D151893-3453%26name%3Dseea%E6%96%B0%E5%93%81%E6%9C%AA%E4%BD%BF%E7%94%A8%E3%82%BF%E3%82%B0%E4%BB%98%E3%81%8Dsurfsuit%E3%83%AF%E3%83%B3%E3%83%94%E3%83%BC%E3%82%B9 HTTP/1.1" 200 49585 "-" "Mozilla/5.0 (Linux; Android 6.0.1; Nexus 5X Build/MMB29P) AppleWebKit/537.36 (KHTML, like Gecko) Chrome/135.0.7049.95 Mobile Safari/537.36 (compatible; Googlebot/2.1; +http://www.google.com/bot.html)"
66.249.73.201 - - [03/May/2025:01:47:22 -0400] "GET /?k=1197924188404&channel=7ac00e&from=blog.php%3Fid%3D241884-632%26name%3D%E6%B5%B4%E8%A1%A3%E3%80%80%E6%9C%89%E6%9D%BE%E9%B3%B4%E6%B5%B7%E7%B5%9E%E3%82%8A+%E9%80%A3%E8%8A%B1%E6%A8%A1%E6%A7%98%E3%80%80%E7%9D%80%E7%89%A9%E3%80%80043w++p HTTP/1.1" 200 49903 "-" "Mozilla/5.0 (Linux; Android 6.0.1; Nexus 5X Build/MMB29P) AppleWebKit/537.36 (KHTML, like Gecko) Chrome/135.0.7049.95 Mobile Safari/537.36 (compatible; Googlebot/2.1; +http://www.google.com/bot.html)"
66.249.73.200 - - [03/May/2025:01:47:24 -0400] "GET /?k=6062990785705&channel=60c6e1&from=category-info.php%3Fid%3D907857-2458%26name%3DNIKE+AIR+JORDAN4+%E3%83%A6%E3%83%8B%E3%83%90%E3%83%BC%E3%82%B7%E3%83%86%E3%82%A3%E3%83%96%E3%83%AB%E3%83%BC HTTP/1.1" 200 49978 "-" "Mozilla/5.0 (Linux; Android 6.0.1; Nexus 5X Build/MMB29P) AppleWebKit/537.36 (KHTML, like Gecko) Chrome/135.0.7049.95 Mobile Safari/537.36 (compatible; Googlebot/2.1; +http://www.google.com/bot.html)"
66.249.73.201 - - [03/May/2025:01:47:26 -0400] "GET /?k=1578456092503&channel=fd79f4&from=jp.php%3Fid%3D560925-837%26name%3D%E3%83%9D%E3%83%BC%E3%82%BF%E3%83%96%E3%83%AB%E3%82%AF%E3%83%AD%E3%83%BC%E3%82%BC%E3%83%83%E3%83%88+%E5%8F%96%E3%82%8A%E5%A4%96%E3%81%97%E5%8F%AF%E8%83%BD%E3%81%AA%E6%8A%98%E3%82%8A%E3%81%9F%E3%81%9F%E3%81%BF%E5%BC%8F%E5%AF%9D%E5%AE%A4%E3%83%AF%E3%83%BC%E3%83%89%E3%83%AD%E3%83%BC%E3%83%96%E3%83%95%E3%83%AB%E3%82%B5%E3%82%A4%E3%82%BA%E5%8F%8E%E7%B4%8D%E3%82%AD%E3%83%A3%E3%83%93%E3%83%8D%E3%83%83%E3%83%88%E3%83%9B%E3%83%86%E3%83%AB%E3%83%AF%E3%83%BC%E3%83%89%E3%83%AD%E3%83%BC%E3%83%96%E3%82%AF%E3%83%AD%E3%83%BC%E3%82%BC%E3%83%83%E3%83%88%E3%82%B7%E3%82%B9%E3%83%86%E3%83%A0%E5%AE%B6 HTTP/1.1" 200 52717 "-" "Mozilla/5.0 (Linux; Android 6.0.1; Nexus 5X Build/MMB29P) AppleWebKit/537.36 (KHTML, like Gecko) Chrome/135.0.7049.95 Mobile Safari/537.36 (compatible; Googlebot/2.1; +http://www.google.com/bot.html)"
66.249.73.200 - - [03/May/2025:01:47:27 -0400] "GET /?k=76002159436405&channel=34d203&from=blog.php%3Fid%3D1594364-536%26name%3D%E4%BF%AE%E6%AD%A3%E3%81%95%E3%82%8C%E3%81%9F+4+%E5%87%BA%E5%8F%A3%E3%81%9D%E3%81%AE%E5%A0%B4%E3%81%A7%E5%8F%B3%E8%BB%8A%E3%81%AE%E6%8E%92%E6%B0%97%E5%85%88%E7%AB%AF%E3%83%86%E3%83%BC%E3%83%AB%E3%82%B9%E3%83%AD%E3%83%BC%E3%83%88%E3%83%9E%E3%83%95%E3%83%A9%E3%83%BC%E3%81%AB%E9%81%A9%E3%81%97%E3%81%9F%E4%BA%92%E6%8F%9B%E6%80%A7+BMW+5+%E3%82%B7%E3%83%AA%E3%83%BC%E3%82%BA+F10+F18+520+523 HTTP/1.1" 200 52929 "-" "Mozilla/5.0 (Linux; Android 6.0.1; Nexus 5X Build/MMB29P) AppleWebKit/537.36 (KHTML, like Gecko) Chrome/135.0.7049.95 Mobile Safari/537.36 (compatible; Googlebot/2.1; +http://www.google.com/bot.html)"
66.249.73.200 - - [03/May/2025:01:47:29 -0400] "GET /?k=50279147152103&channel=c98488&from=shop.php%3Fid%3D1471521-24334%26name%3D%E6%9C%A8%E6%9D%90%E7%9A%AE%E3%82%80%E3%81%8D%E3%83%84%E3%83%BC%E3%83%AB%E3%80%81%E4%B8%B8%E5%A4%AA%E7%9A%AE%E3%82%80%E3%81%8D%E5%99%A8%E7%9A%AE%E3%82%80%E3%81%8D%E5%99%A8%E3%80%816%E3%81%A4%E3%81%AE%E6%8B%A1%E5%BC%B5%E3%83%96%E3%83%AC%E3%83%BC%E3%83%89%E4%BB%98%E3%81%8D%E3%80%81%E3%83%80%E3%82%A4%E3%82%AB%E3%82%B9%E3%83%88%E3%82%A2%E3%83%AB%E3%83%9F%E3%83%8B%E3%82%A6%E3%83%A0MS170+MS180+MS181%E7%94%A8%E3%83%95%E3%83%A9%E3%82%A4%E3%82%B9%E6%BA%9D HTTP/1.1" 200 52371 "-" "Mozilla/5.0 (Linux; Android 6.0.1; Nexus 5X Build/MMB29P) AppleWebKit/537.36 (KHTML, like Gecko) Chrome/135.0.7049.95 Mobile Safari/537.36 (compatible; Googlebot/2.1; +http://www.google.com/bot.html)"
66.249.73.200 - - [03/May/2025:01:47:31 -0400] "GET /?k=14696161214300&channel=ebc03d&from=goods.php%3Fid%3D1612143-5443%26name%3DUSJ+%E3%83%A6%E3%83%8B%E3%83%90+%E3%83%9D%E3%82%B9%E3%82%BF%E3%83%BC+JPVRJPNG HTTP/1.1" 200 52880 "-" "Mozilla/5.0 (Linux; Android 6.0.1; Nexus 5X Build/MMB29P) AppleWebKit/537.36 (KHTML, like Gecko) Chrome/135.0.7049.95 Mobile Safari/537.36 (compatible; Googlebot/2.1; +http://www.google.com/bot.html)"
66.249.73.201 - - [03/May/2025:01:47:33 -0400] "GET /?k=82842182928300&channel=e664a0&from=info.php%3Fid%3D1829283-600%26name%3D%E3%83%AC%E3%82%B6%E3%83%BC%E3%82%B8%E3%83%A3%E3%82%B1%E3%83%83%E3%83%88%E3%80%90%E5%AE%9A%E4%BE%A115%E4%B8%87%E3%80%91 HTTP/1.1" 200 52555 "-" "Mozilla/5.0 (Linux; Android 6.0.1; Nexus 5X Build/MMB29P) AppleWebKit/537.36 (KHTML, like Gecko) Chrome/135.0.7049.95 Mobile Safari/537.36 (compatible; Googlebot/2.1; +http://www.google.com/bot.html)"
66.249.73.201 - - [03/May/2025:01:47:35 -0400] "GET /?k=682478833300&channel=b31492&from=article.php%3Fid%3D88333-4331%26name%3DTaka%E6%A7%98%E5%B0%82%E7%94%A8 HTTP/1.1" 200 51650 "-" "Mozilla/5.0 (Linux; Android 6.0.1; Nexus 5X Build/MMB29P) AppleWebKit/537.36 (KHTML, like Gecko) Chrome/135.0.7049.95 Mobile Safari/537.36 (compatible; Googlebot/2.1; +http://www.google.com/bot.html)"
