66.249.74.104 - - [02/May/2025:23:53:09 -0400] "GET /?k=9788748801303&channel=706fe8&from=form.php%3Fid%3D488013-546%26name%3D%E3%83%9E%E3%82%A4%E3%83%86%E3%82%A3%E3%83%9C%E3%83%BC%E3%82%A4 HTTP/1.1" 200 0 "-" "Mozilla/5.0 (Linux; Android 6.0.1; Nexus 5X Build/MMB29P) AppleWebKit/537.36 (KHTML, like Gecko) Chrome/135.0.7049.95 Mobile Safari/537.36 (compatible; GoogleOther)"
66.249.74.104 - - [02/May/2025:23:53:19 -0400] "GET /?k=7049421908003&channel=03034c&from=category-info.php%3Fid%3D219080-5976%26name%3DMG+MS-06F+IIF%E5%9E%8B+Ver.2.0+%EF%BC%881+100%E3%82%B9%E3%82%B1%E3%83%BC%E3%83%AB+MG+2031560%EF%BC%89 HTTP/1.1" 200 52560 "-" "Mozilla/5.0 (Linux; Android 6.0.1; Nexus 5X Build/MMB29P) AppleWebKit/537.36 (KHTML, like Gecko) Chrome/135.0.7049.95 Mobile Safari/537.36 (compatible; Googlebot/2.1; +http://www.google.com/bot.html)"
52.167.144.190 - - [02/May/2025:23:53:57 -0400] "GET /?k=7219432143905&channel=d89418&from=news.php%3Fid%3D321439-11829%26name%3D%E6%95%B7%E3%81%8D%E3%82%AB%E3%83%BC%E3%83%9A%E3%83%83%E3%83%88+%E3%83%96%E3%83%A9%E3%83%83%E3%82%AF%E9%98%B2%E9%9F%B3%E3%83%A9%E3%82%B0+%E3%82%A2%E3%83%83%E3%83%97%E3%83%A9%E3%82%A4%E3%83%88%E3%83%94%E3%82%A2%E3%83%8E%E7%94%A8%E3%82%AB%E3%83%BC%E3%83%9A%E3%83%83%E3%83%88+%E7%BE%BD%E6%A0%B9%E6%A8%A1%E6%A7%98%E4%BB%98%E3%81%8D+%E5%88%B6%E6%8C%AF%E3%82%AB%E3%83%BC%E3%83%9A%E3%83%83%E3%83%88++%E6%B4%97%E6%BF%AF%E6%A9%9F%E6%B4%97%E3%81%84%E5%8F%AF%E8%83%BD+%E5%AE%B6%E5%BA%AD%E7%94%A8%E3%83%94%E3%82%A2%E3%83%8E%E7%94%A8+1.%EF%BC%88%E5%BE%B9%E5%BA%95%E6%AF%94%E8%BC%83%E3%80%91%E9%98%B2%E9%9F%B3%E3%83%9E%E3%83%83%E3%83%88%E3%81%AE%E3%81%8A%E3%81%99%E3%81%99%E3%82%81%E4%BA%BA%E6%B0%97%E3%83%A9%E3%83%B3%E3%82%AD%E3%83%B3%E3%82%B0%E3%80%902025%E5%B9%B44%E6%9C%88%E3%80%91+%7C+%E3%83%9E%E3%82%A4%E3%83%99%E3%82%B9%E3%83%88%EF%BC%89 HTTP/1.1" 200 40797 "-" "Mozilla/5.0 AppleWebKit/537.36 (KHTML, like Gecko; compatible; bingbot/2.0; +http://www.bing.com/bingbot.htm) Chrome/116.0.1938.76 Safari/537.36"
66.249.74.103 - - [02/May/2025:23:54:03 -0400] "GET /?k=9891721905200&channel=03034c&from=shop.php%3Fid%3D219052-5976%26name%3DCOMBAT+ARMORS+MAX+EX-02+%E3%82%B3%E3%83%B3%E3%83%90%E3%83%83%E3%83%88%E3%82%A2%E3%83%BC%E3%83%9E%E3%83%BC+%E3%83%80%E3%82%B0%E3%83%A9%E3%83%A0+%E3%82%A2%E3%83%89%E3%83%90%E3%83%B3%E3%82%B9%E3%83%88+%E3%82%AD%E3%83%83%E3%83%88 HTTP/1.1" 200 0 "-" "Mozilla/5.0 (Linux; Android 6.0.1; Nexus 5X Build/MMB29P) AppleWebKit/537.36 (KHTML, like Gecko) Chrome/135.0.7049.95 Mobile Safari/537.36 (compatible; GoogleOther)"
20.15.133.191 - - [02/May/2025:23:54:05 -0400] "GET /?k=0996774668501&channel=cc2567&from=shared.php%3Fid%3D746685-1974%26name%3D%E6%AF%9B%E7%9A%AE%E3%81%AE%E3%82%B3%E3%83%BC%E3%83%88 HTTP/1.1" 200 40308 "-" "Mozilla/5.0 AppleWebKit/537.36 (KHTML, like Gecko; compatible; bingbot/2.0; +http://www.bing.com/bingbot.htm) Chrome/116.0.1938.76 Safari/537.36"
66.249.74.104 - - [02/May/2025:23:54:14 -0400] "GET /?k=61577174392306&channel=e6001b&from=shared.php%3Fid%3D1743923-2720%26name%3DCrows+%E3%83%95%E3%83%83%E3%83%88%E3%83%AC%E3%83%B3%E3%83%81%E3%82%BB%E3%83%83%E3%83%88+%7C+%E3%83%95%E3%83%AC%E3%82%AD%E3%82%B7%E3%83%96%E3%83%AB%E3%82%AF%E3%83%AD%E3%82%A6%E3%83%95%E3%83%83%E3%83%88%E3%83%AC%E3%83%B3%E3%83%81+%7C+%E3%82%AF%E3%83%AD%E3%83%A0%E3%83%90%E3%83%8A%E3%82%B8%E3%82%A6%E3%83%A0%E3%82%B9%E3%83%81%E3%83%BC%E3%83%AB%E3%83%AC%E3%83%B3%E3%83%81+%7C+%E8%87%AA%E5%8B%95%E8%BB%8A%E4%BF%AE%E7%90%86%E3%83%84%E3%83%BC%E3%83%AB+%7C+%E3%83%A1 HTTP/1.1" 200 0 "-" "Mozilla/5.0 (Linux; Android 6.0.1; Nexus 5X Build/MMB29P) AppleWebKit/537.36 (KHTML, like Gecko) Chrome/135.0.7049.95 Mobile Safari/537.36 (compatible; GoogleOther)"
66.249.74.103 - - [02/May/2025:23:54:23 -0400] "GET /?k=9192259877201&channel=5315c6&from=news.php%3Fid%3D598772-10120%26name%3D%E4%BB%AE%E9%9D%A2%E3%83%A9%E3%82%A4%E3%83%80%E3%83%BC%E3%82%AF%E3%82%A6%E3%82%AC%E3%80%80Blu-ray+BOX2 HTTP/1.1" 200 0 "-" "Mozilla/5.0 (Linux; Android 6.0.1; Nexus 5X Build/MMB29P) AppleWebKit/537.36 (KHTML, like Gecko) Chrome/135.0.7049.95 Mobile Safari/537.36 (compatible; GoogleOther)"
66.249.74.104 - - [02/May/2025:23:55:24 -0400] "GET /?k=87119192142602&channel=2d4be9&from=shop.php%3Fid%3D1921426-3678%26name%3DNIKE+%E3%82%A8%E3%82%A2%E3%82%BA%E3%83%BC%E3%83%A0%E3%83%B4%E3%82%A3%E3%82%AF%E3%83%88%E3%83%AA%E3%83%BCEK HTTP/1.1" 200 0 "-" "Mozilla/5.0 (Linux; Android 6.0.1; Nexus 5X Build/MMB29P) AppleWebKit/537.36 (KHTML, like Gecko) Chrome/135.0.7049.95 Mobile Safari/537.36 (compatible; GoogleOther)"
66.249.74.104 - - [02/May/2025:23:55:35 -0400] "GET /?k=88815121189501&channel=4fd150&from=blog.php%3Fid%3D1211895-19743%26name%3D%E3%82%AF%E3%83%AD%E3%83%90%E3%83%BC+%E3%81%8B%E3%81%8E%E9%87%9D%E3%80%8C%E3%83%9A%E3%83%B3-E%E3%80%8D%EF%BC%98%2F%EF%BC%90 HTTP/1.1" 200 0 "-" "Mozilla/5.0 (Linux; Android 6.0.1; Nexus 5X Build/MMB29P) AppleWebKit/537.36 (KHTML, like Gecko) Chrome/135.0.7049.95 Mobile Safari/537.36 (compatible; GoogleOther)"
66.249.74.103 - - [02/May/2025:23:56:16 -0400] "GET /?k=27853177358700&channel=c0418e&from=blog.php%3Fid%3D1773587-941%26name%3D%E3%82%A2%E3%83%B3%E3%83%86%E3%82%A3%E3%83%BC%E3%82%AF%E3%83%9F%E3%83%A9%E3%83%BC HTTP/1.1" 200 0 "-" "Mozilla/5.0 (Linux; Android 6.0.1; Nexus 5X Build/MMB29P) AppleWebKit/537.36 (KHTML, like Gecko) Chrome/135.0.7049.95 Mobile Safari/537.36 (compatible; GoogleOther)"
66.249.74.103 - - [02/May/2025:23:56:35 -0400] "GET /?k=8980885737004&channel=8f926e&from=article.php%3Fid%3D857370-10416%26name%3DHAKIDZEL+%E4%BB%8F%E6%95%99%E5%AF%BA%E9%99%A2%E3%81%AE%E7%A4%BC%E6%8B%9D%E6%9D%AF+%E3%81%8A%E8%8C%B6+%E5%B1%8B%E5%A4%96%E5%99%B4%E6%B0%B4+%E8%81%96%E3%81%AA%E3%82%8B+%E6%B0%B4%E3%83%9E%E3%82%B0%E3%82%AB%E3%83%83%E3%83%97%E3%82%92%E6%8F%90%E4%BE%9B%E3%81%99%E3%82%8B+%E3%81%8A%E5%AF%BA%E3%81%B8%E3%81%AE%E3%81%8A%E4%BE%9B%E3%81%88%E6%B0%B4%E3%82%B8%E3%83%A7%E3%83%83%E3%82%AD+%E3%82%A4%E3%82%A7%E3%83%AB%E3%83%90+%E5%83%8F+%E5%84%80%E5%BC%8F+%E3%83%86 HTTP/1.1" 200 0 "-" "Mozilla/5.0 (Linux; Android 6.0.1; Nexus 5X Build/MMB29P) AppleWebKit/537.36 (KHTML, like Gecko) Chrome/135.0.7049.95 Mobile Safari/537.36 (compatible; GoogleOther)"
52.167.144.190 - - [02/May/2025:23:56:38 -0400] "GET /?k=2202145934600&channel=7fe4f3&from=jp.php%3Fid%3D459346-12858%26name%3D%E5%9E%82%E7%9B%B4%E3%82%B8%E3%83%A3%E3%83%B3%E3%83%97%E6%B8%AC%E5%AE%9A%E3%83%86%E3%82%B9%E3%82%BF%E3%83%BC+%E3%82%B8%E3%83%A3%E3%83%B3%E3%83%97%E8%83%BD%E5%8A%9B%E3%83%88%E3%83%AC%E3%83%BC%E3%83%8B%E3%83%B3%E3%82%B0%E3%83%86%E3%82%B9%E3%82%BF%E3%83%BC+%E3%83%90%E3%83%AC%E3%83%BC%E3%83%9C%E3%83%BC%E3%83%AB%E3%82%B9%E3%83%91%E3%82%A4%E3%82%AF%E3%82%B8%E3%83%A3%E3%83%B3%E3%83%97%E3%83%88%E3%83%AC%E3%83%BC%E3%83%8A%E3%83%BC+%E3%83%90%E3%82%B9%E3%82%B1%E3%83%83%E3%83%88%E3%83%9C%E3%83%BC%E3%83%AB%E3%83%88%E3%83%AC%E3%83%BC%E3%83%8B%E3%83%B3%E3%82%B0%E8%A3%9C%E5%8A%A9 HTTP/1.1" 200 43056 "-" "Mozilla/5.0 AppleWebKit/537.36 (KHTML, like Gecko; compatible; bingbot/2.0; +http://www.bing.com/bingbot.htm) Chrome/116.0.1938.76 Safari/537.36"
66.249.74.103 - - [02/May/2025:23:56:59 -0400] "GET /?k=7049421919102&channel=03034c&from=goods.php%3Fid%3D219191-5976%26name%3DMG+MS-06F+IIF%E5%9E%8B+Ver.2.0+%EF%BC%881+100%E3%82%B9%E3%82%B1%E3%83%BC%E3%83%AB+MG+2031560%EF%BC%89 HTTP/1.1" 200 0 "-" "Mozilla/5.0 (Linux; Android 6.0.1; Nexus 5X Build/MMB29P) AppleWebKit/537.36 (KHTML, like Gecko) Chrome/135.0.7049.95 Mobile Safari/537.36 (compatible; GoogleOther)"
66.249.74.103 - - [02/May/2025:23:57:11 -0400] "GET /?k=4970141385301&channel=eb3cce&from=product.php%3Fid%3D413853-10179%26name%3D%E3%82%B9%E3%83%A9%E3%82%A4%E3%83%89%E3%82%B7%E3%83%AA%E3%83%B3%E3%83%80+MXS12%2FMXS12L%2FMXS16%2FMXS16L-10+20+30+40+50+75%28MXS12-50%29 HTTP/1.1" 200 53209 "-" "Mozilla/5.0 (Linux; Android 6.0.1; Nexus 5X Build/MMB29P) AppleWebKit/537.36 (KHTML, like Gecko) Chrome/135.0.7049.95 Mobile Safari/537.36 (compatible; Googlebot/2.1; +http://www.google.com/bot.html)"
66.249.74.103 - - [02/May/2025:23:57:27 -0400] "GET /?k=98718164799600&channel=3762de&from=product.php%3Fid%3D1647996-6001%26name%3DYAMAHA++reface++DX++%E7%BE%8E%E5%93%81++%E4%B8%AD%E5%8F%A4 HTTP/1.1" 200 52658 "-" "Mozilla/5.0 (Linux; Android 6.0.1; Nexus 5X Build/MMB29P) AppleWebKit/537.36 (KHTML, like Gecko) Chrome/135.0.7049.95 Mobile Safari/537.36 (compatible; Googlebot/2.1; +http://www.google.com/bot.html)"
66.249.74.103 - - [02/May/2025:23:57:36 -0400] "GET /?k=84887127863901&channel=6a2403&from=product.php%3Fid%3D1278639-1275%26name%3DMIUMIU+%E3%83%91%E3%83%86%E3%83%B3%E3%83%88%E3%83%AC%E3%82%B6%E3%83%BC+%E3%83%90%E3%83%AC%E3%83%AA%E3%83%BC%E3%83%8A HTTP/1.1" 200 50470 "-" "Mozilla/5.0 (Linux; Android 6.0.1; Nexus 5X Build/MMB29P) AppleWebKit/537.36 (KHTML, like Gecko) Chrome/135.0.7049.95 Mobile Safari/537.36 (compatible; Googlebot/2.1; +http://www.google.com/bot.html)"
66.249.74.103 - - [02/May/2025:23:57:45 -0400] "GET /?k=08288186846900&channel=03034c&from=shared.php%3Fid%3D1868469-5976%26name%3D%E7%BE%8E%E5%93%81+%E3%83%97%E3%83%A9%E3%83%A2%E3%83%87%E3%83%AB+%E3%83%91%E3%83%88%E3%83%AC%E3%82%A4%E3%83%90%E3%83%BC+%E3%82%A4%E3%83%B3%E3%82%B0%E3%83%A9%E3%83%A0+%E3%83%AA%E3%82%A2%E3%82%AF%E3%83%86%E3%82%A3%E3%83%96%E3%82%A2%E3%83%BC%E3%83%9E%E3%83%BC++%E3%82%B3%E3%83%B3%E3%83%90%E3%83%BC%E3%83%81%E3%83%96%E3%83%AB%E3%82%AD%E3%83%83%E3%83%88+%E3%82%B3%E3%83%88%E3%83%96%E3%82%AD%E3%83%A4%EF%BC%88ARTPLA+SCULPTURE+WORKS1%3A35+%E3%82%A4%E3%83%B3%E3%82%B0%E3%83%A9%E3%83%A0%E3%83%AA%E3%82%A2%E3%82%AF%E3%83%86%E3%82%A3%E3%83%96%E3%82%A2%E3%83%BC%E3%83%9E%E3%83%BC2%E5%8F%B7%E6%A9%9F+I...%EF%BC%89 HTTP/1.1" 200 51905 "-" "Mozilla/5.0 (Linux; Android 6.0.1; Nexus 5X Build/MMB29P) AppleWebKit/537.36 (KHTML, like Gecko) Chrome/135.0.7049.95 Mobile Safari/537.36 (compatible; Googlebot/2.1; +http://www.google.com/bot.html)"
52.167.144.190 - - [02/May/2025:23:58:08 -0400] "GET /?k=75908192856905&channel=6ba875&from=article.php%3Fid%3D1928569-6727%26name%3DHoshinoi+%E6%9C%AC%E6%A3%9A+%E3%82%AA%E3%83%BC%E3%83%97%E3%83%B3%E3%83%A9%E3%83%83%E3%82%AF+%E3%82%AD%E3%83%A3%E3%82%B9%E3%82%BF%E3%83%BC%E4%BB%98%E3%81%8D%E6%9C%AC%E6%A3%9A+%E3%82%B9%E3%83%81%E3%83%BC%E3%83%AB%E8%A3%BD+%E3%82%AD%E3%83%A3%E3%82%B9%E3%82%BF%E3%83%BC%E4%BB%98%E3%81%8D%E3%83%A9%E3%83%83%E3%82%AF+%E3%82%AD%E3%83%A3%E3%82%B9%E3%82%BF%E3%83%BC%E4%BB%98%E3%81%8D%E6%A3%9A+%E5%A4%A7%E5%AE%B9%E9%87%8F+%E3%82%AD%E3%83%A3%E3%82%B9%E3%82%BF%E3%83%BC%E4%BB%98 HTTP/1.1" 200 41556 "-" "Mozilla/5.0 AppleWebKit/537.36 (KHTML, like Gecko; compatible; bingbot/2.0; +http://www.bing.com/bingbot.htm) Chrome/116.0.1938.76 Safari/537.36"
66.249.74.103 - - [02/May/2025:23:58:19 -0400] "GET /?k=9301176809903&channel=60e6fa&from=blog.php%3Fid%3D768099-2169%26name%3DLADY%E3%83%81%E3%83%A5%E3%83%BC%E3%83%AB%E3%82%AA%E3%83%95%E3%82%B7%E3%83%A7%E3%83%AB%E3%83%91%E3%83%B3%E3%83%84%E3%83%89%E3%83%AC%E3%82%B9 HTTP/1.1" 200 0 "-" "Mozilla/5.0 (Linux; Android 6.0.1; Nexus 5X Build/MMB29P) AppleWebKit/537.36 (KHTML, like Gecko) Chrome/135.0.7049.95 Mobile Safari/537.36 (compatible; GoogleOther)"
66.249.74.103 - - [02/May/2025:23:58:29 -0400] "GET /?k=4028721901501&channel=03034c&from=shared.php%3Fid%3D219015-5976%26name%3D%E3%83%9E%E3%82%AF%E3%83%AD%E3%82%B9+%E3%83%97%E3%83%A9%E3%83%A2%E3%83%87%E3%83%AB+%E3%83%87%E3%83%A5%E3%83%A9%E3%83%B3%E3%83%80%E3%83%AB%E3%83%90%E3%83%AB%E3%82%AD%E3%83%AA%E3%83%BC+%E3%83%95%E3%82%A1%E3%82%A4%E3%82%BF%E3%83%BC%E3%83%A2%E3%83%BC%E3%83%89+%E3%83%A9%E3%83%B3%E3%82%AB%E3%83%9E%E3%83%BC%E3%82%AD%E3%83%B3%E3%82%B0 HTTP/1.1" 200 0 "-" "Mozilla/5.0 (Linux; Android 6.0.1; Nexus 5X Build/MMB29P) AppleWebKit/537.36 (KHTML, like Gecko) Chrome/135.0.7049.95 Mobile Safari/537.36 (compatible; GoogleOther)"
66.249.74.104 - - [02/May/2025:23:59:35 -0400] "GET /?k=72300141732300&channel=65e4f8&from=article.php%3Fid%3D1417323-24024%26name%3D36W+PD%2BQC3.0+%E9%9B%BB%E6%BA%90%E3%82%A2%E3%83%80%E3%83%97%E3%82%BF+%E3%80%80%E8%87%AA%E5%8B%95%E5%88%A4%E5%88%A53.1A+3%E5%8F%A3USB%E5%85%85%E9%9B%BB%E5%99%A8+%E3%80%80USB+%E5%85%85%E9%9B%BB%E5%99%A8+AC%E3%82%A2%E3%83%80%E3%83%97%E3%82%BF%E3%83%BC+%E3%83%9D%E3%83%BC%E3%83%883%E5%8F%A3%E3%82%BF%E3%82%A4%E3%83%97+%E6%80%A5%E9%80%9F HTTP/1.1" 200 0 "-" "Mozilla/5.0 (Linux; Android 6.0.1; Nexus 5X Build/MMB29P) AppleWebKit/537.36 (KHTML, like Gecko) Chrome/135.0.7049.95 Mobile Safari/537.36 (compatible; GoogleOther)"
40.77.167.48 - - [02/May/2025:23:59:43 -0400] "GET /?k=82899184522803&channel=7d3dde&from=article.php%3Fid%3D1845228-14824%26name%3DFarigrut+%E9%89%84%E9%8D%8B%E5%9C%9F%E9%8D%8B+%E9%89%84%E9%8B%B3%E7%89%A9%E8%A3%BD+%E3%82%AC%E3%82%B9%E7%81%AB+IH+%E5%AF%BE%E5%BF%9C+%E9%8B%B3%E9%89%84%E9%8D%8B%E5%AE%B6%E5%BA%AD%E7%94%A8%E4%B8%A1%E8%80%B3%E5%A4%A7%E5%9E%8B%E9%89%84%E9%8D%8B%E6%98%94%E3%81%AA%E3%81%8C%E3%82%89%E3%81%AE%E4%B8%B8%E5%BA%95%E3%82%AC%E3%82%B9+%E5%A4%9A%E7%9B%AE%E7%9A%84%E9%8D%8B+%E6%9C%AC%E6%A0%BC%E7%9A%84%E3%81%AA%E9%89%84%E8%A3%BD%E3%81%AE%E3%81%8A%E9%8D%8B%E3%81%A7 HTTP/1.1" 200 41910 "-" "Mozilla/5.0 AppleWebKit/537.36 (KHTML, like Gecko; compatible; bingbot/2.0; +http://www.bing.com/bingbot.htm) Chrome/116.0.1938.76 Safari/537.36"
66.249.74.103 - - [03/May/2025:00:00:05 -0400] "GET /?k=4970141385301&channel=eb3cce&from=product.php%3Fid%3D413853-10179%26name%3D%E3%82%B9%E3%83%A9%E3%82%A4%E3%83%89%E3%82%B7%E3%83%AA%E3%83%B3%E3%83%80+MXS12%2FMXS12L%2FMXS16%2FMXS16L-10+20+30+40+50+75%28MXS12-50%29 HTTP/1.1" 200 0 "-" "Mozilla/5.0 (Linux; Android 6.0.1; Nexus 5X Build/MMB29P) AppleWebKit/537.36 (KHTML, like Gecko) Chrome/135.0.7049.95 Mobile Safari/537.36 (compatible; GoogleOther)"
66.249.74.103 - - [03/May/2025:00:00:54 -0400] "GET /?k=8216072099001&channel=e1aa02&from=article.php%3Fid%3D720990-4682%26name%3D%E5%AE%A4%E5%86%85%E7%94%A8+%E6%AE%B5%E5%B7%AE%E8%A7%A3%E6%B6%88%E3%82%B9%E3%83%AD%E3%83%BC%E3%83%97%3Cbr%3E+%E3%82%B7%E3%83%B3%E3%82%A8%E3%82%A4%E3%83%86%E3%82%AF%E3%83%8E+%E7%99%BA%E6%B3%A1EVA%E8%A3%BD+%E3%81%99%E3%81%B9%E3%82%8A%E6%AD%A2%E3%82%81+%E6%AE%B5%E5%B7%AE%E8%A7%A3%E6%B6%88+%E3%82%B9%E3%83%AD%E3%83%BC%E3%83%97+%E3%82%BF%E3%83%83%E3%83%81%E3%82%B9%E3%83%AD%E3%83%BC%E3%83%9710%C2%B0+%E5%AE%A4%E5%86%85%E7%94%A8+%28TS10%2F80-30%29%28%E5%B9%8580cm%C3%97%E5%A5%A5%E8%A1%8C16.0cm%C3%97%E9%AB%98%E3%81%953.0cm%29%3Cbr%3E%28%E6%9C%89%E5%8A%B9%E5%B9%8571cm%E3%80%81%E5%8B%BE%E9%85%8D10%E5%BA%A6%29%3Cbr%3E%E3%80%90%E3%83%9D%E3%82%A4%E3%83%B3%E3%83%8810%E5%80%8D%E3%80%91 HTTP/1.1" 200 0 "-" "Mozilla/5.0 (Linux; Android 6.0.1; Nexus 5X Build/MMB29P) AppleWebKit/537.36 (KHTML, like Gecko) Chrome/135.0.7049.95 Mobile Safari/537.36 (compatible; GoogleOther)"
66.249.74.104 - - [03/May/2025:00:01:50 -0400] "GET /?k=80906188434605&channel=9a3260&from=info.php%3Fid%3D1884346-27245%26name%3D1+PC+%E3%83%95%E3%83%AD%E3%83%B3%E3%83%88%E3%82%A8%E3%82%A2%E3%82%B7%E3%83%A7%E3%83%83%E3%82%AF%E3%82%B9%E3%83%88%E3%83%A9%E3%83%83%E3%83%88+LR3+LR4+%E3%83%87%E3%82%A3%E3%82%B9%E3%82%AB%E3%83%90%E3%83%AA%E3%83%BC+3+4+%E3%81%A8%E4%BA%92%E6%8F%9B%E6%80%A7%E3%83%AC%E3%83%B3%E3%82%B8%E3%83%AD%E3%83%BC%E3%83%90%E3%83%BC%E3%82%B9%E3%83%9D%E3%83%BC%E3%83%84%E6%96%B0%E3%81%97%E3%81%84+RNB501 HTTP/1.1" 200 0 "-" "Mozilla/5.0 (Linux; Android 6.0.1; Nexus 5X Build/MMB29P) AppleWebKit/537.36 (KHTML, like Gecko) Chrome/135.0.7049.95 Mobile Safari/537.36 (compatible; GoogleOther)"
66.249.74.103 - - [03/May/2025:00:02:16 -0400] "GET /?k=72388188798704&channel=cdec74&from=info.php%3Fid%3D1887987-9975%26name%3D%E8%B6%85%E5%BC%B7%E5%8A%9B+%E3%82%A2%E3%82%AF%E3%83%AA%E3%83%AB%E4%B8%A1%E9%9D%A2%E3%83%86%E3%83%BC%E3%83%97+%E9%80%8F%E6%98%8E+%E3%82%AC%E3%83%A9%E3%82%B9%E3%83%BB%E3%82%A2%E3%82%AF%E3%83%AA%E3%83%AB%E5%B0%82%E7%94%A8+%E5%B9%8512mm+%E9%95%B7%E3%81%951m+%E3%81%BE%E3%81%A8%E3%82%81%E8%B2%B7%E3%81%843%E5%80%8B%E3%82%BB%E3%83%83%E3%83%88+JIS%E8%A6%8F%E6%A0%BC%E3%80%90Z1541%E3%80%911%E7%A8%AE%E3%83%AC%E3%83%99 HTTP/1.1" 200 52913 "-" "Mozilla/5.0 (Linux; Android 6.0.1; Nexus 5X Build/MMB29P) AppleWebKit/537.36 (KHTML, like Gecko) Chrome/135.0.7049.95 Mobile Safari/537.36 (compatible; Googlebot/2.1; +http://www.google.com/bot.html)"
66.249.74.104 - - [03/May/2025:00:02:18 -0400] "GET /?k=2176874661104&channel=4405ac&from=product.php%3Fid%3D746611-1352%26name%3D%E8%BB%8A%E3%81%AE%E3%83%AA%E3%82%A2%E3%83%86%E3%83%BC%E3%83%AB%E3%83%A9%E3%82%A4%E3%83%88%E3%83%A9%E3%83%B3%E3%83%97%E3%83%8F%E3%82%A6%E3%82%B8%E3%83%B3%E3%82%B0%E9%9B%BB%E7%90%83%E3%81%AA%E3%81%97%E3%83%86%E3%83%BC%E3%83%AB%E3%83%A9%E3%82%A4%E3%83%88%E3%82%B7%E3%82%A7%E3%83%AB+R56+R57+2010-2013+%E3%81%A8%E4%BA%92%E6%8F%9B%E6%80%A7%E3%81%82%E3%82%8A%28Only+Righ HTTP/1.1" 200 0 "-" "Mozilla/5.0 (Linux; Android 6.0.1; Nexus 5X Build/MMB29P) AppleWebKit/537.36 (KHTML, like Gecko) Chrome/135.0.7049.95 Mobile Safari/537.36 (compatible; GoogleOther)"
66.249.74.103 - - [03/May/2025:00:02:28 -0400] "GET /?k=9289374502306&channel=5e4218&from=product.php%3Fid%3D745023-16526%26name%3D%E3%83%9F%E3%82%B7%E3%83%B3%E3%80%80%E6%9C%AC%E4%BD%93%E3%80%80%E3%82%B8%E3%83%A3%E3%83%8E%E3%83%A1%E3%80%80MP+470MSE HTTP/1.1" 200 50918 "-" "Mozilla/5.0 (Linux; Android 6.0.1; Nexus 5X Build/MMB29P) AppleWebKit/537.36 (KHTML, like Gecko) Chrome/135.0.7049.95 Mobile Safari/537.36 (compatible; Googlebot/2.1; +http://www.google.com/bot.html)"
66.249.74.104 - - [03/May/2025:00:03:02 -0400] "GET /?k=84887127863901&channel=6a2403&from=product.php%3Fid%3D1278639-1275%26name%3DMIUMIU+%E3%83%91%E3%83%86%E3%83%B3%E3%83%88%E3%83%AC%E3%82%B6%E3%83%BC+%E3%83%90%E3%83%AC%E3%83%AA%E3%83%BC%E3%83%8A HTTP/1.1" 200 0 "-" "Mozilla/5.0 (Linux; Android 6.0.1; Nexus 5X Build/MMB29P) AppleWebKit/537.36 (KHTML, like Gecko) Chrome/135.0.7049.95 Mobile Safari/537.36 (compatible; GoogleOther)"
66.249.74.103 - - [03/May/2025:00:03:02 -0400] "GET /?k=60103170992203&channel=cffa00&from=form.php%3Fid%3D1709922-1169%26name%3D%E8%8D%89%E8%8A%B1%E3%81%AE%E8%8B%97%2F%E3%83%9A%E3%83%81%E3%83%A5%E3%83%8B%E3%82%A2%EF%BC%9A%E3%82%B5%E3%83%95%E3%82%A3%E3%83%8B%E3%82%A2%E3%83%A9%E3%83%99%E3%83%B3%E3%83%80%E3%83%BC%E3%83%AC%E3%83%BC%E3%82%B93%E5%8F%B7%E3%83%9D%E3%83%83%E3%83%88%28R%29 HTTP/1.1" 200 52358 "-" "Mozilla/5.0 (Linux; Android 6.0.1; Nexus 5X Build/MMB29P) AppleWebKit/537.36 (KHTML, like Gecko) Chrome/135.0.7049.95 Mobile Safari/537.36 (compatible; Googlebot/2.1; +http://www.google.com/bot.html)"
66.249.74.103 - - [03/May/2025:00:03:07 -0400] "GET /?k=4815494588101&channel=b5ee7f&from=shop.php%3Fid%3D945881-1280%26name%3D%E3%83%95%E3%83%AD%E3%82%A2%E3%83%A9%E3%83%B3%E3%83%97+%E3%83%95%E3%83%AD%E3%82%A2%E3%82%B9%E3%82%BF%E3%83%B3%E3%83%89%E3%83%A9%E3%82%A4%E3%83%88+%E3%83%AA%E3%83%93%E3%83%B3%E3%82%B0+%E5%AF%9D%E5%AE%A4%E7%94%A8%E3%81%AE%E3%83%95%E3%83%AD%E3%82%A2%E3%83%A9%E3%83%B3%E3%83%97%E3%82%AF%E3%83%AA%E3%82%A8%E3%82%A4%E3%83%86%E3%82%A3%E3%83%96%E3%82%B4%E3%83%BC%E3%83%AB%E3%83%87%E3%83%B3%E9%8C%AC%E9%89%84%E3%83%95%E3%83%AD%E3%82%A2%E3%83%A9%E3%82%A4%E3%83%88%E3%82%B7%E3%83%B3%E3%83%97%E3%83%AB%E3%81%AA%E3%83%A9%E3%82%A4%E3%83%88%E3%83%AA%E3%83%93%E3%83%B3%E3%82%B0%E3%83%AB HTTP/1.1" 200 0 "-" "Mozilla/5.0 (Linux; Android 6.0.1; Nexus 5X Build/MMB29P) AppleWebKit/537.36 (KHTML, like Gecko) Chrome/135.0.7049.95 Mobile Safari/537.36 (compatible; GoogleOther)"
66.249.74.103 - - [03/May/2025:00:03:13 -0400] "GET /?k=0934146576503&channel=a323d1&from=jp.php%3Fid%3D465765-5627%26name%3D%E3%83%95%E3%83%A5%E3%83%BC%E3%82%A8%E3%83%AB+%E3%82%A4%E3%83%B3%E3%82%B8%E3%82%A7%E3%82%AF%E3%82%BF%E3%83%BC+%E3%83%A9%E3%83%B3%E3%82%B5%E3%83%BC%E7%94%A8+2.0L+L4+2004+2005+2006+2007+4%E5%80%8B+%E7%87%83%E6%96%99%E3%82%A4%E3%83%B3%E3%82%B8%E3%82%A7%E3%82%AF%E3%82%BF%E3%83%BC+15505 HTTP/1.1" 200 0 "-" "Mozilla/5.0 (Linux; Android 6.0.1; Nexus 5X Build/MMB29P) AppleWebKit/537.36 (KHTML, like Gecko) Chrome/135.0.7049.95 Mobile Safari/537.36 (compatible; GoogleOther)"
66.249.74.103 - - [03/May/2025:00:03:27 -0400] "GET /?k=19910179628603&channel=9b4587&from=info.php%3Fid%3D1796286-8379%26name%3D%E8%BB%8A%E7%94%A8+ABS%E3%82%BB%E3%83%B3%E3%82%B5%E3%83%BC+89543-20180+ABS+%E8%BB%8A%E8%BC%AA%E9%80%9F%E3%82%BB%E3%83%B3%E3%82%B5%E3%83%BC%E3%83%95%E3%83%AD%E3%83%B3%E3%83%88+LH+89543+20180+8954320180+%E8%87%AA HTTP/1.1" 200 0 "-" "Mozilla/5.0 (Linux; Android 6.0.1; Nexus 5X Build/MMB29P) AppleWebKit/537.36 (KHTML, like Gecko) Chrome/135.0.7049.95 Mobile Safari/537.36 (compatible; GoogleOther)"
66.249.74.104 - - [03/May/2025:00:04:21 -0400] "GET /?k=97238741601&channel=392580&from=category-info.php%3Fid%3D7416-1254%26name%3DVEELAM+%E9%9B%BB%E5%8B%95%E3%82%A8%E3%82%A2%E3%83%80%E3%82%B9%E3%82%BF%E3%83%BC+%E9%AB%98%E9%80%9F%E3%83%9F%E3%83%8B%E3%82%A8%E3%82%A2%E3%83%96%E3%83%AD%E3%83%AF%E3%83%BC+%E3%83%A1%E3%82%BF%E3%83%AB%E3%83%9C%E3%83%87%E3%82%A3%E4%BB%98%E3%81%8D+%E7%84%A1%E6%AE%B5%E9%9A%8E%E3%82%AE%E3%82%A2+%E3%83%96%E3%83%A9%E3%82%B7%E3%83%AC%E3%82%B9%E3%83%A2%E3%83%BC%E3%82%BF%E3%83%BC+7%E3%81%A4%E3%81%AE%E3%82%A2%E3%82%BF%E3%83%83%E3%83%81%E3%83%A1%E3%83%B3%E3%83%88%E4%BB%98%E3%81%8D+%E3%82%A8 HTTP/1.1" 200 0 "-" "Mozilla/5.0 (Linux; Android 6.0.1; Nexus 5X Build/MMB29P) AppleWebKit/537.36 (KHTML, like Gecko) Chrome/135.0.7049.95 Mobile Safari/537.36 (compatible; GoogleOther)"
66.249.74.104 - - [03/May/2025:00:04:46 -0400] "GET /?k=8777011500003&channel=1771ae&from=shared.php%3Fid%3D115000-2186%26name%3DJodriva+%E3%83%95%E3%83%AD%E3%83%B3%E3%83%88%E3%82%A8%E3%83%B3%E3%82%B8%E3%83%B3%E3%83%95%E3%83%BC%E3%83%89%E6%96%AD%E7%86%B1%E3%83%91%E3%83%83%E3%83%89%E9%98%B2%E9%9F%B3%E3%83%9E%E3%83%83%E3%83%88%E3%82%AB%E3%83%90%E3%83%BC%E3%83%95%E3%82%A9%E3%83%BC%E3%83%A0%E3%82%B5%E3%82%A6%E3%83%B3%E3%83%89%E3%83%92%E3%83%BC%E3%83%88%E3%82%B3%E3%83%83%E3%83%88%E3%83%B3%E8%80%90%E7%81%AB%E6%80%A7%E3%80%81VW%E3%80%81%E3%82%B4%E3%83%AB%E3%83%95%E3%80%815+2004-2 HTTP/1.1" 200 0 "-" "Mozilla/5.0 (Linux; Android 6.0.1; Nexus 5X Build/MMB29P) AppleWebKit/537.36 (KHTML, like Gecko) Chrome/135.0.7049.95 Mobile Safari/537.36 (compatible; GoogleOther)"
66.249.74.103 - - [03/May/2025:00:05:03 -0400] "GET /?k=69195113821604&channel=0de02a&from=shared.php%3Fid%3D1138216-8639%26name%3D%E6%9C%A8%E6%9E%A0%E3%83%95%E3%83%83%E3%83%88%E3%83%92%E3%83%BC%E3%82%BF%E3%83%BC+%E5%B9%8549cm%C3%97%E5%A5%A5%E8%A1%8C22cm%C3%97%E9%AB%98%E3%81%9511cm+1%E7%81%AF%E5%BC%8F+%E6%89%8B%E5%85%83%E9%9B%BB%E5%AD%90%E3%82%B3%E3%83%B3%E3%83%88%E3%83%AD%E3%83%BC%E3%83%A9%E3%83%BC%E5%BC%8F+5%E6%99%82%E9%96%93%E5%88%87%E3%82%BF%E3%82%A4%E3%83%9E%E3%83%BC%E4%BB%98+%E3%82%AF%E3%83%AA%E3%83%BC%E3%83%B3%E3%83%9D%E3%82%B1%E3%83%83%E3%83%88%E4%BB%98 HTTP/1.1" 200 0 "-" "Mozilla/5.0 (Linux; Android 6.0.1; Nexus 5X Build/MMB29P) AppleWebKit/537.36 (KHTML, like Gecko) Chrome/135.0.7049.95 Mobile Safari/537.36 (compatible; GoogleOther)"
66.249.74.103 - - [03/May/2025:00:05:21 -0400] "GET /?k=0398621458301&channel=765cd4&from=news.php%3Fid%3D214583-6065%26name%3DGlobe+%E4%B8%AD%E5%9B%BD%E8%AA%9E%E3%81%A8%E8%8B%B1%E8%AA%9E%E3%81%AE%E3%83%90%E3%82%A4%E3%83%AA%E3%83%B3%E3%82%AC%E3%83%AB%E5%9C%B0%E7%90%83%E5%84%80+%E9%AB%98%E6%A0%A1%E5%AD%A6%E7%BF%92%E7%94%A8+%E4%BA%8B%E5%8B%99%E7%94%A8%E5%93%81+%E5%9C%B0%E7%90%83%E5%84%80+%E3%83%87%E3%82%B9%E3%82%AF%E3%83%88%E3%83%83%E3%83%97%E4%B8%96%E7%95%8C%E5%9C%B0%E7%90%83%E5%84%80 HTTP/1.1" 200 0 "-" "Mozilla/5.0 (Linux; Android 6.0.1; Nexus 5X Build/MMB29P) AppleWebKit/537.36 (KHTML, like Gecko) Chrome/135.0.7049.95 Mobile Safari/537.36 (compatible; GoogleOther)"
66.249.74.103 - - [03/May/2025:00:05:54 -0400] "GET /?k=67219191952501&channel=6ab850&from=article.php%3Fid%3D1919525-22392%26name%3D%E3%82%B9%E3%83%90%E3%83%AB%E3%80%80%E3%82%A4%E3%83%B3%E3%83%97%E3%83%AC%E3%83%83%E3%82%B5%E3%82%B9%E3%83%9D%E3%83%BC%E3%83%84%E3%80%80XV+%E3%83%AF%E3%82%A4%E3%83%91%E3%83%BC%E3%82%B4%E3%83%A0 HTTP/1.1" 200 0 "-" "Mozilla/5.0 (Linux; Android 6.0.1; Nexus 5X Build/MMB29P) AppleWebKit/537.36 (KHTML, like Gecko) Chrome/135.0.7049.95 Mobile Safari/537.36 (compatible; GoogleOther)"
66.249.74.105 - - [03/May/2025:00:06:10 -0400] "GET /?k=8684369695701&channel=29c30b&from=shop.php%3Fid%3D696957-399%26name%3D2008-2012+%E5%B9%B4%E5%BC%8F%E3%82%A2%E3%82%B3%E3%83%BC%E3%83%89%E7%94%A8%E3%83%9F%E3%83%A9%E3%83%BC%E4%BB%98%E3%81%8D%E8%BB%8A%E5%8F%B3%E5%8A%A9%E6%89%8B%E5%B8%AD%E5%81%B4%E3%82%B5%E3%83%B3%E3%83%90%E3%82%A4%E3%82%B6%E3%83%BC HTTP/1.1" 200 0 "-" "Mozilla/5.0 (Linux; Android 6.0.1; Nexus 5X Build/MMB29P) AppleWebKit/537.36 (KHTML, like Gecko) Chrome/135.0.7049.95 Mobile Safari/537.36 (compatible; GoogleOther)"
66.249.74.103 - - [03/May/2025:00:06:39 -0400] "GET /?k=09962145614203&channel=37392c&from=shop.php%3Fid%3D1456142-24373%26name%3D%E3%81%8A%E3%81%8F%E3%82%8A%E3%81%B3%E3%81%A8+DVD HTTP/1.1" 200 0 "-" "Mozilla/5.0 (Linux; Android 6.0.1; Nexus 5X Build/MMB29P) AppleWebKit/537.36 (KHTML, like Gecko) Chrome/135.0.7049.95 Mobile Safari/537.36 (compatible; GoogleOther)"
66.249.74.103 - - [03/May/2025:00:06:44 -0400] "GET /?k=67667105236103&channel=490eb3&from=info.php%3Fid%3D1052361-10727%26name%3D%5BGoodview+Household%5D+%E3%83%AB%E3%83%BC%E3%83%A0%E3%82%B7%E3%83%A5%E3%83%BC%E3%82%BA+%E3%83%99%E3%83%A9%E3%83%B3%E3%83%80+%E3%82%B5%E3%83%B3%E3%83%80%E3%83%AB+%E3%82%B9%E3%83%AA%E3%83%83%E3%83%91+%E9%BA%BB+%E8%92%B8%E3%82%8C%E3%81%AA%E3%81%84+%E3%83%AA%E3%83%8D%E3%83%B3+%E3%81%95%E3%82%89%E3%81%95%E3%82%89+%E6%B6%BC%E3%81%97%E3%81%84+%E6%B4%97%E3%81%88 HTTP/1.1" 200 52747 "-" "Mozilla/5.0 (Linux; Android 6.0.1; Nexus 5X Build/MMB29P) AppleWebKit/537.36 (KHTML, like Gecko) Chrome/135.0.7049.95 Mobile Safari/537.36 (compatible; Googlebot/2.1; +http://www.google.com/bot.html)"
66.249.74.105 - - [03/May/2025:00:07:23 -0400] "GET /?k=78632115723500&channel=f1bd42&from=info.php%3Fid%3D1157235-21317%26name%3D%E3%83%AD%E3%83%A0%E3%82%A2%E3%83%B3%E3%83%89+%E7%9C%89%E3%83%A1%E3%82%A4%E3%82%AF%E3%82%BB%E3%83%83%E3%83%88 HTTP/1.1" 200 0 "-" "Mozilla/5.0 (Linux; Android 6.0.1; Nexus 5X Build/MMB29P) AppleWebKit/537.36 (KHTML, like Gecko) Chrome/135.0.7049.95 Mobile Safari/537.36 (compatible; GoogleOther)"
66.249.74.103 - - [03/May/2025:00:07:27 -0400] "GET /?k=9651781610800&channel=b1364c&from=category-info.php%3Fid%3D816108-10131%26name%3D%5BCoaSER%5D+%E7%94%B7%E6%80%A7%E3%81%A8%E5%A5%B3%E6%80%A7%E3%81%AE%E5%86%AC%E7%9D%80%E7%89%A9%E3%83%90%E3%82%B9%E3%83%AD%E3%83%BC%E3%83%96%E7%94%B7%E5%A5%B3%E5%85%BC%E7%94%A8%E3%83%91%E3%82%B8%E3%83%A3%E3%83%9E%E3%83%AD%E3%83%B3%E3%82%B0%E3%82%B7%E3%83%A3%E3%83%AF%E3%83%BC%E3%83%91%E3%82%B8%E3%83%A3%E3%83%9E HTTP/1.1" 200 54794 "-" "Mozilla/5.0 (Linux; Android 6.0.1; Nexus 5X Build/MMB29P) AppleWebKit/537.36 (KHTML, like Gecko) Chrome/135.0.7049.95 Mobile Safari/537.36 (compatible; Googlebot/2.1; +http://www.google.com/bot.html)"
66.249.74.103 - - [03/May/2025:00:08:33 -0400] "GET /?k=7288272956404&channel=fde012&from=brands.php%3Fid%3D729564-9225%26name%3D%5B%E3%83%87%E3%82%A3%E3%82%BA%E3%83%8B%E3%83%BC%5D+%E3%83%9A%E3%83%B3%E3%83%80%E3%83%B3%E3%83%88+%E3%83%8D%E3%83%83%E3%82%AF%E3%83%AC%E3%82%B9+%E3%82%B7%E3%83%AB%E3%83%90%E3%83%BC+%E3%83%9F%E3%83%8B%E3%83%BC+%E3%83%8F%E3%83%BC%E3%83%88+%E3%83%AA%E3%83%9C%E3%83%B3+%E3%83%94%E3%83%B3%E3%82%AF+%E3%83%97%E3%83%AC%E3%82%BC%E3%83%B3%E3%83%88+%E8%B4%88%E3%82%8A%E7%89%A9+%E3%82%AE%E3%83%95%E3%83%88+vpcds20314 HTTP/1.1" 200 0 "-" "Mozilla/5.0 (Linux; Android 6.0.1; Nexus 5X Build/MMB29P) AppleWebKit/537.36 (KHTML, like Gecko) Chrome/135.0.7049.95 Mobile Safari/537.36 (compatible; GoogleOther)"
40.77.167.48 - - [03/May/2025:00:08:37 -0400] "GET /?k=7811962508907&channel=a19dae&from=jp.php%3Fid%3D625089-9987%26name%3D%E3%82%B3%E3%83%B3%E3%82%AF%E3%83%AA%E3%83%BC%E3%83%88%E3%82%B9%E3%82%AF%E3%83%AA%E3%83%BC%E3%83%89%E6%8C%AF%E5%8B%95%E3%83%84%E3%83%BC%E3%83%AB%E3%80%81%E5%85%85%E9%9B%BB%E5%BC%8F%E3%83%90%E3%83%83%E3%83%86%E3%83%AA%E3%83%BC2%E5%80%8B%E4%BB%98%E3%81%8D%E3%80%81%E9%9B%BB%E5%8B%95%E3%82%B3%E3%83%BC%E3%83%89%E3%83%AC%E3%82%B9%E3%82%B9%E3%82%AF%E3%83%AA%E3%83%BC%E3%83%89%E3%82%BB%E3%83%A1%E3%83%B3%E3%83%88%E3%83%AC%E3%83%99%E3%83%AA%E3%83%B3%E3%82%B0%E3%82%BF%E3%83%B3%E3%83%91%E3%83%BC%E5%AE%9A%E8%A6%8F%E3%80%81%E3%82%B9%E3%82%AF%E3%83%AC%E3%83%BC%E3%83%91%E3%83%BC%E4%BB%98%E3%81%8D HTTP/1.1" 200 41825 "-" "Mozilla/5.0 AppleWebKit/537.36 (KHTML, like Gecko; compatible; bingbot/2.0; +http://www.bing.com/bingbot.htm) Chrome/116.0.1938.76 Safari/537.36"
66.249.74.103 - - [03/May/2025:00:08:42 -0400] "GET /?k=27284150015702&channel=278229&from=article.php%3Fid%3D1500157-21133%26name%3D%E3%83%8F%E3%83%B3%E3%82%AC%E3%83%BC%E3%83%A9%E3%83%83%E3%82%AF+%E3%83%A1%E3%82%BF%E3%83%AB%E8%A1%A3%E9%A1%9E%E3%83%A9%E3%83%83%E3%82%AF+%E8%A1%A3%E9%A1%9E%E5%90%8A%E3%82%8A%E4%B8%8B%E3%81%92%E3%83%A9%E3%83%83%E3%82%AF%E3%82%AA%E3%83%BC%E3%82%AC%E3%83%8A%E3%82%A4%E3%82%B6%E3%83%BC+%E6%B4%97%E6%BF%AF%E7%89%A9%E4%B9%BE%E7%87%A5%E3%83%A9%E3%83%83%E3%82%AF+%E3%83%87%E3%82%A3%E3%82%B9%E3%83%97+%E5%B7%A5%E6%A5%AD%E7%94%A8%E3%83%91%E3%82%A4%E3%83%97%E6%9C%8D%E8%A1%A3%E6%9C%8D%E3%83%A9%E3%83%83%E3%82%AF%E3%80%81%E5%95%86%E6%A5%AD%E8%A1%A3%E9%A1%9E%E3%83%AD HTTP/1.1" 200 0 "-" "Mozilla/5.0 (Linux; Android 6.0.1; Nexus 5X Build/MMB29P) AppleWebKit/537.36 (KHTML, like Gecko) Chrome/135.0.7049.95 Mobile Safari/537.36 (compatible; GoogleOther)"
66.249.74.105 - - [03/May/2025:00:09:15 -0400] "GET /?k=7486867333001&channel=60f8a0&from=form.php%3Fid%3D673330-2458%26name%3D%E3%82%B8%E3%83%A7%E3%83%BC%E3%83%80%E3%83%B3+7+%E3%83%9E%E3%83%83%E3%82%AF%E3%82%B9%E3%83%90%E3%83%8B%E3%83%BC%E3%80%80Jordan7+REtro+se+Hare HTTP/1.1" 200 51856 "-" "Mozilla/5.0 (Linux; Android 6.0.1; Nexus 5X Build/MMB29P) AppleWebKit/537.36 (KHTML, like Gecko) Chrome/135.0.7049.95 Mobile Safari/537.36 (compatible; Googlebot/2.1; +http://www.google.com/bot.html)"
66.249.74.103 - - [03/May/2025:00:09:32 -0400] "GET /?k=64474124926901&channel=4d03ba&from=form.php%3Fid%3D1249269-10007%26name%3D%E3%82%B6%E3%83%A9++%E3%82%B8%E3%83%A3%E3%82%B1%E3%83%83%E3%83%88 HTTP/1.1" 200 0 "-" "Mozilla/5.0 (Linux; Android 6.0.1; Nexus 5X Build/MMB29P) AppleWebKit/537.36 (KHTML, like Gecko) Chrome/135.0.7049.95 Mobile Safari/537.36 (compatible; GoogleOther)"
66.249.74.104 - - [03/May/2025:00:10:07 -0400] "GET /?k=0717036054605&channel=378c4f&from=form.php%3Fid%3D360546-4100%26name%3DJack+Bunny%21%21%E3%82%BB%E3%83%AB%E3%83%95%E3%82%B9%E3%82%BF%E3%83%B3%E3%83%89 HTTP/1.1" 200 0 "-" "Mozilla/5.0 (Linux; Android 6.0.1; Nexus 5X Build/MMB29P) AppleWebKit/537.36 (KHTML, like Gecko) Chrome/135.0.7049.95 Mobile Safari/537.36 (compatible; GoogleOther)"
66.249.74.103 - - [03/May/2025:00:10:17 -0400] "GET /?k=71140152744100&channel=74cf33&from=news.php%3Fid%3D1527441-5949%26name%3DApple+4K+HDR+32GB+Appletv+%E3%82%A2%E3%83%83%E3%83%97%E3%83%AB+%E7%AC%AC1%E4%B8%96%E4%BB%A3 HTTP/1.1" 200 0 "-" "Mozilla/5.0 (Linux; Android 6.0.1; Nexus 5X Build/MMB29P) AppleWebKit/537.36 (KHTML, like Gecko) Chrome/135.0.7049.95 Mobile Safari/537.36 (compatible; GoogleOther)"
2a06:98c0:3600::103 - - [03/May/2025:00:10:17 -0400] "GET /wordpress/wp-admin/setup-config.php HTTP/1.1" 200 0 "-" "Mozilla/5.0 (Windows NT 10.0; Win64; x64) AppleWebKit/537.36 (KHTML, like Gecko) Chrome/135.0.0.0 Safari/537.36"
2a06:98c0:3600::103 - - [03/May/2025:00:10:50 -0400] "GET /wp-admin/setup-config.php HTTP/1.1" 200 0 "-" "Mozilla/5.0 (Windows NT 10.0; Win64; x64) AppleWebKit/537.36 (KHTML, like Gecko) Chrome/135.0.0.0 Safari/537.36"
66.249.74.103 - - [03/May/2025:00:11:02 -0400] "GET /?k=71075108537601&channel=4bafb6&from=category-info.php%3Fid%3D1085376-20598%26name%3D%E3%80%90%E6%96%B0%E7%9D%80%E5%95%86%E5%93%81%E3%80%91%E3%81%8B%E3%81%A9%E3%81%BE%E3%82%8B3+%E3%82%B3%E3%83%BC%E3%83%8A%E3%83%BC%E3%82%AB%E3%83%83%E3%82%BF%E3%83%BC+S4765028+%E3%82%B5%E3%83%B3%E3%82%B9%E3%82%BF%E3%83%BC%E6%96%87%E5%85%B7 HTTP/1.1" 200 0 "-" "Mozilla/5.0 (Linux; Android 6.0.1; Nexus 5X Build/MMB29P) AppleWebKit/537.36 (KHTML, like Gecko) Chrome/135.0.7049.95 Mobile Safari/537.36 (compatible; GoogleOther)"
66.249.74.104 - - [03/May/2025:00:11:19 -0400] "GET /?k=7174789257800&channel=3f164f&from=article.php%3Fid%3D892578-10646%26name%3D%E5%8D%8A%E8%A1%BF%E3%80%80%E9%96%8B%E8%8A%B1%E3%80%80%E7%B4%AB%E3%80%80%E3%83%A9%E3%82%B9%E3%83%881 HTTP/1.1" 200 0 "-" "Mozilla/5.0 (Linux; Android 6.0.1; Nexus 5X Build/MMB29P) AppleWebKit/537.36 (KHTML, like Gecko) Chrome/135.0.7049.95 Mobile Safari/537.36 (compatible; GoogleOther)"
66.249.74.103 - - [03/May/2025:00:11:42 -0400] "GET /?k=28609144218400&channel=2d58a3&from=pin.php%3Fid%3D1442184-4552%26name%3D%E3%82%B3%E3%83%AD%E3%83%9F%E3%83%AB%EF%BC%97%EF%BC%99%EF%BC%90%E3%82%AB%E3%83%83%E3%82%BF%E3%83%BC+R790-032A32S2-16L HTTP/1.1" 200 0 "-" "Mozilla/5.0 (Linux; Android 6.0.1; Nexus 5X Build/MMB29P) AppleWebKit/537.36 (KHTML, like Gecko) Chrome/135.0.7049.95 Mobile Safari/537.36 (compatible; GoogleOther)"
66.249.74.105 - - [03/May/2025:00:12:39 -0400] "GET /?k=28637131769500&channel=9aaced&from=shop.php%3Fid%3D1317695-4356%26name%3D%E3%80%90%E3%81%BF%E3%82%93%E3%81%AA%21%E3%82%A8%E3%82%B9%E3%83%91%E3%83%BC%E3%81%A0%E3%82%88%21%E3%80%91%E3%83%89%E3%83%A9%E3%83%9E+DVD+BOX HTTP/1.1" 200 0 "-" "Mozilla/5.0 (Linux; Android 6.0.1; Nexus 5X Build/MMB29P) AppleWebKit/537.36 (KHTML, like Gecko) Chrome/135.0.7049.95 Mobile Safari/537.36 (compatible; GoogleOther)"
52.167.144.220 - - [03/May/2025:00:13:02 -0400] "GET /?k=6720910753101&channel=2ac5e8&from=form.php%3Fid%3D107531-7675%26name%3Dmohngie+12+V%E8%87%AA%E5%8B%95%E8%BB%8A%E3%82%A8%E3%82%A2%E3%82%B3%E3%83%B3%E9%9B%BB%E5%8B%95%E5%9C%A7%E7%B8%AE%E6%A9%9F%E5%9B%9B%E5%AD%94%E8%92%B8%E7%99%BA%E5%99%A8%E3%82%BB%E3%83%83%E3%83%88%E3%80%81%E3%81%8A%E3%81%98%E3%81%84%E3%81%95%E3%82%93%E3%81%AE%E8%BB%8A%E3%80%81%E3%83%88%E3%83%A9%E3%83%83%E3%82%AF%E3%80%81%E4%BD%8F%E5%AE%85%E8%BB%8A%E3%80%81%E8%BE%B2%E6%A5%AD%E7%94%A8%E8%BB%8A%E3%80%81%E6%8E%98%E5%89%8A%E6%A9%9F%E3%80%81%E8%87%AA%E5%8B%95%E8%BB%8A%E3%82%A8%E3%82%A2%E3%82%B3%E3%83%B3 HTTP/1.1" 200 39798 "-" "Mozilla/5.0 AppleWebKit/537.36 (KHTML, like Gecko; compatible; bingbot/2.0; +http://www.bing.com/bingbot.htm) Chrome/116.0.1938.76 Safari/537.36"
66.249.74.105 - - [03/May/2025:00:13:57 -0400] "GET /?k=45970170215400&channel=295b53&from=product.php%3Fid%3D1702154-26020%26name%3D%E3%80%90MASHIRO%E3%80%91%E3%80%8C%E8%96%AC%E7%94%A8%E3%83%9B%E3%83%AF%E3%82%A4%E3%83%88%E3%83%8B%E3%83%B3%E3%82%B0%E3%83%91%E3%82%A6%E3%83%80%E3%83%BC+%E3%83%8F%E3%83%BC%E3%83%96%E3%83%9F%E3%83%B3%E3%83%88+30g%28%E7%B4%84100%E5%9B%9E%29+3%E5%80%8B%E3%82%BB%E3%83%83%E3%83%88+%E3%83%9B%E3%83%AF%E3%82%A4%E3%83%88%E3%83%8B%E3%83%B3%E3%82%B0%E3%80%8D+%E5%8C%BB%E8%96%AC%E9%83%A8%E5%A4%96%E5%93%81+%E6%AD%AF%E7%A3%A8%E3%81%8D HTTP/1.1" 200 0 "-" "Mozilla/5.0 (Linux; Android 6.0.1; Nexus 5X Build/MMB29P) AppleWebKit/537.36 (KHTML, like Gecko) Chrome/135.0.7049.95 Mobile Safari/537.36 (compatible; GoogleOther)"
66.249.74.104 - - [03/May/2025:00:13:59 -0400] "GET /?k=9259037725402&channel=e64bd2&from=form.php%3Fid%3D377254-12477%26name%3D%E6%9C%AA%E4%BD%BF%E7%94%A8%E5%93%81%E3%80%80ATON+%E3%82%A8%E3%82%A4%E3%83%88%E3%83%B3+WOOL+TROPICAL+%E3%83%AF%E3%82%A4%E3%83%89%E3%82%A4%E3%83%BC%E3%82%B8%E3%83%BC%E3%83%91%E3%83%B3%E3%83%84 HTTP/1.1" 200 0 "-" "Mozilla/5.0 (Linux; Android 6.0.1; Nexus 5X Build/MMB29P) AppleWebKit/537.36 (KHTML, like Gecko) Chrome/135.0.7049.95 Mobile Safari/537.36 (compatible; GoogleOther)"
66.249.74.104 - - [03/May/2025:00:14:07 -0400] "GET /?k=3986178507801&channel=ad04e2&from=form.php%3Fid%3D785078-15573%26name%3DEVSE+%E5%85%85%E9%9B%BB%E3%82%B1%E3%83%BC%E3%83%96%E3%83%AB+SAE+J1772+%E5%BB%B6%E9%95%B7%E3%82%B1%E3%83%BC%E3%83%96%E3%83%AB+%E3%81%99%E3%81%B9%E3%81%A6%E3%81%AE+J1772+EV+%E5%85%85%E9%9B%BB%E5%99%A8%E3%81%A8%E4%BA%92%E6%8F%9B%E6%80%A7%E3%81%82%E3%82%8A+%E9%9B%BB%E6%B0%97%E8%87%AA%E5%8B%95%E8%BB%8A%E3%81%A8%E4%BA%92%E6%8F%9B%E6%80%A7%E3%81%AE%E3%81%82%E3%82%8B%E6%9F%94 HTTP/1.1" 200 0 "-" "Mozilla/5.0 (Linux; Android 6.0.1; Nexus 5X Build/MMB29P) AppleWebKit/537.36 (KHTML, like Gecko) Chrome/135.0.7049.95 Mobile Safari/537.36 (compatible; GoogleOther)"
66.249.74.103 - - [03/May/2025:00:14:58 -0400] "GET /?k=8778668166203&channel=035995&from=blog.php%3Fid%3D681662-15639%26name%3Duxcell+50%E5%80%8B0.98+x+1.18%E3%82%A4%E3%83%B3%E3%83%81%E3%81%AE%E6%9C%A8%E8%A3%BD%E3%83%9B%E3%83%BC%E3%83%AB%E3%83%97%E3%83%A9%E3%82%B0+%E6%9C%A8%E8%A3%BD%E3%83%8D%E3%82%B8%E7%A9%B4%E3%82%AB%E3%83%90%E3%83%BC+%E6%A4%85%E5%AD%90%E9%9A%8E%E6%AE%B5%E3%82%AF%E3%83%A9%E3%83%95%E3%83%88%E5%AE%B6%E5%85%B7%E6%9C%A8%E5%B7%A5%E7%94%A8%E3%83%9D%E3%82%B1%E3%83%83%E3%83%88%E3%83%9C%E3%82%BF%E3%83%B3%E3%83%97%E3%83%A9%E3%82%B0 HTTP/1.1" 200 0 "-" "Mozilla/5.0 (Linux; Android 6.0.1; Nexus 5X Build/MMB29P) AppleWebKit/537.36 (KHTML, like Gecko) Chrome/135.0.7049.95 Mobile Safari/537.36 (compatible; GoogleOther)"
66.249.74.103 - - [03/May/2025:00:15:12 -0400] "GET /?k=3709332411401&channel=80ee9b&from=product.php%3Fid%3D324114-549%26name%3D%E3%83%9B%E3%83%B3%E3%83%80+%E7%B4%94%E6%AD%A3+%E3%82%B7%E3%83%A3%E3%83%89%E3%83%BC750+%E3%83%95%E3%83%A5%E3%83%BC%E3%82%A8%E3%83%AB+%E3%83%9D%E3%83%B3%E3%83%97 HTTP/1.1" 200 0 "-" "Mozilla/5.0 (Linux; Android 6.0.1; Nexus 5X Build/MMB29P) AppleWebKit/537.36 (KHTML, like Gecko) Chrome/135.0.7049.95 Mobile Safari/537.36 (compatible; GoogleOther)"
66.249.74.105 - - [03/May/2025:00:15:14 -0400] "GET /?k=1295073864400&channel=7665a0&from=blog.php%3Fid%3D738644-16454%26name%3D%E5%A4%9A%E8%82%89%E6%A4%8D%E7%89%A9+%E3%83%97%E3%83%A9%E3%83%B3%E3%82%BF%E3%83%BC%E9%89%A2+%E3%83%AA%E3%83%BC%E3%82%B9%E5%9E%8B HTTP/1.1" 200 0 "-" "Mozilla/5.0 (Linux; Android 6.0.1; Nexus 5X Build/MMB29P) AppleWebKit/537.36 (KHTML, like Gecko) Chrome/135.0.7049.95 Mobile Safari/537.36 (compatible; GoogleOther)"
20.15.133.191 - - [03/May/2025:00:15:19 -0400] "GET /?k=36527135053107&channel=c5b86b&from=category-info.php%3Fid%3D1350531-15692%26name%3DUSB%E9%AB%98%E9%80%9F%E5%85%85%E9%9B%BB%E5%99%A8%E3%80%81USB%E3%83%97%E3%83%A9%E3%82%B0%E3%82%A2%E3%83%80%E3%83%97%E3%82%BF%E3%83%BC+-+120W%E8%A4%87%E6%95%B0%E3%81%AE%E3%83%9D%E3%83%BC%E3%83%88%E5%85%85%E9%9B%BB%E5%99%A8%E3%83%96%E3%83%AD%E3%83%83%E3%82%AF+-+%E9%AB%98%E9%80%9F%E5%85%85%E9%9B%BB%E3%82%B9%E3%83%86%E3%83%BC%E3%82%B7%E3%83%A7%E3%83%B3%E3%83%8F%E3%83%96%E3%80%81%E6%90%BA%E5%B8%AF%E9%9B%BB%E8%A9%B1%E3%80%81%E3%82%BF%E3%83%96%E3%83%AC%E3%83%83%E3%83%88 HTTP/1.1" 200 39699 "-" "Mozilla/5.0 AppleWebKit/537.36 (KHTML, like Gecko; compatible; bingbot/2.0; +http://www.bing.com/bingbot.htm) Chrome/116.0.1938.76 Safari/537.36"
66.249.74.103 - - [03/May/2025:00:15:20 -0400] "GET /?k=9092262688603&channel=59e857&from=pin.php%3Fid%3D626886-619%26name%3DWH-1000XM5+%E3%80%80SONY%E3%83%98%E3%83%83%E3%83%89%E3%82%BB%E3%83%83%E3%83%88%E3%80%80%E3%83%97%E3%83%A9%E3%83%81%E3%83%8A%E3%82%B7%E3%83%AB%E3%83%90%E3%83%BC HTTP/1.1" 200 0 "-" "Mozilla/5.0 (Linux; Android 6.0.1; Nexus 5X Build/MMB29P) AppleWebKit/537.36 (KHTML, like Gecko) Chrome/135.0.7049.95 Mobile Safari/537.36 (compatible; GoogleOther)"
40.77.167.25 - - [03/May/2025:00:15:32 -0400] "GET /?k=83143184505607&channel=9d117f&from=product.php%3Fid%3D1845056-2173%26name%3D%E3%82%A4%E3%83%A4%E3%83%9B%E3%83%B3%E3%81%AF%E8%80%B3%E3%83%98%E3%83%83%E3%83%89%E3%83%95%E3%82%A9%E3%83%B3%E3%81%A7%E6%9C%89%E7%B7%9A%2C%E3%83%9E%E3%82%A4%E3%82%AF%E3%81%A7%E3%83%98%E3%83%83%E3%83%89%E3%83%95%E3%82%A9%E3%83%B3%E3%82%92%E3%83%97%E3%83%A9%E3%82%B0%E3%82%A4%E3%83%B3%E3%81%97%E3%81%BE%E3%81%99+%7C+3.5mm%E9%AB%98%E5%BF%A0%E5%AE%9F%E5%BA%A6%E3%81%AE%E9%AB%98%E3%81%84%E3%82%A4%E3%83%A4%E3%83%9B%E3%83%B3%E3%82%B2%E3%83%BC%E3%83%A0%E9%A3%9B%E8%A1%8C%E6%A9%9F%E3%81%AE%E3%82%B9%E3%82%BF%E3%82%B8%E3%82%AA%E3%83%AC HTTP/1.1" 200 41695 "-" "Mozilla/5.0 AppleWebKit/537.36 (KHTML, like Gecko; compatible; bingbot/2.0; +http://www.bing.com/bingbot.htm) Chrome/116.0.1938.76 Safari/537.36"
66.249.74.103 - - [03/May/2025:00:16:12 -0400] "GET /?k=01858198018310&channel=766604&from=category-info.php%3Fid%3D1980183-27865%26name%3D%E3%83%90%E3%83%BC%E3%82%B9%E3%83%87%E3%82%A4%E3%80%80%E3%83%9F%E3%83%83%E3%83%95%E3%82%A3%E3%83%BC%E3%80%80%E3%83%91%E3%82%B8%E3%83%A3%E3%83%9E%E3%80%80%E3%83%99%E3%83%93%E3%83%BC%E3%80%80%E3%82%AD%E3%83%83%E3%82%BA HTTP/1.1" 200 51307 "-" "Mozilla/5.0 (Linux; Android 6.0.1; Nexus 5X Build/MMB29P) AppleWebKit/537.36 (KHTML, like Gecko) Chrome/135.0.7049.95 Mobile Safari/537.36 (compatible; Googlebot/2.1; +http://www.google.com/bot.html)"
66.249.74.103 - - [03/May/2025:00:16:21 -0400] "GET /?k=452779640801&channel=ee1f5d&from=info.php%3Fid%3D96408-84%26name%3D%E3%80%90SALE%EF%BC%8F30%25OFF%E3%80%91%E3%82%AB%E3%83%BC%E3%83%89%E3%82%B9%E3%83%AD%E3%83%83%E3%83%88%E4%BB%98%E3%81%8D%E3%82%B7%E3%83%B3%E3%83%97%E3%83%AB%E3%82%B9%E3%83%9E%E3%83%9B%E3%82%B7%E3%83%A7%E3%83%AB%E3%83%80%E3%83%BC+Samantha+Thavasa+%E3%82%B5%E3%83%9E%E3%83%B3%E3%82%B5%E3%82%BF%E3%83%90%E3%82%B5+%E3%83%90%E3%83%83%E3%82%B0+%E3%82%B7%E3%83%A7%E3%83%AB%E3%83%80%E3%83%BC%E3%83%90%E3%83%83%E3%82%B0+%E3%83%9B%E3%83%AF%E3%82%A4%E3%83%88+%E3%83%96%E3%83%A9%E3%83%83%E3%82%AF+%E3%82%B0%E3%83%AC%E3%83%BC+%E3%83%94%E3%83%B3%E3%82%AF%E3%80%90RBA_E%E3%80%91%E3%80%90%E9%80%81%E6%96%99%E7%84%A1%E6%96%99%E3%80%91%5BRakuten+Fashion%5D HTTP/1.1" 200 50479 "-" "Mozilla/5.0 (Linux; Android 6.0.1; Nexus 5X Build/MMB29P) AppleWebKit/537.36 (KHTML, like Gecko) Chrome/135.0.7049.95 Mobile Safari/537.36 (compatible; Googlebot/2.1; +http://www.google.com/bot.html)"
66.249.74.103 - - [03/May/2025:00:16:31 -0400] "GET /?k=10772177345302&channel=c0418e&from=brands.php%3Fid%3D1773453-941%26name%3D%E6%9C%A8%E8%A3%BD%E3%83%95%E3%83%AC%E3%83%BC%E3%83%A0%E3%81%AE%E5%A7%BF%E8%A6%8B HTTP/1.1" 200 0 "-" "Mozilla/5.0 (Linux; Android 6.0.1; Nexus 5X Build/MMB29P) AppleWebKit/537.36 (KHTML, like Gecko) Chrome/135.0.7049.95 Mobile Safari/537.36 (compatible; GoogleOther)"
66.249.74.103 - - [03/May/2025:00:16:33 -0400] "GET /?k=33795178233301&channel=c4047e&from=brands.php%3Fid%3D1782333-13305%26name%3Dikdiqew+%E3%82%B9%E3%82%BA%E3%82%AD%E7%94%A8210mm+AN250+2007+2008+AN400+2007-2015+AN+250+400%E3%82%B9%E3%82%AB%E3%82%A4%E3%82%A6%E3%82%A7%E3%83%BC HTTP/1.1" 200 0 "-" "Mozilla/5.0 (Linux; Android 6.0.1; Nexus 5X Build/MMB29P) AppleWebKit/537.36 (KHTML, like Gecko) Chrome/135.0.7049.95 Mobile Safari/537.36 (compatible; GoogleOther)"
66.249.74.105 - - [03/May/2025:00:17:56 -0400] "GET /?k=154933674401&channel=64babc&from=category-info.php%3Fid%3D36744-3673%26name%3D%E3%80%90%E3%83%A9%E3%82%B9%E3%83%881%E5%80%8B%E3%80%91%E3%83%98%E3%82%99%E3%82%A2%E3%83%9B%E3%82%99%E3%83%BC%E3%83%B3%E3%82%B9%E3%82%99+%E3%83%AC%E3%82%A4%E3%83%AB%E3%83%AD%E3%83%BC%E3%83%88%E3%82%99%E3%83%A9%E3%83%B3%E3%82%BF%E3%83%B3+%E3%82%AB%E3%82%B9%E3%82%BF%E3%83%A0+BC HTTP/1.1" 200 0 "-" "Mozilla/5.0 (Linux; Android 6.0.1; Nexus 5X Build/MMB29P) AppleWebKit/537.36 (KHTML, like Gecko) Chrome/135.0.7049.95 Mobile Safari/537.36 (compatible; GoogleOther)"
66.249.74.105 - - [03/May/2025:00:18:07 -0400] "GET /?k=2823464430700&channel=ed6f5a&from=info.php%3Fid%3D644307-11416%26name%3D%E3%83%95%E3%83%AD%E3%82%A2%E3%82%BF%E3%82%A4%E3%83%AB+%E8%B2%BC%E3%82%8B%E3%81%A0%E3%81%91+%E5%A4%A7%E7%90%86%E7%9F%B3%E8%AA%BF+%E3%83%95%E3%83%AD%E3%83%BC%E3%83%AA%E3%83%B3%E3%82%B0%E3%82%BF%E3%82%A4%E3%83%AB+%E6%8E%A5%E7%9D%80%E5%89%A4%E4%B8%8D%E8%A6%81+%E7%B2%98%E7%9D%80+%E5%BA%8A+%E3%82%BF%E3%82%A4%E3%83%AB+%E5%A4%A7%E7%90%86%E7%9F%B3%E3%80%9045.72%2A45.72cm+75%E6%9E%9A+%E7%B4%849 HTTP/1.1" 200 0 "-" "Mozilla/5.0 (Linux; Android 6.0.1; Nexus 5X Build/MMB29P) AppleWebKit/537.36 (KHTML, like Gecko) Chrome/135.0.7049.95 Mobile Safari/537.36 (compatible; GoogleOther)"
66.249.74.104 - - [03/May/2025:00:19:15 -0400] "GET /?k=88872148234502&channel=80ee9b&from=form.php%3Fid%3D1482345-549%26name%3D%E3%83%8F%E3%82%A4%E3%82%A8%E3%83%BC%E3%82%B9200%E7%B3%BB%E3%80%80%E5%85%A8%E3%82%B0%E3%83%AC%E3%83%BC%E3%83%89%E5%85%B1%E9%80%9A%E3%82%A2%E3%83%BC%E3%83%A0%E3%83%AC%E3%82%B9%E3%83%88%E3%80%80%E9%81%8B%E8%BB%A2%E5%B8%AD%E5%81%B4%26%E5%8A%A9%E6%89%8B%E5%B8%AD%E5%81%B4%E3%80%80%E8%85%95%E3%81%8A%E3%81%8D%E5%8F%B0 HTTP/1.1" 200 0 "-" "Mozilla/5.0 (Linux; Android 6.0.1; Nexus 5X Build/MMB29P) AppleWebKit/537.36 (KHTML, like Gecko) Chrome/135.0.7049.95 Mobile Safari/537.36 (compatible; GoogleOther)"
66.249.74.103 - - [03/May/2025:00:19:31 -0400] "GET /?k=3679245364303&channel=697aea&from=article.php%3Fid%3D453643-13126%26name%3DFCS2+FIN+PERFORMER+-PC+%E3%83%91%E3%83%95%E3%82%A9%E3%83%BC%E3%83%9E%E3%83%BC+%E3%83%91%E3%83%95%E3%82%A9%E3%83%BC%E3%83%9E%E3%83%B3%E3%82%B9%E3%82%B3%E3%82%A2 HTTP/1.1" 200 0 "-" "Mozilla/5.0 (Linux; Android 6.0.1; Nexus 5X Build/MMB29P) AppleWebKit/537.36 (KHTML, like Gecko) Chrome/135.0.7049.95 Mobile Safari/537.36 (compatible; GoogleOther)"
66.249.74.105 - - [03/May/2025:00:20:33 -0400] "GET /?k=0495816124501&channel=bfcdd5&from=category-info.php%3Fid%3D161245-9464%26name%3D%E3%82%BB%E3%82%B5%E3%83%9F%E3%83%B3EX%2C%E3%82%AA%E3%83%A1%E3%82%AC%E3%82%A8%E3%82%A4%E3%83%89 HTTP/1.1" 200 0 "-" "Mozilla/5.0 (Linux; Android 6.0.1; Nexus 5X Build/MMB29P) AppleWebKit/537.36 (KHTML, like Gecko) Chrome/135.0.7049.95 Mobile Safari/537.36 (compatible; GoogleOther)"
66.249.74.105 - - [03/May/2025:00:20:34 -0400] "GET /?k=8254027343003&channel=983c77&from=jp.php%3Fid%3D273430-420%26name%3D%E3%83%90%E3%82%A4%E3%82%AF%E7%94%A8+%E3%83%98%E3%83%AB%E3%83%A1%E3%83%83%E3%83%88%EF%BC%88SHOEI%E3%83%BBFREE+DOM%EF%BC%88XL%EF%BC%89%EF%BC%89 HTTP/1.1" 200 50514 "-" "Mozilla/5.0 (Linux; Android 6.0.1; Nexus 5X Build/MMB29P) AppleWebKit/537.36 (KHTML, like Gecko) Chrome/135.0.7049.95 Mobile Safari/537.36 (compatible; Googlebot/2.1; +http://www.google.com/bot.html)"
40.77.167.25 - - [03/May/2025:00:21:04 -0400] "GET /?k=0725331305908&channel=a1f9dc&from=info.php%3Fid%3D313059-8876%26name%3DAcnivko%E7%A9%80%E7%89%A9%E9%81%B8%E5%88%A5%E6%A9%9F+%E9%9B%BB%E5%8B%95+%E3%83%9F%E3%83%8B%E5%94%90%E7%AE%95+%E9%9B%BB%E5%8B%95%E7%A9%80%E7%89%A9%E9%81%B8%E5%88%A5%E6%A9%9F+%E9%9B%BB%E5%8B%95%E3%83%9F%E3%83%8B%E7%A9%80%E7%89%A9%E9%81%B8%E5%88%A5%E6%A9%9F+%E7%B1%BE%E6%AE%BB%2F%E7%B1%B3%2F%E5%B0%8F%E9%BA%A6%2F%E3%81%9D%E3%81%B0%2F%E5%A4%A7%E8%B1%86%E3%81%AA%E3%81%A9%2F%E5%B0%8F%E9%BA%A6%2F%E3%82%B4%E3%83%9E%E3%81%AE%E4%BD%9C%E4%BB%98%E3%81%91%E3%81%AB%E6%9C%80 HTTP/1.1" 200 39676 "-" "Mozilla/5.0 AppleWebKit/537.36 (KHTML, like Gecko; compatible; bingbot/2.0; +http://www.bing.com/bingbot.htm) Chrome/116.0.1938.76 Safari/537.36"
66.249.74.105 - - [03/May/2025:00:21:44 -0400] "GET /?k=11117109986901&channel=c6755a&from=shared.php%3Fid%3D1099869-18438%26name%3D%E3%83%8F%E3%83%BC%E3%83%90%E3%83%AA%E3%82%A6%E3%83%A0 HTTP/1.1" 200 0 "-" "Mozilla/5.0 (Linux; Android 6.0.1; Nexus 5X Build/MMB29P) AppleWebKit/537.36 (KHTML, like Gecko) Chrome/135.0.7049.95 Mobile Safari/537.36 (compatible; GoogleOther)"
66.249.74.105 - - [03/May/2025:00:21:48 -0400] "GET /?k=71171139681400&channel=640ed6&from=pin.php%3Fid%3D1396814-8670%26name%3D%E3%80%8C%E7%BE%8E%E5%93%81%E3%80%8DCloudlifter+CL-1+%E3%83%9E%E3%82%A4%E3%82%AF%E3%83%97%E3%83%AA%E3%82%A2%E3%83%B3%E3%83%97 HTTP/1.1" 200 51665 "-" "Mozilla/5.0 (Linux; Android 6.0.1; Nexus 5X Build/MMB29P) AppleWebKit/537.36 (KHTML, like Gecko) Chrome/135.0.7049.95 Mobile Safari/537.36 (compatible; Googlebot/2.1; +http://www.google.com/bot.html)"
66.249.74.104 - - [03/May/2025:00:22:15 -0400] "GET /?k=20587195109000&channel=793f87&from=article.php%3Fid%3D1951090-3350%26name%3DCUSCO+%E3%82%AF%E3%82%B9%E3%82%B3+%E3%82%B7%E3%83%A7%E3%83%83%E3%82%AF+%E3%83%84%E3%83%BC%E3%83%AA%E3%83%B3%E3%82%B0A%28%E7%B4%94%E6%AD%A3%E5%BD%A2%E7%8A%B6%29+1%E5%8F%B0%E5%88%86%E3%82%BB%E3%83%83%E3%83%88+%E3%83%8F%E3%82%A4%E3%82%A8%E3%83%BC%E3%82%B9+TRH214W+2004%E5%B9%B408%E6%9C%88%EF%BD%9E+2TR-FE HTTP/1.1" 200 51391 "-" "Mozilla/5.0 (Linux; Android 6.0.1; Nexus 5X Build/MMB29P) AppleWebKit/537.36 (KHTML, like Gecko) Chrome/135.0.7049.95 Mobile Safari/537.36 (compatible; Googlebot/2.1; +http://www.google.com/bot.html)"
66.249.74.104 - - [03/May/2025:00:22:27 -0400] "GET /?k=3974258394002&channel=c64646&from=brands.php%3Fid%3D583940-4118%26name%3DPro-Graad+10.2+cm+Type+S+%E3%83%91%E3%83%83%E3%83%89%E3%83%9B%E3%83%AB%E3%83%80%E3%83%BC+%E3%82%AF%E3%82%A4%E3%83%83%E3%82%AF%E3%83%81%E3%82%A7%E3%83%B3%E3%82%B8%E3%83%87%E3%82%A3%E3%82%B9%E3%82%AF%E7%94%A8%E3%80%811%2F4%E3%82%A4%E3%83%B3%E3%83%81%E3%82%B7%E3%83%A3%E3%83%B3%E3%82%AF%E3%80%81%E3%82%BF%E3%82%A4%E3%83%97II%E3%80%81TS HTTP/1.1" 200 53129 "-" "Mozilla/5.0 (Linux; Android 6.0.1; Nexus 5X Build/MMB29P) AppleWebKit/537.36 (KHTML, like Gecko) Chrome/135.0.7049.95 Mobile Safari/537.36 (compatible; Googlebot/2.1; +http://www.google.com/bot.html)"
66.249.74.103 - - [03/May/2025:00:22:58 -0400] "GET /?k=69890179583501&channel=c22af5&from=pin.php%3Fid%3D1795835-2493%26name%3D%E3%80%90%E5%8F%97%E6%B3%A8%E7%94%9F%E7%94%A3%E3%80%91%E3%80%902025%E3%82%B7%E3%83%BC%E3%82%BA%E3%83%B3%E3%82%B9%E3%83%AD%E3%83%BC%E3%82%AC%E3%83%B3%E3%80%8C%E3%82%AD%EF%BC%81%E3%80%8D%E3%80%91%2331%E6%B8%A1%E8%BE%BA%E7%BF%94%E5%A4%AA%E2%94%82%E3%82%A2%E3%82%AF%E3%83%AA%E3%83%AB%E3%82%B9%E3%82%BF%E3%83%B3%E3%83%89%E3%80%90%EF%BC%96%E6%9C%88%E4%B8%AD%E6%97%AC%E4%BB%A5%E9%99%8D%E7%99%BA%E9%80%81%E4%BA%88%E5%AE%9A%E3%80%91%E3%80%8A%E6%A5%BD%E5%A4%A9%E3%82%A4%E3%83%BC%E3%82%B0%E3%83%AB%E3%82%B9%E3%80%8B%E3%80%900415%E3%82%AD%EF%BC%81%E3%82%A2%E3%82%AF%E3%82%B9%E3%82%BF%E3%80%91 HTTP/1.1" 200 52950 "-" "Mozilla/5.0 (Linux; Android 6.0.1; Nexus 5X Build/MMB29P) AppleWebKit/537.36 (KHTML, like Gecko) Chrome/135.0.7049.95 Mobile Safari/537.36 (compatible; Googlebot/2.1; +http://www.google.com/bot.html)"
