66.249.74.104 - - [03/May/2025:02:18:14 -0400] "GET /?k=07278154041500&channel=d72eb7&from=news.php%3Fid%3D1540415-17891%26name%3D%E6%96%B0%E6%BC%94%E7%BF%92%E6%95%B0%E5%AD%A6C%E3%82%B9%E3%82%BF%E3%83%B3%E3%83%80%E3%83%BC%E3%83%89 HTTP/1.1" 200 51901 "-" "Mozilla/5.0 (Linux; Android 6.0.1; Nexus 5X Build/MMB29P) AppleWebKit/537.36 (KHTML, like Gecko) Chrome/135.0.7049.95 Mobile Safari/537.36 (compatible; Googlebot/2.1; +http://www.google.com/bot.html)"
66.249.74.104 - - [03/May/2025:02:18:14 -0400] "GET /?k=9610056427705&channel=a4d2a1&from=jp.php%3Fid%3D564277-9382%26name%3DYISZM+40%E3%83%9D%E3%83%B3%E3%83%89+%E3%83%9B%E3%83%AF%E3%82%A4%E3%83%88%E3%83%AA%E3%83%90%E3%83%BC%E3%83%AD%E3%83%83%E3%82%AF+%E9%80%A0%E5%9C%92%E7%94%A8+1-2%E3%82%A4%E3%83%B3%E3%83%81+%E5%A4%A9%E7%84%B6%E5%B0%8F%E7%9F%B3+%E5%B1%8B%E5%86%85%E6%A4%8D%E7%89%A9%E7%94%A8+%E9%AB%98%E5%85%89%E6%B2%A2%E8%A3%85%E9%A3%BE%E7%9F%B3+%E5%BA%AD+%E5%B1%8B%E5%A4%96%E3%81%8A%E3%82%88%E3%81%B3%E5%B1%8B%E5%86%85+DIY HTTP/1.1" 200 53129 "-" "Mozilla/5.0 (Linux; Android 6.0.1; Nexus 5X Build/MMB29P) AppleWebKit/537.36 (KHTML, like Gecko) Chrome/135.0.7049.95 Mobile Safari/537.36 (compatible; Googlebot/2.1; +http://www.google.com/bot.html)"
66.249.74.103 - - [03/May/2025:02:18:16 -0400] "GET /?k=06008125639501&channel=fa6278&from=article.php%3Fid%3D1256395-22494%26name%3DP%EF%BC%86G%E3%80%80%E3%83%9C%E3%83%BC%E3%83%AB%E3%83%89%E3%80%80%E3%83%97%E3%83%AC%E3%83%9F%E3%82%A2%E3%83%A0%E3%83%96%E3%83%AD%E3%83%83%E3%82%B5%E3%83%A0%E3%80%80%E6%8A%97%E8%8F%8C%EF%BC%8B%E3%82%A2%E3%83%AD%E3%83%9E%E3%80%80%E8%B6%85%E7%89%B9%E5%A4%A7%E3%80%80780g%E3%80%802%E8%A2%8B HTTP/1.1" 200 52177 "-" "Mozilla/5.0 (Linux; Android 6.0.1; Nexus 5X Build/MMB29P) AppleWebKit/537.36 (KHTML, like Gecko) Chrome/135.0.7049.95 Mobile Safari/537.36 (compatible; Googlebot/2.1; +http://www.google.com/bot.html)"
66.249.74.103 - - [03/May/2025:02:18:17 -0400] "GET /?k=1711158521500&channel=fd8c05&from=category-info.php%3Fid%3D585215-9376%26name%3DWRITWAA+5%E5%80%8B+%E3%83%91%E3%83%BC%E3%83%86%E3%82%A3%E3%83%BC%E3%83%87%E3%82%B3%E3%83%AC%E3%83%BC%E3%82%B7%E3%83%A7%E3%83%B3%E3%83%88%E3%83%AC%E3%82%A4+%E3%81%94%E9%A3%AF%E8%8C%B6%E7%A2%97+%E5%AE%B6%E3%81%AE%E8%A3%85%E9%A3%BE%E7%94%A8%E3%81%AE%E8%A3%85%E9%A3%BE%E3%83%88%E3%83%AC%E3%82%A4+%E7%8E%84%E9%96%A2%E3%83%86%E3%83%BC%E3%83%96%E3%83%AB%E3%81%AE%E3%82%AD%E3%83%BC%E3%83%88%E3%83%AC%E3%83%BC+%E3%83%AA%E3%83%BC%E3%83%95%E3%83%88%E3%83%AC%E3%82%A4+%E3%83%86%E3%82%A3 HTTP/1.1" 200 53234 "-" "Mozilla/5.0 (Linux; Android 6.0.1; Nexus 5X Build/MMB29P) AppleWebKit/537.36 (KHTML, like Gecko) Chrome/135.0.7049.95 Mobile Safari/537.36 (compatible; Googlebot/2.1; +http://www.google.com/bot.html)"
66.249.74.103 - - [03/May/2025:02:18:18 -0400] "GET /?k=11804163081900&channel=1b40b8&from=brands.php%3Fid%3D1630819-1080%26name%3D%E3%82%84%E3%81%8D%E3%81%BE%E3%82%8B%E2%85%A1 HTTP/1.1" 200 51170 "-" "Mozilla/5.0 (Linux; Android 6.0.1; Nexus 5X Build/MMB29P) AppleWebKit/537.36 (KHTML, like Gecko) Chrome/135.0.7049.95 Mobile Safari/537.36 (compatible; Googlebot/2.1; +http://www.google.com/bot.html)"
66.249.74.103 - - [03/May/2025:02:18:19 -0400] "GET /?k=19976186523400&channel=3d8666&from=category-info.php%3Fid%3D1865234-6726%26name%3D%E3%81%82%E3%82%93%E3%82%B9%E3%82%BF+%E5%A4%A9%E5%9F%8E%E7%87%90%E9%9F%B3 HTTP/1.1" 200 51984 "-" "Mozilla/5.0 (Linux; Android 6.0.1; Nexus 5X Build/MMB29P) AppleWebKit/537.36 (KHTML, like Gecko) Chrome/135.0.7049.95 Mobile Safari/537.36 (compatible; Googlebot/2.1; +http://www.google.com/bot.html)"
66.249.74.103 - - [03/May/2025:02:18:20 -0400] "GET /?k=4716156091503&channel=e02878&from=category-info.php%3Fid%3D560915-837%26name%3D%E3%83%AF%E3%83%BC%E3%83%89%E3%83%AD%E3%83%BC%E3%83%96+%E3%83%9D%E3%83%BC%E3%82%BF%E3%83%96%E3%83%AB%E3%82%AD%E3%83%A3%E3%83%B3%E3%83%90%E3%82%B9%E3%83%AF%E3%83%BC%E3%83%89%E3%83%AD%E3%83%BC%E3%83%96%E3%80%81%E5%90%8A%E3%82%8A%E4%B8%8B%E3%81%92%E3%83%AC%E3%83%BC%E3%83%AB%E4%BB%98%E3%81%8D%E6%8A%98%E3%82%8A%E3%81%9F%E3%81%9F%E3%81%BF%E5%BC%8F%E8%A1%A3%E9%A1%9E%E5%8F%8E%E7%B4%8D%E3%82%AA%E3%83%BC%E3%82%AC%E3%83%8A%E3%82%A4%E3%82%B6%E3%83%BC%E3%80%81%E5%AF%9D%E5%AE%A4%E7%94%A8%E5%AE%B6%E5%85%B7%E9%A3%9F%E5%99%A8%E6%A3%9A%E3%80%81B-145x HTTP/1.1" 200 53009 "-" "Mozilla/5.0 (Linux; Android 6.0.1; Nexus 5X Build/MMB29P) AppleWebKit/537.36 (KHTML, like Gecko) Chrome/135.0.7049.95 Mobile Safari/537.36 (compatible; Googlebot/2.1; +http://www.google.com/bot.html)"
66.249.74.103 - - [03/May/2025:02:18:21 -0400] "GET /?k=57350158897909&channel=276467&from=article.php%3Fid%3D1588979-8916%26name%3Dno22503102_%E3%80%90%E6%B5%9C%E5%AD%A6%E5%9C%92%E3%80%91%E5%B0%8F%EF%BC%96%E3%80%80%E5%90%88%E5%90%A6%E5%88%A4%E5%AE%9A%E5%AD%A6%E5%8A%9B%E3%83%86%E3%82%B9%E3%83%88%E7%AC%AC1%EF%BD%9E4%E5%9B%9E%E3%80%80%E5%9B%BD%E3%83%BB%E7%AE%97%E3%83%BB%E7%90%86 HTTP/1.1" 200 51241 "-" "Mozilla/5.0 (Linux; Android 6.0.1; Nexus 5X Build/MMB29P) AppleWebKit/537.36 (KHTML, like Gecko) Chrome/135.0.7049.95 Mobile Safari/537.36 (compatible; Googlebot/2.1; +http://www.google.com/bot.html)"
66.249.74.103 - - [03/May/2025:02:18:23 -0400] "GET /?k=0978672426801&channel=9c3aef&from=goods.php%3Fid%3D724268-16230%26name%3DETVOS%E3%83%9F%E3%83%8D%E3%83%A9%E3%83%AB+%E3%83%AA%E3%83%95%E3%83%AC%E3%82%AF%E3%83%86%E3%82%A3%E3%83%B3%E3%82%B0+%E3%82%B9%E3%82%AD%E3%83%B3%E3%83%91%E3%82%A6%E3%83%80%E3%83%BC+%E3%83%AB%E3%83%BC%E3%82%BB%E3%83%B3%E3%83%88%E3%82%A8%E3%82%AF%E3%83%AA%E3%83%A5 HTTP/1.1" 200 0 "-" "Mozilla/5.0 (Linux; Android 6.0.1; Nexus 5X Build/MMB29P) AppleWebKit/537.36 (KHTML, like Gecko) Chrome/135.0.7049.95 Mobile Safari/537.36 (compatible; GoogleOther)"
66.249.74.103 - - [03/May/2025:02:18:23 -0400] "GET /?k=2418219593705&channel=97e615&from=news.php%3Fid%3D195937-536%26name%3DBMW+G20+G21+M340i+G42+440i+G22+M240i+2019%2B+%E3%83%87%E3%83%A5%E3%82%A2%E3%83%AB%E3%82%AF%E3%83%AF%E3%83%83%E3%83%89%E3%82%A2%E3%82%A6%E3%83%88%E3%82%A8%E3%82%AD%E3%82%BE%E3%83%BC%E3%82%B9%E3%83%88%E3%82%AB%E3%83%BC%E3%83%9C%E3%83%B3%E3%83%95%E3%82%A1 HTTP/1.1" 200 53321 "-" "Mozilla/5.0 (Linux; Android 6.0.1; Nexus 5X Build/MMB29P) AppleWebKit/537.36 (KHTML, like Gecko) Chrome/135.0.7049.95 Mobile Safari/537.36 (compatible; Googlebot/2.1; +http://www.google.com/bot.html)"
66.249.74.104 - - [03/May/2025:02:18:25 -0400] "GET /?k=9126994267902&channel=b3ff03&from=product.php%3Fid%3D942679-19053%26name%3D%E3%83%AF%E3%82%A4%E3%83%A4%E3%83%AC%E3%82%B9%E9%98%B2%E6%B0%B4%E3%83%89%E3%82%A2%E3%83%99%E3%83%AB%E3%80%81%E3%82%BB%E3%83%AB%E3%83%95%E3%83%91%E3%83%AF%E3%83%BC%E3%82%B3%E3%83%BC%E3%83%89%E3%83%AC%E3%82%B9%E3%83%89%E3%82%A2%E3%83%99%E3%83%AB%E3%80%814%E6%AE%B5%E9%9A%8E%E9%9F%B3%E9%87%8F%E3%80%81%E3%83%97%E3%83%A9%E3%82%B0%E3%82%A4%E3%83%B3%E5%8F%97%E4%BF%A1%E6%A9%9F1%E5%80%8B%E4%BB%98%E3%81%8D36%E3%83%81%E3%83%A3%E3%82%A4%E3%83%A0%E3%80%81%E3%83%AA%E3%83%A2%E3%82%B3%E3%83%B3%E6%93%8D%E4%BD%9C650%E3%83%95%E3%82%A3%E3%83%BC%E3%83%88 HTTP/1.1" 200 53123 "-" "Mozilla/5.0 (Linux; Android 6.0.1; Nexus 5X Build/MMB29P) AppleWebKit/537.36 (KHTML, like Gecko) Chrome/135.0.7049.95 Mobile Safari/537.36 (compatible; Googlebot/2.1; +http://www.google.com/bot.html)"
66.249.74.104 - - [03/May/2025:02:18:26 -0400] "GET /?k=618024688301&channel=37d073&from=news.php%3Fid%3D46883-4615%26name%3DFIAM+%E3%83%95%E3%82%A3%E3%82%A2%E3%83%A0+Dondolina+%E3%82%A2%E3%82%A6%E3%83%88%E3%83%89%E3%82%A2+%E3%83%95%E3%82%A9%E3%83%BC%E3%83%AB%E3%83%87%E3%82%A3%E3%83%B3%E3%82%B0%E3%83%81%E3%82%A7%E3%82%A2 HTTP/1.1" 200 53678 "-" "Mozilla/5.0 (Linux; Android 6.0.1; Nexus 5X Build/MMB29P) AppleWebKit/537.36 (KHTML, like Gecko) Chrome/135.0.7049.95 Mobile Safari/537.36 (compatible; Googlebot/2.1; +http://www.google.com/bot.html)"
66.249.74.103 - - [03/May/2025:02:18:27 -0400] "GET /?k=71102112351102&channel=2614e4&from=info.php%3Fid%3D1123511-10719%26name%3D%E9%9B%BB%E5%8B%95%E3%83%86%E3%83%BC%E3%83%97%E3%82%AB%E3%83%83%E3%82%BF%E3%83%BC+%E8%87%AA%E5%8B%95%E3%83%86%E3%83%BC%E3%83%97%E3%82%AB%E3%83%83%E3%82%BF%E3%83%BC%E8%87%AA%E5%8B%95%E6%A2%B1%E5%8C%85%E3%83%86%E3%83%BC%E3%83%97%E3%83%87%E3%82%A3%E3%82%B9%E3%83%9A%E3%83%B3%E3%82%B5%E3%83%BC%E3%80%81M-1000S%E3%83%86%E3%83%BC%E3%83%97%E5%88%87%E6%96%AD%E6%A9%9F%E9%9B%BB%E6%B0%97%E3%83%86%E3%83%BC%E3%83%97%E3%83%87%E3%82%A3%E3%82%B9%E3%83%9A%E3%83%B3%E3%82%B5%E3%83%BC+%E8%87%AA%E5%8B%95%2F%E6%89%8B%E5%8B%95 HTTP/1.1" 200 52647 "-" "Mozilla/5.0 (Linux; Android 6.0.1; Nexus 5X Build/MMB29P) AppleWebKit/537.36 (KHTML, like Gecko) Chrome/135.0.7049.95 Mobile Safari/537.36 (compatible; Googlebot/2.1; +http://www.google.com/bot.html)"
66.249.74.103 - - [03/May/2025:02:18:28 -0400] "GET /?k=4897861116001&channel=fde012&from=shared.php%3Fid%3D611160-9225%26name%3D%E3%82%A8%E3%83%AC%E3%82%AC%E3%83%B3%E3%83%88%E3%81%AA10K%E3%82%A4%E3%82%A8%E3%83%AD%E3%83%BC%E3%82%B4%E3%83%BC%E3%83%AB%E3%83%89+%E3%83%8F%E3%83%AF%E3%82%A4%E3%82%A2%E3%83%B3%E3%83%97%E3%83%AB%E3%83%A1%E3%83%AA%E3%82%A2%E3%83%95%E3%83%A9%E3%83%AF%E3%83%BC%E3%83%81%E3%83%A3%E3%83%BC%E3%83%A0%E3%83%9A%E3%83%B3%E3%83%80%E3%83%B3%E3%83%88%2C+%E3%82%A4%E3%82%A8%E3%83%AD%E3%83%BC%E3%82%B4%E3%83%BC%E3%83%AB%E3%83%89 HTTP/1.1" 200 53629 "-" "Mozilla/5.0 (Linux; Android 6.0.1; Nexus 5X Build/MMB29P) AppleWebKit/537.36 (KHTML, like Gecko) Chrome/135.0.7049.95 Mobile Safari/537.36 (compatible; Googlebot/2.1; +http://www.google.com/bot.html)"
66.249.74.105 - - [03/May/2025:02:18:29 -0400] "GET /?k=2959233154300&channel=56c598&from=jp.php%3Fid%3D331543-11931%26name%3D%E3%82%A8%E3%83%A0%E3%83%BC%E3%83%AB+%E3%81%B5%E3%81%A8%E3%82%93%E3%82%AB%E3%83%90%E3%83%BC+4%E7%82%B9%E3%82%BB%E3%83%83%E3%83%88+%E3%83%80%E3%83%96%E3%83%AB+%E3%82%B0%E3%83%AC%E3%83%BC+%E5%92%8C%E5%B8%83%E5%9B%A3%E7%94%A8+%E6%97%A5%E6%9C%AC%E8%A3%BD+%E7%B6%BF100%EF%BC%85+%E6%8A%97%E8%8F%8C%E9%98%B2%E8%87%AD+%E9%98%B2%E3%83%80%E3%83%8B+%E3%82%A8%E3%83%A0%E3%83%BC%E3%83%AB%E3%82%AB%E3%83%A9%E3%83%BC HTTP/1.1" 200 53915 "-" "Mozilla/5.0 (Linux; Android 6.0.1; Nexus 5X Build/MMB29P) AppleWebKit/537.36 (KHTML, like Gecko) Chrome/135.0.7049.95 Mobile Safari/537.36 (compatible; Googlebot/2.1; +http://www.google.com/bot.html)"
66.249.74.104 - - [03/May/2025:02:18:37 -0400] "GET /?k=68300121727701&channel=525bf3&from=blog.php%3Fid%3D1217277-13645%26name%3D%E3%80%90%E5%85%AD%E6%9C%88%E8%B3%BC%E5%85%A5%E3%80%911000ml%E3%83%A9%E3%82%A4%E3%83%95%E3%82%A8%E3%83%83%E3%82%BB%E3%83%B3%E3%82%B9%EF%BC%92%E6%9C%AC%E7%B5%84%E3%80%80%E3%82%AD%E3%83%A3%E3%83%B3%E3%83%97%E3%81%AB%E3%82%82%E6%9C%80%E9%81%A9%E6%9C%80%E9%AB%98%E3%82%B5%E3%83%BC%E3%83%90%E3%83%BC HTTP/1.1" 200 0 "-" "Mozilla/5.0 (Linux; Android 6.0.1; Nexus 5X Build/MMB29P) AppleWebKit/537.36 (KHTML, like Gecko) Chrome/135.0.7049.95 Mobile Safari/537.36 (compatible; GoogleOther)"
66.249.74.104 - - [03/May/2025:02:18:45 -0400] "GET /?k=0194137842604&channel=c533a9&from=goods.php%3Fid%3D378426-3551%26name%3D%E3%82%B9%E3%83%86%E3%83%B3%E3%83%AC%E3%82%B9%E3%82%B7%E3%83%B3%E3%82%B0%E3%83%AB%E3%83%9C%E3%82%A6%E3%83%AB%E3%82%B7%E3%83%B3%E3%82%AF+%E5%A3%81%E6%8E%9B%E3%81%91%E4%B8%89%E8%A7%92%E6%B4%97%E9%9D%A2%E5%8F%B0+%E3%82%AD%E3%83%83%E3%83%81%E3%83%B3%E3%82%B7%E3%83%B3%E3%82%AF+%E7%9C%81%E3%82%B9%E3%83%9A%E3%83%BC%E3%82%B9+%E3%82%AD%E3%83%83%E3%83%81%E3%83%B3+%E3%83%90%E3%82%B9%E3%83%AB%E3%83%BC%E3%83%A0+%E3%83%88%E3%82%A4%E3%83%AC%E7%94%A8%E3%81%AE%E5%B0%8F%E3%81%95%E3%81%AA%E3%82%B7%E3%83%B3%E3%82%AF+%E3%82%B3%E3%83%BC%E3%83%8A%E3%83%BC HTTP/1.1" 200 52866 "-" "Mozilla/5.0 (Linux; Android 6.0.1; Nexus 5X Build/MMB29P) AppleWebKit/537.36 (KHTML, like Gecko) Chrome/135.0.7049.95 Mobile Safari/537.36 (compatible; Googlebot/2.1; +http://www.google.com/bot.html)"
66.249.74.105 - - [03/May/2025:02:19:18 -0400] "GET /?k=1906926307300&channel=ed1861&from=shared.php%3Fid%3D263073-11057%26name%3DPS5+%E3%83%87%E3%82%A3%E3%82%B9%E3%82%AF%E3%83%89%E3%83%A9%E3%82%A4%E3%83%96+CFI-ZDD1J+%E5%A4%96%E4%BB%98%E3%81%91+%E6%96%B0%E5%93%81+%E6%9C%AA%E4%BD%BF%E7%94%A8 HTTP/1.1" 200 52026 "-" "Mozilla/5.0 (Linux; Android 6.0.1; Nexus 5X Build/MMB29P) AppleWebKit/537.36 (KHTML, like Gecko) Chrome/135.0.7049.95 Mobile Safari/537.36 (compatible; Googlebot/2.1; +http://www.google.com/bot.html)"
66.249.73.200 - - [03/May/2025:02:19:44 -0400] "GET /?k=92891123276601&channel=476800&from=pin.php%3Fid%3D1232766-17590%26name%3D%E3%83%95%E3%83%AA%E3%83%9E%E3%81%A7%E7%99%BA%E9%80%81%E6%99%82%E3%81%AB%E4%BD%BF%E7%94%A8%E3%81%99%E3%82%8B%E5%8E%9A%E3%81%95%E6%B8%AC%E5%AE%9A%E5%AE%9A%E8%A6%8F%E3%80%80%E6%99%AE%E9%80%9A%E9%83%B5%E4%BE%BF HTTP/1.1" 200 0 "-" "Mozilla/5.0 (Linux; Android 6.0.1; Nexus 5X Build/MMB29P) AppleWebKit/537.36 (KHTML, like Gecko) Chrome/135.0.7049.95 Mobile Safari/537.36 (compatible; GoogleOther)"
66.249.74.104 - - [03/May/2025:02:20:25 -0400] "GET /?k=07432190224300&channel=9c3aef&from=shared.php%3Fid%3D1902243-16230%26name%3DZEESEA+%E3%82%A2%E3%83%AA%E3%82%B9%E3%82%B7%E3%83%AA%E3%83%BC%E3%82%BA+%E3%83%95%E3%82%A7%E3%82%A4%E3%82%B9%E3%83%91%E3%82%A6%E3%83%80%E3%83%BC+%E3%83%94%E3%83%B3%E3%82%AF%E3%83%99%E3%83%BC%E3%82%B8%E3%83%A5%28%E8%84%82%E6%80%A7%E8%82%8C%E5%90%91%E3%81%91%29 HTTP/1.1" 200 52606 "-" "Mozilla/5.0 (Linux; Android 6.0.1; Nexus 5X Build/MMB29P) AppleWebKit/537.36 (KHTML, like Gecko) Chrome/135.0.7049.95 Mobile Safari/537.36 (compatible; Googlebot/2.1; +http://www.google.com/bot.html)"
66.249.73.201 - - [03/May/2025:02:20:51 -0400] "GET /?k=9192196260501&channel=35bbab&from=brands.php%3Fid%3D962605-19143%26name%3DFind-Out+%E3%83%95%E3%83%BC%E3%83%89%E4%BB%98%E3%81%8D%E3%83%91%E3%83%BC%E3%82%AB%E3%83%BC+%E3%83%8D%E3%82%A4%E3%83%93%E3%83%BC HTTP/1.1" 200 0 "-" "Mozilla/5.0 (Linux; Android 6.0.1; Nexus 5X Build/MMB29P) AppleWebKit/537.36 (KHTML, like Gecko) Chrome/135.0.7049.95 Mobile Safari/537.36 (compatible; GoogleOther)"
66.249.74.104 - - [03/May/2025:02:20:54 -0400] "GET /?k=16993174981303&channel=087724&from=pin.php%3Fid%3D1749813-3232%26name%3D%E3%80%90%E3%83%A1%E3%83%BC%E3%83%AB%E4%BE%BF%E3%83%BB%E5%AE%9A%E5%BD%A2%E5%A4%96%E9%83%B5%E4%BE%BF%E7%AD%89%E3%81%A7%E9%80%81%E6%96%99%E7%84%A1%E6%96%99%E3%80%91%3Cbr%3E%E6%AF%9B%E5%B8%83%E5%8F%8E%E7%B4%8D%E8%A2%8B+%E5%8C%97%E6%AC%A7%E6%9F%84 HTTP/1.1" 200 53812 "-" "Mozilla/5.0 (Linux; Android 6.0.1; Nexus 5X Build/MMB29P) AppleWebKit/537.36 (KHTML, like Gecko) Chrome/135.0.7049.95 Mobile Safari/537.36 (compatible; Googlebot/2.1; +http://www.google.com/bot.html)"
66.249.74.105 - - [03/May/2025:02:21:55 -0400] "GET /?k=3485066532302&channel=217fc3&from=article.php%3Fid%3D665323-12327%26name%3DYG-320+%E3%83%97%E3%83%AD%E3%83%95%E3%82%A7%E3%83%83%E3%82%B7%E3%83%A7%E3%83%8A%E3%83%AB%E3%82%AA%E3%83%95%E3%82%A3%E3%82%B9%E3%83%97%E3%83%A9%E3%82%B9%E3%83%81%E3%83%83%E3%82%AF%E5%8C%85%E8%A3%85%E6%A9%9F%E3%83%A9%E3%83%9F%E3%83%8D%E3%83%BC%E3%83%88%E6%A9%9F+A3%2FA4+%E3%83%95%E3%82%A1%E3%82%A4%E3%83%AB%E5%86%99%E7%9C%9F%E3%83%97%E3%83%A9%E3%82%B9%E3%83%81%E3%83%83%E3%82%AF%E5%8C%85%E8%A3%85%E3%83%A9%E3%83%9F%E3%83%8D%E3%83%BC%E3%83%88%E6%A9%9F+%E5%95%86%E6%A5%AD%E7%94%A8 HTTP/1.1" 200 52853 "-" "Mozilla/5.0 (Linux; Android 6.0.1; Nexus 5X Build/MMB29P) AppleWebKit/537.36 (KHTML, like Gecko) Chrome/135.0.7049.95 Mobile Safari/537.36 (compatible; Googlebot/2.1; +http://www.google.com/bot.html)"
66.249.74.105 - - [03/May/2025:02:22:31 -0400] "GET /?k=0203788113602&channel=b11959&from=article.php%3Fid%3D881136-10507%26name%3DRed+Dead+Redemption+2%28Official++Guide%29%E8%8B%B1%E8%AA%9E%E7%89%88%EF%BC%88Red+Dead+Redemption+2+Official+Guide+Collector+Ed%EF%BC%89 HTTP/1.1" 200 51700 "-" "Mozilla/5.0 (Linux; Android 6.0.1; Nexus 5X Build/MMB29P) AppleWebKit/537.36 (KHTML, like Gecko) Chrome/135.0.7049.95 Mobile Safari/537.36 (compatible; Googlebot/2.1; +http://www.google.com/bot.html)"
66.249.74.104 - - [03/May/2025:02:23:30 -0400] "GET /?k=1912888071000&channel=2170d1&from=product.php%3Fid%3D880710-12194%26name%3D%E3%83%A1%E3%82%BE%E3%83%94%E3%82%A2%E3%83%8E+%E3%82%AD%E3%83%A3%E3%83%AA%E3%83%BC%E3%82%B1%E3%83%BC%E3%82%B9+%E4%B8%80%E7%95%AA%E3%81%8F%E3%81%98 HTTP/1.1" 200 52662 "-" "Mozilla/5.0 (Linux; Android 6.0.1; Nexus 5X Build/MMB29P) AppleWebKit/537.36 (KHTML, like Gecko) Chrome/135.0.7049.95 Mobile Safari/537.36 (compatible; Googlebot/2.1; +http://www.google.com/bot.html)"
66.249.74.103 - - [03/May/2025:02:24:28 -0400] "GET /?k=29229118492805&channel=c1cb7a&from=form.php%3Fid%3D1184928-600%26name%3D%E3%82%A2%E3%83%90%E3%82%AF%E3%83%AD%E3%82%B8%E3%83%A3%E3%83%B3%E3%83%90%E3%83%BC HTTP/1.1" 200 50362 "-" "Mozilla/5.0 (Linux; Android 6.0.1; Nexus 5X Build/MMB29P) AppleWebKit/537.36 (KHTML, like Gecko) Chrome/135.0.7049.95 Mobile Safari/537.36 (compatible; Googlebot/2.1; +http://www.google.com/bot.html)"
66.249.74.103 - - [03/May/2025:02:25:24 -0400] "GET /?k=5617868074300&channel=71b1c9&from=article.php%3Fid%3D680743-15631%26name%3D%E3%80%90%E9%81%A9%E5%90%88%E8%BB%8A%E7%A8%AE%3A%E3%83%80%E3%82%A4%E3%83%8F%E3%83%84+%E3%83%A0%E3%83%BC%E3%83%96%28L170%E7%B3%BB%292006-2011%E3%80%91+DUNLOP+%E3%83%87%E3%82%A3%E3%83%AC%E3%83%83%E3%83%84%E3%82%A1+Z3+165%2F55R15+%E5%A4%8F%E7%94%A8%E3%82%BF%E3%82%A4%E3%83%A4%E3%81%A8%E3%83%9B HTTP/1.1" 200 54335 "-" "Mozilla/5.0 (Linux; Android 6.0.1; Nexus 5X Build/MMB29P) AppleWebKit/537.36 (KHTML, like Gecko) Chrome/135.0.7049.95 Mobile Safari/537.36 (compatible; Googlebot/2.1; +http://www.google.com/bot.html)"
52.167.144.203 - - [03/May/2025:02:25:40 -0400] "GET /?k=8989937141801&channel=b262e9&from=form.php%3Fid%3D371418-10555%26name%3DEb+17+%E3%82%AD%E3%83%BC+%E3%83%97%E3%83%AD%E3%83%95%E3%82%A7%E3%83%83%E3%82%B7%E3%83%A7%E3%83%8A%E3%83%AB+%E3%82%AF%E3%83%A9%E3%83%AA%E3%83%8D%E3%83%83%E3%83%88+%E3%82%A6%E3%83%83%E3%83%89+%E3%82%AF%E3%83%A9%E3%83%AA%E3%83%8D%E3%83%83%E3%83%88+%E3%82%AF%E3%83%A9%E3%83%AA%E3%83%8D%E3%83%83%E3%83%88+%E5%88%9D%E5%BF%83%E8%80%85 HTTP/1.1" 200 41435 "-" "Mozilla/5.0 AppleWebKit/537.36 (KHTML, like Gecko; compatible; bingbot/2.0; +http://www.bing.com/bingbot.htm) Chrome/116.0.1938.76 Safari/537.36"
66.249.74.103 - - [03/May/2025:02:26:24 -0400] "GET /?k=8108918841502&channel=b0c3dc&from=brands.php%3Fid%3D188415-5215%26name%3DPreparation+Unit+ADW+Series+Dripleg+Drain+ADW400+ADW40010+3%2F8%26%2334%3B HTTP/1.1" 200 53323 "-" "Mozilla/5.0 (Linux; Android 6.0.1; Nexus 5X Build/MMB29P) AppleWebKit/537.36 (KHTML, like Gecko) Chrome/135.0.7049.95 Mobile Safari/537.36 (compatible; Googlebot/2.1; +http://www.google.com/bot.html)"
66.249.74.104 - - [03/May/2025:02:26:44 -0400] "GET /?k=16464159312703&channel=ccba53&from=news.php%3Fid%3D1593127-13774%26name%3D%E3%83%97%E3%83%AB%E3%82%A2%E3%83%83%E3%83%97%E4%BC%B8%E7%B8%AE%E5%BC%8F%E3%83%97%E3%83%AB%E3%82%A2%E3%83%83%E3%83%97%E4%BC%B8%E7%B8%AE%E5%BC%8F%E5%AE%B6%E5%BA%AD%E7%94%A8%E3%82%B7%E3%83%B3%E3%82%B0%E3%83%AB%E3%83%89%E3%82%A2%E5%A3%81%E3%83%95%E3%82%A3%E3%83%83%E3%83%88%E3%83%8D%E3%82%B9%E6%A9%9F%E5%99%A873-94cm%E3%80%81 HTTP/1.1" 200 0 "-" "Mozilla/5.0 (Linux; Android 6.0.1; Nexus 5X Build/MMB29P) AppleWebKit/537.36 (KHTML, like Gecko) Chrome/135.0.7049.95 Mobile Safari/537.36 (compatible; GoogleOther)"
66.249.74.103 - - [03/May/2025:02:26:54 -0400] "GET /?k=2205115863009&channel=506823&from=goods.php%3Fid%3D158630-9346%26name%3D%E5%80%A4%E4%B8%8B%E3%81%92%E3%81%8A%E5%80%A4%E6%89%93%E3%81%A1%EF%BC%81+%E3%83%8F%E3%83%B3%E3%83%89%E3%83%A1%E3%82%A4%E3%83%89%E3%80%80%E3%83%8A%E3%82%A4%E3%83%88%E3%83%86%E3%83%BC%E3%83%96%E3%83%AB%E3%80%80%E3%83%95%E3%83%A9%E3%83%AF%E3%83%BC%E3%82%B9%E3%82%BF%E3%83%B3%E3%83%89%E3%80%80%E3%82%B5%E3%82%A4%E3%83%89%E3%83%86%E3%83%BC%E3%83%96%E3%83%AB HTTP/1.1" 200 0 "-" "Mozilla/5.0 (Linux; Android 6.0.1; Nexus 5X Build/MMB29P) AppleWebKit/537.36 (KHTML, like Gecko) Chrome/135.0.7049.95 Mobile Safari/537.36 (compatible; GoogleOther)"
66.249.74.103 - - [03/May/2025:02:26:54 -0400] "GET /?k=2924514594300&channel=1b44b3&from=shared.php%3Fid%3D145943-8978%26name%3D%E8%BB%8A%E3%81%AE%E3%82%A4%E3%83%B3%E3%83%86%E3%83%AA%E3%82%A2%E3%83%90%E3%83%83%E3%82%AF%E3%83%9F%E3%83%A9%E3%83%BC+%E3%83%95%E3%82%A9%E3%83%BC%E3%83%89%E7%94%A8+%E3%83%95%E3%82%A9%E3%83%BC%E3%82%AB%E3%82%B9%E7%94%A8+2005+2006+2007+2008+2009+2010+2011+2012 HTTP/1.1" 200 52533 "-" "Mozilla/5.0 (Linux; Android 6.0.1; Nexus 5X Build/MMB29P) AppleWebKit/537.36 (KHTML, like Gecko) Chrome/135.0.7049.95 Mobile Safari/537.36 (compatible; Googlebot/2.1; +http://www.google.com/bot.html)"
40.77.167.22 - - [03/May/2025:02:27:37 -0400] "GET /?k=86276117482804&channel=74ea2e&from=form.php%3Fid%3D1174828-21639%26name%3DCSCDD+120A%E3%82%A2%E3%83%B3%E3%83%97%E6%95%B4%E6%B5%81%E5%99%A8%E3%83%95%E3%82%A3%E3%83%AB%E3%82%BF%E3%83%BC%E4%BE%9B%E7%B5%A6%E9%9B%BB%E6%BA%90%E3%83%9C%E3%83%BC%E3%83%89%E9%AB%98%E5%87%BA%E5%8A%9B%E3%82%B7%E3%83%A7%E3%83%83%E3%83%88%E3%82%AD%E3%83%BC%E6%95%B4%E6%B5%81%E5%99%A8%E3%83%95%E3%82%A3%E3%83%AB%E3%82%BF%E3%83%BC%E9%9B%BB%E6%BA%90%E3%83%9C%E3%83%BC%E3%83%8910000UF+125V HTTP/1.1" 200 42080 "-" "Mozilla/5.0 AppleWebKit/537.36 (KHTML, like Gecko; compatible; bingbot/2.0; +http://www.bing.com/bingbot.htm) Chrome/116.0.1938.76 Safari/537.36"
52.167.144.203 - - [03/May/2025:02:27:42 -0400] "GET /?k=62892171810000&channel=ce82a8&from=category-info.php%3Fid%3D1718100-11438%26name%3DOkiyakusama+%E8%87%AA%E5%8B%95%E8%BB%8A%E3%83%9C%E3%83%87%E3%82%A3%E3%81%AE%E3%81%B8%E3%81%93%E3%81%BF%E4%BF%AE%E7%90%86%E3%83%84%E3%83%BC%E3%83%AB+%E8%87%AA%E5%8B%95%E8%BB%8A%E5%A1%97%E8%A3%85%E4%B8%8D%E8%A6%81%E3%81%AE%E4%BF%AE%E7%90%86%E7%94%A8%E3%83%97%E3%83%BC%E3%83%A9%E3%83%BC+%E9%9B%B9%E3%81%AB%E3%82%88%E3%82%8B%E3%81%B8%E3%81%93%E3%81%BF%E3%81%AE%E9%99%A4%E5%8E%BB+%E8%87%AA%E5%8B%95%E8%BB%8A%E7%94%A8%E3%82%A8%E3%82%AD%E3%82%B9%E3%83%91%E3%83%B3%E3%83%80%E3%83%BC HTTP/1.1" 200 41190 "-" "Mozilla/5.0 AppleWebKit/537.36 (KHTML, like Gecko; compatible; bingbot/2.0; +http://www.bing.com/bingbot.htm) Chrome/116.0.1938.76 Safari/537.36"
66.249.74.104 - - [03/May/2025:02:27:51 -0400] "GET /?k=6175124303302&channel=0deee5&from=goods.php%3Fid%3D243033-10205%26name%3D%E7%94%B0%E6%9D%91%E6%96%87%E5%AE%8F+%E3%81%A9%E3%82%93%E3%81%B6%E3%82%8A+%E9%89%A2%E9%A3%9F%E5%99%A8+%E5%99%A8+2%E5%80%8B%E3%82%BB%E3%83%83%E3%83%88 HTTP/1.1" 200 52322 "-" "Mozilla/5.0 (Linux; Android 6.0.1; Nexus 5X Build/MMB29P) AppleWebKit/537.36 (KHTML, like Gecko) Chrome/135.0.7049.95 Mobile Safari/537.36 (compatible; Googlebot/2.1; +http://www.google.com/bot.html)"
52.167.144.173 - - [03/May/2025:02:28:06 -0400] "GET /?k=3550186102304&channel=d8b485&from=article.php%3Fid%3D861023-18469%26name%3D%E3%82%AC%E3%82%B9%E8%AD%A6%E5%A0%B1%E5%99%A8+co%E3%82%AC%E3%82%B9%E6%A4%9C%E5%87%BA%E5%99%A8%E3%80%81%E3%82%AC%E3%82%B9%E3%83%86%E3%82%B9%E3%82%BF%E3%83%BC%E3%82%A2%E3%83%A9%E3%83%BC%E3%83%A0%E3%82%AC%E3%82%B9%E3%82%BB%E3%83%B3%E3%82%B5%E3%83%BC%E3%83%86%E3%82%B9%E3%82%BF%E3%83%BC%E3%82%A2%E3%83%8A%E3%83%A9%E3%82%A4%E3%82%B6%E3%83%BC+LCD%E7%94%BB%E9%9D%A2%3B+0-2000ppm%E3%80%81w%2F%E5%B0%8E%E3%81%84%E3%81%9F%E8%AD%A6%E5%A0%B1 HTTP/1.1" 200 40017 "-" "Mozilla/5.0 AppleWebKit/537.36 (KHTML, like Gecko; compatible; bingbot/2.0; +http://www.bing.com/bingbot.htm) Chrome/116.0.1938.76 Safari/537.36"
66.249.74.104 - - [03/May/2025:02:28:50 -0400] "GET /?k=06008114785603&channel=4b2de3&from=article.php%3Fid%3D1147856-1519%26name%3D%E3%83%90%E3%83%AB%E3%82%B3%E3%83%8B%E3%83%BC%E6%89%8B%E3%81%99%E3%82%8A%E6%A4%8D%E7%89%A9%E3%83%9D%E3%83%83%E3%83%88%E3%80%81%E9%87%91%E5%B1%9E%E8%A3%BD%E3%81%AE%E9%89%84%E3%81%AE%E6%A4%8D%E6%9C%A8%E9%89%A2%2C+%E3%82%A2%E3%82%A4%E3%82%A2%E3%83%B3%E3%83%A1%E3%82%BF%E3%83%AB%E3%83%95%E3%82%A7%E3%83%B3%E3%82%B9%E6%89%8B%E3%81%99%E3%82%8A%E8%8A%B1%E3%81%AE%E6%A4%8D%E7%89%A9%E9%8D%8B%2C+%E3%82%AB%E3%83%95%E3%82%A7%E3%83%9D%E3%83%BC%E3%83%81%E3%83%90%E3%83%AB%E3%82%B3%E3%83%8B%E3%83%BC%E3%82%AC%E3%83%BC%E3%83%87%E3%83%8B%E3%83%B3%E3%82%B0%E3%83%90%E3%82%B1%E3%83%83 HTTP/1.1" 200 51986 "-" "Mozilla/5.0 (Linux; Android 6.0.1; Nexus 5X Build/MMB29P) AppleWebKit/537.36 (KHTML, like Gecko) Chrome/135.0.7049.95 Mobile Safari/537.36 (compatible; Googlebot/2.1; +http://www.google.com/bot.html)"
66.249.74.104 - - [03/May/2025:02:29:28 -0400] "GET /?k=9289767466900&channel=530d65&from=brands.php%3Fid%3D674669-488%26name%3D2020+Topps%E3%82%AB%E3%83%BC%E3%83%89+%E3%82%AE%E3%83%A3%E3%83%93%E3%83%B3%E3%83%A9%E3%83%83%E3%82%AF%E3%82%B9+%E3%83%AD%E3%82%B5%E3%83%B3%E3%82%BC%E3%83%AB%E3%82%B9%E3%83%89%E3%82%B8%E3%83%A3%E3%83%BC+%E3%82%AB%E3%83%BC%E3%83%89%E3%80%80%E9%87%8E%E7%90%83%E3%80%80%E3%83%97%E3%83%AD%E3%80%80MLB%E3%80%80%E6%97%A5%E6%9C%AC%E4%BB%A3%E8%A1%A8%E3%80%80%E9%99%90%E5%AE%9A+Baseball HTTP/1.1" 200 54038 "-" "Mozilla/5.0 (Linux; Android 6.0.1; Nexus 5X Build/MMB29P) AppleWebKit/537.36 (KHTML, like Gecko) Chrome/135.0.7049.95 Mobile Safari/537.36 (compatible; Googlebot/2.1; +http://www.google.com/bot.html)"
52.167.144.173 - - [03/May/2025:02:29:47 -0400] "GET /?k=8085136198100&channel=f51be1&from=form.php%3Fid%3D361981-8670%26name%3DCD%E3%83%AC%E3%82%B3%E3%80%80%E6%9C%AC%E4%BD%93%E3%80%80%E5%8B%95%E4%BD%9C%E7%A2%BA%E8%AA%8D%E6%B8%88%E3%81%BF%E3%80%80%E7%BE%8E%E5%93%81 HTTP/1.1" 200 40025 "-" "Mozilla/5.0 AppleWebKit/537.36 (KHTML, like Gecko; compatible; bingbot/2.0; +http://www.bing.com/bingbot.htm) Chrome/116.0.1938.76 Safari/537.36"
66.249.74.104 - - [03/May/2025:02:29:58 -0400] "GET /?k=2175322313200&channel=74f54b&from=goods.php%3Fid%3D223132-3627%26name%3D%5B%E6%AD%A6%E8%94%B5%E9%87%8E%E3%83%A6%E3%83%8B%E3%83%95%E3%82%A9%E3%83%BC%E3%83%A0%5D+%E9%9B%BB%E5%8B%95%E3%83%95%E3%82%A1%E3%83%B3%E4%BB%98%E3%81%8D%E3%82%A6%E3%82%A7%E3%82%A2+%E7%A9%BA%E8%AA%BF%E9%A2%A8%E7%A5%9E%E6%9C%8D+%E5%8D%8A%E8%A2%96%E3%83%AF%E3%83%BC%E3%82%AF%E3%83%96%E3%83%AB%E3%82%BE%E3%83%B3+%E7%B6%BF100%25+%E3%82%B5%E3%83%B3%E3%82%A8%E3%82%B9+%E4%BD%9C%E6%A5%AD%E7%9D%80+%E4%BD%9C%E6%A5%AD%E6%9C%8D%EF%BC%9C099-KU91 HTTP/1.1" 200 0 "-" "Mozilla/5.0 (Linux; Android 6.0.1; Nexus 5X Build/MMB29P) AppleWebKit/537.36 (KHTML, like Gecko) Chrome/135.0.7049.95 Mobile Safari/537.36 (compatible; GoogleOther)"
66.249.74.104 - - [03/May/2025:02:30:31 -0400] "GET /?k=8269770054206&channel=355d7f&from=jp.php%3Fid%3D700542-15918%26name%3D%E3%82%A6%E3%82%A9%E3%83%83%E3%82%AB%E3%83%87%E3%82%AB%E3%83%B3%E3%82%BF%E3%83%BC%E3%80%81%E9%85%92%E9%A1%9E%E3%83%87%E3%82%A3%E3%82%B9%E3%83%9A%E3%83%B3%E3%82%B5%E3%83%BC+-+%E3%82%AC%E3%83%A9%E3%82%B9%E3%82%A6%E3%82%A4%E3%82%B9%E3%82%AD%E3%83%BC%E3%83%87%E3%82%AB%E3%83%B3%E3%82%BF%E3%83%9C%E3%83%88%E3%83%AB%2C%E5%A4%AB%E3%81%AE%E3%81%8A%E7%88%B6%E3%81%95%E3%82%93%E3%81%AE%E3%81%9F%E3%82%81%E3%81%AE%E3%82%A8%E3%83%B3%E3%82%B8%E3%83%B3%E5%9E%8B%E3%81%AE%E3%83%9B%E3%83%BC%E3%83%A0%E3%83%90%E3%83%BC%E3%82%A2%E3%82%AF%E3%82%BB%E3%82%B5%E3%83%AA%E3%83%BC HTTP/1.1" 200 52034 "-" "Mozilla/5.0 (Linux; Android 6.0.1; Nexus 5X Build/MMB29P) AppleWebKit/537.36 (KHTML, like Gecko) Chrome/135.0.7049.95 Mobile Safari/537.36 (compatible; Googlebot/2.1; +http://www.google.com/bot.html)"
66.249.74.103 - - [03/May/2025:02:30:57 -0400] "GET /?k=86104188733701&channel=d91042&from=article.php%3Fid%3D1887337-15415%26name%3DYODN%E3%80%80%E3%83%97%E3%83%AD%E3%82%B8%E3%82%A7%E3%82%AF%E3%82%BF%E3%83%BC%E3%83%A9%E3%83%B3%E3%83%97%E3%80%80%E6%B1%8E%E7%94%A8%E4%BA%A4%E6%8F%9B%E3%83%A6%E3%83%8B%E3%83%83%E3%83%88%E3%80%80SONY+%E3%82%BD%E3%83%8B%E3%83%BC+KDS70Q006U%28XL-5000%29%E3%80%80%E5%AF%BE%E5%BF%9C HTTP/1.1" 200 52228 "-" "Mozilla/5.0 (Linux; Android 6.0.1; Nexus 5X Build/MMB29P) AppleWebKit/537.36 (KHTML, like Gecko) Chrome/135.0.7049.95 Mobile Safari/537.36 (compatible; Googlebot/2.1; +http://www.google.com/bot.html)"
66.249.74.104 - - [03/May/2025:02:31:24 -0400] "GET /?k=7090674106300&channel=0a161b&from=article.php%3Fid%3D741063-15781%26name%3D%E4%B8%AD%E5%8F%A4%E3%83%95%E3%82%A1%E3%82%A4%E3%83%8A%E3%83%AB%E3%83%95%E3%82%A1%E3%83%B3%E3%82%BF%E3%82%B8%E3%83%BCTCGTRUE+12-095R%5BR%5D%EF%BC%9A%E3%82%AF%E3%82%A1%E3%82%A4%E3%82%B9 HTTP/1.1" 200 50808 "-" "Mozilla/5.0 (Linux; Android 6.0.1; Nexus 5X Build/MMB29P) AppleWebKit/537.36 (KHTML, like Gecko) Chrome/135.0.7049.95 Mobile Safari/537.36 (compatible; Googlebot/2.1; +http://www.google.com/bot.html)"
52.167.144.198 - - [03/May/2025:02:31:28 -0400] "GET /?k=73911130693204&channel=7acfb2&from=category-info.php%3Fid%3D1306932-11649%26name%3D%E3%80%90Brillage%E3%80%91%E3%82%B8%E3%83%A3%E3%82%B1%E3%83%83%E3%83%88%2F%E3%82%A2%E3%82%A6%E3%82%BF%E3%83%BC%2F%E3%83%87%E3%83%8B%E3%83%A0%2F%E3%83%91%E3%83%BC%E3%83%AB%E4%BB%98%E3%81%8D%2F%E9%95%B7%E8%A2%96%2F%E3%83%AC%E3%83%87%E3%82%A3%E3%83%BC%E3%82%B9 HTTP/1.1" 200 39878 "-" "Mozilla/5.0 AppleWebKit/537.36 (KHTML, like Gecko; compatible; bingbot/2.0; +http://www.bing.com/bingbot.htm) Chrome/116.0.1938.76 Safari/537.36"
66.249.74.103 - - [03/May/2025:02:31:29 -0400] "GET /?k=6009931136503&channel=0dad6a&from=shared.php%3Fid%3D311365-8578%26name%3D%E7%BE%8E%E6%BF%83%E7%84%BC+%E5%B9%B8%E6%B3%89%E9%87%9C+2%E5%AE%A2+%E3%82%AA%E3%83%AA%E3%82%A8%E3%83%B3%E3%83%88+%E5%BE%A1%E9%BA%97%E8%89%B6%E6%B8%A1+%E3%83%AF%E3%82%A4%E3%83%B3%E3%82%AB%E3%83%83%E3%83%97+%E3%82%B3%E3%83%83%E3%83%97+%E3%82%AB%E3%83%83%E3%83%97+%E3%83%AC%E3%83%88%E3%83%AD HTTP/1.1" 200 52350 "-" "Mozilla/5.0 (Linux; Android 6.0.1; Nexus 5X Build/MMB29P) AppleWebKit/537.36 (KHTML, like Gecko) Chrome/135.0.7049.95 Mobile Safari/537.36 (compatible; Googlebot/2.1; +http://www.google.com/bot.html)"
66.249.74.103 - - [03/May/2025:02:31:57 -0400] "GET /?k=2417779638402&channel=fa1b8b&from=news.php%3Fid%3D796384-5905%26name%3DDEARMAMY+%E3%82%A2%E3%82%A4%E3%82%B9%E3%83%9B%E3%83%83%E3%82%B1%E3%83%BC%E9%9D%B4%E3%81%B2%E3%82%82+%E3%83%9B%E3%83%83%E3%82%B1%E3%83%BC%E3%82%B9%E3%82%B1%E3%83%BC%E3%83%88%E9%9D%B4%E3%81%B2%E3%82%82+%E3%82%B9%E3%83%8B%E3%83%BC%E3%82%AB%E3%83%BC%E7%94%A8%E3%81%AE%E9%9D%B4%E3%81%B2%E3%82%82+%E3%82%AF%E3%83%BC%E3%83%AB%E3%81%AA%E9%9D%B4%E3%81%B2%E3%82%82+%E3%83%A9%E3%83%B3%E3%83%8B%E3%83%B3%E3%82%B0%E3%82%B7%E3%83%A5%E3%83%BC%E3%82%BA%E3%83%AC%E3%83%BC%E3%82%B9+%E9%9D%92%E5%B0%91 HTTP/1.1" 200 51201 "-" "Mozilla/5.0 (Linux; Android 6.0.1; Nexus 5X Build/MMB29P) AppleWebKit/537.36 (KHTML, like Gecko) Chrome/135.0.7049.95 Mobile Safari/537.36 (compatible; Googlebot/2.1; +http://www.google.com/bot.html)"
66.249.74.103 - - [03/May/2025:02:32:11 -0400] "GET /?k=1383930370202&channel=bdb3ab&from=article.php%3Fid%3D303702-5219%26name%3D%E3%83%95%E3%83%AA%E3%83%B3%E3%83%88%E3%83%AD%E3%83%83%E3%82%AF%E5%BC%8F+%E8%A3%85%E9%A3%BE%E9%8A%83%E3%80%80MADERA+BOIS+WOOD+HOLZ+%E8%A3%BD3%E7%82%B9 HTTP/1.1" 200 50441 "-" "Mozilla/5.0 (Linux; Android 6.0.1; Nexus 5X Build/MMB29P) AppleWebKit/537.36 (KHTML, like Gecko) Chrome/135.0.7049.95 Mobile Safari/537.36 (compatible; Googlebot/2.1; +http://www.google.com/bot.html)"
66.249.74.105 - - [03/May/2025:02:32:14 -0400] "GET /?k=7783544332305&channel=212971&from=shop.php%3Fid%3D443323-13240%26name%3D%E3%83%8A%E3%82%A4%E3%82%B9%E3%83%A2%E3%83%BC%E3%82%BF%E3%83%BC%E3%82%B5%E3%82%A4%E3%82%AF%E3%83%AB%E3%80%80%E3%82%B9%E3%83%AA%E3%83%A0%E3%82%B7%E3%83%BC%E3%83%88%E3%80%80%E3%82%B9%E3%83%9D%E3%83%BC%E3%83%84%E3%82%B9%E3%82%BF%E3%83%BC%E3%80%80%E3%80%9C03%E5%B9%B4 HTTP/1.1" 200 52320 "-" "Mozilla/5.0 (Linux; Android 6.0.1; Nexus 5X Build/MMB29P) AppleWebKit/537.36 (KHTML, like Gecko) Chrome/135.0.7049.95 Mobile Safari/537.36 (compatible; Googlebot/2.1; +http://www.google.com/bot.html)"
66.249.74.103 - - [03/May/2025:02:32:28 -0400] "GET /?k=59954132486100&channel=59e024&from=shared.php%3Fid%3D1324861-548%26name%3D30%E3%83%97%E3%83%AA%E3%82%A6%E3%82%B9%E3%83%BB%E5%A4%8F%E3%82%BF%E3%82%A4%E3%83%A4%E3%83%BB%E7%B4%94%E6%AD%A3%E3%82%A2%E3%83%AB%E3%83%9F%E3%83%9B%E3%82%A4%E3%83%BC%E3%83%AB%E3%82%BB%E3%83%83%E3%83%884%E6%9C%AC HTTP/1.1" 200 52664 "-" "Mozilla/5.0 (Linux; Android 6.0.1; Nexus 5X Build/MMB29P) AppleWebKit/537.36 (KHTML, like Gecko) Chrome/135.0.7049.95 Mobile Safari/537.36 (compatible; Googlebot/2.1; +http://www.google.com/bot.html)"
66.249.74.103 - - [03/May/2025:02:32:55 -0400] "GET /?k=8825250071503&channel=b30353&from=blog.php%3Fid%3D500715-5007%26name%3D%E3%82%B0%E3%83%AB%E3%83%BC%E3%83%9F%E3%83%B3%E3%82%B0%E3%82%BB%E3%83%83%E3%83%88 HTTP/1.1" 200 51089 "-" "Mozilla/5.0 (Linux; Android 6.0.1; Nexus 5X Build/MMB29P) AppleWebKit/537.36 (KHTML, like Gecko) Chrome/135.0.7049.95 Mobile Safari/537.36 (compatible; Googlebot/2.1; +http://www.google.com/bot.html)"
66.249.74.103 - - [03/May/2025:02:32:58 -0400] "GET /?k=65061189113404&channel=ab49b7&from=shop.php%3Fid%3D1891134-11583%26name%3D%EF%BC%A8%EF%BD%85%EF%BD%8C%EF%BD%8C%EF%BD%85%EF%BD%92%EF%BD%99+3x+%E3%83%9C%E3%83%BC%E3%83%AB+%E3%83%AD%E3%83%BC%E3%83%AA%E3%83%B3%E3%82%B0%E3%83%86%E3%83%BC%E3%83%97+%E3%82%AF%E3%83%A9%E3%83%95%E3%83%88+15M+%E6%96%87%E6%88%BF%E5%85%B7+%E3%82%B9%E3%82%AF%E3%83%A9%E3%83%83%E3%83%97%E3%83%96%E3%83%83%E3%82%AF+%E3%82%A2%E3%82%AF%E3%82%BB%E3%82%B5%E3%83%AA%E3%83%BC+%E5%AD%90%E4%BE%9B%E7%94%A8%2C HTTP/1.1" 200 53416 "-" "Mozilla/5.0 (Linux; Android 6.0.1; Nexus 5X Build/MMB29P) AppleWebKit/537.36 (KHTML, like Gecko) Chrome/135.0.7049.95 Mobile Safari/537.36 (compatible; Googlebot/2.1; +http://www.google.com/bot.html)"
66.249.74.104 - - [03/May/2025:02:33:17 -0400] "GET /?k=4290976144300&channel=e5bc3d&from=category-info.php%3Fid%3D761443-16103%26name%3D120cm+%E7%B6%BF100%25+%E3%80%80%E5%8D%8A%E8%A2%96%E8%82%8C%E7%9D%80%E3%80%802%E6%9E%9A%E3%82%BB%E3%83%83%E3%83%88 HTTP/1.1" 200 52039 "-" "Mozilla/5.0 (Linux; Android 6.0.1; Nexus 5X Build/MMB29P) AppleWebKit/537.36 (KHTML, like Gecko) Chrome/135.0.7049.95 Mobile Safari/537.36 (compatible; Googlebot/2.1; +http://www.google.com/bot.html)"
66.249.74.103 - - [03/May/2025:02:33:29 -0400] "GET /?k=2283594556707&channel=9c3fd8&from=news.php%3Fid%3D945567-2167%26name%3D%E3%80%90%E6%A5%B5%E5%B8%8C%E5%B0%91%E5%93%81%E3%80%91Burberry+%E3%83%90%E3%83%BC%E3%83%90%E3%83%AA%E3%83%BC+%E3%83%88%E3%83%A9%E3%83%99%E3%83%AB%E3%83%90%E3%83%83%E3%82%B0++%E7%94%B7%E5%A5%B3%E5%85%BC%E7%94%A8++%E5%A4%A7%E5%AE%B9%E9%87%8F HTTP/1.1" 200 50354 "-" "Mozilla/5.0 (Linux; Android 6.0.1; Nexus 5X Build/MMB29P) AppleWebKit/537.36 (KHTML, like Gecko) Chrome/135.0.7049.95 Mobile Safari/537.36 (compatible; Googlebot/2.1; +http://www.google.com/bot.html)"
66.249.74.103 - - [03/May/2025:02:33:49 -0400] "GET /?k=0101948791500&channel=6f7fe0&from=product.php%3Fid%3D487915-10693%26name%3D%E3%83%AC%E3%83%A0%E6%9D%B1%E4%BA%AC%E4%BA%AC%E6%A9%8B%E3%80%80%E3%82%BB%E3%83%9F%E3%83%80%E3%83%96%E3%83%AB%E3%83%AB%E3%83%BC%E3%83%A0%E5%AE%BF%E6%B3%8A%E5%88%B8%E3%80%80%E5%B9%B3%E6%97%A5%E9%99%90%E5%AE%9A HTTP/1.1" 200 51422 "-" "Mozilla/5.0 (Linux; Android 6.0.1; Nexus 5X Build/MMB29P) AppleWebKit/537.36 (KHTML, like Gecko) Chrome/135.0.7049.95 Mobile Safari/537.36 (compatible; Googlebot/2.1; +http://www.google.com/bot.html)"
66.249.74.105 - - [03/May/2025:02:34:15 -0400] "GET /?k=1243243259401&channel=22c54e&from=category-info.php%3Fid%3D432594-6296%26name%3D32GB+%E4%BA%A4%E6%8F%9B%E7%94%A8%E3%83%A1%E3%83%A2%E3%83%AA+RAM+%E3%82%A2%E3%83%83%E3%83%97%E3%82%B0%E3%83%AC%E3%83%BC%E3%83%89+SuperMicro+SuperServer+8028B-C0R3FT+%28DDR3- HTTP/1.1" 200 51541 "-" "Mozilla/5.0 (Linux; Android 6.0.1; Nexus 5X Build/MMB29P) AppleWebKit/537.36 (KHTML, like Gecko) Chrome/135.0.7049.95 Mobile Safari/537.36 (compatible; Googlebot/2.1; +http://www.google.com/bot.html)"
52.167.144.173 - - [03/May/2025:02:36:29 -0400] "GET /?k=2202145934600&channel=7fe4f3&from=jp.php%3Fid%3D459346-12858%26name%3D%E5%9E%82%E7%9B%B4%E3%82%B8%E3%83%A3%E3%83%B3%E3%83%97%E6%B8%AC%E5%AE%9A%E3%83%86%E3%82%B9%E3%82%BF%E3%83%BC+%E3%82%B8%E3%83%A3%E3%83%B3%E3%83%97%E8%83%BD%E5%8A%9B%E3%83%88%E3%83%AC%E3%83%BC%E3%83%8B%E3%83%B3%E3%82%B0%E3%83%86%E3%82%B9%E3%82%BF%E3%83%BC+%E3%83%90%E3%83%AC%E3%83%BC%E3%83%9C%E3%83%BC%E3%83%AB%E3%82%B9%E3%83%91%E3%82%A4%E3%82%AF%E3%82%B8%E3%83%A3%E3%83%B3%E3%83%97%E3%83%88%E3%83%AC%E3%83%BC%E3%83%8A%E3%83%BC+%E3%83%90%E3%82%B9%E3%82%B1%E3%83%83%E3%83%88%E3%83%9C%E3%83%BC%E3%83%AB%E3%83%88%E3%83%AC%E3%83%BC%E3%83%8B%E3%83%B3%E3%82%B0%E8%A3%9C%E5%8A%A9 HTTP/1.1" 200 43141 "-" "Mozilla/5.0 AppleWebKit/537.36 (KHTML, like Gecko; compatible; bingbot/2.0; +http://www.bing.com/bingbot.htm) Chrome/116.0.1938.76 Safari/537.36"
66.249.73.201 - - [03/May/2025:02:36:36 -0400] "GET /?k=92153123760500&channel=d9fa9b&from=shared.php%3Fid%3D1237605-22115%26name%3DLP%E2%97%8FKENZI+%26+THE+TRIPS+FROME+RABBIT+HOUSE%2F25EC-1001+%E3%83%91%E3%83%B3%E3%82%AF%E3%83%BB%E3%83%AD%E3%83%83%E3%82%AF%E3%81%AE%E6%9C%80%E6%96%B0%E5%9E%8B%EF%BC%81 HTTP/1.1" 200 0 "-" "Mozilla/5.0 (Linux; Android 6.0.1; Nexus 5X Build/MMB29P) AppleWebKit/537.36 (KHTML, like Gecko) Chrome/135.0.7049.95 Mobile Safari/537.36 (compatible; GoogleOther)"
66.249.74.104 - - [03/May/2025:02:37:18 -0400] "GET /?k=0907027237400&channel=a917b8&from=article.php%3Fid%3D272374-7276%26name%3D%E3%83%93%E3%83%9C+%E3%82%A2%E3%82%A4%E3%83%95%E3%83%AB%E3%82%A2%E3%82%A4%E3%83%A9%E3%82%A4%E3%83%8A%E3%83%BC1 HTTP/1.1" 200 0 "-" "Mozilla/5.0 (Linux; Android 6.0.1; Nexus 5X Build/MMB29P) AppleWebKit/537.36 (KHTML, like Gecko) Chrome/135.0.7049.95 Mobile Safari/537.36 (compatible; GoogleOther)"
40.77.167.149 - - [03/May/2025:02:38:45 -0400] "GET /?k=26950196505&channel=dc3597&from=category-info.php%3Fid%3D1965-410%26name%3DJSEIAJB+%E3%82%AD%E3%83%83%E3%83%81%E3%83%B3%E3%81%AE%E3%82%B4%E3%83%9F%E7%AE%B1+%E3%83%90%E3%82%B9%E3%83%AB%E3%83%BC%E3%83%A0%E3%81%AE%E3%82%BF%E3%83%83%E3%83%81%E3%82%B4%E3%83%9F%E7%AE%B1+%E3%83%88%E3%82%A4%E3%83%AC%E3%81%AE%E3%82%B9%E3%83%9E%E3%83%BC%E3%83%88%E3%83%90%E3%82%B1%E3%83%84+%E3%82%B4%E3%83%9F%E7%AE%B1+%E3%82%B4%E3%83%9F%E7%AE%B1+%E3%82%B9%E3%83%9E%E3%83%BC%E3%83%88%E3%82%AD%E3%83%83%E3%83%81%E3%83%B3 HTTP/1.1" 200 41279 "-" "Mozilla/5.0 AppleWebKit/537.36 (KHTML, like Gecko; compatible; bingbot/2.0; +http://www.bing.com/bingbot.htm) Chrome/116.0.1938.76 Safari/537.36"
40.77.167.149 - - [03/May/2025:02:39:15 -0400] "GET /?k=82899184522803&channel=7d3dde&from=article.php%3Fid%3D1845228-14824%26name%3DFarigrut+%E9%89%84%E9%8D%8B%E5%9C%9F%E9%8D%8B+%E9%89%84%E9%8B%B3%E7%89%A9%E8%A3%BD+%E3%82%AC%E3%82%B9%E7%81%AB+IH+%E5%AF%BE%E5%BF%9C+%E9%8B%B3%E9%89%84%E9%8D%8B%E5%AE%B6%E5%BA%AD%E7%94%A8%E4%B8%A1%E8%80%B3%E5%A4%A7%E5%9E%8B%E9%89%84%E9%8D%8B%E6%98%94%E3%81%AA%E3%81%8C%E3%82%89%E3%81%AE%E4%B8%B8%E5%BA%95%E3%82%AC%E3%82%B9+%E5%A4%9A%E7%9B%AE%E7%9A%84%E9%8D%8B+%E6%9C%AC%E6%A0%BC%E7%9A%84%E3%81%AA%E9%89%84%E8%A3%BD%E3%81%AE%E3%81%8A%E9%8D%8B%E3%81%A7 HTTP/1.1" 200 41951 "-" "Mozilla/5.0 AppleWebKit/537.36 (KHTML, like Gecko; compatible; bingbot/2.0; +http://www.bing.com/bingbot.htm) Chrome/116.0.1938.76 Safari/537.36"
66.249.73.201 - - [03/May/2025:02:39:23 -0400] "GET /?k=01956129566200&channel=3abe21&from=jp.php%3Fid%3D1295662-1324%26name%3D%E3%82%A2%E3%82%A4%E3%83%97%E3%83%AA%E3%80%80%E3%82%B5%E3%82%AF%E3%83%A9 HTTP/1.1" 200 52641 "-" "Mozilla/5.0 (Linux; Android 6.0.1; Nexus 5X Build/MMB29P) AppleWebKit/537.36 (KHTML, like Gecko) Chrome/135.0.7049.95 Mobile Safari/537.36 (compatible; Googlebot/2.1; +http://www.google.com/bot.html)"
66.249.74.103 - - [03/May/2025:02:41:35 -0400] "GET /?k=10291170611400&channel=b4f498&from=category-info.php%3Fid%3D1706114-26108%26name%3D%E3%83%90%E3%83%83%E3%83%95%E3%82%A1%E3%83%AD%E3%83%BC%E9%8C%B2%E7%94%BB%E7%94%A8BD-R+1%E5%9B%9E%E9%8C%B2%E7%94%BB%E7%94%A8%E3%80%80%2825GB%29+3%E6%9E%9A HTTP/1.1" 200 0 "-" "Mozilla/5.0 (Linux; Android 6.0.1; Nexus 5X Build/MMB29P) AppleWebKit/537.36 (KHTML, like Gecko) Chrome/135.0.7049.95 Mobile Safari/537.36 (compatible; GoogleOther)"
66.249.74.105 - - [03/May/2025:02:42:39 -0400] "GET /?k=79581113033000&channel=ccaca8&from=news.php%3Fid%3D1130330-21163%26name%3D%E3%81%A7%E3%81%8D%E3%82%8B+%E4%BB%95%E4%BA%8B%E3%81%8C%E3%81%AF%E3%81%8B%E3%81%A9%E3%82%8BWindows%E5%8A%B9%E7%8E%87%E5%8C%96%E5%85%A8%E9%83%A8%E5%85%A5%E3%82%8A%E3%80%82 HTTP/1.1" 200 0 "-" "Mozilla/5.0 (Linux; Android 6.0.1; Nexus 5X Build/MMB29P) AppleWebKit/537.36 (KHTML, like Gecko) Chrome/135.0.7049.95 Mobile Safari/537.36 (compatible; GoogleOther)"
66.249.74.105 - - [03/May/2025:02:45:13 -0400] "GET /?k=872441160101&channel=9fa3aa&from=news.php%3Fid%3D11601-931%26name%3D%E9%85%92%E6%A3%9A HTTP/1.1" 200 52772 "-" "Mozilla/5.0 (Linux; Android 6.0.1; Nexus 5X Build/MMB29P) AppleWebKit/537.36 (KHTML, like Gecko) Chrome/135.0.7049.95 Mobile Safari/537.36 (compatible; Googlebot/2.1; +http://www.google.com/bot.html)"
52.167.144.20 - - [03/May/2025:02:45:33 -0400] "GET /?k=5691038500303&channel=2c5d17&from=article.php%3Fid%3D385003-9056%26name%3D%E9%9B%BB%E6%B0%97%E5%A0%86%E8%82%A5%E7%AE%B1%E3%80%814L+%E3%82%B9%E3%83%9E%E3%83%BC%E3%83%88%E5%BB%83%E6%A3%84%E7%89%A9%E3%82%AD%E3%83%83%E3%83%81%E3%83%B3%E3%82%B3%E3%83%B3%E3%83%9D%E3%82%B9%E3%82%BF%E3%83%BC%E3%80%81%E7%84%A1%E8%87%AD%E5%B1%8B%E5%86%85%E5%A0%86%E8%82%A5%E7%AE%B1%E3%80%81%E9%A3%9F%E5%93%81%E3%82%92%E3%83%97%E3%83%AC%E5%A0%86%E8%82%A5%E3%81%AB%E5%A4%89%E6%8F%9B%E3%80%81%E8%87%AA%E5%8B%95%E6%B4%97%E6%B5%84%E3%82%B5%E3%82%A4%E3%82%AF%E3%83%AB%E6%A9%9F%E8%83%BD%E3%80%81%E3%82%AD%E3%83%83%E3%83%81%E3%83%B3%E3%82%B9%E3%82%AF%E3%83%A9%E3%83%83%E3%83%97 HTTP/1.1" 200 41846 "-" "Mozilla/5.0 AppleWebKit/537.36 (KHTML, like Gecko; compatible; bingbot/2.0; +http://www.bing.com/bingbot.htm) Chrome/116.0.1938.76 Safari/537.36"
66.249.74.105 - - [03/May/2025:02:46:08 -0400] "GET /?k=55827104598903&channel=15cf2f&from=product.php%3Fid%3D1045989-20071%26name%3D%E7%B5%9E%E3%82%8A%E3%80%80%E3%82%A6%E3%83%BC%E3%83%AB%E5%8F%8D%E7%89%A9%E3%80%80%E3%83%AA%E3%83%A1%E3%82%A4%E3%82%AF HTTP/1.1" 200 52261 "-" "Mozilla/5.0 (Linux; Android 6.0.1; Nexus 5X Build/MMB29P) AppleWebKit/537.36 (KHTML, like Gecko) Chrome/135.0.7049.95 Mobile Safari/537.36 (compatible; Googlebot/2.1; +http://www.google.com/bot.html)"
66.249.74.104 - - [03/May/2025:02:47:49 -0400] "GET /?k=1238461258303&channel=233874&from=goods.php%3Fid%3D612583-1860%26name%3D%E4%BD%9C%E6%A5%AD%E7%9D%80+%E8%A3%8F%E8%B5%B7%E6%AF%9B+%E3%82%AB%E3%82%A6%E3%82%AC%E3%83%BC%E3%83%AB+50+%E4%BB%A3+%E3%81%8A%E3%81%97%E3%82%83%E3%82%8C%E3%81%AA+%E6%9C%8D%E8%A3%85+%E3%82%A6%E3%82%A7%E3%82%A2+%E3%82%B9%E3%83%8E%E3%83%9C+%E3%83%A1%E3%83%B3%E3%82%BA+%E4%B8%8A%E4%B8%8B+Running+Jacket+Men+%E7%84%9A%E3%81%8D%E7%81%AB%E3%83%80 HTTP/1.1" 200 53811 "-" "Mozilla/5.0 (Linux; Android 6.0.1; Nexus 5X Build/MMB29P) AppleWebKit/537.36 (KHTML, like Gecko) Chrome/135.0.7049.95 Mobile Safari/537.36 (compatible; Googlebot/2.1; +http://www.google.com/bot.html)"
52.167.144.186 - - [03/May/2025:02:47:50 -0400] "GET /?k=1091085528600&channel=884201&from=pin.php%3Fid%3D855286-5489%26name%3D%E6%A9%9F%E6%A2%B0%E7%94%A8%E3%81%AE%E5%88%B6%E9%99%90%E3%82%B9%E3%82%A4%E3%83%83%E3%83%81FM+515%E9%81%8E%E5%BA%A6%E3%81%AE%E5%8B%95%E3%81%8D%E3%82%92%E9%81%BF%E3%81%91%E3%82%8B%E3%81%9F%E3%82%81%E3%81%AB%E3%80%81%E3%83%95%E3%82%A3%E3%83%BC%E3%83%89%E3%83%90%E3%83%83%E3%82%AF%E4%BF%A1%E5%8F%B7%E3%82%92%E6%8F%90%E4%BE%9B%E3%81%99%E3%82%8B HTTP/1.1" 200 42237 "-" "Mozilla/5.0 AppleWebKit/537.36 (KHTML, like Gecko; compatible; bingbot/2.0; +http://www.bing.com/bingbot.htm) Chrome/116.0.1938.76 Safari/537.36"
66.249.74.104 - - [03/May/2025:02:48:02 -0400] "GET /?k=91998154939804&channel=f98788&from=blog.php%3Fid%3D1549398-11451%26name%3D%E6%80%A5%E9%80%9F%E5%8A%A0%E7%86%B1+%E3%83%9B%E3%83%83%E3%83%88%E3%83%A1%E3%83%AB%E3%83%88%E3%82%B0%E3%83%AB%E3%83%BC%E3%82%AC%E3%83%B3%E3%80%81500W%E9%AB%98%E5%87%BA%E5%8A%9B%E5%B7%A5%E6%A5%AD%E7%94%A8%E3%82%B5%E3%83%BC%E3%83%A2%E3%82%B9%E3%82%BF%E3%83%83%E3%83%88%E6%B8%A9%E5%BA%A6%E8%AA%BF%E7%AF%80%E5%8F%AF%E8%83%BD%E3%83%87%E3%82%B8%E3%82%BF%E3%83%AB%E3%83%87%E3%82%A3%E3%82%B9%E3%83%97%E3%83%AC%E3%82%A4%E3%80%8111mm%E3%82%B0%E3%83%AB%E3%83%BC%E3%82%B9%E3%83%86%E3%82%A3%E3%83%83%E3%82%AF%E4%BD%BF%E7%94%A8 HTTP/1.1" 200 51930 "-" "Mozilla/5.0 (Linux; Android 6.0.1; Nexus 5X Build/MMB29P) AppleWebKit/537.36 (KHTML, like Gecko) Chrome/135.0.7049.95 Mobile Safari/537.36 (compatible; Googlebot/2.1; +http://www.google.com/bot.html)"
66.249.74.104 - - [03/May/2025:02:48:03 -0400] "GET /?k=43102143986500&channel=03870e&from=article.php%3Fid%3D1439865-18470%26name%3D%E7%9E%AC%E9%96%93%E6%B9%AF%E6%B2%B8%E3%81%8B%E3%81%97%E8%9B%87%E5%8F%A3+%E7%9E%AC%E9%96%93%E5%8A%A0%E7%86%B1%E8%9B%87%E5%8F%A3%E6%B8%A9%E6%B0%B4%E3%82%BF%E3%83%83%E3%83%97%E3%80%81%E3%82%BF%E3%83%B3%E3%82%AF%E3%83%AC%E3%82%B9%E7%B5%A6%E6%B9%AF%E5%99%A8%E9%9B%BB%E6%B0%97%E3%82%AD%E3%83%83%E3%83%81%E3%83%B3%E8%9B%87%E5%8F%A3%E3%80%81%E6%80%A5%E9%80%9F%E5%8A%A0%E7%86%B1%E7%B5%A6%E6%B9%AF%E5%99%A8%E3%82%BF%E3%83%83%E3%83%97+%E9%9B%BB%E6%B0%97%E6%B0%B4%E6%9A%96%E6%88%BF%E3%82%B7%E3%83%A3%E3%83%AF%E3%83%BC+%E3%82%AD%E3%83%83%E3%83%81%E3%83%B3%28Wa HTTP/1.1" 200 53928 "-" "Mozilla/5.0 (Linux; Android 6.0.1; Nexus 5X Build/MMB29P) AppleWebKit/537.36 (KHTML, like Gecko) Chrome/135.0.7049.95 Mobile Safari/537.36 (compatible; Googlebot/2.1; +http://www.google.com/bot.html)"
66.249.74.104 - - [03/May/2025:02:48:04 -0400] "GET /?k=476694556002&channel=a1be26&from=blog.php%3Fid%3D45560-4546%26name%3DCutters+Power+Control+2.0%E3%83%90%E3%83%83%E3%83%86%E3%82%A3%E3%83%B3%E3%82%B0%E3%82%B0%E3%83%AD%E3%83%BC%E3%83%96+%E8%BF%B7%E5%BD%A9A%2FM HTTP/1.1" 200 51250 "-" "Mozilla/5.0 (Linux; Android 6.0.1; Nexus 5X Build/MMB29P) AppleWebKit/537.36 (KHTML, like Gecko) Chrome/135.0.7049.95 Mobile Safari/537.36 (compatible; Googlebot/2.1; +http://www.google.com/bot.html)"
66.249.74.103 - - [03/May/2025:02:48:06 -0400] "GET /?k=79901436705&channel=1274c3&from=jp.php%3Fid%3D4367-547%26name%3DMKVAXR+2+Din+DVD+%E3%82%AA%E3%83%BC%E3%83%87%E3%82%A3%E3%82%AA%E3%83%80%E3%83%83%E3%82%B7%E3%83%A5%E3%82%AD%E3%83%83%E3%83%88%E3%83%95%E3%82%A7%E3%82%A4%E3%82%B7%E3%82%A2%E3%82%B9%E3%83%86%E3%83%AC%E3%82%AA%E3%83%88%E3%83%AA%E3%83%A0%E3%83%95%E3%83%AC%E3%83%BC%E3%83%A0%E3%83%91%E3%83%8D%E3%83%AB%E3%83%95%E3%82%A7%E3%82%A4%E3%82%B7%E3%82%A2%E3%80%81%E3%80%81S+%E3%82%AF%E3%83%A9%E3%82%B9+W220 HTTP/1.1" 200 52947 "-" "Mozilla/5.0 (Linux; Android 6.0.1; Nexus 5X Build/MMB29P) AppleWebKit/537.36 (KHTML, like Gecko) Chrome/135.0.7049.95 Mobile Safari/537.36 (compatible; Googlebot/2.1; +http://www.google.com/bot.html)"
66.249.74.104 - - [03/May/2025:02:48:13 -0400] "GET /?k=20722198847507&channel=124eaf&from=shop.php%3Fid%3D1988475-10776%26name%3D%E3%83%AD%E3%83%BC%E3%83%AA%E3%83%B3%E3%82%B0%E5%8C%BB%E7%99%82%E3%83%97%E3%83%A9%E3%82%A4%E3%83%90%E3%82%B7%E3%83%BC%E3%82%B9%E3%82%AF%E3%83%AA%E3%83%BC%E3%83%B3%E3%80%81%E5%A4%A7%E4%BA%BA%E7%94%A8%E6%8A%98%E3%82%8A%E3%81%9F%E3%81%9F%E3%81%BF%E5%BC%8F%E3%83%AB%E3%83%BC%E3%83%A0%E3%83%87%E3%82%A3%E3%83%90%E3%82%A4%E3%83%80%E3%83%BC%E3%80%81%E9%AB%98%E3%81%956%E3%83%95%E3%82%A3%E3%83%BC%E3%83%88%E3%83%AB%E3%83%BC%E3%83%A0%E3%83%87%E3%82%A3%E3%83%90%E3%82%A4%E3%83%80%E3%83%BC%E3%82%AF%E3%83%AA%E3%83%8B%E3%83%83%E3%82%AF%2F%E6%82%A3%E8%80%85%2F%E8%A8%BA%E5%AF%9F%E5%AE%A4 HTTP/1.1" 200 53115 "-" "Mozilla/5.0 (Linux; Android 6.0.1; Nexus 5X Build/MMB29P) AppleWebKit/537.36 (KHTML, like Gecko) Chrome/135.0.7049.95 Mobile Safari/537.36 (compatible; Googlebot/2.1; +http://www.google.com/bot.html)"
66.249.74.103 - - [03/May/2025:02:48:15 -0400] "GET /?k=886906397300&channel=082861&from=goods.php%3Fid%3D63973-5539%26name%3D%E3%82%B5%E3%82%A4%E3%83%89%E3%83%AA%E3%82%A2%E3%82%A6%E3%82%A3%E3%83%B3%E3%83%89%E3%82%A6%E3%83%AB%E3%83%BC%E3%83%90%E3%83%BC%E3%82%B7%E3%83%BC%E3%83%AB%E3%83%89%E3%82%AB%E3%83%90%E3%83%BC+%E3%83%92%E3%83%A5%E3%83%B3%E3%83%80%E3%82%A4%E3%82%B8%E3%82%A7%E3%83%8D%E3%82%B7%E3%82%B9%E3%82%AF%E3%83%BC%E3%83%9A+2010-2016+GT%E3%82%B9%E3%82%BF%E3%82%A4%E3%83%AB%E5%AF%BE%E5%BF%9C+-+%E3%83%9A%E3%82%A2 HTTP/1.1" 200 54031 "-" "Mozilla/5.0 (Linux; Android 6.0.1; Nexus 5X Build/MMB29P) AppleWebKit/537.36 (KHTML, like Gecko) Chrome/135.0.7049.95 Mobile Safari/537.36 (compatible; Googlebot/2.1; +http://www.google.com/bot.html)"
66.249.74.104 - - [03/May/2025:02:48:11 -0400] "GET /?k=09245175536300&channel=3b4dfa&from=product.php%3Fid%3D1755363-835%26name%3DR88M-G40030H-S2+AC%E3%82%B5%E3%83%BC%E3%83%9C%E3%83%A2%E3%83%BC%E3%82%BF+R88M-G40030H-S2-Z+200V+400W HTTP/1.1" 200 51415 "-" "Mozilla/5.0 (Linux; Android 6.0.1; Nexus 5X Build/MMB29P) AppleWebKit/537.36 (KHTML, like Gecko) Chrome/135.0.7049.95 Mobile Safari/537.36 (compatible; Googlebot/2.1; +http://www.google.com/bot.html)"
52.167.144.186 - - [03/May/2025:02:48:40 -0400] "GET /?k=88218125739902&channel=de5075&from=shop.php%3Fid%3D1257399-9734%26name%3D%E7%B2%98%E5%9C%9F%E3%82%AD%E3%83%A3%E3%82%BB%E3%83%AD%E3%83%BC%E3%83%AB%E3%83%9D%E3%83%83%E3%83%88%E3%83%86%E3%83%A9%E3%82%B3%E3%83%83%E3%82%BF%E3%82%B7%E3%83%81%E3%83%A5%E3%83%BC%E3%83%9D%E3%83%83%E3%83%88%E3%82%BB%E3%83%A9%E3%83%9F%E3%83%83%E3%82%AF%E3%82%AD%E3%83%A3%E3%82%BB%E3%83%AD%E3%83%BC%E3%83%AB%E7%B2%98%E5%9C%9F%E8%AA%BF%E7%90%86%E3%83%9D%E3%83%83%E3%83%88-%E9%AB%98%E6%B8%A9%E7%84%BC%E6%88%90%E3%80%81%E3%81%8A%E3%81%84%E3%81%97%E3%81%84%E8%AA%BF%E7%90%86%E6%A0%84%E9%A4%8A%E3%80%81%E3%81%8A%E6%89%8B%E5%85%A5%E3%82%8C%E3%81%8C%E7%B0%A1%E5%8D%98-%E5%AE%B9%E9%87%8F HTTP/1.1" 200 40721 "-" "Mozilla/5.0 AppleWebKit/537.36 (KHTML, like Gecko; compatible; bingbot/2.0; +http://www.bing.com/bingbot.htm) Chrome/116.0.1938.76 Safari/537.36"
66.249.74.104 - - [03/May/2025:02:48:43 -0400] "GET /?k=43102143986500&channel=03870e&from=article.php%3Fid%3D1439865-18470%26name%3D%E7%9E%AC%E9%96%93%E6%B9%AF%E6%B2%B8%E3%81%8B%E3%81%97%E8%9B%87%E5%8F%A3+%E7%9E%AC%E9%96%93%E5%8A%A0%E7%86%B1%E8%9B%87%E5%8F%A3%E6%B8%A9%E6%B0%B4%E3%82%BF%E3%83%83%E3%83%97%E3%80%81%E3%82%BF%E3%83%B3%E3%82%AF%E3%83%AC%E3%82%B9%E7%B5%A6%E6%B9%AF%E5%99%A8%E9%9B%BB%E6%B0%97%E3%82%AD%E3%83%83%E3%83%81%E3%83%B3%E8%9B%87%E5%8F%A3%E3%80%81%E6%80%A5%E9%80%9F%E5%8A%A0%E7%86%B1%E7%B5%A6%E6%B9%AF%E5%99%A8%E3%82%BF%E3%83%83%E3%83%97+%E9%9B%BB%E6%B0%97%E6%B0%B4%E6%9A%96%E6%88%BF%E3%82%B7%E3%83%A3%E3%83%AF%E3%83%BC+%E3%82%AD%E3%83%83%E3%83%81%E3%83%B3%28Wa HTTP/1.1" 200 0 "-" "Mozilla/5.0 (Linux; Android 6.0.1; Nexus 5X Build/MMB29P) AppleWebKit/537.36 (KHTML, like Gecko) Chrome/135.0.7049.95 Mobile Safari/537.36 (compatible; GoogleOther)"
66.249.74.103 - - [03/May/2025:02:49:31 -0400] "GET /?k=09245175536300&channel=3b4dfa&from=product.php%3Fid%3D1755363-835%26name%3DR88M-G40030H-S2+AC%E3%82%B5%E3%83%BC%E3%83%9C%E3%83%A2%E3%83%BC%E3%82%BF+R88M-G40030H-S2-Z+200V+400W HTTP/1.1" 200 0 "-" "Mozilla/5.0 (Linux; Android 6.0.1; Nexus 5X Build/MMB29P) AppleWebKit/537.36 (KHTML, like Gecko) Chrome/135.0.7049.95 Mobile Safari/537.36 (compatible; GoogleOther)"
