66.249.74.103 - - [29/Apr/2025:22:25:29 -0400] "GET /?k=497672645201&channel=f80ee3&from=article.php%3Fid%3D26452-3176%26name%3DWin11%E6%A5%B5%E4%B8%8A%E7%BE%8E%E5%93%81%EF%BC%812020%E9%AB%98%E5%B9%B4%E5%BC%8F%2FCorei3%EF%BC%86SSD%2F%E3%82%AB%E3%83%A1%E3%83%A9%2F%E3%83%95%E3%83%AC%E3%83%BC%E3%83%A0%E3%83%AC%E3%82%B9 HTTP/1.1" 200 50401 "-" "Mozilla/5.0 (Linux; Android 6.0.1; Nexus 5X Build/MMB29P) AppleWebKit/537.36 (KHTML, like Gecko) Chrome/135.0.7049.95 Mobile Safari/537.36 (compatible; Googlebot/2.1; +http://www.google.com/bot.html)"
66.249.74.103 - - [29/Apr/2025:22:25:32 -0400] "GET /?k=6721214118100&channel=1c6779&from=info.php%3Fid%3D141181-2620%26name%3D2+Tiers+Bathroom+Stacker+Holder+Hanging+Storage+Rack+Cosmetic+Stor HTTP/1.1" 200 0 "-" "Mozilla/5.0 (Linux; Android 6.0.1; Nexus 5X Build/MMB29P) AppleWebKit/537.36 (KHTML, like Gecko) Chrome/135.0.7049.95 Mobile Safari/537.36 (compatible; GoogleOther)"
66.249.74.103 - - [29/Apr/2025:22:25:36 -0400] "GET /?k=4522722098803&channel=8069b0&from=jp.php%3Fid%3D220988-1727%26name%3D%E3%83%9A%E3%83%83%E3%83%AC%E3%83%A2%E3%83%AB%E3%83%93%E3%83%80%E3%80%80%E3%83%88%E3%83%BC%E3%83%88%E3%83%90%E3%83%83%E3%82%B0 HTTP/1.1" 200 51356 "-" "Mozilla/5.0 (Linux; Android 6.0.1; Nexus 5X Build/MMB29P) AppleWebKit/537.36 (KHTML, like Gecko) Chrome/135.0.7049.95 Mobile Safari/537.36 (compatible; Googlebot/2.1; +http://www.google.com/bot.html)"
66.249.74.103 - - [29/Apr/2025:22:25:43 -0400] "GET /?k=1298178066000&channel=36f3cb&from=blog.php%3Fid%3D780660-1474%26name%3D%E2%97%8F%E2%80%9C%E5%89%8D%E3%81%A0%E3%81%91%E3%82%92%E5%90%91%E3%81%93%E3%81%86%E2%80%9D%E8%8A%B1%E5%9C%92%E3%81%9F%E3%81%88%E3%80%80SR%E3%80%80BD%2FW63-086S%E3%80%80%E3%83%B4%E3%82%A1%E3%82%A4%E3%82%B9%E3%82%B7%E3%83%A5%E3%83%B4%E3%82%A1%E3%83%AB%E3%83%84%E3%80%80%E3%83%90%E3%83%B3%E3%83%89%E3%83%AA%E3%80%80BanGDream%21 HTTP/1.1" 200 53154 "-" "Mozilla/5.0 (Linux; Android 6.0.1; Nexus 5X Build/MMB29P) AppleWebKit/537.36 (KHTML, like Gecko) Chrome/135.0.7049.95 Mobile Safari/537.36 (compatible; Googlebot/2.1; +http://www.google.com/bot.html)"
66.249.74.103 - - [29/Apr/2025:22:25:45 -0400] "GET /?k=09598140485506&channel=25a714&from=pin.php%3Fid%3D1404855-8688%26name%3D%E3%80%90%E7%89%B9%E4%BE%A1%E5%95%86%E5%93%81%E3%80%91%E7%9B%B4%E5%BE%843cm+10%E5%80%8B%E3%82%BB%E3%83%83%E3%83%88+%E3%83%8A%E3%83%81%E3%83%A5%E3%83%A9%E3%83%AB%E3%82%AB%E3%83%A9%E3%83%BC+%E3%83%9C%E3%83%BC%E3%83%AB+%E3%82%AA%E3%82%A6%E3%83%A0+%E3%83%9A%E3%83%83%E3%83%88%E7%94%A8%E3%81%8A%E3%82%82%E3%81%A1%E3%82%83+%E3%83%8F%E3%83%A0%E3%82%B9%E3%82%BF%E3%83%BC+%E7%8A%AC%E7%94%A8+%E3%81%8A%E3%82%82%E3%81%A1%E3%82%83+%E7%8C%AB+%E3%82%A4%E3%83%B3%E3%82%B3+%E5%99%9B%E3%82%80%E3%81%8A%E3%82%82%E3%81%A1%E3%82%83+%E3%82%B5%E3%83%A0%E3%82%B3%E3%82%B9+%28%E3%83%8A%E3%83%81%E3%83%A5%E3%83%A9%E3%83%AB%E3%82%AB%E3%83%A9%E3%83%BC%29 HTTP/1.1" 200 0 "-" "Mozilla/5.0 (Linux; Android 6.0.1; Nexus 5X Build/MMB29P) AppleWebKit/537.36 (KHTML, like Gecko) Chrome/135.0.7049.95 Mobile Safari/537.36 (compatible; GoogleOther)"
66.249.74.103 - - [29/Apr/2025:22:25:49 -0400] "GET /?k=20535183676308&channel=86e1d9&from=info.php%3Fid%3D1836763-10813%26name%3D%E3%82%B9%E3%83%9E%E3%83%BC%E3%83%88%E6%A4%8D%E6%9C%A8%E9%89%A2+%E3%82%B9%E3%83%9E%E3%83%BC%E3%83%88%E3%83%9A%E3%83%83%E3%83%88%E3%83%97%E3%83%A9%E3%83%B3%E3%82%BF%E3%83%BC+%E3%82%A4%E3%83%B3%E3%83%86%E3%83%AA%E3%82%B8%E3%82%A7%E3%83%B3%E3%83%88%E6%A4%8D%E6%9C%A8%E9%89%A2+%E5%A4%9A%E8%A1%A8%E7%8F%BE+%E3%82%B9%E3%83%9E%E3%83%BC%E3%83%88%E6%A4%8D%E6%9C%A8%E9%89%A2+%E6%A4%8D%E7%89%A9%E8%A3%85%E9%A3%BE%E3%83%9D%E3%83%83%E3%83%88+USB%E5%85%85%E9%9B%BB%E5%BC%8F%E5%B1%8B%E5%86%85%E6%A4%8D%E6%9C%A8%E9%89%A2%E3%81%AF%E3%80%81 HTTP/1.1" 200 53111 "-" "Mozilla/5.0 (Linux; Android 6.0.1; Nexus 5X Build/MMB29P) AppleWebKit/537.36 (KHTML, like Gecko) Chrome/135.0.7049.95 Mobile Safari/537.36 (compatible; Googlebot/2.1; +http://www.google.com/bot.html)"
66.249.74.103 - - [29/Apr/2025:22:25:50 -0400] "GET /?k=71986131150403&channel=829e10&from=shop.php%3Fid%3D1311504-13433%26name%3D%E8%B6%85%E3%81%8A%E5%BF%B5%E7%8F%A0+%E6%9F%84%E5%85%A5%E6%9C%AC%E7%90%A5%E7%8F%80+18%E7%8E%89%E5%85%B1%E4%BB%95%E7%AB%8B+%E7%94%B7%E6%80%A7%E7%94%A8 HTTP/1.1" 200 52359 "-" "Mozilla/5.0 (Linux; Android 6.0.1; Nexus 5X Build/MMB29P) AppleWebKit/537.36 (KHTML, like Gecko) Chrome/135.0.7049.95 Mobile Safari/537.36 (compatible; Googlebot/2.1; +http://www.google.com/bot.html)"
66.249.74.104 - - [29/Apr/2025:22:25:55 -0400] "GET /?k=2900761543800&channel=22c54e&from=shared.php%3Fid%3D615438-6296%26name%3D32GB+%E4%BA%A4%E6%8F%9B%E7%94%A8%E3%83%A1%E3%83%A2%E3%83%AA+RAM+%E3%82%A2%E3%83%83%E3%83%97%E3%82%B0%E3%83%AC%E3%83%BC%E3%83%89+HP-Compaq+Omen+15-dc1045na+%28DDR4-21300+%28PC HTTP/1.1" 200 0 "-" "Mozilla/5.0 (Linux; Android 6.0.1; Nexus 5X Build/MMB29P) AppleWebKit/537.36 (KHTML, like Gecko) Chrome/135.0.7049.95 Mobile Safari/537.36 (compatible; GoogleOther)"
66.249.74.103 - - [29/Apr/2025:22:25:56 -0400] "GET /?k=32945108328507&channel=f4e2fc&from=shop.php%3Fid%3D1083285-4883%26name%3D%E7%B6%B2+%E4%BB%95%E6%8E%9B%E3%81%91+%E9%AD%9A%E6%8D%95%E3%82%8A+%E5%B7%9D%E9%87%A3%E3%82%8A+%E5%B0%8F%E9%AD%9A+%E3%82%A8%E3%83%93+%E3%82%AB%E3%83%8B+%E7%B6%B2%E3%81%8B%E3%81%94+%E9%AD%9A%E6%8D%95%E3%82%8A%E7%B6%B2+%E6%8A%95%E7%B6%B2+%E6%8A%98%E3%82%8A%E3%81%9F%E3%81%9F%E3%81%BF%E5%8F%AF%E8%83%BD%28%E3%82%B0%E3%83%AA%E3%83%BC%E3%83%B3%2C++60cmx25cm%29 HTTP/1.1" 200 51944 "-" "Mozilla/5.0 (Linux; Android 6.0.1; Nexus 5X Build/MMB29P) AppleWebKit/537.36 (KHTML, like Gecko) Chrome/135.0.7049.95 Mobile Safari/537.36 (compatible; Googlebot/2.1; +http://www.google.com/bot.html)"
66.249.74.105 - - [29/Apr/2025:22:26:00 -0400] "GET /?k=1130164428501&channel=3cb975&from=news.php%3Fid%3D644285-2211%26name%3DSwatch+OMEGA+Mission+to+Super+Blue+Moon HTTP/1.1" 200 52762 "-" "Mozilla/5.0 (Linux; Android 6.0.1; Nexus 5X Build/MMB29P) AppleWebKit/537.36 (KHTML, like Gecko) Chrome/135.0.7049.95 Mobile Safari/537.36 (compatible; Googlebot/2.1; +http://www.google.com/bot.html)"
66.249.74.103 - - [29/Apr/2025:22:26:07 -0400] "GET /?k=50087151941900&channel=04eefe&from=shared.php%3Fid%3D1519419-5945%26name%3Dhappy-shops+%E3%83%93%E3%82%A2%E3%83%B3%E3%82%B3%E3%82%B8%E3%83%A3%E3%83%91%E3%83%B3%28BIANCO+JAPAN%29+%E3%82%A6%E3%83%AD%E3%82%B3%E3%82%AF%E3%83%AA%E3%83%BC%E3%83%8A%E3%83%BC+%E3%83%88%E3%83%AA%E3%82%AC%E3%83%BC%E4%BB%98+300g+US-101 HTTP/1.1" 200 53296 "-" "Mozilla/5.0 (Linux; Android 6.0.1; Nexus 5X Build/MMB29P) AppleWebKit/537.36 (KHTML, like Gecko) Chrome/135.0.7049.95 Mobile Safari/537.36 (compatible; Googlebot/2.1; +http://www.google.com/bot.html)"
66.249.74.103 - - [29/Apr/2025:22:26:12 -0400] "GET /?k=93124165557903&channel=80ee9b&from=news.php%3Fid%3D1655579-549%26name%3DkRANZE.20%E3%82%A4%E3%83%B3%E3%83%81 HTTP/1.1" 200 0 "-" "Mozilla/5.0 (Linux; Android 6.0.1; Nexus 5X Build/MMB29P) AppleWebKit/537.36 (KHTML, like Gecko) Chrome/135.0.7049.95 Mobile Safari/537.36 (compatible; GoogleOther)"
66.249.74.103 - - [29/Apr/2025:22:26:16 -0400] "GET /?k=8747236700909&channel=0fbdda&from=shop.php%3Fid%3D367009-6029%26name%3D%E3%80%90%E5%85%A5%E9%96%80%E3%82%BB%E3%83%83%E3%83%88%E3%80%91music%E3%81%AE%E3%83%9E%E3%83%9B%E3%82%AC%E3%83%8B%E3%83%BC%E6%9D%90%E3%82%AB%E3%83%83%E3%82%BF%E3%82%A6%E3%82%A7%E3%82%A4%E3%83%BB%E3%83%86%E3%83%8A%E3%83%BC%E3%82%A6%E3%82%AF%E3%83%AC%E3%83%AC%E3%80%90UK%E5%B0%82%E9%96%80%E5%BA%97%E3%80%91 HTTP/1.1" 200 50252 "-" "Mozilla/5.0 (Linux; Android 6.0.1; Nexus 5X Build/MMB29P) AppleWebKit/537.36 (KHTML, like Gecko) Chrome/135.0.7049.95 Mobile Safari/537.36 (compatible; Googlebot/2.1; +http://www.google.com/bot.html)"
66.249.74.103 - - [29/Apr/2025:22:26:22 -0400] "GET /?k=72720132340302&channel=257a7e&from=shared.php%3Fid%3D1323403-6057%26name%3D6+%E3%83%94%E3%83%B3+MWTRB-06-1A-R+MWTPB-06-1A-R+%E3%82%AA%E3%83%BC%E3%83%88%E3%83%90%E3%82%A4+OBD+%E8%A8%BA%E6%96%AD%E3%83%97%E3%83%A9%E3%82%B0+%E9%98%B2%E6%B0%B4%E9%9B%BB%E5%AD%90%E3%82%B3%E3%83%8D%E3%82%AF%E3%82%BF+%E3%82%B1%E3%83%BC%E3%83%96%E3%83%AB%E4%BB%98%E3%81%8D+%E3%83%9B HTTP/1.1" 200 52382 "-" "Mozilla/5.0 (Linux; Android 6.0.1; Nexus 5X Build/MMB29P) AppleWebKit/537.36 (KHTML, like Gecko) Chrome/135.0.7049.95 Mobile Safari/537.36 (compatible; Googlebot/2.1; +http://www.google.com/bot.html)"
66.249.74.103 - - [29/Apr/2025:22:26:26 -0400] "GET /?k=2885983840810&channel=9c3fd8&from=form.php%3Fid%3D838408-2167%26name%3D%E3%83%AB%E3%82%A4%E3%83%B4%E3%82%A3%E3%83%88%E3%83%B3%E3%80%80LOUIS+VUITTON+%E3%82%B9%E3%83%94%E3%83%BC%E3%83%87%E3%82%A3%E3%83%BC30 HTTP/1.1" 200 50928 "-" "Mozilla/5.0 (Linux; Android 6.0.1; Nexus 5X Build/MMB29P) AppleWebKit/537.36 (KHTML, like Gecko) Chrome/135.0.7049.95 Mobile Safari/537.36 (compatible; Googlebot/2.1; +http://www.google.com/bot.html)"
66.249.74.103 - - [29/Apr/2025:22:26:29 -0400] "GET /?k=89239183304114&channel=81e4ad&from=pin.php%3Fid%3D1833041-7152%26name%3D%E3%80%90%E7%BE%8E%E5%93%81%E3%80%91%E5%A4%A7%E3%81%8D%E3%81%84%E3%82%B5%E3%82%A4%E3%82%BA%E3%80%80%E3%82%BB%E3%83%83%E3%83%88%E3%82%A2%E3%83%83%E3%83%97%E3%80%80%E8%83%B8%E3%81%82%E3%81%A6%E4%BB%98%E3%80%80%E3%83%97%E3%83%AA%E3%83%BC%E3%83%84%E3%82%B9%E3%82%AB%E3%83%BC%E3%83%88%E3%80%80%E3%82%BB%E3%83%AC%E3%83%A2%E3%83%8B%E3%83%BC%E3%82%B9%E3%83%BC%E3%83%84 HTTP/1.1" 200 50573 "-" "Mozilla/5.0 (Linux; Android 6.0.1; Nexus 5X Build/MMB29P) AppleWebKit/537.36 (KHTML, like Gecko) Chrome/135.0.7049.95 Mobile Safari/537.36 (compatible; Googlebot/2.1; +http://www.google.com/bot.html)"
66.249.74.103 - - [29/Apr/2025:22:26:31 -0400] "GET /?k=9428887262406&channel=af627c&from=shared.php%3Fid%3D872624-18536%26name%3D%E5%B8%8C%E5%B0%91%E3%80%80%E5%8F%A4%E5%B8%83%E3%80%80%E7%B2%89%E8%A2%8B%E3%83%81%E3%83%A5%E3%83%8B%E3%83%83%E3%82%AF++%E8%8D%89%E6%9C%A8%E6%9F%93%E3%80%80%E9%A2%A8%E5%91%82%E6%95%B7 HTTP/1.1" 200 0 "-" "Mozilla/5.0 (Linux; Android 6.0.1; Nexus 5X Build/MMB29P) AppleWebKit/537.36 (KHTML, like Gecko) Chrome/135.0.7049.95 Mobile Safari/537.36 (compatible; GoogleOther)"
66.249.74.103 - - [29/Apr/2025:22:26:36 -0400] "GET /?k=250957587809&channel=b5fb28&from=news.php%3Fid%3D75878-2402%26name%3D%E3%83%95%E3%82%A7%E3%83%B3%E3%83%80%E3%83%BC%E3%82%B8%E3%83%A3%E3%83%91%E3%83%B3%E3%81%AE+%E3%83%95%E3%82%B8%E3%82%B2%E3%83%B3%E8%A3%BD%E4%BD%9C+%E3%82%A2%E3%83%B3%E3%83%9C%E3%83%BC%E3%82%A4+%E3%83%99%E3%83%BC%E3%82%B9%E3%82%AE%E3%82%BF%E3%83%BC%E3%82%B1%E3%83%BC%E3%82%B9+%E3%82%B9%E3%83%88%E3%83%A9%E3%83%83%E3%83%97%E4%BB%98 HTTP/1.1" 200 51479 "-" "Mozilla/5.0 (Linux; Android 6.0.1; Nexus 5X Build/MMB29P) AppleWebKit/537.36 (KHTML, like Gecko) Chrome/135.0.7049.95 Mobile Safari/537.36 (compatible; Googlebot/2.1; +http://www.google.com/bot.html)"
66.249.74.103 - - [29/Apr/2025:22:26:42 -0400] "GET /?k=3087213794400&channel=7798be&from=info.php%3Fid%3D137944-3997%26name%3D%E3%83%87%E3%82%A3%E3%83%BC%E3%82%BC%E3%83%AB%E3%82%B3%E3%83%A2%E3%83%B3%E3%83%AC%E3%83%BC%E3%83%AB%E7%87%83%E6%96%99%E3%82%A4%E3%83%B3%E3%82%B8%E3%82%A7%E3%82%AF%E3%82%BF%E3%83%BC+R04501D%E3%80%81EJBR04501D%E3%80%81A6640170121%E3%80%816640170121+SSA HTTP/1.1" 200 51473 "-" "Mozilla/5.0 (Linux; Android 6.0.1; Nexus 5X Build/MMB29P) AppleWebKit/537.36 (KHTML, like Gecko) Chrome/135.0.7049.95 Mobile Safari/537.36 (compatible; Googlebot/2.1; +http://www.google.com/bot.html)"
40.77.167.70 - - [29/Apr/2025:22:26:42 -0400] "GET /?k=5929193256500&channel=dedd8e&from=blog.php%3Fid%3D932565-2628%26name%3D%E3%83%9B%E3%83%B3%E3%83%80+%E7%B4%94%E6%AD%A3+%E3%82%B4%E3%83%BC%E3%83%AB%E3%83%89%E3%82%A6%E3%82%A3%E3%83%B3%E3%82%B0+%E3%83%AA%E3%82%A2%E3%83%96%E3%83%AC%E3%83%BC%E3%82%AD%E3%82%B9%E3%83%88%E3%83%83%E3%83%97+%E3%82%AF%E3%83%AB%E3%83%BC%E3%82%BA%E3%82%B9%E3%82%A4%E3%83%83%E3%83%81 HTTP/1.1" 200 39603 "-" "Mozilla/5.0 AppleWebKit/537.36 (KHTML, like Gecko; compatible; bingbot/2.0; +http://www.bing.com/bingbot.htm) Chrome/116.0.1938.76 Safari/537.36"
66.249.74.104 - - [29/Apr/2025:22:26:44 -0400] "GET /?k=11882186397703&channel=205cd4&from=info.php%3Fid%3D1863977-25691%26name%3Do54%E6%96%B0%E5%93%81+%E3%82%AF%E3%83%AD%E3%83%8E%E3%82%B0%E3%83%A9%E3%83%95+DS+%E8%85%95%E6%99%82%E8%A8%88+%E3%83%A9%E3%82%B0%E3%82%B8%E3%83%A5%E3%82%A2%E3%83%AA%E3%83%BC%E3%82%B9%E3%83%86%E3%83%B3%E3%83%AC%E3%82%B9%E3%82%B7%E3%83%AB%E3%83%90%E3%83%BC%E7%99%BD290 HTTP/1.1" 200 0 "-" "Mozilla/5.0 (Linux; Android 6.0.1; Nexus 5X Build/MMB29P) AppleWebKit/537.36 (KHTML, like Gecko) Chrome/135.0.7049.95 Mobile Safari/537.36 (compatible; GoogleOther)"
66.249.74.103 - - [29/Apr/2025:22:26:49 -0400] "GET /?k=0007136706900&channel=fc407d&from=info.php%3Fid%3D367069-5222%26name%3D%E3%83%90%E3%82%AB%E3%83%A9%E3%80%80%E3%83%80%E3%83%AB%E3%83%9E%E3%80%80%E3%83%90%E3%82%AB%E3%83%A9%E3%81%AE%E8%B5%B7%E3%81%8D%E7%89%A9%E3%80%80%E6%9C%9D%E6%97%A5%E6%96%B0%E8%81%9E%E3%80%80%E6%96%B0%E8%81%9E%E5%BA%83%E5%91%8A%E3%80%80%E5%BA%83%E5%91%8A%E3%80%80%E5%8D%B0%E5%88%B7%E7%89%A9%E3%80%80%E6%96%B0%E8%81%9E%E3%80%80%E6%96%B0%E8%81%9E%E8%A8%98%E4%BA%8B HTTP/1.1" 200 53063 "-" "Mozilla/5.0 (Linux; Android 6.0.1; Nexus 5X Build/MMB29P) AppleWebKit/537.36 (KHTML, like Gecko) Chrome/135.0.7049.95 Mobile Safari/537.36 (compatible; Googlebot/2.1; +http://www.google.com/bot.html)"
66.249.74.104 - - [29/Apr/2025:22:26:49 -0400] "GET /?k=7239660409704&channel=52600c&from=jp.php%3Fid%3D604097-4708%26name%3D%E3%83%8F%E3%83%BC%E3%83%A2%E3%83%8B%E3%83%83%E3%82%AF%E3%83%90%E3%83%A9%E3%83%B3%E3%82%B5%E3%83%BC%E3%83%97%E3%83%BC%E3%83%AA%E3%83%BC+%E6%97%A5%E7%94%A3%E3%82%AD%E3%83%A3%E3%83%96%E3%82%B9%E3%82%BF%E3%83%BC+%E3%83%8A%E3%83%90%E3%83%A9+%E3%83%91%E3%82%B9%E3%83%95%E3%82%A1%E3%82%A4%E3%83%B3%E3%83%80%E3%83%BC+2.5+DCI+D40+R51+%E3%82%AF%E3%83%A9%E3%83%B3%E3%82%AF%E3%82%B7%E3%83%A3%E3%83%95%E3%83%88%E3%83%97%E3%83%BC%E3%83%AA%E3%83%BC HTTP/1.1" 200 0 "-" "Mozilla/5.0 (Linux; Android 6.0.1; Nexus 5X Build/MMB29P) AppleWebKit/537.36 (KHTML, like Gecko) Chrome/135.0.7049.95 Mobile Safari/537.36 (compatible; GoogleOther)"
66.249.74.104 - - [29/Apr/2025:22:26:55 -0400] "GET /?k=2239339186404&channel=fe5de1&from=form.php%3Fid%3D391864-3409%26name%3DpopIn+Aladdin+2+%E3%83%AF%E3%82%A4%E3%83%A4%E3%83%AC%E3%82%B9HDMI%E3%82%B3%E3%83%8D%E3%82%AF%E3%82%BF%E3%83%BC%E3%82%BB%E3%83%83%E3%83%88 HTTP/1.1" 200 51602 "-" "Mozilla/5.0 (Linux; Android 6.0.1; Nexus 5X Build/MMB29P) AppleWebKit/537.36 (KHTML, like Gecko) Chrome/135.0.7049.95 Mobile Safari/537.36 (compatible; Googlebot/2.1; +http://www.google.com/bot.html)"
66.249.74.103 - - [29/Apr/2025:22:27:28 -0400] "GET /?k=3910221815702&channel=0cfc03&from=news.php%3Fid%3D218157-10465%26name%3D%E9%81%BA%E7%81%B0%E7%94%A8%E8%91%AC%E5%84%80%E7%94%A8%E9%AA%A8%E5%A3%B7+%E5%A4%A7%E4%BA%BA%E7%94%A8+%E9%98%B2%E6%B9%BF+%E5%AE%B6%E5%BA%AD%E7%94%A8%E5%8F%8E%E7%B4%8D+%E5%A4%A7%E5%9E%8B%E9%80%8F%E6%98%8E%E3%82%AC%E3%83%A9%E3%82%B9%E5%AF%86%E5%B0%81%E3%82%B8%E3%83%A3%E3%83%BC+%E4%BA%BA%E9%96%93%E3%81%A8%E3%83%9A%E3%83%83%E3%83%88%E3%81%AE%E7%81%B0%E3%80%81%E7%8A%AC%E3%80%81%E7%8C%AB%E7%94%A8+12.5+x+12.5cm+%28%E3%82%B5%E3%82%A4 HTTP/1.1" 200 53200 "-" "Mozilla/5.0 (Linux; Android 6.0.1; Nexus 5X Build/MMB29P) AppleWebKit/537.36 (KHTML, like Gecko) Chrome/135.0.7049.95 Mobile Safari/537.36 (compatible; Googlebot/2.1; +http://www.google.com/bot.html)"
66.249.74.103 - - [29/Apr/2025:22:27:28 -0400] "GET /?k=90922152432407&channel=5a039f&from=pin.php%3Fid%3D1524324-5517%26name%3DERINGOGO+2%E5%80%8B+%E3%83%9E%E3%83%A9%E3%82%AB%E3%82%B9+%E6%89%93%E6%A5%BD%E5%99%A8+%E3%83%99%E3%83%93%E3%83%BC%E3%83%91%E3%83%BC%E3%82%AB%E3%83%83%E3%82%B7%E3%83%A7%E3%83%B3%E9%81%8A%E5%85%B7+%E6%89%93%E6%A5%BD%E5%99%A8%E3%81%AE%E3%81%8A%E3%82%82%E3%81%A1%E3%82%83+%E5%88%9D%E6%9C%9F%E3%81%AE%E6%95%99%E8%82%B2+%E3%83%8F%E3%83%B3%E3%83%9E%E3%83%BC%E3%82%92%E6%8C%AF%E3%82%8B%E8%B5%A4%E3%81%A1%E3%82%83%E3%82%93+%E3%81%AE%E6%A5%BD%E5%99%A8+%E3%82%B5 HTTP/1.1" 200 0 "-" "Mozilla/5.0 (Linux; Android 6.0.1; Nexus 5X Build/MMB29P) AppleWebKit/537.36 (KHTML, like Gecko) Chrome/135.0.7049.95 Mobile Safari/537.36 (compatible; GoogleOther)"
66.249.74.103 - - [29/Apr/2025:22:27:31 -0400] "GET /?k=7078899435801&channel=f8ecdc&from=shop.php%3Fid%3D994358-8676%26name%3D%E8%BB%8A%E7%94%A8%E3%82%AA%E3%83%BC%E3%83%90%E3%83%BC%E3%83%95%E3%82%A7%E3%83%B3%E3%83%80%E3%83%BC+%E3%83%A1%E3%83%AB%E3%82%BB%E3%83%87%E3%82%B9%E7%94%A8+%E3%83%99%E3%83%B3%E3%83%84%E7%94%A8+GL%E3%82%AF%E3%83%A9%E3%82%B9+X164+2007-2012%E7%94%A8+%E3%83%9E%E3%83%83%E3%83%89%E3%82%AC%E3%83%BC%E3%83%89+%E3%82%B9%E3%83%97%E3%83%A9%E3%83%83%E3%82%B7%E3%83%A5%E3%82%AC%E3%83%BC%E3%83%89+%E3%83%95%E3%82%A7%E3%83%B3 HTTP/1.1" 200 52690 "-" "Mozilla/5.0 (Linux; Android 6.0.1; Nexus 5X Build/MMB29P) AppleWebKit/537.36 (KHTML, like Gecko) Chrome/135.0.7049.95 Mobile Safari/537.36 (compatible; Googlebot/2.1; +http://www.google.com/bot.html)"
66.249.74.103 - - [29/Apr/2025:22:27:34 -0400] "GET /?k=0104039372502&channel=0f3063&from=form.php%3Fid%3D393725-606%26name%3D%E6%89%8B%E7%B8%AB%E3%81%84%E3%80%90%E3%82%AA%E3%83%AA%E3%82%B8%E3%83%8A%E3%83%AB%E3%80%91%E4%B8%89%E3%81%A4%E6%8A%98%E3%82%8A%E3%82%A6%E3%82%A9%E3%83%AC%E3%83%83%E3%83%88 HTTP/1.1" 200 51619 "-" "Mozilla/5.0 (Linux; Android 6.0.1; Nexus 5X Build/MMB29P) AppleWebKit/537.36 (KHTML, like Gecko) Chrome/135.0.7049.95 Mobile Safari/537.36 (compatible; Googlebot/2.1; +http://www.google.com/bot.html)"
66.249.74.103 - - [29/Apr/2025:22:27:43 -0400] "GET /?k=00085157303904&channel=c1cb7a&from=jp.php%3Fid%3D1573039-600%26name%3D%E3%83%80%E3%82%A6%E3%83%B3%E3%82%B8%E3%83%A3%E3%82%B1%E3%83%83%E3%83%88%E3%80%80%E3%83%A2%E3%83%B3%E3%82%AF%E3%83%AC%E3%83%BC%E3%83%AB%E3%80%80%E9%80%81%E6%96%99%E8%BE%BC%E3%81%BF%E3%80%80%E5%9B%BD%E5%86%85%E6%AD%A3%E8%A6%8F%E5%93%81 HTTP/1.1" 200 50534 "-" "Mozilla/5.0 (Linux; Android 6.0.1; Nexus 5X Build/MMB29P) AppleWebKit/537.36 (KHTML, like Gecko) Chrome/135.0.7049.95 Mobile Safari/537.36 (compatible; Googlebot/2.1; +http://www.google.com/bot.html)"
66.249.74.103 - - [29/Apr/2025:22:27:49 -0400] "GET /?k=21161172297402&channel=f2f6ee&from=brands.php%3Fid%3D1722974-12246%26name%3D%E8%BB%8A%E3%81%AE%E3%82%AA%E3%83%95%E3%83%AD%E3%83%BC%E3%83%89%E5%A4%96%E8%A3%85%E3%83%98%E3%83%93%E3%83%BC%E3%83%87%E3%83%A5%E3%83%BC%E3%83%86%E3%82%A3%E3%83%AA%E3%82%A2%E3%83%89%E3%82%A2%E6%8A%98%E3%82%8A%E3%81%9F%E3%81%9F%E3%81%BF%E3%81%AF%E3%81%97%E3%81%94%E3%83%86%E3%83%BC%E3%83%AB%E3%82%B2%E3%83%BC%E3%83%88%E3%83%92%E3%83%B3%E3%82%B8%E3%83%95%E3%83%83%E3%83%88%E3%82%AF%E3%83%A9%E3%82%A4%E3%83%A0%E3%82%B9%E3%83%86%E3%83%83%E3%83%97%E3%83%9A%E3%83%80%E3%83%AB%E3%83%95%E3%82%A9%E3%83%BC%E3%83%89%E3%83%96%E3%83%AD%E3%83%B3%E3%82%B3%E7%94%A8%E4%BA%92%E6%8F%9B+20 HTTP/1.1" 200 52230 "-" "Mozilla/5.0 (Linux; Android 6.0.1; Nexus 5X Build/MMB29P) AppleWebKit/537.36 (KHTML, like Gecko) Chrome/135.0.7049.95 Mobile Safari/537.36 (compatible; Googlebot/2.1; +http://www.google.com/bot.html)"
66.249.74.103 - - [29/Apr/2025:22:27:52 -0400] "GET /?k=6833490917101&channel=fae5c6&from=jp.php%3Fid%3D909171-13192%26name%3D%5BBKVB%5D+%E6%8A%98%E3%82%8A%E3%81%9F%E3%81%9F%E3%81%BF%E3%83%9E%E3%83%83%E3%83%88%E3%83%AC%E3%82%B9+%E9%AB%98%E5%8F%8D%E7%99%BA%E3%82%A6%E3%83%AC%E3%82%BF%E3%83%B3+%E3%83%96%E3%83%AB%E3%83%BC+%E5%8F%8D%E7%99%BA%E5%8A%9B+60%2A200%2A8+%E5%8E%9A%E3%81%9510cm+%E5%9B%9B%E3%81%A4%E6%8A%98%E3%82%8A+%E3%81%99%E3%81%8D%E9%96%93%E5%8F%8E%E7%B4%8D+%E3%82%B7%E3%83%B3%E3%82%B0%E3%83%AB HTTP/1.1" 200 0 "-" "Mozilla/5.0 (Linux; Android 6.0.1; Nexus 5X Build/MMB29P) AppleWebKit/537.36 (KHTML, like Gecko) Chrome/135.0.7049.95 Mobile Safari/537.36 (compatible; GoogleOther)"
66.249.74.103 - - [29/Apr/2025:22:27:58 -0400] "GET /?k=91760177164801&channel=0c3547&from=form.php%3Fid%3D1771648-5343%26name%3D%E3%80%90%E6%96%B0%E5%93%81%E3%83%BB7%E5%96%B6%E6%A5%AD%E6%97%A5%E4%BB%A5%E5%86%85%E7%99%BA%E9%80%81%E3%80%91%E3%82%B5%E3%83%B3%E3%83%AF%E3%82%B5%E3%83%97%E3%83%A9%E3%82%A4++QL-E84+%E9%80%8F%E6%98%8E%E8%80%90%E9%9C%87%E3%82%B4%E3%83%A0G-BLOX%E3%82%B2%E3%83%AB+50mm%E8%A7%924%E6%9E%9A%E5%85%A5%E3%82%8A+QLE84+SUPPLY+SANWA+%E8%80%90%E9%9C%87%E3%83%9E%E3%83%83%E3%83%88+%E8%80%90%E9%9C%87%E3%82%B0%E3%83%83%E3%82%BA%E3%80%90%E6%B2%96%E7%B8%84%E9%9B%A2%E5%B3%B6%E8%B2%A9%E5%A3%B2%E4%B8%8D%E5%8F%AF%E3%80%91%EF%BC%88%E9%80%8F%E6%98%8E%E4%B8%A1%E9%9D%A2%E7%B2%98%E7%9D%80%E3%82%B4%E3%83%A0%EF%BC%88%E5%B0%8F%EF%BC%89+%7C+%E3%82%B5%E3%83%B3%E3%83%AF%E3%82%B5%E3%83%97%E3%83%A9%E3%82%A4+%7C+QL-76CL+%7C+Joshin+web%E3%82%B7%E3%83%A7%E3%83%83%E3%83%97+%E9%80%9A%E8%B2%A9%EF%BC%89 HTTP/1.1" 200 52736 "-" "Mozilla/5.0 (Linux; Android 6.0.1; Nexus 5X Build/MMB29P) AppleWebKit/537.36 (KHTML, like Gecko) Chrome/135.0.7049.95 Mobile Safari/537.36 (compatible; Googlebot/2.1; +http://www.google.com/bot.html)"
66.249.74.105 - - [29/Apr/2025:22:28:03 -0400] "GET /?k=2229260526003&channel=5357fb&from=form.php%3Fid%3D605260-13485%26name%3Djojnsha+%E5%A4%9A%E7%9B%AE%E7%9A%84%E3%82%B8%E3%83%A5%E3%82%A8%E3%83%AA%E3%83%BC+%E3%82%AF%E3%83%A9%E3%83%95%E3%83%88%E9%87%91%E5%9E%8B%E3%82%BB%E3%83%83%E3%83%88+%E3%83%96%E3%83%AC%E3%82%B9%E3%83%AC%E3%83%83%E3%83%88%E3%83%98%E3%83%83%E3%83%89%E5%9E%8B+%E3%83%91%E3%83%B3%E3%83%97%E3%82%AD%E3%83%B3%2F%E7%8C%AB%E3%81%AE%E7%88%AA%E3%81%AE%E5%BD%A2+%E3%82%AF%E3%83%A9%E3%83%95%E3%83%88%E3%83%96%E3%83%AC%E3%82%B9%E3%83%AC%E3%83%83%E3%83%88%E3%82%B8%E3%83%A5%E3%82%A8%E3%83%AA%E3%83%BC HTTP/1.1" 200 0 "-" "Mozilla/5.0 (Linux; Android 6.0.1; Nexus 5X Build/MMB29P) AppleWebKit/537.36 (KHTML, like Gecko) Chrome/135.0.7049.95 Mobile Safari/537.36 (compatible; GoogleOther)"
66.249.74.104 - - [29/Apr/2025:22:28:05 -0400] "GET /?k=30936154786006&channel=0bc383&from=brands.php%3Fid%3D1547860-7339%26name%3D%E3%80%90%E3%82%A2%E3%83%83%E3%83%97%E3%82%B0%E3%83%AC%E3%83%BC%E3%83%89%E7%89%88%E3%80%91%E3%82%BF%E3%82%A4%E3%83%A4%E3%83%81%E3%82%A7%E3%83%BC%E3%83%B3+%E3%81%AB%E9%81%A9%E7%94%A8%E3%83%9E%E3%83%84%E3%83%806+%E3%82%B7%E3%83%83%E3%82%AF%E3%82%B9+GJ%E7%B3%BB+%E4%B9%97%E7%94%A8%E8%BB%8A%E7%94%A8%E3%82%B9%E3%83%8E%E3%83%BC%E3%83%81%E3%82%A7%E3%83%BC%E3%83%B3+%E9%87%91%E5%B1%9E%E9%8B%BC%E6%9D%BF+%E6%B0%B7%E3%82%92%E7%A0%95%E3%81%8F%E5%BC%B7%E5%8A%9B%E3%81%AA%E3%82%B0%E3%83%AA%E3%83%83%E3%83%97%E5%8A%9B+3 HTTP/1.1" 200 52625 "-" "Mozilla/5.0 (Linux; Android 6.0.1; Nexus 5X Build/MMB29P) AppleWebKit/537.36 (KHTML, like Gecko) Chrome/135.0.7049.95 Mobile Safari/537.36 (compatible; Googlebot/2.1; +http://www.google.com/bot.html)"
66.249.74.103 - - [29/Apr/2025:22:28:13 -0400] "GET /?k=39686126010003&channel=f0e003&from=goods.php%3Fid%3D1260100-9726%26name%3D%5BPatypeety%5D+%E3%83%80%E3%82%A6%E3%83%B390%25%EF%BC%81+2WAY+%E3%83%80%E3%82%A6%E3%83%B3%E3%82%B3%E3%83%BC%E3%83%88+%E3%83%AD%E3%83%B3%E3%82%B0%E3%82%B3%E3%83%BC%E3%83%88+%E3%83%AC%E3%83%87%E3%82%A3%E3%83%BC%E3%82%B9+%E5%86%AC+%E3%83%80%E3%82%A6%E3%83%B3%E3%82%B8%E3%83%A3%E3%82%B1%E3%83%83%E3%83%88+%E3%83%AD%E3%83%B3%E3%82%B0%E3%82%B3%E3%83%BC%E3%83%88%E3%83%95%E3%83%BC%E3%83%89%E4%BB%98 HTTP/1.1" 200 53440 "-" "Mozilla/5.0 (Linux; Android 6.0.1; Nexus 5X Build/MMB29P) AppleWebKit/537.36 (KHTML, like Gecko) Chrome/135.0.7049.95 Mobile Safari/537.36 (compatible; Googlebot/2.1; +http://www.google.com/bot.html)"
66.249.74.103 - - [29/Apr/2025:22:28:14 -0400] "GET /?k=28777156684200&channel=bc1820&from=jp.php%3Fid%3D1566842-17915%26name%3D%E3%82%B5%E3%83%95%E3%82%A1%E3%83%AA+Y60%E7%94%A8%E2%98%86NWB%E3%82%B0%E3%83%A9%E3%83%95%E3%82%A1%E3%82%A4%E3%83%88%E3%83%AF%E3%82%A4%E3%83%91%E3%83%BC%EF%BC%A6%E3%82%BB%E3%83%83%E3%83%88%E2%98%86 HTTP/1.1" 200 0 "-" "Mozilla/5.0 (Linux; Android 6.0.1; Nexus 5X Build/MMB29P) AppleWebKit/537.36 (KHTML, like Gecko) Chrome/135.0.7049.95 Mobile Safari/537.36 (compatible; GoogleOther)"
66.249.74.103 - - [29/Apr/2025:22:28:19 -0400] "GET /?k=49841105089804&channel=8069b0&from=brands.php%3Fid%3D1050898-1727%26name%3DHUMAN+MADE+%2F+MAIL+BAG+LARGE HTTP/1.1" 200 0 "-" "Mozilla/5.0 (Linux; Android 6.0.1; Nexus 5X Build/MMB29P) AppleWebKit/537.36 (KHTML, like Gecko) Chrome/135.0.7049.95 Mobile Safari/537.36 (compatible; GoogleOther)"
66.249.74.103 - - [29/Apr/2025:22:28:20 -0400] "GET /?k=05618129520201&channel=4ece2c&from=goods.php%3Fid%3D1295202-3538%26name%3D%E3%83%90%E3%82%B9+%E3%83%8F%E3%83%B3%E3%83%89%E3%83%AB+%E3%82%BF%E3%82%AA%E3%83%AB+%E3%83%AC%E3%83%BC%E3%83%AB+%E3%82%B7%E3%83%A3%E3%83%AF%E3%83%BC+%E3%83%90%E3%83%A9%E3%83%B3%E3%82%B9+%E3%82%B0%E3%83%A9%E3%83%96+%E3%83%AC%E3%83%BC%E3%83%AB%E3%80%81%E3%83%90%E3%82%B9+%E5%AE%89%E5%85%A8+%E3%83%90%E3%83%BC+%E3%83%90%E3%82%B9%E3%82%BF%E3%83%96+%E3%83%AC%E3%83%BC%E3%83%AB+%E3%82%B0%E3%83%A9%E3%83%96+%E3%83%90%E3%82%B9%E3%83%AB%E3%83%BC%E3%83%A0+%E3%83%88%E3%82%A4%E3%83%AC HTTP/1.1" 200 53885 "-" "Mozilla/5.0 (Linux; Android 6.0.1; Nexus 5X Build/MMB29P) AppleWebKit/537.36 (KHTML, like Gecko) Chrome/135.0.7049.95 Mobile Safari/537.36 (compatible; Googlebot/2.1; +http://www.google.com/bot.html)"
66.249.74.103 - - [29/Apr/2025:22:28:25 -0400] "GET /?k=1281670127708&channel=a7ad0d&from=goods.php%3Fid%3D701277-772%26name%3D%E3%83%B4%E3%82%A3%E3%83%B3%E3%83%86%E3%83%BC%E3%82%B8+%E3%82%B9%E3%83%86%E3%83%B3%E3%83%89%E3%82%B0%E3%83%A9%E3%82%B9%E3%83%A9%E3%83%B3%E3%83%97%E3%80%80%E3%82%A2%E3%83%B3%E3%83%86%E3%82%A3%E3%83%BC%E3%82%AF%E3%80%80%E3%83%A9%E3%82%A4%E3%83%88%E3%80%80%E8%91%A1%E8%90%84%E6%9F%84%E3%80%80%E7%85%A7%E6%98%8E HTTP/1.1" 200 51978 "-" "Mozilla/5.0 (Linux; Android 6.0.1; Nexus 5X Build/MMB29P) AppleWebKit/537.36 (KHTML, like Gecko) Chrome/135.0.7049.95 Mobile Safari/537.36 (compatible; Googlebot/2.1; +http://www.google.com/bot.html)"
66.249.74.103 - - [29/Apr/2025:22:28:31 -0400] "GET /?k=1090586527303&channel=9b8bf7&from=form.php%3Fid%3D865273-10870%26name%3D%E6%80%92%E3%83%83%E3%83%81%E3%83%A3%E3%83%9E%E6%A7%98%E5%B0%82%E7%94%A8%E3%80%90%E8%A8%B3%E3%82%A2%E3%83%AA%E3%80%91Steam+deck256GB%E3%83%A2%E3%83%87%E3%83%AB HTTP/1.1" 200 0 "-" "Mozilla/5.0 (Linux; Android 6.0.1; Nexus 5X Build/MMB29P) AppleWebKit/537.36 (KHTML, like Gecko) Chrome/135.0.7049.95 Mobile Safari/537.36 (compatible; GoogleOther)"
66.249.74.103 - - [29/Apr/2025:22:28:32 -0400] "GET /?k=12874126286102&channel=78d4d4&from=jp.php%3Fid%3D1262861-22537%26name%3D%E3%83%9A%E3%83%83%E3%83%88%E8%BF%BD%E8%B7%A1+%E9%A6%96%E8%BC%AA%E4%BB%98%E3%81%8D+GPS%E7%99%BA%E4%BF%A1%E6%A9%9F+%E6%9C%88%E9%A1%8D%E4%B8%8D%E8%A6%81+GPS%E8%BF%BD%E8%B7%A1+IOS%E5%AF%BE%E5%BF%9C+%E5%85%A8%E7%90%83%E3%83%9A%E3%83%83%E3%83%88%E7%94%A8GPS+%E3%83%AA%E3%82%A2%E3%83%AB%E3%82%BF%E3%82%A4%E3%83%A0GPS+GPS%E7%99%BA%E4%BF%A1%E5%99%A8+%E8%B6%85%E5%B0%8F%E5%9E%8BGPS+%E3%83%9A%E3%83%83%E3%83%88%E6%8E%A2%E3%81%97+%E7%8A%AC+%E7%8C%AB+%E7%B4%9B%E5%A4%B1%E9%98%B2%E6%AD%A2+%E7%8A%AC%E7%8C%AB%E8%BF%BD%E8%B7%A1%E8%A3%85%E7%BD%AE+%E9%98%B2%E6%B0%B4+%E3%83%88%E3%83%A9%E3%83%83%E3%82%AB%E3%83%BC++sPoJ317 HTTP/1.1" 200 52524 "-" "Mozilla/5.0 (Linux; Android 6.0.1; Nexus 5X Build/MMB29P) AppleWebKit/537.36 (KHTML, like Gecko) Chrome/135.0.7049.95 Mobile Safari/537.36 (compatible; Googlebot/2.1; +http://www.google.com/bot.html)"
66.249.74.103 - - [29/Apr/2025:22:28:36 -0400] "GET /?k=7768094948602&channel=96b33a&from=category-info.php%3Fid%3D949486-8880%26name%3D%E3%83%97%E3%83%86%E3%82%A3%E3%83%9E%E3%82%A4%E3%83%B3%E3%80%80%E3%83%87%E3%83%8B%E3%83%A0%E3%82%B9%E3%82%AB%E3%83%BC%E3%83%88%E3%80%80110%E3%8E%9D HTTP/1.1" 200 51480 "-" "Mozilla/5.0 (Linux; Android 6.0.1; Nexus 5X Build/MMB29P) AppleWebKit/537.36 (KHTML, like Gecko) Chrome/135.0.7049.95 Mobile Safari/537.36 (compatible; Googlebot/2.1; +http://www.google.com/bot.html)"
66.249.74.103 - - [29/Apr/2025:22:28:45 -0400] "GET /?k=9797855209904&channel=f6ba8b&from=news.php%3Fid%3D552099-4116%26name%3D22346792+%E3%82%A8%E3%83%B3%E3%82%B8%E3%83%B3%E3%82%B3%E3%83%B3%E3%83%94%E3%83%A5%E3%83%BC%E3%82%BF%E3%83%9C%E3%83%BC%E3%83%89+ECU+%E4%BA%92%E6%8F%9B%E6%80%A7+VOVLO+DH4+D13C+%E3%82%A8%E3%83%B3%E3%82%B8%E3%83%B3%E3%83%84%E3%83%BC%E3%83%AB%E3%82%AB%E3%83%BC%E3%82%A2%E3%82%AF%E3%82%BB%E3%82%B5%E3%83%AA%E3%83%BC HTTP/1.1" 200 52812 "-" "Mozilla/5.0 (Linux; Android 6.0.1; Nexus 5X Build/MMB29P) AppleWebKit/537.36 (KHTML, like Gecko) Chrome/135.0.7049.95 Mobile Safari/537.36 (compatible; Googlebot/2.1; +http://www.google.com/bot.html)"
66.249.74.103 - - [29/Apr/2025:22:28:53 -0400] "GET /?k=98620185650000&channel=c1cb7a&from=form.php%3Fid%3D1856500-600%26name%3Dwjk+%E3%83%AA%E3%83%90%E3%83%BC%E3%82%B7%E3%83%96%E3%83%AB%E3%83%99%E3%82%B9%E3%83%88 HTTP/1.1" 200 51545 "-" "Mozilla/5.0 (Linux; Android 6.0.1; Nexus 5X Build/MMB29P) AppleWebKit/537.36 (KHTML, like Gecko) Chrome/135.0.7049.95 Mobile Safari/537.36 (compatible; Googlebot/2.1; +http://www.google.com/bot.html)"
66.249.74.104 - - [29/Apr/2025:22:28:55 -0400] "GET /?k=673089580500&channel=1828ee&from=brands.php%3Fid%3D95805-5471%26name%3DSERA+%E3%82%AB%E3%83%9B%E3%83%B3+SE010+%E3%82%B9%E3%83%8A%E3%83%83%E3%83%94%E3%83%BCOFF%E6%A9%9F%E8%83%BD%E4%BB%98+%E6%9C%AA%E4%BD%BF%E7%94%A8%E3%82%B1%E3%83%BC%E3%82%B9%E4%BB%98%E3%81%8D HTTP/1.1" 200 0 "-" "Mozilla/5.0 (Linux; Android 6.0.1; Nexus 5X Build/MMB29P) AppleWebKit/537.36 (KHTML, like Gecko) Chrome/135.0.7049.95 Mobile Safari/537.36 (compatible; GoogleOther)"
66.249.74.104 - - [29/Apr/2025:22:28:59 -0400] "GET /?k=0260848557709&channel=60e6fa&from=blog.php%3Fid%3D485577-2169%26name%3DANDRESD+%E3%82%A2%E3%82%B6%E3%83%AC%E3%82%A2%E3%83%AD%E3%83%BC%E3%82%BA+%E3%83%91%E3%83%BC%E3%83%86%E3%82%A3%E3%83%BC%E3%83%89%E3%83%AC%E3%82%B9+M%E3%82%B5%E3%82%A4%E3%82%BA HTTP/1.1" 200 0 "-" "Mozilla/5.0 (Linux; Android 6.0.1; Nexus 5X Build/MMB29P) AppleWebKit/537.36 (KHTML, like Gecko) Chrome/135.0.7049.95 Mobile Safari/537.36 (compatible; GoogleOther)"
66.249.74.104 - - [29/Apr/2025:22:29:00 -0400] "GET /?k=59906189897203&channel=c217b1&from=goods.php%3Fid%3D1898972-7745%26name%3D%E3%83%89%E3%83%AA%E3%83%95%E5%A4%A7%E7%88%86%E7%AC%91%E3%80%80%E5%85%A8%E5%93%A1%E9%9B%86%E5%90%88%E3%82%B5%E3%82%A4%E3%83%B3%E8%89%B2%E7%B4%99 HTTP/1.1" 200 51410 "-" "Mozilla/5.0 (Linux; Android 6.0.1; Nexus 5X Build/MMB29P) AppleWebKit/537.36 (KHTML, like Gecko) Chrome/135.0.7049.95 Mobile Safari/537.36 (compatible; Googlebot/2.1; +http://www.google.com/bot.html)"
66.249.74.103 - - [29/Apr/2025:22:29:09 -0400] "GET /?k=30188495703&channel=444b6c&from=category-info.php%3Fid%3D4957-601%26name%3DPolo+Country+%E3%83%A9%E3%83%AB%E3%83%95%E3%83%AD%E3%83%BC%E3%83%AC%E3%83%B3+%E8%A5%9F%E3%82%B3%E3%83%BC%E3%83%87%E3%83%A5%E3%83%AD%E3%82%A4+%E3%82%B7%E3%83%A3%E3%83%84%E3%82%B8%E3%83%A3%E3%82%B1%E3%83%83%E3%83%88 HTTP/1.1" 200 50529 "-" "Mozilla/5.0 (Linux; Android 6.0.1; Nexus 5X Build/MMB29P) AppleWebKit/537.36 (KHTML, like Gecko) Chrome/135.0.7049.95 Mobile Safari/537.36 (compatible; Googlebot/2.1; +http://www.google.com/bot.html)"
66.249.74.103 - - [29/Apr/2025:22:29:10 -0400] "GET /?k=2187726000205&channel=a02019&from=category-info.php%3Fid%3D260002-3244%26name%3DDENON+pma-780d HTTP/1.1" 200 0 "-" "Mozilla/5.0 (Linux; Android 6.0.1; Nexus 5X Build/MMB29P) AppleWebKit/537.36 (KHTML, like Gecko) Chrome/135.0.7049.95 Mobile Safari/537.36 (compatible; GoogleOther)"
66.249.74.103 - - [29/Apr/2025:22:29:15 -0400] "GET /?k=2208824913206&channel=e668ee&from=news.php%3Fid%3D249132-10114%26name%3D%E8%BB%8A%E6%A4%85%E5%AD%90%E7%94%A8%E3%83%96%E3%83%A9%E3%83%B3%E3%82%B1%E3%83%83%E3%83%88%E3%80%81%E9%AB%98%E9%BD%A2%E8%80%85%E7%94%A8%E3%83%8E%E3%83%BC%E3%82%B9%E3%83%AA%E3%83%BC%E3%83%96%E3%83%A6%E3%83%8B%E3%83%90%E3%83%BC%E3%82%B5%E3%83%AB%E8%BB%8A%E6%A4%85%E5%AD%90%E3%83%95%E3%83%BC%E3%83%89%E4%BB%98%E3%81%8D%E3%83%9D%E3%83%B3%E3%83%81%E3%83%A7%E3%80%81%E5%A4%9A%E7%9B%AE%E7%9A%84%E5%8E%9A%E6%89%8B%E8%BB%8A%E6%A4%85%E5%AD%90%E7%94%A8%E3%83%96%E3%83%A9%E3%83%B3%E3%82%B1%E3%83%83%E3%83%88%E3%80%81%E8%BB%8A%E6%A4%85%E5%AD%90%E7%94%A8%E3%83%96%E3%83%A9%E3%83%B3%E3%82%B1%E3%83%83%E3%83%88 HTTP/1.1" 200 51560 "-" "Mozilla/5.0 (Linux; Android 6.0.1; Nexus 5X Build/MMB29P) AppleWebKit/537.36 (KHTML, like Gecko) Chrome/135.0.7049.95 Mobile Safari/537.36 (compatible; Googlebot/2.1; +http://www.google.com/bot.html)"
66.249.74.103 - - [29/Apr/2025:22:29:19 -0400] "GET /?k=01519155281701&channel=a733cf&from=category-info.php%3Fid%3D1552817-8374%26name%3D%E3%80%90%E7%BE%8E%E6%B5%9C%E9%80%9A%E5%95%86%E3%80%91%28%E3%81%BE%E3%81%A8%E3%82%81%29+%E3%83%91%E3%82%A4%E3%83%AD%E3%83%83%E3%83%88+%E3%83%95%E3%83%AA%E3%82%AF%E3%82%B7%E3%83%A7%E3%83%B3%E3%82%AB%E3%83%A9%E3%83%BC%E3%82%BA0.6mm+12%E8%89%B2%E3%82%BB%E3%83%83%E3%83%88%EF%BC%88%E5%90%84%E8%89%B21%E6%9C%AC%EF%BC%89+SFC-120M-12C+1%E3%83%91%E3%83%83%E3%82%AF+%E3%80%90 HTTP/1.1" 200 51162 "-" "Mozilla/5.0 (Linux; Android 6.0.1; Nexus 5X Build/MMB29P) AppleWebKit/537.36 (KHTML, like Gecko) Chrome/135.0.7049.95 Mobile Safari/537.36 (compatible; Googlebot/2.1; +http://www.google.com/bot.html)"
66.249.74.103 - - [29/Apr/2025:22:29:20 -0400] "GET /?k=550055848702&channel=1771ae&from=shop.php%3Fid%3D58487-2186%26name%3DZAPYVET+%E8%BB%8A%E3%81%AE%E3%83%95%E3%83%AD%E3%83%B3%E3%83%88%E3%82%A8%E3%83%B3%E3%82%B8%E3%83%B3%E3%83%95%E3%83%BC%E3%83%89%E9%81%AE%E9%9F%B3%E7%B6%BF%E3%83%91%E3%83%83%E3%83%89%E9%98%B2%E9%9F%B3%E3%83%9E%E3%83%83%E3%83%88%E3%83%95%E3%82%A9%E3%83%BC%E3%83%A0%E3%80%81%E3%80%81B%E3%82%AF%E3%83%A9%E3%82%B9W246+B180+B200+2012-2018 HTTP/1.1" 200 0 "-" "Mozilla/5.0 (Linux; Android 6.0.1; Nexus 5X Build/MMB29P) AppleWebKit/537.36 (KHTML, like Gecko) Chrome/135.0.7049.95 Mobile Safari/537.36 (compatible; GoogleOther)"
66.249.74.104 - - [29/Apr/2025:22:27:02 -0400] "GET /?k=22199101323000&channel=5376d1&from=blog.php%3Fid%3D1013230-2034%26name%3DROUND1%C3%97%E3%83%AB%E3%83%91%E3%83%B3%E4%B8%89%E4%B8%96+%E3%83%94%E3%83%B3%E3%82%AF%E3%83%AD%E3%83%83%E3%82%AF HTTP/1.1" 200 0 "-" "Mozilla/5.0 (Linux; Android 6.0.1; Nexus 5X Build/MMB29P) AppleWebKit/537.36 (KHTML, like Gecko) Chrome/135.0.7049.95 Mobile Safari/537.36 (compatible; GoogleOther)"
66.249.74.105 - - [29/Apr/2025:22:27:04 -0400] "GET /?k=29913146529306&channel=117712&from=jp.php%3Fid%3D1465293-11898%26name%3D%E5%8E%9F%E7%94%BB%E3%80%80%E3%82%AA%E3%83%AA%E3%82%B8%E3%83%8A%E3%83%AB HTTP/1.1" 200 51694 "-" "Mozilla/5.0 (Linux; Android 6.0.1; Nexus 5X Build/MMB29P) AppleWebKit/537.36 (KHTML, like Gecko) Chrome/135.0.7049.95 Mobile Safari/537.36 (compatible; Googlebot/2.1; +http://www.google.com/bot.html)"
2a06:98c0:3600::103 - - [29/Apr/2025:22:27:05 -0400] "GET /wordpress/wp-admin/setup-config.php HTTP/1.1" 200 0 "-" "Mozilla/5.0 (Windows NT 10.0; Win64; x64) AppleWebKit/537.36 (KHTML, like Gecko) Chrome/135.0.0.0 Safari/537.36"
66.249.74.104 - - [29/Apr/2025:22:27:06 -0400] "GET /?k=73982159642005&channel=e79cd8&from=product.php%3Fid%3D1596420-2557%26name%3DSimplism+%E3%82%B7%E3%83%B3%E3%83%97%E3%83%AA%E3%82%BA%E3%83%A0+Google+Pixel+9a+%5BFLEX+3D%5D+%E3%81%AE%E3%81%9E%E3%81%8D%E8%A6%8B%E9%98%B2%E6%AD%A2+%E8%A4%87%E5%90%88%E3%83%95%E3%83%AC%E3%83%BC%E3%83%A0%E3%82%AC%E3%83%A9%E3%82%B9+TR-PX25 HTTP/1.1" 200 0 "-" "Mozilla/5.0 (Linux; Android 6.0.1; Nexus 5X Build/MMB29P) AppleWebKit/537.36 (KHTML, like Gecko) Chrome/135.0.7049.95 Mobile Safari/537.36 (compatible; GoogleOther)"
66.249.74.104 - - [29/Apr/2025:22:27:10 -0400] "GET /?k=9428216513404&channel=308051&from=product.php%3Fid%3D165134-8419%26name%3D1%E5%80%8B+16-300mm+%E6%9C%A8%E8%A3%BD%E3%83%9B%E3%83%BC%E3%83%AB%E3%82%BD%E3%83%BC%E3%82%BB%E3%83%83%E3%83%88+%E6%9C%A8%E5%B7%A5%E7%94%A8+%E6%9D%BF%E9%87%91+%E3%83%97%E3%83%A9%E3%82%B9%E3%83%86%E3%82%A3+%E3%82%AB%E3%83%AB%E3%83%9F%E3%83%8A%E3%83%A0+%E3%83%89%E3%83%AA%E3%83%AB%E3%83%93%E3%83%83%E3%83%88+DIY%E3%83%84%E3%83%BC%E3%83%AB%E3%80%8185mm HTTP/1.1" 200 51944 "-" "Mozilla/5.0 (Linux; Android 6.0.1; Nexus 5X Build/MMB29P) AppleWebKit/537.36 (KHTML, like Gecko) Chrome/135.0.7049.95 Mobile Safari/537.36 (compatible; Googlebot/2.1; +http://www.google.com/bot.html)"
66.249.74.104 - - [29/Apr/2025:22:27:11 -0400] "GET /?k=6270920550602&channel=233d2f&from=jp.php%3Fid%3D205506-6847%26name%3D%E3%83%9E%E3%82%A6%E3%83%B3%E3%83%86%E3%83%B3%E3%83%91%E3%83%BC%E3%82%AB%E3%83%BC+120+%E3%81%99%E3%81%BF%E3%81%A3%E3%81%93%E3%81%90%E3%82%89%E3%81%97t%E3%82%B7%E3%83%A3%E3%83%84+%E3%83%80%E3%82%A6%E3%83%B3%E3%82%B8%E3%83%A3%E3%82%B1%E3%83%83%E3%83%88+140+%E7%94%B7%E3%81%AE%E5%AD%90+%E3%81%86%E3%81%84%E3%82%93%E3%81%A9%E3%81%B6%E3%82%8C%E3%83%BC%E3%81%8B%E3%83%BC+%E3%83%AC%E3%83%87%E3%82%A3%E3%83%BC%E3%82%B9+%E3%82%A6%E3%82%A3%E3%83%B3%E3%83%89%E3%83%96%E3%83%AC%E3%83%BC HTTP/1.1" 200 0 "-" "Mozilla/5.0 (Linux; Android 6.0.1; Nexus 5X Build/MMB29P) AppleWebKit/537.36 (KHTML, like Gecko) Chrome/135.0.7049.95 Mobile Safari/537.36 (compatible; GoogleOther)"
66.249.74.103 - - [29/Apr/2025:22:27:18 -0400] "GET /?k=75101130106400&channel=9879c3&from=article.php%3Fid%3D1301064-6652%26name%3DNINJA250+%E3%83%8B%E3%83%B3%E3%82%B8%E3%83%A3250+Z250+2013-2017+DANMOTO+%E3%83%80%E3%83%B3%E3%83%A2%E3%83%88+%E3%82%AB%E3%83%BC%E3%83%9C%E3%83%B3+%E3%82%B9%E3%83%AA%E3%83%83%E3%83%97%E3%82%AA%E3%83%B3%E3%83%9E%E3%83%95%E3%83%A9%E3%83%BC HTTP/1.1" 200 52943 "-" "Mozilla/5.0 (Linux; Android 6.0.1; Nexus 5X Build/MMB29P) AppleWebKit/537.36 (KHTML, like Gecko) Chrome/135.0.7049.95 Mobile Safari/537.36 (compatible; Googlebot/2.1; +http://www.google.com/bot.html)"
66.249.74.103 - - [29/Apr/2025:22:29:26 -0400] "GET /?k=60404189802207&channel=ae6df3&from=pin.php%3Fid%3D1898022-19558%26name%3D%E7%A0%82%E5%88%A9%E4%BF%9D%E8%AD%B7%E6%9D%90+%E5%9C%B0%E7%9B%A4%E5%AE%89%E5%AE%9A%E6%9D%90+%E5%9B%BA%E5%AE%9A%E6%9D%90+%E5%9C%9F%2F%E8%8D%89%2F%E7%A0%82%E3%81%AE%E5%AE%89%E5%AE%9A%E5%8C%96%E3%81%AE%E3%81%9F%E3%82%81%E3%81%AE%E3%82%B8%E3%82%AA%E3%82%B0%E3%83%AA%E3%83%83%E3%83%89%E3%82%B0%E3%83%A9%E3%82%A6%E3%83%B3%E3%83%89-5cm%E3%81%AE%E9%AB%98%E3%81%95%E3%81%AE%E6%8B%A1%E5%BC%B5%E5%8F%AF%E8%83%BD%E3%81%AA%E3%83%AF%E3%82%A4%E3%83%89%E3%82%BF%E3%83%95%E3%81%AA%E3%83%97%E3%83%A9%E3%82%B9%E3%83%81%E3%83%83%E3%82%AF%E3%82%B8 HTTP/1.1" 200 51480 "-" "Mozilla/5.0 (Linux; Android 6.0.1; Nexus 5X Build/MMB29P) AppleWebKit/537.36 (KHTML, like Gecko) Chrome/135.0.7049.95 Mobile Safari/537.36 (compatible; Googlebot/2.1; +http://www.google.com/bot.html)"
66.249.74.103 - - [29/Apr/2025:22:29:33 -0400] "GET /?k=0714067045000&channel=c1e8ff&from=info.php%3Fid%3D670450-15497%26name%3D%E3%83%AD%E3%83%AC%E3%83%83%E3%82%AF%E3%82%B9%E3%80%80%E8%85%95%E6%99%82%E8%A8%88%E3%82%B1%E3%83%BC%E3%82%B9%E3%80%80%E9%9D%9E%E5%A3%B2%E5%93%81 HTTP/1.1" 200 51591 "-" "Mozilla/5.0 (Linux; Android 6.0.1; Nexus 5X Build/MMB29P) AppleWebKit/537.36 (KHTML, like Gecko) Chrome/135.0.7049.95 Mobile Safari/537.36 (compatible; Googlebot/2.1; +http://www.google.com/bot.html)"
40.77.167.47 - - [29/Apr/2025:22:29:35 -0400] "GET /?k=8420253525203&channel=ef966b&from=news.php%3Fid%3D535252-5842%26name%3D%E3%82%A4%E3%83%B3%E3%83%90%E3%83%BC%E3%82%BF%E3%83%BC%E3%80%81+600W%E3%82%B0%E3%83%AA%E3%83%83%E3%83%89%E6%8E%A5%E7%B6%9A%E5%A4%AA%E9%99%BD%E9%9B%BB%E6%B1%A0%E3%82%A4%E3%83%B3%E3%83%90%E3%83%BC%E3%82%BF+MPPT%E7%B4%94%E7%B2%8B%E3%81%AA%E6%AD%A3%E5%BC%A6%E6%B3%A2%E3%83%9E%E3%82%A4%E3%82%AF%E3%83%AD%E3%82%A4%E3%83%B3%E3%83%90%E3%83%BC%E3%82%BF+DC15-28V%E5%A4%AA%E9%99%BD%E5%85%89%E7%99%BA%E9%9B%BB%E5%85%A5%E5%8A%9B+AC HTTP/1.1" 200 41218 "-" "Mozilla/5.0 AppleWebKit/537.36 (KHTML, like Gecko; compatible; bingbot/2.0; +http://www.bing.com/bingbot.htm) Chrome/116.0.1938.76 Safari/537.36"
66.249.74.103 - - [29/Apr/2025:22:29:39 -0400] "GET /?k=7100082994303&channel=8069b0&from=goods.php%3Fid%3D829943-1727%26name%3D%E3%82%A2%E3%83%BC%E3%82%AF%E3%83%86%E3%83%AA%E3%82%AF%E3%82%B9+ARC%27TERYX+%E3%82%A6%E3%82%A8%E3%82%B9%E3%83%88%E3%83%90%E3%83%83%E3%82%B0+%EF%BC%88System%EF%BC%89 HTTP/1.1" 200 51624 "-" "Mozilla/5.0 (Linux; Android 6.0.1; Nexus 5X Build/MMB29P) AppleWebKit/537.36 (KHTML, like Gecko) Chrome/135.0.7049.95 Mobile Safari/537.36 (compatible; Googlebot/2.1; +http://www.google.com/bot.html)"
66.249.74.103 - - [29/Apr/2025:22:29:47 -0400] "GET /?k=96882146186401&channel=7eee85&from=shop.php%3Fid%3D1461864-1032%26name%3D%E6%A2%B5%E5%AD%97+%E3%82%B9%E3%83%86%E3%83%83%E3%82%AB%E3%83%BC+%E3%82%B5%E3%82%AF+saku+%E5%8B%A2%E8%87%B3%E8%8F%A9%E8%96%A9+%E7%94%9F%E3%81%BE%E3%82%8C%E5%B9%B4%EF%BC%9A%E5%8D%88%EF%BC%88%E3%81%86%E3%81%BE%EF%BC%89%E5%B9%B4%E7%94%9F%E3%81%BE%E3%82%8C++M%E3%82%B5%E3%82%A4%E3%82%BA HTTP/1.1" 200 0 "-" "Mozilla/5.0 (Linux; Android 6.0.1; Nexus 5X Build/MMB29P) AppleWebKit/537.36 (KHTML, like Gecko) Chrome/135.0.7049.95 Mobile Safari/537.36 (compatible; GoogleOther)"
66.249.74.103 - - [29/Apr/2025:22:29:48 -0400] "GET /?k=07958192986800&channel=53d061&from=shared.php%3Fid%3D1929868-526%26name%3DMZEER+%E3%83%95%E3%83%AD%E3%83%B3%E3%83%88%E3%83%90%E3%83%B3%E3%83%91%E3%83%BC%E3%82%B9%E3%83%97%E3%83%AA%E3%83%83%E3%82%BF%E3%83%BC%E3%82%AB%E3%83%8A%E3%83%BC%E3%83%89+VW+%E7%94%A8%E3%82%B4%E3%83%AB%E3%83%95+7+MK7+VII+GTI+2013-2016+%E3%83%95%E3%82%A9%E3%82%B0%E3%83%A9%E3%82%A4%E3%83%88%E3%82%AB%E3%83%90%E3%83%BC HTTP/1.1" 200 53544 "-" "Mozilla/5.0 (Linux; Android 6.0.1; Nexus 5X Build/MMB29P) AppleWebKit/537.36 (KHTML, like Gecko) Chrome/135.0.7049.95 Mobile Safari/537.36 (compatible; Googlebot/2.1; +http://www.google.com/bot.html)"
66.249.74.104 - - [29/Apr/2025:22:29:55 -0400] "GET /?k=84609193285507&channel=074a5d&from=form.php%3Fid%3D1932855-25939%26name%3DITOPUP+%E7%89%BD%E5%BC%95%E3%83%9F%E3%83%A9%E3%83%BC+2014-2018%E5%B9%B4+%E3%82%B7%E3%83%9C%E3%83%AC%E3%83%BC+1500+2015-2019+GMC+2500+HD+3500+HD+%E7%89%BD%E5%BC%95 HTTP/1.1" 200 53306 "-" "Mozilla/5.0 (Linux; Android 6.0.1; Nexus 5X Build/MMB29P) AppleWebKit/537.36 (KHTML, like Gecko) Chrome/135.0.7049.95 Mobile Safari/537.36 (compatible; Googlebot/2.1; +http://www.google.com/bot.html)"
52.167.144.156 - - [29/Apr/2025:22:29:59 -0400] "GET /?k=71561140599304&channel=d38ce4&from=brands.php%3Fid%3D1405993-18493%26name%3DCiieeo+%E3%82%A2%E3%83%A9%E3%83%BC%E3%83%A0%E7%81%AB%E7%81%BD%E3%83%9C%E3%82%BF%E3%83%B3%E3%82%A2%E3%83%A9%E3%83%BC%E3%83%A0%E3%83%AA%E3%82%BB%E3%83%83%E3%83%88%E3%83%91%E3%83%8D%E3%83%AB%E3%82%B3%E3%83%BC%E3%83%AB%E3%83%9C%E3%82%BF%E3%83%B3%E3%83%9E%E3%83%8B%E3%83%A5%E3%82%A2%E3%83%AB%E3%83%AA%E3%82%BB%E3%83%83%E3%83%88%E3%82%B9%E3%82%A4%E3%83%83%E3%83%81%E4%BB%98%E3%81%8D%E7%B7%8A%E6%80%A5%E6%99%82%E3%81%AE%E7%81%AB%E7%81%BD%E3%83%91%E3%83%8D%E3%83%AB%E3%82%92%E8%BF%85%E9%80%9F%E3%81%AA%E5%BF%9C%E7%AD%94%E8%80%90%E4%B9%85%E6%80%A7 HTTP/1.1" 200 40283 "-" "Mozilla/5.0 AppleWebKit/537.36 (KHTML, like Gecko; compatible; bingbot/2.0; +http://www.bing.com/bingbot.htm) Chrome/116.0.1938.76 Safari/537.36"
66.249.74.104 - - [29/Apr/2025:22:30:01 -0400] "GET /?k=67895104612701&channel=15cf2f&from=shared.php%3Fid%3D1046127-20071%26name%3D%E9%AB%98%E7%B4%9A%E6%9C%8D%E7%94%9F%E5%9C%B0%E3%80%80%E3%81%96%E3%81%8F%E3%81%A3%E3%82%8A%E3%82%A6%E3%83%BC%E3%83%AB%E3%80%80%E3%82%AA%E3%83%AC%E3%83%B3%E3%82%B8 HTTP/1.1" 200 53331 "-" "Mozilla/5.0 (Linux; Android 6.0.1; Nexus 5X Build/MMB29P) AppleWebKit/537.36 (KHTML, like Gecko) Chrome/135.0.7049.95 Mobile Safari/537.36 (compatible; Googlebot/2.1; +http://www.google.com/bot.html)"
66.249.74.104 - - [29/Apr/2025:22:30:06 -0400] "GET /?k=06880154286505&channel=caa202&from=jp.php%3Fid%3D1542865-4504%26name%3DHVAC+%E7%A9%BA%E8%AA%BF%E3%82%B3%E3%83%B3%E3%83%88%E3%83%AD%E3%83%BC%E3%83%A9+A2257054003+A2257054004+A2257054005+A2257054007+A22- HTTP/1.1" 200 50882 "-" "Mozilla/5.0 (Linux; Android 6.0.1; Nexus 5X Build/MMB29P) AppleWebKit/537.36 (KHTML, like Gecko) Chrome/135.0.7049.95 Mobile Safari/537.36 (compatible; Googlebot/2.1; +http://www.google.com/bot.html)"
66.249.74.104 - - [29/Apr/2025:22:30:08 -0400] "GET /?k=7302896132300&channel=d4d30a&from=product.php%3Fid%3D961323-960%26name%3D%E6%9C%AA%E4%BD%BF%E7%94%A8+%E6%98%AD%E5%92%8C%E3%83%AC%E3%83%88%E3%83%AD+%E7%9D%80%E7%89%A9+%E7%BE%BD%E7%B9%94+%E9%BB%92++%E5%AE%B6%E7%B4%8B%E5%85%A5%E3%82%8A HTTP/1.1" 200 0 "-" "Mozilla/5.0 (Linux; Android 6.0.1; Nexus 5X Build/MMB29P) AppleWebKit/537.36 (KHTML, like Gecko) Chrome/135.0.7049.95 Mobile Safari/537.36 (compatible; GoogleOther)"
66.249.74.103 - - [29/Apr/2025:22:30:13 -0400] "GET /?k=17362182143100&channel=470a03&from=info.php%3Fid%3D1821431-13252%26name%3DCNC+4th%2F5th+A+C+%E8%BB%B8%E5%9B%9E%E8%BB%A2%E8%BB%B8%E9%A7%86%E5%8B%95%E6%B8%9B%E9%80%9F%E6%A9%9F%E3%82%A4%E3%83%B3%E3%83%87%E3%83%83%E3%82%AF%E3%82%B9%E3%83%98%E3%83%83%E3%83%89%E6%B8%9B%E9%80%9F%E6%AF%94+50%3A1+NEMA34+86+%E3%82%B9%E3%83%86%E3%83%83%E3%83%94%E3%83%B3%E3%82%B0%E3%83%A2%E3%83%BC%E3%82%BF%E3%83%BC%283 HTTP/1.1" 200 0 "-" "Mozilla/5.0 (Linux; Android 6.0.1; Nexus 5X Build/MMB29P) AppleWebKit/537.36 (KHTML, like Gecko) Chrome/135.0.7049.95 Mobile Safari/537.36 (compatible; GoogleOther)"
66.249.74.103 - - [29/Apr/2025:22:30:16 -0400] "GET /?k=88848179556103&channel=ee1f5d&from=jp.php%3Fid%3D1795561-84%26name%3D%E3%82%B7%E3%83%A7%E3%83%AB%E3%83%80%E3%83%BC%E3%83%90%E3%83%83%E3%82%B0+%E3%83%AC%E3%83%87%E3%82%A3%E3%83%BC%E3%82%B9+%E6%96%9C%E3%82%81%E3%81%8C%E3%81%91+%E5%A4%A7%E4%BA%BA+%E8%BB%BD%E9%87%8F+%E3%81%8B%E3%82%8F%E3%81%84%E3%81%84+%E3%83%9E%E3%83%9E+%E3%83%9F%E3%83%8B+a5+%E6%97%85%E8%A1%8C+%E3%83%97%E3%83%AD%E3%83%9A%E3%83%A9%E3%83%98%E3%83%83%E3%82%BA+%E6%97%85%E8%A1%8C%E7%94%A8+%E9%BB%92+%E5%8F%AF%E6%84%9B%E3%81%84+%E3%82%AB%E3%82%B8%E3%83%A5%E3%82%A2%E3%83%AB HTTP/1.1" 200 51769 "-" "Mozilla/5.0 (Linux; Android 6.0.1; Nexus 5X Build/MMB29P) AppleWebKit/537.36 (KHTML, like Gecko) Chrome/135.0.7049.95 Mobile Safari/537.36 (compatible; Googlebot/2.1; +http://www.google.com/bot.html)"
66.249.74.103 - - [29/Apr/2025:22:30:20 -0400] "GET /?k=028004652205&channel=0a0ce4&from=goods.php%3Fid%3D46522-4180%26name%3D%E3%83%8B%E3%83%B3%E3%83%86%E3%83%B3%E3%83%89%E3%83%BCSwitch+lite HTTP/1.1" 200 51434 "-" "Mozilla/5.0 (Linux; Android 6.0.1; Nexus 5X Build/MMB29P) AppleWebKit/537.36 (KHTML, like Gecko) Chrome/135.0.7049.95 Mobile Safari/537.36 (compatible; Googlebot/2.1; +http://www.google.com/bot.html)"
66.249.74.103 - - [29/Apr/2025:22:30:28 -0400] "GET /?k=64927103811906&channel=ec99ef&from=blog.php%3Fid%3D1038119-19340%26name%3D%E3%82%AA%E3%83%BC%E3%83%88%E3%83%90%E3%82%A4%E3%81%AE%E3%83%96%E3%83%AC%E3%83%BC%E3%82%AD%E3%83%9E%E3%82%B9%E3%82%BF%E3%83%BC%E3%82%B7%E3%83%AA%E3%83%B3%E3%83%80%E3%83%BC%E3%82%AF%E3%83%A9%E3%83%83%E3%83%81+%E3%82%AA%E3%83%BC%E3%83%88%E3%83%90%E3%82%A4%E3%82%A2%E3%82%AF%E3%82%BB%E3%82%B5%E3%83%AA%E3%83%BC+CNC+%E8%AA%BF%E6%95%B4%E5%8F%AF%E8%83%BD%E3%81%AA%E6%8A%98%E3%82%8A%E3%81%9F%E3%81%9F%E3%81%BF%E6%8B%A1%E5%BC%B5%E5%8F%AF%E8%83%BD%E3%81%AA%E3%83%96%E3%83%AC%E3%83%BC%E3%82%AD%E3%82%AF%E3%83%A9%E3%83%83%E3%83%81%E3%83%AC%E3%83%90%E3%83%BC HTTP/1.1" 200 50963 "-" "Mozilla/5.0 (Linux; Android 6.0.1; Nexus 5X Build/MMB29P) AppleWebKit/537.36 (KHTML, like Gecko) Chrome/135.0.7049.95 Mobile Safari/537.36 (compatible; Googlebot/2.1; +http://www.google.com/bot.html)"
66.249.74.103 - - [29/Apr/2025:22:30:32 -0400] "GET /?k=10511133014403&channel=876f4e&from=goods.php%3Fid%3D1330144-23367%26name%3D%E6%B7%B1%E5%B7%9D%E8%A3%BD%E7%A3%81+%E8%8C%B6%E5%99%A8+%E6%80%A5%E9%A0%88+%E8%93%8B%E4%BB%98%E3%81%8D%E6%B9%AF%E5%91%91%E3%81%BF5%E5%AE%A2%E3%82%BB%E3%83%83%E3%83%88+%E5%AE%AE%E5%86%85%E5%BA%81%E5%BE%A1%E7%94%A8%E9%81%94 HTTP/1.1" 200 0 "-" "Mozilla/5.0 (Linux; Android 6.0.1; Nexus 5X Build/MMB29P) AppleWebKit/537.36 (KHTML, like Gecko) Chrome/135.0.7049.95 Mobile Safari/537.36 (compatible; GoogleOther)"
66.249.74.103 - - [29/Apr/2025:22:30:34 -0400] "GET /?k=07087199147703&channel=b20707&from=blog.php%3Fid%3D1991477-2019%26name%3D%E3%83%88%E3%83%A9%E3%83%99%E3%83%AB%E3%82%AF%E3%83%BC%E3%83%A9%E3%83%BC%E3%83%9C%E3%83%83%E3%82%AF%E3%82%B9%E3%80%81%E6%96%AD%E7%86%B1%E9%A3%9F%E6%96%99%E5%93%81%E7%AE%B1+%7C+%E6%97%85%E8%A1%8C%E7%94%A8%E3%81%AB%E6%96%AD%E7%86%B1%E3%81%95%E3%82%8C%E3%81%9F%E3%82%AF%E3%83%BC%E3%83%A9%E3%83%BC%E3%83%90%E3%83%83%E3%82%B0+%7C+%E9%A3%B2%E3%81%BF%E7%89%A9%E3%82%84%E3%82%B9%E3%83%8A%E3%83%83%E3%82%AF%E3%81%AE%E3%81%9F%E3%82%81%E3%81%AE%E3%82%B5%E3%83%BC%E3%83%9E%E3%83%AB%E3%82%B3%E3%83%B3%E3%83%86%E3%83%8A%E6%BC%8F%E3%82%8C%E3%82%AD%E3%83%A3%E3%83%AA HTTP/1.1" 200 53160 "-" "Mozilla/5.0 (Linux; Android 6.0.1; Nexus 5X Build/MMB29P) AppleWebKit/537.36 (KHTML, like Gecko) Chrome/135.0.7049.95 Mobile Safari/537.36 (compatible; Googlebot/2.1; +http://www.google.com/bot.html)"
66.249.74.103 - - [29/Apr/2025:22:30:42 -0400] "GET /?k=5959023670204&channel=c6c9fd&from=shop.php%3Fid%3D236702-5423%26name%3D%5B%E3%83%AA%E3%83%BC%E3%82%AC%E3%83%AB%5D+F75M+%E3%82%B7%E3%83%A7%E3%83%BC%E3%83%88%E3%83%96%E3%83%BC%E3%83%84+%E3%82%B7%E3%83%B3%E3%83%97%E3%83%AB%E3%82%AB%E3%83%83%E3%83%88%E3%83%AF%E3%83%BC%E3%82%AF+%E6%9C%AC%E9%9D%A9+%E3%83%92%E3%83%BC%E3%83%AB%E7%B4%843.5cm+%E3%83%AC%E3%83%87%E3%82%A3%E3%83%BC%E3%82%B9 HTTP/1.1" 200 51861 "-" "Mozilla/5.0 (Linux; Android 6.0.1; Nexus 5X Build/MMB29P) AppleWebKit/537.36 (KHTML, like Gecko) Chrome/135.0.7049.95 Mobile Safari/537.36 (compatible; Googlebot/2.1; +http://www.google.com/bot.html)"
40.77.167.70 - - [29/Apr/2025:22:30:43 -0400] "GET /?k=0227945566700&channel=220bff&from=jp.php%3Fid%3D455667-6725%26name%3D%E6%B3%A8%E6%B0%B4%E5%BC%8F%E3%82%B9%E3%82%BF%E3%83%B3%E3%83%89%E7%9C%8B%E6%9D%BF+%E5%B0%8F%E3%82%B5%E3%82%A4%E3%82%BA%E3%83%BB%E7%89%87%E9%9D%A2%EF%BC%88%E7%99%BD%E7%84%A1%E5%9C%B0%E3%83%91%E3%83%8D%E3%83%AB%E3%83%BB%E3%82%A2%E3%83%AB%E3%83%9F%E6%94%AF%E6%9F%B1%E3%83%BB%E6%B3%A8%E6%B0%B4%E5%BC%8F%E7%AB%8B%E3%81%A6%E5%8F%B0%E3%82%BB%E3%83%83%E3%83%88%EF%BC%89 HTTP/1.1" 200 41516 "-" "Mozilla/5.0 AppleWebKit/537.36 (KHTML, like Gecko; compatible; bingbot/2.0; +http://www.bing.com/bingbot.htm) Chrome/116.0.1938.76 Safari/537.36"
66.249.74.103 - - [29/Apr/2025:22:30:45 -0400] "GET /?k=710206220902&channel=99f22d&from=news.php%3Fid%3D62209-4761%26name%3DPS2+3%E6%9C%AC%E3%82%BB%E3%83%83%E3%83%88+J%E3%83%AA%E3%83%BC%E3%82%B0%E3%82%A6%E3%82%A4%E3%83%8B%E3%83%B3%E3%82%B0%E3%82%A4%E3%83%AC%E3%83%96%E3%83%B3+2007+2008+2009%E5%AE%9A%E7%95%AA HTTP/1.1" 200 52236 "-" "Mozilla/5.0 (Linux; Android 6.0.1; Nexus 5X Build/MMB29P) AppleWebKit/537.36 (KHTML, like Gecko) Chrome/135.0.7049.95 Mobile Safari/537.36 (compatible; Googlebot/2.1; +http://www.google.com/bot.html)"
