66.249.74.103 - - [29/Apr/2025:23:01:36 -0400] "GET /?k=77269101405600&channel=bc39ed&from=jp.php%3Fid%3D1014056-12658%26name%3DUnder+Armour+%E3%83%95%E3%83%BC%E3%83%89%E4%BB%98%E3%81%8D%E3%83%91%E3%83%BC%E3%82%AB%E3%83%BC+%26%E3%82%BA%E3%83%9C%E3%83%B3SM%2FPCH+%E3%83%80%E3%83%BC%E3%82%AF%E3%82%B0%E3%83%AC%E3%83%BC HTTP/1.1" 200 51707 "-" "Mozilla/5.0 (Linux; Android 6.0.1; Nexus 5X Build/MMB29P) AppleWebKit/537.36 (KHTML, like Gecko) Chrome/135.0.7049.95 Mobile Safari/537.36 (compatible; Googlebot/2.1; +http://www.google.com/bot.html)"
66.249.74.103 - - [29/Apr/2025:23:01:37 -0400] "GET /?k=29913146529306&channel=117712&from=jp.php%3Fid%3D1465293-11898%26name%3D%E5%8E%9F%E7%94%BB%E3%80%80%E3%82%AA%E3%83%AA%E3%82%B8%E3%83%8A%E3%83%AB HTTP/1.1" 200 0 "-" "Mozilla/5.0 (Linux; Android 6.0.1; Nexus 5X Build/MMB29P) AppleWebKit/537.36 (KHTML, like Gecko) Chrome/135.0.7049.95 Mobile Safari/537.36 (compatible; GoogleOther)"
66.249.74.103 - - [29/Apr/2025:23:01:42 -0400] "GET /?k=52005127760400&channel=d65695&from=pin.php%3Fid%3D1277604-8830%26name%3DKOKUTAKU++%E8%B6%85%E3%82%B9%E3%83%BC%E3%83%91%E3%83%BC%E8%B6%85%E7%89%B9%E9%81%B8%E3%80%90%E6%A5%B5%E3%80%91%E8%A7%92%E4%B8%B8%E3%80%80%E5%8D%93%E7%90%83%E3%83%A9%E3%82%B1%E3%83%83%E3%83%88%E3%80%80+%E5%B0%BE%E5%B7%9E%E5%A4%A9%E7%84%B6%E6%AA%9C%E5%8D%98%E6%9D%BF HTTP/1.1" 200 52057 "-" "Mozilla/5.0 (Linux; Android 6.0.1; Nexus 5X Build/MMB29P) AppleWebKit/537.36 (KHTML, like Gecko) Chrome/135.0.7049.95 Mobile Safari/537.36 (compatible; Googlebot/2.1; +http://www.google.com/bot.html)"
66.249.74.103 - - [29/Apr/2025:23:01:45 -0400] "GET /?k=0940010408813&channel=580643&from=blog.php%3Fid%3D104088-2401%26name%3DYAMAHA%E3%83%9B%E3%83%AB%E3%83%B3YHR664%E3%83%95%E3%83%AB%E3%83%80%E3%83%96%E3%83%AB HTTP/1.1" 200 49325 "-" "Mozilla/5.0 (Linux; Android 6.0.1; Nexus 5X Build/MMB29P) AppleWebKit/537.36 (KHTML, like Gecko) Chrome/135.0.7049.95 Mobile Safari/537.36 (compatible; Googlebot/2.1; +http://www.google.com/bot.html)"
66.249.74.104 - - [29/Apr/2025:23:01:46 -0400] "GET /?k=2201119407101&channel=6c2602&from=brands.php%3Fid%3D194071-4135%26name%3D4+%E3%83%90%E3%83%AC%E3%83%AB+%E3%82%B9%E3%83%AD%E3%83%83%E3%83%88%E3%83%AB%E3%83%9C%E3%83%87%E3%82%A3+GM+LS3%2FL92%2FL76+%E9%95%B7%E6%96%B9%E5%BD%A2%E3%83%9D%E3%83%BC%E3%83%88+%E3%82%B7%E3%83%B3%E3%82%B0%E3%83%AB++4150+%E3%83%9B%E3%83%BC%E3%83%AA%E3%83%BC%E3%83%97%E3%83%AC%E3%83%BC%E3%83%B3+%E3%82%AD%E3%83%A3%E3%82%B9%E3%83%88%E3%82%A2%E3%83%AB%E3%83%9F%E3%83%8B%E3%82%A6%E3%83%A0%EF%BC%88%E6%A5%BD%E5%A4%A9%E5%B8%82%E5%A0%B4%E3%80%91%E3%83%9B%E3%83%B3%E3%83%80+%E3%82%B9%E3%83%AD%E3%83%83%E3%83%88%E3%83%AB%E3%83%9C%E3%83%87%E3%82%A3+%E3%83%AA%E3%83%93%E3%83%AB%E3%83%88+%E3%83%95%E3%82%A3%E3%83%83%E3%83%88+GD3+GD4+%E5%93%81%E7%95%AA+16400-PWC-901+%3A+%E8%87%AA%E5%8B%95%E8%BB%8A%E9%83%A8%E5%93%81%E5%B0%82%E9%96%80%E5%BA%97+Parts+Style%EF%BC%89 HTTP/1.1" 200 0 "-" "Mozilla/5.0 (Linux; Android 6.0.1; Nexus 5X Build/MMB29P) AppleWebKit/537.36 (KHTML, like Gecko) Chrome/135.0.7049.95 Mobile Safari/537.36 (compatible; GoogleOther)"
66.249.74.103 - - [29/Apr/2025:23:01:48 -0400] "GET /?k=5217450680601&channel=f3e396&from=shop.php%3Fid%3D506806-9174%26name%3D%E3%80%90%E6%96%B0%E5%93%81%E6%9C%AA%E4%BD%BF%E7%94%A8%E3%80%91%E3%83%8E%E3%83%BC%E3%82%B9%E3%83%95%E3%82%A7%E3%82%A4%E3%82%B9%E3%80%80%E3%83%99%E3%83%93%E3%83%BC%E3%80%80%E3%82%B7%E3%82%A7%E3%83%AB%E3%83%96%E3%83%A9%E3%83%B3%E3%82%B1%E3%83%83%E3%83%88 HTTP/1.1" 200 51248 "-" "Mozilla/5.0 (Linux; Android 6.0.1; Nexus 5X Build/MMB29P) AppleWebKit/537.36 (KHTML, like Gecko) Chrome/135.0.7049.95 Mobile Safari/537.36 (compatible; Googlebot/2.1; +http://www.google.com/bot.html)"
66.249.74.104 - - [29/Apr/2025:23:01:57 -0400] "GET /?k=4403654818300&channel=c1cb7a&from=product.php%3Fid%3D548183-600%26name%3D%E3%82%A4%E3%82%BF%E3%83%AA%E3%82%A2%E8%BB%8D+%E3%83%95%E3%83%83%E3%82%AF%E3%82%B9%E3%83%A2%E3%83%83%E3%82%AF+%E3%82%B5%E3%82%A4%E3%82%BA3+%E3%83%87%E3%83%83%E3%83%89%E3%82%B9%E3%83%88%E3%83%83%E3%82%AF HTTP/1.1" 200 51999 "-" "Mozilla/5.0 (Linux; Android 6.0.1; Nexus 5X Build/MMB29P) AppleWebKit/537.36 (KHTML, like Gecko) Chrome/135.0.7049.95 Mobile Safari/537.36 (compatible; Googlebot/2.1; +http://www.google.com/bot.html)"
66.249.74.103 - - [29/Apr/2025:23:02:00 -0400] "GET /?k=245292963209&channel=9b3cd5&from=info.php%3Fid%3D29632-3408%26name%3DMacBook+Pro+M1+Max+14%E3%82%A4%E3%83%B3%E3%83%81+%E3%82%B7%E3%83%AB%E3%83%90%E3%83%BC HTTP/1.1" 200 0 "-" "Mozilla/5.0 (Linux; Android 6.0.1; Nexus 5X Build/MMB29P) AppleWebKit/537.36 (KHTML, like Gecko) Chrome/135.0.7049.95 Mobile Safari/537.36 (compatible; GoogleOther)"
66.249.74.103 - - [29/Apr/2025:23:02:03 -0400] "GET /?k=8900416002&channel=db6d79&from=news.php%3Fid%3D160-4%26name%3DParts%23+03F145749B+03F145749C+intercooler+1pc%2Fpack+HUUUGE-PARRRT HTTP/1.1" 200 51083 "-" "Mozilla/5.0 (Linux; Android 6.0.1; Nexus 5X Build/MMB29P) AppleWebKit/537.36 (KHTML, like Gecko) Chrome/135.0.7049.95 Mobile Safari/537.36 (compatible; Googlebot/2.1; +http://www.google.com/bot.html)"
66.249.74.103 - - [29/Apr/2025:23:02:11 -0400] "GET /?k=7692529891006&channel=c1cb7a&from=category-info.php%3Fid%3D298910-600%26name%3D%E3%82%A2%E3%83%A1%E3%82%AB%E3%82%B8%E3%80%80%E3%83%8A%E3%82%A4%E3%83%AD%E3%83%B3%E3%82%B8%E3%83%A3%E3%82%B1%E3%83%83%E3%83%88%E3%80%80%E3%82%B9%E3%82%AB%E3%82%B8%E3%83%A3%E3%83%B3 HTTP/1.1" 200 51931 "-" "Mozilla/5.0 (Linux; Android 6.0.1; Nexus 5X Build/MMB29P) AppleWebKit/537.36 (KHTML, like Gecko) Chrome/135.0.7049.95 Mobile Safari/537.36 (compatible; Googlebot/2.1; +http://www.google.com/bot.html)"
66.249.74.103 - - [29/Apr/2025:23:02:16 -0400] "GET /?k=1991389516401&channel=8a2c97&from=article.php%3Fid%3D895164-15543%26name%3D%5B%E4%BF%9D%E8%A8%BC%E3%81%82%E3%82%8A%5D%E6%9D%B1%E8%8A%9D+%E3%83%86%E3%83%AC%E3%83%93%E3%83%AA%E3%83%A2%E3%82%B3%E3%83%B3+CT-90328A%28%E5%BE%8C%E3%82%8D%E8%93%8B%E7%84%A1%E3%81%97%29 HTTP/1.1" 200 0 "-" "Mozilla/5.0 (Linux; Android 6.0.1; Nexus 5X Build/MMB29P) AppleWebKit/537.36 (KHTML, like Gecko) Chrome/135.0.7049.95 Mobile Safari/537.36 (compatible; GoogleOther)"
66.249.74.103 - - [29/Apr/2025:23:02:17 -0400] "GET /?k=5123892689300&channel=00ff6c&from=news.php%3Fid%3D926893-16397%26name%3D%E3%80%90%E6%96%B0%E5%93%81%E3%80%91%EF%BC%B3%EF%BC%A1%EF%BC%91%EF%BC%98-%EF%BC%91%EF%BC%92%E3%83%9E%E3%83%BC%E3%83%99%E3%83%A9%E3%82%B9%E9%8A%80%E4%BB%95%E6%A7%98+%E3%83%87%E3%82%B6%E3%83%BC%E3%83%88%E3%83%8A%E3%82%A4%E3%83%95%EF%BC%88%E5%88%83%E4%BB%98%EF%BC%89 HTTP/1.1" 200 53621 "-" "Mozilla/5.0 (Linux; Android 6.0.1; Nexus 5X Build/MMB29P) AppleWebKit/537.36 (KHTML, like Gecko) Chrome/135.0.7049.95 Mobile Safari/537.36 (compatible; Googlebot/2.1; +http://www.google.com/bot.html)"
66.249.74.103 - - [29/Apr/2025:23:02:21 -0400] "GET /?k=4238658656401&channel=68355a&from=shared.php%3Fid%3D586564-5646%26name%3D%E6%B5%B7%E5%A4%96%E3%83%9D%E3%82%B1%E3%83%A2%E3%83%B3%E3%83%90%E3%82%A4%E3%83%B3%E3%83%80%E3%83%BC+%E3%83%9B%E3%83%BC%E3%83%B3%E3%83%86%E3%83%83%E3%83%89%E3%83%9B%E3%83%AD%E3%82%A6+9%E3%83%9D%E3%82%B1%E3%83%83%E3%83%88%E3%83%90%E3%82%A4%E3%83%B3%E3%83%80%E3%83%BC HTTP/1.1" 200 51669 "-" "Mozilla/5.0 (Linux; Android 6.0.1; Nexus 5X Build/MMB29P) AppleWebKit/537.36 (KHTML, like Gecko) Chrome/135.0.7049.95 Mobile Safari/537.36 (compatible; Googlebot/2.1; +http://www.google.com/bot.html)"
66.249.74.103 - - [29/Apr/2025:23:02:29 -0400] "GET /?k=822603016305&channel=79b51e&from=brands.php%3Fid%3D30163-3444%26name%3DTaylorMade+Glore+%E3%82%A2%E3%82%A4%E3%82%A2%E3%83%B3%E3%82%BB%E3%83%83%E3%83%88+5%E6%9C%AC%E3%80%807%2C8%2C9%2CP%2CS HTTP/1.1" 200 51863 "-" "Mozilla/5.0 (Linux; Android 6.0.1; Nexus 5X Build/MMB29P) AppleWebKit/537.36 (KHTML, like Gecko) Chrome/135.0.7049.95 Mobile Safari/537.36 (compatible; Googlebot/2.1; +http://www.google.com/bot.html)"
159.100.17.78 - - [29/Apr/2025:23:02:33 -0400] "GET / HTTP/1.1" 200 0 "-" "Mozilla/5.0 (Windows NT 11.0; Win64; x64) AppleWebKit/537.36 (KHTML, like Gecko) Chrome/134.0.6998.166 Safari/537.36"
66.249.74.103 - - [29/Apr/2025:23:02:35 -0400] "GET /?k=7908985909515&channel=622ff0&from=shared.php%3Fid%3D859095-18432%26name%3D%E3%82%86%E3%81%8D%E6%A7%98%E3%83%8F%E3%83%BC%E3%83%95%E3%83%90%E3%83%BC%E3%82%B9%E3%83%87%E3%83%BC+%E8%AA%95%E7%94%9F%E6%97%A5+%E6%9C%88%E9%BD%A2%E3%83%95%E3%82%A9%E3%83%88100%E6%97%A5%E7%A5%9DHappy+Birthday HTTP/1.1" 200 52171 "-" "Mozilla/5.0 (Linux; Android 6.0.1; Nexus 5X Build/MMB29P) AppleWebKit/537.36 (KHTML, like Gecko) Chrome/135.0.7049.95 Mobile Safari/537.36 (compatible; Googlebot/2.1; +http://www.google.com/bot.html)"
66.249.74.103 - - [29/Apr/2025:23:02:40 -0400] "GET /?k=169381874100&channel=60f8a0&from=brands.php%3Fid%3D18741-2458%26name%3D%E3%82%AB%E3%83%AB%E3%83%90%E3%83%B3%E3%82%AF%E3%83%A9%E3%82%A4%E3%83%B3+%E3%83%87%E3%83%83%E3%82%AD%E3%82%B7%E3%83%A5%E3%83%BC%E3%82%BA HTTP/1.1" 200 0 "-" "Mozilla/5.0 (Linux; Android 6.0.1; Nexus 5X Build/MMB29P) AppleWebKit/537.36 (KHTML, like Gecko) Chrome/135.0.7049.95 Mobile Safari/537.36 (compatible; GoogleOther)"
66.249.74.103 - - [29/Apr/2025:23:02:44 -0400] "GET /?k=8631219513500&channel=a89faf&from=shared.php%3Fid%3D195135-4666%26name%3Dapc+jjjjound+hoodie+%E3%83%91%E3%83%BC%E3%82%AB%E3%83%BC+S HTTP/1.1" 200 52199 "-" "Mozilla/5.0 (Linux; Android 6.0.1; Nexus 5X Build/MMB29P) AppleWebKit/537.36 (KHTML, like Gecko) Chrome/135.0.7049.95 Mobile Safari/537.36 (compatible; Googlebot/2.1; +http://www.google.com/bot.html)"
66.249.74.104 - - [29/Apr/2025:23:02:50 -0400] "GET /?k=54773107652901&channel=db6697&from=goods.php%3Fid%3D1076529-13856%26name%3D%E3%82%B7%E3%83%AB%E3%83%90%E3%83%8B%E3%82%A2%E3%83%95%E3%82%A1%E3%83%9F%E3%83%AA%E3%83%BC%E3%80%80%E3%83%8F%E3%83%B3%E3%83%89%E3%83%A1%E3%82%A4%E3%83%89%E6%9C%8D%E3%80%80%E7%9D%80%E3%81%9B%E6%9B%BF%E3%81%88%E3%80%80%E5%A5%B3%E3%81%AE%E5%AD%90%E3%82%B5%E3%82%A4%E3%82%BA+28 HTTP/1.1" 200 53100 "-" "Mozilla/5.0 (Linux; Android 6.0.1; Nexus 5X Build/MMB29P) AppleWebKit/537.36 (KHTML, like Gecko) Chrome/135.0.7049.95 Mobile Safari/537.36 (compatible; Googlebot/2.1; +http://www.google.com/bot.html)"
66.249.74.103 - - [29/Apr/2025:23:02:59 -0400] "GET /?k=67172193460703&channel=37bd87&from=shop.php%3Fid%3D1934607-10271%26name%3D%E3%83%A2%E3%83%B3%E3%82%B9%E3%82%BF%E3%83%BC%E3%83%91%E3%82%BF%E3%83%BC%E3%83%B3+%E3%82%B1%E3%83%BC%E3%82%B9%E5%AF%BE%E5%BF%9C+OPPO+Reno+6Z+5G+%2B+%5B2%E3%83%91%E3%83%83%E3%82%AF%5D+%E3%82%B9%E3%82%AF%E3%83%AA%E3%83%BC%E3%83%B3%E3%83%97%E3%83%AD%E3%83%86%E3%82%AF%E3%82%BF%E3%83%BC%E5%BC%B7%E5%8C%96%E3%82%AC%E3%83%A9%E3%82%B9%E3%80%81%E8%80%90%E8%A1%9D%E6%92%83%E3%82%B1%E3%83%BC%E3%82%B9%E3%82%AB%E3%83%90 HTTP/1.1" 200 52220 "-" "Mozilla/5.0 (Linux; Android 6.0.1; Nexus 5X Build/MMB29P) AppleWebKit/537.36 (KHTML, like Gecko) Chrome/135.0.7049.95 Mobile Safari/537.36 (compatible; Googlebot/2.1; +http://www.google.com/bot.html)"
66.249.74.104 - - [29/Apr/2025:23:03:04 -0400] "GET /?k=41190150524700&channel=490b68&from=pin.php%3Fid%3D1505247-20008%26name%3DSALUA+%E3%83%9B%E3%83%83%E3%83%88%E3%82%A2%E3%82%A4%E3%83%9E%E3%82%B9%E3%82%AF%EF%BC%88USBtype-C%E5%85%85%E9%9B%BB%E5%BC%8F%EF%BC%89 HTTP/1.1" 200 0 "-" "Mozilla/5.0 (Linux; Android 6.0.1; Nexus 5X Build/MMB29P) AppleWebKit/537.36 (KHTML, like Gecko) Chrome/135.0.7049.95 Mobile Safari/537.36 (compatible; GoogleOther)"
52.167.144.205 - - [29/Apr/2025:23:03:05 -0400] "GET /?k=77199185830206&channel=8fa395&from=blog.php%3Fid%3D1858302-17106%26name%3D5%E5%80%8B%E3%82%BB%E3%83%83%E3%83%88+%E6%B7%B1%E5%9E%8B%E3%82%B0%E3%83%AA%E3%83%83%E3%83%89%E7%A8%AE%E3%81%BE%E3%81%8D%E3%83%88%E3%83%AC%E3%83%BC+%E8%93%8B%E4%BB%98%E3%81%8D+-+%E7%A9%BF%E6%B0%B4%E6%A0%BD%E5%9F%B9%E7%94%A8+%E5%B0%8F%E9%BA%A6%E8%8D%89%E3%83%BB%E8%B1%86%E9%A1%9E%E3%83%BB%E5%B0%8F%E6%A4%8D%E7%89%A9%E3%81%AB%E6%9C%80%E9%81%A9%E3%80%81%E5%B1%8B%E5%86%85%E3%82%AC%E3%83%BC%E3%83%87%E3%83%8B%E3%83%B3%E3%82%B0%E3%82%84%E8%BE%B2%E5%AE%B6%E5%90%91%E3%81%91+%E9%80%8F%E6%98%8E%E8%93%8B%E4%BB%98%E3%81%8D+%E6%BC%8F%E3%82%8C%E9%98%B2%E6%AD%A2%E3%83%97%E3%83%A9%E3%82%B9%E3%83%81%E3%83%83%E3%82%AF%E5%AE%B9%E5%99%A8+%E6%A4%8D%E7%89%A9%E7%B9%81%E6%AE%96%E3%83%84%E3%83%BC%E3%83%AB+%7C+%E6%95%88%E7%8E%87%E6%8A%9C%E7%BE%A4%E3%81%AE%E6%8E%92%E6%B0%B4%E6%A9%9F%E8%83%BD HTTP/1.1" 200 41695 "-" "Mozilla/5.0 AppleWebKit/537.36 (KHTML, like Gecko; compatible; bingbot/2.0; +http://www.bing.com/bingbot.htm) Chrome/116.0.1938.76 Safari/537.36"
66.249.74.105 - - [29/Apr/2025:23:03:07 -0400] "GET /?k=9761974454903&channel=48a7c1&from=pin.php%3Fid%3D744549-13261%26name%3D4-1%2F2%E3%82%A4%E3%83%B3%E3%83%81+%E3%83%89%E3%83%A9%E3%82%A4%2F%E3%82%A6%E3%82%A7%E3%83%83%E3%83%88+%E5%A4%9A%E7%9B%AE%E7%9A%84%E3%82%B3%E3%82%A2%E3%83%93%E3%83%83%E3%83%88+%E7%9F%B3%E5%B7%A5%E3%80%81%E3%82%B3%E3%83%B3%E3%82%AF%E3%83%AA%E3%83%BC%E3%83%88%E3%80%81%E5%A4%A9%E7%84%B6%E7%9F%B3+%E3%83%89%E3%83%AA%E3%83%AB%E6%B7%B1%E3%81%956%E3%82%A4%E3%83%B3%E3%83%81+SDS+Max+%E3%83%91%E3%82%A4%E3%83%AD%E3%83%83%E3%83%88%E3%83%93%E3%83%83 HTTP/1.1" 200 52748 "-" "Mozilla/5.0 (Linux; Android 6.0.1; Nexus 5X Build/MMB29P) AppleWebKit/537.36 (KHTML, like Gecko) Chrome/135.0.7049.95 Mobile Safari/537.36 (compatible; Googlebot/2.1; +http://www.google.com/bot.html)"
66.249.74.103 - - [29/Apr/2025:23:03:10 -0400] "GET /?k=08577175813405&channel=08d185&from=news.php%3Fid%3D1758134-3168%26name%3DTAMRON+A063+28-75mm+F2.8+Di+III+VXD+G2 HTTP/1.1" 200 51876 "-" "Mozilla/5.0 (Linux; Android 6.0.1; Nexus 5X Build/MMB29P) AppleWebKit/537.36 (KHTML, like Gecko) Chrome/135.0.7049.95 Mobile Safari/537.36 (compatible; Googlebot/2.1; +http://www.google.com/bot.html)"
66.249.74.103 - - [29/Apr/2025:23:03:17 -0400] "GET /?k=1807268727601&channel=5f1b3b&from=news.php%3Fid%3D687276-9698%26name%3D%E3%81%AC%E3%83%BC%E3%81%A9%E3%82%8B%E3%82%B9%E3%83%88%E3%83%83%E3%83%91%E3%83%BC+%E5%8C%97%E6%96%97%E3%81%AE%E6%8B%B3%E3%83%BB%E3%83%A9%E3%82%AA%E3%82%A6+%E3%83%BB+%E3%83%80%E3%83%B3%E3%83%9C%E3%83%BC%E3%83%AB%E6%A2%B1%E5%8C%85 HTTP/1.1" 200 52193 "-" "Mozilla/5.0 (Linux; Android 6.0.1; Nexus 5X Build/MMB29P) AppleWebKit/537.36 (KHTML, like Gecko) Chrome/135.0.7049.95 Mobile Safari/537.36 (compatible; Googlebot/2.1; +http://www.google.com/bot.html)"
66.249.74.103 - - [29/Apr/2025:23:03:25 -0400] "GET /?k=481929564308&channel=f31c41&from=blog.php%3Fid%3D95643-6982%26name%3D%E3%83%97%E3%83%BC%E3%83%9E+PUMA+%E3%83%A1%E3%83%B3%E3%82%BA+%E3%82%B4%E3%83%AB%E3%83%95+%E3%82%AF%E3%83%A9%E3%83%96+PUMA+%E3%83%A1%E3%83%B3%E3%82%BA+%E3%82%B4%E3%83%AB%E3%83%95+COBRA+DS-ADAPT+LS+%E3%83%89%E3%83%A9%E3%82%A4%E3%83%90%E3%83%BC+TOUR-AD+GC+6 HTTP/1.1" 200 51517 "-" "Mozilla/5.0 (Linux; Android 6.0.1; Nexus 5X Build/MMB29P) AppleWebKit/537.36 (KHTML, like Gecko) Chrome/135.0.7049.95 Mobile Safari/537.36 (compatible; Googlebot/2.1; +http://www.google.com/bot.html)"
52.167.144.220 - - [29/Apr/2025:23:03:31 -0400] "GET /?k=80335111928202&channel=666f0e&from=blog.php%3Fid%3D1119282-8111%26name%3D90%2A135++%E3%83%9F%E3%83%AA%E3%83%A1%E3%83%BC%E3%83%88%E3%83%AB%E4%B8%89%E8%A7%92%E5%BD%A2%E7%A9%BA%E6%B0%97%E5%9C%A7%E3%82%B5%E3%83%B3%E3%83%89%E3%83%9A%E3%83%BC%E3%83%91%E3%83%BC%E3%83%9E%E3%82%B7%E3%83%B3%E6%A1%83%E5%BD%A2%E7%8A%B6%E3%82%B7%E3%83%A3%E3%83%BC%E3%82%B7%E3%82%B5%E3%83%B3%E3%83%80%E3%83%BC%E3%82%B7%E3%82%A7%E3%83%BC%E3%82%AB%E3%83%BC%E7%A0%94%E5%89%8A%E7%A0%94%E7%A3%A8%E7%81%B0%E3%82%B0%E3%83%A9%E3%82%A4%E3%83%B3%E3%83%80%E3%83%BC+%E3%83%9E%E3%83%AB%E3%83%81%E3%82%A2%E3%83%B3%E3%82%B0%E3%83%AB%E7%A0%94%E5%89%8A%EF%BC%88%E8%96%84%E5%9E%8B%E9%98%B2%E5%99%B4%E6%B5%81%E3%82%AE%E3%83%A3%E3%83%A9%E3%83%AA%E3%83%BC%28%E5%AE%8C%E5%85%A8%E5%89%8D%E9%9D%A2%E3%83%A1%E3%83%B3%E3%83%86%E3%83%8A%E3%83%B3%E3%82%B9%E5%9E%8B%29+IP45%EF%BD%9C%E8%A3%BD%E5%93%81%E6%A4%9C%E7%B4%A2%EF%BD%9C%E8%A3%BD%E5%93%81%E6%83%85%E5%A0%B1%EF%BD%9C%E9%9B%BB%E6%9D%90%E9%83%A8%E5%93%81%E3%81%AE%E9%96%8B%E7%99%BA%E3%83%A1%E3%83%BC%E3%82%AB%E3%83%BC%E3%80%81%E7%AF%A0%E5%8E%9F%E9%9B%BB%E6%A9%9F%E6%A0%AA%E5%BC%8F%E4%BC%9A%E7%A4%BE%EF%BC%89 HTTP/1.1" 200 41800 "-" "Mozilla/5.0 AppleWebKit/537.36 (KHTML, like Gecko; compatible; bingbot/2.0; +http://www.bing.com/bingbot.htm) Chrome/116.0.1938.76 Safari/537.36"
66.249.74.103 - - [29/Apr/2025:23:03:32 -0400] "GET /?k=92530182006105&channel=122398&from=info.php%3Fid%3D1820061-27066%26name%3DTinzzi++fm%E3%83%88%E3%83%A9%E3%83%B3%E3%82%B9%E3%83%9F%E3%83%83%E3%82%BF%E3%83%BC%E3%80%8012v-24v%E5%AF%BE%E5%BF%9C HTTP/1.1" 200 50218 "-" "Mozilla/5.0 (Linux; Android 6.0.1; Nexus 5X Build/MMB29P) AppleWebKit/537.36 (KHTML, like Gecko) Chrome/135.0.7049.95 Mobile Safari/537.36 (compatible; Googlebot/2.1; +http://www.google.com/bot.html)"
66.249.74.103 - - [29/Apr/2025:23:03:36 -0400] "GET /?k=38888114727905&channel=01e289&from=brands.php%3Fid%3D1147279-8720%26name%3DJEJEA+%E3%83%92%E3%83%9E%E3%83%AF%E3%83%AA%E3%83%97%E3%83%AA%E3%83%B3%E3%83%88%E4%BB%98%E3%81%8D%E9%9B%91%E8%8D%89%E3%82%AF%E3%83%AC%E3%82%B8%E3%83%83%E3%83%88%E3%82%AB%E3%83%BC%E3%83%89%E3%83%9B%E3%83%AB%E3%83%80%E3%83%BC%E3%82%A6%E3%82%A9%E3%83%AC%E3%83%83%E3%83%88%E3%80%81%E3%82%B8%E3%83%83%E3%83%91%E3%83%BC%E4%BB%98%E3%81%8D%E3%82%B9%E3%83%A2%E3%83%BC%E3%83%AB%E3%82%AB%E3%83%BC%E3%83%89%E3%83%9B%E3%83%AB%E3%83%80%E3%83%BC%E3%82%A6%E3%82%A9%E3%83%AC%E3%83%83%E3%83%88%E3%80%81%E3%83%AC%E3%82%B6%E3%83%BC%E3%82%AB%E3%83%BC%E3%83%89%E3%83%9B HTTP/1.1" 200 0 "-" "Mozilla/5.0 (Linux; Android 6.0.1; Nexus 5X Build/MMB29P) AppleWebKit/537.36 (KHTML, like Gecko) Chrome/135.0.7049.95 Mobile Safari/537.36 (compatible; GoogleOther)"
66.249.74.103 - - [29/Apr/2025:23:03:38 -0400] "GET /?k=9570841256901&channel=9004d1&from=shop.php%3Fid%3D412569-11883%26name%3D%E3%83%98%E3%83%83%E3%83%89%E3%83%9C%E3%83%BC%E3%83%89+%E3%83%98%E3%83%83%E3%83%89%E3%83%9C%E3%83%BC%E3%83%89+%E3%82%B7%E3%83%B3%E3%82%B0%E3%83%AB%2F%E3%83%84%E3%82%A4%E3%83%B3%E3%83%99%E3%83%83%E3%83%89+120+150+180+200cm%E5%B9%85+%E3%83%95%E3%83%AA%E3%83%BC%E3%82%B9%E3%82%BF%E3%83%B3%E3%83%87%E3%82%A3%E3%83%B3%E3%82%B0+%E3%83%9B%E3%83%86%E3%83%AB+%E3%83%95%E3%82%A1%E3%83%BC%E3%83%A0%E3%83%8F%E3%82%A6 HTTP/1.1" 200 51763 "-" "Mozilla/5.0 (Linux; Android 6.0.1; Nexus 5X Build/MMB29P) AppleWebKit/537.36 (KHTML, like Gecko) Chrome/135.0.7049.95 Mobile Safari/537.36 (compatible; Googlebot/2.1; +http://www.google.com/bot.html)"
66.249.74.103 - - [29/Apr/2025:23:03:47 -0400] "GET /?k=94422128230501&channel=f40ff5&from=product.php%3Fid%3D1282305-491%26name%3D%E3%82%BC%E3%82%A4%E3%83%B3%E3%82%A2%E3%83%BC%E3%83%84+%E3%82%BC%E3%82%AF%E3%83%BCM+PS-003 HTTP/1.1" 200 50873 "-" "Mozilla/5.0 (Linux; Android 6.0.1; Nexus 5X Build/MMB29P) AppleWebKit/537.36 (KHTML, like Gecko) Chrome/135.0.7049.95 Mobile Safari/537.36 (compatible; Googlebot/2.1; +http://www.google.com/bot.html)"
66.249.74.104 - - [29/Apr/2025:23:03:54 -0400] "GET /?k=87589177158607&channel=882222&from=shared.php%3Fid%3D1771586-9923%26name%3D%E3%80%90ANAYI%E3%80%91%E2%98%85%E8%8A%B1%E6%9F%84%E3%82%B8%E3%83%A3%E3%82%AC%E3%83%BC%E3%83%89%E3%83%95%E3%83%AC%E3%82%A2%E3%82%B9%E3%82%AB%E3%83%BC%E3%83%88%E2%98%85%E3%83%9C%E3%82%BF%E3%83%8B%E3%82%AB%E3%83%AB%E2%98%85%E6%97%A5%E6%9C%AC%E8%A3%BD%E2%98%85%E7%B7%91%E2%98%85%E6%98%A5%E5%A4%8F%E2%98%85%E7%B7%8F%E6%9F%84 HTTP/1.1" 200 51506 "-" "Mozilla/5.0 (Linux; Android 6.0.1; Nexus 5X Build/MMB29P) AppleWebKit/537.36 (KHTML, like Gecko) Chrome/135.0.7049.95 Mobile Safari/537.36 (compatible; Googlebot/2.1; +http://www.google.com/bot.html)"
66.249.74.104 - - [29/Apr/2025:23:03:57 -0400] "GET /?k=30182164973405&channel=db5bfa&from=goods.php%3Fid%3D1649734-9321%26name%3D%E5%A4%A7%E3%81%8D%E3%81%AA%E5%86%86%E5%BD%A2%E3%83%9F%E3%83%A9%E3%83%BC%E3%80%81%E5%A4%A9%E4%BA%95%E5%90%8A%E3%82%8A%E4%B8%8B%E3%81%92%E3%83%AD%E3%83%83%E3%83%89%E4%BB%98%E3%81%8D%E3%83%90%E3%82%B9%E3%83%AB%E3%83%BC%E3%83%A0%E3%83%90%E3%83%8B%E3%83%86%E3%82%A3%E3%83%9F%E3%83%A9%E3%83%BC%E3%80%81%E3%82%A6%E3%82%A9%E3%83%BC%E3%83%AB%E3%83%9F%E3%83%A9%E3%83%BC%E3%82%AB%E3%82%B9%E3%82%BF%E3%83%9E%E3%82%A4%E3%82%BA%E5%8F%AF%E8%83%BD%E3%81%AA%E3%83%A1%E3%82%BF%E3%83%AB%E3%83%96%E3%83%BC%E3%83%A0%E5%90%8A%E3%82%8A%E4%B8%8B%E3%81%92%E3%83%9F%E3%83%A9%E3%83%BC%E3%80%81%E3%82%B5%E3%83%BC%E3%82%AF HTTP/1.1" 200 54199 "-" "Mozilla/5.0 (Linux; Android 6.0.1; Nexus 5X Build/MMB29P) AppleWebKit/537.36 (KHTML, like Gecko) Chrome/135.0.7049.95 Mobile Safari/537.36 (compatible; Googlebot/2.1; +http://www.google.com/bot.html)"
66.249.74.103 - - [29/Apr/2025:23:04:02 -0400] "GET /?k=38902172914606&channel=916bd3&from=form.php%3Fid%3D1729146-22413%26name%3D%E3%83%90%E3%82%B1%E3%83%83%E3%83%88%E3%83%8F%E3%83%83%E3%83%88+uv+14%2B+101941+%2F+ihat0496 HTTP/1.1" 200 0 "-" "Mozilla/5.0 (Linux; Android 6.0.1; Nexus 5X Build/MMB29P) AppleWebKit/537.36 (KHTML, like Gecko) Chrome/135.0.7049.95 Mobile Safari/537.36 (compatible; GoogleOther)"
66.249.74.104 - - [29/Apr/2025:23:04:05 -0400] "GET /?k=71139111492904&channel=5fba5f&from=info.php%3Fid%3D1114929-20020%26name%3D%E9%9B%BB%E5%8B%95%E8%8D%89%E5%88%88%E3%82%8A%E6%A9%9F+%E5%85%85%E9%9B%BB%E5%BC%8F+%E6%8A%98%E3%82%8A%E7%95%B3%E3%81%BF+21V+1800W+%E6%97%A5%E6%9C%AC%E8%AA%9E%E5%8F%96%E6%89%B1%E8%AA%AC%E6%98%8E%E6%9B%B8 HTTP/1.1" 200 51926 "-" "Mozilla/5.0 (Linux; Android 6.0.1; Nexus 5X Build/MMB29P) AppleWebKit/537.36 (KHTML, like Gecko) Chrome/135.0.7049.95 Mobile Safari/537.36 (compatible; Googlebot/2.1; +http://www.google.com/bot.html)"
66.249.74.103 - - [29/Apr/2025:23:04:13 -0400] "GET /?k=069994445301&channel=983c77&from=category-info.php%3Fid%3D44453-420%26name%3D%E3%83%91%E3%83%BC%E3%83%97%E3%83%AB%E3%80%80%E3%83%AC%E3%83%87%E3%82%A3%E3%83%BC%E3%80%80%E3%82%AB%E3%82%B9%E3%82%BF%E3%83%A0%E3%80%80%E5%8D%8A%E3%82%AD%E3%83%A3%E3%83%83%E3%83%97%E3%80%80%E5%8E%9F%E4%BB%98%E3%80%80+%E3%82%B3%E3%83%AB%E3%82%AF%E5%8D%8A%E3%80%80%E3%83%A1%E3%83%83%E3%83%88%E3%80%80%E3%83%98%E3%83%AB%E3%83%A1%E3%83%83%E3%83%88 HTTP/1.1" 200 51352 "-" "Mozilla/5.0 (Linux; Android 6.0.1; Nexus 5X Build/MMB29P) AppleWebKit/537.36 (KHTML, like Gecko) Chrome/135.0.7049.95 Mobile Safari/537.36 (compatible; Googlebot/2.1; +http://www.google.com/bot.html)"
66.249.74.103 - - [29/Apr/2025:23:04:20 -0400] "GET /?k=7379097535704&channel=1cde81&from=blog.php%3Fid%3D975357-8542%26name%3D%E3%82%B8%E3%83%A7%E3%82%A4%E3%83%B3%E3%83%88%E3%83%9E%E3%83%83%E3%83%88+%E3%82%BF%E3%82%A4%E3%83%AB%E3%82%AB%E3%83%BC%E3%83%9A%E3%83%83%E3%83%88+EVA+%E3%82%AB%E3%83%BC%E3%83%9A%E3%83%83%E3%83%88%E3%82%BF%E3%82%A4%E3%83%AB+%E3%82%B9%E3%83%97%E3%83%A9%E3%82%A4%E3%82%B9%E3%83%9E%E3%83%83%E3%83%88+%E6%BB%91%E3%82%8A%E6%AD%A2%E3%82%81+%E3%81%9A%E3%82%8C%E3%81%AA%E3%81%84%E3%83%9E%E3%83%83%E3%83%88+%E3%82%B0%E3%83%AC%E3%82%A4%2B%E7%B4%BA%E8%89%B2+60%2A60%2A HTTP/1.1" 200 52335 "-" "Mozilla/5.0 (Linux; Android 6.0.1; Nexus 5X Build/MMB29P) AppleWebKit/537.36 (KHTML, like Gecko) Chrome/135.0.7049.95 Mobile Safari/537.36 (compatible; Googlebot/2.1; +http://www.google.com/bot.html)"
66.249.74.103 - - [29/Apr/2025:23:04:26 -0400] "GET /?k=23162146827608&channel=338115&from=product.php%3Fid%3D1468276-24454%26name%3DSAFIGLE+%E6%98%86%E8%99%AB%E3%83%93%E3%83%A5%E3%83%BC%E3%82%A2+%E6%98%86%E8%99%AB%E3%82%B3%E3%83%B3%E3%83%86%E3%83%8A+%E6%98%86%E8%99%AB%E3%81%AE%E8%A6%96%E8%81%B4%E8%80%85+%E6%98%86%E8%99%AB%E6%8B%A1%E5%A4%A7%E9%8F%A1+%E3%83%97%E3%83%A9%E3%82%B9%E3%83%81%E3%83%83%E3%82%AF HTTP/1.1" 200 0 "-" "Mozilla/5.0 (Linux; Android 6.0.1; Nexus 5X Build/MMB29P) AppleWebKit/537.36 (KHTML, like Gecko) Chrome/135.0.7049.95 Mobile Safari/537.36 (compatible; GoogleOther)"
66.249.74.103 - - [29/Apr/2025:23:04:26 -0400] "GET /?k=87157163382402&channel=cf5201&from=product.php%3Fid%3D1633824-25248%26name%3D%E5%8C%97%E6%8A%95%E7%9F%B3+%E3%83%93%E3%83%BC%E3%82%BA+%E3%83%91%E3%83%BC%E3%83%84+12mm+%E7%B7%91%E8%89%B2+%E3%82%B0%E3%83%AA%E3%83%BC%E3%83%B3+%E4%B8%80%E9%80%A3+%E7%B4%8440cm+%E3%83%9E%E3%82%A4%E3%83%8A%E3%82%B9%E3%82%A4%E3%82%AA%E3%83%B3+%E3%83%9B%E3%83%AB%E3%83%9F%E3%82%B7%E3%82%B9%E5%8A%B9%E6%9E%9C+%E5%8F%B0%E6%B9%BE%E7%94%A3+%E3%81%BB%E3%81%8F%E3%81%A8%E3%81%86%E3%81%9B%E3%81%8D+%E3%82%BB%E3%83%A9%E3%83%9F%E3%83%83%E3%82%AF+%E3%83%91%E3%83%AF%E3%83%BC%E3%82%B9%E3%83%88%E3%83%BC%E3%83%B3+%E5%A4%A9%E7%84%B6%E7%9F%B3+%E3%83%A9%E3%82%B8%E3%82%A6%E3%83%A0+Hokutolite+%E9%80%81%E6%96%99%E7%84%A1%E6%96%99+%E6%AF%8D%E3%81%AE%E6%97%A5+%E8%B4%88%E3%82%8A%E7%89%A9+%E3%82%AE%E3%83%95%E3%83%88+%E3%83%97%E3%83%AC%E3%82%BC%E3%83%B3%E3%83%88 HTTP/1.1" 200 53673 "-" "Mozilla/5.0 (Linux; Android 6.0.1; Nexus 5X Build/MMB29P) AppleWebKit/537.36 (KHTML, like Gecko) Chrome/135.0.7049.95 Mobile Safari/537.36 (compatible; Googlebot/2.1; +http://www.google.com/bot.html)"
66.249.74.103 - - [29/Apr/2025:23:04:33 -0400] "GET /?k=0272435778805&channel=e28970&from=category-info.php%3Fid%3D357788-5505%26name%3D%E3%82%B3%E3%83%AD%E3%83%8A%E7%9F%B3%E6%B2%B9%E3%83%92%E3%83%BC%E3%82%BF%E3%83%BC+FH-3221E9+%289%E7%95%B3-12%E7%95%B3%29 HTTP/1.1" 200 50818 "-" "Mozilla/5.0 (Linux; Android 6.0.1; Nexus 5X Build/MMB29P) AppleWebKit/537.36 (KHTML, like Gecko) Chrome/135.0.7049.95 Mobile Safari/537.36 (compatible; Googlebot/2.1; +http://www.google.com/bot.html)"
66.249.74.103 - - [29/Apr/2025:23:04:40 -0400] "GET /?k=82700130714108&channel=82ec92&from=product.php%3Fid%3D1307141-10171%26name%3D5+%E3%82%A4%E3%83%B3%E3%83%81%E3%81%AE%E7%9C%9F%E7%A9%BA%E5%90%B8%E5%BC%95%E3%82%AB%E3%83%83%E3%83%97+%E3%82%AC%E3%83%A9%E3%82%B9%2F%E3%82%B9%E3%83%88%E3%83%BC%E3%83%B3+%E3%83%AA%E3%83%95%E3%82%BF%E3%83%BC+%E3%83%98%E3%83%93%E3%83%BC+%E3%83%87%E3%83%A5%E3%83%BC%E3%83%86%E3%82%A3%E3%83%BC+%E5%9E%82%E7%9B%B4%E3%83%8F%E3%83%B3%E3%83%89%E3%83%98%E3%83%AB%E3%83%89+%E3%82%AB%E3%83%83%E3%83%97+%E5%B9%B3%E3%82%89%E3%81%AA%E9%9D%A2%E3%81%8B%E3%82%89%E6%9B%B2%E9%9D%A2%E3%81%BE%E3%81%A7+%E9%87%91%E5%B1%9E%E8%A3%BD HTTP/1.1" 200 51906 "-" "Mozilla/5.0 (Linux; Android 6.0.1; Nexus 5X Build/MMB29P) AppleWebKit/537.36 (KHTML, like Gecko) Chrome/135.0.7049.95 Mobile Safari/537.36 (compatible; Googlebot/2.1; +http://www.google.com/bot.html)"
66.249.74.103 - - [29/Apr/2025:23:04:43 -0400] "GET /?k=10971154555701&channel=dd217b&from=info.php%3Fid%3D1545557-4015%26name%3D17+21+%E3%82%AD%E3%83%BC+%E3%82%AB%E3%83%AA%E3%83%B3%E3%83%90+%E9%9F%B3%E6%A5%BD%E3%82%AD%E3%83%BC%E3%83%9C%E3%83%BC%E3%83%89+%E5%88%9D%E5%BF%83%E8%80%85+%E5%B0%8F%E5%9E%8B+%E3%82%AB%E3%83%AA%E3%83%B3%E3%83%90+%E3%83%97%E3%83%AD%E3%83%95%E3%82%A7%E3%83%83%E3%82%B7%E3%83%A7%E3%83%8A%E3%83%AB+%E3%82%B9%E3%82%B1%E3%83%BC%E3%83%AB+%E6%A5%BD%E5%99%A8+%E6%9C%A8%E8%A3%BD+%E3%83%95%E3%82%A3%E3%83%B3%E3%82%AC%E3%83%BC%E3%83%94%E3%82%A2%E3%83%8E%28A1 HTTP/1.1" 200 52474 "-" "Mozilla/5.0 (Linux; Android 6.0.1; Nexus 5X Build/MMB29P) AppleWebKit/537.36 (KHTML, like Gecko) Chrome/135.0.7049.95 Mobile Safari/537.36 (compatible; Googlebot/2.1; +http://www.google.com/bot.html)"
66.249.74.104 - - [29/Apr/2025:23:04:46 -0400] "GET /?k=9181189643603&channel=5c6932&from=article.php%3Fid%3D896436-13286%26name%3DCartridgeReader+V5+%E3%82%AB%E3%83%BC%E3%83%88%E3%83%AA%E3%83%83%E3%82%B8%E3%83%AA%E3%83%BC%E3%83%80%E3%83%BC+SA1%E3%83%81%E3%83%83%E3%83%97%E5%AF%BE%E5%BF%9C HTTP/1.1" 200 0 "-" "Mozilla/5.0 (Linux; Android 6.0.1; Nexus 5X Build/MMB29P) AppleWebKit/537.36 (KHTML, like Gecko) Chrome/135.0.7049.95 Mobile Safari/537.36 (compatible; GoogleOther)"
66.249.74.103 - - [29/Apr/2025:23:04:56 -0400] "GET /?k=89519116806503&channel=680d8c&from=shared.php%3Fid%3D1168065-7958%26name%3D%E4%BA%8C%E8%BC%AA%E8%BB%8A%E7%94%A8%E3%83%96%E3%83%AC%E3%83%BC%E3%82%AD%E3%83%8F%E3%83%B3%E3%83%89%E3%83%AB+%E3%83%97%E3%83%BC%E3%83%AA%E3%82%A2+SRMAX300%2F250%2F250GT+%E3%82%AA%E3%83%BC%E3%83%88%E3%83%90%E3%82%A4%E8%AA%BF%E6%95%B4%E5%8F%AF%E8%83%BD%E3%81%AA%E6%8A%98%E3%82%8A%E3%81%9F%E3%81%9F%E3%81%BF%E3%82%A2%E3%83%B3%E3%83%81%E3%83%89%E3%83%AD%E3%83%83%E3%83%97%E3%83%96%E3%83%AC%E3%83%BC%E3%82%AD%E3%82%AF%E3%83%A9%E3%83%83 HTTP/1.1" 200 52064 "-" "Mozilla/5.0 (Linux; Android 6.0.1; Nexus 5X Build/MMB29P) AppleWebKit/537.36 (KHTML, like Gecko) Chrome/135.0.7049.95 Mobile Safari/537.36 (compatible; Googlebot/2.1; +http://www.google.com/bot.html)"
66.249.74.103 - - [29/Apr/2025:23:05:02 -0400] "GET /?k=95290162502907&channel=cdf362&from=blog.php%3Fid%3D1625029-8636%26name%3D%E5%BA%A7%E3%82%8B%E4%BB%8F%E5%83%8F+%E4%BB%8F%E5%83%8F%E3%82%AA%E3%83%BC%E3%83%8A%E3%83%A1%E3%83%B3%E3%83%88+%E4%BB%8F%E5%83%8F+%E3%82%A2%E3%82%B8%E3%82%A2%E3%83%B3%E9%9B%91%E8%B2%A8+%E3%83%9B%E3%83%BC%E3%83%A0%E3%83%87%E3%82%B3%E3%83%AC%E3%83%BC%E3%82%B7%E3%83%A7%E3%83%B3+%E7%BD%AE%E3%81%8D%E7%89%A9+%E7%9E%91%E6%83%B3+%E7%A6%85+%E3%82%B9%E3%83%94%E3%83%AA%E3%83%81%E3%83%A5%E3%82%A2%E3%83%AB+%E5%8D%8A%E9%80%8F%E6%98%8E+%E6%A8%B9%E8%84%82+%E8%A3%85%E9%A3%BE+%E3%82%A4%E3%83%B3%E3%83%86%E3%83%AA%E3%82%A2+%E3%82%AA%E3%83%BC%E3%83%8A HTTP/1.1" 200 52207 "-" "Mozilla/5.0 (Linux; Android 6.0.1; Nexus 5X Build/MMB29P) AppleWebKit/537.36 (KHTML, like Gecko) Chrome/135.0.7049.95 Mobile Safari/537.36 (compatible; Googlebot/2.1; +http://www.google.com/bot.html)"
66.249.74.104 - - [29/Apr/2025:23:05:05 -0400] "GET /?k=1094038673004&channel=ecc5ca&from=blog.php%3Fid%3D386730-11962%26name%3D%E3%82%AA%E3%83%BC%E3%83%88%E3%83%90%E3%82%A4%E3%81%AE%E3%82%A8%E3%83%B3%E3%82%B8%E3%83%B3%E4%BF%9D%E8%AD%B7%E3%82%B7%E3%82%A7%E3%83%AB+%E3%83%88%E3%83%A9%E3%82%A4%E3%82%A2%E3%83%B3%E3%83%95%E3%82%BF%E3%82%A4%E3%82%AC%E3%83%BC+850+900+2019-2024+%E3%82%AA%E3%83%BC%E3%83%88%E3%83%90%E3%82%A4%E3%82%A8%E3%83%B3%E3%82%B8%E3%83%B3%E3%82%AB%E3%83%90%E3%83%BC%E4%BF%9D%E8%AD%B7+HXYCYJ HTTP/1.1" 200 0 "-" "Mozilla/5.0 (Linux; Android 6.0.1; Nexus 5X Build/MMB29P) AppleWebKit/537.36 (KHTML, like Gecko) Chrome/135.0.7049.95 Mobile Safari/537.36 (compatible; GoogleOther)"
66.249.74.104 - - [29/Apr/2025:23:05:09 -0400] "GET /?k=9213994059602&channel=e365eb&from=form.php%3Fid%3D940596-3075%26name%3D%E3%83%8A%E3%82%A4%E3%83%84%E8%A3%BD%E5%AE%9F%E7%89%A9FLIP+SIGHT+REAR+600m HTTP/1.1" 200 52140 "-" "Mozilla/5.0 (Linux; Android 6.0.1; Nexus 5X Build/MMB29P) AppleWebKit/537.36 (KHTML, like Gecko) Chrome/135.0.7049.95 Mobile Safari/537.36 (compatible; Googlebot/2.1; +http://www.google.com/bot.html)"
66.249.74.103 - - [29/Apr/2025:23:05:10 -0400] "GET /?k=01879100048005&channel=c1cb7a&from=shared.php%3Fid%3D1000480-600%26name%3D%E3%80%90M%E3%80%91%E3%83%86%E3%83%BC%E3%83%A9%E3%83%BC%E6%9D%B1%E6%B4%8B%E3%80%80%E3%82%B9%E3%82%AB%E3%82%B8%E3%83%A3%E3%83%B3 HTTP/1.1" 200 0 "-" "Mozilla/5.0 (Linux; Android 6.0.1; Nexus 5X Build/MMB29P) AppleWebKit/537.36 (KHTML, like Gecko) Chrome/135.0.7049.95 Mobile Safari/537.36 (compatible; GoogleOther)"
66.249.74.103 - - [29/Apr/2025:23:05:17 -0400] "GET /?k=25249166476501&channel=006e81&from=product.php%3Fid%3D1664765-903%26name%3D%E3%83%95%E3%82%A9%E3%83%AC%E3%82%B9%E3%82%BF%E3%83%BC+SJ%E7%B3%BB%2FSJ5%2FSJG+%E5%89%8D%E6%9C%9F%2F%E5%BE%8C%E6%9C%9F+%E3%82%B7%E3%82%AC%E3%83%BC%E3%82%BD%E3%82%B1%E3%83%83%E3%83%88+%E3%82%AB%E3%83%BC%E3%83%81%E3%83%A3%E3%83%BC%E3%82%B8%E3%83%A3%E3%83%BC+%E6%80%A5%E9%80%9F%E5%85%85%E9%9B%BB+%E6%9C%80%E5%A4%A730W%E5%87%BA%E5%8A%9B+%E8%BB%8A%E8%BC%89%E5%85%85%E9%9B%BB%E5%99%A8+%E3%82%B3%E3%83%B3%E3%83%91%E3%82%AF%E3%83%88 HTTP/1.1" 200 52585 "-" "Mozilla/5.0 (Linux; Android 6.0.1; Nexus 5X Build/MMB29P) AppleWebKit/537.36 (KHTML, like Gecko) Chrome/135.0.7049.95 Mobile Safari/537.36 (compatible; Googlebot/2.1; +http://www.google.com/bot.html)"
66.249.74.103 - - [29/Apr/2025:23:05:23 -0400] "GET /?k=972997706904&channel=0fbdda&from=form.php%3Fid%3D77069-6029%26name%3DPLAYTECH+PSV100BK+%E3%82%A8%E3%83%AC%E3%82%AF%E3%83%88%E3%83%AA%E3%83%83%E3%82%AF%E3%83%90%E3%82%A4%E3%82%AA%E3%83%AA%E3%83%B3+4%2F4+%E3%83%96%E3%83%A9%E3%83%83%E3%82%AF HTTP/1.1" 200 0 "-" "Mozilla/5.0 (Linux; Android 6.0.1; Nexus 5X Build/MMB29P) AppleWebKit/537.36 (KHTML, like Gecko) Chrome/135.0.7049.95 Mobile Safari/537.36 (compatible; GoogleOther)"
66.249.74.103 - - [29/Apr/2025:23:05:26 -0400] "GET /?k=04919100912102&channel=691368&from=article.php%3Fid%3D1009121-10615%26name%3D%E3%80%90%E6%96%B0%E5%93%81%E6%9C%AA%E4%BD%BF%E7%94%A8%E3%80%91+%E5%B4%A9%E5%A3%8A3rd+%E3%82%B3%E3%82%B9%E3%83%97%E3%83%AC%E3%82%A6%E3%82%A3%E3%83%83%E3%82%B0+%E3%82%A8%E3%83%AA%E3%82%B7%E3%82%A2+%E7%9C%9F%E6%88%91%E3%83%BB%E4%BA%BA%E3%81%AE%E5%BE%8B%E8%80%85+%E4%BA%BA%E5%B7%A5%E9%A0%AD%E7%9A%AE%E4%BB%95%E6%A7%98 HTTP/1.1" 200 52142 "-" "Mozilla/5.0 (Linux; Android 6.0.1; Nexus 5X Build/MMB29P) AppleWebKit/537.36 (KHTML, like Gecko) Chrome/135.0.7049.95 Mobile Safari/537.36 (compatible; Googlebot/2.1; +http://www.google.com/bot.html)"
66.249.74.103 - - [29/Apr/2025:23:05:34 -0400] "GET /?k=81322136674505&channel=05923b&from=brands.php%3Fid%3D1366745-13932%26name%3D%E8%BB%8A%E3%81%AE%E3%82%B5%E3%83%B3%E3%82%B7%E3%82%A7%E3%83%BC%E3%83%89+%E7%A3%81%E6%B0%97%E8%BB%8A%E3%81%AE%E3%82%B5%E3%83%B3%E3%82%B7%E3%82%A7%E3%83%BC%E3%83%89%E3%82%AB%E3%83%BC%E3%83%86%E3%83%B3%E3%82%B5%E3%82%A4%E3%83%89%E3%82%A6%E3%82%A3%E3%83%B3%E3%83%89%E3%82%A6%E3%82%B5%E3%83%B3%E3%82%B7%E3%82%A7%E3%83%BC%E3%83%89%E3%83%90%E3%82%A4%E3%82%B6%E3%83%BC+%E3%81%9F%E3%82%81%E3%81%AB+X2+F39+2018-2023+%E8%BB%8A+%E6%97%A5 HTTP/1.1" 200 51814 "-" "Mozilla/5.0 (Linux; Android 6.0.1; Nexus 5X Build/MMB29P) AppleWebKit/537.36 (KHTML, like Gecko) Chrome/135.0.7049.95 Mobile Safari/537.36 (compatible; Googlebot/2.1; +http://www.google.com/bot.html)"
66.249.74.103 - - [29/Apr/2025:23:05:34 -0400] "GET /?k=771739985503&channel=01e61c&from=shared.php%3Fid%3D99855-6011%26name%3D%E3%83%A2%E3%83%BC%E3%82%BF%E3%83%BC%E4%BB%98%E3%81%8D%E9%9B%BB%E5%8B%95%E3%82%A6%E3%82%A3%E3%83%B3%E3%83%89%E3%82%A6%E3%83%AC%E3%82%AE%E3%83%A5%E3%83%AC%E3%83%BC%E3%82%BF%E3%83%BC%E3%80%812011-2017%E5%B9%B4%E5%BC%8F%E3%80%81%E8%B5%B7%E4%BA%9C%E3%80%81K2%E7%94%A8%E3%80%81%E5%B7%A6%E5%8F%B3%E3%83%95%E3%83%AD%E3%83%B3%E3%83%88%E3%83%AA%E3%82%A2%E3%82%A6%E3%82%A3%E3%83%B3%E3%83%89%E3%82%A6%E3%83%91%E3%83%AF%E3%83%BC%E3%83%AA%E3%83%95%E3%82%BF%E3%83%BC HTTP/1.1" 200 52601 "-" "Mozilla/5.0 (Linux; Android 6.0.1; Nexus 5X Build/MMB29P) AppleWebKit/537.36 (KHTML, like Gecko) Chrome/135.0.7049.95 Mobile Safari/537.36 (compatible; Googlebot/2.1; +http://www.google.com/bot.html)"
66.249.74.103 - - [29/Apr/2025:23:05:36 -0400] "GET /?k=4880310596200&channel=e126a8&from=product.php%3Fid%3D105962-5450%26name%3D%E3%83%A8%E3%83%8D%E3%83%83%E3%82%AF%E3%82%B9+BG+65+%E3%83%90%E3%83%89%E3%83%9F%E3%83%B3%E3%83%88%E3%83%B3%E3%82%B9%E3%83%88%E3%83%AA%E3%83%B3%E3%82%B0+%E3%82%A2%E3%82%BD%E3%83%BC%E3%83%88%E3%82%AB%E3%83%A9%E3%83%BC+%28BG+65+%E3%82%AA%E3%83%AC%E3%83%B3%E3%82%B8%29 HTTP/1.1" 200 0 "-" "Mozilla/5.0 (Linux; Android 6.0.1; Nexus 5X Build/MMB29P) AppleWebKit/537.36 (KHTML, like Gecko) Chrome/135.0.7049.95 Mobile Safari/537.36 (compatible; GoogleOther)"
40.77.167.247 - - [29/Apr/2025:23:05:40 -0400] "GET /?k=18105185190700&channel=970d16&from=shared.php%3Fid%3D1851907-4514%26name%3D%E6%BA%B6%E8%9E%8D%E5%9C%A7%E5%8A%9B%E3%82%BB%E3%83%B3%E3%82%B5%E3%83%BC+%E9%AB%98%E6%B8%A9%E6%BA%B6%E8%9E%8D%E5%9C%A7%E5%8A%9B%E3%82%BB%E3%83%B3%E3%82%B5%E3%83%BC%2F%E4%BC%9D%E9%80%81%E5%99%A8+CN1-6-M-B35D-1-4-D+%E6%BA%B6%E8%9E%8D%E5%9C%A7%E5%8A%9B%E5%A4%89%E6%8F%9B%E5%99%A8 HTTP/1.1" 200 41590 "-" "Mozilla/5.0 AppleWebKit/537.36 (KHTML, like Gecko; compatible; bingbot/2.0; +http://www.bing.com/bingbot.htm) Chrome/116.0.1938.76 Safari/537.36"
66.249.74.103 - - [29/Apr/2025:23:05:43 -0400] "GET /?k=09994104885701&channel=228648&from=shared.php%3Fid%3D1048857-7678%26name%3DSteering+oil+pipe+Replace%23+32416794669+AUTO-MOHITO+1pack HTTP/1.1" 200 52205 "-" "Mozilla/5.0 (Linux; Android 6.0.1; Nexus 5X Build/MMB29P) AppleWebKit/537.36 (KHTML, like Gecko) Chrome/135.0.7049.95 Mobile Safari/537.36 (compatible; Googlebot/2.1; +http://www.google.com/bot.html)"
66.249.74.104 - - [29/Apr/2025:23:05:51 -0400] "GET /?k=8756989733103&channel=71e1f5&from=form.php%3Fid%3D897331-9354%26name%3DORAZIO%5B%E3%82%AA%E3%83%A9%E3%82%B8%E3%82%AA%5D+3%2F4%E3%83%9A%E3%82%A2%E3%82%BB%E3%83%83%E3%83%88+%E3%83%94%E3%82%A2%E3%82%B9+%E3%83%AC%E3%83%87%E3%82%A3%E3%83%BC%E3%82%B9+%E4%BA%BA%E6%B0%97+%E3%83%95%E3%83%BC%E3%83%97%E3%83%94%E3%82%A2%E3%82%B9+%E3%82%B9%E3%82%BF%E3%83%83%E3%83%89%E3%83%94%E3%82%A2%E3%82%B9+14k%E3%82%B4%E3%83%BC%E3%83%AB%E3%83%89%E3%83%A1%E3%83%83%E3%82%AD+%E3%82%B9%E3%83%86%E3%83%B3%E3%83%AC%E3%82%B9 HTTP/1.1" 200 53068 "-" "Mozilla/5.0 (Linux; Android 6.0.1; Nexus 5X Build/MMB29P) AppleWebKit/537.36 (KHTML, like Gecko) Chrome/135.0.7049.95 Mobile Safari/537.36 (compatible; Googlebot/2.1; +http://www.google.com/bot.html)"
66.249.74.103 - - [29/Apr/2025:23:05:57 -0400] "GET /?k=19881132700901&channel=83fc05&from=form.php%3Fid%3D1327009-6536%26name%3D%E3%82%AC%E3%83%B3%E3%83%90%E3%83%AC%E3%82%B8%E3%82%A7%E3%83%B3%E3%82%BA+CX01-021+%E4%BB%AE%E9%9D%A2%E3%83%A9%E3%82%A4%E3%83%80%E3%83%BC%E3%82%AF%E3%82%A6%E3%82%AC+%E3%83%89%E3%83%A9%E3%82%B4%E3%83%B3%E3%83%95%E3%82%A9%E3%83%BC%E3%83%A0+LR HTTP/1.1" 200 52061 "-" "Mozilla/5.0 (Linux; Android 6.0.1; Nexus 5X Build/MMB29P) AppleWebKit/537.36 (KHTML, like Gecko) Chrome/135.0.7049.95 Mobile Safari/537.36 (compatible; Googlebot/2.1; +http://www.google.com/bot.html)"
66.249.74.103 - - [29/Apr/2025:23:05:59 -0400] "GET /?k=2710140530803&channel=b2f22e&from=blog.php%3Fid%3D405308-5425%26name%3D20%E6%9C%AC%E3%82%BB%E3%83%83%E3%83%88+FPL28EX-L+%E4%BA%92%E6%8F%9B+LED+%E3%83%84%E3%82%A4%E3%83%B3%E8%9B%8D%E5%85%89%E7%81%AF+28%E5%BD%A2+FPL28EX-N+FPL28EX-W+FPL28EX-D+F HTTP/1.1" 200 0 "-" "Mozilla/5.0 (Linux; Android 6.0.1; Nexus 5X Build/MMB29P) AppleWebKit/537.36 (KHTML, like Gecko) Chrome/135.0.7049.95 Mobile Safari/537.36 (compatible; GoogleOther)"
66.249.74.103 - - [29/Apr/2025:23:06:03 -0400] "GET /?k=30067193896608&channel=b8f8c3&from=article.php%3Fid%3D1938966-8110%26name%3DUSB+C%E3%81%8B%E3%82%895.5x2.1mm%E6%8E%A5%E7%B6%9A%E3%82%B1%E3%83%BC%E3%83%96%E3%83%AB%E3%82%B1%E3%83%BC%E3%83%96%E3%83%AB100W%E3%83%8E%E3%83%BC%E3%83%88%E3%83%96%E3%83%83%E3%82%AF%E5%85%85%E9%9B%BB%E3%82%A2%E3%83%80%E3%83%97%E3%82%BF%E3%83%BC%E7%94%A8%E3%81%AE%E3%83%91%E3%83%AF%E3%83%BC%E3%82%B3%E3%83%BC%E3%83%89%E7%B7%A8%E7%B5%84%E3%83%AF%E3%82%A4%E3%83%A4 HTTP/1.1" 200 0 "-" "Mozilla/5.0 (Linux; Android 6.0.1; Nexus 5X Build/MMB29P) AppleWebKit/537.36 (KHTML, like Gecko) Chrome/135.0.7049.95 Mobile Safari/537.36 (compatible; GoogleOther)"
66.249.74.103 - - [29/Apr/2025:23:06:04 -0400] "GET /?k=91733122766900&channel=65e625&from=info.php%3Fid%3D1227669-22115%26name%3D%E7%A0%94%E3%83%8A%E3%82%AA%E3%82%B3%2F%E3%81%B2%E3%81%A8%E3%82%8A%E3%81%BD%E3%81%A3%E3%81%A1%E3%81%A7%E8%B8%8A%E3%82%89%E3%81%9B%E3%81%A6%2F%E4%B8%AD%E5%8F%A47%E3%82%A4%E3%83%B3%E3%83%81%21%21+%E5%95%86%E5%93%81%E7%AE%A1%E7%90%86%E7%95%AA%E5%8F%B7%EF%BC%9A39237 HTTP/1.1" 200 52816 "-" "Mozilla/5.0 (Linux; Android 6.0.1; Nexus 5X Build/MMB29P) AppleWebKit/537.36 (KHTML, like Gecko) Chrome/135.0.7049.95 Mobile Safari/537.36 (compatible; Googlebot/2.1; +http://www.google.com/bot.html)"
66.249.74.103 - - [29/Apr/2025:23:06:11 -0400] "GET /?k=20112190318101&channel=3bfd86&from=brands.php%3Fid%3D1903181-2936%26name%3D%E3%83%8F%E3%82%A4%E3%83%86%E3%83%83%E3%82%AFC+%E3%82%B3%E3%83%AC%E3%83%88%E5%B0%82%E7%94%A8%E6%9B%BF%E3%81%88%E8%8A%AF+%E3%82%A2%E3%83%83%E3%83%97%E3%83%AB%E3%82%B0%E3%83%AA%E3%83%BC%E3%83%B3+%EF%BC%88%E3%83%9C%E3%83%BC%E3%83%AB%E5%BE%84%EF%BC%9A0.5mm%EF%BC%89 HTTP/1.1" 200 52104 "-" "Mozilla/5.0 (Linux; Android 6.0.1; Nexus 5X Build/MMB29P) AppleWebKit/537.36 (KHTML, like Gecko) Chrome/135.0.7049.95 Mobile Safari/537.36 (compatible; Googlebot/2.1; +http://www.google.com/bot.html)"
66.249.74.103 - - [29/Apr/2025:23:06:20 -0400] "GET /?k=19952186344503&channel=0a8a4c&from=shop.php%3Fid%3D1863445-24895%26name%3D%E3%82%A2%E3%82%A4%E3%82%A6%E3%82%A9%E3%83%BC%E3%83%9E%E3%83%BC+8D%E3%82%A8%E3%82%A2%E3%83%90%E3%83%83%E3%82%B0%26%E3%83%AF%E3%83%B3%E3%83%9C%E3%82%BF%E3%83%B3%E6%93%8D%E4%BD%9C%E3%80%80%E7%BE%8E%E5%AE%B9%E3%80%80%E5%81%A5%E5%BA%B7 HTTP/1.1" 200 51208 "-" "Mozilla/5.0 (Linux; Android 6.0.1; Nexus 5X Build/MMB29P) AppleWebKit/537.36 (KHTML, like Gecko) Chrome/135.0.7049.95 Mobile Safari/537.36 (compatible; Googlebot/2.1; +http://www.google.com/bot.html)"
66.249.74.103 - - [29/Apr/2025:23:06:23 -0400] "GET /?k=8493953934001&channel=108c9c&from=blog.php%3Fid%3D539340-3484%26name%3D%E3%83%96%E3%83%A9%E3%83%83%E3%82%AF%E3%83%A1%E3%82%BF%E3%83%AB%E3%83%A2%E3%83%80%E3%83%B3%E3%83%9A%E3%83%B3%E3%83%80%E3%83%B3%E3%83%88%E3%83%A9%E3%83%B3%E3%83%97%E3%82%AF%E3%83%AA%E3%82%B9%E3%82%BF%E3%83%AB%E3%82%AF%E3%83%A9%E3%82%B9%E3%82%BF%E3%83%BC%E3%83%9A%E3%83%B3%E3%83%80%E3%83%B3%E3%83%88%E3%82%B7%E3%83%A3%E3%83%B3%E3%83%87%E3%83%AA%E3%82%A2%E7%85%A7%E6%98%8EE27%E3%83%89%E3%83%AD%E3%83%83%E3%83%97%E3%82%B7%E3%83%BC%E3%83%AA%E3%83%B3%E3%82%B0%E3%83%A9%E3%82%A4%E3%83%88%E3%80%81%E3%82%AD%E3%83%83%E3%83%81%E3%83%B3%E3%82%A2%E3%82%A4%E3%83%A9%E3%83%B3%E3%83%89 HTTP/1.1" 200 0 "-" "Mozilla/5.0 (Linux; Android 6.0.1; Nexus 5X Build/MMB29P) AppleWebKit/537.36 (KHTML, like Gecko) Chrome/135.0.7049.95 Mobile Safari/537.36 (compatible; GoogleOther)"
66.249.74.103 - - [29/Apr/2025:23:06:24 -0400] "GET /?k=94897106872500&channel=5423d6&from=brands.php%3Fid%3D1068725-10472%26name%3D%E5%AE%9A%E4%BE%A115%E4%B8%87++%E5%A4%AA%E9%99%BD%E6%94%BE%E5%B0%84%E3%82%BF%E3%82%A4%E3%83%81%E3%83%B3%E3%83%AB%E3%83%81%E3%83%AB%E3%83%90%E3%83%B3%E3%82%B0%E3%83%AB+56g HTTP/1.1" 200 51571 "-" "Mozilla/5.0 (Linux; Android 6.0.1; Nexus 5X Build/MMB29P) AppleWebKit/537.36 (KHTML, like Gecko) Chrome/135.0.7049.95 Mobile Safari/537.36 (compatible; Googlebot/2.1; +http://www.google.com/bot.html)"
52.167.144.205 - - [29/Apr/2025:23:06:25 -0400] "GET /?k=9726787955306&channel=9ae0c6&from=shared.php%3Fid%3D879553-3551%26name%3D%E3%82%AD%E3%83%A3%E3%83%93%E3%83%8D%E3%83%83%E3%83%88%E4%BB%98%E3%81%8D%E5%B1%8B%E5%A4%96%E3%83%A6%E3%83%BC%E3%83%86%E3%82%A3%E3%83%AA%E3%83%86%E3%82%A3%E3%82%B7%E3%83%B3%E3%82%AF%E3%80%81%E8%87%AA%E7%AB%8B%E5%BC%8F%E3%82%B1%E3%83%BC%E3%82%BF%E3%83%AA%E3%83%B3%E3%82%B0%E5%95%86%E6%A5%AD%E3%82%B7%E3%83%B3%E3%82%AF%E3%80%81304%E3%82%B9%E3%83%86%E3%83%B3%E3%83%AC%E3%82%B9%E9%8B%BC%E3%81%AE%E3%82%B7%E3%83%B3%E3%82%B0%E3%83%AB%E6%B4%97%E9%9D%A2%E5%8F%B0%E3%80%81%E6%B8%A9%E6%B0%B4%E3%81%8A%E3%82%88%E3%81%B3%E5%86%B7%E6%B0%B4%E3%81%AE%E8%9B%87%E5%8F%A3%E4%BB%98%E3%81%8D HTTP/1.1" 200 42572 "-" "Mozilla/5.0 AppleWebKit/537.36 (KHTML, like Gecko; compatible; bingbot/2.0; +http://www.bing.com/bingbot.htm) Chrome/116.0.1938.76 Safari/537.36"
66.249.74.103 - - [29/Apr/2025:23:06:27 -0400] "GET /?k=88030125627000&channel=18c3e4&from=shop.php%3Fid%3D1256270-2872%26name%3D%E3%83%9F%E3%82%B9%E3%83%87%E3%82%A3%E3%82%AA%E3%83%BC%E3%83%AB%E3%83%96%E3%83%AB%E3%83%BC%E3%83%9F%E3%83%B3%E3%82%B0%E3%83%96%E3%83%BC%E3%82%B1%28%E3%82%AA%E3%83%BC%E3%83%89%E3%82%A5+%E3%83%88%E3%83%AF%E3%83%AC%29+%E8%A9%A6%E4%BE%9B%E5%93%81 HTTP/1.1" 200 51092 "-" "Mozilla/5.0 (Linux; Android 6.0.1; Nexus 5X Build/MMB29P) AppleWebKit/537.36 (KHTML, like Gecko) Chrome/135.0.7049.95 Mobile Safari/537.36 (compatible; Googlebot/2.1; +http://www.google.com/bot.html)"
66.249.74.103 - - [29/Apr/2025:23:06:28 -0400] "GET /?k=7095834018202&channel=e2c2a3&from=goods.php%3Fid%3D340182-6010%26name%3D%E8%BB%8A%E3%81%AE%E6%B6%B2%E6%99%B6%E3%83%87%E3%82%B8%E3%82%BF%E3%83%AB%E3%83%80%E3%83%83%E3%82%B7%E3%83%A5%E3%83%9C%E3%83%BC%E3%83%89%E3%83%91%E3%83%8D%E3%83%AB+BMW+X3+X4+F25+F26+2011-2017+%E8%A8%88%E5%99%A8%E3%82%AF%E3%83%A9%E3%82%B9%E3%82%BF%E3%82%B3%E3%83%83%E3%82%AF%E3%82%B9%E3%83%94%E3%83%BC%E3%83%89%E3%83%A1%E3%83%BC%E3%82%BF%E3%83%BC%E3%83%9E%E3%83%AB HTTP/1.1" 200 51280 "-" "Mozilla/5.0 (Linux; Android 6.0.1; Nexus 5X Build/MMB29P) AppleWebKit/537.36 (KHTML, like Gecko) Chrome/135.0.7049.95 Mobile Safari/537.36 (compatible; Googlebot/2.1; +http://www.google.com/bot.html)"
40.77.167.247 - - [29/Apr/2025:23:06:30 -0400] "GET /?k=09937140672901&channel=581987&from=goods.php%3Fid%3D1406729-12306%26name%3DBuhygn+%E6%B0%B4%E4%B8%AD%E6%B0%B4%E3%83%9D%E3%83%B3%E3%83%97%E6%B0%B4%E6%97%8F%E9%A4%A8%E3%80%81%E6%B0%B4%E4%B8%AD%E6%B0%B4%E6%97%8F%E9%A4%A8%E3%83%9D%E3%83%B3%E3%83%97+%7C+%E6%B0%B4%E6%97%8F%E9%A4%A8%E3%83%9D%E3%83%B3%E3%83%97%E3%83%9C%E3%83%88%E3%83%A0%E5%90%B8%E5%BC%95+%7C+%E3%82%B5%E3%83%B3%E3%83%97%E3%83%89%E3%83%AC%E3%82%A4%E3%83%B3%E3%82%A8%E3%83%8D%E3%83%AB%E3%82%AE%E3%83%BC%E5%8A%B9%E7%8E%87%E3%81%AE%E9%AB%98%E3%81%84%E5%BE%AA%E7%92%B0%E7%94%A8%E3%81%AE%E6%B0%B4%E8%80%95%E6%A0%BD HTTP/1.1" 200 40642 "-" "Mozilla/5.0 AppleWebKit/537.36 (KHTML, like Gecko; compatible; bingbot/2.0; +http://www.bing.com/bingbot.htm) Chrome/116.0.1938.76 Safari/537.36"
40.77.167.247 - - [29/Apr/2025:23:06:30 -0400] "GET /?k=9021064741701&channel=a6d175&from=shared.php%3Fid%3D647417-2021%26name%3D%E3%83%93%E3%83%BC%E3%83%AB%E7%93%B6%E3%82%AD%E3%83%A3%E3%83%83%E3%83%94%E3%83%B3%E3%82%B0%E3%83%9E%E3%82%B7%E3%83%B3+%E3%82%AD%E3%83%A3%E3%83%83%E3%83%94%E3%83%B3%E3%82%B0%E3%83%9E%E3%82%B7%E3%83%B3%E3%83%97%E3%83%AC%E3%82%B9%E3%83%9F%E3%83%8B%E3%82%BD%E3%83%AA%E3%83%83%E3%83%89+13%2F15+%E3%83%9F%E3%83%AA%E3%83%A1%E3%83%BC%E3%83%88%E3%83%AB%E9%89%84%E5%B0%8F%E5%9E%8B%E3%83%A6%E3%83%BC%E3%83%86%E3%82%A3%E3%83%AA%E3%83%86%E3%82%A3%E3%83%87%E3%83%90%E3%82%A4%E3%82%B9%E3%82%AD%E3%83%A3%E3%83%83%E3%83%97%E3%82%B7%E3%83%BC%E3%83%A9 HTTP/1.1" 200 40890 "-" "Mozilla/5.0 AppleWebKit/537.36 (KHTML, like Gecko; compatible; bingbot/2.0; +http://www.bing.com/bingbot.htm) Chrome/116.0.1938.76 Safari/537.36"
66.249.74.103 - - [29/Apr/2025:23:06:31 -0400] "GET /?k=9867868799100&channel=51f081&from=shared.php%3Fid%3D687991-9243%26name%3D%E3%83%89%E3%83%AA%E3%83%B3%E3%82%AF%E3%80%80%E7%8C%AB%E3%80%80%E3%82%A4%E3%83%A9%E3%82%B9%E3%83%88%E3%80%80%E7%B5%B5 HTTP/1.1" 200 0 "-" "Mozilla/5.0 (Linux; Android 6.0.1; Nexus 5X Build/MMB29P) AppleWebKit/537.36 (KHTML, like Gecko) Chrome/135.0.7049.95 Mobile Safari/537.36 (compatible; GoogleOther)"
66.249.74.103 - - [29/Apr/2025:23:06:31 -0400] "GET /?k=19972130938914&channel=997b46&from=jp.php%3Fid%3D1309389-19719%26name%3D%E9%80%B1%E5%88%8A%E5%B0%91%E5%B9%B4%E3%82%B8%E3%83%A3%E3%83%B3%E3%83%971991%E5%B9%B4+38%E5%8F%B7+%E8%A1%A8%E7%B4%99+%E5%B9%BD%E2%98%86%E9%81%8A%E2%98%86%E7%99%BD%E6%9B%B8 HTTP/1.1" 200 50001 "-" "Mozilla/5.0 (Linux; Android 6.0.1; Nexus 5X Build/MMB29P) AppleWebKit/537.36 (KHTML, like Gecko) Chrome/135.0.7049.95 Mobile Safari/537.36 (compatible; Googlebot/2.1; +http://www.google.com/bot.html)"
66.249.74.103 - - [29/Apr/2025:23:06:38 -0400] "GET /?k=94029124753704&channel=65d26d&from=form.php%3Fid%3D1247537-22377%26name%3DDorry+Doll+%E3%83%81%E3%83%A3%E3%82%A4%E3%83%8A%E3%83%81%E3%83%A5%E3%83%BC%E3%83%AB%E3%82%BB%E3%83%83%E3%83%88%E3%83%89%E3%83%AC%E3%82%B9%E3%80%80%E6%96%B0%E5%93%81%E3%80%80M+%E9%95%B7%E8%A2%96 HTTP/1.1" 200 51374 "-" "Mozilla/5.0 (Linux; Android 6.0.1; Nexus 5X Build/MMB29P) AppleWebKit/537.36 (KHTML, like Gecko) Chrome/135.0.7049.95 Mobile Safari/537.36 (compatible; Googlebot/2.1; +http://www.google.com/bot.html)"
66.249.74.104 - - [29/Apr/2025:23:06:44 -0400] "GET /?k=67442140648106&channel=117f88&from=jp.php%3Fid%3D1406481-433%26name%3D%E3%83%90%E3%82%B9%E3%82%BF%E3%82%AA%E3%83%AB+%E3%82%B5%E3%83%A2%E3%82%A8%E3%83%89+%E3%83%93%E3%83%BC%E3%83%81%E3%82%BF%E3%82%AA%E3%83%AB+%E5%A4%8F+%E3%82%B9%E3%83%BC%E3%83%91%E3%83%BC%E3%82%BD%E3%83%95%E3%83%88+%E3%82%B9%E3%82%A4%E3%83%A0%E3%82%BF%E3%82%AA%E3%83%AB+%E3%83%9E%E3%82%A4%E3%82%AF%E3%83%AD%E3%83%95%E3%82%A1%E3%82%A4%E3%83%90%E3%83%BC+%E3%83%90%E3%82%B9%E3%82%BF%E3%82%AA%E3%83%AB+120x60cm+%E6%97%85%E8%A1%8C+%E8%B6%85%E5%90%B8%E6%B0%B4 HTTP/1.1" 200 52518 "-" "Mozilla/5.0 (Linux; Android 6.0.1; Nexus 5X Build/MMB29P) AppleWebKit/537.36 (KHTML, like Gecko) Chrome/135.0.7049.95 Mobile Safari/537.36 (compatible; Googlebot/2.1; +http://www.google.com/bot.html)"
66.249.74.103 - - [29/Apr/2025:23:06:50 -0400] "GET /?k=08706165990000&channel=10771f&from=brands.php%3Fid%3D1659900-14504%26name%3D2+%E5%80%8B+M4+M5+M6+%E3%83%AD%E3%83%BC%E3%83%AC%E3%83%83%E3%83%88%E3%81%A4%E3%81%BE%E3%81%BF%E3%83%8D%E3%82%B8%E7%99%BD%E8%B5%A4%E9%BB%92%E3%82%A2%E3%83%AB%E3%83%9F%E5%90%88%E9%87%91%E8%AA%BF%E6%95%B4%E9%AB%98%E9%A0%AD%E3%82%B9%E3%83%86%E3%83%83%E3%83%97%E3%83%8D%E3%82%B8+%28Color+%3A+Black%2C+Size+%3A+1 HTTP/1.1" 200 0 "-" "Mozilla/5.0 (Linux; Android 6.0.1; Nexus 5X Build/MMB29P) AppleWebKit/537.36 (KHTML, like Gecko) Chrome/135.0.7049.95 Mobile Safari/537.36 (compatible; GoogleOther)"
66.249.74.103 - - [29/Apr/2025:23:06:51 -0400] "GET /?k=7200842684908&channel=8069b0&from=shop.php%3Fid%3D426849-1727%26name%3D%E3%83%81%E3%83%A3%E3%83%B3%E3%83%94%E3%82%AA%E3%83%B3%E3%80%80%E3%83%AA%E3%83%A5%E3%83%83%E3%82%AF%E3%80%80%E3%83%90%E3%83%83%E3%82%AF%E3%83%91%E3%83%83%E3%82%AF%E3%80%80%E7%94%B7%E5%A5%B3%E5%85%BC%E7%94%A8%E5%8F%AF%E8%83%BD HTTP/1.1" 200 51793 "-" "Mozilla/5.0 (Linux; Android 6.0.1; Nexus 5X Build/MMB29P) AppleWebKit/537.36 (KHTML, like Gecko) Chrome/135.0.7049.95 Mobile Safari/537.36 (compatible; Googlebot/2.1; +http://www.google.com/bot.html)"
66.249.74.104 - - [29/Apr/2025:23:07:00 -0400] "GET /?k=66828172436905&channel=244730&from=shop.php%3Fid%3D1724369-2628%26name%3DRealize+%E3%83%A4%E3%83%9E%E3%83%8F+N+MAX+SE86J+Blink+Ti+%E3%83%9E%E3%83%95%E3%83%A9%E3%83%BC HTTP/1.1" 200 50527 "-" "Mozilla/5.0 (Linux; Android 6.0.1; Nexus 5X Build/MMB29P) AppleWebKit/537.36 (KHTML, like Gecko) Chrome/135.0.7049.95 Mobile Safari/537.36 (compatible; Googlebot/2.1; +http://www.google.com/bot.html)"
66.249.74.103 - - [29/Apr/2025:23:07:06 -0400] "GET /?k=08927158529304&channel=b654d4&from=product.php%3Fid%3D1585293-25000%26name%3D%E7%86%B1%E8%BB%A2%E5%86%99%E3%83%97%E3%83%AC%E3%82%B9%E6%A9%9F+50x70mm+%E6%89%8B%E5%8B%95%E3%82%B9%E3%82%BF%E3%83%B3%E3%83%94%E3%83%B3%E3%82%B0%E3%83%9E%E3%82%B7%E3%83%B3%E3%80%81%E3%83%AC%E3%82%B6%E3%83%BC%E3%83%97%E3%83%AA%E3%83%B3%E3%82%BF%E3%83%BC%E3%80%81%E6%8A%98%E3%82%8A%E7%9B%AE%E4%BB%98%E3%81%91%E6%A9%9F%E3%80%81%E3%83%9B%E3%83%83%E3%83%88%E7%AE%94%E3%82%B9%E3%82%BF%E3%83%B3%E3%83%94%E3%83%B3%E3%82%B0%E3%83%9E%E3%82%B7%E3%83%B3%E3%80%81%E3%83%9E%E3%83%BC%E3%82%AD%E3%83%B3%E3%82%B0%E3%83%97%E3%83%AC%E3%82%B9 HTTP/1.1" 200 51513 "-" "Mozilla/5.0 (Linux; Android 6.0.1; Nexus 5X Build/MMB29P) AppleWebKit/537.36 (KHTML, like Gecko) Chrome/135.0.7049.95 Mobile Safari/537.36 (compatible; Googlebot/2.1; +http://www.google.com/bot.html)"
