66.249.74.104 - - [29/Apr/2025:22:30:48 -0400] "GET /?k=775056034801&channel=b9ca67&from=pin.php%3Fid%3D60348-5330%26name%3Da2z+4+Kids%E3%82%AD%E3%83%83%E3%82%BAGirls+Boys+Plain%E3%83%88%E3%83%A9%E3%83%83%E3%82%AF%E3%82%B9%E3%83%BC%E3%83%84%E3%83%95%E3%83%BC%E3%83%89%E4%BB%98%E3%81%8D%E3%83%91%E3%83%BC%E3%82%AB%E3%83%BC%E4%B8%8B%E9%83%A8%E3%82%92%E3%81%99%E3%82%8B%E6%96%B97+%E2%80%93+13+%E3%82%AB%E3%83%A9%E3%83%BC%3A+%E3%83%91%E3%83%BC%E3%83%97 HTTP/1.1" 200 52352 "-" "Mozilla/5.0 (Linux; Android 6.0.1; Nexus 5X Build/MMB29P) AppleWebKit/537.36 (KHTML, like Gecko) Chrome/135.0.7049.95 Mobile Safari/537.36 (compatible; Googlebot/2.1; +http://www.google.com/bot.html)"
66.249.74.104 - - [29/Apr/2025:22:30:52 -0400] "GET /?k=38190144117708&channel=03870e&from=shared.php%3Fid%3D1441177-18470%26name%3D%E3%83%A2%E3%83%80%E3%83%B3%E3%81%AA%E3%82%AD%E3%83%83%E3%83%81%E3%83%B3+%E3%83%9F%E3%82%AD%E3%82%B5%E3%83%BC+%E3%82%BF%E3%83%83%E3%83%97+%E3%83%87%E3%83%A5%E3%82%A2%E3%83%AB%E3%82%B9%E3%83%91%E3%82%A6%E3%83%88+%E3%82%BF%E3%83%83%E3%83%81%E3%83%AC%E3%82%B9+%E3%82%AD%E3%83%83%E3%83%81%E3%83%B3+%E3%82%BF%E3%83%83%E3%83%97+%E3%82%B9%E3%83%97%E3%83%AC%E3%83%BC+%E8%87%AA%E5%8B%95%E3%82%BB%E3%83%B3%E3%82%B5%E3%83%BC+%E7%9C%9F%E9%8D%AE+2+%E6%A9%9F%E8%83%BD+360 HTTP/1.1" 200 53363 "-" "Mozilla/5.0 (Linux; Android 6.0.1; Nexus 5X Build/MMB29P) AppleWebKit/537.36 (KHTML, like Gecko) Chrome/135.0.7049.95 Mobile Safari/537.36 (compatible; Googlebot/2.1; +http://www.google.com/bot.html)"
66.249.74.104 - - [29/Apr/2025:22:31:00 -0400] "GET /?k=3982233026802&channel=b7f241&from=shared.php%3Fid%3D330268-632%26name%3D%E8%97%8D%E6%9F%93%E3%82%81%E3%81%AB%E6%8F%BA%E3%82%89%E3%81%90%E4%B9%B1%E8%8F%8A%E3%81%AE%E5%A6%96%E3%81%97%E3%80%82%E7%B5%9E%E3%82%8A%E6%9F%93%E3%82%81%E3%81%AE%E6%B5%B4%E8%A1%A3%E3%81%A7%E3%81%99%3A%5E%29 HTTP/1.1" 200 50680 "-" "Mozilla/5.0 (Linux; Android 6.0.1; Nexus 5X Build/MMB29P) AppleWebKit/537.36 (KHTML, like Gecko) Chrome/135.0.7049.95 Mobile Safari/537.36 (compatible; Googlebot/2.1; +http://www.google.com/bot.html)"
66.249.74.104 - - [29/Apr/2025:22:31:06 -0400] "GET /?k=4009958799701&channel=5423c2&from=brands.php%3Fid%3D587997-3261%26name%3DLED+%E3%82%BF%E3%83%BC%E3%83%B3%E3%82%B7%E3%82%B0%E3%83%8A%E3%83%AB+%E7%94%A8%E3%82%B9%E3%83%90%E3%83%AB%E7%94%A8+%E3%82%A4%E3%83%B3%E3%83%97%E3%83%AC%E3%83%83%E3%82%B5%E7%94%A8+RS%E7%94%A8+%E3%82%AF%E3%83%BC%E3%83%9A%E7%94%A8+1999-2001+%E3%83%9B%E3%83%AF%E3%82%A4%E3%83%88LED%E3%83%91%E3%83%BC%E3%82%AD%E3%83%B3%E3%82%B0%2F%E3%83%89%E3%83%A9%E3%82%A4%E3%83%93%E3%83%B3%E3%82%B0%26a HTTP/1.1" 200 0 "-" "Mozilla/5.0 (Linux; Android 6.0.1; Nexus 5X Build/MMB29P) AppleWebKit/537.36 (KHTML, like Gecko) Chrome/135.0.7049.95 Mobile Safari/537.36 (compatible; GoogleOther)"
66.249.74.103 - - [29/Apr/2025:22:31:07 -0400] "GET /?k=74631147321201&channel=2efbdc&from=info.php%3Fid%3D1473212-22745%26name%3DKATO+N%E3%82%B2%E3%83%BC%E3%82%B8+%E6%9D%B1%E6%AD%A6%E9%89%84%E9%81%938000%E7%B3%BB+%E6%9B%B4%E6%96%B0%E8%BB%8A+4%E4%B8%A1%E5%A2%97%E7%B5%90%E3%82%BB%E3%83%83%E3%83%88+10-1648+%E9%89%84%E9%81%93%E6%A8%A1%E5%9E%8B+%E9%9B%BB%E8%BB%8A HTTP/1.1" 200 52024 "-" "Mozilla/5.0 (Linux; Android 6.0.1; Nexus 5X Build/MMB29P) AppleWebKit/537.36 (KHTML, like Gecko) Chrome/135.0.7049.95 Mobile Safari/537.36 (compatible; Googlebot/2.1; +http://www.google.com/bot.html)"
66.249.74.103 - - [29/Apr/2025:22:31:15 -0400] "GET /?k=49256160455705&channel=477f2b&from=article.php%3Fid%3D1604557-25091%26name%3D%E3%82%A4%E3%83%B3%E3%83%A9%E3%82%A4%E3%83%B3%E3%82%B9%E3%82%B1%E3%83%BC%E3%83%88+%E3%82%A8%E3%82%AF%E3%82%B9%E3%83%88%E3%83%AA%E3%83%BC%E3%83%A0%E3%82%AF%E3%83%A9%E3%82%B7%E3%83%83%E3%82%AF%E3%82%A2%E3%83%80%E3%83%AB%E3%83%88%E3%83%AD%E3%83%BC%E3%83%A9%E3%83%BC%E3%82%B9%E3%82%B1%E3%83%BC%E3%83%88%E3%82%A4%E3%83%B3%E3%83%A9%E3%82%A4%E3%83%B3%E3%82%B9%E3%82%B1%E3%83%BC%E3%83%88%E7%94%B7%E6%80%A7%E3%81%A8%E5%A5%B3%E6%80%A7%E3%81%AE%E3%83%AD%E3%83%BC%E3%83%A9%E3%83%BC%E3%82%B9%E3%82%B1%E3%83%BC%E3%83%88%E3%83%95%E3%82%A1%E3%83%B3%E3%82%B7%E3%83%BC%E3%83%95%E3%83%A9%E3%83%83%E3%83%88 HTTP/1.1" 200 53560 "-" "Mozilla/5.0 (Linux; Android 6.0.1; Nexus 5X Build/MMB29P) AppleWebKit/537.36 (KHTML, like Gecko) Chrome/135.0.7049.95 Mobile Safari/537.36 (compatible; Googlebot/2.1; +http://www.google.com/bot.html)"
66.249.74.103 - - [29/Apr/2025:22:31:20 -0400] "GET /?k=29764143745500&channel=36793f&from=news.php%3Fid%3D1437455-24167%26name%3D%E3%83%9E%E3%83%B3%E3%82%A6%E3%82%A3%E3%82%BA%E3%82%A2%E3%83%9F%E3%83%83%E3%82%B7%E3%83%A7%E3%83%B3+%E8%8A%B1%E6%9C%AD%E3%83%AD%E3%83%B3T+%E3%83%9B%E3%83%AF%E3%82%A4%E3%83%88+XL HTTP/1.1" 200 0 "-" "Mozilla/5.0 (Linux; Android 6.0.1; Nexus 5X Build/MMB29P) AppleWebKit/537.36 (KHTML, like Gecko) Chrome/135.0.7049.95 Mobile Safari/537.36 (compatible; GoogleOther)"
66.249.74.103 - - [29/Apr/2025:22:31:23 -0400] "GET /?k=9422131431204&channel=77dd67&from=shop.php%3Fid%3D314312-11706%26name%3D%E8%A8%AD%E5%96%B6%E3%81%AB%E4%BE%BF%E5%88%A9%E3%81%AA%E3%83%86%E3%83%B3%E3%83%88+%E5%B1%8B%E5%A4%96%E5%8D%98%E5%B1%A4%E3%83%86%E3%83%B3%E3%83%88%E3%82%AD%E3%83%A3%E3%83%B3%E3%83%97%E5%B0%8F%E5%B1%8B%E3%82%AD%E3%83%A3%E3%83%B3%E3%83%97%E7%99%BB%E5%B1%B1%E8%BB%BD%E9%87%8F%E4%B8%AD%E5%9B%BD%E9%A2%A8%E5%85%A8%E5%A4%A9%E5%80%99%E3%82%B7%E3%82%A7%E3%83%AB%E3%82%BF%E3%83%BC+%E6%97%85%E8%A1%8C%E3%83%86%E3%83%B3%E3%83%88 HTTP/1.1" 200 52138 "-" "Mozilla/5.0 (Linux; Android 6.0.1; Nexus 5X Build/MMB29P) AppleWebKit/537.36 (KHTML, like Gecko) Chrome/135.0.7049.95 Mobile Safari/537.36 (compatible; Googlebot/2.1; +http://www.google.com/bot.html)"
66.249.74.103 - - [29/Apr/2025:22:31:26 -0400] "GET /?k=91992131214403&channel=b11e03&from=shared.php%3Fid%3D1312144-5322%26name%3D%E8%B2%B4%E5%B7%9E%E8%8C%85%E5%8F%B0%E9%85%92%E3%80%8053%25+500ml+2023%E5%B9%B4 HTTP/1.1" 200 51539 "-" "Mozilla/5.0 (Linux; Android 6.0.1; Nexus 5X Build/MMB29P) AppleWebKit/537.36 (KHTML, like Gecko) Chrome/135.0.7049.95 Mobile Safari/537.36 (compatible; Googlebot/2.1; +http://www.google.com/bot.html)"
66.249.74.103 - - [29/Apr/2025:22:31:26 -0400] "GET /?k=8406862176700&channel=1fbf14&from=pin.php%3Fid%3D621767-14718%26name%3D%E3%83%A9%E3%83%81%E3%82%A7%E3%83%83%E3%83%88%E3%83%8F%E3%83%B3%E3%83%89%E3%83%AB+%E3%82%B7%E3%82%B6%E3%83%BC%E3%82%B8%E3%83%A3%E3%83%83%E3%82%AF+%E3%83%A9%E3%83%81%E3%82%A7%E3%83%83%E3%83%88%E5%85%AD%E8%A7%92%E3%83%AC%E3%83%B3%E3%83%81+%E8%87%AA%E5%8B%95%E7%9C%81%E5%8A%9B%E3%82%B8%E3%83%A3%E3%83%83%E3%82%AD%E3%83%A9%E3%83%81%E3%82%A7%E3%83%83%E3%83%88%E3%83%AC%E3%83%B3%E3%83%81+%E3%82%B7%E3%82%B6%E3%83%BC%E3%82%B8%E3%83%A3%E3%83%83%E3%82%AD%E3%83%AC%E3%83%B3%E3%83%81+%E8%BB%8A%E3%82%BF%E3%82%A4%E3%83%A4%E3%82%B8%E3%83%A3%E3%83%83%E3%82%AD%E3%83%A9 HTTP/1.1" 200 50741 "-" "Mozilla/5.0 (Linux; Android 6.0.1; Nexus 5X Build/MMB29P) AppleWebKit/537.36 (KHTML, like Gecko) Chrome/135.0.7049.95 Mobile Safari/537.36 (compatible; Googlebot/2.1; +http://www.google.com/bot.html)"
66.249.74.103 - - [29/Apr/2025:22:31:34 -0400] "GET /?k=86486176897104&channel=d29864&from=goods.php%3Fid%3D1768971-18204%26name%3D%E3%80%90NBA%E3%80%91%E3%82%AA%E3%83%BC%E3%83%A9%E3%83%B3%E3%83%89%E3%83%BB%E3%83%9E%E3%82%B8%E3%83%83%E3%82%AF+%E3%83%A6%E3%83%8B%E3%83%95%E3%82%A9%E3%83%BC%E3%83%A0%E3%80%80HOWARD HTTP/1.1" 200 52497 "-" "Mozilla/5.0 (Linux; Android 6.0.1; Nexus 5X Build/MMB29P) AppleWebKit/537.36 (KHTML, like Gecko) Chrome/135.0.7049.95 Mobile Safari/537.36 (compatible; Googlebot/2.1; +http://www.google.com/bot.html)"
66.249.74.104 - - [29/Apr/2025:22:31:39 -0400] "GET /?k=9016781576300&channel=1e8b65&from=goods.php%3Fid%3D815763-445%26name%3D%E6%A3%AE%E6%B0%B8%E4%B9%B3%E6%A5%AD+%E3%82%B5%E3%83%B3%E3%82%AD%E3%82%B9%E3%83%88+100%25+%E3%82%AA%E3%83%AC%E3%83%B3%E3%82%B8%E3%83%96%E3%83%AC%E3%83%B3%E3%83%89+200ml+%E7%B4%99%E3%83%91%E3%83%83%E3%82%AF+24%E6%9C%AC%E5%85%A5+%E6%9E%9C%E6%B1%81%E9%A3%B2%E6%96%99+%E5%B8%B8%E6%B8%A9%E4%BF%9D%E5%AD%98%E5%8F%AF%E8%83%BD HTTP/1.1" 200 53087 "-" "Mozilla/5.0 (Linux; Android 6.0.1; Nexus 5X Build/MMB29P) AppleWebKit/537.36 (KHTML, like Gecko) Chrome/135.0.7049.95 Mobile Safari/537.36 (compatible; Googlebot/2.1; +http://www.google.com/bot.html)"
66.249.74.103 - - [29/Apr/2025:22:31:48 -0400] "GET /?k=2250084098702&channel=8069b0&from=news.php%3Fid%3D840987-1727%26name%3D%E3%80%90%E6%96%B0%E5%93%81%E6%9C%AA%E4%BD%BF%E7%94%A8%E3%80%91%E3%82%B7%E3%83%A5%E3%83%97%E3%83%AA%E3%83%BC%E3%83%A0%E3%80%80campus+tote+bag HTTP/1.1" 200 51315 "-" "Mozilla/5.0 (Linux; Android 6.0.1; Nexus 5X Build/MMB29P) AppleWebKit/537.36 (KHTML, like Gecko) Chrome/135.0.7049.95 Mobile Safari/537.36 (compatible; Googlebot/2.1; +http://www.google.com/bot.html)"
66.249.74.104 - - [29/Apr/2025:22:31:49 -0400] "GET /?k=03108108137102&channel=d34a99&from=category-info.php%3Fid%3D1081371-12805%26name%3D%E3%80%90Hi+TEC%E3%80%91%E3%80%80%E5%B3%B6%E7%90%86%E7%A0%94%E3%80%80%E3%82%B7%E3%82%B6%E3%83%BC%E3%80%80%E7%BE%8E%E5%AE%B9%E5%B8%AB HTTP/1.1" 200 0 "-" "Mozilla/5.0 (Linux; Android 6.0.1; Nexus 5X Build/MMB29P) AppleWebKit/537.36 (KHTML, like Gecko) Chrome/135.0.7049.95 Mobile Safari/537.36 (compatible; GoogleOther)"
66.249.74.103 - - [29/Apr/2025:22:31:55 -0400] "GET /?k=40463187812802&channel=6077cb&from=category-info.php%3Fid%3D1878128-12598%26name%3DMekUk+%E4%BC%9D%E8%A8%80%E6%9D%BF%E3%82%AF%E3%83%A9%E3%83%95%E3%83%88%E3%83%AD%E3%83%BC%E3%83%AB+%E5%A3%81%E6%8E%9B%E3%81%91%E3%83%A1%E3%83%A2%E7%B4%99%E3%83%87%E3%82%A3%E3%82%B9%E3%83%97%E3%83%AC%E3%82%A4%E3%80%81%E8%BE%B2%E5%AE%B6%E3%81%AE%E8%A3%85%E9%A3%BE%E3%83%A1%E3%83%83%E3%82%BB%E3%83%BC%E3%82%B8%E3%83%9C%E3%83%BC%E3%83%89%E3%80%81%E5%AE%B6%E5%BA%AD%E3%80%81%E3%82%AA%E3%83%95%E3%82%A3%E3%82%B9%E3%80%81%E3%83%87%E3%82%A3%E3%82%B9%E3%83%97%E3%83%AC%E3%82%A4%E3%80%81%E3%82%A6%E3%82%A9%E3%83%BC%E3%83%AB%E3%82%A2%E3%83%BC%E3%83%88 HTTP/1.1" 200 53124 "-" "Mozilla/5.0 (Linux; Android 6.0.1; Nexus 5X Build/MMB29P) AppleWebKit/537.36 (KHTML, like Gecko) Chrome/135.0.7049.95 Mobile Safari/537.36 (compatible; Googlebot/2.1; +http://www.google.com/bot.html)"
66.249.74.103 - - [29/Apr/2025:22:32:28 -0400] "GET /?k=37104135189903&channel=c4acd1&from=news.php%3Fid%3D1351899-4147%26name%3DR1+Concepts+%E3%83%95%E3%83%AD%E3%83%B3%E3%83%88%E3%83%96%E3%83%AC%E3%83%BC%E3%82%AD%E3%81%A8%E3%83%AD%E3%83%BC%E3%82%BF%E3%83%BC%E3%82%AD%E3%83%83%E3%83%88+%7C+%E3%83%95%E3%83%AD%E3%83%B3%E3%83%88%E3%83%96%E3%83%AC%E3%83%BC%E3%82%AD%E3%83%91%E3%83%83%E3%83%89+%7C+%E3%83%96%E3%83%AC%E3%83%BC%E3%82%AD%E3%83%AD%E3%83%BC%E3%82%BF%E3%83%BC%E3%81%A8%E3%83%91%E3%83%83%E3%83%89+%7C+%E3%83%A6%E3%83%BC%E3%83%AD%E3%82%BB%E3%83%A9%E3%83%9F HTTP/1.1" 200 51990 "-" "Mozilla/5.0 (Linux; Android 6.0.1; Nexus 5X Build/MMB29P) AppleWebKit/537.36 (KHTML, like Gecko) Chrome/135.0.7049.95 Mobile Safari/537.36 (compatible; Googlebot/2.1; +http://www.google.com/bot.html)"
66.249.74.103 - - [29/Apr/2025:22:32:36 -0400] "GET /?k=7902233886506&channel=cf803e&from=goods.php%3Fid%3D338865-840%26name%3D%E3%82%B5%E3%82%A4%E3%83%89%E3%83%86%E3%83%BC%E3%83%96%E3%83%AB+%E3%82%B3%E3%83%BC%E3%83%92%E3%83%BC%E3%83%86%E3%83%BC%E3%83%96%E3%83%AB+%E3%83%AA%E3%83%93%E3%83%B3%E3%82%B0%E3%83%AB%E3%83%BC%E3%83%A0%E7%94%A8%E3%83%86%E3%83%BC%E3%83%96%E3%83%AB+%E3%83%AD%E3%83%BC%E3%83%86%E3%83%BC%E3%83%96%E3%83%AB+%E4%B8%8D%E8%A6%8F%E5%89%87%E3%81%AA%E3%82%B3%E3%83%BC%E3%83%92%E3%83%BC%E3%83%86%E3%83%BC%E3%83%96%E3%83%AB%E3%80%81%E3%83%AA%E3%83%93%E3%83%B3%E3%82%B0+%E3%82%B7%E3%83%B3%E3%83%97%E3%83%AB%E3%83%A2%E3%83%80%E3%83%B3+%E5%B0%8F%E5%AE%B6%E5%9E%8B HTTP/1.1" 200 52693 "-" "Mozilla/5.0 (Linux; Android 6.0.1; Nexus 5X Build/MMB29P) AppleWebKit/537.36 (KHTML, like Gecko) Chrome/135.0.7049.95 Mobile Safari/537.36 (compatible; Googlebot/2.1; +http://www.google.com/bot.html)"
66.249.74.103 - - [29/Apr/2025:22:32:42 -0400] "GET /?k=1181063005002&channel=2ac31e&from=category-info.php%3Fid%3D630050-14826%26name%3D%E3%83%AC%E3%82%A2%EF%BC%81%E6%B0%B4%E6%B2%A2%E9%8B%B3%E7%89%A9%E5%B7%A5%E6%A5%AD%E5%85%B1%E5%90%8C%E7%B5%84%E5%90%88%E3%81%AE%E4%BD%9C%E8%A3%BD+%E5%8D%97%E9%83%A8%E9%89%84%E5%99%A8%E3%81%99%E3%81%8D%E7%84%BC%E3%81%8D%E9%8D%8B+%E3%82%B5%E3%82%A4%E3%82%BA%E2%80%A6%E7%9B%B4%E5%BE%8428.5cm+%E9%AB%98%E3%81%957.5cm+%E5%8E%9A%E3%81%956mm+%E7%8F%8D%E3%81%97%E3%81%84%E3%83%87%E3%82%B6%E3%82%A4%E3%83%B3%E3%81%A7%E3%81%99%E3%80%82%E9%89%84%E5%99%A8 HTTP/1.1" 200 52321 "-" "Mozilla/5.0 (Linux; Android 6.0.1; Nexus 5X Build/MMB29P) AppleWebKit/537.36 (KHTML, like Gecko) Chrome/135.0.7049.95 Mobile Safari/537.36 (compatible; Googlebot/2.1; +http://www.google.com/bot.html)"
66.249.74.103 - - [29/Apr/2025:22:32:45 -0400] "GET /?k=11890173193402&channel=72c3b9&from=article.php%3Fid%3D1731934-2528%26name%3D%E6%98%AD%E5%92%8C%E3%83%AC%E3%83%88%E3%83%AD%E3%80%80%E8%B1%A1%E5%8D%B0TOP%E3%83%82%E3%83%A3%E3%83%BC HTTP/1.1" 200 0 "-" "Mozilla/5.0 (Linux; Android 6.0.1; Nexus 5X Build/MMB29P) AppleWebKit/537.36 (KHTML, like Gecko) Chrome/135.0.7049.95 Mobile Safari/537.36 (compatible; GoogleOther)"
66.249.74.103 - - [29/Apr/2025:22:32:51 -0400] "GET /?k=4933941283505&channel=93d58b&from=product.php%3Fid%3D412835-11441%26name%3DDEWALT+4-1%2F2+X+5%2F8-11+40G+T27+XP+CER+%E3%83%88%E3%83%AA%E3%83%A0%E3%83%95%E3%83%A9%E3%83%83%E3%83%97 HTTP/1.1" 200 50748 "-" "Mozilla/5.0 (Linux; Android 6.0.1; Nexus 5X Build/MMB29P) AppleWebKit/537.36 (KHTML, like Gecko) Chrome/135.0.7049.95 Mobile Safari/537.36 (compatible; Googlebot/2.1; +http://www.google.com/bot.html)"
66.249.74.103 - - [29/Apr/2025:22:32:54 -0400] "GET /?k=59902150896902&channel=9774fe&from=form.php%3Fid%3D1508969-8875%26name%3DNoend+%E3%82%AA%E3%83%BC%E3%82%AC%E3%83%8B%E3%83%83%E3%82%AF%E3%83%95%E3%82%A1%E3%82%A4%E3%83%B3%E3%83%90%E3%83%96%E3%83%AB%E3%82%B7%E3%83%A3%E3%83%AF%E3%83%BC%E3%83%98%E3%83%83%E3%83%89%E3%80%9099%25%E5%A1%A9%E7%B4%A0%E9%99%A4%E5%8E%BB%EF%BD%9C%E3%83%9E%E3%82%A4%E3%82%AF%E3%83%AD%E3%83%8A%E3%83%8E%E3%83%90%E3%83%96%E3%83%AB76%E5%84%84%E5%80%8B%E3%80%91%E3%80%90%E6%B5%84%E6%B0%B4%EF%BD%9C%E5%A4%A9%E7%84%B6%E7%B4%A0%E6%9D%90+%E6%B4%BB%E6%80%A7%E7%82%AD%E3%83%95%E3%82%A3%E3%83%AB%E3%82%BF%E3%83%BC HTTP/1.1" 200 51386 "-" "Mozilla/5.0 (Linux; Android 6.0.1; Nexus 5X Build/MMB29P) AppleWebKit/537.36 (KHTML, like Gecko) Chrome/135.0.7049.95 Mobile Safari/537.36 (compatible; Googlebot/2.1; +http://www.google.com/bot.html)"
66.249.74.104 - - [29/Apr/2025:22:32:58 -0400] "GET /?k=80070173170104&channel=d37b28&from=info.php%3Fid%3D1731701-21209%26name%3D%E7%9F%A2%E5%8D%B0%E3%83%9B%E3%83%AB%E3%83%80%E3%83%BC+%E8%AA%BF%E7%AF%80%E5%8F%AF%E8%83%BD+%E3%83%92%E3%83%83%E3%83%97%E7%9F%A2%E7%AD%92+%E7%AB%B6%E6%8A%80%E3%82%B2%E3%83%BC%E3%83%A0%E7%94%A8+%E3%83%9D%E3%83%BC%E3%82%BF%E3%83%96%E3%83%AB%E7%9F%A2%E7%AD%92+%E3%82%A2%E3%82%A6%E3%83%88%E3%83%89%E3%82%A2+%E3%82%A2%E3%83%BC%E3%83%81%E3%82%A7%E3%83%AA%E3%83%BC%E7%B7%B4%E7%BF%92+%E3%83%95%E3%82%A3%E3%83%BC%E3%83%AB%E3%83%89%E3%82%B7%E3%83%A5%E3%83%BC%E3%83%86%E3%82%A3%E3%83%B3%E3%82%B0%E3%82%A2%E3%82%AF%E3%82%BB%E3%82%B5%E3%83%AA%E3%83%BC HTTP/1.1" 200 0 "-" "Mozilla/5.0 (Linux; Android 6.0.1; Nexus 5X Build/MMB29P) AppleWebKit/537.36 (KHTML, like Gecko) Chrome/135.0.7049.95 Mobile Safari/537.36 (compatible; GoogleOther)"
66.249.74.103 - - [29/Apr/2025:22:33:00 -0400] "GET /?k=31550153101303&channel=ead0ff&from=news.php%3Fid%3D1531013-24784%26name%3D%E3%83%93%E3%83%A5%E3%83%BC%E3%83%86%E3%82%A3%E3%83%BC%E3%83%8D%E3%82%A4%E3%83%A9%E3%83%BC%E3%80%80%E3%83%95%E3%82%A1%E3%82%A4%E3%83%AB13%E6%9C%AC%E3%82%BB%E3%83%83%E3%83%88 HTTP/1.1" 200 52065 "-" "Mozilla/5.0 (Linux; Android 6.0.1; Nexus 5X Build/MMB29P) AppleWebKit/537.36 (KHTML, like Gecko) Chrome/135.0.7049.95 Mobile Safari/537.36 (compatible; Googlebot/2.1; +http://www.google.com/bot.html)"
40.77.167.70 - - [29/Apr/2025:22:33:03 -0400] "GET /?k=9493284654900&channel=c59442&from=shop.php%3Fid%3D846549-18281%26name%3D%E7%A7%8B%E3%81%AE%E3%83%91%E3%83%B3%E3%83%97%E3%82%AD%E3%83%B3%E4%BA%BA%E5%B7%A5%E3%83%95%E3%83%A9%E3%83%AF%E3%83%BC%E3%82%A2%E3%83%AC%E3%83%B3%E3%82%B8%E3%83%A1%E3%83%B3%E3%83%88+%3F+%E3%83%8F%E3%83%AD%E3%82%A6%E3%82%A3%E3%83%B3%E7%94%A8%E3%83%97%E3%83%A9%E3%82%B9%E3%83%81%E3%83%83%E3%82%AF%E8%A3%BD%E3%83%87%E3%82%B3%E3%83%AC%E3%83%BC%E3%82%B7%E3%83%A7%E3%83%B3%E3%83%91%E3%83%B3%E3%83%97%E3%82%AD%E3%83%B3%E5%B0%8F%E9%BA%A6%E3%82%B9%E3%83%91%E3%82%A4%E3%82%AF%E3%83%A1%E3%82%A4%E3%83%97%E3%83%AB%E3%83%AA%E3%83%BC%E3%83%95%E3%83%90%E3%83%B3%E3%83%89%E3%83%AB40cm%E3%82%B7%E3%83%AB%E3%82%AF%2B%E3%83%99%E3%83%AB%E3%83%99%E3%83%83%E3%83%88%2B%E3%83%95%E3%82%A9%E3%83%BC%E3%83%A0%E3%80%81%E3%82%B7%E3%83%BC%E3%83%B3%E3%83%87%E3%82%B3%E3%83%AC%E3%83%BC%E3%82%B7%E3%83%A7%E3%83%B3%E3%80%81%E3%83%AB%E3%83%BC%E3%83%A0%E3%83%87%E3%82%B3%E3%83%AC%E3%83%BC%E3%82%B7%E3%83%A7%E3%83%B3%E3%80%81%E3%83%9B%E3%83%BC%E3%83%A0%E3%83%87%E3%82%B3%E3%83%AC%E3%83%BC%E3%82%B7%E3%83%A7%E3%83%B3%E3%80%81%E3%83%9B%E3%83%AA%E3%83%87%E3%83%BC%E3%83%91%E3%83%BC%E3%83%86%E3%82%A3%E3%83%BC%E3%83%87%E3%82%B3%E3%83%AC HTTP/1.1" 200 42722 "-" "Mozilla/5.0 AppleWebKit/537.36 (KHTML, like Gecko; compatible; bingbot/2.0; +http://www.bing.com/bingbot.htm) Chrome/116.0.1938.76 Safari/537.36"
66.249.74.103 - - [29/Apr/2025:22:33:07 -0400] "GET /?k=2180452372603&channel=b10091&from=article.php%3Fid%3D523726-7292%26name%3D%5B%E3%82%A2%E3%83%87%E3%82%A3%E3%83%80%E3%82%B9%5D+%E3%83%A9%E3%83%B3%E3%83%8B%E3%83%B3%E3%82%B0%E3%82%B7%E3%83%A5%E3%83%BC%E3%82%BA+%E3%83%94%E3%83%A5%E3%82%A2%E3%83%96%E3%83%BC%E3%82%B9%E3%83%88+22+LPE89 HTTP/1.1" 200 51760 "-" "Mozilla/5.0 (Linux; Android 6.0.1; Nexus 5X Build/MMB29P) AppleWebKit/537.36 (KHTML, like Gecko) Chrome/135.0.7049.95 Mobile Safari/537.36 (compatible; Googlebot/2.1; +http://www.google.com/bot.html)"
66.249.74.103 - - [29/Apr/2025:22:33:16 -0400] "GET /?k=23162146827608&channel=338115&from=product.php%3Fid%3D1468276-24454%26name%3DSAFIGLE+%E6%98%86%E8%99%AB%E3%83%93%E3%83%A5%E3%83%BC%E3%82%A2+%E6%98%86%E8%99%AB%E3%82%B3%E3%83%B3%E3%83%86%E3%83%8A+%E6%98%86%E8%99%AB%E3%81%AE%E8%A6%96%E8%81%B4%E8%80%85+%E6%98%86%E8%99%AB%E6%8B%A1%E5%A4%A7%E9%8F%A1+%E3%83%97%E3%83%A9%E3%82%B9%E3%83%81%E3%83%83%E3%82%AF HTTP/1.1" 200 52444 "-" "Mozilla/5.0 (Linux; Android 6.0.1; Nexus 5X Build/MMB29P) AppleWebKit/537.36 (KHTML, like Gecko) Chrome/135.0.7049.95 Mobile Safari/537.36 (compatible; Googlebot/2.1; +http://www.google.com/bot.html)"
66.249.74.103 - - [29/Apr/2025:22:33:21 -0400] "GET /?k=0462998315000&channel=4e8fb6&from=product.php%3Fid%3D983150-5401%26name%3D%E9%AB%98%E7%B4%9A%E3%82%AF%E3%83%AA%E3%82%B9%E3%82%BF%E3%83%AB%E3%82%B7%E3%83%A3%E3%83%B3%E3%83%87%E3%83%AA%E3%82%A2%E3%82%B3%E3%83%B3%E3%83%93%E3%83%8D%E3%83%BC%E3%82%B7%E3%83%A7%E3%83%B3%E3%82%A6%E3%82%A7%E3%83%BC%E3%83%96%E5%9E%8B%E6%B0%B4%E6%BB%B4%E3%82%B7%E3%83%A3%E3%83%B3%E3%83%87%E3%83%AA%E3%82%A2%E3%83%9A%E3%83%B3%E3%83%80%E3%83%B3%E3%83%88%E3%83%A9%E3%83%B3%E3%83%97+LED%E5%AF%9D%E5%AE%A4%E3%83%A9%E3%82%A4%E3%83%88%E9%AB%98%E7%B4%9A%E5%90%8A%E3%82%8A%E4%B8%8B%E3%81%92%E3%83%A9%E3%82%A4%E3%83%88%E3%80%81%E3%83%AA%E3%83%93%E3%83%B3%E3%82%B0%E3%83%AB HTTP/1.1" 200 53443 "-" "Mozilla/5.0 (Linux; Android 6.0.1; Nexus 5X Build/MMB29P) AppleWebKit/537.36 (KHTML, like Gecko) Chrome/135.0.7049.95 Mobile Safari/537.36 (compatible; Googlebot/2.1; +http://www.google.com/bot.html)"
66.249.74.103 - - [29/Apr/2025:22:33:24 -0400] "GET /?k=5779524074202&channel=855a44&from=blog.php%3Fid%3D240742-1974%26name%3D%E3%81%8A%E5%80%A4%E4%B8%8B%E3%81%92%E4%B8%AD%E3%80%80%E3%83%89%E3%83%AA%E3%82%B9+%E3%83%B4%E3%82%A1%E3%83%B3+%E3%83%8E%E3%83%83%E3%83%86%E3%83%B3+%E3%83%94%E3%83%BC%E3%82%B3%E3%83%BC%E3%83%88 HTTP/1.1" 200 51649 "-" "Mozilla/5.0 (Linux; Android 6.0.1; Nexus 5X Build/MMB29P) AppleWebKit/537.36 (KHTML, like Gecko) Chrome/135.0.7049.95 Mobile Safari/537.36 (compatible; Googlebot/2.1; +http://www.google.com/bot.html)"
40.77.167.47 - - [29/Apr/2025:22:33:25 -0400] "GET /?k=6478931063500&channel=3bece0&from=goods.php%3Fid%3D310635-9611%26name%3D%E7%8F%BE%E4%BB%A3%E7%9A%84%E3%81%AA%E3%81%B5%E3%82%8F%E3%81%B5%E3%82%8F%E3%81%AE%E7%9F%AD%E3%81%84%E5%B1%B1%E3%81%AE%E6%95%B7%E7%89%A9%E3%80%81%E6%95%B7%E7%89%A9%E3%81%AE%E5%B1%85%E9%96%93%E3%80%81+%E3%83%B4%E3%82%A3%E3%83%B3%E3%83%86%E3%83%BC%E3%82%B8%E3%82%BF%E3%83%83%E3%82%BB%E3%83%AB%E3%83%A9%E3%82%B0%E3%83%A9%E3%82%A6%E3%83%B3%E3%83%89%E3%82%AB%E3%83%BC%E3%83%9A%E3%83%83%E3%83%88%E3%83%91%E3%82%A4%E3%83%AB%E3%82%A8%E3%82%B9%E3%83%8B%E3%83%83%E3%82%AF%E3%83%91%E3%82%BF%E3%83%BC%E3%83%B3%E3%83%96%E3%83%AB%E3%83%BC%E3%83%A9%E3%83%BC%E3%82%B8%E3%83%A9%E3%82%B0%E3%83%AA%E3%83%93 HTTP/1.1" 200 41639 "-" "Mozilla/5.0 AppleWebKit/537.36 (KHTML, like Gecko; compatible; bingbot/2.0; +http://www.bing.com/bingbot.htm) Chrome/116.0.1938.76 Safari/537.36"
66.249.74.103 - - [29/Apr/2025:22:33:27 -0400] "GET /?k=9978835602504&channel=348769&from=article.php%3Fid%3D356025-13%26name%3D%E5%AE%89%E5%AE%A4%E5%A5%88%E7%BE%8E%E6%81%B5+MV%E7%9D%80%E7%94%A8+%E3%83%99%E3%82%A2%E3%83%AF%E3%83%B3%E3%83%94+%E3%82%B9%E3%83%A9%E3%82%A4SLY HTTP/1.1" 200 0 "-" "Mozilla/5.0 (Linux; Android 6.0.1; Nexus 5X Build/MMB29P) AppleWebKit/537.36 (KHTML, like Gecko) Chrome/135.0.7049.95 Mobile Safari/537.36 (compatible; GoogleOther)"
52.167.144.183 - - [29/Apr/2025:22:33:30 -0400] "GET /?k=2818973338002&channel=2079c2&from=goods.php%3Fid%3D733380-16397%26name%3D%E5%A4%A7%E5%AE%B9%E9%87%8F7L%E3%81%8B%E3%81%BC%E3%81%A1%E3%82%83%E5%9E%8B%E9%8B%B3%E9%89%84%E8%A3%BD%E3%82%B7%E3%83%81%E3%83%A5%E3%83%BC%E9%8D%8B%E3%80%81%E7%84%A6%E3%81%92%E4%BB%98%E3%81%8D%E9%98%B2%E6%AD%A2%E3%80%81%E3%82%AC%E3%82%B9%E3%82%B3%E3%83%B3%E3%83%AD%E3%81%A8%E9%9B%BB%E6%B0%97%E3%82%B3%E3%83%B3%E3%83%AD%E3%81%AB%E5%AF%BE%E5%BF%9C%E3%80%81IH%E3%82%AF%E3%83%83%E3%82%AD%E3%83%B3%E3%82%B0%E3%83%92%E3%83%BC%E3%82%BF%E3%83%BC%E5%AF%BE%E5%BF%9C%E3%80%81%E7%85%AE%E8%BE%BC%E3%81%BF%E3%80%81%E7%85%AE%E8%BE%BC%E3%81%BF%E3%80%81%E8%92%B8%E3%81%97%E7%85%AE%E8%BE%BC%E3%81%BF%E3%81%AB%E9%81%A9%E3%81%97%E3%81%9F%E8%80%90%E4%B9%85%E6%80%A7%E3%81%AE%E3%81%82%E3%82%8B%E8%AA%BF%E7%90%86%E5%99%A8%E5%85%B7%23%E3%82%86%E3%82%81%E3%81%BF%E3%81%93%E3%81%86%E3%81%98 HTTP/1.1" 200 40783 "-" "Mozilla/5.0 AppleWebKit/537.36 (KHTML, like Gecko; compatible; bingbot/2.0; +http://www.bing.com/bingbot.htm) Chrome/116.0.1938.76 Safari/537.36"
66.249.74.103 - - [29/Apr/2025:22:33:31 -0400] "GET /?k=63976164743200&channel=608ac7&from=category-info.php%3Fid%3D1647432-6163%26name%3D%E3%82%A8%E3%82%B9%E3%82%B3%28ESCO%29+AC125V%2F15A%2F30m+%E3%82%B3%E3%83%BC%E3%83%89%E3%83%AA%E3%83%BC%E3%83%AB+%28%E3%82%A2%E3%83%BC%E3%82%B9%E4%BB%98%29+EA815BH-30A+1%E5%8F%B0 HTTP/1.1" 200 51944 "-" "Mozilla/5.0 (Linux; Android 6.0.1; Nexus 5X Build/MMB29P) AppleWebKit/537.36 (KHTML, like Gecko) Chrome/135.0.7049.95 Mobile Safari/537.36 (compatible; Googlebot/2.1; +http://www.google.com/bot.html)"
66.249.74.103 - - [29/Apr/2025:22:33:39 -0400] "GET /?k=96012125733902&channel=59e024&from=category-info.php%3Fid%3D1257339-548%26name%3DTE37+17%E3%82%A4%E3%83%B3%E3%83%81+9.5j HTTP/1.1" 200 51481 "-" "Mozilla/5.0 (Linux; Android 6.0.1; Nexus 5X Build/MMB29P) AppleWebKit/537.36 (KHTML, like Gecko) Chrome/135.0.7049.95 Mobile Safari/537.36 (compatible; Googlebot/2.1; +http://www.google.com/bot.html)"
66.249.74.103 - - [29/Apr/2025:22:33:40 -0400] "GET /?k=09747153542100&channel=1c163b&from=jp.php%3Fid%3D1535421-9385%26name%3DYX+140+%E3%82%AA%E3%83%BC%E3%83%88%E3%83%90%E3%82%A4%E3%82%AF%E3%83%A9%E3%83%B3%E3%82%AF%E3%82%B1%E3%83%BC%E3%82%B9%E3%82%AD%E3%83%83%E3%83%88+140cc+W063+1P56FMJ+%E6%B0%B4%E5%B9%B3%E3%82%AD%E3%83%83%E3%82%AF%E3%82%B9%E3%82%BF%E3%83%BC%E3%82%BF%E3%83%BC%E3%82%A8%E3%83%B3%E3%82%B8%E3%83%B3%E3%81%A8%E4%BA%92%E6%8F%9B%E6%80%A7%E3%83%80%E3%83%BC%E3%83%88%E3%83%94%E3%83%83%E3%83%88 HTTP/1.1" 200 52490 "-" "Mozilla/5.0 (Linux; Android 6.0.1; Nexus 5X Build/MMB29P) AppleWebKit/537.36 (KHTML, like Gecko) Chrome/135.0.7049.95 Mobile Safari/537.36 (compatible; Googlebot/2.1; +http://www.google.com/bot.html)"
66.249.74.104 - - [29/Apr/2025:22:33:48 -0400] "GET /?k=65135137152402&channel=807d04&from=goods.php%3Fid%3D1371524-23029%26name%3DHAOTUNR+LINT-16+%E7%B3%B8%E3%81%8F%E3%81%9A%E3%83%95%E3%82%A3%E3%83%AB%E3%82%BF%E3%83%BC+%E6%B4%97%E6%BF%AF%E6%A9%9F%E7%94%A8+%E7%B3%B8%E5%B1%91%E3%83%95%E3%82%A3%E3%83%AB%E3%82%BF%E3%83%BC+LF-A01C-2P+ASW-700SB+AQW-S70A+ASW-70D+0530014102+3010216024001+4901087222797+%E6%B4%97%E6%BF%AF HTTP/1.1" 200 0 "-" "Mozilla/5.0 (Linux; Android 6.0.1; Nexus 5X Build/MMB29P) AppleWebKit/537.36 (KHTML, like Gecko) Chrome/135.0.7049.95 Mobile Safari/537.36 (compatible; GoogleOther)"
66.249.74.103 - - [29/Apr/2025:22:33:49 -0400] "GET /?k=2130768209401&channel=2fc753&from=article.php%3Fid%3D682094-5970%26name%3D18V%E3%83%90%E3%83%83%E3%83%86%E3%83%AA%E3%83%BC%E5%BB%B6%E9%95%B7%E9%9B%BB%E5%8B%95%E3%83%A9%E3%83%81%E3%82%A7%E3%83%83%E3%83%88%E3%83%AC%E3%83%B3%E3%83%81%E3%80%81%E3%83%96%E3%83%A9%E3%82%B7%E3%83%AC%E3%82%B9%E3%82%B3%E3%83%BC%E3%83%89%E3%83%AC%E3%82%B9%E3%83%89%E3%83%A9%E3%82%A4%E3%83%90%E3%83%BC3%2F8%E3%82%A4%E3%83%B3%E3%83%81%E3%82%A4%E3%83%B3%E3%83%91%E3%82%AF%E3%83%88%E3%82%B9%E3%82%AF%E3%83%AA%E3%83%A5%E3%83%BC%E3%83%8A%E3%83%83%E3%83%88%E9%99%A4%E5%8E%BB%E9%9B%BB%E5%8B%95%E5%B7%A5%E5%85%B7%E7%94%A8+%E7%B7%A0%E3%82%81%E4%BB%98 HTTP/1.1" 200 52887 "-" "Mozilla/5.0 (Linux; Android 6.0.1; Nexus 5X Build/MMB29P) AppleWebKit/537.36 (KHTML, like Gecko) Chrome/135.0.7049.95 Mobile Safari/537.36 (compatible; Googlebot/2.1; +http://www.google.com/bot.html)"
66.249.74.103 - - [29/Apr/2025:22:33:56 -0400] "GET /?k=4222939192201&channel=60f15f&from=product.php%3Fid%3D391922-4335%26name%3DBluetooth+CD%E3%83%97%E3%83%AC%E3%82%A4%E3%83%A4%E3%83%BC+%E3%83%AA%E3%83%A2%E3%82%B3%E3%83%B3%E4%BB%98%E3%81%8D HTTP/1.1" 200 52064 "-" "Mozilla/5.0 (Linux; Android 6.0.1; Nexus 5X Build/MMB29P) AppleWebKit/537.36 (KHTML, like Gecko) Chrome/135.0.7049.95 Mobile Safari/537.36 (compatible; Googlebot/2.1; +http://www.google.com/bot.html)"
66.249.74.103 - - [29/Apr/2025:22:34:02 -0400] "GET /?k=28777156684200&channel=bc1820&from=jp.php%3Fid%3D1566842-17915%26name%3D%E3%82%B5%E3%83%95%E3%82%A1%E3%83%AA+Y60%E7%94%A8%E2%98%86NWB%E3%82%B0%E3%83%A9%E3%83%95%E3%82%A1%E3%82%A4%E3%83%88%E3%83%AF%E3%82%A4%E3%83%91%E3%83%BC%EF%BC%A6%E3%82%BB%E3%83%83%E3%83%88%E2%98%86 HTTP/1.1" 200 53037 "-" "Mozilla/5.0 (Linux; Android 6.0.1; Nexus 5X Build/MMB29P) AppleWebKit/537.36 (KHTML, like Gecko) Chrome/135.0.7049.95 Mobile Safari/537.36 (compatible; Googlebot/2.1; +http://www.google.com/bot.html)"
66.249.74.104 - - [29/Apr/2025:22:34:10 -0400] "GET /?k=9151057796900&channel=e966c6&from=shop.php%3Fid%3D577969-9471%26name%3D%E3%82%B3%E3%83%BC%E3%83%92%E3%83%BC%E3%83%86%E3%83%BC%E3%83%96%E3%83%AB%E3%83%8D%E3%82%B9%E3%83%88%E3%83%86%E3%83%BC%E3%83%96%E3%83%AB%E3%80%81%E3%82%B3%E3%83%BC%E3%83%92%E3%83%BC%E3%83%86%E3%83%BC%E3%83%96%E3%83%AB%E3%80%81%E3%83%AA%E3%83%93%E3%83%B3%E3%82%B0%E3%83%AB%E3%83%BC%E3%83%A0%E5%A4%A7%E7%90%86%E7%9F%B3%E3%82%BD%E3%83%95%E3%82%A1%E3%83%86%E3%83%BC%E3%83%96%E3%83%AB%E3%80%81%E9%87%91%E5%B1%9E%E3%83%95%E3%83%AC%E3%83%BC%E3%83%A0%E3%80%812%E7%82%B9%E3%82%BB%E3%83%83%E3%83%88%EF%BC%8C HTTP/1.1" 200 54278 "-" "Mozilla/5.0 (Linux; Android 6.0.1; Nexus 5X Build/MMB29P) AppleWebKit/537.36 (KHTML, like Gecko) Chrome/135.0.7049.95 Mobile Safari/537.36 (compatible; Googlebot/2.1; +http://www.google.com/bot.html)"
66.249.74.103 - - [29/Apr/2025:22:34:16 -0400] "GET /?k=29301157490000&channel=bb44e1&from=shop.php%3Fid%3D1574900-16834%26name%3D%E3%83%A1%E3%83%80%E3%83%AB%E3%80%80%E3%82%AD%E3%83%83%E3%82%BA%E3%83%A1%E3%83%80%E3%83%AB HTTP/1.1" 200 53093 "-" "Mozilla/5.0 (Linux; Android 6.0.1; Nexus 5X Build/MMB29P) AppleWebKit/537.36 (KHTML, like Gecko) Chrome/135.0.7049.95 Mobile Safari/537.36 (compatible; Googlebot/2.1; +http://www.google.com/bot.html)"
66.249.74.103 - - [29/Apr/2025:22:34:17 -0400] "GET /?k=29177107948700&channel=6b26f7&from=news.php%3Fid%3D1079487-5688%26name%3D%E3%83%90%E3%82%A4%E3%82%AF%E7%94%A8+V%E3%83%99%E3%83%AB%E3%83%88+%E3%83%89%E3%83%A9%E3%82%A4%E3%83%96%E3%83%99%E3%83%AB%E3%83%88+%E5%86%92%E9%99%BA%E5%AE%B6%E7%94%A8+Ytf1a17adv+%E7%94%A8+Ydrax2+%E7%94%A8+Ydrax3+%E7%94%A8+Drive2+%E7%94%A8+Dr2 HTTP/1.1" 200 0 "-" "Mozilla/5.0 (Linux; Android 6.0.1; Nexus 5X Build/MMB29P) AppleWebKit/537.36 (KHTML, like Gecko) Chrome/135.0.7049.95 Mobile Safari/537.36 (compatible; GoogleOther)"
66.249.74.104 - - [29/Apr/2025:22:32:01 -0400] "GET /?k=78474158591301&channel=5d2216&from=shared.php%3Fid%3D1585913-127%26name%3D%5B%EF%BC%AB%EF%BC%A1%EF%BC%AE%EF%BC%AB%EF%BC%B5%EF%BC%B8%EF%BC%B3%5D+%E3%83%95%E3%83%AB%E3%82%BB%E3%83%83%E3%83%88+%E8%A1%A3%E8%A3%85+%E3%83%96%E3%83%AB%E3%83%BC%E3%82%A2%E3%83%BC%E3%82%AB%E3%82%A4%E3%83%96+%E3%82%A4%E3%82%BF%E3%82%BA%E3%83%A9%E2%98%86%E3%82%B9%E3%83%88%E3%83%AC%E3%83%BC%E3%83%88+%E9%98%BF%E6%85%88%E8%B0%B7%E3%83%92%E3%83%95%E3%83%9F+%E3%82%B3%E3%82%B9%E3%83%97%E3%83%AC%E8%A1%A3%E8%A3%85+%E9%A2%A8+%E9%9D%B4+%E3%82%A6%E3%82%A3%E3%83%83%E3%82%B0+%E8%BF%BD%E5%8A%A0%E5%8F%AF HTTP/1.1" 200 53232 "-" "Mozilla/5.0 (Linux; Android 6.0.1; Nexus 5X Build/MMB29P) AppleWebKit/537.36 (KHTML, like Gecko) Chrome/135.0.7049.95 Mobile Safari/537.36 (compatible; Googlebot/2.1; +http://www.google.com/bot.html)"
66.249.74.103 - - [29/Apr/2025:22:32:08 -0400] "GET /?k=08299146949000&channel=a323d1&from=form.php%3Fid%3D1469490-5627%26name%3DASXWHL%28%E5%B0%8F%E3%81%95%E3%81%AA%E5%BA%97%29+4%E5%80%8B%E3%81%AE%E7%87%83%E6%96%99%E3%82%A4%E3%83%B3%E3%82%B8%E3%82%A7%E3%82%AF%E3%82%BF%E3%83%BC+%E3%83%8E%E3%82%BA%E3%83%AB+%E7%94%A8+%E3%82%AB%E3%83%AA%E3%82%B9%E3%83%9E+2000-2006+1.8+GDI+2.0%2F2.4L+E7 HTTP/1.1" 200 51539 "-" "Mozilla/5.0 (Linux; Android 6.0.1; Nexus 5X Build/MMB29P) AppleWebKit/537.36 (KHTML, like Gecko) Chrome/135.0.7049.95 Mobile Safari/537.36 (compatible; Googlebot/2.1; +http://www.google.com/bot.html)"
66.249.74.103 - - [29/Apr/2025:22:32:12 -0400] "GET /?k=3572178342102&channel=feb2a2&from=jp.php%3Fid%3D783421-11204%26name%3D%E3%83%AD%E3%83%B3%E3%82%B0%E3%82%AB%E3%83%BC%E3%83%9A%E3%83%83%E3%83%88+%E3%82%AB%E3%83%BC%E3%83%9A%E3%83%83%E3%83%88+%E3%83%9F%E3%83%8B%E3%83%9E%E3%83%AA%E3%82%B9%E3%83%88+%E3%82%B0%E3%83%AC%E3%83%BC+%E3%83%A9%E3%83%B3%E3%83%8A%E3%83%BC+%E3%83%A9%E3%82%B0%E3%80%81%E5%BF%AB%E9%81%A9%E3%81%AA%E6%BB%91%E3%82%8A%E6%AD%A2%E3%82%81%E3%83%95%E3%82%A1%E3%82%A4%E3%83%90%E3%83%BC%E5%BB%8A%E4%B8%8B%E3%83%9E%E3%83%83%E3%83%88%E3%80%81%E8%87%AA%E7%94%B1%E3%81%AB%E3%82%AB%E3%83%83%E3%83%88%E5%8F%AF%E8%83%BD+%28%E3%83%9E%E3%83%AB%E3%83%81%E3%82%AB HTTP/1.1" 200 0 "-" "Mozilla/5.0 (Linux; Android 6.0.1; Nexus 5X Build/MMB29P) AppleWebKit/537.36 (KHTML, like Gecko) Chrome/135.0.7049.95 Mobile Safari/537.36 (compatible; GoogleOther)"
66.249.74.103 - - [29/Apr/2025:22:32:14 -0400] "GET /?k=1700746953200&channel=e34a59&from=article.php%3Fid%3D469532-13467%26name%3D%E3%82%B5%E3%83%B3%E3%83%89%E3%83%93%E3%83%83%E3%82%AF+%E3%82%B3%E3%83%AD%E3%83%89%E3%83%AA%E3%83%AB860+%5BD%5D+860.1-1587-041A1-GM+X1BM+1PC HTTP/1.1" 200 51740 "-" "Mozilla/5.0 (Linux; Android 6.0.1; Nexus 5X Build/MMB29P) AppleWebKit/537.36 (KHTML, like Gecko) Chrome/135.0.7049.95 Mobile Safari/537.36 (compatible; Googlebot/2.1; +http://www.google.com/bot.html)"
66.249.74.103 - - [29/Apr/2025:22:32:19 -0400] "GET /?k=82785140518800&channel=379f71&from=shared.php%3Fid%3D1405188-7313%26name%3DWheel+Master+HUB+RR+WM+MT5000+QR+SF+5-7s+36x135+SL+PARRALAX HTTP/1.1" 200 52561 "-" "Mozilla/5.0 (Linux; Android 6.0.1; Nexus 5X Build/MMB29P) AppleWebKit/537.36 (KHTML, like Gecko) Chrome/135.0.7049.95 Mobile Safari/537.36 (compatible; Googlebot/2.1; +http://www.google.com/bot.html)"
66.249.74.103 - - [29/Apr/2025:22:34:20 -0400] "GET /?k=22273115325100&channel=6e1b27&from=brands.php%3Fid%3D1153251-21434%26name%3D%E2%98%85%E3%82%B2%E3%83%BC%E3%83%A0%E3%83%9C%E3%83%BC%E3%82%A4%E2%98%85%E3%82%AB%E3%82%BB%E3%83%83%E3%83%88%E3%81%AE%E3%81%BF%E3%80%90%E3%83%A2%E3%83%88%E3%82%AF%E3%83%AD%E3%82%B9%E3%83%9E%E3%83%8B%E3%82%A2%E3%83%83%E3%82%AF%E3%82%B9%E3%80%91%E2%98%85 HTTP/1.1" 200 55183 "-" "Mozilla/5.0 (Linux; Android 6.0.1; Nexus 5X Build/MMB29P) AppleWebKit/537.36 (KHTML, like Gecko) Chrome/135.0.7049.95 Mobile Safari/537.36 (compatible; Googlebot/2.1; +http://www.google.com/bot.html)"
66.249.74.103 - - [29/Apr/2025:22:34:29 -0400] "GET /?k=8480150035901&channel=ac088c&from=pin.php%3Fid%3D500359-13812%26name%3DZZR1100%E3%83%A9%E3%82%B8%E3%82%A8%E3%82%BF%E3%83%BC HTTP/1.1" 200 53381 "-" "Mozilla/5.0 (Linux; Android 6.0.1; Nexus 5X Build/MMB29P) AppleWebKit/537.36 (KHTML, like Gecko) Chrome/135.0.7049.95 Mobile Safari/537.36 (compatible; Googlebot/2.1; +http://www.google.com/bot.html)"
66.249.74.103 - - [29/Apr/2025:22:34:35 -0400] "GET /?k=26713118832301&channel=5ec386&from=category-info.php%3Fid%3D1188323-12942%26name%3D%E3%80%90%E6%9C%AA%E4%BD%BF%E7%94%A8%E3%80%91%E3%83%99%E3%83%BC%E3%82%B8%E3%83%A5+%E3%82%B9%E3%82%AF%E3%82%A8%E3%82%A2%E3%83%88%E3%82%A5+%E3%82%B5%E3%83%B3%E3%83%80%E3%83%AB HTTP/1.1" 200 52580 "-" "Mozilla/5.0 (Linux; Android 6.0.1; Nexus 5X Build/MMB29P) AppleWebKit/537.36 (KHTML, like Gecko) Chrome/135.0.7049.95 Mobile Safari/537.36 (compatible; Googlebot/2.1; +http://www.google.com/bot.html)"
66.249.74.103 - - [29/Apr/2025:22:34:37 -0400] "GET /?k=98399159960002&channel=80ee9b&from=jp.php%3Fid%3D1599600-549%26name%3D%E6%97%A7%E8%BB%8AMAZDA%E3%82%AD%E3%83%A3%E3%83%AD%E3%83%AB%E5%88%9D%E6%9C%9F%E3%83%8F%E3%83%B3%E3%83%89%E3%83%AB HTTP/1.1" 200 0 "-" "Mozilla/5.0 (Linux; Android 6.0.1; Nexus 5X Build/MMB29P) AppleWebKit/537.36 (KHTML, like Gecko) Chrome/135.0.7049.95 Mobile Safari/537.36 (compatible; GoogleOther)"
66.249.74.103 - - [29/Apr/2025:22:34:45 -0400] "GET /?k=9462165186601&channel=13f5c0&from=brands.php%3Fid%3D651866-12093%26name%3D%E9%9B%9B%E4%BA%BA%E5%BD%A2+%E3%82%B1%E3%83%BC%E3%82%B9%E5%85%A5%E3%82%8A+%E7%BE%BD%E8%A1%A3+%E4%B8%89%E4%BA%94+%E8%A6%AA%E7%8E%8B%E9%A3%BE%E3%82%8A+%E5%B9%8553cm+%E6%A0%93%E6%AC%85+%E3%82%A2%E3%82%AF%E3%83%AA%E3%83%AB%E3%82%B1%E3%83%BC%E3%82%B9+%E6%A1%83+%E3%82%AA%E3%83%AB%E3%82%B4%E3%83%BC%E3%83%AB%E5%86%85%E8%87%93+%E3%82%B3%E3%83%BC%E3%83%89%E5%BC%8F%E9%9B%AA%E6%B4%9E+fn1-5+%E3%82%B1%E3%83%BC%E3%82%B9%E9%A3%BE%E3%82%8A HTTP/1.1" 200 51839 "-" "Mozilla/5.0 (Linux; Android 6.0.1; Nexus 5X Build/MMB29P) AppleWebKit/537.36 (KHTML, like Gecko) Chrome/135.0.7049.95 Mobile Safari/537.36 (compatible; Googlebot/2.1; +http://www.google.com/bot.html)"
66.249.74.103 - - [29/Apr/2025:22:34:45 -0400] "GET /?k=2801940774902&channel=9b8bf7&from=news.php%3Fid%3D407749-10870%26name%3D%E3%83%AC%E3%83%BC%E3%82%B6%E3%83%BC%E3%82%A2%E3%82%AF%E3%83%86%E3%82%A3%E3%83%96MEGALD++Dr.%E3%83%91%E3%82%A6%E3%83%AD%E3%81%AE%E3%81%A8%E3%81%A3%E3%81%A6%E3%81%8A%E3%81%8D%E3%83%93%E3%83%87%E3%82%AA HTTP/1.1" 200 0 "-" "Mozilla/5.0 (Linux; Android 6.0.1; Nexus 5X Build/MMB29P) AppleWebKit/537.36 (KHTML, like Gecko) Chrome/135.0.7049.95 Mobile Safari/537.36 (compatible; GoogleOther)"
66.249.74.104 - - [29/Apr/2025:22:34:51 -0400] "GET /?k=15820151479813&channel=923d57&from=product.php%3Fid%3D1514798-779%26name%3D%E7%BE%8E%E5%93%81%E2%9C%A8%E4%BA%BA%E6%B0%97%E5%AE%9A%E7%95%AA%E2%9C%A8%E3%83%9C%E3%83%83%E3%83%86%E3%82%AC%E3%83%B4%E3%82%A7%E3%83%8D%E3%82%BF+%E4%BA%8C%E3%81%A4%E6%8A%98%E3%82%8A%E8%B2%A1%E5%B8%83+%E3%82%AB%E3%82%BB%E3%83%83%E3%83%88+%E3%83%96%E3%83%A9%E3%83%83%E3%82%AF+%E3%83%A6%E3%83%8B%E3%82%BB%E3%83%83%E3%82%AF%E3%82%B9 HTTP/1.1" 200 49984 "-" "Mozilla/5.0 (Linux; Android 6.0.1; Nexus 5X Build/MMB29P) AppleWebKit/537.36 (KHTML, like Gecko) Chrome/135.0.7049.95 Mobile Safari/537.36 (compatible; Googlebot/2.1; +http://www.google.com/bot.html)"
66.249.74.104 - - [29/Apr/2025:22:34:58 -0400] "GET /?k=8772961797003&channel=b29c64&from=shared.php%3Fid%3D617970-12135%26name%3D%E3%82%A6%E3%83%AB%E3%83%88%E3%83%A9%E3%83%9E%E3%83%B3%E3%82%B7%E3%83%AA%E3%83%BC%E3%82%BA%E3%82%B9%E3%83%86%E3%83%83%E3%82%AB%E3%83%BC%E3%82%B7%E3%83%BC%E3%83%AB28%E6%9E%9A HTTP/1.1" 200 50720 "-" "Mozilla/5.0 (Linux; Android 6.0.1; Nexus 5X Build/MMB29P) AppleWebKit/537.36 (KHTML, like Gecko) Chrome/135.0.7049.95 Mobile Safari/537.36 (compatible; Googlebot/2.1; +http://www.google.com/bot.html)"
66.249.74.104 - - [29/Apr/2025:22:35:05 -0400] "GET /?k=88279140542001&channel=8d0a73&from=jp.php%3Fid%3D1405420-4146%26name%3DVW+%E3%82%B7%E3%83%AD%E3%83%83%E3%82%B3%E7%94%A8+R+%E3%82%B9%E3%82%BF%E3%82%A4%E3%83%AB+%E3%82%AB%E3%83%BC%E3%83%9C%E3%83%B3%E3%83%95%E3%82%A1%E3%82%A4%E3%83%90%E3%83%BC+%E3%82%A8%E3%83%B3%E3%82%B8%E3%83%B3+%E3%83%88%E3%83%A9%E3%83%B3%E3%82%AF+%E3%83%95%E3%83%BC%E3%83%89 HTTP/1.1" 200 53354 "-" "Mozilla/5.0 (Linux; Android 6.0.1; Nexus 5X Build/MMB29P) AppleWebKit/537.36 (KHTML, like Gecko) Chrome/135.0.7049.95 Mobile Safari/537.36 (compatible; Googlebot/2.1; +http://www.google.com/bot.html)"
66.249.74.103 - - [29/Apr/2025:22:35:08 -0400] "GET /?k=03018104364102&channel=855a44&from=pin.php%3Fid%3D1043641-1974%26name%3D%E6%A5%B5%E7%BE%8E%E5%93%81+Tomorrowland+%E3%83%88%E3%83%AC%E3%83%B3%E3%83%81%E3%82%B3%E3%83%BC%E3%83%88 HTTP/1.1" 200 50632 "-" "Mozilla/5.0 (Linux; Android 6.0.1; Nexus 5X Build/MMB29P) AppleWebKit/537.36 (KHTML, like Gecko) Chrome/135.0.7049.95 Mobile Safari/537.36 (compatible; Googlebot/2.1; +http://www.google.com/bot.html)"
66.249.74.103 - - [29/Apr/2025:22:35:16 -0400] "GET /?k=7854439929601&channel=e48836&from=shop.php%3Fid%3D399296-9076%26name%3D%E3%83%8D%E3%83%83%E3%83%88%E3%83%A9%E3%83%B3%E3%83%8A%E3%83%BC%E3%80%80%E3%81%AD%E3%81%A8%E3%82%89%E3%82%93%E4%B8%96%E7%95%8C%E5%88%B6%E8%A6%87%E3%81%AE%E9%87%8E%E6%9C%9B%E3%80%80winny%E5%A8%98%E3%80%80%E3%81%BE%E3%81%A8%E3%82%81%E5%A3%B2%E3%82%8A HTTP/1.1" 200 0 "-" "Mozilla/5.0 (Linux; Android 6.0.1; Nexus 5X Build/MMB29P) AppleWebKit/537.36 (KHTML, like Gecko) Chrome/135.0.7049.95 Mobile Safari/537.36 (compatible; GoogleOther)"
66.249.74.104 - - [29/Apr/2025:22:35:17 -0400] "GET /?k=18900154290300&channel=caa202&from=article.php%3Fid%3D1542903-4504%26name%3D%E8%87%AA%E5%8B%95%E8%BB%8A%E3%81%AE%E3%82%A8%E3%82%A2%E3%82%B3%E3%83%B3%E5%90%B9%E3%81%8D%E5%87%BA%E3%81%97%E5%8F%A3+Q7%E7%94%A8+4L+2006+2007+2008+2009+2010+2011+2012+2013+2014 HTTP/1.1" 200 51782 "-" "Mozilla/5.0 (Linux; Android 6.0.1; Nexus 5X Build/MMB29P) AppleWebKit/537.36 (KHTML, like Gecko) Chrome/135.0.7049.95 Mobile Safari/537.36 (compatible; Googlebot/2.1; +http://www.google.com/bot.html)"
66.249.74.103 - - [29/Apr/2025:22:35:21 -0400] "GET /?k=2099027885102&channel=ab3e87&from=pin.php%3Fid%3D278851-11260%26name%3D%E7%A9%BA3%EF%BD%9C+SHM-CD+DG+Brahms+%E3%83%96%E3%83%A9%E3%83%BC%E3%83%A0%E3%82%B9%EF%BC%9A%E4%BA%A4%E9%9F%BF%E6%9B%B2%E7%AC%AC4%E7%95%AA%EF%BD%9CCarlos+Kleiber+%E3%82%AF%E3%83%A9%E3%82%A4%E3%83%90%E3%83%BC+%E3%82%A6%E3%82%A3%E3%83%BC%E3%83%B3 HTTP/1.1" 200 0 "-" "Mozilla/5.0 (Linux; Android 6.0.1; Nexus 5X Build/MMB29P) AppleWebKit/537.36 (KHTML, like Gecko) Chrome/135.0.7049.95 Mobile Safari/537.36 (compatible; GoogleOther)"
66.249.74.103 - - [29/Apr/2025:22:35:23 -0400] "GET /?k=9915516203601&channel=07e4c3&from=shared.php%3Fid%3D162036-4123%26name%3D%E3%83%95%E3%83%AD%E3%83%B3%E3%83%88%E3%83%90%E3%83%B3%E3%83%91%E3%83%BC%E3%83%AA%E3%83%83%E3%83%97%2B%E3%83%AA%E3%82%A2%E3%82%B9%E3%83%9D%E3%82%A4%E3%83%A9%E3%83%BC%2B%E3%83%88%E3%83%A9%E3%83%B3%E3%82%AF%E3%83%87%E3%82%A3%E3%83%95%E3%83%A5%E3%83%BC%E3%82%B6%E3%83%BC%2B%E3%82%B5%E3%82%A4%E3%83%89%E3%83%9C%E3%83%87%E3%82%A3%E3%82%B9%E3%82%AB%E3%83%BC%E3%83%88%E3%80%81Tesla+Model+3+2017-2022 HTTP/1.1" 200 52770 "-" "Mozilla/5.0 (Linux; Android 6.0.1; Nexus 5X Build/MMB29P) AppleWebKit/537.36 (KHTML, like Gecko) Chrome/135.0.7049.95 Mobile Safari/537.36 (compatible; Googlebot/2.1; +http://www.google.com/bot.html)"
66.249.74.103 - - [29/Apr/2025:22:35:25 -0400] "GET /?k=7250136196505&channel=c3a1e6&from=article.php%3Fid%3D361965-5411%26name%3DAerosoles+%E3%83%AC%E3%83%87%E3%82%A3%E3%83%BC%E3%82%B9+4give+%E3%83%95%E3%82%A3%E3%83%83%E3%82%B7%E3%83%A3%E3%83%BC%E3%83%9E%E3%83%B3%E3%82%B5%E3%83%B3%E3%83%80%E3%83%AB%2C+%E3%83%9B%E3%83%AF%E3%82%A4%E3%83%88PU%2C+5 HTTP/1.1" 200 0 "-" "Mozilla/5.0 (Linux; Android 6.0.1; Nexus 5X Build/MMB29P) AppleWebKit/537.36 (KHTML, like Gecko) Chrome/135.0.7049.95 Mobile Safari/537.36 (compatible; GoogleOther)"
66.249.74.103 - - [29/Apr/2025:22:35:31 -0400] "GET /?k=8344142190900&channel=93aee7&from=category-info.php%3Fid%3D421909-12978%26name%3D%E5%B1%B1%E3%81%A8%E9%81%93+5-%D0%A0%D0%BE%D1%81k%D0%B5t+%D0%A0ants+bIa%D1%81k+L+UL+%E3%83%96%E3%83%A9%E3%83%83%E3%82%AF HTTP/1.1" 200 51293 "-" "Mozilla/5.0 (Linux; Android 6.0.1; Nexus 5X Build/MMB29P) AppleWebKit/537.36 (KHTML, like Gecko) Chrome/135.0.7049.95 Mobile Safari/537.36 (compatible; Googlebot/2.1; +http://www.google.com/bot.html)"
66.249.74.103 - - [29/Apr/2025:22:35:33 -0400] "GET /?k=15514190269405&channel=91fd09&from=news.php%3Fid%3D1902694-532%26name%3D%E3%82%B5%E3%82%A4%E3%83%89%E3%82%B9%E3%82%AB%E3%83%BC%E3%83%88+%E8%BB%8A%E3%81%AE%E3%82%B5%E3%82%A4%E3%83%89%E3%82%B9%E3%82%AB%E3%83%BC%E3%83%88%E3%82%A2%E3%82%AF%E3%82%BB%E3%82%B5%E3%83%AA%E3%83%BC%E3%82%A8%E3%82%AF%E3%82%B9%E3%83%86%E3%83%B3%E3%82%B7%E3%83%A7%E3%83%B3%E3%82%B9%E3%83%97%E3%83%AA%E3%83%83%E3%82%BF%E3%83%BC%E3%83%AD%E3%83%83%E3%82%AB%E3%83%BC%E3%82%AD%E3%83%83%E3%83%88%E3%82%A6%E3%82%A3%E3%83%B3%E3%82%B0%E3%83%AC%E3%83%83%E3%83%88%E3%82%A6%E3%82%A3%E3%83%B3%E3%82%B0%E3%83%AA%E3%83%83%E3%83%97%E3%83%90%E3%83%B3%E3%83%91%E3%83%BC%E3%83%87%E3%82%A3%E3%83%95%E3%83%A5 HTTP/1.1" 200 0 "-" "Mozilla/5.0 (Linux; Android 6.0.1; Nexus 5X Build/MMB29P) AppleWebKit/537.36 (KHTML, like Gecko) Chrome/135.0.7049.95 Mobile Safari/537.36 (compatible; GoogleOther)"
66.249.74.103 - - [29/Apr/2025:22:35:38 -0400] "GET /?k=2422073689900&channel=248dc9&from=category-info.php%3Fid%3D736899-12144%26name%3D%E3%82%A8%E3%82%A6%E3%83%99%E3%83%AB%E3%80%80%E7%9B%B4%E7%AD%86%E3%82%B5%E3%82%A4%E3%83%B3%E5%85%A5%E3%82%8A%E3%80%80EPOCH%E3%80%80J%E3%83%AA%E3%83%BC%E3%82%B0%E3%80%80%E3%82%AB%E3%83%BC%E3%83%89 HTTP/1.1" 200 51411 "-" "Mozilla/5.0 (Linux; Android 6.0.1; Nexus 5X Build/MMB29P) AppleWebKit/537.36 (KHTML, like Gecko) Chrome/135.0.7049.95 Mobile Safari/537.36 (compatible; Googlebot/2.1; +http://www.google.com/bot.html)"
66.249.74.103 - - [29/Apr/2025:22:35:46 -0400] "GET /?k=9215119034900&channel=6f1c80&from=pin.php%3Fid%3D190349-9987%26name%3D%E3%82%A6%E3%82%A9%E3%83%BC%E3%82%AF%E3%83%91%E3%82%B9%E3%83%A1%E3%83%BC%E3%82%AB%E3%83%BC+Pathmate+%E3%82%B9%E3%83%88%E3%83%BC%E3%83%B3%E3%83%A2%E3%83%BC%E3%83%AB%E3%83%89+%E8%88%97%E8%A3%85%E3%82%B3%E3%83%B3%E3%82%AF%E3%83%AA%E3%83%BC%E3%83%88%E5%9E%8B+%E8%B8%8F%E3%81%BF%E7%9F%B3+%E3%83%9A%E3%83%BC%E3%83%90%E3%83%BC+%E3%82%A6%E3%82%A9%E3%83%BC%E3%82%AF%E3%82%A6%E3%82%A7%E3%82%A4+%E3%82%BB%E3%83%A1%E3%83%B3%E3%83%88%E5%9E%8B+%E3%83%91%E3%83%86%E3%82%A3%E3%82%AA HTTP/1.1" 200 52029 "-" "Mozilla/5.0 (Linux; Android 6.0.1; Nexus 5X Build/MMB29P) AppleWebKit/537.36 (KHTML, like Gecko) Chrome/135.0.7049.95 Mobile Safari/537.36 (compatible; Googlebot/2.1; +http://www.google.com/bot.html)"
52.167.144.183 - - [29/Apr/2025:22:35:49 -0400] "GET /?k=85421108002902&channel=943df1&from=jp.php%3Fid%3D1080029-20450%26name%3DLED%E5%A4%A7%E4%BA%BA%E3%83%80%E3%83%96%E3%83%AB%E3%83%80%E3%83%B3%E3%82%B9%E3%83%9E%E3%83%83%E3%83%88%E3%83%A9%E3%83%B3%E3%83%8B%E3%83%B3%E3%82%B0%E3%83%96%E3%83%A9%E3%83%B3%E3%82%B1%E3%83%83%E3%83%88%E3%83%80%E3%83%B3%E3%82%B9%E3%83%9E%E3%82%B7%E3%83%B3TV%E3%82%A4%E3%83%B3%E3%82%BF%E3%83%BC%E3%83%95%E3%82%A7%E3%83%BC%E3%82%B9%E3%83%A8%E3%82%AC%E3%82%B2%E3%83%BC%E3%83%A0%E3%83%9E%E3%82%B7%E3%83%B3%E3%82%B7%E3%83%AA%E3%82%B3%E3%83%B3%E3%83%9E%E3%83%83%E3%82%B5%E3%83%BC%E3%82%B8%E5%AD%A6%E7%BF%92%E3%83%9E%E3%82%B7%E3%83%B3%E5%AD%90%E4%BE%9B%E3%81%AE HTTP/1.1" 200 39782 "-" "Mozilla/5.0 AppleWebKit/537.36 (KHTML, like Gecko; compatible; bingbot/2.0; +http://www.bing.com/bingbot.htm) Chrome/116.0.1938.76 Safari/537.36"
66.249.74.103 - - [29/Apr/2025:22:35:50 -0400] "GET /?k=0842745779500&channel=4b0453&from=goods.php%3Fid%3D457795-10017%26name%3D%E3%82%BA%E3%83%83%E3%82%BF%E3%83%BC%E8%A3%BD%E6%9C%AC%E6%A9%9F%E3%81%8A%E3%81%99%E3%81%9D%E5%88%86%E3%81%91%E3%83%95%E3%82%A1%E3%82%A4%E3%83%AB%E3%80%80%E3%82%B8%E3%83%A3%E3%83%B3%E3%82%AF%E3%82%B8%E3%83%A3%E3%83%BC%E3%83%8A%E3%83%AB%E3%80%80%E3%82%B9%E3%82%AF%E3%83%A9%E3%83%83%E3%83%97%E3%83%96%E3%83%83%E3%82%AD%E3%83%B3%E3%82%B0 HTTP/1.1" 200 51086 "-" "Mozilla/5.0 (Linux; Android 6.0.1; Nexus 5X Build/MMB29P) AppleWebKit/537.36 (KHTML, like Gecko) Chrome/135.0.7049.95 Mobile Safari/537.36 (compatible; Googlebot/2.1; +http://www.google.com/bot.html)"
66.249.74.103 - - [29/Apr/2025:22:35:51 -0400] "GET /?k=15514190269405&channel=91fd09&from=news.php%3Fid%3D1902694-532%26name%3D%E3%82%B5%E3%82%A4%E3%83%89%E3%82%B9%E3%82%AB%E3%83%BC%E3%83%88+%E8%BB%8A%E3%81%AE%E3%82%B5%E3%82%A4%E3%83%89%E3%82%B9%E3%82%AB%E3%83%BC%E3%83%88%E3%82%A2%E3%82%AF%E3%82%BB%E3%82%B5%E3%83%AA%E3%83%BC%E3%82%A8%E3%82%AF%E3%82%B9%E3%83%86%E3%83%B3%E3%82%B7%E3%83%A7%E3%83%B3%E3%82%B9%E3%83%97%E3%83%AA%E3%83%83%E3%82%BF%E3%83%BC%E3%83%AD%E3%83%83%E3%82%AB%E3%83%BC%E3%82%AD%E3%83%83%E3%83%88%E3%82%A6%E3%82%A3%E3%83%B3%E3%82%B0%E3%83%AC%E3%83%83%E3%83%88%E3%82%A6%E3%82%A3%E3%83%B3%E3%82%B0%E3%83%AA%E3%83%83%E3%83%97%E3%83%90%E3%83%B3%E3%83%91%E3%83%BC%E3%83%87%E3%82%A3%E3%83%95%E3%83%A5 HTTP/1.1" 200 52742 "-" "Mozilla/5.0 (Linux; Android 6.0.1; Nexus 5X Build/MMB29P) AppleWebKit/537.36 (KHTML, like Gecko) Chrome/135.0.7049.95 Mobile Safari/537.36 (compatible; Googlebot/2.1; +http://www.google.com/bot.html)"
66.249.74.104 - - [29/Apr/2025:22:35:56 -0400] "GET /?k=9430881584703&channel=03c9d2&from=form.php%3Fid%3D815847-13662%26name%3DCLEVER+MUSCLE+100%25+WPI+30g+25g+%E8%A9%A6%E4%BE%9B%E5%93%812%E5%80%8B HTTP/1.1" 200 0 "-" "Mozilla/5.0 (Linux; Android 6.0.1; Nexus 5X Build/MMB29P) AppleWebKit/537.36 (KHTML, like Gecko) Chrome/135.0.7049.95 Mobile Safari/537.36 (compatible; GoogleOther)"
40.77.167.47 - - [29/Apr/2025:22:35:56 -0400] "GET /?k=7292158259801&channel=fd79f4&from=jp.php%3Fid%3D582598-837%26name%3D%E6%B4%8B%E6%9C%8D%E3%82%92%E6%8E%9B%E3%81%91%E3%82%8B%E3%81%9F%E3%82%81%E3%81%AE%E3%82%AF%E3%83%AD%E3%83%BC%E3%82%BC%E3%83%83%E3%83%88%E3%83%97%E3%83%AB%E3%83%80%E3%82%A6%E3%83%B3%E3%83%AD%E3%83%83%E3%83%89%E3%82%B7%E3%82%B9%E3%83%86%E3%83%A0%E8%A1%A3%E9%A1%9E%E3%83%AC%E3%83%BC%E3%83%AB%E3%83%AA%E3%83%95%E3%83%88%E9%87%91%E5%B1%9E%E3%82%A2%E3%83%AB%E3%83%9F%E3%83%8B%E3%82%A6%E3%83%A0%E3%82%AF%E3%83%AD%E3%83%BC%E3%82%BC%E3%83%83%E3%83%88%E5%8F%8E%E7%B4%8D%E3%82%AA%E3%83%BC%E3%82%AC%E3%83%8A%E3%82%A4%E3%82%B6%E3%83%BC%E8%AA%BF%E7%AF%80%E5%8F%AF%E8%83%BD%E3%81%AA%E5%B9%85%E3%80%81 HTTP/1.1" 200 43011 "-" "Mozilla/5.0 AppleWebKit/537.36 (KHTML, like Gecko; compatible; bingbot/2.0; +http://www.bing.com/bingbot.htm) Chrome/116.0.1938.76 Safari/537.36"
66.249.74.103 - - [29/Apr/2025:22:35:57 -0400] "GET /?k=5214894576403&channel=9c3fd8&from=jp.php%3Fid%3D945764-2167%26name%3D%E3%83%90%E3%83%AC%E3%83%B3%E3%82%B7%E3%82%A2%E3%82%AC%E3%80%80%E3%83%93%E3%82%B9%E3%83%88%E3%83%AD%E3%83%90%E3%82%B9%E3%82%B1%E3%83%83%E3%83%88%E3%83%90%E3%83%83%E3%82%B0 HTTP/1.1" 200 50248 "-" "Mozilla/5.0 (Linux; Android 6.0.1; Nexus 5X Build/MMB29P) AppleWebKit/537.36 (KHTML, like Gecko) Chrome/135.0.7049.95 Mobile Safari/537.36 (compatible; Googlebot/2.1; +http://www.google.com/bot.html)"
66.249.74.103 - - [29/Apr/2025:22:36:04 -0400] "GET /?k=2843088236705&channel=ef16c6&from=blog.php%3Fid%3D882367-7658%26name%3D%E6%BB%9D%E3%81%AE%E6%B5%B4%E5%AE%A4%E3%81%AE%E8%9B%87%E5%8F%A3%E3%80%81%E7%9C%9F%E9%8D%AE%E3%81%AE%E6%B5%B4%E5%AE%A4%E3%81%AE%E3%82%B7%E3%83%B3%E3%82%AF%E3%81%AE%E8%9B%87%E5%8F%A3%E3%80%81%E3%83%A2%E3%83%80%E3%83%B3%E3%81%AA%E3%82%B7%E3%83%B3%E3%82%B0%E3%83%AB%E3%83%8F%E3%83%B3%E3%83%89%E3%83%AB%E3%82%B7%E3%83%B3%E3%82%B0%E3%83%AB%E3%83%9B%E3%83%BC%E3%83%AB%E6%B4%97%E9%9D%A2%E5%99%A8%E3%82%B7%E3%83%B3%E3%82%AF%E3%83%9F%E3%82%AD%E3%82%B5%E3%83%BC%E3%82%BF%E3%83%83%E3%83%97 HTTP/1.1" 200 53725 "-" "Mozilla/5.0 (Linux; Android 6.0.1; Nexus 5X Build/MMB29P) AppleWebKit/537.36 (KHTML, like Gecko) Chrome/135.0.7049.95 Mobile Safari/537.36 (compatible; Googlebot/2.1; +http://www.google.com/bot.html)"
66.249.74.103 - - [29/Apr/2025:22:36:11 -0400] "GET /?k=5893876774206&channel=79524d&from=category-info.php%3Fid%3D767742-17083%26name%3D%E4%BE%BF%E5%BA%A7%E3%80%81%E3%83%90%E3%82%B9%E3%83%AB%E3%83%BC%E3%83%A0%E3%80%81%E6%9C%A8%E8%A3%BD%E4%BE%BF%E5%BA%A7+%E9%87%91%E5%B1%9E%E8%A3%BD%E3%81%AE%E3%83%92%E3%83%B3%E3%82%B8+%E3%81%8A%E6%89%8B%E5%85%A5%E3%82%8C%E3%81%8C%E7%B0%A1%E5%8D%98+%E3%83%89%E3%82%A6%E3%83%83%E3%83%89%E8%B6%85%E6%8A%B5%E6%8A%97%E6%80%A7%E3%83%88%E3%83%83%E3%83%97%E5%9B%BA%E5%AE%9A+%E4%BA%8B%E5%8B%99%E6%89%80+%E8%87%AA%E5%AE%85%E3%82%92%E3%83%AA%E3%83%95%E3%82%A9%E3%83%BC%E3%83%A0+%28%E3%81%8F%E3%82%8B%E3%81%BF%E6%9C%A8%E8%89%B2V%E5%9E%8B%29 HTTP/1.1" 200 0 "-" "Mozilla/5.0 (Linux; Android 6.0.1; Nexus 5X Build/MMB29P) AppleWebKit/537.36 (KHTML, like Gecko) Chrome/135.0.7049.95 Mobile Safari/537.36 (compatible; GoogleOther)"
66.249.74.103 - - [29/Apr/2025:22:36:12 -0400] "GET /?k=52985130015903&channel=8bfb53&from=news.php%3Fid%3D1300159-1747%26name%3D%E7%94%A8+PHVA17+%E7%82%AD%E6%B0%B4%E5%8C%96%E7%89%A9+PHBN-17.5+%E3%83%9F%E3%83%AA%E3%83%A1%E3%83%BC%E3%83%88%E3%83%AB+17.5+%E7%94%A8+%E3%83%87%E3%83%AD%E3%83%AB%E3%83%88+%E7%94%A8+%E3%82%A8%E3%82%A2%E3%83%AD%E3%83%83%E3%82%AF%E3%82%B9+50+%E3%83%9F%E3%83%8A%E3%83%AC%E3%83%AA%E3%82%B9%E3%82%BF%E3%82%A4%E3%83%AB+2 HTTP/1.1" 200 53047 "-" "Mozilla/5.0 (Linux; Android 6.0.1; Nexus 5X Build/MMB29P) AppleWebKit/537.36 (KHTML, like Gecko) Chrome/135.0.7049.95 Mobile Safari/537.36 (compatible; Googlebot/2.1; +http://www.google.com/bot.html)"
66.249.74.103 - - [29/Apr/2025:22:36:16 -0400] "GET /?k=1310124770100&channel=093eb6&from=product.php%3Fid%3D247701-10839%26name%3DDONNA+%E3%82%B3%E3%83%BC%E3%83%AB%E3%83%89%E3%82%A6%E3%82%A7%E3%83%BC%E3%83%96%E3%83%AD%E3%83%83%E3%83%89+%E9%95%B7%E3%81%953.25%E3%82%A4%E3%83%B3%E3%83%81+%E9%95%B7%E3%81%951.15%E3%82%A4%E3%83%B3%E3%83%81+%E3%82%B8%E3%83%A3%E3%83%B3%E3%83%9C+6%E5%80%8B+%E3%83%AD%E3%83%BC%E3%83%A9%E3%83%BC+%E3%83%95%E3%82%A9%E3%83%BC%E3%83%A0%E3%83%98%E3%82%A2%E3%83%AD%E3%83%BC%E3%83%A9%E3%83%BC+%E3%83%98%E3%82%A2%E3%82%AB%E3%83%BC HTTP/1.1" 200 0 "-" "Mozilla/5.0 (Linux; Android 6.0.1; Nexus 5X Build/MMB29P) AppleWebKit/537.36 (KHTML, like Gecko) Chrome/135.0.7049.95 Mobile Safari/537.36 (compatible; GoogleOther)"
