66.249.74.103 - - [29/Apr/2025:22:56:24 -0400] "GET /?k=9478748074400&channel=9c9dbb&from=jp.php%3Fid%3D480744-6975%26name%3D%E3%82%B7%E3%83%9E%E3%83%8E+NERVIO+IV+180 HTTP/1.1" 200 50938 "-" "Mozilla/5.0 (Linux; Android 6.0.1; Nexus 5X Build/MMB29P) AppleWebKit/537.36 (KHTML, like Gecko) Chrome/135.0.7049.95 Mobile Safari/537.36 (compatible; Googlebot/2.1; +http://www.google.com/bot.html)"
66.249.74.103 - - [29/Apr/2025:22:56:32 -0400] "GET /?k=0025529685902&channel=308051&from=news.php%3Fid%3D296859-8419%26name%3D4%E3%83%94%E3%83%BC%E3%82%B9%2F%E3%82%BB%E3%83%83%E3%83%88+DIY+Wook+%E3%83%9B%E3%83%BC%E3%83%AB%E3%82%BD%E3%83%BC+%E3%83%89%E3%83%AA%E3%83%AB%E3%83%93%E3%83%83%E3%83%88%E3%82%BB%E3%83%83%E3%83%88+PVC%2F%E6%9C%A8%E6%9D%90%2F%E7%9F%B3%E8%86%8F%E3%83%9C%E3%83%BC%E3%83%89%E7%94%A8%28%E3%82%AB%E3%83%A9%E3%83%BC%3A%E3%82%A4%E3%82%A8%E3%83%AD%E3%83%BC9%29 HTTP/1.1" 200 52294 "-" "Mozilla/5.0 (Linux; Android 6.0.1; Nexus 5X Build/MMB29P) AppleWebKit/537.36 (KHTML, like Gecko) Chrome/135.0.7049.95 Mobile Safari/537.36 (compatible; Googlebot/2.1; +http://www.google.com/bot.html)"
66.249.74.103 - - [29/Apr/2025:22:56:38 -0400] "GET /?k=1313391320103&channel=5e3ad3&from=news.php%3Fid%3D913201-11720%26name%3D%E3%80%90%E7%BE%8E%E5%93%81%E3%80%91%E3%82%AF%E3%83%A9%E3%82%B7%E3%82%AB%E3%83%AB%E3%82%A8%E3%83%AB%E3%83%95_%E8%A1%BF%E4%BB%98%E3%81%8D%E3%82%B8%E3%83%A3%E3%82%AC%E3%83%BC%E3%83%89%E3%83%8B%E3%83%83%E3%83%88%E3%83%9D%E3%83%AD%E3%82%B7%E3%83%A3%E3%83%84_%E3%83%99%E3%83%BC%E3%82%B8%E3%83%A5 HTTP/1.1" 200 51573 "-" "Mozilla/5.0 (Linux; Android 6.0.1; Nexus 5X Build/MMB29P) AppleWebKit/537.36 (KHTML, like Gecko) Chrome/135.0.7049.95 Mobile Safari/537.36 (compatible; Googlebot/2.1; +http://www.google.com/bot.html)"
66.249.74.103 - - [29/Apr/2025:22:56:40 -0400] "GET /?k=02218192774302&channel=b1a656&from=info.php%3Fid%3D1927743-17440%26name%3DEXILE+STAR+OF+WISH+%E3%83%AA%E3%82%B9%E3%83%88%E3%83%90%E3%83%B3%E3%83%892%E7%82%B9%E3%82%BB%E3%83%83%E3%83%88%E3%80%821216 HTTP/1.1" 200 0 "-" "Mozilla/5.0 (Linux; Android 6.0.1; Nexus 5X Build/MMB29P) AppleWebKit/537.36 (KHTML, like Gecko) Chrome/135.0.7049.95 Mobile Safari/537.36 (compatible; GoogleOther)"
52.167.144.183 - - [29/Apr/2025:22:56:44 -0400] "GET /?k=9985699918402&channel=710673&from=news.php%3Fid%3D999184-5813%26name%3D%E5%AE%89%E5%AE%9A%E3%81%97%E3%81%9F%E3%82%B7%E3%83%A3%E3%83%AF%E3%83%BC%E3%82%B7%E3%83%BC%E3%83%88%E3%82%B9%E3%83%84%E3%83%BC%E3%83%AB+-+%E9%AB%98%E9%BD%A2%E8%80%85%E3%80%81%E9%9A%9C%E5%AE%B3%E8%80%85%E3%80%81%E3%81%BE%E3%81%9F%E3%81%AF%E5%9C%A8%E5%AE%85%E4%BB%8B%E8%AD%B7%E3%81%AE%E5%BF%AB%E9%81%A9%E3%81%95%E3%81%AE%E3%81%9F%E3%82%81%E3%81%AE%E3%83%8F%E3%83%B3%E3%83%89%E3%82%B0%E3%83%A9%E3%83%96%E4%BB%98%E3%81%8D%E3%83%9D%E3%83%BC%E3%82%BF%E3%83%96%E3%83%AB%E3%82%A2%E3%82%B7%E3%82%B9%E3%83%88%E3%83%90%E3%82%B9%E3%83%99%E3%83%B3%E3%83%81%E3%83%81%E3%82%A7%E3%82%A2 HTTP/1.1" 200 40978 "-" "Mozilla/5.0 AppleWebKit/537.36 (KHTML, like Gecko; compatible; bingbot/2.0; +http://www.bing.com/bingbot.htm) Chrome/116.0.1938.76 Safari/537.36"
52.167.144.183 - - [29/Apr/2025:22:56:45 -0400] "GET /?k=5133013028301&channel=a82311&from=article.php%3Fid%3D130283-8599%26name%3D14%E3%83%94%E3%83%BC%E3%82%B9%E3%82%B5%E3%83%BC%E3%82%AF%E3%83%AB%E3%83%80%E3%83%83%E3%83%94%E3%83%B3%E3%82%B0%E3%83%89%E3%83%BC%E3%83%9F%E3%83%B3%E3%82%B0%E3%83%96%E3%83%AD%E3%83%83%E3%82%AF%E3%80%81%E3%83%91%E3%83%B3%E3%83%81%E3%82%BB%E3%83%83%E3%83%88%E3%82%B9%E3%83%81%E3%83%BC%E3%83%AB%E3%83%A1%E3%82%BF%E3%83%AB%E3%83%95%E3%82%A9%E3%83%BC%E3%83%9F%E3%83%B3%E3%82%B0%E3%82%BB%E3%83%83%E3%83%88%E3%80%81%E6%9C%A8%E8%A3%BD%E3%83%99%E3%83%BC%E3%82%B9%E4%BB%98%E3%81%8D%E3%82%B8%E3%83%A5%E3%82%A8%E3%83%AA%E3%83%BC%E4%BD%9C%E6%88%90%E6%88%90%E5%BD%A2%E3%83%84%E3%83%BC%E3%83%AB HTTP/1.1" 200 39839 "-" "Mozilla/5.0 AppleWebKit/537.36 (KHTML, like Gecko; compatible; bingbot/2.0; +http://www.bing.com/bingbot.htm) Chrome/116.0.1938.76 Safari/537.36"
66.249.74.103 - - [29/Apr/2025:22:56:46 -0400] "GET /?k=1622212922002&channel=d79f2a&from=shop.php%3Fid%3D129220-4317%26name%3DLS2+OF606+Drifter+XS%28%E7%B4%8453%E3%80%9C54cm%29+%E3%83%96%E3%83%A9%E3%83%83%E3%82%AF HTTP/1.1" 200 53270 "-" "Mozilla/5.0 (Linux; Android 6.0.1; Nexus 5X Build/MMB29P) AppleWebKit/537.36 (KHTML, like Gecko) Chrome/135.0.7049.95 Mobile Safari/537.36 (compatible; Googlebot/2.1; +http://www.google.com/bot.html)"
66.249.74.103 - - [29/Apr/2025:22:56:49 -0400] "GET /?k=196344401105&channel=caa202&from=article.php%3Fid%3D44011-4504%26name%3D%E3%82%A8%E3%82%A2%E3%83%99%E3%83%B3%E3%83%88%E3%82%B0%E3%83%AA%E3%83%AB%E3%82%BF%E3%83%96%E3%82%AF%E3%83%AA%E3%83%83%E3%83%97+EQC%E7%94%A8+N293+2018+2019+2020+2021+2022+%E8%BB%8A%E5%B7%A6%E5%81%B4%E3%82%A8%E3%82%A2%E3%83%80%E3%83%83%E3%82%B7%E3%83%A5%E3%83%9C%E3%83%BC%E3%83%89%E3%82%A2%E3%82%A6%E3%83%88%E3%83%AC HTTP/1.1" 200 0 "-" "Mozilla/5.0 (Linux; Android 6.0.1; Nexus 5X Build/MMB29P) AppleWebKit/537.36 (KHTML, like Gecko) Chrome/135.0.7049.95 Mobile Safari/537.36 (compatible; GoogleOther)"
66.249.74.103 - - [29/Apr/2025:22:56:49 -0400] "GET /?k=16312168923100&channel=b1d991&from=article.php%3Fid%3D1689231-482%26name%3D%E3%83%89%E3%83%BC%E3%83%9F%E3%83%A9%E3%83%BC+AR%2Fsv5K+074%2F071%2F%E6%8B%A1%E5%BC%B5%E3%83%91%E3%83%83%E3%82%AF%E3%80%8C%E3%83%AF%E3%82%A4%E3%83%AB%E3%83%89%E3%83%95%E3%82%A9%E3%83%BC%E3%82%B9%E3%80%8D%2F%E3%83%9D%E3%82%B1%E3%83%A2%E3%83%B3%E3%82%AB%E3%83%BC%E3%83%89%E3%82%B2%E3%83%BC%E3%83%A0%2F%E3%83%9D%E3%82%B1%E3%82%AB%2FPokemon HTTP/1.1" 200 52477 "-" "Mozilla/5.0 (Linux; Android 6.0.1; Nexus 5X Build/MMB29P) AppleWebKit/537.36 (KHTML, like Gecko) Chrome/135.0.7049.95 Mobile Safari/537.36 (compatible; Googlebot/2.1; +http://www.google.com/bot.html)"
66.249.74.103 - - [29/Apr/2025:22:56:58 -0400] "GET /?k=9869486741700&channel=3d54fe&from=shared.php%3Fid%3D867417-3811%26name%3D%E3%82%B3%E3%82%AC%E3%83%8D%E3%82%A4+%E3%82%B8%E3%82%B0%E3%82%B7%E3%83%AA%E3%83%B3%E3%83%80C%E3%82%B7%E3%83%AA%E3%83%BC%E3%82%BA+%E4%BD%8E%E6%91%A9%E6%93%A6%E3%82%B7%E3%83%AA%E3%83%B3%E3%83%80+CDAZS12X25-ZE135A2 HTTP/1.1" 200 50669 "-" "Mozilla/5.0 (Linux; Android 6.0.1; Nexus 5X Build/MMB29P) AppleWebKit/537.36 (KHTML, like Gecko) Chrome/135.0.7049.95 Mobile Safari/537.36 (compatible; Googlebot/2.1; +http://www.google.com/bot.html)"
66.249.74.104 - - [29/Apr/2025:22:56:58 -0400] "GET /?k=3591638972108&channel=1e9502&from=shop.php%3Fid%3D389721-4342%26name%3D%E3%83%9E%E3%83%AA%E3%82%A3+HR+S1H+%E6%8B%A1%E5%BC%B5%E3%83%91%E3%83%83%E3%82%AF+%E3%82%B7%E3%83%BC%E3%83%AB%E3%83%89+072%2F060 HTTP/1.1" 200 0 "-" "Mozilla/5.0 (Linux; Android 6.0.1; Nexus 5X Build/MMB29P) AppleWebKit/537.36 (KHTML, like Gecko) Chrome/135.0.7049.95 Mobile Safari/537.36 (compatible; GoogleOther)"
52.167.144.220 - - [29/Apr/2025:22:57:00 -0400] "GET /?k=941025370405&channel=2c4cb3&from=news.php%3Fid%3D53704-5013%26name%3D%E3%82%B3%E3%83%BC%E3%83%88%E3%82%B9%E3%82%BF%E3%83%B3%E3%83%89+%E3%82%A2%E3%83%B3%E3%83%86%E3%82%A3%E3%83%BC%E3%82%AF%E3%82%A2%E3%83%A1%E3%83%AA%E3%82%AB%E3%83%B3+%E5%BA%8A%E7%BD%AE%E3%81%8D%E3%82%B3%E3%83%BC%E3%83%88%E3%83%A9%E3%83%83%E3%82%AF%E5%BB%8A%E4%B8%8B%E5%AF%9D%E5%AE%A4%E3%82%B9%E3%82%BF%E3%83%B3%E3%83%87%E3%82%A3%E3%83%B3%E3%82%B0%E3%83%8F%E3%83%B3%E3%82%AC%E3%83%BC%E5%AE%B6%E5%BA%AD%E7%94%A8+%E8%87%AA%E7%AB%8B%E5%9E%8B%E3%82%B3%E3%83%BC%E3%83%88%E3%83%A9%E3%83%83%E3%82%AF%E3%83%8F%E3%83%B3%E3%82%AC%E3%83%BC%E8%87%AA%E7%AB%8B%E5%9E%8B%E3%82%B3%E3%83%BC HTTP/1.1" 200 41238 "-" "Mozilla/5.0 AppleWebKit/537.36 (KHTML, like Gecko; compatible; bingbot/2.0; +http://www.bing.com/bingbot.htm) Chrome/116.0.1938.76 Safari/537.36"
52.167.144.220 - - [29/Apr/2025:22:57:01 -0400] "GET /?k=10144127142203&channel=256a27&from=product.php%3Fid%3D1271422-11980%26name%3D%5B2834%5D%E6%9D%B1%E8%8A%9D%E2%96%A0WH-D1P%E2%96%A0%E3%82%A8%E3%82%A2%E3%82%B3%E3%83%B3%E7%94%A8%E3%83%AA%E3%83%A2%E3%82%B3%E3%83%B3%E2%96%A0%E5%AE%8C%E5%85%A8%E3%82%AF%E3%83%AA%E3%83%BC%E3%83%8B%E3%83%B3%E3%82%B0%E5%93%81 HTTP/1.1" 200 40117 "-" "Mozilla/5.0 AppleWebKit/537.36 (KHTML, like Gecko; compatible; bingbot/2.0; +http://www.bing.com/bingbot.htm) Chrome/116.0.1938.76 Safari/537.36"
66.249.74.105 - - [29/Apr/2025:22:57:03 -0400] "GET /?k=78743131092600&channel=142c71&from=news.php%3Fid%3D1310926-10645%26name%3DMegabass%EF%BC%88%E3%83%A1%E3%82%AC%E3%83%90%E3%82%B9%EF%BC%892025%E7%A6%8F%E8%A2%8B+SALT+SET HTTP/1.1" 200 0 "-" "Mozilla/5.0 (Linux; Android 6.0.1; Nexus 5X Build/MMB29P) AppleWebKit/537.36 (KHTML, like Gecko) Chrome/135.0.7049.95 Mobile Safari/537.36 (compatible; GoogleOther)"
66.249.74.103 - - [29/Apr/2025:22:57:03 -0400] "GET /?k=32694132406203&channel=70c68d&from=shop.php%3Fid%3D1324062-22865%26name%3D%E3%82%A6%E3%82%A3%E3%83%83%E3%82%B0+%E5%A5%B3%E6%80%A7+%E3%83%AC%E3%83%87%E3%82%A3%E3%83%BC%E3%82%B9+%E9%AB%AA+%E3%81%8B%E3%81%BF+%E3%82%B7%E3%83%A7%E3%83%BC%E3%83%88+%E3%81%8B%E3%81%A4%E3%82%89+%E3%83%95%E3%83%AB%E3%82%A6%E3%82%A3%E3%83%83%E3%82%B0+%E3%83%9C%E3%83%96+%E3%81%8B%E3%82%8F%E3%81%84%E3%81%84+%E8%87%AA%E7%84%B6+%E3%81%8A%E3%81%97%E3%82%83%E3%82%8C+%E5%88%86%E3%81%91%E7%9B%AE+%E3%83%90%E3%83%AC%E3%81%AA%E3%81%84+%E9%9F%93%E5%9B%BD+%E6%99%AE%E6%AE%B5+%E3%81%8B%E3%82%8F%E3%81%84%E3%81%84+%E5%8F%AF%E6%84%9B%E3%81%84++%E5%8C%BB%E7%99%82%E7%94%A8%E3%82%A6%E3%82%A3%E3%83%83%E3%82%B0+qijie52 HTTP/1.1" 200 51338 "-" "Mozilla/5.0 (Linux; Android 6.0.1; Nexus 5X Build/MMB29P) AppleWebKit/537.36 (KHTML, like Gecko) Chrome/135.0.7049.95 Mobile Safari/537.36 (compatible; Googlebot/2.1; +http://www.google.com/bot.html)"
66.249.74.104 - - [29/Apr/2025:22:57:07 -0400] "GET /?k=1731149169106&channel=37d073&from=article.php%3Fid%3D491691-4615%26name%3D%E3%82%BC%E3%83%AD%E9%87%8D%E5%8A%9B%E3%83%91%E3%83%86%E3%82%A3%E3%82%AA%E3%83%A9%E3%82%A6%E3%83%B3%E3%82%B8%E3%83%81%E3%82%A7%E3%82%A2%E6%8A%98%E3%82%8A%E3%81%9F%E3%81%9F%E3%81%BF%E3%82%AD%E3%83%A3%E3%83%B3%E3%83%97%E3%83%AA%E3%82%AF%E3%83%A9%E3%82%A4%E3%83%8B%E3%83%B3%E3%82%B0%E3%83%91%E3%83%86%E3%82%A3%E3%82%AA%E6%A4%85%E5%AD%90%E4%BB%98%E3%81%8D%E6%9E%95%E4%BB%98%E3%81%8D%E5%B1%8B%E5%86%85%E3%81%8A%E3%82%88%E3%81%B3%E5%B1%8B%E5%A4%96%E3%83%97%E3%83%BC%E3%83%AB%E3%82%B5%E3%82%A4%E3%83%89%E8%A3%8F%E5%BA%AD%E3%81%AE%E8%8A%9D%E7%94%9F%E9%8B%BC%E3%83%95%E3%83%AC%E3%83%BC%E3%83%A0%E3%81%AE+%EF%BC%88%E3%83%AA%E3%82%AF%E3%83%A9%E3%82%A4%E3%83%8B%E3%83%B3%E3%82%B0%E3%83%81%E3%82%A7%E3%82%A2%E6%8A%98%E3%82%8A%E3%81%9F%E3%81%9F%E3%81%BF%E5%BC%8F%E7%84%A1%E9%87%8D%E5%8A%9B%E3%83%A9%E3%82%A6%E3%83%B3%E3%82%B8%E3%83%81%E3%82%A7%E3%82%A2%E3%80%81%E3%83%87%E3%83%83%E3%82%AD%E3%83%81%E3%82%A7%E3%82%A2%E3%82%AC%E3%83%BC%E3%83%87%E3%83%B3%E7%94%A8%E3%82%B3%E3%83%83%E3%83%88%E3%83%B3%E3%82%AF%E3%83%83%E3%82%B7%E3%83%A7%E3%83%B3%E5%B1%8B%E5%A4%96%E3%83%91%E3%83%86%E3%82%A3%E3%82%AA%E3%82%B5%E3%83%B3%EF%BC%89 HTTP/1.1" 200 0 "-" "Mozilla/5.0 (Linux; Android 6.0.1; Nexus 5X Build/MMB29P) AppleWebKit/537.36 (KHTML, like Gecko) Chrome/135.0.7049.95 Mobile Safari/537.36 (compatible; GoogleOther)"
66.249.74.103 - - [29/Apr/2025:22:57:12 -0400] "GET /?k=9194482914601&channel=416300&from=category-info.php%3Fid%3D829146-1759%26name%3D%5Bkaoayi%5D+%E3%83%9C%E3%82%A2+%E3%83%99%E3%82%B9%E3%83%88+%E3%83%91%E3%83%BC%E3%82%AB%E3%83%BC+%E7%84%A1%E5%9C%B0+%E9%95%B7%E8%A2%96+%E3%83%AC%E3%83%87%E3%82%A3%E3%83%BC%E3%82%B9+%E3%82%B8%E3%83%83%E3%83%97%E3%82%A2%E3%83%83%E3%83%97%E3%83%91%E3%83%BC%E3%82%AB%E3%83%BC+%E6%98%A5%E7%A7%8B+%E9%98%B2%E5%AF%92+%E3%83%91%E3%83%BC%E3%82%AB%E3%83%BC+%E3%83%95%E3%83%BC%E3%83%89%E4%BB%98%E3%81%8D+%E3%83%88%E3%83%AC%E3%83%BC%E3%83%8A%E3%83%BC HTTP/1.1" 200 51584 "-" "Mozilla/5.0 (Linux; Android 6.0.1; Nexus 5X Build/MMB29P) AppleWebKit/537.36 (KHTML, like Gecko) Chrome/135.0.7049.95 Mobile Safari/537.36 (compatible; Googlebot/2.1; +http://www.google.com/bot.html)"
66.249.74.103 - - [29/Apr/2025:22:57:19 -0400] "GET /?k=59299162825302&channel=d7ef57&from=shared.php%3Fid%3D1628253-6812%26name%3D%E3%82%B9%E3%82%BF%E3%83%B3%E3%83%88%E3%83%90%E3%82%A4%E3%82%AF%E3%81%AE%E3%81%8A%E3%82%82%E3%81%A1%E3%82%83%E3%80%81%E5%AD%90%E4%BE%9B%E7%94%A8%E3%81%AE%E3%82%AA%E3%83%BC%E3%83%88%E3%83%90%E3%82%A4%E3%81%AE%E3%81%8A%E3%82%82%E3%81%A1%E3%82%83+-+%E3%82%B5%E3%82%A6%E3%83%B3%E3%83%89%E3%81%A8%E3%83%A9%E3%82%A4%E3%83%88%E3%82%AD%E3%83%83%E3%82%BA%E3%83%97%E3%83%AC%E3%82%A4%E3%82%B9%E3%82%BF%E3%83%B3%E3%83%88%2C360%E5%BA%A6%E5%9B%9E%E8%BB%A2%E3%83%90%E3%82%A4%E3%82%AF%E3%81%AE%E3%83%95%E3%82%A3%E3%82%AE%E3%83%A5%E3%82%A2%E3%82%AB%E3%83%BC HTTP/1.1" 200 52034 "-" "Mozilla/5.0 (Linux; Android 6.0.1; Nexus 5X Build/MMB29P) AppleWebKit/537.36 (KHTML, like Gecko) Chrome/135.0.7049.95 Mobile Safari/537.36 (compatible; Googlebot/2.1; +http://www.google.com/bot.html)"
2a06:98c0:3600::103 - - [29/Apr/2025:22:57:27 -0400] "GET /wp-admin/setup-config.php HTTP/1.1" 200 0 "-" "Mozilla/5.0 (Windows NT 10.0; Win64; x64) AppleWebKit/537.36 (KHTML, like Gecko) Chrome/135.0.0.0 Safari/537.36"
66.249.74.103 - - [29/Apr/2025:22:57:27 -0400] "GET /?k=5457796111502&channel=211992&from=info.php%3Fid%3D961115-19243%26name%3D%E3%83%99%E3%83%93%E3%83%BC%E3%83%9C%E3%83%BC%E3%83%88%E3%80%80%E3%83%8F%E3%83%B3%E3%83%89%E3%83%AB%E3%83%BB%E3%83%AD%E3%83%BC%E3%83%97%E4%BB%98%E3%81%8D HTTP/1.1" 200 50656 "-" "Mozilla/5.0 (Linux; Android 6.0.1; Nexus 5X Build/MMB29P) AppleWebKit/537.36 (KHTML, like Gecko) Chrome/135.0.7049.95 Mobile Safari/537.36 (compatible; Googlebot/2.1; +http://www.google.com/bot.html)"
66.249.74.103 - - [29/Apr/2025:22:57:33 -0400] "GET /?k=1458038135601&channel=ac9aa8&from=shop.php%3Fid%3D381356-2524%26name%3D%E3%80%90%E6%9C%AA%E9%96%8B%E5%B0%81%E3%80%91%E3%82%AA%E3%83%BC%E3%83%87%E3%82%A3%E3%80%80%E3%82%AF%E3%83%AC%E3%83%B3%E3%82%B8%E3%83%B3%E3%82%B0%E3%82%B8%E3%82%A7%E3%83%AB HTTP/1.1" 200 52177 "-" "Mozilla/5.0 (Linux; Android 6.0.1; Nexus 5X Build/MMB29P) AppleWebKit/537.36 (KHTML, like Gecko) Chrome/135.0.7049.95 Mobile Safari/537.36 (compatible; Googlebot/2.1; +http://www.google.com/bot.html)"
66.249.74.103 - - [29/Apr/2025:22:57:34 -0400] "GET /?k=98086140363901&channel=965b9c&from=jp.php%3Fid%3D1403639-13961%26name%3D%E8%9B%87%E5%8F%A3%E8%A3%85%E9%A3%BE%E3%82%AB%E3%83%90%E3%83%BC%E3%82%B9%E3%83%86%E3%83%B3%E3%83%AC%E3%82%B9%E9%8B%BC%E5%88%86%E5%89%B2%E3%83%A9%E3%82%A6%E3%83%B3%E3%83%89%E3%82%A8%E3%82%B9%E3%82%AB%E3%83%83%E3%82%B7%E3%83%A7%E3%83%B3%E3%83%97%E3%83%AC%E3%83%BC%E3%83%88%E5%A3%81%E5%88%86%E5%89%B2%E3%83%95%E3%83%A9%E3%83%B3%E3%82%B8%E3%82%AD%E3%83%83%E3%83%81%E3%83%B3%E3%83%90%E3%82%B9%E3%83%AB%E3%83%BC%E3%83%A0%E7%94%A8 HTTP/1.1" 200 0 "-" "Mozilla/5.0 (Linux; Android 6.0.1; Nexus 5X Build/MMB29P) AppleWebKit/537.36 (KHTML, like Gecko) Chrome/135.0.7049.95 Mobile Safari/537.36 (compatible; GoogleOther)"
66.249.74.103 - - [29/Apr/2025:22:57:36 -0400] "GET /?k=8912758539010&channel=0fbdda&from=blog.php%3Fid%3D585390-6029%26name%3D%E4%BA%8C%E8%83%A1+%E4%B8%80%E5%BC%8F%E3%82%BB%E3%83%83%E3%83%88+%E4%BA%BA%E5%B7%A5%E7%9A%AE HTTP/1.1" 200 52225 "-" "Mozilla/5.0 (Linux; Android 6.0.1; Nexus 5X Build/MMB29P) AppleWebKit/537.36 (KHTML, like Gecko) Chrome/135.0.7049.95 Mobile Safari/537.36 (compatible; Googlebot/2.1; +http://www.google.com/bot.html)"
66.249.74.103 - - [29/Apr/2025:22:57:45 -0400] "GET /?k=1925937243300&channel=43a725&from=form.php%3Fid%3D372433-5861%26name%3D%E3%82%93%E3%81%BD%E3%81%A1%E3%82%83%E3%82%80%E6%A7%98%E5%B0%82%E7%94%A8 HTTP/1.1" 200 52249 "-" "Mozilla/5.0 (Linux; Android 6.0.1; Nexus 5X Build/MMB29P) AppleWebKit/537.36 (KHTML, like Gecko) Chrome/135.0.7049.95 Mobile Safari/537.36 (compatible; Googlebot/2.1; +http://www.google.com/bot.html)"
66.249.74.103 - - [29/Apr/2025:22:57:46 -0400] "GET /?k=9238955953311&channel=8b1346&from=article.php%3Fid%3D559533-2637%26name%3D%E3%83%A4%E3%83%9E%E3%83%8F%E3%80%80srv250+%E5%AE%9F%E5%83%8D HTTP/1.1" 200 0 "-" "Mozilla/5.0 (Linux; Android 6.0.1; Nexus 5X Build/MMB29P) AppleWebKit/537.36 (KHTML, like Gecko) Chrome/135.0.7049.95 Mobile Safari/537.36 (compatible; GoogleOther)"
66.249.74.104 - - [29/Apr/2025:22:57:51 -0400] "GET /?k=61595160992604&channel=97e615&from=blog.php%3Fid%3D1609926-536%26name%3D1+%E3%83%9A%E3%82%A2%E3%82%AF%E3%83%AF%E3%83%83%E3%83%89%E3%83%96%E3%83%A9%E3%83%83%E3%82%AF%E3%82%A8%E3%82%AD%E3%82%BE%E3%83%BC%E3%82%B9%E3%83%88%E3%83%81%E3%83%83%E3%83%97%E4%BA%92%E6%8F%9B+BMW+G05+X5+G06+X6+G07+X7+%E6%8E%92%E6%B0%97%E3%82%B7%E3%82%B9%E3%83%86%E3%83%A0%E3%83%81%E3%83%83%E3%83%97%E3%83%9E%E3%83%95%E3%83%A9%E3%83%BC%E3%82%B9%E3%83%86%E3%83%B3%E3%83%AC HTTP/1.1" 200 53206 "-" "Mozilla/5.0 (Linux; Android 6.0.1; Nexus 5X Build/MMB29P) AppleWebKit/537.36 (KHTML, like Gecko) Chrome/135.0.7049.95 Mobile Safari/537.36 (compatible; Googlebot/2.1; +http://www.google.com/bot.html)"
66.249.74.103 - - [29/Apr/2025:22:57:58 -0400] "GET /?k=8620150571605&channel=854bc9&from=brands.php%3Fid%3D505716-5220%26name%3D%E3%82%A2%E3%82%A6%E3%83%AA%E3%82%B9%E3%82%B7%E3%83%AD%E3%83%9B%E3%83%B312%E9%9F%B3 HTTP/1.1" 200 50791 "-" "Mozilla/5.0 (Linux; Android 6.0.1; Nexus 5X Build/MMB29P) AppleWebKit/537.36 (KHTML, like Gecko) Chrome/135.0.7049.95 Mobile Safari/537.36 (compatible; Googlebot/2.1; +http://www.google.com/bot.html)"
52.167.144.220 - - [29/Apr/2025:22:58:01 -0400] "GET /?k=8980182666902&channel=cd1fa5&from=info.php%3Fid%3D826669-3819%26name%3D%E5%A4%9A%E6%A9%9F%E8%83%BD%E8%B6%85%E9%9F%B3%E6%B3%A2%E6%B6%B2%E4%BD%93%E3%83%AC%E3%83%99%E3%83%AB%E3%83%A1%E3%83%BC%E3%82%BF%E3%83%BC%E7%94%A3%E6%A5%AD%E3%81%8A%E3%82%88%E3%81%B3%E4%BD%8F%E5%AE%85%E6%B8%AC%E5%AE%9A%E3%82%BF%E3%82%B9%E3%82%AF%E7%94%A8%E3%81%AE%E6%AD%A3%E7%A2%BA%E3%81%AA%E6%B6%B2%E4%BD%93%E3%83%AC%E3%83%99%E3%83%AB%E6%B8%AC%E5%AE%9A+%EF%BC%88%E3%83%AC%E3%83%99%E3%83%AB%E8%A8%88+%3A+%E6%97%A5%E7%AB%8B%E3%83%8F%E3%82%A4%E3%83%86%E3%82%AF%EF%BC%89 HTTP/1.1" 200 41124 "-" "Mozilla/5.0 AppleWebKit/537.36 (KHTML, like Gecko; compatible; bingbot/2.0; +http://www.bing.com/bingbot.htm) Chrome/116.0.1938.76 Safari/537.36"
66.249.74.105 - - [29/Apr/2025:22:58:04 -0400] "GET /?k=47249147744105&channel=8bc9e7&from=form.php%3Fid%3D1477441-3880%26name%3D%E6%9C%80%E7%B5%82%E5%80%A4%E4%B8%8B%E3%81%92%E3%80%80%E3%83%A2%E3%82%B9%E3%80%80%E3%82%B9%E3%83%8E%E3%83%BC%E3%83%9C%E3%83%BC%E3%83%89+MOSS++Q+60 HTTP/1.1" 200 0 "-" "Mozilla/5.0 (Linux; Android 6.0.1; Nexus 5X Build/MMB29P) AppleWebKit/537.36 (KHTML, like Gecko) Chrome/135.0.7049.95 Mobile Safari/537.36 (compatible; GoogleOther)"
52.167.144.205 - - [29/Apr/2025:22:58:06 -0400] "GET /?k=0670963731906&channel=ac9c2c&from=goods.php%3Fid%3D637319-14779%26name%3D%E9%9B%BB%E5%8B%95%E3%83%95%E3%82%A7%E3%83%AB%E3%83%88%E3%83%8B%E3%83%BC%E3%83%89%E3%83%AB%E3%83%9E%E3%82%B7%E3%83%B3%E3%82%AD%E3%83%83%E3%83%88%E3%80%81%E3%82%A6%E3%83%BC%E3%83%AB%E3%83%95%E3%82%A7%E3%83%AB%E3%83%88%E3%83%84%E3%83%BC%E3%83%AB%E3%80%81%E9%87%9D%E4%BA%A4%E6%8F%9B%E7%B0%A1%E5%8D%98%E3%80%81%E3%83%A2%E3%83%BC%E3%82%BF%E3%83%BC%E3%82%B9%E3%83%88%E3%83%AD%E3%83%BC%E3%82%AF2cm%E3%80%81%E3%83%8B%E3%83%BC%E3%83%89%E3%83%AB%E3%83%95%E3%82%A7%E3%83%AB%E3%83%88%E3%83%9E%E3%82%B7%E3%83%B3%E3%80%81%E3%82%A6%E3%83%BC%E3%83%AB%E3%83%95%E3%82%A7%E3%83%AB%E3%83%88 HTTP/1.1" 200 39880 "-" "Mozilla/5.0 AppleWebKit/537.36 (KHTML, like Gecko; compatible; bingbot/2.0; +http://www.bing.com/bingbot.htm) Chrome/116.0.1938.76 Safari/537.36"
66.249.74.105 - - [29/Apr/2025:22:58:06 -0400] "GET /?k=11894105874506&channel=56fe19&from=shared.php%3Fid%3D1058745-3050%26name%3D%E3%80%90%E6%96%B0%E5%93%81%E6%BF%80%E5%AE%89FW2%E6%9C%AC%E3%82%BB%E3%83%83%E3%83%88%E3%80%91%E4%B8%89%E8%8F%B1%E9%A3%9B%E5%8C%A0%E4%BB%95%E6%A7%98+%E3%83%AF%E3%83%BC%E3%82%AF%E3%82%B9%E3%82%B4%E3%83%AB%E3%83%95+%E3%83%9E%E3%82%AD%E3%82%B7%E3%83%9E%E3%83%83%E3%82%AF%E3%82%B9%E5%BC%B7%E5%8F%8D%E7%99%BAFW HTTP/1.1" 200 49531 "-" "Mozilla/5.0 (Linux; Android 6.0.1; Nexus 5X Build/MMB29P) AppleWebKit/537.36 (KHTML, like Gecko) Chrome/135.0.7049.95 Mobile Safari/537.36 (compatible; Googlebot/2.1; +http://www.google.com/bot.html)"
52.167.144.205 - - [29/Apr/2025:22:58:07 -0400] "GET /?k=420786143902&channel=cab244&from=pin.php%3Fid%3D61439-5399%26name%3D2mm%E3%83%9D%E3%83%AA%E3%82%AB%E3%83%BC%E3%83%9C%E3%83%8D%E3%83%BC%E3%83%88%E5%B1%8B%E6%A0%B9%E3%82%B7%E3%83%BC%E3%83%88%E3%80%81%E9%80%8F%E6%98%8E%E3%83%97%E3%83%A9%E3%82%B9%E3%83%81%E3%83%83%E3%82%AF%E5%B1%8B%E6%A0%B9%E3%83%91%E3%83%8D%E3%83%AB%E3%80%81%E3%82%AC%E3%83%A9%E3%82%B9%E7%B9%8A%E7%B6%AD%E3%82%B7%E3%83%BC%E3%83%88%E3%80%81%E6%9B%B2%E3%81%92%E3%82%84%E3%81%99%E3%81%8F%E5%88%87%E6%96%AD%E3%81%97%E3%82%84%E3%81%99%E3%81%84%E3%80%81UV%E8%80%90%E6%80%A7%E9%98%B2%E6%B0%B4%E5%B1%8B%E6%A0%B9%E3%82%B7%E3%83%BC%E3%83%88%E3%80%81%E6%B8%A9%E5%AE%A4 HTTP/1.1" 200 41318 "-" "Mozilla/5.0 AppleWebKit/537.36 (KHTML, like Gecko; compatible; bingbot/2.0; +http://www.bing.com/bingbot.htm) Chrome/116.0.1938.76 Safari/537.36"
66.249.74.103 - - [29/Apr/2025:22:58:14 -0400] "GET /?k=91108159516804&channel=b654d4&from=category-info.php%3Fid%3D1595168-25000%26name%3D%E3%83%92%E3%83%BC%E3%83%88%E3%83%97%E3%83%AC%E3%82%B9%E6%A9%9F+%E9%9D%A9%E6%9C%A8%E6%9D%90%E7%B4%99%E3%83%96%E3%83%A9%E3%83%B3%E3%83%87%E3%82%A3%E3%83%B3%E3%82%B0%E3%82%AB%E3%82%B9%E3%82%BF%E3%83%A0%E3%83%AD%E3%82%B4%E3%83%9E%E3%83%BC%E3%82%AD%E3%83%B3%E3%82%B0%E3%82%A8%E3%83%B3%E3%83%9C%E3%82%B9%E3%83%84%E3%83%BC%E3%83%AB%E7%94%A8%E3%83%9B%E3%83%83%E3%83%88%E7%AE%94%E3%82%B9%E3%82%BF%E3%83%B3%E3%83%94%E3%83%B3%E3%82%B0%E3%83%9E%E3%82%B7%E3%83%B3+%E7%89%88%E7%94%BB%E5%88%B6%E4%BD%9C%2810%2A13%29 HTTP/1.1" 200 54002 "-" "Mozilla/5.0 (Linux; Android 6.0.1; Nexus 5X Build/MMB29P) AppleWebKit/537.36 (KHTML, like Gecko) Chrome/135.0.7049.95 Mobile Safari/537.36 (compatible; Googlebot/2.1; +http://www.google.com/bot.html)"
52.167.144.205 - - [29/Apr/2025:22:58:15 -0400] "GET /?k=50196103293804&channel=baf5a3&from=info.php%3Fid%3D1032938-9747%26name%3D%5BRssdaaacz%5D+%E3%82%BF%E3%82%AD%E3%82%B7%E3%83%BC%E3%83%89%E7%94%B7%E6%80%A7%E3%82%AE%E3%83%95%E3%83%88%E7%94%A8%E3%83%A1%E3%83%B3%E3%82%BA%E3%82%BD%E3%83%AA%E3%83%83%E3%83%89%E3%83%9B%E3%83%AF%E3%82%A4%E3%83%88%E3%82%B9%E3%83%BC%E3%83%84%E3%83%99%E3%82%B9%E3%83%88%E3%82%B7%E3%83%AB%E3%82%AF%E3%83%81%E3%83%A7%E3%83%83%E3%82%AD%E3%83%95%E3%82%A9%E3%83%BC%E3%83%9E%E3%83%AB%E3%83%9A%E3%82%A4%E3%82%BA%E3%83%AA%E3%83%BC%E3%83%8D%E3%82%AF%E3%82%BF%E3%82%A4%E3%82%AB%E3%83%95%E3%82%B9%E3%83%9D%E3%82%B1 HTTP/1.1" 200 40837 "-" "Mozilla/5.0 AppleWebKit/537.36 (KHTML, like Gecko; compatible; bingbot/2.0; +http://www.bing.com/bingbot.htm) Chrome/116.0.1938.76 Safari/537.36"
66.249.74.103 - - [29/Apr/2025:22:58:18 -0400] "GET /?k=81109531301&channel=309806&from=blog.php%3Fid%3D5313-22%26name%3DSEN01674%E3%80%81ForTrane%E5%AF%BE%E5%BF%9C%E3%80%81%E3%82%A8%E3%82%A2%E3%82%B3%E3%83%B3%E6%B0%B4%E6%B5%81%E3%82%B9%E3%82%A4%E3%83%83%E3%83%81%E6%B0%B4%E4%BD%8D%E3%82%BB%E3%83%B3%E3%82%B5%E3%83%BC HTTP/1.1" 200 0 "-" "Mozilla/5.0 (Linux; Android 6.0.1; Nexus 5X Build/MMB29P) AppleWebKit/537.36 (KHTML, like Gecko) Chrome/135.0.7049.95 Mobile Safari/537.36 (compatible; GoogleOther)"
66.249.74.103 - - [29/Apr/2025:22:58:19 -0400] "GET /?k=21739172895201&channel=e5acc8&from=shared.php%3Fid%3D1728952-1584%26name%3DNIKE+%E5%B2%A9%E6%9D%91%E6%98%8E%E6%86%B2%E3%83%A2%E3%83%87%E3%83%AB+%E9%99%90%E5%AE%9A%E3%82%AF%E3%83%AD%E3%82%B3%E3%83%80%E3%82%A4%E3%83%AB%E6%9F%84%E3%83%AC%E3%82%B6%E3%83%BC+%E3%83%8A%E3%82%A4%E3%82%AD+%E5%86%85%E9%87%8E%E7%94%A8+%E8%BB%9F%E5%BC%8F%E3%82%B0%E3%83%AD%E3%83%BC%E3%83%96 HTTP/1.1" 200 52181 "-" "Mozilla/5.0 (Linux; Android 6.0.1; Nexus 5X Build/MMB29P) AppleWebKit/537.36 (KHTML, like Gecko) Chrome/135.0.7049.95 Mobile Safari/537.36 (compatible; Googlebot/2.1; +http://www.google.com/bot.html)"
66.249.74.103 - - [29/Apr/2025:22:58:22 -0400] "GET /?k=7786653614303&channel=03aef9&from=goods.php%3Fid%3D536143-1343%26name%3D%E3%82%AA%E3%83%BC%E3%83%88%E3%83%90%E3%82%A4%E3%83%86%E3%83%BC%E3%83%AB%E3%83%95%E3%83%AC%E3%83%BC%E3%83%A0%E3%83%96%E3%83%A9%E3%82%B1%E3%83%83%E3%83%88+%E3%82%B9%E3%82%BA%E3%82%AD%E7%94%A8+GSXR150+2019-2024+%E3%83%8A%E3%83%B3%E3%83%90%E3%83%BC%E3%83%97%E3%83%AC%E3%83%BC%E3%83%88%E3%83%9B%E3%83%AB%E3%83%80%E3%83%BC+%E3%83%AA%E3%82%A2%E3%83%86%E3%83%BC%E3%83%AB%E3%83%95%E3%83%AC%E3%83%BC%E3%83%A0+%E3%83%95%E3%82%A7 HTTP/1.1" 200 0 "-" "Mozilla/5.0 (Linux; Android 6.0.1; Nexus 5X Build/MMB29P) AppleWebKit/537.36 (KHTML, like Gecko) Chrome/135.0.7049.95 Mobile Safari/537.36 (compatible; GoogleOther)"
66.249.74.103 - - [29/Apr/2025:22:58:27 -0400] "GET /?k=35885111503703&channel=f1093d&from=jp.php%3Fid%3D1115037-6066%26name%3D%E3%82%B8%E3%83%A3%E3%82%B1%E3%83%83%E3%83%88+%E3%83%A1%E3%83%B3%E3%82%BA+%E5%A4%A7%E3%81%8D%E3%82%81+%E3%83%AB%E3%82%B3%E3%83%83%E3%82%AF+%E3%82%B8%E3%83%A3%E3%83%BC%E3%82%B8+%E9%9B%BB%E7%86%B1%E3%83%96%E3%83%BC%E3%83%84+%E3%83%96%E3%83%AB%E3%82%BE%E3%83%B3+%E3%83%92%E3%83%BC%E3%82%BF%E3%83%BC+%E3%82%B8%E3%83%A3%E3%82%B1%E3%83%83%E3%83%88%E3%83%92%E3%83%BC%E3%82%BF%E3%83%BC+%E9%98%B2%E6%B0%B4+%E3%83%80%E3%82%A6%E3%83%B3+%E3%83%A1%E3%83%B3%E3%82%BA+%E9%9F%93%E5%9B%BD+%E3%83%80%E3%82%A6 HTTP/1.1" 200 53182 "-" "Mozilla/5.0 (Linux; Android 6.0.1; Nexus 5X Build/MMB29P) AppleWebKit/537.36 (KHTML, like Gecko) Chrome/135.0.7049.95 Mobile Safari/537.36 (compatible; Googlebot/2.1; +http://www.google.com/bot.html)"
66.249.74.103 - - [29/Apr/2025:22:58:31 -0400] "GET /?k=87909168232800&channel=fc9d2f&from=article.php%3Fid%3D1682328-25958%26name%3D%E3%81%A1%E3%82%87%E3%81%93%E3%81%AE%E3%81%A3%E3%81%93%E3%80%80%E8%A7%92%E5%B7%BB%E3%82%8F%E3%81%9F%E3%82%81 HTTP/1.1" 200 51259 "-" "Mozilla/5.0 (Linux; Android 6.0.1; Nexus 5X Build/MMB29P) AppleWebKit/537.36 (KHTML, like Gecko) Chrome/135.0.7049.95 Mobile Safari/537.36 (compatible; Googlebot/2.1; +http://www.google.com/bot.html)"
52.167.144.205 - - [29/Apr/2025:22:58:35 -0400] "GET /?k=5686787874601&channel=4d0dd2&from=product.php%3Fid%3D878746-532%26name%3D%E3%82%B5%E3%82%A4%E3%83%89%E3%82%B9%E3%82%AB%E3%83%BC%E3%83%88%E3%82%B5%E3%82%A4%E3%83%89%E3%82%AB%E3%83%8A%E3%83%BC%E3%83%89+2+%E3%82%B7%E3%83%AA%E3%83%BC%E3%82%BA+F87+M2+M2C+%E7%AB%B6%E4%BA%89+2016+2017+2018+2019+2020+%E3%82%B5%E3%82%A4%E3%83%89%E3%82%B9%E3%82%AB HTTP/1.1" 200 41910 "-" "Mozilla/5.0 AppleWebKit/537.36 (KHTML, like Gecko; compatible; bingbot/2.0; +http://www.bing.com/bingbot.htm) Chrome/116.0.1938.76 Safari/537.36"
66.249.74.103 - - [29/Apr/2025:22:58:39 -0400] "GET /?k=93283100248403&channel=851445&from=shared.php%3Fid%3D1002484-1500%26name%3D%E3%83%95%E3%83%AC%E3%83%BC%E3%83%A0%E3%83%A9%E3%82%A4%E3%83%88+-+%E3%82%BD%E3%83%BC%E3%83%A9%E3%83%BC%E3%83%95%E3%83%AC%E3%83%BC%E3%83%A0%E3%83%A9%E3%82%A4%E3%83%88+%7C+%E3%82%BD%E3%83%BC%E3%83%A9%E3%83%BC%E3%83%91%E3%83%AF%E3%83%BC%E3%82%AC%E3%83%BC%E3%83%87%E3%83%B3%E3%83%A9%E3%83%B3%E3%82%BF%E3%83%B3+%E3%81%A1%E3%82%89%E3%81%A4%E3%81%8DLED%E3%83%A9%E3%82%A4%E3%83%88+%7C+%E3%83%AD%E3%83%BC%E3%83%97%E4%BB%98%E3%81%8D%E8%A3%85%E9%A3%BE%E5%BA%AD%E3%81%AE%E8%A3%85%E9%A3%BE+%E5%85%85 HTTP/1.1" 200 51150 "-" "Mozilla/5.0 (Linux; Android 6.0.1; Nexus 5X Build/MMB29P) AppleWebKit/537.36 (KHTML, like Gecko) Chrome/135.0.7049.95 Mobile Safari/537.36 (compatible; Googlebot/2.1; +http://www.google.com/bot.html)"
66.249.74.103 - - [29/Apr/2025:22:58:40 -0400] "GET /?k=3113754186102&channel=1ae2cc&from=blog.php%3Fid%3D541861-9062%26name%3D%E5%80%A4%E4%B8%8B%E3%81%92%E3%81%97%E3%81%BE%E3%81%97%E3%81%9FSONY%E3%83%87%E3%82%B8%E3%82%BF%E3%83%AB%E3%82%AB%E3%83%A1%E3%83%A9 HTTP/1.1" 200 0 "-" "Mozilla/5.0 (Linux; Android 6.0.1; Nexus 5X Build/MMB29P) AppleWebKit/537.36 (KHTML, like Gecko) Chrome/135.0.7049.95 Mobile Safari/537.36 (compatible; GoogleOther)"
66.249.74.103 - - [29/Apr/2025:22:58:45 -0400] "GET /?k=23681164131102&channel=4a8ae5&from=article.php%3Fid%3D1641311-22768%26name%3D%E9%9B%BB%E5%8B%95%E3%83%90%E3%83%AA%E3%82%B3%E3%83%BC%E3%83%92%E3%83%BC%E3%82%B0%E3%83%A9%E3%82%A4%E3%83%B3%E3%83%80%E3%83%BC%E3%80%81275G%E5%A4%A7%E5%AE%B9%E9%87%8F%E3%82%B3%E3%83%BC%E3%83%92%E3%83%BC%E8%B1%86%E3%82%B0%E3%83%A9%E3%82%A4%E3%83%B3%E3%83%80%E3%83%BC%E3%80%81LCD%E3%82%BF%E3%83%83%E3%83%81%E3%83%87%E3%82%A3%E3%82%B9%E3%83%97%E3%83%AC%E3%82%A4%E3%82%B9%E3%82%AF%E3%83%AA%E3%83%BC%E3%83%B3%E3%81%A851%E3%81%AE%E6%8C%BD%E3%81%8D%E8%A8%AD%E5%AE%9A%E3%80%811%E3%80%9C10%E3%82%AB%E3%83%83 HTTP/1.1" 200 51958 "-" "Mozilla/5.0 (Linux; Android 6.0.1; Nexus 5X Build/MMB29P) AppleWebKit/537.36 (KHTML, like Gecko) Chrome/135.0.7049.95 Mobile Safari/537.36 (compatible; Googlebot/2.1; +http://www.google.com/bot.html)"
66.249.74.104 - - [29/Apr/2025:22:58:52 -0400] "GET /?k=1178949068907&channel=0f3063&from=article.php%3Fid%3D490689-606%26name%3D%E3%80%90%E7%89%9B%E9%9D%A9%E3%80%91DSQUARED+%E3%83%87%E3%82%A3%E3%83%BC%E3%82%B9%E3%82%AF%E3%82%A8%E3%82%A2%E3%83%BC%E3%83%89%E3%80%80%E3%82%AF%E3%83%AD%E3%82%B3%E5%9E%8B%E6%8A%BC%E3%83%AA%E3%83%9C%E3%83%B3%E3%83%AC%E3%82%B6%E3%83%BC%E3%83%99%E3%83%AB%E3%83%88%E3%80%80S HTTP/1.1" 200 51946 "-" "Mozilla/5.0 (Linux; Android 6.0.1; Nexus 5X Build/MMB29P) AppleWebKit/537.36 (KHTML, like Gecko) Chrome/135.0.7049.95 Mobile Safari/537.36 (compatible; Googlebot/2.1; +http://www.google.com/bot.html)"
66.249.74.105 - - [29/Apr/2025:22:59:01 -0400] "GET /?k=0172396422400&channel=55048c&from=info.php%3Fid%3D964224-8967%26name%3D%E5%AD%90%E4%BE%9B%E7%94%A8%E3%83%AC%E3%82%A4%E3%83%B3%E3%82%B3%E3%83%BC%E3%83%88++%E3%83%80%E3%83%96%E3%83%AB%E3%83%95%E3%83%BC%E3%83%89++%E3%82%B5%E3%82%A4%E3%82%BA100 HTTP/1.1" 200 52407 "-" "Mozilla/5.0 (Linux; Android 6.0.1; Nexus 5X Build/MMB29P) AppleWebKit/537.36 (KHTML, like Gecko) Chrome/135.0.7049.95 Mobile Safari/537.36 (compatible; Googlebot/2.1; +http://www.google.com/bot.html)"
66.249.74.104 - - [29/Apr/2025:22:59:03 -0400] "GET /?k=009907127601&channel=0c3547&from=article.php%3Fid%3D71276-5343%26name%3D%E3%83%8B%E3%83%88%E3%83%AA+%E5%AE%B6%E5%85%B7%E8%BB%A2%E5%80%92%E9%98%B2%E6%AD%A2%E5%99%A8%E5%85%B7++%E4%B8%8D%E5%8B%95%E7%8E%8B++2%E5%80%8B%E5%85%A5%E3%82%8A%C3%974++%E4%B8%8D%E4%BA%8C%E3%83%A9%E3%83%86%E3%83%83%E3%82%AF%E3%82%B9+%E5%9C%B0%E9%9C%87%E3%80%80%E8%80%90%E9%9C%87 HTTP/1.1" 200 0 "-" "Mozilla/5.0 (Linux; Android 6.0.1; Nexus 5X Build/MMB29P) AppleWebKit/537.36 (KHTML, like Gecko) Chrome/135.0.7049.95 Mobile Safari/537.36 (compatible; GoogleOther)"
66.249.74.104 - - [29/Apr/2025:22:59:11 -0400] "GET /?k=04761199529100&channel=a29b8a&from=product.php%3Fid%3D1995291-3537%26name%3D%E3%80%90%E6%96%B0%E7%94%9F%E6%B4%BB2%E7%82%B9%E3%82%BB%E3%83%83%E3%83%88%E3%80%91+%5B%E5%B1%B1%E5%96%84%5D+%E5%86%B7%E8%94%B5%E5%BA%AB+173L+%26amp%3B+%E6%B4%97%E6%BF%AF%E6%A9%9F+10kg+%E5%AE%B6%E9%9B%BB%E3%82%BB%E3%83%83%E3%83%88+%E6%96%B0%E7%94%9F%E6%B4%BB%E3%82%BB%E3%83%83%E3%83%88+%E6%96%B0%E7%94%9F%E6%B4%BB+%E6%96%B0%E7%94%9F%E6%B4%BB%E5%AE%B6%E9%9B%BB%E3%82%BB%E3%83%83%E3%83%88 HTTP/1.1" 200 52806 "-" "Mozilla/5.0 (Linux; Android 6.0.1; Nexus 5X Build/MMB29P) AppleWebKit/537.36 (KHTML, like Gecko) Chrome/135.0.7049.95 Mobile Safari/537.36 (compatible; Googlebot/2.1; +http://www.google.com/bot.html)"
66.249.74.103 - - [29/Apr/2025:22:59:18 -0400] "GET /?k=8866914393202&channel=23582c&from=article.php%3Fid%3D143932-8952%26name%3D%E3%82%A8%E3%83%8C%E3%83%86%E3%82%A3%E3%83%BC%E3%82%A4%E3%83%B3%E3%83%86%E3%83%AA%E3%82%A2+%E3%82%AA%E3%83%BC%E3%83%80%E3%83%BC%E3%82%AB%E3%83%BC%E3%83%86%E3%83%B3+%E9%81%AE%E5%85%891%E7%B4%9A+%E6%98%9F%E6%9F%84%E3%83%97%E3%83%AA%E3%83%B3%E3%83%88%E3%82%AB%E3%83%BC%E3%83%86%E3%83%B31%E6%9E%9A%2B%E6%98%9F%E6%9F%84%E3%83%9C%E3%82%A4%E3%83%AB%E3%83%AC%E3%83%BC%E3%82%B91%E6%9E%9A%EF%BC%9D2%E6%9E%9A%E3%82%BB%E3%83%83%E3%83%88+%E5%B9%85200cm+%E4%B8%88140 HTTP/1.1" 200 50028 "-" "Mozilla/5.0 (Linux; Android 6.0.1; Nexus 5X Build/MMB29P) AppleWebKit/537.36 (KHTML, like Gecko) Chrome/135.0.7049.95 Mobile Safari/537.36 (compatible; Googlebot/2.1; +http://www.google.com/bot.html)"
66.249.74.103 - - [29/Apr/2025:22:59:24 -0400] "GET /?k=19292137854203&channel=b64991&from=product.php%3Fid%3D1378542-14858%26name%3DFHCBUTAE+%E7%94%A8+%E3%82%B7%E3%83%A5%E3%82%B3%E3%83%80+%E7%94%A8+%E3%82%A4%E3%82%A8%E3%83%86%E3%82%A3+2014+2015+2016+2017+2018+2019+2020+2021+%E3%83%AA%E3%82%A2%E3%83%88 HTTP/1.1" 200 51352 "-" "Mozilla/5.0 (Linux; Android 6.0.1; Nexus 5X Build/MMB29P) AppleWebKit/537.36 (KHTML, like Gecko) Chrome/135.0.7049.95 Mobile Safari/537.36 (compatible; Googlebot/2.1; +http://www.google.com/bot.html)"
66.249.74.103 - - [29/Apr/2025:22:59:27 -0400] "GET /?k=47060140850901&channel=4b431e&from=product.php%3Fid%3D1408509-1933%26name%3DChandelier%2C+%E3%83%9B%E3%83%BC%E3%83%A0+LED+%E8%AA%BF%E5%85%89%E5%8F%AF%E8%83%BD%E3%82%B7%E3%83%A3%E3%83%B3%E3%83%87%E3%83%AA%E3%82%A2+%E3%83%A2%E3%83%80%E3%83%B3+%E3%83%80%E3%82%A4%E3%83%8B%E3%83%B3%E3%82%B0%E3%83%86%E3%83%BC%E3%83%96%E3%83%AB+%E3%82%B9%E3%83%88%E3%83%AA%E3%83%83%E3%83%97+%E5%A4%A9%E4%BA%95%E5%90%8A%E3%82%8A%E4%B8%8B%E3%81%92%E3%83%A9%E3%83%B3%E3%83%97+%E5%8C%97%E6%AC%A7%E3%82%A4%E3%83%B3%E3%83%86 HTTP/1.1" 200 54067 "-" "Mozilla/5.0 (Linux; Android 6.0.1; Nexus 5X Build/MMB29P) AppleWebKit/537.36 (KHTML, like Gecko) Chrome/135.0.7049.95 Mobile Safari/537.36 (compatible; Googlebot/2.1; +http://www.google.com/bot.html)"
66.249.74.103 - - [29/Apr/2025:22:59:33 -0400] "GET /?k=87314138722701&channel=1577b5&from=article.php%3Fid%3D1387227-10130%26name%3D%E3%83%88%E3%83%9F%E3%82%AB+No.19+%E3%83%88%E3%83%A8%E3%82%BF+%E3%83%97%E3%83%AA%E3%82%A6%E3%82%B9+%E5%88%9D%E5%9B%9E+12%E5%8F%B0%E3%82%BB%E3%83%83%E3%83%88 HTTP/1.1" 200 53621 "-" "Mozilla/5.0 (Linux; Android 6.0.1; Nexus 5X Build/MMB29P) AppleWebKit/537.36 (KHTML, like Gecko) Chrome/135.0.7049.95 Mobile Safari/537.36 (compatible; Googlebot/2.1; +http://www.google.com/bot.html)"
52.167.144.205 - - [29/Apr/2025:22:59:35 -0400] "GET /?k=91778179187900&channel=05648c&from=article.php%3Fid%3D1791879-7620%26name%3DLED+%E3%83%AF%E3%83%BC%E3%82%AF%E3%83%A9%E3%82%A4%E3%83%88%E5%85%85%E9%9B%BB%E5%BC%8F%E3%80%81%E8%B6%85%E9%AB%98%E8%BC%9D%E5%BA%A6%E5%BC%B7%E5%8A%9B+LED+%E3%82%BB%E3%82%AD%E3%83%A5%E3%83%AA%E3%83%86%E3%82%A3%E3%83%A9%E3%82%A4%E3%83%88%E3%80%81%E9%98%B2%E6%B0%B4%E3%80%81%E3%82%AC%E3%83%AC%E3%83%BC%E3%82%B8%E3%83%AF%E3%83%BC%E3%82%AF%E3%82%B7%E3%83%A7%E3%83%83%E3%83%97%E8%BB%8A%E3%80%81%E5%B1%8B%E5%A4%96%E7%85%A7%E6%98%8E%E7%94%A8 HTTP/1.1" 200 42906 "-" "Mozilla/5.0 AppleWebKit/537.36 (KHTML, like Gecko; compatible; bingbot/2.0; +http://www.bing.com/bingbot.htm) Chrome/116.0.1938.76 Safari/537.36"
66.249.74.103 - - [29/Apr/2025:22:59:42 -0400] "GET /?k=4499254614500&channel=f4a2e7&from=shop.php%3Fid%3D546145-2459%26name%3D80s%7E+ARNYS+%E3%82%A6%E3%83%BC%E3%83%AB%E3%82%B9%E3%83%A9%E3%83%83%E3%82%AF%E3%82%B9%E3%83%91%E3%83%B3%E3%83%84+%E3%83%95%E3%83%A9%E3%83%B3%E3%82%B9%E8%A3%BD+%E3%82%AD%E3%83%A3%E3%83%A1%E3%83%AB%2FFW371 HTTP/1.1" 200 52857 "-" "Mozilla/5.0 (Linux; Android 6.0.1; Nexus 5X Build/MMB29P) AppleWebKit/537.36 (KHTML, like Gecko) Chrome/135.0.7049.95 Mobile Safari/537.36 (compatible; Googlebot/2.1; +http://www.google.com/bot.html)"
66.249.74.103 - - [29/Apr/2025:22:59:44 -0400] "GET /?k=2171790151000&channel=2768e5&from=product.php%3Fid%3D901510-5477%26name%3DMST%E3%82%B3%E3%83%BC%E3%83%9D%E3%83%AC%E3%83%BC%E3%82%B7%E3%83%A7%E3%83%B3+%E3%83%98%E3%83%83%E3%83%89%2F%E3%82%B9%E3%83%88%E3%83%AC%E3%83%BC%E3%83%88%E3%82%A2%E3%83%BC%E3%83%90%E7%94%A8+SH16-SLSB6-70 HTTP/1.1" 200 52103 "-" "Mozilla/5.0 (Linux; Android 6.0.1; Nexus 5X Build/MMB29P) AppleWebKit/537.36 (KHTML, like Gecko) Chrome/135.0.7049.95 Mobile Safari/537.36 (compatible; Googlebot/2.1; +http://www.google.com/bot.html)"
66.249.74.104 - - [29/Apr/2025:22:59:48 -0400] "GET /?k=1151117111404&channel=4405ac&from=product.php%3Fid%3D171114-1352%26name%3D1+%E3%83%9A%E3%82%A2+LED+%E3%83%80%E3%82%A4%E3%83%8A%E3%83%9F%E3%83%83%E3%82%AF%E3%82%BF%E3%83%BC%E3%83%B3%E3%82%B7%E3%82%B0%E3%83%8A%E3%83%AB%E3%80%81%E8%BB%8A%E3%81%AE%E3%83%86%E3%83%BC%E3%83%AB%E3%83%A9%E3%83%B3%E3%83%97%E6%98%BC%E9%96%93%E8%B5%B0%E8%A1%8C%E3%80%81%E3%83%92%E3%83%A5%E3%83%B3%E3%83%80%E3%82%A4%E3%82%BD%E3%83%8A%E3%82%BF+2011-2015+%E3%81%A8%E4%BA%92%E6%8F%9B%E6%80%A7%E3%81%82%E3%82%8A%281+PA HTTP/1.1" 200 52838 "-" "Mozilla/5.0 (Linux; Android 6.0.1; Nexus 5X Build/MMB29P) AppleWebKit/537.36 (KHTML, like Gecko) Chrome/135.0.7049.95 Mobile Safari/537.36 (compatible; Googlebot/2.1; +http://www.google.com/bot.html)"
66.249.74.104 - - [29/Apr/2025:22:59:52 -0400] "GET /?k=72538149194009&channel=c4c86a&from=jp.php%3Fid%3D1491940-6325%26name%3D%E3%80%90%E3%83%8D%E3%82%B3%E3%83%9D%E3%82%B9%E9%80%81%E6%96%99360%E3%80%91+%E3%81%AE%E3%81%BC%E3%82%8A%E6%97%97+%E3%83%95%E3%83%AD%E3%83%BC%E3%83%88%E3%83%BB%E3%83%89%E3%83%AA%E3%83%B3%E3%82%AF%E3%81%AE%E3%81%BC%E3%82%8A+XR62++%E5%B1%8B%E5%8F%B0%E9%A3%B2%E3%81%BF%E7%89%A9+%E3%82%B0%E3%83%83%E3%82%BA%E3%83%97%E3%83%AD HTTP/1.1" 200 0 "-" "Mozilla/5.0 (Linux; Android 6.0.1; Nexus 5X Build/MMB29P) AppleWebKit/537.36 (KHTML, like Gecko) Chrome/135.0.7049.95 Mobile Safari/537.36 (compatible; GoogleOther)"
66.249.74.103 - - [29/Apr/2025:22:59:52 -0400] "GET /?k=37420136903303&channel=916bd3&from=news.php%3Fid%3D1369033-22413%26name%3DLOEWE+%E3%83%AD%E3%82%A8%E3%83%99+%E3%83%90%E3%82%B1%E3%83%8F HTTP/1.1" 200 52585 "-" "Mozilla/5.0 (Linux; Android 6.0.1; Nexus 5X Build/MMB29P) AppleWebKit/537.36 (KHTML, like Gecko) Chrome/135.0.7049.95 Mobile Safari/537.36 (compatible; Googlebot/2.1; +http://www.google.com/bot.html)"
66.249.74.103 - - [29/Apr/2025:22:59:58 -0400] "GET /?k=54279131444700&channel=82e21a&from=jp.php%3Fid%3D1314447-23098%26name%3D%E3%83%8F%E3%83%BC%E3%83%AC%E3%83%BC+XL1200N+%E3%83%91%E3%83%BC%E3%83%84+%E3%82%B9%E3%83%97%E3%83%AD%E3%82%B1%EF%BC%9F+%E3%83%97%E3%83%BC%E3%83%AA%E3%83%BC%E3%82%B3%E3%83%B3%E3%83%88%E3%83%A9%E3%82%B9%E3%83%88%EF%BC%9F HTTP/1.1" 200 51278 "-" "Mozilla/5.0 (Linux; Android 6.0.1; Nexus 5X Build/MMB29P) AppleWebKit/537.36 (KHTML, like Gecko) Chrome/135.0.7049.95 Mobile Safari/537.36 (compatible; Googlebot/2.1; +http://www.google.com/bot.html)"
40.77.167.123 - - [29/Apr/2025:22:59:59 -0400] "GET /?k=27252101487503&channel=03a215&from=category-info.php%3Fid%3D1014875-19791%26name%3D10%E6%9E%9A%E3%81%AE%E5%9C%A7%E5%8A%9B%E3%82%B9%E3%82%A4%E3%83%83%E3%83%81%E3%81%AE%E3%82%BB%E3%83%83%E3%83%88%E9%9B%BB%E6%B0%97%E5%9C%A7%E5%8A%9B%E9%8D%8B%E3%82%B9%E3%82%A4%E3%83%83%E3%83%81%E4%BA%A4%E6%8F%9B%E3%82%B9%E3%82%A4%E3%83%83%E3%83%81%E3%82%AF%E3%83%83%E3%82%AB%E3%83%BC%E7%94%A8%E5%A4%9A%E6%A9%9F%E8%83%BD%E3%82%AF%E3%83%83%E3%82%AB%E3%83%BC%E3%82%A2%E3%82%AF%E3%82%BB%E3%82%B5%E3%83%AA%E3%83%BC+%EF%BC%8810+%E5%80%8B%E3%81%AE%E5%9C%A7%E5%8A%9B%E3%82%B9%E3%82%A4%E3%83%83%E3%83%81%E9%9B%BB%E6%B0%97%E5%9C%A7%E5%8A%9B%E9%8D%8B%E3%82%B9%E3%82%A4%E3%83%83%E3%83%81%E4%BA%A4%E6%8F%9B%E3%82%B9%E3%82%A4%E3%83%83%E3%83%81%E5%A4%9A%E6%A9%9F%E8%83%BD%E8%AA%BF%E7%90%86%E5%99%A8%E3%82%A2%E3%82%AF%E3%82%BB%E3%82%B5%E3%83%AA%E3%83%BC%EF%BC%89 HTTP/1.1" 200 41514 "-" "Mozilla/5.0 AppleWebKit/537.36 (KHTML, like Gecko; compatible; bingbot/2.0; +http://www.bing.com/bingbot.htm) Chrome/116.0.1938.76 Safari/537.36"
66.249.74.105 - - [29/Apr/2025:23:00:07 -0400] "GET /?k=76212154770406&channel=1d0834&from=brands.php%3Fid%3D1547704-5938%26name%3DUNUSED+%E3%82%BF%E3%83%B3%E3%82%AF%E3%83%88%E3%83%83%E3%83%97+%E3%83%A1%E3%83%B3%E3%82%BA+%E3%80%90%E5%8F%A4%E7%9D%80%E3%80%91%E3%80%90%E4%B8%AD%E5%8F%A4%E3%80%91%E3%80%90%E9%80%81%E6%96%99%E7%84%A1%E6%96%99%E3%80%91 HTTP/1.1" 200 51852 "-" "Mozilla/5.0 (Linux; Android 6.0.1; Nexus 5X Build/MMB29P) AppleWebKit/537.36 (KHTML, like Gecko) Chrome/135.0.7049.95 Mobile Safari/537.36 (compatible; Googlebot/2.1; +http://www.google.com/bot.html)"
66.249.74.103 - - [29/Apr/2025:23:00:15 -0400] "GET /?k=1499556398903&channel=74820b&from=goods.php%3Fid%3D563989-1799%26name%3D%E3%83%A6%E3%83%8B%E3%83%90%E3%83%BC%E3%82%B5%E3%83%AB%E4%BA%A4%E6%8F%9B%E7%94%A8%E3%83%86%E3%83%BC%E3%83%96%E3%83%AB%E3%83%88%E3%83%83%E3%83%97%E3%80%81%E5%AE%B6%E5%BA%AD%E7%94%A8%E8%A3%85%E9%A3%BE%E3%83%80%E3%82%A4%E3%83%8B%E3%83%B3%E3%82%B0%E5%AE%B6%E5%85%B7%E7%94%A8%E6%A5%95%E5%86%86%E5%BD%A2%E3%83%AF%E3%83%BC%E3%82%AF%E3%83%99%E3%83%B3%E3%83%81%E3%83%88%E3%83%83%E3%83%97%E3%80%8159%E3%82%A4%E3%83%B3%E3%83%81+47%E3%82%A4%E3%83%B3%E3%83%81+43%E3%82%A4%E3%83%B3%E3%83%81+40%E3%82%A4%E3%83%B3%E3%83%81 HTTP/1.1" 200 52499 "-" "Mozilla/5.0 (Linux; Android 6.0.1; Nexus 5X Build/MMB29P) AppleWebKit/537.36 (KHTML, like Gecko) Chrome/135.0.7049.95 Mobile Safari/537.36 (compatible; Googlebot/2.1; +http://www.google.com/bot.html)"
66.249.74.103 - - [29/Apr/2025:23:00:16 -0400] "GET /?k=75082160351900&channel=090fa2&from=brands.php%3Fid%3D1603519-10289%26name%3DVOX+MINI+5+RHYTHM%EF%BC%88AC%E3%82%A2%E3%83%80%E3%83%97%E3%82%BF%E3%83%BC%E3%83%BB%E8%AA%AC%E6%98%8E%E6%9B%B8%E4%BB%98%EF%BC%89 HTTP/1.1" 200 0 "-" "Mozilla/5.0 (Linux; Android 6.0.1; Nexus 5X Build/MMB29P) AppleWebKit/537.36 (KHTML, like Gecko) Chrome/135.0.7049.95 Mobile Safari/537.36 (compatible; GoogleOther)"
66.249.74.103 - - [29/Apr/2025:23:00:21 -0400] "GET /?k=32892174338901&channel=94b786&from=product.php%3Fid%3D1743389-9222%26name%3D%E3%83%87%E3%82%A3%E3%82%B9%E3%83%97%E3%83%AC%E3%82%A4%E3%82%B9%E3%82%BF%E3%83%B3%E3%83%89+%E5%88%80%E3%83%9B%E3%83%AB%E3%83%80%E3%83%BC+%E3%82%B5%E3%83%A0%E3%83%A9%E3%82%A4%E5%88%80%E3%83%87%E3%82%A3%E3%82%B9%E3%83%97%E3%83%AC%E3%82%A4%E3%82%B9%E3%82%BF%E3%83%B3%E3%83%89+%E5%88%80%E3%83%96%E3%83%A9%E3%82%B1%E3%83%83%E3%83%88%E3%83%8F%E3%83%B3%E3%82%AC%E3%83%BC+%E5%88%80%E7%94%A8+%E6%A8%99%E6%BA%96%E5%88%80+%E5%88%80%E3%82%B9%E3%82%BF%E3%83%B3%E3%83%89+%E5%88%80%E3%82%B9%E3%82%BF%E3%83%B3%E3%83%89 HTTP/1.1" 200 52180 "-" "Mozilla/5.0 (Linux; Android 6.0.1; Nexus 5X Build/MMB29P) AppleWebKit/537.36 (KHTML, like Gecko) Chrome/135.0.7049.95 Mobile Safari/537.36 (compatible; Googlebot/2.1; +http://www.google.com/bot.html)"
66.249.74.103 - - [29/Apr/2025:23:00:29 -0400] "GET /?k=09837125094302&channel=6e3f24&from=category-info.php%3Fid%3D1250943-22412%26name%3D20ml+%E3%83%97%E3%83%A9%E3%82%B9%E3%83%81%E3%83%83%E3%82%AF+%E6%B3%A8%E5%B0%84%E5%99%A8+%E3%82%B7%E3%83%AA%E3%83%B3%E3%82%B8+%E3%83%9A%E3%83%83%E3%83%88DIY+3%E6%9C%AC%E3%82%BB%E3%83%83%E3%83%88+Z166 HTTP/1.1" 200 52054 "-" "Mozilla/5.0 (Linux; Android 6.0.1; Nexus 5X Build/MMB29P) AppleWebKit/537.36 (KHTML, like Gecko) Chrome/135.0.7049.95 Mobile Safari/537.36 (compatible; Googlebot/2.1; +http://www.google.com/bot.html)"
66.249.74.103 - - [29/Apr/2025:23:00:35 -0400] "GET /?k=47197146516601&channel=8b0bf3&from=shop.php%3Fid%3D1465166-24352%26name%3D%E3%83%9E%E3%82%A4%E3%83%97%E3%83%AD%E3%83%86%E3%82%A4%E3%83%B3%E3%80%80%E3%83%91%E3%83%B3%E3%82%B1%E3%83%BC%E3%82%AD%E3%83%9F%E3%83%83%E3%82%AF%E3%82%B9%E3%80%801%E3%82%AD%E3%83%AD%E3%80%80%E3%83%A1%E3%82%A4%E3%83%97%E3%83%AB%E3%82%B7%E3%83%AD%E3%83%83%E3%83%97%E5%91%B3%E3%80%80%E9%99%90%E5%AE%9A%E5%A4%A7%E7%89%B9%E4%BE%A1 HTTP/1.1" 200 53546 "-" "Mozilla/5.0 (Linux; Android 6.0.1; Nexus 5X Build/MMB29P) AppleWebKit/537.36 (KHTML, like Gecko) Chrome/135.0.7049.95 Mobile Safari/537.36 (compatible; Googlebot/2.1; +http://www.google.com/bot.html)"
66.249.74.103 - - [29/Apr/2025:23:00:40 -0400] "GET /?k=7106131116602&channel=92b589&from=goods.php%3Fid%3D311166-9522%26name%3D%E5%86%99%E7%9C%9F+%E8%8F%AF%E6%9D%91+%E3%81%82%E3%81%99%E3%81%8B1+%E3%83%95%E3%83%A9%E3%83%B3%E3%83%8D%E3%83%AB%E3%82%AB%E3%83%BC%E3%83%9A%E3%83%83%E3%83%88+%E7%B5%A8%E6%AF%AF+%E3%82%AB%E3%83%BC%E3%83%9A%E3%83%83%E3%83%88+%E3%83%88+%E7%8E%84%E9%96%A2%E3%83%9E%E3%83%83%E3%83%88+%E3%82%A8%E3%83%B3%E3%83%88%E3%83%A9%E3%83%B3%E3%82%B9%E3%83%9E%E3%83%83%E3%83%88+%E5%B1%85%E9%96%93%E3%81%AE%E3%83%95%E3%83%AD%E3%82%A2%E3%83%9E%E3%83%83%E3%83%88+%E3%83%90%E3%82%B9%E3%83%AB%E3%83%BC%E3%83%A0%E3%83%9E%E3%83%83 HTTP/1.1" 200 51833 "-" "Mozilla/5.0 (Linux; Android 6.0.1; Nexus 5X Build/MMB29P) AppleWebKit/537.36 (KHTML, like Gecko) Chrome/135.0.7049.95 Mobile Safari/537.36 (compatible; Googlebot/2.1; +http://www.google.com/bot.html)"
66.249.74.103 - - [29/Apr/2025:23:00:46 -0400] "GET /?k=1842881674101&channel=b1364c&from=jp.php%3Fid%3D816741-10131%26name%3DSMEJS+%E5%A4%8F%E3%81%AE%E8%96%84%E3%81%84%E3%83%89%E3%83%AC%E3%83%83%E3%82%B7%E3%83%B3%E3%82%B0%E3%82%AC%E3%82%A6%E3%83%B3%E3%81%AE%E5%A5%B3%E6%80%A7%E3%81%AE%E7%B4%94%E7%B2%8B%E3%81%AA%E7%B6%BF%E3%82%AB%E3%83%83%E3%83%97%E3%83%AB%E3%83%90%E3%82%B9%E3%83%AD%E3%83%BC%E3%83%96%E3%82%AF%E3%82%A4%E3%83%83%E3%82%AF%E3%83%89%E3%83%A9%E3%82%A4%E3%83%96%E3%81%AE%E3%83%90%E3%82%B9%E3%83%AD%E3%83%BC%E3%83%96%E3%83%97%E3%83%A9%E3%82%B9%E3%82%B5%E3%82%A4%E3%82%BA%E3%81%AE%E3%83%91%E3%82%B8%E3%83%A3%E3%83%9E%28A%2CMe HTTP/1.1" 200 53323 "-" "Mozilla/5.0 (Linux; Android 6.0.1; Nexus 5X Build/MMB29P) AppleWebKit/537.36 (KHTML, like Gecko) Chrome/135.0.7049.95 Mobile Safari/537.36 (compatible; Googlebot/2.1; +http://www.google.com/bot.html)"
66.249.74.103 - - [29/Apr/2025:23:00:49 -0400] "GET /?k=88099125181701&channel=58479e&from=form.php%3Fid%3D1251817-20002%26name%3D%E3%81%BE%E3%81%A8%E3%82%81%E5%89%B2%E3%81%82%E3%82%8A%21%E3%80%80%E3%82%B4%E3%83%BC%E3%83%AB%E3%83%89%E3%83%AA%E3%83%9C%E3%83%B3%E5%88%BA%E7%B9%8D%E3%80%80%E4%BA%BA%E6%B0%97%E3%81%AE%E3%83%8C%E3%83%93%E7%94%9F%E5%9C%B0%E3%80%80%E9%9F%93%E5%9B%BD%E3%83%8C%E3%83%93%E3%80%80%E4%B8%8A%E5%93%81%E3%80%80%E3%81%8A%E3%81%97%E3%82%83%E3%82%8C HTTP/1.1" 200 0 "-" "Mozilla/5.0 (Linux; Android 6.0.1; Nexus 5X Build/MMB29P) AppleWebKit/537.36 (KHTML, like Gecko) Chrome/135.0.7049.95 Mobile Safari/537.36 (compatible; GoogleOther)"
66.249.74.104 - - [29/Apr/2025:23:00:54 -0400] "GET /?k=57737190843407&channel=ee44ed&from=shop.php%3Fid%3D1908434-9234%26name%3DSanabul+Essentials+V.2+%E8%B6%85%E8%BB%BD%E9%87%8F+%E9%98%B2%E7%B8%AE%E5%8A%A0%E5%B7%A5+BJJ%E6%9F%94%E8%A1%93%E7%9D%80+%28%E3%83%8D%E3%82%A4%E3%83%93%E3%83%BC HTTP/1.1" 200 51647 "-" "Mozilla/5.0 (Linux; Android 6.0.1; Nexus 5X Build/MMB29P) AppleWebKit/537.36 (KHTML, like Gecko) Chrome/135.0.7049.95 Mobile Safari/537.36 (compatible; Googlebot/2.1; +http://www.google.com/bot.html)"
66.249.74.103 - - [29/Apr/2025:23:01:01 -0400] "GET /?k=230078491201&channel=a242ab&from=blog.php%3Fid%3D84912-524%26name%3D1+%E3%83%9A%E3%82%A2%E3%82%AB%E3%83%BC%E3%83%9C%E3%83%B3%E3%83%95%E3%82%A1%E3%82%A4%E3%83%90%E3%83%BC%E8%BB%8A%E3%83%9F%E3%83%A9%E3%83%BC%E3%82%AB%E3%83%90%E3%83%BC%E3%82%AD%E3%83%A3%E3%83%83%E3%83%97%E3%82%A2%E3%82%AF%E3%82%BB%E3%82%B5%E3%83%AA%E3%83%BC%E4%BA%92%E6%8F%9B%E6%80%A7+1+%E3%82%B7%E3%83%AA%E3%83%BC%E3%82%BA+E87+E81+E82+2007-2009+%E3%82%A2%E3%83%89%E3%82%AA HTTP/1.1" 200 53083 "-" "Mozilla/5.0 (Linux; Android 6.0.1; Nexus 5X Build/MMB29P) AppleWebKit/537.36 (KHTML, like Gecko) Chrome/135.0.7049.95 Mobile Safari/537.36 (compatible; Googlebot/2.1; +http://www.google.com/bot.html)"
66.249.74.104 - - [29/Apr/2025:23:01:09 -0400] "GET /?k=17474139109401&channel=596e14&from=jp.php%3Fid%3D1391094-14025%26name%3D%E5%B1%8B%E5%A4%96%E7%94%A8%E3%83%A1%E3%82%BF%E3%83%AB%E3%82%B5%E3%83%B3%E3%83%A9%E3%82%A6%E3%83%B3%E3%82%B8%E3%83%A3%E3%83%BC%E3%80%81%E6%8A%98%E3%82%8A%E3%81%9F%E3%81%9F%E3%81%BF%E5%BC%8F%E3%82%AC%E3%83%BC%E3%83%87%E3%83%B3%E3%83%81%E3%82%A7%E3%82%A2%E4%BB%98%E3%81%8D%E3%82%B5%E3%83%B3%E3%83%99%E3%83%83%E3%83%89%E3%80%81%E9%98%B2%E9%8C%86%E3%83%95%E3%83%AC%E3%83%BC%E3%83%A0+%E5%90%88%E6%88%90%E7%B9%8A%E7%B6%AD%E3%80%81%E8%AA%BF%E7%AF%80%E5%8F%AF%E8%83%BD%E3%81%AA%E3%83%95%E3%83%83%E3%83%88%E3%83%AC%E3%82%B9%E3%83%88%E3%80%81%E7%84%A1%E6%96%99%E6%9E%95%E4%BB%98%E3%81%8D%E3%80%81+%EF%BC%88Sunloungers+jp+-+deckchairs+and+sunloungers+jp+%7C+Lafuma+Mobilier%EF%BC%89 HTTP/1.1" 200 52466 "-" "Mozilla/5.0 (Linux; Android 6.0.1; Nexus 5X Build/MMB29P) AppleWebKit/537.36 (KHTML, like Gecko) Chrome/135.0.7049.95 Mobile Safari/537.36 (compatible; Googlebot/2.1; +http://www.google.com/bot.html)"
66.249.74.103 - - [29/Apr/2025:23:01:15 -0400] "GET /?k=8741895317903&channel=fbacb4&from=form.php%3Fid%3D953179-17424%26name%3D%E5%AF%BE%E5%BF%9C+Nikon+Zf+%2F+Z8+%2F+Z9+%E4%BF%9D%E8%AD%B7%E3%83%95%E3%82%A3%E3%83%AB%E3%83%A0+%E3%82%AC%E3%83%A9%E3%82%B9%E3%83%95%E3%82%A3%E3%83%AB%E3%83%A0+2%E6%9E%9A%E3%80%90%E6%97%A5%E6%9C%AC%E8%A3%BD%E7%B4%A0%E6%9D%90%E6%97%AD%E7%A1%9D%E5%AD%90%E8%A3%BD%E3%80%91+%E8%A1%A8%E9%9D%A2%E7%A1%AC%E5%BA%A69H+%E5%AF%BE%E5%BF%9C+%E3%83%8B%E3%82%B3%E3%83%B3+z HTTP/1.1" 200 50969 "-" "Mozilla/5.0 (Linux; Android 6.0.1; Nexus 5X Build/MMB29P) AppleWebKit/537.36 (KHTML, like Gecko) Chrome/135.0.7049.95 Mobile Safari/537.36 (compatible; Googlebot/2.1; +http://www.google.com/bot.html)"
52.167.144.220 - - [29/Apr/2025:23:01:21 -0400] "GET /?k=6171981940102&channel=bf894f&from=goods.php%3Fid%3D819401-17865%26name%3DJEPPO+12.14%E3%83%95%E3%82%A3%E3%83%BC%E3%83%88%2F3.7%E3%83%A1%E3%83%BC%E3%83%88%E3%83%AB%E3%81%AE%E4%BC%B8%E7%B8%AE%E3%83%AD%E3%83%83%E3%83%89%E3%81%AF%E3%80%81%E3%83%AC%E3%83%BC%E3%82%B6%E3%83%BC%E5%A2%A8%E5%87%BA%E3%81%97%E5%99%A8%E3%81%AB%E9%81%A9%E3%81%97%E3%81%A6%E3%81%8A%E3%82%8A%E3%80%81%E8%AA%BF%E7%AF%80%E5%8F%AF%E8%83%BD%E3%81%AA%E3%83%AC%E3%83%BC%E3%82%B6%E3%83%BC%E5%A2%A8%E5%87%BA%E3%81%97%E5%99%A8%E7%94%A8%E4%B8%89%E8%84%9A%E3%81%8C%E4%BB%98%E5%B1%9E%E3%81%97 HTTP/1.1" 200 41470 "-" "Mozilla/5.0 AppleWebKit/537.36 (KHTML, like Gecko; compatible; bingbot/2.0; +http://www.bing.com/bingbot.htm) Chrome/116.0.1938.76 Safari/537.36"
66.249.74.103 - - [29/Apr/2025:23:01:24 -0400] "GET /?k=9662914964201&channel=7139fe&from=goods.php%3Fid%3D149642-9036%26name%3D%E3%83%95%E3%82%A9%E3%83%BC%E3%82%A8%E3%83%90%E3%83%BC%E3%83%AA%E3%83%93%E3%83%B3%E3%82%B0%E3%83%97%E3%83%AD%E3%83%80%E3%82%AF%E3%83%84%E3%80%80%E3%82%A2%E3%83%AD%E3%82%A8%E3%83%94%E3%83%BC%E3%83%81%E3%80%8018%E6%9C%AC%E3%82%BB%E3%83%83%E3%83%88 HTTP/1.1" 200 50616 "-" "Mozilla/5.0 (Linux; Android 6.0.1; Nexus 5X Build/MMB29P) AppleWebKit/537.36 (KHTML, like Gecko) Chrome/135.0.7049.95 Mobile Safari/537.36 (compatible; Googlebot/2.1; +http://www.google.com/bot.html)"
66.249.74.103 - - [29/Apr/2025:23:01:33 -0400] "GET /?k=20298173782402&channel=21bb37&from=product.php%3Fid%3D1737824-16398%26name%3D%E9%8A%85%E8%A3%BD+%E4%B8%A1%E6%89%8B%E9%8D%8B+%E4%B8%AD%E5%9E%8B+%E6%96%B0%E5%93%81%E6%9C%AA%E4%BD%BF%E7%94%A8 HTTP/1.1" 200 51032 "-" "Mozilla/5.0 (Linux; Android 6.0.1; Nexus 5X Build/MMB29P) AppleWebKit/537.36 (KHTML, like Gecko) Chrome/135.0.7049.95 Mobile Safari/537.36 (compatible; Googlebot/2.1; +http://www.google.com/bot.html)"
