66.249.74.103 - - [29/Apr/2025:23:07:10 -0400] "GET /?k=24523178397301&channel=ad1200&from=blog.php%3Fid%3D1783973-893%26name%3D%E3%82%B9%E3%83%8C%E3%83%BC%E3%83%94%E3%83%BC+iPhone14plus+%E3%82%B1%E3%83%BC%E3%82%B9+%E3%82%A2%E3%82%A4%E3%83%95%E3%82%A9%E3%83%B314plus+%E5%AF%BE%E5%BF%9C+%E6%96%B0%E5%9E%8B+%E3%82%AB%E3%83%BC%E3%83%89+%E5%8F%8E%E7%B4%8D+%E8%80%90%E8%A1%9D%E6%92%83+%E6%89%8B%E5%B8%B3%E5%9E%8B+%E8%83%8C%E9%9D%A2+%E3%82%AB%E3%83%BC%E3%83%89+%E3%83%9B%E3%83%AB%E3%83%80 HTTP/1.1" 200 53839 "-" "Mozilla/5.0 (Linux; Android 6.0.1; Nexus 5X Build/MMB29P) AppleWebKit/537.36 (KHTML, like Gecko) Chrome/135.0.7049.95 Mobile Safari/537.36 (compatible; Googlebot/2.1; +http://www.google.com/bot.html)"
40.77.167.247 - - [29/Apr/2025:23:07:11 -0400] "GET /?k=82899184522803&channel=7d3dde&from=article.php%3Fid%3D1845228-14824%26name%3DFarigrut+%E9%89%84%E9%8D%8B%E5%9C%9F%E9%8D%8B+%E9%89%84%E9%8B%B3%E7%89%A9%E8%A3%BD+%E3%82%AC%E3%82%B9%E7%81%AB+IH+%E5%AF%BE%E5%BF%9C+%E9%8B%B3%E9%89%84%E9%8D%8B%E5%AE%B6%E5%BA%AD%E7%94%A8%E4%B8%A1%E8%80%B3%E5%A4%A7%E5%9E%8B%E9%89%84%E9%8D%8B%E6%98%94%E3%81%AA%E3%81%8C%E3%82%89%E3%81%AE%E4%B8%B8%E5%BA%95%E3%82%AC%E3%82%B9+%E5%A4%9A%E7%9B%AE%E7%9A%84%E9%8D%8B+%E6%9C%AC%E6%A0%BC%E7%9A%84%E3%81%AA%E9%89%84%E8%A3%BD%E3%81%AE%E3%81%8A%E9%8D%8B%E3%81%A7 HTTP/1.1" 200 41917 "-" "Mozilla/5.0 AppleWebKit/537.36 (KHTML, like Gecko; compatible; bingbot/2.0; +http://www.bing.com/bingbot.htm) Chrome/116.0.1938.76 Safari/537.36"
66.249.74.103 - - [29/Apr/2025:23:07:12 -0400] "GET /?k=81496146033605&channel=4ece2c&from=product.php%3Fid%3D1460336-3538%26name%3D%E3%83%97%E3%83%BC%E3%83%AB%E3%81%AE%E6%89%8B%E3%81%99%E3%82%8A+%E3%82%B9%E3%82%A4%E3%83%9F%E3%83%B3%E3%82%B0%E3%83%97%E3%83%BC%E3%83%AB%E3%81%AE%E9%9A%8E%E6%AE%B5%E3%81%AE%E3%83%AC%E3%83%BC%E3%83%AB%E3%80%81304+%E3%82%B9%E3%83%86%E3%83%B3%E3%83%AC%E3%82%B9%E9%8B%BC%E3%83%97%E3%83%BC%E3%83%AB+%E3%83%AC%E3%83%BC%E3%83%AB%E5%9C%B0%E4%B8%AD%E3%83%97%E3%83%BC%E3%83%AB%E3%81%AE%E3%82%A8%E3%83%B3%E3%83%88%E3%83%AA%E3%80%81%E9%8C%86%E3%81%A8%E5%A4%A9%E5%80%99%E3%81%AE%E8%A8%BC%E6%8B%A0%E3%80%81%E3%82%B7%E3%83%AB%E3%83%90%E3%83%BC%E3%81%AE%E3%81%9F HTTP/1.1" 200 0 "-" "Mozilla/5.0 (Linux; Android 6.0.1; Nexus 5X Build/MMB29P) AppleWebKit/537.36 (KHTML, like Gecko) Chrome/135.0.7049.95 Mobile Safari/537.36 (compatible; GoogleOther)"
66.249.74.103 - - [29/Apr/2025:23:07:19 -0400] "GET /?k=08703180384101&channel=bd9f58&from=info.php%3Fid%3D1803841-12111%26name%3D%E3%82%B8%E3%82%A7%E3%83%83%E3%83%88%E3%82%A4%E3%83%8E%E3%82%A6%E3%82%A8%E3%80%80%E3%82%AC%E3%83%B3%E3%82%B0%E3%83%AA%E3%83%83%E3%83%97%E3%82%B7%E3%83%95%E3%83%88%E3%83%8E%E3%83%96%E3%80%80%E3%83%96%E3%83%A9%E3%83%83%E3%82%AF HTTP/1.1" 200 53543 "-" "Mozilla/5.0 (Linux; Android 6.0.1; Nexus 5X Build/MMB29P) AppleWebKit/537.36 (KHTML, like Gecko) Chrome/135.0.7049.95 Mobile Safari/537.36 (compatible; Googlebot/2.1; +http://www.google.com/bot.html)"
66.249.74.103 - - [29/Apr/2025:23:07:25 -0400] "GET /?k=13501113419107&channel=b3d443&from=goods.php%3Fid%3D1134191-8483%26name%3D%E3%80%90%E3%82%B5%E3%83%B3%E3%83%97%E3%83%AB%E5%95%86%E5%93%81%EF%BC%9AFDP-35%EF%BC%88%E9%BB%92%EF%BC%89%E3%80%91%3Cbr%3E%E3%83%86%E3%82%A4%E3%82%AF%E3%82%A2%E3%82%A6%E3%83%88+%E5%AE%B9%E5%99%A8+%E3%81%8A%E3%81%97%E3%82%83%E3%82%8C+%E5%AE%B9%E5%99%A8+%E6%A5%AD%E5%8B%99%E7%94%A8+%E3%83%A9%E3%83%B3%E3%83%81%E3%83%9C%E3%83%83%E3%82%AF%E3%82%B9+%E3%83%A9%E3%83%B3%E3%83%81%E3%82%B1%E3%83%BC%E3%82%B9+%E5%BC%81%E5%BD%93%E7%AE%B1+%E4%BD%BF%E3%81%84%E6%8D%A8%E3%81%A6+%E3%83%86%E3%82%A4%E3%82%AF%E3%82%A2%E3%82%A6%E3%83%88+%E3%83%87%E3%83%AA%E3%83%90%E3%83%AA%E3%83%BC+%E3%81%8A%E3%81%AB%E3%81%8E%E3%82%8A%E3%83%91%E3%83%83%E3%82%AF+%E8%93%8B%E4%BB%98%E3%81%8D+%E6%83%A3%E8%8F%9C+%E3%81%8A%E3%81%8B%E3%81%9A+%E4%BD%BF%E3%81%84%E5%88%87%E3%82%8A+%E6%97%A5%E6%9C%AC%E8%A3%BD+%E4%BD%BF%E3%81%84%E6%8D%A8%E3%81%A6%E5%AE%B9%E5%99%A8+%E3%81%8A%E3%81%AB%E3%81%8E%E3%82%8A+%E3%83%95%E3%83%BC%E3%83%89%E3%83%91%E3%83%83%E3%82%AF HTTP/1.1" 200 54067 "-" "Mozilla/5.0 (Linux; Android 6.0.1; Nexus 5X Build/MMB29P) AppleWebKit/537.36 (KHTML, like Gecko) Chrome/135.0.7049.95 Mobile Safari/537.36 (compatible; Googlebot/2.1; +http://www.google.com/bot.html)"
66.249.74.103 - - [29/Apr/2025:23:07:33 -0400] "GET /?k=8195473401600&channel=a1367c&from=blog.php%3Fid%3D734016-9599%26name%3D%E6%96%B0%E5%93%81%E3%82%BF%E3%82%B0%E4%BB%98%E3%81%8D%EF%BC%81%E3%83%9D%E3%83%BC%E3%83%AB%E3%82%B9%E3%83%9F%E3%82%B9%E3%80%80Paul+Smith+%E3%83%A9%E3%82%A6%E3%83%B3%E3%82%B8%E3%82%A6%E3%82%A7%E3%82%A2%E3%80%80%E4%B8%8A%E4%B8%8B%E3%82%BB%E3%83%83%E3%83%88%E2%98%86 HTTP/1.1" 200 51366 "-" "Mozilla/5.0 (Linux; Android 6.0.1; Nexus 5X Build/MMB29P) AppleWebKit/537.36 (KHTML, like Gecko) Chrome/135.0.7049.95 Mobile Safari/537.36 (compatible; Googlebot/2.1; +http://www.google.com/bot.html)"
66.249.74.103 - - [29/Apr/2025:23:07:35 -0400] "GET /?k=0811729734303&channel=9ea5d2&from=blog.php%3Fid%3D297343-8770%26name%3D%EF%BD%85-1+%E3%83%96%E3%83%AC%E3%82%B9%E3%83%AC%E3%83%83%E3%83%88+200+%E3%82%A2%E3%82%B9%E3%83%AA%E3%83%BC%E3%83%88%E3%80%80%E3%82%B9%E3%83%9D%E3%83%BC%E3%83%84++%E3%82%B5%E3%82%A4%E3%82%BA%E3%80%80M%EF%BC%88%E3%82%AF%E3%83%AA%E3%82%AA+%E3%82%A4%E3%83%B3%E3%83%91%E3%83%AB%E3%82%B9+%E3%83%96%E3%83%AC%E3%82%B9%E3%83%AC%E3%83%83%E3%83%88%E3%80%90M%E3%80%9119cm+%7C+%E3%82%B5%E3%83%97%E3%83%AA%E3%83%A1%E3%83%B3%E3%83%88%E3%83%BB%E3%83%9C%E3%83%87%E3%82%A3%E3%82%B1%E3%82%A2%2C%E5%81%A5%E5%BA%B7%E3%82%B0%E3%83%83%E3%82%BA%2C%E3%82%AF%E3%83%AA%E3%82%AA+%7C+%E3%83%AF%E3%83%BC%E3%83%AB%E3%83%89%E3%82%B5%E3%82%A4%E3%82%AF%E3%83%AB+%E9%80%9A%E8%B2%A9%EF%BC%89 HTTP/1.1" 200 0 "-" "Mozilla/5.0 (Linux; Android 6.0.1; Nexus 5X Build/MMB29P) AppleWebKit/537.36 (KHTML, like Gecko) Chrome/135.0.7049.95 Mobile Safari/537.36 (compatible; GoogleOther)"
66.249.74.103 - - [29/Apr/2025:23:07:40 -0400] "GET /?k=37193157831404&channel=2c78ef&from=info.php%3Fid%3D1578314-7966%26name%3D%E3%82%AA%E3%83%BC%E3%83%88%E3%83%90%E3%82%A4%E3%81%AE%E7%87%83%E6%96%99%E3%83%9D%E3%83%B3%E3%83%97+YZF+R1+R1S+%E3%83%AA%E3%83%9F%E3%83%86%E3%83%83%E3%83%89%E3%82%A8%E3%83%87%E3%82%A3%E3%82%B7%E3%83%A7%E3%83%B3+2016-2017+%E3%82%AA%E3%83%BC%E3%83%88%E3%83%90%E3%82%A4%E7%87%83%E6%96%99%E3%83%9D%E3%83%B3%E3%83%97%E3%82%AD%E3%83%83%E3%83%88+%E7%87%83%E6%96%99%E3%83%9D%E3%83%B3%E3%83%97+5 HTTP/1.1" 200 51441 "-" "Mozilla/5.0 (Linux; Android 6.0.1; Nexus 5X Build/MMB29P) AppleWebKit/537.36 (KHTML, like Gecko) Chrome/135.0.7049.95 Mobile Safari/537.36 (compatible; Googlebot/2.1; +http://www.google.com/bot.html)"
66.249.74.103 - - [29/Apr/2025:23:07:48 -0400] "GET /?k=93267122791800&channel=38c576&from=pin.php%3Fid%3D1227918-8208%26name%3D%E9%89%9B%E3%81%AE%E5%A1%8A%E2%91%A1 HTTP/1.1" 200 53197 "-" "Mozilla/5.0 (Linux; Android 6.0.1; Nexus 5X Build/MMB29P) AppleWebKit/537.36 (KHTML, like Gecko) Chrome/135.0.7049.95 Mobile Safari/537.36 (compatible; Googlebot/2.1; +http://www.google.com/bot.html)"
52.167.144.204 - - [29/Apr/2025:23:07:51 -0400] "GET /?k=4542348216503&channel=77532c&from=article.php%3Fid%3D482165-889%26name%3DEDLE+%E6%8A%98%E3%82%8A%E3%81%9F%E3%81%9F%E3%81%BF%E5%BC%8F%E3%83%AA%E3%82%AF%E3%83%A9%E3%82%A4%E3%83%8B%E3%83%B3%E3%82%B0%E3%83%81%E3%82%A7%E3%82%A2%E3%80%81%E8%83%8C%E3%82%82%E3%81%9F%E3%82%8C9%E6%AE%B5%E8%AA%BF%E7%AF%80%E5%8F%AF%E8%83%BD%E3%80%81%E3%83%9D%E3%83%BC%E3%82%BF%E3%83%96%E3%83%AB%E3%83%AA%E3%82%AF%E3%83%A9%E3%82%A4%E3%83%8B%E3%83%B3%E3%82%B0%E3%83%81%E3%82%A7%E3%82%A2%E3%80%81%E3%82%AF%E3%83%83%E3%82%B7%E3%83%A7%E3%83%B3%E4%BB%98%E3%81%8D%E3%80%81%E3%82%AA%E3%83%95%E3%82%A3%E3%82%B9%E6%98%BC%E5%AF%9D%E6%A4%85%E5%AD%90%28+%EF%BC%88%E3%83%AA%E3%82%AF%E3%83%A9%E3%82%A4%E3%83%8B%E3%83%B3%E3%82%B0%E3%83%81%E3%82%A7%E3%82%A2+%E3%82%AA%E3%83%83%E3%83%88%E3%83%9E%E3%83%B3%E4%B8%80%E4%BD%93%E5%9E%8B+%E6%8A%98%E3%82%8A%E3%81%9F%E3%81%9F%E3%81%BF%E5%BC%8F+%E3%83%95%E3%83%83%E3%83%88%E3%83%AC%E3%82%B9%E3%83%88+%E3%82%AA%E3%83%83%E3%83%88%E3%83%9E%E3%83%B3+%E3%82%AA%E3%83%83%E3%83%88%E3%83%9E%E3%83%B3%E4%BB%98+%E3%83%AA%E3%83%A9%E3%83%83%E3%82%AF%E3%82%B9%E3%83%81%E3%82%A7%E3%82%A2+%E8%B6%B3%E7%BD%AE%E3%81%8D+%E3%81%94%E3%82%8D%E5%AF%9D+%E3%83%AA%E3%82%AF%E3%83%A9%E3%82%A4%E3%83%8B%E3%83%B3%E3%82%B0%E3%82%BD%E3%83%95%E3%82%A1++%E3%82%86%E3%81%A3%E3%81%9F%E3%82%8A+%E3%82%AA%E3%83%95%E3%82%A3%E3%82%B9%E3%83%81%E3%82%A7%E3%82%A2+%E3%83%95%E3%82%AB%E3%83%95%E3%82%AB+%E3%83%8F%E3%82%A4%E3%83%90%E3%83%83%E3%82%AF+%E3%83%91%E3%83%BC%E3%82%BD%E3%83%8A%E3%83%AB%E3%83%81%E3%82%A7%E3%82%A2+%E8%82%98%E6%8E%9B%E3%81%91%E4%BB%98%E3%81%8D+%E3%81%8A%E3%81%97%E3%82%83%E3%82%8C+%E3%82%B7%E3%83%B3%E3%83%97%E3%83%AB+%E6%9E%95%E4%B8%80%E4%BD%93%E5%9E%8B+TAN-859%E3%81%AE%E9%80%9A%E8%B2%A9+...%EF%BC%89 HTTP/1.1" 200 40059 "-" "Mozilla/5.0 AppleWebKit/537.36 (KHTML, like Gecko; compatible; bingbot/2.0; +http://www.bing.com/bingbot.htm) Chrome/116.0.1938.76 Safari/537.36"
52.167.144.204 - - [29/Apr/2025:23:07:52 -0400] "GET /?k=76084191595802&channel=7ebb1c&from=category-info.php%3Fid%3D1915958-18676%26name%3D%5BAEOCTIV%5D+%E5%A5%B3%E6%80%A7%E3%81%AE%E6%96%B0%E3%81%97%E3%81%84%E3%83%99%E3%83%AA%E3%83%BC%E3%83%80%E3%83%B3%E3%82%B9%E3%82%B9%E3%82%AB%E3%83%BC%E3%83%88%E3%83%99%E3%83%AA%E3%83%BC%E3%83%80%E3%83%B3%E3%82%B9%E3%83%89%E3%83%AC%E3%82%B9%E3%83%8F%E3%82%A4%E3%82%B9%E3%83%97%E3%83%AA%E3%83%83%E3%83%88%E5%BC%BE%E6%80%A7%E3%83%80%E3%83%B3%E3%82%B9%E3%82%B9%E3%82%AB%E3%83%BC%E3%83%88%E3%83%88%E3%83%AC%E3%83%BC%E3%83%8B%E3%83%B3%E3%82%B0%E3%83%89%E3%83%AC%E3%82%B9%E3%83%99%E3%83%AA%E3%83%BC%E3%83%80%E3%83%B3%E3%82%B9 HTTP/1.1" 200 41673 "-" "Mozilla/5.0 AppleWebKit/537.36 (KHTML, like Gecko; compatible; bingbot/2.0; +http://www.bing.com/bingbot.htm) Chrome/116.0.1938.76 Safari/537.36"
66.249.74.104 - - [29/Apr/2025:23:07:52 -0400] "GET /?k=993195998809&channel=855a44&from=shop.php%3Fid%3D59988-1974%26name%3D%E7%BE%8E%E5%93%81%E2%98%85DRAWER+%E3%82%A6%E3%83%BC%E3%83%AB+%E3%83%A1%E3%83%AB%E3%83%88%E3%83%B3+P%E3%82%B3%E3%83%BC%E3%83%88+%E9%87%91%E3%83%9C%E3%82%BF%E3%83%B3+%E7%B4%BA+36%E3%80%80A947 HTTP/1.1" 200 52768 "-" "Mozilla/5.0 (Linux; Android 6.0.1; Nexus 5X Build/MMB29P) AppleWebKit/537.36 (KHTML, like Gecko) Chrome/135.0.7049.95 Mobile Safari/537.36 (compatible; Googlebot/2.1; +http://www.google.com/bot.html)"
66.249.74.103 - - [29/Apr/2025:23:07:54 -0400] "GET /?k=3276152694202&channel=c1fb97&from=shop.php%3Fid%3D526942-3535%26name%3DHighwood+%E3%82%AF%E3%83%A9%E3%82%B7%E3%83%83%E3%82%AF+%E3%82%A6%E3%82%A8%E3%82%B9%E3%83%88%E3%83%9D%E3%83%BC%E3%83%88+%E3%82%AC%E3%83%BC%E3%83%87%E3%83%B3+%E3%83%AD%E3%83%83%E3%82%AD%E3%83%B3%E3%82%B0%E3%83%81%E3%82%A7%E3%82%A2+%E3%83%9B%E3%83%AF%E3%82%A4%E3%83%88 HTTP/1.1" 200 0 "-" "Mozilla/5.0 (Linux; Android 6.0.1; Nexus 5X Build/MMB29P) AppleWebKit/537.36 (KHTML, like Gecko) Chrome/135.0.7049.95 Mobile Safari/537.36 (compatible; GoogleOther)"
66.249.74.104 - - [29/Apr/2025:23:07:58 -0400] "GET /?k=91824144621703&channel=04b37b&from=form.php%3Fid%3D1446217-24254%26name%3D%5B%E3%82%AD%E3%83%83%E3%83%89%E3%82%B3%E3%82%A2%5D+%E3%83%95%E3%82%A9%E3%83%BC%E3%83%9E%E3%83%AB%E3%82%B7%E3%83%A5%E3%83%BC%E3%82%BA+%E6%97%A5%E6%9C%AC%E8%A3%BD+%E6%9C%AC%E9%9D%A9+%E5%AD%90%E4%BE%9B+%E3%82%B8%E3%83%A5%E3%83%8B%E3%82%A2+%E7%94%B7%E5%A5%B3%E5%85%BC%E7%94%A8+%E5%B1%A5%E3%81%8D%E3%82%84%E3%81%99%E3%81%84+CO460 HTTP/1.1" 200 52606 "-" "Mozilla/5.0 (Linux; Android 6.0.1; Nexus 5X Build/MMB29P) AppleWebKit/537.36 (KHTML, like Gecko) Chrome/135.0.7049.95 Mobile Safari/537.36 (compatible; Googlebot/2.1; +http://www.google.com/bot.html)"
66.249.74.103 - - [29/Apr/2025:23:08:04 -0400] "GET /?k=87483196278505&channel=cc3f17&from=article.php%3Fid%3D1962785-10216%26name%3D%E6%9C%89%E7%94%B0%E7%84%BC+%E6%9C%A8%E3%81%AE%E8%91%89+%E4%BD%9C%E5%AE%B6%E7%89%A9+%E4%B8%AD%E9%89%A2+%E7%8E%89%E5%B3%B0%E7%AA%AF+%E9%87%8C%E5%B3%B0 HTTP/1.1" 200 52021 "-" "Mozilla/5.0 (Linux; Android 6.0.1; Nexus 5X Build/MMB29P) AppleWebKit/537.36 (KHTML, like Gecko) Chrome/135.0.7049.95 Mobile Safari/537.36 (compatible; Googlebot/2.1; +http://www.google.com/bot.html)"
52.167.144.233 - - [29/Apr/2025:23:08:06 -0400] "GET /?k=5720975233004&channel=57a0dc&from=article.php%3Fid%3D752330-5688%26name%3D%E3%83%88%E3%83%A9%E3%83%B3%E3%82%B9%E3%83%9F%E3%83%83%E3%82%B7%E3%83%A7%E3%83%B3%E3%83%99%E3%83%AB%E3%83%88+%E5%8C%97%E6%A5%B5%E7%94%A8+Cat%E7%94%A8+Z%E3%82%B7%E3%83%AA%E3%83%BC%E3%82%BA%E7%94%A8+Z%E3%82%B7%E3%83%AA%E3%83%BC%E3%82%BA%E7%94%A8+Z570+SS+LX%E7%94%A8+ESR+Z440%E7%94%A8+Sno%E7%94%A8+Pro HTTP/1.1" 200 42146 "-" "Mozilla/5.0 AppleWebKit/537.36 (KHTML, like Gecko; compatible; bingbot/2.0; +http://www.bing.com/bingbot.htm) Chrome/116.0.1938.76 Safari/537.36"
66.249.74.104 - - [29/Apr/2025:23:08:15 -0400] "GET /?k=77132108859300&channel=5eb6f9&from=product.php%3Fid%3D1088593-20624%26name%3D%E3%80%90%E5%9B%BD%E5%86%85%E7%99%BA%E9%80%81%E3%83%BB%E9%80%81%E6%96%99%E7%84%A1%E6%96%99%E3%80%91%E3%80%80%E6%A8%99%E6%BA%96%E3%82%AC%E3%83%A9%E3%82%B9%E7%AE%A1%E7%94%A8%E3%83%92%E3%83%A5%E3%83%BC%E3%82%BA%E3%83%9B%E3%83%AB%E3%83%80%E3%83%BC%E3%80%8020%E5%80%8B%E3%82%BB%E3%83%83%E3%83%88%E5%88%86%E3%80%80%E3%82%AC%E3%83%81%E3%83%A3%E3%83%B3%E3%82%B3%E3%80%80%E3%83%92%E3%83%A5%E3%83%BC%E3%82%BA%E3%83%9C%E3%83%83%E3%82%AF%E3%82%B9%E3%80%80%E3%83%92%E3%83%A5%E3%83%BC%E3%82%BA%E7%AB%AF%E5%AD%90 HTTP/1.1" 200 54259 "-" "Mozilla/5.0 (Linux; Android 6.0.1; Nexus 5X Build/MMB29P) AppleWebKit/537.36 (KHTML, like Gecko) Chrome/135.0.7049.95 Mobile Safari/537.36 (compatible; Googlebot/2.1; +http://www.google.com/bot.html)"
66.249.74.103 - - [29/Apr/2025:23:08:22 -0400] "GET /?k=65890115160907&channel=799b0c&from=article.php%3Fid%3D1151609-19309%26name%3D%E4%BA%94%E6%9C%88%E4%BA%BA%E5%BD%A2+%E5%85%9C+%E5%B9%B3%E9%A3%BE%E3%82%8A+8%E5%8F%B7+%E5%B9%8535cm%EF%BC%88245to0687%EF%BC%89%E4%B8%80%E5%BE%B3+%E7%99%BD%E9%87%91%E9%89%A2%E6%B0%B4%E5%B0%8F%E6%9C%AD%E7%99%BD+%E3%83%96%E3%83%AB%E3%83%BC%E3%82%B0%E3%83%A9%E3%83%87%E3%83%BC%E3%82%B7%E3%83%A7%E3%83%B3+ym1205n%EF%BC%88gk202b HTTP/1.1" 200 53225 "-" "Mozilla/5.0 (Linux; Android 6.0.1; Nexus 5X Build/MMB29P) AppleWebKit/537.36 (KHTML, like Gecko) Chrome/135.0.7049.95 Mobile Safari/537.36 (compatible; Googlebot/2.1; +http://www.google.com/bot.html)"
66.249.74.103 - - [29/Apr/2025:23:08:25 -0400] "GET /?k=38190144117708&channel=03870e&from=shared.php%3Fid%3D1441177-18470%26name%3D%E3%83%A2%E3%83%80%E3%83%B3%E3%81%AA%E3%82%AD%E3%83%83%E3%83%81%E3%83%B3+%E3%83%9F%E3%82%AD%E3%82%B5%E3%83%BC+%E3%82%BF%E3%83%83%E3%83%97+%E3%83%87%E3%83%A5%E3%82%A2%E3%83%AB%E3%82%B9%E3%83%91%E3%82%A6%E3%83%88+%E3%82%BF%E3%83%83%E3%83%81%E3%83%AC%E3%82%B9+%E3%82%AD%E3%83%83%E3%83%81%E3%83%B3+%E3%82%BF%E3%83%83%E3%83%97+%E3%82%B9%E3%83%97%E3%83%AC%E3%83%BC+%E8%87%AA%E5%8B%95%E3%82%BB%E3%83%B3%E3%82%B5%E3%83%BC+%E7%9C%9F%E9%8D%AE+2+%E6%A9%9F%E8%83%BD+360 HTTP/1.1" 200 0 "-" "Mozilla/5.0 (Linux; Android 6.0.1; Nexus 5X Build/MMB29P) AppleWebKit/537.36 (KHTML, like Gecko) Chrome/135.0.7049.95 Mobile Safari/537.36 (compatible; GoogleOther)"
66.249.74.103 - - [29/Apr/2025:23:08:28 -0400] "GET /?k=37220118793305&channel=f901af&from=article.php%3Fid%3D1187933-16287%26name%3D%E4%BB%8F%E7%B8%81%E5%A0%82%E3%83%96%E3%83%A9%E3%83%B3%E3%83%89%EF%BC%9A%E9%BB%92%E6%AA%80%E8%89%B2+%E3%83%A2%E3%83%80%E3%83%B3%E4%BB%8F%E5%A3%87%E3%80%90%E4%BC%9D%E7%B5%B1%E5%9E%8B%E4%BB%8F%E5%A3%87%EF%BC%9A%E5%A4%A9%E7%84%B6%E8%B2%9D%E3%83%BB%E8%9E%BA%E9%88%BF%E7%B4%B0%E5%B7%A5+%E5%92%8C%E3%83%A2%E3%83%80%E3%83%B3%E3%83%BB%E8%8A%B1%E5%A4%95%EF%BC%88%E3%81%AF%E3%81%AA%E3%82%86%E3%81%86%EF%BC%89%E3%80%91+%2823%E5%8F%B7%2B%E4%BB%8F%E5%A3%87%E5%8F%B0%29 HTTP/1.1" 200 52399 "-" "Mozilla/5.0 (Linux; Android 6.0.1; Nexus 5X Build/MMB29P) AppleWebKit/537.36 (KHTML, like Gecko) Chrome/135.0.7049.95 Mobile Safari/537.36 (compatible; Googlebot/2.1; +http://www.google.com/bot.html)"
66.249.74.103 - - [29/Apr/2025:23:08:32 -0400] "GET /?k=21908180041400&channel=8fbe0f&from=shared.php%3Fid%3D1800414-10872%26name%3D%E3%82%A6%E3%82%A9%E3%83%8C+%E3%82%AB%E3%83%95%E3%82%A7+%E3%82%A2%E3%82%AF%E3%82%B9%E3%82%BF HTTP/1.1" 200 0 "-" "Mozilla/5.0 (Linux; Android 6.0.1; Nexus 5X Build/MMB29P) AppleWebKit/537.36 (KHTML, like Gecko) Chrome/135.0.7049.95 Mobile Safari/537.36 (compatible; GoogleOther)"
66.249.74.103 - - [29/Apr/2025:23:08:33 -0400] "GET /?k=00116188164209&channel=d49e7d&from=shared.php%3Fid%3D1881642-27239%26name%3D%E3%80%90%E6%98%AD%E5%92%8C%E3%83%AC%E3%83%88%E3%83%AD%E3%80%91%E4%BB%BB%E5%A4%A9%E5%A0%82%EF%BC%8F%E8%8A%B1%E6%9C%AD%E3%83%BB%E9%83%BD%E3%81%AE%E8%8A%B1 HTTP/1.1" 200 49642 "-" "Mozilla/5.0 (Linux; Android 6.0.1; Nexus 5X Build/MMB29P) AppleWebKit/537.36 (KHTML, like Gecko) Chrome/135.0.7049.95 Mobile Safari/537.36 (compatible; Googlebot/2.1; +http://www.google.com/bot.html)"
66.249.74.103 - - [29/Apr/2025:23:08:37 -0400] "GET /?k=12704145632701&channel=37392c&from=pin.php%3Fid%3D1456327-24373%26name%3D%E3%80%8C%E6%B2%B3%E7%AB%A5%E3%80%8D+DVD+%E8%B0%B7%E4%B8%AD%E6%95%A6%2F%E5%B0%8F%E5%80%89%E4%B8%80%E9%83%8E%2F HTTP/1.1" 200 52120 "-" "Mozilla/5.0 (Linux; Android 6.0.1; Nexus 5X Build/MMB29P) AppleWebKit/537.36 (KHTML, like Gecko) Chrome/135.0.7049.95 Mobile Safari/537.36 (compatible; Googlebot/2.1; +http://www.google.com/bot.html)"
66.249.74.103 - - [29/Apr/2025:23:08:44 -0400] "GET /?k=04130168463304&channel=a17d0b&from=news.php%3Fid%3D1684633-9370%26name%3DSONY+PSP+%E6%9C%AC%E4%BD%93+%E3%83%9B%E3%83%AF%E3%82%A4%E3%83%88+128MB%E3%83%A1%E3%83%A2%E3%83%AA%E3%82%AB%E3%83%BC%E3%83%89%E4%BB%98%E3%81%8D HTTP/1.1" 200 52069 "-" "Mozilla/5.0 (Linux; Android 6.0.1; Nexus 5X Build/MMB29P) AppleWebKit/537.36 (KHTML, like Gecko) Chrome/135.0.7049.95 Mobile Safari/537.36 (compatible; Googlebot/2.1; +http://www.google.com/bot.html)"
66.249.74.105 - - [29/Apr/2025:23:09:04 -0400] "GET /?k=99822193088901&channel=aceaca&from=goods.php%3Fid%3D1930889-10916%26name%3DJAEHYUN+NCT127+%E4%B8%80%E7%95%AA%E3%81%8F%E3%81%98+Neo+city HTTP/1.1" 200 51379 "-" "Mozilla/5.0 (Linux; Android 6.0.1; Nexus 5X Build/MMB29P) AppleWebKit/537.36 (KHTML, like Gecko) Chrome/135.0.7049.95 Mobile Safari/537.36 (compatible; Googlebot/2.1; +http://www.google.com/bot.html)"
52.167.144.233 - - [29/Apr/2025:23:09:06 -0400] "GET /?k=10481154626101&channel=c23b54&from=pin.php%3Fid%3D1546261-24826%26name%3D%E5%A3%81%E6%8E%9B%E3%81%91%E5%BC%8F%E3%82%B7%E3%83%A3%E3%83%AF%E3%83%BC%E3%82%B0%E3%83%A9%E3%83%96%E3%83%90%E3%83%BC%E3%83%90%E3%82%B9%E5%AE%89%E5%85%A8%E3%83%88%E3%82%A4%E3%83%AC%E6%B5%B4%E6%A7%BD%E3%82%B0%E3%83%A9%E3%83%96%E3%83%90%E3%83%BC%E5%87%A6%E7%90%86%E6%BB%91%E3%82%8A%E6%AD%A2%E3%82%81%E3%82%B5%E3%83%9D%E3%83%BC%E3%83%88%E3%82%B9%E3%83%86%E3%83%B3%E3%83%AC%E3%82%B9%E9%8B%BC%E3%82%BF%E3%82%AA%E3%83%AB%E3%83%A9%E3%83%83%E3%82%AF%E5%88%B6%E5%BE%A1%E5%87%A6%E7%90%86%EF%BC%88%E8%89%B2%EF%BC%9A%E7%99%BD%E3%80%81%E3%82%B5%E3%82%A4%E3%82%BA%EF%BC%9A40%EF%BC%89%EF%BC%88 HTTP/1.1" 200 41520 "-" "Mozilla/5.0 AppleWebKit/537.36 (KHTML, like Gecko; compatible; bingbot/2.0; +http://www.bing.com/bingbot.htm) Chrome/116.0.1938.76 Safari/537.36"
66.249.74.104 - - [29/Apr/2025:23:09:20 -0400] "GET /?k=17474139109401&channel=596e14&from=jp.php%3Fid%3D1391094-14025%26name%3D%E5%B1%8B%E5%A4%96%E7%94%A8%E3%83%A1%E3%82%BF%E3%83%AB%E3%82%B5%E3%83%B3%E3%83%A9%E3%82%A6%E3%83%B3%E3%82%B8%E3%83%A3%E3%83%BC%E3%80%81%E6%8A%98%E3%82%8A%E3%81%9F%E3%81%9F%E3%81%BF%E5%BC%8F%E3%82%AC%E3%83%BC%E3%83%87%E3%83%B3%E3%83%81%E3%82%A7%E3%82%A2%E4%BB%98%E3%81%8D%E3%82%B5%E3%83%B3%E3%83%99%E3%83%83%E3%83%89%E3%80%81%E9%98%B2%E9%8C%86%E3%83%95%E3%83%AC%E3%83%BC%E3%83%A0+%E5%90%88%E6%88%90%E7%B9%8A%E7%B6%AD%E3%80%81%E8%AA%BF%E7%AF%80%E5%8F%AF%E8%83%BD%E3%81%AA%E3%83%95%E3%83%83%E3%83%88%E3%83%AC%E3%82%B9%E3%83%88%E3%80%81%E7%84%A1%E6%96%99%E6%9E%95%E4%BB%98%E3%81%8D%E3%80%81+%EF%BC%88Sunloungers+jp+-+deckchairs+and+sunloungers+jp+%7C+Lafuma+Mobilier%EF%BC%89 HTTP/1.1" 200 0 "-" "Mozilla/5.0 (Linux; Android 6.0.1; Nexus 5X Build/MMB29P) AppleWebKit/537.36 (KHTML, like Gecko) Chrome/135.0.7049.95 Mobile Safari/537.36 (compatible; GoogleOther)"
66.249.74.103 - - [29/Apr/2025:23:09:54 -0400] "GET /?k=32216120780101&channel=c40477&from=article.php%3Fid%3D1207801-15288%26name%3D%E3%83%88%E3%83%A9%E3%83%B3%E3%83%97%E5%A4%A7%E7%B5%B1%E9%A0%98%E3%81%AE%E3%82%AD%E3%83%BC%E3%83%9B%E3%83%AB%E3%83%80%E3%83%BC+A HTTP/1.1" 200 52159 "-" "Mozilla/5.0 (Linux; Android 6.0.1; Nexus 5X Build/MMB29P) AppleWebKit/537.36 (KHTML, like Gecko) Chrome/135.0.7049.95 Mobile Safari/537.36 (compatible; Googlebot/2.1; +http://www.google.com/bot.html)"
66.249.74.104 - - [29/Apr/2025:23:10:33 -0400] "GET /?k=63088119359202&channel=dc3aa3&from=product.php%3Fid%3D1193592-4011%26name%3D%E3%83%90%E3%82%A4%E3%82%AF%E3%82%AB%E3%82%A6%E3%83%AB+%E7%94%A8+%E3%83%89%E3%82%A5%E3%82%AB%E3%83%86%E3%82%A3+%E7%94%A8+%E3%83%91%E3%83%8B%E3%82%AC%E3%83%BC%E3%83%AC+899+959+2014+2015+2016+2017+%E7%94%A8+%E3%82%AA%E3%83%BC%E3%83%88%E3%83%90%E3%82%A4+%E3%82%AB%E3%83%BC%E3%83%9C%E3%83%B3%E3%83%95%E3%82%A1%E3%82%A4 HTTP/1.1" 200 0 "-" "Mozilla/5.0 (Linux; Android 6.0.1; Nexus 5X Build/MMB29P) AppleWebKit/537.36 (KHTML, like Gecko) Chrome/135.0.7049.95 Mobile Safari/537.36 (compatible; GoogleOther)"
66.249.74.103 - - [29/Apr/2025:23:10:43 -0400] "GET /?k=1508253034805&channel=8cdb47&from=shared.php%3Fid%3D530348-7967%26name%3D%E3%82%B9%E3%83%88%E3%83%A9%E3%83%83%E3%83%88+%E3%82%AC%E3%82%B9%E3%82%B9%E3%83%97%E3%83%AA%E3%83%B3%E3%82%B0+%E3%83%88%E3%83%A8%E3%82%BF%E7%94%A8%E3%83%8F%E3%82%A4%E3%82%A8%E3%83%BC%E3%82%B9%E9%AB%98%E3%82%AD%E3%83%A3%E3%83%8E%E3%83%94%E3%83%BC+2010-2019+%E3%82%B7%E3%83%A7%E3%83%83%E3%82%AF%E3%82%A2%E3%83%96%E3%82%BD%E3%83%BC%E3%83%90%E3%83%BC%E3%82%B9%E3%83%88%E3%83%A9%E3%83%83%E3%83%88%E3%83%AA%E3%83%A2%E3%82%B3%E3%83%B3%E9%9B%BB%E5%8B%95%E3%83%86%E3%83%BC%E3%83%AB%E3%82%B2%E3%83%BC HTTP/1.1" 200 52670 "-" "Mozilla/5.0 (Linux; Android 6.0.1; Nexus 5X Build/MMB29P) AppleWebKit/537.36 (KHTML, like Gecko) Chrome/135.0.7049.95 Mobile Safari/537.36 (compatible; Googlebot/2.1; +http://www.google.com/bot.html)"
2a06:98c0:3600::103 - - [29/Apr/2025:23:10:48 -0400] "GET /wp-admin/setup-config.php HTTP/1.1" 200 0 "-" "Mozilla/5.0 (Windows NT 10.0; Win64; x64) AppleWebKit/537.36 (KHTML, like Gecko) Chrome/135.0.0.0 Safari/537.36"
66.249.74.103 - - [29/Apr/2025:23:10:53 -0400] "GET /?k=9783916618202&channel=81b768&from=shared.php%3Fid%3D166182-9071%26name%3D%E3%81%8A%E5%BC%81%E5%BD%93%E7%94%A8%E3%80%80%E3%83%90%E3%83%A9%E3%83%B3%E3%80%80%E3%82%8F%E3%82%93%E3%81%93%E3%80%80%E5%B9%BC%E7%A8%9A%E5%9C%92%E3%80%80%E3%81%8B%E3%82%8F%E3%81%84%E3%81%84%E3%80%80%E4%BB%95%E5%88%87%E3%82%8A HTTP/1.1" 200 50878 "-" "Mozilla/5.0 (Linux; Android 6.0.1; Nexus 5X Build/MMB29P) AppleWebKit/537.36 (KHTML, like Gecko) Chrome/135.0.7049.95 Mobile Safari/537.36 (compatible; Googlebot/2.1; +http://www.google.com/bot.html)"
52.167.144.204 - - [29/Apr/2025:23:11:02 -0400] "GET /?k=78828101151906&channel=3d95fa&from=brands.php%3Fid%3D1011519-19755%26name%3DTayyyxf+%E3%82%B9%E3%83%AA%E3%83%BC%E3%83%97%E3%82%AD%E3%83%A3%E3%83%93%E3%83%B3+%E9%98%B2%E9%9F%B3%E3%82%B7%E3%83%BC%E3%83%88+%E9%98%B2%E9%9F%B3%E6%80%A7%E3%82%B5%E3%82%A4%E3%83%AC%E3%83%B3%E3%83%88%E3%83%86%E3%83%B3%E3%83%88+%E5%86%85%E8%94%B5Bluetooth%E3%83%87%E3%83%A5%E3%82%A2%E3%83%AB%E3%82%B9%E3%83%94%E3%83%BC%E3%82%AB%E3%83%BC+%E3%82%B9%E3%83%88%E3%83%AC%E3%82%B9%E3%82%92%E8%BB%BD%E6%B8%9B%E3%81%97+%E5%AE%89 HTTP/1.1" 200 41470 "-" "Mozilla/5.0 AppleWebKit/537.36 (KHTML, like Gecko; compatible; bingbot/2.0; +http://www.bing.com/bingbot.htm) Chrome/116.0.1938.76 Safari/537.36"
66.249.74.104 - - [29/Apr/2025:23:11:10 -0400] "GET /?k=99026143607400&channel=d49644&from=pin.php%3Fid%3D1436074-17007%26name%3DNo.0012+%E5%8F%A4%E3%81%84%E3%83%9E%E3%82%A4%E3%83%8A%E3%82%B9%E6%9C%A8%E3%83%8D%E3%82%B8+%E7%9C%9F%E9%8D%AE+%E7%9A%BF%E9%A0%AD+75mm+2%E6%9C%ACSET+%E6%9C%AA%E4%BD%BF%E7%94%A8+%E3%83%87%E3%83%83%E3%83%89%E3%82%B9%E3%83%88%E3%83%83%E3%82%AF+%E6%97%A5%E6%9C%AC%E8%A3%BD+MADE+IN+JAPAN+%E2%80%BB%E3%82%A2%E3%83%B3%E3%83%86%E3%82%A3%E3%83%BC%E3%82%AF+%E3%83%B4%E3%82%A3%E3%83%B3%E3%83%86%E3%83%BC%E3%82%B8+%E5%8F%A4%E9%81%93%E5%85%B7+%E3%83%9E%E3%82%A4%E3%83%8A%E3%82%B9%E3%83%8D%E3%82%B8+%E3%83%9E%E3%82%A4%E3%83%8A%E3%82%B9%E3%83%93%E3%82%B9+%E3%82%B9%E3%83%AA%E3%83%AF%E3%83%AA%E3%83%8D%E3%82%B8+%E6%9C%A8%E6%8D%BB%E5%AD%90+%E4%BF%AE%E7%90%86+%E3%83%AC%E3%82%B9%E3%83%88%E3%82%A2 HTTP/1.1" 200 52281 "-" "Mozilla/5.0 (Linux; Android 6.0.1; Nexus 5X Build/MMB29P) AppleWebKit/537.36 (KHTML, like Gecko) Chrome/135.0.7049.95 Mobile Safari/537.36 (compatible; Googlebot/2.1; +http://www.google.com/bot.html)"
52.167.144.204 - - [29/Apr/2025:23:11:32 -0400] "GET /?k=0059988253705&channel=c5111c&from=article.php%3Fid%3D882537-8881%26name%3D%E3%82%B7%E3%83%A3%E3%83%AF%E3%83%BC%E3%83%98%E3%83%83%E3%83%89%E3%82%BB%E3%83%83%E3%83%88%E3%80%81%E3%83%90%E3%82%B9%E3%82%B7%E3%83%A3%E3%83%AF%E3%83%BC%E3%83%9F%E3%82%AD%E3%82%B5%E3%83%BC%E3%82%BF%E3%83%83%E3%83%97%E5%A3%81%E5%8F%96%E3%82%8A%E4%BB%98%E3%81%91%E3%82%B0%E3%83%AC%E3%83%BC90%E5%BA%A6%E5%9B%9E%E8%BB%A2%E3%82%B9%E3%83%91%E3%82%A6%E3%83%88%E3%82%B7%E3%83%B3%E3%82%B0%E3%83%AB%E3%83%AC%E3%83%90%E3%83%BC%E3%83%90%E3%82%B9%E3%82%BF%E3%83%83%E3%83%97%E3%83%90%E3%82%B9%E3%83%AB%E3%83%BC%E3%83%A0%E3%83%9F%E3%82%AD%E3%82%B5%E3%83%BC%E3%82%BF%E3%83%83%E3%83%97%E3%82%B7 HTTP/1.1" 200 41286 "-" "Mozilla/5.0 AppleWebKit/537.36 (KHTML, like Gecko; compatible; bingbot/2.0; +http://www.bing.com/bingbot.htm) Chrome/116.0.1938.76 Safari/537.36"
52.167.144.204 - - [29/Apr/2025:23:11:32 -0400] "GET /?k=40225176946700&channel=fbe3c2&from=article.php%3Fid%3D1769467-7295%26name%3D14%E3%82%A4%E3%83%B3%E3%83%81%E9%9B%BB%E5%8B%95%E3%82%B9%E3%82%AF%E3%83%BC%E3%82%BF%E3%83%BC%E3%83%90%E3%82%A4%E3%82%AF%E3%82%BF%E3%82%A4%E3%83%A4%E3%80%8114x2.125%E3%82%BD%E3%83%AA%E3%83%83%E3%83%89%E3%82%BF%E3%82%A4%E3%83%A4%E3%80%81%E8%80%90%E6%91%A9%E8%80%97%E6%80%A7%E3%81%A8%E8%80%90%E3%83%91%E3%83%B3%E3%82%AF%E6%80%A7%E3%80%81%E6%BB%91%E3%82%8A%E6%AD%A2%E3%82%81%E3%81%A8%E9%9D%9E%E8%86%A8%E5%BC%B5%E3%82%BF%E3%82%A4%E3%83%A4 HTTP/1.1" 200 41941 "-" "Mozilla/5.0 AppleWebKit/537.36 (KHTML, like Gecko; compatible; bingbot/2.0; +http://www.bing.com/bingbot.htm) Chrome/116.0.1938.76 Safari/537.36"
52.167.144.204 - - [29/Apr/2025:23:11:33 -0400] "GET /?k=89239113839505&channel=a8fac1&from=pin.php%3Fid%3D1138395-9529%26name%3D%E5%B0%8F%E4%BE%BF%E5%99%A8%E3%81%AE%E3%83%97%E3%83%A9%E3%82%A4%E3%83%90%E3%82%B7%E3%83%BC%E3%82%B9%E3%82%AF%E3%83%AA%E3%83%BC%E3%83%B3%E3%83%91%E3%83%8D%E3%83%AB%E3%80%82+%E5%A3%81%E6%8E%9B%E3%81%91%E5%BC%8F%E5%B0%8F%E4%BE%BF%E5%99%A8%E3%81%AE%E4%BB%95%E5%88%87%E3%82%8A%E4%BF%9D%E8%AD%B7+%E3%82%B9%E3%83%86%E3%83%B3%E3%83%AC%E3%82%B9%E3%83%95%E3%83%AC%E3%83%BC%E3%83%A0%E3%81%A8%E5%8D%8A%E9%80%8F%E6%98%8E%E3%82%AC%E3%83%A9%E3%82%B9%E3%83%91%E3%83%8D%E3%83%AB%E3%81%AE%E3%83%91%E3%83%BC%E3%83%86%E3%82%A3%E3%82%B7%E3%83%A7%E3%83%B3+%E3%82%B5%E3%83%BC%E3%83%93%E3%82%B9 HTTP/1.1" 200 42661 "-" "Mozilla/5.0 AppleWebKit/537.36 (KHTML, like Gecko; compatible; bingbot/2.0; +http://www.bing.com/bingbot.htm) Chrome/116.0.1938.76 Safari/537.36"
2a06:98c0:3600::103 - - [29/Apr/2025:23:12:05 -0400] "GET /wordpress/wp-admin/setup-config.php HTTP/1.1" 200 0 "-" "Mozilla/5.0 (Windows NT 10.0; Win64; x64) AppleWebKit/537.36 (KHTML, like Gecko) Chrome/135.0.0.0 Safari/537.36"
40.77.167.59 - - [29/Apr/2025:23:12:11 -0400] "GET /?k=13684105199400&channel=69ed82&from=brands.php%3Fid%3D1051994-3912%26name%3D265+%E3%83%9F%E3%83%AA%E3%83%A1%E3%83%BC%E3%83%88%E3%83%AB%E9%87%A3%E3%82%8A%E3%82%AF%E3%83%A9%E3%83%B3%E3%82%AF%E3%83%99%E3%82%A4%E3%83%88%E9%87%A3%E3%82%8A%E3%83%AB%E3%82%A2%E3%83%BC%E3%82%B9%E3%82%A4%E3%83%A0%E3%83%99%E3%82%A4%E3%83%88%E3%82%B9%E3%83%86%E3%82%A3%E3%83%83%E3%82%AF%E3%83%99%E3%82%A4%E3%83%88%E9%87%A3%E3%82%8A%E3%83%8F%E3%83%BC%E3%83%89%E9%A4%8C%E3%83%AD%E3%83%B3%E3%82%B0%E3%83%AB%E3%82%A2%E3%83%BC%E3%82%B7%E3%83%BC%E3%83%88%E3%83%A9%E3%82%A6%E3%83%88%E6%B5%B7%E9%87%A3%E3%82%8A HTTP/1.1" 200 40720 "-" "Mozilla/5.0 AppleWebKit/537.36 (KHTML, like Gecko; compatible; bingbot/2.0; +http://www.bing.com/bingbot.htm) Chrome/116.0.1938.76 Safari/537.36"
66.249.74.104 - - [29/Apr/2025:23:12:48 -0400] "GET /?k=8412230768502&channel=d1d92a&from=pin.php%3Fid%3D307685-11256%26name%3D%E3%82%AB%E3%83%BC%E3%83%86%E3%83%B3%E3%82%B9%E3%83%A9%E3%82%A4%E3%83%89%E3%83%AC%E3%83%BC%E3%83%AB%2C+With+Heavy+Duty+Roller%2C+Corner+Connectors%2C+Single%2Fdou HTTP/1.1" 200 54190 "-" "Mozilla/5.0 (Linux; Android 6.0.1; Nexus 5X Build/MMB29P) AppleWebKit/537.36 (KHTML, like Gecko) Chrome/135.0.7049.95 Mobile Safari/537.36 (compatible; Googlebot/2.1; +http://www.google.com/bot.html)"
52.167.144.233 - - [29/Apr/2025:23:12:56 -0400] "GET /?k=8981648831800&channel=ac155a&from=product.php%3Fid%3D488318-10556%26name%3D%E3%83%AC%E3%82%AE%E3%83%B3%E3%82%B9%E4%B8%AD%E7%A9%BA%E3%83%96%E3%83%A9%E3%82%B8%E3%83%A3%E3%83%BC%E5%A5%B3%E6%80%A7%E3%83%97%E3%83%83%E3%82%B7%E3%83%A5%E3%82%A2%E3%83%83%E3%83%97%E3%82%B9%E3%83%9D%E3%83%BC%E3%83%84%E4%B8%8B%E7%9D%80%E3%82%BB%E3%82%AF%E3%82%B7%E3%83%BC%E3%82%B7%E3%83%BC%E3%83%A0%E3%83%AC%E3%82%B9%E3%82%AF%E3%83%AD%E3%83%83%E3%83%97%E3%83%88%E3%83%83%E3%83%97%E3%83%AF%E3%83%BC%E3%82%AF%E3%82%A2%E3%82%A6%E3%83%88%E3%82%B8%E3%83%A0%E3%83%96%E3%83%A9%E9%80%9A%E6%B0%97%E6%80%A7%E3%82%AF%E3%82%A4%E3%83%83%E3%82%AF%E5%8D%9A%E5%A3%AB%28%E3%82%B0%E3%83%AC%E3%83%BC%E3%83%9F HTTP/1.1" 200 41094 "-" "Mozilla/5.0 AppleWebKit/537.36 (KHTML, like Gecko; compatible; bingbot/2.0; +http://www.bing.com/bingbot.htm) Chrome/116.0.1938.76 Safari/537.36"
66.249.74.105 - - [29/Apr/2025:23:13:06 -0400] "GET /?k=27044152072101&channel=f36a35&from=brands.php%3Fid%3D1520721-8471%26name%3D6W+%E5%9C%B0%E4%B8%8A+LED+%E6%99%AF%E8%A6%B3%E3%83%A9%E3%82%A4%E3%83%88+-+%E5%B1%8B%E5%A4%96%E5%9F%8B%E8%A8%AD%E3%83%A9%E3%82%A4%E3%83%88%E3%80%81RF+%E3%83%AA%E3%83%A2%E3%82%B3%E3%83%B3%E4%BB%98%E3%81%8D+RGB+%E8%89%B2%E5%A4%89%E5%8C%96+COB+%E5%9C%B0%E4%B8%8B%E7%85%A7%E6%98%8E%E3%80%8112V+24V+110-2 HTTP/1.1" 200 51573 "-" "Mozilla/5.0 (Linux; Android 6.0.1; Nexus 5X Build/MMB29P) AppleWebKit/537.36 (KHTML, like Gecko) Chrome/135.0.7049.95 Mobile Safari/537.36 (compatible; Googlebot/2.1; +http://www.google.com/bot.html)"
52.167.144.233 - - [29/Apr/2025:23:13:07 -0400] "GET /?k=5929193256500&channel=dedd8e&from=blog.php%3Fid%3D932565-2628%26name%3D%E3%83%9B%E3%83%B3%E3%83%80+%E7%B4%94%E6%AD%A3+%E3%82%B4%E3%83%BC%E3%83%AB%E3%83%89%E3%82%A6%E3%82%A3%E3%83%B3%E3%82%B0+%E3%83%AA%E3%82%A2%E3%83%96%E3%83%AC%E3%83%BC%E3%82%AD%E3%82%B9%E3%83%88%E3%83%83%E3%83%97+%E3%82%AF%E3%83%AB%E3%83%BC%E3%82%BA%E3%82%B9%E3%82%A4%E3%83%83%E3%83%81 HTTP/1.1" 200 39598 "-" "Mozilla/5.0 AppleWebKit/537.36 (KHTML, like Gecko; compatible; bingbot/2.0; +http://www.bing.com/bingbot.htm) Chrome/116.0.1938.76 Safari/537.36"
66.249.74.103 - - [29/Apr/2025:23:13:17 -0400] "GET /?k=9797855209904&channel=f6ba8b&from=news.php%3Fid%3D552099-4116%26name%3D22346792+%E3%82%A8%E3%83%B3%E3%82%B8%E3%83%B3%E3%82%B3%E3%83%B3%E3%83%94%E3%83%A5%E3%83%BC%E3%82%BF%E3%83%9C%E3%83%BC%E3%83%89+ECU+%E4%BA%92%E6%8F%9B%E6%80%A7+VOVLO+DH4+D13C+%E3%82%A8%E3%83%B3%E3%82%B8%E3%83%B3%E3%83%84%E3%83%BC%E3%83%AB%E3%82%AB%E3%83%BC%E3%82%A2%E3%82%AF%E3%82%BB%E3%82%B5%E3%83%AA%E3%83%BC HTTP/1.1" 200 0 "-" "Mozilla/5.0 (Linux; Android 6.0.1; Nexus 5X Build/MMB29P) AppleWebKit/537.36 (KHTML, like Gecko) Chrome/135.0.7049.95 Mobile Safari/537.36 (compatible; GoogleOther)"
66.249.74.103 - - [29/Apr/2025:23:13:29 -0400] "GET /?k=3394810132703&channel=2122dc&from=brands.php%3Fid%3D101327-4047%26name%3D%E3%82%A4%E3%82%B0%E3%83%8B%E3%83%83%E3%82%B7%E3%83%A7%E3%83%B3%E3%82%B3%E3%82%A4%E3%83%AB+4%E5%80%8B+90919-02238+9091902238+%E3%81%A8%E4%BA%92%E6%8F%9B%E6%80%A7%E3%81%8C%E3%81%82%E3%82%8BTOYOTA+%E3%81%A8%E4%BA%92%E6%8F%9B%E6%80%A7%E3%81%8C%E3%81%82%E3%82%8B+COROLLA HTTP/1.1" 200 52652 "-" "Mozilla/5.0 (Linux; Android 6.0.1; Nexus 5X Build/MMB29P) AppleWebKit/537.36 (KHTML, like Gecko) Chrome/135.0.7049.95 Mobile Safari/537.36 (compatible; Googlebot/2.1; +http://www.google.com/bot.html)"
66.249.74.103 - - [29/Apr/2025:23:12:21 -0400] "GET /?k=99107152522600&channel=41be33&from=info.php%3Fid%3D1525226-19204%26name%3D%E3%83%9C%E3%82%AF%E3%82%B7%E3%83%B3%E3%82%B0%E3%82%B7%E3%83%A5%E3%83%BC%E3%82%BA%E3%80%81%E3%83%8F%E3%82%A4%E3%83%88%E3%83%83%E3%83%97%E3%83%9C%E3%82%AF%E3%82%B7%E3%83%B3%E3%82%B0%E3%83%96%E3%83%BC%E3%83%84%E7%94%B7%E6%80%A7%E5%A5%B3%E6%80%A7%E3%81%AE%E3%81%9F%E3%82%81%E3%81%AE%E3%83%A6%E3%83%8B%E3%82%BB%E3%83%83%E3%82%AF%E3%82%B9%E8%BB%BD%E9%87%8F%E3%83%9C%E3%82%AF%E3%82%B5%E3%83%BC%E3%82%B9%E3%83%8B%E3%83%BC%E3%82%AB%E3%83%BC%2C%E9%BB%92%2C37+EU HTTP/1.1" 200 51940 "-" "Mozilla/5.0 (Linux; Android 6.0.1; Nexus 5X Build/MMB29P) AppleWebKit/537.36 (KHTML, like Gecko) Chrome/135.0.7049.95 Mobile Safari/537.36 (compatible; Googlebot/2.1; +http://www.google.com/bot.html)"
66.249.74.103 - - [29/Apr/2025:23:13:31 -0400] "GET /?k=08702112388404&channel=0f3063&from=product.php%3Fid%3D1123884-606%26name%3DT.MBH+%E9%95%B7%E8%B2%A1%E5%B8%83+%E8%91%89%E5%90%88%E3%82%8F%E3%81%9B++%E3%83%9D%E3%83%AD%E3%82%B5%E3%82%B9%E3%82%AF%E3%83%AD%E3%82%B3+%E3%83%8C%E3%83%90%E3%83%83%E3%82%AF+%E7%B4%BA+%E6%9C%AA%E4%BD%BF%E7%94%A8+%E9%80%81%E6%96%99%E7%84%A1%E6%96%99 HTTP/1.1" 200 51835 "-" "Mozilla/5.0 (Linux; Android 6.0.1; Nexus 5X Build/MMB29P) AppleWebKit/537.36 (KHTML, like Gecko) Chrome/135.0.7049.95 Mobile Safari/537.36 (compatible; Googlebot/2.1; +http://www.google.com/bot.html)"
40.77.167.59 - - [29/Apr/2025:23:13:42 -0400] "GET /?k=990196136401&channel=94ca7d&from=shared.php%3Fid%3D61364-5400%26name%3DRFMHT+%E3%83%8F%E3%83%B3%E3%82%BA%E3%83%95%E3%83%AA%E3%83%BC%E7%85%A7%E6%98%8E%E6%8B%A1%E5%A4%A7%E9%8F%A1%E9%A6%96%E3%81%AE%E3%81%B6%E3%82%89%E4%B8%8B%E3%81%8C%E3%81%A3%E3%81%A6%E3%81%84%E3%82%8B%E6%9C%BA%E3%81%AE%E3%82%B9%E3%82%BF%E3%82%A4%E3%83%AB%E3%83%84%E3%83%BC%E3%83%AB%E4%BF%AE%E7%90%86%E3%81%AB%E9%81%A9%E3%81%97%E3%81%9F%E9%AB%98%E9%BD%A2%E8%80%85%E3%81%AE%E5%88%BA%E7%B9%8D%E3%83%84%E3%83%BC%E3%83%AB HTTP/1.1" 200 41593 "-" "Mozilla/5.0 AppleWebKit/537.36 (KHTML, like Gecko; compatible; bingbot/2.0; +http://www.bing.com/bingbot.htm) Chrome/116.0.1938.76 Safari/537.36"
66.249.74.103 - - [29/Apr/2025:23:14:37 -0400] "GET /?k=23502177948301&channel=16bc0b&from=shared.php%3Fid%3D1779483-23400%26name%3D%E3%83%96%E3%83%BC%E3%82%BF%E3%83%B3+%E3%83%89%E3%83%8A%E3%83%AB%E3%83%89%E3%83%80%E3%83%83%E3%82%AF+%E5%88%87%E6%89%8B+6%E6%9E%9A%E3%82%BB%E3%83%83%E3%83%88 HTTP/1.1" 200 52086 "-" "Mozilla/5.0 (Linux; Android 6.0.1; Nexus 5X Build/MMB29P) AppleWebKit/537.36 (KHTML, like Gecko) Chrome/135.0.7049.95 Mobile Safari/537.36 (compatible; Googlebot/2.1; +http://www.google.com/bot.html)"
66.249.74.103 - - [29/Apr/2025:23:15:02 -0400] "GET /?k=3421940134202&channel=ef479a&from=brands.php%3Fid%3D401342-12737%26name%3D%E3%80%90%E6%AD%A3%E8%A6%8F%E5%93%81%E3%80%91GUARDNER+%E8%85%B0%E7%97%9B%E7%B7%A9%E5%92%8C%E3%83%99%E3%83%AB%E3%83%88+XL%E3%82%B5%E3%82%A4%E3%82%BA%E3%80%80%E3%82%AC%E3%83%BC%E3%83%89%E3%83%8A%E3%83%BC%E3%80%80%E9%AA%A8%E7%9B%A4%E3%83%99%E3%83%AB%E3%83%88 HTTP/1.1" 200 52413 "-" "Mozilla/5.0 (Linux; Android 6.0.1; Nexus 5X Build/MMB29P) AppleWebKit/537.36 (KHTML, like Gecko) Chrome/135.0.7049.95 Mobile Safari/537.36 (compatible; Googlebot/2.1; +http://www.google.com/bot.html)"
66.249.74.104 - - [29/Apr/2025:23:15:10 -0400] "GET /?k=22251106487103&channel=d15a3d&from=shared.php%3Fid%3D1064871-20336%26name%3D%E3%83%8F%E3%83%B3%E3%83%89%E3%83%A1%E3%82%A4%E3%83%89%E3%81%86%E3%81%95%E3%81%8E%E3%81%AE%E3%81%82%E3%81%BF%E3%81%90%E3%82%8B%E3%81%BF%E3%82%AD%E3%83%BC%E3%83%9B%E3%83%AB%E3%83%80%E3%83%BC HTTP/1.1" 200 0 "-" "Mozilla/5.0 (Linux; Android 6.0.1; Nexus 5X Build/MMB29P) AppleWebKit/537.36 (KHTML, like Gecko) Chrome/135.0.7049.95 Mobile Safari/537.36 (compatible; GoogleOther)"
66.249.74.103 - - [29/Apr/2025:23:15:18 -0400] "GET /?k=89561195778702&channel=e8cb77&from=shop.php%3Fid%3D1957787-15844%26name%3DEZFLOW+A-POLYMER+%26+Nail+de+Dance+%E3%83%8D%E3%82%A4%E3%83%AB%E3%83%91%E3%82%A6%E3%83%80%E3%83%BC HTTP/1.1" 200 51685 "-" "Mozilla/5.0 (Linux; Android 6.0.1; Nexus 5X Build/MMB29P) AppleWebKit/537.36 (KHTML, like Gecko) Chrome/135.0.7049.95 Mobile Safari/537.36 (compatible; Googlebot/2.1; +http://www.google.com/bot.html)"
66.249.74.103 - - [29/Apr/2025:23:15:30 -0400] "GET /?k=1087582763601&channel=ced9d3&from=shared.php%3Fid%3D827636-9869%26name%3D%E3%83%8E%E3%83%AB%E3%83%87%E3%82%A3%E3%82%AB%E3%83%8B%E3%83%83%E3%82%BB+2023%E6%96%B0%E4%BD%9C+%E3%82%AF%E3%83%AA%E3%82%B9%E3%83%9E%E3%82%B9%E3%83%84%E3%83%AA%E3%83%BC%26%E8%A1%97%E7%81%AF HTTP/1.1" 200 0 "-" "Mozilla/5.0 (Linux; Android 6.0.1; Nexus 5X Build/MMB29P) AppleWebKit/537.36 (KHTML, like Gecko) Chrome/135.0.7049.95 Mobile Safari/537.36 (compatible; GoogleOther)"
66.249.74.103 - - [29/Apr/2025:23:15:35 -0400] "GET /?k=0347971803700&channel=80ee9b&from=brands.php%3Fid%3D718037-549%26name%3D%E3%80%90%E6%9C%AA%E4%BD%BF%E7%94%A8%E5%93%81%E3%80%91%E3%82%AB%E3%83%AD%E3%83%BC%E3%83%A9%E3%83%84%E3%83%BC%E3%83%AA%E3%83%B3%E3%82%B0+%E3%83%88%E3%83%A8%E3%82%BF%E7%B4%94%E6%AD%A3+%E3%82%B5%E3%82%A4%E3%83%89%E3%83%90%E3%82%A4%E3%82%B6%E3%83%BC HTTP/1.1" 200 51918 "-" "Mozilla/5.0 (Linux; Android 6.0.1; Nexus 5X Build/MMB29P) AppleWebKit/537.36 (KHTML, like Gecko) Chrome/135.0.7049.95 Mobile Safari/537.36 (compatible; Googlebot/2.1; +http://www.google.com/bot.html)"
66.249.74.103 - - [29/Apr/2025:23:15:44 -0400] "GET /?k=6728094126808&channel=c8e9f8&from=article.php%3Fid%3D941268-4154%26name%3D%E9%A3%9B%E9%A8%A8%E3%81%AE%E5%AE%B6%E5%85%B7+%E3%83%92%E3%83%80%E3%83%BB%E3%83%80%E3%82%A4%E3%83%8D%E3%83%83%E3%83%88+%E3%83%AD%E3%83%83%E3%82%AD%E3%83%B3%E3%82%B0%E3%83%81%E3%82%A7%E3%82%A2+%E9%A3%9B%E9%A8%A8%E7%94%A3%E6%A5%AD+%E3%82%AD%E3%83%84%E3%83%84%E3%82%AD+%E6%B8%85%E6%8E%83%E3%83%BB%E7%A3%A8%E3%81%8D HTTP/1.1" 200 0 "-" "Mozilla/5.0 (Linux; Android 6.0.1; Nexus 5X Build/MMB29P) AppleWebKit/537.36 (KHTML, like Gecko) Chrome/135.0.7049.95 Mobile Safari/537.36 (compatible; GoogleOther)"
66.249.74.104 - - [29/Apr/2025:23:16:43 -0400] "GET /?k=6740881169400&channel=d0a0ce&from=goods.php%3Fid%3D811694-5298%26name%3D%E3%82%B5%E3%83%B3%E3%83%88%E3%83%AA%E3%83%BC%E3%83%9F%E3%83%8B%E3%83%81%E3%83%A5%E3%82%A2%E3%83%9C%E3%83%88%E3%83%AB HTTP/1.1" 200 0 "-" "Mozilla/5.0 (Linux; Android 6.0.1; Nexus 5X Build/MMB29P) AppleWebKit/537.36 (KHTML, like Gecko) Chrome/135.0.7049.95 Mobile Safari/537.36 (compatible; GoogleOther)"
66.249.74.103 - - [29/Apr/2025:23:16:54 -0400] "GET /?k=5085293493909&channel=0fc578&from=info.php%3Fid%3D934939-3169%26name%3DNikon+%E3%83%8B%E3%82%B3%E3%83%B3+AF-S+NIKKOR+50mm+f1.8G+%E7%BE%8E%E5%93%81+%E5%8B%95%E4%BD%9C%E6%AD%A3%E5%B8%B8 HTTP/1.1" 200 0 "-" "Mozilla/5.0 (Linux; Android 6.0.1; Nexus 5X Build/MMB29P) AppleWebKit/537.36 (KHTML, like Gecko) Chrome/135.0.7049.95 Mobile Safari/537.36 (compatible; GoogleOther)"
66.249.74.105 - - [29/Apr/2025:23:17:01 -0400] "GET /?k=98227156095006&channel=0a9342&from=category-info.php%3Fid%3D1560950-504%26name%3D%E3%83%89%E3%83%A9%E3%83%AC%E3%82%B3%E3%80%80COMTEC+HDR361GW+BLACK%E6%96%B0%E5%93%81%E3%80%80%E7%9B%B4%E6%8E%A5%E9%85%8D%E7%B7%9A%E3%82%B3%E3%83%BC%E3%83%89%E4%BB%98%E3%81%8D HTTP/1.1" 200 51669 "-" "Mozilla/5.0 (Linux; Android 6.0.1; Nexus 5X Build/MMB29P) AppleWebKit/537.36 (KHTML, like Gecko) Chrome/135.0.7049.95 Mobile Safari/537.36 (compatible; Googlebot/2.1; +http://www.google.com/bot.html)"
66.249.74.103 - - [29/Apr/2025:23:17:06 -0400] "GET /?k=775892671402&channel=6bad2a&from=info.php%3Fid%3D26714-3179%26name%3Dginniro%E6%A7%98%E5%B0%82%E7%94%A8+AQUOS%E3%82%B1%E3%83%BC%E3%82%BF%E3%82%A44 HTTP/1.1" 200 0 "-" "Mozilla/5.0 (Linux; Android 6.0.1; Nexus 5X Build/MMB29P) AppleWebKit/537.36 (KHTML, like Gecko) Chrome/135.0.7049.95 Mobile Safari/537.36 (compatible; GoogleOther)"
66.249.74.103 - - [29/Apr/2025:23:17:17 -0400] "GET /?k=25249166476501&channel=006e81&from=product.php%3Fid%3D1664765-903%26name%3D%E3%83%95%E3%82%A9%E3%83%AC%E3%82%B9%E3%82%BF%E3%83%BC+SJ%E7%B3%BB%2FSJ5%2FSJG+%E5%89%8D%E6%9C%9F%2F%E5%BE%8C%E6%9C%9F+%E3%82%B7%E3%82%AC%E3%83%BC%E3%82%BD%E3%82%B1%E3%83%83%E3%83%88+%E3%82%AB%E3%83%BC%E3%83%81%E3%83%A3%E3%83%BC%E3%82%B8%E3%83%A3%E3%83%BC+%E6%80%A5%E9%80%9F%E5%85%85%E9%9B%BB+%E6%9C%80%E5%A4%A730W%E5%87%BA%E5%8A%9B+%E8%BB%8A%E8%BC%89%E5%85%85%E9%9B%BB%E5%99%A8+%E3%82%B3%E3%83%B3%E3%83%91%E3%82%AF%E3%83%88 HTTP/1.1" 200 0 "-" "Mozilla/5.0 (Linux; Android 6.0.1; Nexus 5X Build/MMB29P) AppleWebKit/537.36 (KHTML, like Gecko) Chrome/135.0.7049.95 Mobile Safari/537.36 (compatible; GoogleOther)"
66.249.74.103 - - [29/Apr/2025:23:17:36 -0400] "GET /?k=59902150896902&channel=9774fe&from=form.php%3Fid%3D1508969-8875%26name%3DNoend+%E3%82%AA%E3%83%BC%E3%82%AC%E3%83%8B%E3%83%83%E3%82%AF%E3%83%95%E3%82%A1%E3%82%A4%E3%83%B3%E3%83%90%E3%83%96%E3%83%AB%E3%82%B7%E3%83%A3%E3%83%AF%E3%83%BC%E3%83%98%E3%83%83%E3%83%89%E3%80%9099%25%E5%A1%A9%E7%B4%A0%E9%99%A4%E5%8E%BB%EF%BD%9C%E3%83%9E%E3%82%A4%E3%82%AF%E3%83%AD%E3%83%8A%E3%83%8E%E3%83%90%E3%83%96%E3%83%AB76%E5%84%84%E5%80%8B%E3%80%91%E3%80%90%E6%B5%84%E6%B0%B4%EF%BD%9C%E5%A4%A9%E7%84%B6%E7%B4%A0%E6%9D%90+%E6%B4%BB%E6%80%A7%E7%82%AD%E3%83%95%E3%82%A3%E3%83%AB%E3%82%BF%E3%83%BC HTTP/1.1" 200 0 "-" "Mozilla/5.0 (Linux; Android 6.0.1; Nexus 5X Build/MMB29P) AppleWebKit/537.36 (KHTML, like Gecko) Chrome/135.0.7049.95 Mobile Safari/537.36 (compatible; GoogleOther)"
66.249.74.103 - - [29/Apr/2025:23:17:41 -0400] "GET /?k=814142407700&channel=6b5a42&from=info.php%3Fid%3D24077-722%26name%3D%E4%B8%80%E4%BD%93%E5%9E%8Bpc+22%E5%9E%8B+%E6%B6%B2%E6%99%B6%E4%B8%80%E4%BD%93%E5%9E%8B+%E3%83%87%E3%82%B9%E3%82%AF%E3%83%88%E3%83%83%E3%83%97%E3%83%91%E3%82%BD%E3%82%B3%E3%83%B3+CPU%E7%AC%AC%E4%BA%8C%E4%B8%96%E4%BB%A3+%E3%82%A4%E3%83%B3%E3%83%86%E3%83%AB+Core+i5%2F%2FUSB+2.0%2FWIFI%E6%90%AD%E8%BC%89%2F%E3%82%AD%E3%83%BC HTTP/1.1" 200 0 "-" "Mozilla/5.0 (Linux; Android 6.0.1; Nexus 5X Build/MMB29P) AppleWebKit/537.36 (KHTML, like Gecko) Chrome/135.0.7049.95 Mobile Safari/537.36 (compatible; GoogleOther)"
66.249.74.103 - - [29/Apr/2025:23:17:46 -0400] "GET /?k=8187179781800&channel=7a10cc&from=brands.php%3Fid%3D797818-17547%26name%3DTSX+PLC+%E3%83%97%E3%83%AD%E3%82%B0%E3%83%A9%E3%83%9F%E3%83%B3%E3%82%B0+%E3%82%B1%E3%83%BC%E3%83%96%E3%83%AB+%E3%83%80%E3%82%A6%E3%83%B3%E3%83%AD%E3%83%BC%E3%83%89+%E3%82%B1%E3%83%BC%E3%83%96%E3%83%AB+TSXPCU1030+PLC+%E3%83%A2%E3%82%B8%E3%83%A5%E3%83%BC%E3%83%AB%E7%94%A8%E6%8E%A5%E7%B6%9A%E3%83%87%E3%83%BC%E3%82%BF+%E3%82%B1%E3%83%BC%E3%83%96%E3%83%AB%283 HTTP/1.1" 200 0 "-" "Mozilla/5.0 (Linux; Android 6.0.1; Nexus 5X Build/MMB29P) AppleWebKit/537.36 (KHTML, like Gecko) Chrome/135.0.7049.95 Mobile Safari/537.36 (compatible; GoogleOther)"
52.167.144.233 - - [29/Apr/2025:23:18:07 -0400] "GET /?k=97104180489403&channel=c5111c&from=pin.php%3Fid%3D1804894-8881%26name%3D%E9%AB%98%E6%B5%81%E9%87%8F%E3%83%A9%E3%82%A4%E3%83%88%E9%AB%98%E7%B4%9A%E5%A4%A9%E4%BA%95%E5%8F%96%E3%82%8A%E4%BB%98%E3%81%91%E5%BC%8F%E8%9B%87%E5%8F%A3%E3%80%81%E5%A3%81%E5%8F%96%E3%82%8A%E4%BB%98%E3%81%91%E5%BC%8F%E6%B4%97%E9%9D%A2%E5%8F%B0%E7%94%A8%E8%9B%87%E5%8F%A3%E3%80%81%E3%83%87%E3%83%83%E3%82%AD%E5%8F%96%E3%82%8A%E4%BB%98%E3%81%91%E3%83%8F%E3%83%B3%E3%83%89%E3%83%AB%E3%80%81%E3%82%B7%E3%83%B3%E3%82%B0%E3%83%AB%E3%83%8F%E3%83%B3%E3%83%89%E3%83%AB%E3%80%81%E3%83%87%E3%83%A5%E3%82%A2%E3%83%AB%E3%82%B3%E3%83%B3%E3%83%88%E3%83%AD%E3%83%BC%E3%83%AB%E6%B8%A9%E6%B0%B4%E3%83%BB%E5%86%B7 HTTP/1.1" 200 41271 "-" "Mozilla/5.0 AppleWebKit/537.36 (KHTML, like Gecko; compatible; bingbot/2.0; +http://www.bing.com/bingbot.htm) Chrome/116.0.1938.76 Safari/537.36"
40.77.167.33 - - [29/Apr/2025:23:18:13 -0400] "GET /?k=29818128985906&channel=9d53d9&from=shared.php%3Fid%3D1289859-22763%26name%3DWXQ%E3%82%B9%E3%83%8E%E3%83%BC%E3%83%95%E3%83%AC%E3%83%BC%E3%82%AF%E8%A3%BD%E6%B0%B7%E6%A9%9F%E3%80%81%E5%B0%8F%E5%9E%8B%E3%82%B9%E3%83%8E%E3%83%BC%E3%82%B3%E3%83%BC%E3%83%B3%E3%82%B9%E3%83%A9%E3%83%83%E3%82%B7%E3%83%BC%E3%83%A1%E3%83%BC%E3%82%AB%E3%83%BC%E3%80%81%E6%A5%AD%E5%8B%99%E7%94%A8%E3%82%B9%E3%83%8E%E3%83%BC%E3%83%95%E3%83%AC%E3%83%BC%E3%82%AF%E8%A3%BD%E6%B0%B7%E6%A9%9F%E3%80%81110V%E3%82%B9%E3%83%8E%E3%83%BC%E3%83%95%E3%83%AC%E3%83%BC%E3%82%AF%E3%82%A2%E3%82%A4%E3%82%B9%E3%82%B7%E3%82%A7%E3%83%BC%E3%83%90%E3%83%BC%E3%80%81 HTTP/1.1" 200 40957 "-" "Mozilla/5.0 AppleWebKit/537.36 (KHTML, like Gecko; compatible; bingbot/2.0; +http://www.bing.com/bingbot.htm) Chrome/116.0.1938.76 Safari/537.36"
40.77.167.33 - - [29/Apr/2025:23:18:14 -0400] "GET /?k=23055193895004&channel=4b31d8&from=jp.php%3Fid%3D1938950-8110%26name%3DPD140W%E3%82%B3%E3%83%B3%E3%83%94%E3%83%A5%E3%83%BC%E3%82%BF%E3%83%BC%E9%AB%98%E9%80%9F%E5%85%85%E9%9B%BB%E3%82%B1%E3%83%BC%E3%83%96%E3%83%AB%E8%BF%85%E9%80%9F%E3%81%AA%E3%83%87%E3%83%BC%E3%82%BF%E3%82%B1%E3%83%BC%E3%83%96%E3%83%AB%E3%82%B3%E3%83%B3%E3%83%94%E3%83%A5%E3%83%BC%E3%82%BF%E3%81%AF%E3%80%81%E3%83%A9%E3%83%83%E3%83%97%E3%83%88%E3%83%83%E3%83%97%E3%81%A8%E3%82%BF%E3%83%96%E3%83%AC%E3%83%83%E3%83%88%E3%81%AE%E3%83%AF%E3%82%A4%E3%83%A4%E3%83%BC%E3%82%92%E6%AC%BA%E3%81%8F%E3%83%AF%E3%82%A4%E3%83%A4%E3%83%BC HTTP/1.1" 200 41876 "-" "Mozilla/5.0 AppleWebKit/537.36 (KHTML, like Gecko; compatible; bingbot/2.0; +http://www.bing.com/bingbot.htm) Chrome/116.0.1938.76 Safari/537.36"
66.249.74.104 - - [29/Apr/2025:23:19:13 -0400] "GET /?k=2701746592101&channel=a323d1&from=shop.php%3Fid%3D465921-5627%26name%3D%E7%87%83%E6%96%99%E5%99%B4%E5%B0%84%E3%83%8E%E3%82%BA%E3%83%AB+4%E5%80%8B+630cc+FI114961+%E7%87%83%E6%96%99%E3%82%A4%E3%83%B3%E3%82%B8%E3%82%A7%E3%82%AF%E3%82%BF%E3%83%BC%E3%83%8E%E3%82%BA%E3%83%AB+%E3%82%B7%E3%83%BC%E3%83%A1%E3%83%B3%E3%82%B9%E7%94%A8+%E3%83%87%E3%82%ABEV1%E7%94%A8 HTTP/1.1" 200 0 "-" "Mozilla/5.0 (Linux; Android 6.0.1; Nexus 5X Build/MMB29P) AppleWebKit/537.36 (KHTML, like Gecko) Chrome/135.0.7049.95 Mobile Safari/537.36 (compatible; GoogleOther)"
66.249.74.105 - - [29/Apr/2025:23:21:37 -0400] "GET /?k=80137133571701&channel=0a0ce4&from=category-info.php%3Fid%3D1335717-4180%26name%3DPS4+PRO+1TB+%E3%82%BD%E3%83%95%E3%83%887%E6%9C%AC%E4%BB%98%E3%81%8D HTTP/1.1" 200 0 "-" "Mozilla/5.0 (Linux; Android 6.0.1; Nexus 5X Build/MMB29P) AppleWebKit/537.36 (KHTML, like Gecko) Chrome/135.0.7049.95 Mobile Safari/537.36 (compatible; GoogleOther)"
66.249.74.105 - - [29/Apr/2025:23:22:10 -0400] "GET /?k=6921051964601&channel=45ef2e&from=article.php%3Fid%3D519646-2699%26name%3D%E3%82%AB%E3%82%A6%E3%83%B3%E3%82%BF%E3%83%BC%E3%83%86%E3%83%BC%E3%83%96%E3%83%AB+%E3%82%AD%E3%83%83%E3%83%81%E3%83%B3%E3%82%AB%E3%82%A6%E3%83%B3%E3%82%BF%E3%83%BC+%E3%83%90%E3%83%BC%E3%82%AB%E3%82%A6%E3%83%B3%E3%82%BF%E3%83%BC+%E3%82%BB%E3%83%83%E3%83%88+%E7%9C%81%E3%82%B9%E3%83%9A%E3%83%BC%E3%82%B9+%E3%82%B9%E3%83%AA%E3%83%A0+%E9%A3%9F%E5%8D%93%E3%83%86%E3%83%BC%E3%83%96%E3%83%AB%E3%82%BB%E3%83%83%E3%83%88+%E5%AE%B6%E5%BA%AD%E7%94%A8%E3%80%81%E3%82%AB%E3%83%95%E3%82%A7%E3%80%81%E3%83%80%E3%82%A4%E3%83%8B%E3%83%B3%E3%82%B0%E3%80%81%E3%83%90%E3%83%BC HTTP/1.1" 200 0 "-" "Mozilla/5.0 (Linux; Android 6.0.1; Nexus 5X Build/MMB29P) AppleWebKit/537.36 (KHTML, like Gecko) Chrome/135.0.7049.95 Mobile Safari/537.36 (compatible; GoogleOther)"
66.249.74.104 - - [29/Apr/2025:23:22:18 -0400] "GET /?k=74810161330101&channel=b11e03&from=shop.php%3Fid%3D1613301-5322%26name%3Dsakurako%E6%A7%98%E3%80%80%E5%B0%82%E7%94%A8%E3%83%AA%E3%83%9D%E3%83%93%E3%82%BF%E3%83%B3%E3%80%80%E3%82%AF%E3%83%AA%E3%82%A2%E3%80%80190%E6%9C%AC HTTP/1.1" 200 0 "-" "Mozilla/5.0 (Linux; Android 6.0.1; Nexus 5X Build/MMB29P) AppleWebKit/537.36 (KHTML, like Gecko) Chrome/135.0.7049.95 Mobile Safari/537.36 (compatible; GoogleOther)"
40.77.167.33 - - [29/Apr/2025:23:22:33 -0400] "GET /?k=12250166074603&channel=1dd62a&from=product.php%3Fid%3D1660746-12328%26name%3DCSCDD+%E8%B6%85%E7%9F%AD%E3%82%B9%E3%83%AD%E3%83%BC%E3%83%AC%E3%83%BC%E3%82%B6%E3%83%BC%E3%83%97%E3%83%AD%E3%82%B8%E3%82%A7%E3%82%AF%E3%82%BF%E3%83%BC%E3%81%AE%E3%81%9F%E3%82%81%E3%81%AE92%E3%82%A4%E3%83%B3%E3%83%8116%EF%BC%9A9%E9%9A%8E%E3%81%AE%E7%AB%8B%E3%81%A1%E4%B8%8A%E3%81%8C%E3%82%8A%E9%9B%BB%E6%B0%97%E3%82%A2%E3%83%B3%E3%83%81%E3%83%A9%E3%82%A4%E3%83%88%E9%9B%BB%E5%8B%95%E3%83%97%E3%83%AD%E3%82%B8%E3%82%A7%E3%82%AF%E3%82%B7%E3%83%A7%E3%83%B3%E3%82%B9%E3%82%AF%E3%83%AA%E3%83%BC%E3%83%B3 HTTP/1.1" 200 40761 "-" "Mozilla/5.0 AppleWebKit/537.36 (KHTML, like Gecko; compatible; bingbot/2.0; +http://www.bing.com/bingbot.htm) Chrome/116.0.1938.76 Safari/537.36"
52.167.144.25 - - [29/Apr/2025:23:22:37 -0400] "GET /?k=2981299415602&channel=3fb1e5&from=form.php%3Fid%3D994156-19541%26name%3D%5B%E3%83%97%E3%83%8C%E3%82%AA%E3%82%AF%E3%83%B3%5D+%E3%83%A2%E3%83%B3%E3%82%AD%E3%83%BC%E3%82%B3%E3%82%B9%E3%83%81%E3%83%A5%E3%83%BC%E3%83%A0%E3%82%BB%E3%83%83%E3%83%88%E3%83%A2%E3%83%B3%E3%82%AD%E3%83%BC%E8%80%B3%E5%B0%BE%E3%81%AC%E3%81%84%E3%81%90%E3%82%8B%E3%81%BF%E5%8B%95%E7%89%A9%E3%81%AE%E3%83%95%E3%82%A1%E3%83%B3%E3%82%B7%E3%83%BC%E3%82%B3%E3%82%B9%E3%83%81%E3%83%A5%E3%83%BC%E3%83%A0%E3%82%A2%E3%82%AF%E3%82%BB%E3%82%B5%E3%83%AA%E3%83%BC%E3%83%8F%E3%83%AD%E3%82%A6%E3%82%A3%E3%83%BC%E3%83%B3%E3%82%B3%E3%82%B9%E3%83%97%E3%83%AC%E3%82%A2%E3%82%AF%E3%82%BB%E3%82%B5 HTTP/1.1" 200 41426 "-" "Mozilla/5.0 AppleWebKit/537.36 (KHTML, like Gecko; compatible; bingbot/2.0; +http://www.bing.com/bingbot.htm) Chrome/116.0.1938.76 Safari/537.36"
66.249.74.103 - - [29/Apr/2025:23:22:42 -0400] "GET /?k=0848523244901&channel=244730&from=blog.php%3Fid%3D232449-2628%26name%3DNSR50+%E4%B8%AD%E6%9C%9F%E3%82%A8%E3%83%B3%E3%82%B8%E3%83%B3+%E3%83%95%E3%83%AB%E3%83%8E%E3%83%BC%E3%83%9E%E3%83%AB++AC08E%E3%80%9C220 HTTP/1.1" 200 0 "-" "Mozilla/5.0 (Linux; Android 6.0.1; Nexus 5X Build/MMB29P) AppleWebKit/537.36 (KHTML, like Gecko) Chrome/135.0.7049.95 Mobile Safari/537.36 (compatible; GoogleOther)"
