40.77.167.33 - - [29/Apr/2025:23:19:33 -0400] "GET /?k=5751461004503&channel=45d91d&from=blog.php%3Fid%3D610045-14495%26name%3D%E3%83%87%E3%82%B8%E3%82%BF%E3%83%AB%E6%AF%94%E8%89%B2%E8%A8%88%E3%82%AB%E3%83%A9%E3%83%BC%E3%83%A1%E3%83%BC%E3%82%BF%E3%83%BC%E8%89%B2%E5%B7%AE%E3%83%86%E3%82%B9%E3%82%BF%E3%83%BC99%E3%82%BB%E3%83%83%E3%83%88%E3%83%87%E3%83%BC%E3%82%BF%E3%83%A1%E3%83%A2%E3%83%AA%E5%AE%B9%E9%87%8F%E3%83%90%E3%83%83%E3%82%AF%E3%83%A9%E3%82%A4%E3%83%88%E3%83%87%E3%82%A3%E3%82%B9%E3%83%97%E3%83%AC%E3%82%A4%E7%B9%8A%E7%B6%AD%E7%B4%99%E7%94%A8+%E3%83%9D%E3%83%BC%E3%82%BF%E3%83%96%E3%83%AB%E6%AF%94%E8%89%B2%E8%A8%88%E3%83%84%E3%83%BC%E3%83%AB HTTP/1.1" 200 40868 "-" "Mozilla/5.0 AppleWebKit/537.36 (KHTML, like Gecko; compatible; bingbot/2.0; +http://www.bing.com/bingbot.htm) Chrome/116.0.1938.76 Safari/537.36"
40.77.167.33 - - [29/Apr/2025:23:19:53 -0400] "GET /?k=9115943369604&channel=4587d2&from=category-info.php%3Fid%3D433696-12913%26name%3D%E9%AB%98%E7%B2%BE%E5%BA%A6%E3%82%B9%E3%83%86%E3%83%B3%E3%83%AC%E3%82%B9%E3%82%B9%E3%83%81%E3%83%BC%E3%83%AB%E3%83%9E%E3%82%A4%E3%82%AF%E3%83%AD%E3%83%A1%E3%83%BC%E3%82%BF%E3%83%BC%E6%B8%AC%E5%AE%9A%E7%AF%84%E5%9B%B20-25MM%E5%88%86%E8%A7%A3%E8%83%BD0.01MM%E9%AB%98%E5%BC%B7%E5%BA%A6%E9%87%91%E5%B1%9E%E6%B8%AC%E5%AE%9A%E5%99%A8 HTTP/1.1" 200 40216 "-" "Mozilla/5.0 AppleWebKit/537.36 (KHTML, like Gecko; compatible; bingbot/2.0; +http://www.bing.com/bingbot.htm) Chrome/116.0.1938.76 Safari/537.36"
40.77.167.33 - - [29/Apr/2025:23:19:54 -0400] "GET /?k=1827840467300&channel=4baec0&from=form.php%3Fid%3D404673-5957%26name%3D%E9%A2%A8%E5%8A%9B%E3%81%8A%E3%82%88%E3%81%B3%E5%A4%AA%E9%99%BD%E5%85%89%E8%A3%9C%E5%AE%8C+600W%E6%B0%B4%E6%99%B6%E6%A8%99%E6%BA%96%E7%9A%84%E3%81%AA%E9%A2%A8%E3%81%8A%E3%82%88%E3%81%B3%E5%A4%AA%E9%99%BD%E8%A3%9C%E8%B6%B3%E7%9A%84%E3%81%AA%E3%82%B3%E3%83%B3%E3%83%88%E3%83%AD%E3%83%BC%E3%83%A9%E3%83%BC%E3%81%AE%E5%A4%AA%E9%99%BD%E9%A2%A8%E5%8A%9B%E3%82%A8%E3%83%8D%E3%83%AB%E3%82%AE%E3%83%BC%E3%81%AE%E9%A2%A8%E5%8A%9B%E7%99%BA%E9%9B%BB%E3%81%AE%E3%83%90%E3%83%83%E3%83%86%E3%83%AA%E3%83%BC%E5%85%85%E9%9B%BB%E5%99%A812V2 HTTP/1.1" 200 41852 "-" "Mozilla/5.0 AppleWebKit/537.36 (KHTML, like Gecko; compatible; bingbot/2.0; +http://www.bing.com/bingbot.htm) Chrome/116.0.1938.76 Safari/537.36"
66.249.74.105 - - [29/Apr/2025:23:23:06 -0400] "GET /?k=78882140911401&channel=2f00b5&from=news.php%3Fid%3D1409114-23992%26name%3D500%E4%B8%87%E7%94%BB%E7%B4%A0+%E9%98%B2%E7%8A%AF%E3%82%AB%E3%83%A1%E3%83%A9%E3%82%BB%E3%83%83%E3%83%88+PoC+%E3%82%A2%E3%83%8A%E3%83%AD%E3%82%B0+%E5%B1%8B%E5%86%85%E5%B1%8B%E5%A4%96%E3%82%AB%E3%83%A1%E3%83%A91%EF%BD%9E4%E5%8F%B0+%E3%83%AC%E3%82%B3%E3%83%BC%E3%83%80%E3%83%BCHDD1TB%E8%BE%BC+4chDVR+%E3%82%AB%E3%83%A1%E3%83%A9%E9%9B%BB%E6%BA%90%E4%B8%8D%E8%A6%81+%E3%82%B9 HTTP/1.1" 200 0 "-" "Mozilla/5.0 (Linux; Android 6.0.1; Nexus 5X Build/MMB29P) AppleWebKit/537.36 (KHTML, like Gecko) Chrome/135.0.7049.95 Mobile Safari/537.36 (compatible; GoogleOther)"
66.249.74.105 - - [29/Apr/2025:23:24:33 -0400] "GET /?k=09248132909901&channel=6a2403&from=news.php%3Fid%3D1329099-1275%26name%3D23%E5%8C%BA%E3%81%AE%E5%9E%8B%E6%8A%BC%E3%81%97%E3%83%95%E3%83%A9%E3%83%83%E3%83%88%E3%82%B7%E3%83%A5%E3%83%BC%E3%82%BA%E3%80%80%E3%80%80%E3%82%AA%E3%83%B3%E3%83%AF%E3%83%BC%E3%83%89 HTTP/1.1" 200 0 "-" "Mozilla/5.0 (Linux; Android 6.0.1; Nexus 5X Build/MMB29P) AppleWebKit/537.36 (KHTML, like Gecko) Chrome/135.0.7049.95 Mobile Safari/537.36 (compatible; GoogleOther)"
40.77.167.74 - - [29/Apr/2025:23:24:34 -0400] "GET /?k=08733171833701&channel=bd77c2&from=article.php%3Fid%3D1718337-17844%26name%3D%E3%83%9E%E3%82%A4%E3%82%AF%E3%83%AD%E3%83%A1%E3%83%BC%E3%82%BF%E3%83%BC+%E3%83%87%E3%82%B8%E3%82%BF%E3%83%AB+%E5%86%85%E9%83%A8%E3%83%9E%E3%82%A4%E3%82%AF%E3%83%AD%E3%83%A1%E3%83%BC%E3%83%88%E3%83%AB0.001mm%E9%9B%BB%E6%B0%97%E3%83%87%E3%82%B8%E3%82%BF%E3%83%AB3%E3%83%9D%E3%82%A4%E3%83%B3%E3%83%88%E5%86%85%E5%BE%84%E3%83%9E%E3%82%A4%E3%82%AF%E3%83%AD%E3%83%A1%E3%83%BC%E3%83%88%E3%83%AB+LCD%E3%83%87%E3%83%BC%E3%82%BF%E5%87%BA%E5%8A%9B%E3%82%92%E8%A1%A8%E7%A4%BA%E3%81%97%E3%81%BE HTTP/1.1" 200 41804 "-" "Mozilla/5.0 AppleWebKit/537.36 (KHTML, like Gecko; compatible; bingbot/2.0; +http://www.bing.com/bingbot.htm) Chrome/116.0.1938.76 Safari/537.36"
40.77.167.74 - - [29/Apr/2025:23:25:34 -0400] "GET /?k=8278569780305&channel=ce1291&from=category-info.php%3Fid%3D697803-6567%26name%3D%E7%B5%B1%E5%90%88%E3%81%95%E3%82%8C%E3%81%9FGHF405AIO+40A%E3%83%95%E3%83%A9%E3%82%A4%E3%83%88%E3%82%B3%E3%83%B3%E3%83%88%E3%83%AD%E3%83%BC%E3%83%A9%E3%83%BC%E8%A8%AD%E8%A8%88%E3%81%AB%E3%82%88%E3%82%8A%E3%80%81%E3%83%89%E3%83%AD%E3%83%BC%E3%83%B3%E3%83%AC%E3%83%BC%E3%82%B9%E3%82%84%E8%88%AA%E7%A9%BA%E5%86%99%E7%9C%9F%E7%94%A8%E9%80%94%E3%81%A7%E3%81%AE%E5%AE%89%E5%AE%9A%E6%80%A7%E3%82%92%E5%AE%9F%E7%8F%BE HTTP/1.1" 200 40797 "-" "Mozilla/5.0 AppleWebKit/537.36 (KHTML, like Gecko; compatible; bingbot/2.0; +http://www.bing.com/bingbot.htm) Chrome/116.0.1938.76 Safari/537.36"
52.167.144.25 - - [29/Apr/2025:23:25:38 -0400] "GET /?k=04891169864601&channel=1e8c01&from=shop.php%3Fid%3D1698646-3511%26name%3DTonain%E8%BB%8A%E8%BC%89%E7%82%8A%E9%A3%AF%E5%99%A8%E9%9B%BB%E6%B0%97%E3%83%95%E3%83%A9%E3%82%A4%E3%83%91%E3%83%B32L%E8%BB%8A%E8%BC%89%E5%A4%9A%E6%A9%9F%E8%83%BD%E9%9B%BB%E6%B0%97%E3%83%95%E3%83%A9%E3%82%A4%E3%83%91%E3%83%B3+%E7%82%92%E3%82%81%E3%82%8B%E3%83%BB%E6%B8%A9%E3%81%8B%E3%81%84%E6%96%99%E7%90%86%E3%83%BB%E8%92%B8%E3%81%99%E3%83%BB%E7%85%AE%E3%82%8B%E5%A4%9A%E6%A9%9F%E8%83%BD%E3%81%AA%E8%BB%8A%E8%BC%89%E7%94%A8%E9%9B%BB%E6%B0%97%E9%8D%8B+%28%E3%82%B0%E3%83%AA%E3%83%BC%E3%83%B3%29 HTTP/1.1" 200 41462 "-" "Mozilla/5.0 AppleWebKit/537.36 (KHTML, like Gecko; compatible; bingbot/2.0; +http://www.bing.com/bingbot.htm) Chrome/116.0.1938.76 Safari/537.36"
52.167.144.25 - - [29/Apr/2025:23:25:39 -0400] "GET /?k=19109184942500&channel=9ed739&from=news.php%3Fid%3D1849425-17558%26name%3DU.S.+Solid+%E7%B4%94%E3%83%8B%E3%83%83%E3%82%B1%E3%83%AB%E7%89%87+99.6%25%E3%81%AE%E7%B4%94%E5%BA%A6+%E3%83%90%E3%83%83%E3%83%86%E3%83%AA%E3%83%BC%E7%B5%84%E3%81%AE%E6%8E%A5%E7%B6%9A%E3%80%81%E3%83%AA%E3%83%81%E3%82%A6%E3%83%A0%E9%9B%BB%E6%B1%A0%E3%80%81%E3%83%8B%E3%83%83%E3%82%B1%E3%83%AB%E6%B0%B4%E7%B4%A0%E9%9B%BB%E6%B1%A0%E3%80%81%E3%83%8B%E3%83%83%E3%82%B1%E3%83%AB%E3%82%AB%E3%83%89%E3%83%9F%E3%82%A6%E3%83%A0%E9%9B%BB%E6%B1%A0%E3%80%81%E3%82%B9 HTTP/1.1" 200 41694 "-" "Mozilla/5.0 AppleWebKit/537.36 (KHTML, like Gecko; compatible; bingbot/2.0; +http://www.bing.com/bingbot.htm) Chrome/116.0.1938.76 Safari/537.36"
40.77.167.74 - - [29/Apr/2025:23:25:44 -0400] "GET /?k=5809874488801&channel=b1588e&from=shop.php%3Fid%3D744888-424%26name%3D%E8%80%90%E6%91%A9%E8%80%97%E6%80%A7%E3%81%A8%E8%80%90%E5%82%B7%E6%80%A7+%E7%8C%AB%E3%82%AF%E3%83%A9%E3%82%A4%E3%83%9F%E3%83%B3%E3%82%B0%E3%83%95%E3%83%AC%E3%83%BC%E3%83%A0%E5%B0%8F%E5%9E%8B%E7%8C%AB%E7%94%A8%E3%82%B5%E3%82%A4%E3%82%B6%E3%83%AB%E9%BA%BB%E7%8C%AB%E3%82%B8%E3%83%A3%E3%83%B3%E3%83%97%E5%8F%B0%E7%8C%AB%E3%82%B9%E3%82%AF%E3%83%A9%E3%83%83%E3%83%81%E3%83%9D%E3%82%B9%E3%83%88%E7%8C%AB%E3%82%AF%E3%83%A9%E3%82%A4%E3%83%9F%E3%83%B3%E3%82%B0%E3%83%95%E3%83%AC%E3%83%BC%E3%83%A0%E7%8C%AB%E6%A3%9A+%E7%8C%AB%E3%81%AE%E6%9C%A8%E3%81%AE%E5%B7%A3 HTTP/1.1" 200 40977 "-" "Mozilla/5.0 AppleWebKit/537.36 (KHTML, like Gecko; compatible; bingbot/2.0; +http://www.bing.com/bingbot.htm) Chrome/116.0.1938.76 Safari/537.36"
40.77.167.33 - - [29/Apr/2025:23:25:48 -0400] "GET /?k=73687130457305&channel=e2a51b&from=shop.php%3Fid%3D1304573-6117%26name%3DTAYTHI+%E5%85%A8%E8%87%AA%E5%8B%95%E3%82%B3%E3%83%BC%E3%83%92%E3%83%BC%E3%83%9E%E3%82%B7%E3%83%B3%2F%E5%85%A8%E8%87%AA%E5%8B%95%E3%82%B3%E3%83%BC%E3%83%92%E3%83%BC%E3%83%9E%E3%82%B7%E3%83%B3%2F%E3%83%96%E3%83%A9%E3%83%83%E3%82%AF%E3%82%BF%E3%83%83%E3%83%81%E3%82%B9%E3%82%AF%E3%83%AA%E3%83%BC%E3%83%B3%2F%E3%83%95%E3%82%A1%E3%83%B3%E3%82%B7%E3%83%BC%E3%82%B3%E3%83%BC%E3%83%92%E3%83%BC%2F20BAR%E3%83%9F%E3%83%AB%E3%82%AF%E6%B3%A1%E6%8A%BD%E5%87%BA%E3%82%B7%E3%82%B9%E3%83%86 HTTP/1.1" 200 40881 "-" "Mozilla/5.0 AppleWebKit/537.36 (KHTML, like Gecko; compatible; bingbot/2.0; +http://www.bing.com/bingbot.htm) Chrome/116.0.1938.76 Safari/537.36"
40.77.167.156 - - [29/Apr/2025:23:27:54 -0400] "GET /?k=87813150312800&channel=5d7388&from=pin.php%3Fid%3D1503128-8875%26name%3D%E3%83%90%E3%82%B9%E3%83%AB%E3%83%BC%E3%83%A0%E3%83%AC%E3%82%A4%E3%83%B3%E3%83%9F%E3%82%AD%E3%82%B5%E3%83%BC%E3%82%B7%E3%83%A3%E3%83%AF%E3%83%BC%E3%80%81%E9%AB%98%E5%9C%A7%E3%83%AC%E3%82%A4%E3%83%B3%E3%83%95%E3%82%A9%E3%83%BC%E3%83%AB%E3%82%B7%E3%83%A3%E3%83%AF%E3%83%BC%E3%83%98%E3%83%83%E3%83%89%E4%BB%98%E3%81%8D%E3%82%B7%E3%83%A3%E3%83%AF%E3%83%BC%E3%82%B7%E3%82%B9%E3%83%86%E3%83%A0%E3%80%81%E5%A3%81%E6%8E%9B%E3%81%91%E3%82%B7%E3%83%A3%E3%83%AF%E3%83%BC%E3%82%B7%E3%82%B9%E3%83%86%E3%83%A0%E3%80%81%E3%83%8F%E3%83%B3%E3%83%89%E3%83%98%E3%83%AB%E3%83%89%E3%82%B7%E3%83%A3%E3%83%AF%E3%83%BC HTTP/1.1" 200 41712 "-" "Mozilla/5.0 AppleWebKit/537.36 (KHTML, like Gecko; compatible; bingbot/2.0; +http://www.bing.com/bingbot.htm) Chrome/116.0.1938.76 Safari/537.36"
40.77.167.156 - - [29/Apr/2025:23:27:55 -0400] "GET /?k=27727188364306&channel=209307&from=info.php%3Fid%3D1883643-3538%26name%3D%E3%83%99%E3%83%BC%E3%82%B9%E3%83%97%E3%83%AC%E3%83%BC%E3%83%88%E4%BB%98%E3%81%8D%E3%83%97%E3%83%BC%E3%83%AB%E3%82%A4%E3%83%BC%E3%82%B8%E3%83%BC%E3%83%9E%E3%82%A6%E3%83%B3%E3%83%88%E3%83%8F%E3%83%B3%E3%83%89%E3%83%AC%E3%83%BC%E3%83%AB%E3%80%81304%E3%82%B9%E3%83%86%E3%83%B3%E3%83%AC%E3%82%B9%E3%82%B9%E3%83%81%E3%83%BC%E3%83%AB%E3%82%B9%E3%82%A4%E3%83%9F%E3%83%B3%E3%82%B0%E3%83%97%E3%83%BC%E3%83%AB%E6%89%8B%E3%81%99%E3%82%8A%E3%80%81%E5%8F%96%E3%82%8A%E4%BB%98%E3%81%91%E3%81%8C%E7%B0%A1%E5%8D%98%E3%81%AA%E3%83%96%E3%83%AB%E3%83%BC%E3%82%B9%E3%82%A4%E3%83%9F%E3%83%B3 HTTP/1.1" 200 41339 "-" "Mozilla/5.0 AppleWebKit/537.36 (KHTML, like Gecko; compatible; bingbot/2.0; +http://www.bing.com/bingbot.htm) Chrome/116.0.1938.76 Safari/537.36"
52.167.144.25 - - [29/Apr/2025:23:27:59 -0400] "GET /?k=9028271132600&channel=2638d4&from=shared.php%3Fid%3D711326-7885%26name%3D%5BTNXZ%5D+%E5%A5%B3%E6%80%A7%E3%81%AE%E7%B5%90%E5%A9%9A%E5%BC%8F%E3%81%AE%E9%9D%B4%E3%81%AE%E8%8A%B1%E5%AB%81%E4%BB%8B%E6%B7%BB%E4%BA%BA%E3%82%B7%E3%83%A5%E3%83%BC%E3%82%BA8.5cm%E3%83%8F%E3%82%A4%E3%83%92%E3%83%BC%E3%83%AB%E3%81%AE%E3%83%89%E3%83%AC%E3%82%B9%E3%83%9D%E3%83%B3%E3%83%97%E3%82%B7%E3%83%A5%E3%83%BC%E3%82%BA%E3%81%AE%E3%83%95%E3%82%A1%E3%83%83%E3%82%B7%E3%83%A7%E3%83%B3%E3%81%AE%E5%85%88%E9%A0%AD%E3%81%AE%E3%81%8A%E3%82%80%E3%81%A8%E3%83%91%E3%83%BC%E3%83%86%E3%82%A3%E3%83%BC%E3%83%89 HTTP/1.1" 200 40736 "-" "Mozilla/5.0 AppleWebKit/537.36 (KHTML, like Gecko; compatible; bingbot/2.0; +http://www.bing.com/bingbot.htm) Chrome/116.0.1938.76 Safari/537.36"
52.167.144.25 - - [29/Apr/2025:23:28:00 -0400] "GET /?k=7305998355006&channel=460302&from=shop.php%3Fid%3D983550-7738%26name%3D12+x+35%E3%82%A4%E3%83%B3%E3%83%81+%E3%83%96%E3%83%A9%E3%83%83%E3%82%AF%E5%9C%B0%E4%B8%8B%E5%AE%A4%E4%BA%A4%E6%8F%9B%E7%94%A8%E7%AA%93%E3%80%81%E3%82%B9%E3%82%AF%E3%83%AA%E3%83%BC%E3%83%B3%E3%81%A8%E5%BC%B7%E5%8C%96%E3%82%AC%E3%83%A9%E3%82%B9%E4%BB%98%E3%81%8D%E3%82%A2%E3%83%AB%E3%83%9F%E3%82%B9%E3%83%A9%E3%82%A4%E3%83%87%E3%82%A3%E3%83%B3%E3%82%B0%E3%82%A6%E3%82%A3%E3%83%B3%E3%83%89%E3%82%A6%E3%80%81%E3%83%90%E3%82%B9%E3%83%AB%E3%83%BC%E3%83%A0%E5%A4%89%E8%BA%AB%E5%B0%8F%E5%9E%8B%E3%83%88%E3%82%A4%E3%83%AC%E5%9E%82%E7%9B%B4 HTTP/1.1" 200 41926 "-" "Mozilla/5.0 AppleWebKit/537.36 (KHTML, like Gecko; compatible; bingbot/2.0; +http://www.bing.com/bingbot.htm) Chrome/116.0.1938.76 Safari/537.36"
40.77.167.156 - - [29/Apr/2025:23:28:33 -0400] "GET /?k=29881169858209&channel=9fe5d2&from=article.php%3Fid%3D1698582-13027%26name%3DCPAOWEHF+%E3%82%AB%E3%83%BC%E3%82%A6%E3%82%A3%E3%83%B3%E3%83%89%E3%82%A6%E3%82%AC%E3%83%A9%E3%82%B9%E3%82%AA%E3%82%A4%E3%83%AB%E3%83%95%E3%82%A3%E3%83%AB%E3%83%A0%E3%82%AF%E3%83%AA%E3%83%BC%E3%83%8B%E3%83%B3%E3%82%B0%E3%83%96%E3%83%A9%E3%82%B7%E3%81%AF%E6%B1%9A%E3%82%8C%E3%82%92%E5%8F%96%E3%82%8A%E9%99%A4%E3%81%8D%E3%81%BE%E3%81%99+%E8%BB%8A%E3%81%AE%E3%82%AC%E3%83%A9%E3%82%B9%E3%82%B9%E3%83%9D%E3%83%B3%E3%82%B8%E3%82%AF%E3%83%AA%E3%83%BC%E3%83%8B%E3%83%B3%E3%82%B0%E3%83%96%E3%83%A9%E3%82%B7+%E3%83%95 HTTP/1.1" 200 41122 "-" "Mozilla/5.0 AppleWebKit/537.36 (KHTML, like Gecko; compatible; bingbot/2.0; +http://www.bing.com/bingbot.htm) Chrome/116.0.1938.76 Safari/537.36"
40.77.167.74 - - [29/Apr/2025:23:29:14 -0400] "GET /?k=3140288380004&channel=ecc4ac&from=product.php%3Fid%3D883800-18601%26name%3DHIBLE+16%E3%83%95%E3%82%A3%E3%83%BC%E3%83%88%E3%83%95%E3%83%A9%E3%83%83%E3%82%B0%E3%83%9D%E3%83%BC%E3%83%AB%E3%83%98%E3%83%93%E3%83%BC%E3%83%87%E3%83%A5%E3%83%BC%E3%83%86%E3%82%A3%E3%83%BC%E3%80%81%E5%9C%B0%E9%9D%A2%E3%81%AB1.5%E3%82%A4%E3%83%B3%E3%83%81%E5%BC%B7%E5%8A%9B%E3%82%AB%E3%83%BC%E3%83%9C%E3%83%B3%E3%83%95%E3%82%A1%E3%82%A4%E3%83%90%E3%83%BC%E3%83%95%E3%83%A9%E3%83%83%E3%82%B0%E3%83%9D%E3%83%BC%E3%83%AB%E3%80%812%E3%83%9A%E3%82%A2%E5%9B%9E%E8%BB%A2%E3%82%B9%E3%83%94%E3%83%8A%E3%83%BC HTTP/1.1" 200 40050 "-" "Mozilla/5.0 AppleWebKit/537.36 (KHTML, like Gecko; compatible; bingbot/2.0; +http://www.bing.com/bingbot.htm) Chrome/116.0.1938.76 Safari/537.36"
40.77.167.156 - - [29/Apr/2025:23:29:18 -0400] "GET /?k=8883367748800&channel=1c1046&from=news.php%3Fid%3D677488-15577%26name%3DCD%5B%E3%82%AC%E3%83%83%E3%83%81%E3%83%A3%E3%83%9E%E3%83%B3+%E3%82%AF%E3%83%A9%E3%82%A6%E3%82%BA%E2%96%A0%E3%82%AA%E3%83%AA%E3%82%B8%E3%83%8A%E3%83%AB%E3%83%BB%E3%82%B5%E3%82%A6%E3%83%B3%E3%83%89%E3%83%88%E3%83%A9%E3%83%83%E3%82%AF%5D%E2%96%A0%E5%B2%A9%E5%B4%8E%E7%90%A2%E2%96%A0%E3%82%A8%E3%83%B3%E3%83%87%E3%82%A3%E3%83%B3%E3%82%B0%E4%B8%BB%E9%A1%8C%E6%AD%8C%E2%96%A0%E5%86%85%E7%94%B0%E7%9C%9F%E7%A4%BC%E2%96%A0%E5%B2%A9%E5%B4%8E%E5%B7%A5%E2%96%A0%E7%AC%A0%E5%8E%9F%E7%94%B1%E9%87%8C%E2%96%A0%E3%82%BF%E3%83%84%E3%83%8E%E3%82%B3%E3%83%97%E3%83%AD HTTP/1.1" 200 43204 "-" "Mozilla/5.0 AppleWebKit/537.36 (KHTML, like Gecko; compatible; bingbot/2.0; +http://www.bing.com/bingbot.htm) Chrome/116.0.1938.76 Safari/537.36"
40.77.167.156 - - [29/Apr/2025:23:29:19 -0400] "GET /?k=24127142071500&channel=253ad8&from=blog.php%3Fid%3D1420715-13239%26name%3DCFSCRITV%28%E5%B0%8F%E3%81%95%E3%81%AA%E5%BA%97%29+10%E3%82%A4%E3%83%B3%E3%83%81%E3%81%AE%E9%9B%BB%E6%B0%97%E3%82%B9%E3%82%B1%E3%83%BC%E3%83%88%E3%83%9C%E3%83%BC%E3%83%89%E3%82%B9%E3%82%AF%E3%83%BC%E3%82%BF%E3%83%BC%E3%83%9B%E3%83%90%E3%83%BC%E3%83%9C%E3%83%BC%E3%83%89%E3%81%AE%E3%82%AB%E3%83%93%E3%81%AE%E9%9D%9E%E7%A9%BA%E6%B0%97%E5%9C%A7%E3%82%A2%E3%83%B3%E3%83%81%E3%83%91%E3%83%B3%E3%82%AF%E3%81%AE%E3%81%9F%E3%82%81%E3%81%AE1%E5%80%8B%E3%81%AE%E3%82%B9%E3%82%AF%E3%83%BC%E3%82%BF HTTP/1.1" 200 42445 "-" "Mozilla/5.0 AppleWebKit/537.36 (KHTML, like Gecko; compatible; bingbot/2.0; +http://www.bing.com/bingbot.htm) Chrome/116.0.1938.76 Safari/537.36"
2a06:98c0:3600::103 - - [29/Apr/2025:23:32:08 -0400] "GET /wp-admin/setup-config.php HTTP/1.1" 200 0 "-" "Mozilla/5.0 (Windows NT 10.0; Win64; x64) AppleWebKit/537.36 (KHTML, like Gecko) Chrome/135.0.0.0 Safari/537.36"
2a06:98c0:3600::103 - - [29/Apr/2025:23:32:22 -0400] "GET /wordpress/wp-admin/setup-config.php HTTP/1.1" 200 0 "-" "Mozilla/5.0 (Windows NT 10.0; Win64; x64) AppleWebKit/537.36 (KHTML, like Gecko) Chrome/135.0.0.0 Safari/537.36"
66.249.74.104 - - [29/Apr/2025:23:33:37 -0400] "GET /?k=8099916527005&channel=308051&from=news.php%3Fid%3D165270-8419%26name%3D%E3%82%B3%E3%83%B3%E3%82%AF%E3%83%AA%E3%83%BC%E3%83%88%E3%83%9B%E3%83%BC%E3%83%AB%E3%82%BD%E3%83%BC%E3%80%8111%E5%80%8B%E7%B5%84%E7%9F%B3%E5%B7%A5%E3%83%9B%E3%83%BC%E3%83%AB%E3%82%BD%E3%83%BC%E3%82%AD%E3%83%83%E3%83%88%2830mm+40mm+65mm+80mm+100mm%29+%E6%9C%80%E5%A4%A7%E3%82%B7%E3%83%A3%E3%83%B3%E3%82%AF%26amp%3BS HTTP/1.1" 200 0 "-" "Mozilla/5.0 (Linux; Android 6.0.1; Nexus 5X Build/MMB29P) AppleWebKit/537.36 (KHTML, like Gecko) Chrome/135.0.7049.95 Mobile Safari/537.36 (compatible; GoogleOther)"
52.167.144.181 - - [29/Apr/2025:23:34:26 -0400] "GET /?k=73233125681101&channel=de5075&from=article.php%3Fid%3D1256811-9734%26name%3D%E3%82%AF%E3%83%AC%E3%82%A4%E3%82%AD%E3%83%A3%E3%82%BB%E3%83%AD%E3%83%BC%E3%83%AB%E3%83%9D%E3%83%83%E3%83%88%E3%83%86%E3%83%A9%E3%82%B3%E3%83%83%E3%82%BF%E3%82%B7%E3%83%81%E3%83%A5%E3%83%BC%E3%83%9D%E3%83%83%E3%83%88%E3%82%BB%E3%83%A9%E3%83%9F%E3%83%83%E3%82%AF%E3%82%AD%E3%83%A3%E3%82%BB%E3%83%AD%E3%83%BC%E3%83%AB-%E9%AB%98%E6%B8%A9%E8%80%90%E6%80%A7%E3%80%81%E3%81%8A%E3%81%84%E3%81%97%E3%81%84%E3%82%A2%E3%83%83%E3%83%97%E3%82%B0%E3%83%AC%E3%83%BC%E3%83%89%E3%80%81%E8%B1%8A%E5%AF%8C%E3%81%AA%E6%A0%84%E9%A4%8A%E3%80%81%E3%82%AD%E3%83%83%E3%83%81%E3%83%B3%E3%81%AB%E6%AC%A0%E3%81%8B+%EF%BC%88%E3%83%86%E3%83%A9%E3%82%B3%E3%83%83%E3%82%BF%E3%82%B7%E3%83%81%E3%83%A5%E3%83%BC%E9%8D%8B%E7%B2%98%E5%9C%9F%E3%82%AD%E3%83%A3%E3%82%BB%E3%83%AD%E3%83%BC%E3%83%AB%E9%8D%8B%E3%82%BB%E3%83%A9%E3%83%9F%E3%83%83%E3%82%AF%E3%82%AD%E3%83%A3%E3%82%BB%E3%83%AD%E3%83%BC%E3%83%AB-%E5%81%A5%E5%BA%B7%E7%9A%84%E3%81%A7%E8%80%90%E4%B9%85%E6%80%A7%E3%81%8C%E3%81%82%E3%82%8A%E3%80%81%E6%A0%84%E9%A4%8A%EF%BC%89 HTTP/1.1" 200 40915 "-" "Mozilla/5.0 AppleWebKit/537.36 (KHTML, like Gecko; compatible; bingbot/2.0; +http://www.bing.com/bingbot.htm) Chrome/116.0.1938.76 Safari/537.36"
66.249.74.103 - - [29/Apr/2025:23:35:02 -0400] "GET /?k=24701135648902&channel=1eb313&from=news.php%3Fid%3D1356489-209%26name%3D%E3%82%AF%E3%83%AA%E3%82%A2%C3%97%E3%83%9B%E3%83%AF%E3%82%A4%E3%83%88%E3%80%80%E3%83%AC%E3%82%BF%E3%83%BC%E3%82%B1%E3%83%BC%E3%82%B9%E3%80%80%E3%83%95%E3%82%A1%E3%82%A4%E3%83%AB%E3%83%9C%E3%83%83%E3%82%AF%E3%82%B9%E3%80%804%E6%AE%B5 HTTP/1.1" 200 0 "-" "Mozilla/5.0 (Linux; Android 6.0.1; Nexus 5X Build/MMB29P) AppleWebKit/537.36 (KHTML, like Gecko) Chrome/135.0.7049.95 Mobile Safari/537.36 (compatible; GoogleOther)"
66.249.74.104 - - [29/Apr/2025:23:35:47 -0400] "GET /?k=88664118902701&channel=348769&from=form.php%3Fid%3D1189027-13%26name%3Dpium%E3%83%AA%E3%83%9C%E3%83%B3%E3%82%AB%E3%83%A9%E3%83%BC%E3%82%BB%E3%83%83%E3%83%88%E3%82%A2%E3%83%83%E3%83%97 HTTP/1.1" 200 0 "-" "Mozilla/5.0 (Linux; Android 6.0.1; Nexus 5X Build/MMB29P) AppleWebKit/537.36 (KHTML, like Gecko) Chrome/135.0.7049.95 Mobile Safari/537.36 (compatible; GoogleOther)"
40.77.167.76 - - [29/Apr/2025:23:36:38 -0400] "GET /?k=29993174159106&channel=4fbf01&from=goods.php%3Fid%3D1741591-20243%26name%3D%E5%B1%8B%E5%A4%96%E3%82%B5%E3%83%B3%E3%82%B7%E3%82%A7%E3%83%BC%E3%83%89%E5%82%98%E3%80%81%E5%B1%8B%E5%A4%96%E3%83%86%E3%83%BC%E3%83%96%E3%83%AB%E3%83%9E%E3%83%BC%E3%82%B1%E3%83%83%E3%83%88%E3%83%A4%E3%83%BC%E3%83%89%E5%82%98%E3%80%81%E3%82%AF%E3%83%A9%E3%83%B3%E3%82%AF%E3%81%A8%E9%A0%91%E4%B8%88%E3%81%AA%E3%83%AA%E3%83%96%E3%81%AE%E7%B0%A1%E5%8D%98%E3%81%AA%E3%83%97%E3%83%83%E3%82%B7%E3%83%A5%E3%83%9C%E3%82%BF%E3%83%B3%E3%80%81%E8%80%90%E9%A2%A8%E6%80%A7%E3%80%81%E8%80%90%E4%B9%85%E6%80%A7%E3%80%81%E8%BB%BD%E9%87%8F HTTP/1.1" 200 41578 "-" "Mozilla/5.0 AppleWebKit/537.36 (KHTML, like Gecko; compatible; bingbot/2.0; +http://www.bing.com/bingbot.htm) Chrome/116.0.1938.76 Safari/537.36"
52.167.144.181 - - [29/Apr/2025:23:36:46 -0400] "GET /?k=2262678606000&channel=b1ed40&from=shop.php%3Fid%3D786060-14700%26name%3DDLAK%28%E3%83%87%E3%82%A3%E3%83%A9%E3%83%83%E3%82%AF%29+%E7%AD%86%E3%82%92%E4%BD%BF%E3%81%A3%E3%81%9F%E7%B5%B5%E7%94%BB%E3%81%A8%E6%9B%B8%E9%81%93+%E3%82%A2%E3%83%BC%E3%83%88%E3%83%84%E3%83%BC%E3%83%AB+%E5%88%9D%E5%BF%83%E8%80%85%E5%90%91%E3%81%91%E6%96%87%E5%85%B7+%E7%B5%B5%E7%AD%86%E3%83%9A%E3%82%A4%E3%83%B3%E3%82%BF%E3%83%BC HTTP/1.1" 200 42311 "-" "Mozilla/5.0 AppleWebKit/537.36 (KHTML, like Gecko; compatible; bingbot/2.0; +http://www.bing.com/bingbot.htm) Chrome/116.0.1938.76 Safari/537.36"
40.77.167.156 - - [29/Apr/2025:23:37:25 -0400] "GET /?k=73762125710803&channel=de5075&from=article.php%3Fid%3D1257108-9734%26name%3D%E3%83%86%E3%83%A9%E3%82%B3%E3%83%83%E3%82%BF%E3%82%B7%E3%83%81%E3%83%A5%E3%83%BC%E3%83%9D%E3%83%83%E3%83%88%E3%82%AF%E3%83%AC%E3%82%A4%E3%82%AD%E3%83%A3%E3%82%BB%E3%83%AD%E3%83%BC%E3%83%AB%E3%83%9D%E3%83%83%E3%83%88%E3%82%BB%E3%83%A9%E3%83%9F%E3%83%83%E3%82%AF%E3%82%AD%E3%83%A3%E3%82%BB%E3%83%AD%E3%83%BC%E3%83%AB-%E7%86%B1%E3%81%A8%E3%82%A8%E3%83%8D%E3%83%AB%E3%82%AE%E3%83%BC%E3%81%AE%E7%AF%80%E7%B4%84%E3%80%81%E9%AB%98%E9%80%9F%E7%86%B1%E4%BC%9D%E5%B0%8E%E3%80%81%E5%9D%87%E4%B8%80%E5%8A%A0%E7%86%B1%E3%80%81%E8%80%90%E4%B9%85%E6%80%A7-%E5%AE%B9%E9%87%8F5L HTTP/1.1" 200 42205 "-" "Mozilla/5.0 AppleWebKit/537.36 (KHTML, like Gecko; compatible; bingbot/2.0; +http://www.bing.com/bingbot.htm) Chrome/116.0.1938.76 Safari/537.36"
66.249.74.104 - - [29/Apr/2025:23:38:10 -0400] "GET /?k=18836163341300&channel=9bf69c&from=shop.php%3Fid%3D1633413-18531%26name%3D%E3%83%89%E3%83%B3%E3%83%BB%E3%82%AD%E3%83%9B%E3%83%BC%E3%83%86+%E3%83%89%E3%83%B3%E3%83%9A%E3%83%B3+%E3%83%89%E3%83%B3%E3%82%AD+%E3%82%B7%E3%83%AB%E3%83%90%E3%83%BC+VUYI HTTP/1.1" 200 51658 "-" "Mozilla/5.0 (Linux; Android 6.0.1; Nexus 5X Build/MMB29P) AppleWebKit/537.36 (KHTML, like Gecko) Chrome/135.0.7049.95 Mobile Safari/537.36 (compatible; Googlebot/2.1; +http://www.google.com/bot.html)"
52.167.144.174 - - [29/Apr/2025:23:38:14 -0400] "GET /?k=7898910329504&channel=3c7256&from=info.php%3Fid%3D103295-7470%26name%3D%E8%B5%A4%E5%A4%96%E7%B7%9A%E3%83%89%E3%83%A9%E3%82%A4%E3%83%A4%E3%83%BC%E3%83%A9%E3%83%B3%E3%83%97%E8%BB%8A%E4%BD%93%E5%A1%97%E8%A3%85%E4%BF%AE%E7%90%86%E5%A1%97%E8%A3%85%E3%83%8F%E3%83%B3%E3%83%89%E3%83%98%E3%83%AB%E3%83%89%E3%83%9A%E3%82%A4%E3%83%B3%E3%83%88%E7%A1%AC%E5%8C%96%E3%83%A9%E3%83%B3%E3%83%97%E8%87%AA%E5%8B%95%E8%BB%8A%E8%87%AA%E5%8B%95%E8%BB%8A%E3%83%99%E3%83%BC%E3%82%AF%E8%BB%8A%E8%BB%8A%E4%BD%93%E4%BF%AE%E7%90%86%E3%83%9A%E3%82%A4%E3%83%B3%E3%83%88%E3%83%A9%E3%83%B3%E3%83%97%E3%83%89%E3%83%A9%E3%82%A4%E3%83%A4%E3%83%BC%2C%E5%8A%B9%E7%8E%87%E7%9A%84%E3%81%AA%E7%99%BA+%EF%BC%88%E8%B5%A4%E5%A4%96%E7%B7%9A%E5%A1%97%E8%A3%85%E7%A1%AC%E5%8C%96%E3%83%A9%E3%83%B3%E3%83%97+%E8%B5%A4%E5%A4%96%E7%B7%9A%E3%83%9A%E3%82%A4%E3%83%B3%E3%83%88%E7%A1%AC%E5%8C%96%E3%83%A9%E3%83%B3%E3%83%97+%E7%9F%AD%E6%B3%A2%E5%A1%97%E6%96%99%E7%A1%AC%E5%8C%96%E3%83%A9%E3%83%B3%E3%83%97%E8%B5%A4%E5%A4%96%E7%B7%9A%E5%8A%A0%E7%86%B1%E3%83%89%E3%83%A9%E3%82%A4%E3%83%A4%E3%83%BC%E3%83%A9%E3%83%B3%E3%83%97+2000+%E3%83%AF%E3%83%83%E3%83%88%E8%B5%A4%E5%A4%96%E7%B7%9A%E3%83%9A%E3%82%A4%E3%83%B3%E3%83%88%E7%A1%AC%E5%8C%96%E3%83%A9%E3%83%B3%EF%BC%88Amazon.co.jp%3A++%E8%B5%A4%E5%A4%96%E7%B7%9A%E5%A1%97%E8%A3%85%E7%A1%AC%E5%8C%96%E3%83%A9%E3%83%B3%E3%83%97+%E8%B5%A4%E5%A4%96%E7%B7%9A%E3%83%9A%E3%82%A4%E3%83%B3%E3%83%88%E7%A1%AC%E5%8C%96%E3%83%A9%E3%83%B3%E3%83%97+%E7%9F%AD%E6%B3%A2%E5%A1%97%E6%96%99%E7%A1%AC%E5%8C%96%E3%83%A9%E3%83%B3%E3%83%97%E8%B5%A4%E5%A4%96%E7%B7%9A%E5%8A%A0%E7%86%B1%E3%83%89%E3%83%A9%E3%82%A4%E3%83%A4%E3%83%BC%E3%83%A9%E3%83%B3%E3%83%97+3600W+%E7%9F%AD%E6%B3%A2%E8%B5%A4%E5%A4%96%E7%B7%9A%E5%A1%97%E6%96%99+...%EF%BC%89 HTTP/1.1" 200 41265 "-" "Mozilla/5.0 AppleWebKit/537.36 (KHTML, like Gecko; compatible; bingbot/2.0; +http://www.bing.com/bingbot.htm) Chrome/116.0.1938.76 Safari/537.36"
66.249.74.103 - - [29/Apr/2025:23:38:41 -0400] "GET /?k=7220112835300&channel=d79f2a&from=jp.php%3Fid%3D128353-4317%26name%3DShark+%E3%82%B7%E3%83%A3%E3%83%BC%E3%82%AF+Aeron-GP+Fim+Racing+1+Firstlap+%E3%83%96%E3%83%AB%E3%83%BC+XS%28%E7%B4%8453%E3%80%9C54cm%29 HTTP/1.1" 200 52085 "-" "Mozilla/5.0 (Linux; Android 6.0.1; Nexus 5X Build/MMB29P) AppleWebKit/537.36 (KHTML, like Gecko) Chrome/135.0.7049.95 Mobile Safari/537.36 (compatible; Googlebot/2.1; +http://www.google.com/bot.html)"
66.249.74.103 - - [29/Apr/2025:23:38:55 -0400] "GET /?k=87605135328201&channel=b379c5&from=form.php%3Fid%3D1353282-9239%26name%3D%E3%82%B4%E3%83%AB%E3%83%95+%E3%83%98%E3%83%83%E3%83%89%E3%82%AB%E3%83%90%E3%83%BC+%E3%83%9E%E3%83%AC%E3%83%83%E3%83%88%E3%82%BF%E3%82%A4%E3%83%97+Malbon+%E3%83%9E%E3%83%AB%E3%83%9C%E3%83%B3+%E3%82%B4%E3%83%AB%E3%83%95+%E7%99%BD%E8%89%B25%E7%82%B9 HTTP/1.1" 200 50404 "-" "Mozilla/5.0 (Linux; Android 6.0.1; Nexus 5X Build/MMB29P) AppleWebKit/537.36 (KHTML, like Gecko) Chrome/135.0.7049.95 Mobile Safari/537.36 (compatible; Googlebot/2.1; +http://www.google.com/bot.html)"
66.249.74.104 - - [29/Apr/2025:23:39:14 -0400] "GET /?k=7803836111306&channel=4139a9&from=shared.php%3Fid%3D361113-9611%26name%3D%E3%83%9B%E3%83%BC%E3%83%A0+%E3%83%99%E3%83%83%E3%83%89%E3%83%AB%E3%83%BC%E3%83%A0+%E3%83%80%E3%82%A4%E3%83%8B%E3%83%B3%E3%82%B0+%E3%83%AB%E3%83%BC%E3%83%A0+%E3%82%AB%E3%83%BC%E3%83%9A%E3%83%83%E3%83%88+%E5%AE%B6%E3%81%A8%E8%A3%85%E9%A3%BE%2C%E5%B1%85%E9%96%93%E3%81%AE%E8%A3%85%E9%A3%BE%E7%9A%84%E3%81%AA%E3%82%AB%E3%83%BC%E3%83%9A%E3%83%83%E3%83%88%2C%E5%AF%9D%E5%AE%A4%E3%80%81%E3%83%80%E3%82%A4%E3%83%8B%E3%83%B3%E3%82%B0%E3%83%AB%E3%83%BC%E3%83%A0%E3%80%81%E3%82%AA%E3%83%95%E3%82%A3%E3%82%B9%E3%81%AE%E3%82%AB%E3%83%BC%E3%83%9A%E3%83%83 HTTP/1.1" 200 53080 "-" "Mozilla/5.0 (Linux; Android 6.0.1; Nexus 5X Build/MMB29P) AppleWebKit/537.36 (KHTML, like Gecko) Chrome/135.0.7049.95 Mobile Safari/537.36 (compatible; Googlebot/2.1; +http://www.google.com/bot.html)"
66.249.74.104 - - [29/Apr/2025:23:39:30 -0400] "GET /?k=7812612487600&channel=9dbf07&from=article.php%3Fid%3D124876-3277%26name%3D%E3%80%90%E4%B8%AD%E5%8F%A4%E3%80%91+%E3%82%B0%E3%83%AD%E3%83%BC%E3%83%96%E3%83%A9%E3%82%A4%E3%83%89+ONOFF+%2B%28PLUS%29%282007%29+10S+%E3%82%A2%E3%82%A4%E3%82%A2%E3%83%B3%E3%82%BB%E3%83%83%E3%83%88+IR+NS+PRO+850GH+%28%E3%83%95%E3%83%AC%E3%83%83%E3%82%AF%E3%82%B9R%29+%E3%83%A1%E3%83%B3%E3%82%BA+%E7%94%B7%E6%80%A7%E7%94%A8+%E5%8F%B3%E5%88%A9%E3%81%8D+%E5%8F%B3%E7%94%A8+D%E3%83%A9%E3%83%B3%E3%82%AF+%E3%82%B4%E3%83%AB%E3%83%95%E3%82%AF%E3%83%A9%E3%83%96 HTTP/1.1" 200 54623 "-" "Mozilla/5.0 (Linux; Android 6.0.1; Nexus 5X Build/MMB29P) AppleWebKit/537.36 (KHTML, like Gecko) Chrome/135.0.7049.95 Mobile Safari/537.36 (compatible; Googlebot/2.1; +http://www.google.com/bot.html)"
66.249.74.103 - - [29/Apr/2025:23:39:34 -0400] "GET /?k=8149833263903&channel=ecc5ca&from=article.php%3Fid%3D332639-11962%26name%3D%E3%82%AA%E3%83%BC%E3%83%88%E3%83%90%E3%82%A4+%E3%82%A8%E3%83%B3%E3%82%B8%E3%83%B3+%E3%82%AB%E3%83%90%E3%83%BC+%E3%82%AA%E3%83%BC%E3%83%88%E3%83%90%E3%82%A4%E3%82%A8%E3%83%B3%E3%82%B8%E3%83%B3%E3%82%AF%E3%83%A9%E3%83%B3%E3%82%AF%E3%82%B1%E3%83%BC%E3%82%B9%E4%BF%9D%E8%AD%B7%E3%81%AB%E9%81%A9%E5%90%88%E3%81%99%E3%82%8B%E3%83%A4%E3%83%9E%E3%83%8F+TMAX530+SX+DX+2017-2023 HTTP/1.1" 200 0 "-" "Mozilla/5.0 (Linux; Android 6.0.1; Nexus 5X Build/MMB29P) AppleWebKit/537.36 (KHTML, like Gecko) Chrome/135.0.7049.95 Mobile Safari/537.36 (compatible; GoogleOther)"
66.249.74.103 - - [29/Apr/2025:23:39:53 -0400] "GET /?k=77818195207703&channel=963507&from=goods.php%3Fid%3D1952077-3188%26name%3D%E3%83%96%E3%83%A9%E3%83%83%E3%82%AF+Displayport+%E3%82%AA%E3%82%B9%E2%86%92HDMI%E3%82%B1%E3%83%BC%E3%83%96%E3%83%AB+%E3%82%AA%E3%82%B9%E3%80%81Dp%E2%86%92HDMI%E3%82%B1%E3%83%BC%E3%83%96%E3%83%AB+%286%E3%83%95%E3%82%A3%E3%83%BC%E3%83%88%2F2m%29 HTTP/1.1" 200 51255 "-" "Mozilla/5.0 (Linux; Android 6.0.1; Nexus 5X Build/MMB29P) AppleWebKit/537.36 (KHTML, like Gecko) Chrome/135.0.7049.95 Mobile Safari/537.36 (compatible; Googlebot/2.1; +http://www.google.com/bot.html)"
66.249.74.105 - - [29/Apr/2025:23:40:15 -0400] "GET /?k=32910177497800&channel=7909f9&from=blog.php%3Fid%3D1774978-9460%26name%3D%E3%82%AC%E3%83%B3%E3%83%90%E3%83%AC%E3%82%B8%E3%82%A7%E3%83%B3%E3%82%BA%E3%80%80%E3%82%AC%E3%83%B4%E3%80%80CX01-001 HTTP/1.1" 200 52551 "-" "Mozilla/5.0 (Linux; Android 6.0.1; Nexus 5X Build/MMB29P) AppleWebKit/537.36 (KHTML, like Gecko) Chrome/135.0.7049.95 Mobile Safari/537.36 (compatible; Googlebot/2.1; +http://www.google.com/bot.html)"
66.249.74.104 - - [29/Apr/2025:23:40:53 -0400] "GET /?k=18110144686501&channel=244730&from=shared.php%3Fid%3D1446865-2628%26name%3DMT-07+%E5%89%8D%E5%BE%8C%E3%83%9B%E3%82%A4%E3%83%BC%E3%83%AB HTTP/1.1" 200 51682 "-" "Mozilla/5.0 (Linux; Android 6.0.1; Nexus 5X Build/MMB29P) AppleWebKit/537.36 (KHTML, like Gecko) Chrome/135.0.7049.95 Mobile Safari/537.36 (compatible; Googlebot/2.1; +http://www.google.com/bot.html)"
66.249.74.104 - - [29/Apr/2025:23:41:37 -0400] "GET /?k=8704043262103&channel=22c54e&from=blog.php%3Fid%3D432621-6296%26name%3D32GB+%E4%BA%A4%E6%8F%9B%E7%94%A8%E3%83%A1%E3%83%A2%E3%83%AA+RAM+SuperMicro+Super+X9DRL-iF+%28DDR3-12800%29+%E3%83%9E%E3%82%B6%E3%83%BC%E3%83%9C%E3%83%BC%E3%83%89%E3%83%A1%E3%83%A2%E3%83%AA HTTP/1.1" 200 0 "-" "Mozilla/5.0 (Linux; Android 6.0.1; Nexus 5X Build/MMB29P) AppleWebKit/537.36 (KHTML, like Gecko) Chrome/135.0.7049.95 Mobile Safari/537.36 (compatible; GoogleOther)"
66.249.74.104 - - [29/Apr/2025:23:41:38 -0400] "GET /?k=28245180619703&channel=7fdb04&from=news.php%3Fid%3D1806197-2176%26name%3D%E9%A3%9B%E8%A1%8C%E6%A9%9F%E3%83%A2%E3%83%87%E3%83%AB+%E5%90%88%E9%87%91%E9%87%91%E5%B1%9E+1%3A200+%E3%82%B9%E3%82%B1%E3%83%BC%E3%83%AB%E3%83%A2%E3%83%87%E3%83%AB%E8%88%AA%E7%A9%BA%E6%A9%9F%E3%82%A8%E3%83%90%E3%83%BC%E8%88%AA%E7%A9%BA+A321+B-16206+%E8%88%AA%E7%A9%BA%E6%A9%9F%E3%82%B7%E3%83%9F%E3%83%A5%E3%83%AC%E3%83%BC%E3%82%B7%E3%83%A7%E3%83%B3%E5%90%88%E9%87%91%E5%AE%8C%E6%88%90%E3%82%B3%E3%83%AC%E3%82%AF%E3%82%B7 HTTP/1.1" 200 50936 "-" "Mozilla/5.0 (Linux; Android 6.0.1; Nexus 5X Build/MMB29P) AppleWebKit/537.36 (KHTML, like Gecko) Chrome/135.0.7049.95 Mobile Safari/537.36 (compatible; Googlebot/2.1; +http://www.google.com/bot.html)"
66.249.74.104 - - [29/Apr/2025:23:41:54 -0400] "GET /?k=83054115510301&channel=2308d1&from=shop.php%3Fid%3D1155103-143%26name%3D%E3%83%80%E3%82%A4%E3%83%93%E3%83%B3%E3%82%B0%E3%82%B9%E3%83%BC%E3%83%84++%E3%83%AF%E3%83%B3%E3%83%94%E3%83%BC%E3%82%B9 HTTP/1.1" 200 52329 "-" "Mozilla/5.0 (Linux; Android 6.0.1; Nexus 5X Build/MMB29P) AppleWebKit/537.36 (KHTML, like Gecko) Chrome/135.0.7049.95 Mobile Safari/537.36 (compatible; Googlebot/2.1; +http://www.google.com/bot.html)"
66.249.74.105 - - [29/Apr/2025:23:42:11 -0400] "GET /?k=8301140584707&channel=0e4315&from=category-info.php%3Fid%3D405847-12813%26name%3D%E3%83%8F%E3%82%A4%E3%82%A8%E3%83%BC%E3%82%B9%E3%82%BB%E3%83%B3%E3%82%BF%E3%83%BC%E3%82%B3%E3%83%B3%E3%82%BD%E3%83%BC%E3%83%AB%E3%80%80%E3%83%B4%E3%82%A7%E3%83%AB%E6%A7%98%E5%B0%82%E7%94%A8 HTTP/1.1" 200 50897 "-" "Mozilla/5.0 (Linux; Android 6.0.1; Nexus 5X Build/MMB29P) AppleWebKit/537.36 (KHTML, like Gecko) Chrome/135.0.7049.95 Mobile Safari/537.36 (compatible; Googlebot/2.1; +http://www.google.com/bot.html)"
40.77.167.10 - - [29/Apr/2025:23:42:29 -0400] "GET /?k=75967140672702&channel=581987&from=product.php%3Fid%3D1406727-12306%26name%3D%E3%82%B9%E3%82%AD%E3%83%9E%E3%83%BC%E3%82%B7%E3%83%BC%E3%83%AB%E3%83%89%E3%80%81%E3%83%97%E3%83%BC%E3%83%AB%E3%82%B9%E3%82%AD%E3%83%9E%E3%83%BC%E3%83%8D%E3%83%83%E3%83%88%E3%82%B9%E3%83%86%E3%83%B3%E3%83%AC%E3%82%B9%E9%8B%BC%2C%E3%83%AA%E3%83%BC%E3%83%95%E3%82%AD%E3%83%A3%E3%83%83%E3%83%81%E3%83%A3%E3%83%BC%E3%82%AB%E3%83%90%E3%83%BC+-+%E6%B4%97%E6%B5%84%E3%81%AE%E3%81%9F%E3%82%81%E3%81%AE%E7%B6%B2%E5%8A%B9%E7%8E%87%E3%81%AE%E8%89%AF%E3%81%84%E3%82%8D%E9%81%8E%E3%80%81%E6%B1%A0%E3%81%AE%E6%B4%97%E6%B5%84%E3%81%AE%E3%81%9F%E3%82%81%E3%81%AE%E3%82%B9%E3%83%86 HTTP/1.1" 200 40924 "-" "Mozilla/5.0 AppleWebKit/537.36 (KHTML, like Gecko; compatible; bingbot/2.0; +http://www.bing.com/bingbot.htm) Chrome/116.0.1938.76 Safari/537.36"
40.77.167.10 - - [29/Apr/2025:23:42:30 -0400] "GET /?k=7221174461208&channel=b1588e&from=news.php%3Fid%3D744612-424%26name%3D%E5%AE%A4%E5%86%85%E7%8C%AB%E7%94%A8%E3%83%A9%E3%83%B3%E3%83%8B%E3%83%B3%E3%82%B0%E3%83%95%E3%83%AC%E3%83%BC%E3%83%A0+%E7%8C%AB%E3%82%AF%E3%83%A9%E3%82%A4%E3%83%9F%E3%83%B3%E3%82%B0%E3%83%95%E3%83%AC%E3%83%BC%E3%83%A0%E7%8C%AB%E3%81%AE%E5%B7%A3%E7%8C%AB%E3%83%84%E3%83%AA%E3%83%BC%E7%B5%B1%E5%90%88%E3%81%95%E3%82%8C%E3%81%9F%E5%B0%8F%E3%81%95%E3%81%AA%E5%A4%8F%E7%B1%90%E3%83%9E%E3%83%83%E3%83%88%E3%81%AF%E8%90%BD%E3%81%A1%E3%81%AA%E3%81%84%E3%82%B5%E3%82%A4%E3%82%B6%E3%83%AB%E9%BA%BB%E7%8C%AB%E3%83%9C%E3%83%BC%E3%83%89+%E7%8C%AB%E3%81%AE%E3%83%A9%E3%83%B3%E3%83%8B%E3%83%B3 HTTP/1.1" 200 40873 "-" "Mozilla/5.0 AppleWebKit/537.36 (KHTML, like Gecko; compatible; bingbot/2.0; +http://www.bing.com/bingbot.htm) Chrome/116.0.1938.76 Safari/537.36"
66.249.74.104 - - [29/Apr/2025:23:42:30 -0400] "GET /?k=40427603000&channel=917cec&from=article.php%3Fid%3D6030-802%26name%3D%E9%80%86%E8%BB%A2%E3%82%AB%E3%83%A1%E3%83%A9%E3%83%AA%E3%82%A2%E3%83%93%E3%83%A5%E3%83%BC%E3%83%90%E3%83%83%E3%82%AF%E3%82%A2%E3%83%83%E3%83%97%E3%82%AB%E3%83%A1%E3%83%A9+95760-A4031+95760A4031+95760A4100+2012-2016+Ki HTTP/1.1" 200 52940 "-" "Mozilla/5.0 (Linux; Android 6.0.1; Nexus 5X Build/MMB29P) AppleWebKit/537.36 (KHTML, like Gecko) Chrome/135.0.7049.95 Mobile Safari/537.36 (compatible; Googlebot/2.1; +http://www.google.com/bot.html)"
52.167.144.174 - - [29/Apr/2025:23:42:35 -0400] "GET /?k=04030188378604&channel=209307&from=product.php%3Fid%3D1883786-3538%26name%3D%E6%89%8B%E3%81%99%E3%82%8A%E3%83%97%E3%83%BC%E3%83%AB%E3%81%AE%E6%89%8B%E3%81%99%E3%82%8A%E3%80%81%E7%B0%A1%E5%8D%98%E3%81%AB%E5%8F%96%E3%82%8A%E4%BB%98%E3%81%91%E3%82%89%E3%82%8C%E3%82%8B%E3%83%8F%E3%83%B3%E3%83%89%E3%82%B0%E3%83%A9%E3%83%96%E3%83%AC%E3%83%BC%E3%83%AB%E3%80%81304%E3%82%B9%E3%83%86%E3%83%B3%E3%83%AC%E3%82%B9%E3%82%B9%E3%83%81%E3%83%BC%E3%83%AB%E3%82%B9%E3%82%A4%E3%83%9F%E3%83%B3%E3%82%B0%E3%83%97%E3%83%BC%E3%83%AB%E9%9A%8E%E6%AE%B5%E3%83%AC%E3%83%BC%E3%83%AB%E3%80%81%E3%83%99%E3%83%BC%E3%82%B9%E3%83%97%E3%83%AC%E3%83%BC%E3%83%88%E4%BB%98%E3%81%8D HTTP/1.1" 200 41158 "-" "Mozilla/5.0 AppleWebKit/537.36 (KHTML, like Gecko; compatible; bingbot/2.0; +http://www.bing.com/bingbot.htm) Chrome/116.0.1938.76 Safari/537.36"
66.249.74.103 - - [29/Apr/2025:23:43:07 -0400] "GET /?k=8100678763000&channel=19bf9e&from=product.php%3Fid%3D787630-2607%26name%3D%E3%83%AA%E3%83%B3%E3%83%8A%E3%82%A4+%E7%B4%94%E6%AD%A3%E9%83%A8%E5%93%81+%28305-051-045%29+%E3%82%AB%E3%83%90%E3%83%BC%E4%BB%98%E5%87%BA%E6%B9%AF%E7%AE%A1+450mm++%E5%B0%8F%E5%9E%8B%E6%B9%AF%E6%B2%B8%E5%99%A8+%E5%B0%82%E7%94%A8 HTTP/1.1" 200 53383 "-" "Mozilla/5.0 (Linux; Android 6.0.1; Nexus 5X Build/MMB29P) AppleWebKit/537.36 (KHTML, like Gecko) Chrome/135.0.7049.95 Mobile Safari/537.36 (compatible; Googlebot/2.1; +http://www.google.com/bot.html)"
52.167.144.181 - - [29/Apr/2025:23:43:07 -0400] "GET /?k=0932983319407&channel=0dff77&from=shared.php%3Fid%3D833194-2184%26name%3D13MP+USB%E3%83%89%E3%82%AD%E3%83%A5%E3%83%A1%E3%83%B3%E3%83%88%E3%82%AB%E3%83%A1%E3%83%A9%E3%80%81%E5%BA%83%E8%A7%92%E3%80%81%E5%86%85%E8%94%B5%E3%83%9E%E3%82%A4%E3%82%AF%E3%80%81%E8%AA%BF%E7%AF%80%E5%8F%AF%E8%83%BD%E3%81%AA%E3%82%AA%E3%83%BC%E3%83%88%E3%83%95%E3%82%A9%E3%83%BC%E3%82%AB%E3%82%B9%E3%80%81%E3%83%89%E3%82%AD%E3%83%A5%E3%83%A1%E3%83%B3%E3%83%88%E3%82%B9%E3%82%AD%E3%83%A3%E3%83%B3%E3%80%81%E3%83%93%E3%83%87%E3%82%AA%E4%BC%9A%E8%AD%B0%E3%80%81%E3%82%A6%E3%82%A7%E3%83%96%E3%82%AD%E3%83%A3%E3%82%B9%E3%83%86%E3%82%A3 HTTP/1.1" 200 39937 "-" "Mozilla/5.0 AppleWebKit/537.36 (KHTML, like Gecko; compatible; bingbot/2.0; +http://www.bing.com/bingbot.htm) Chrome/116.0.1938.76 Safari/537.36"
52.167.144.181 - - [29/Apr/2025:23:43:07 -0400] "GET /?k=8038019242405&channel=0d412f&from=pin.php%3Fid%3D192424-10048%26name%3D%E9%9B%BB%E5%8B%95%E3%82%B7%E3%83%AA%E3%82%B3%E3%83%B3%E3%82%AC%E3%83%B3%E3%80%8121V%E3%83%90%E3%83%83%E3%83%86%E3%83%AA%E3%83%BC%E5%BC%8F%E3%82%B3%E3%83%BC%E3%82%AD%E3%83%B3%E3%82%B0%E3%82%AC%E3%83%B3%E3%80%814%E6%AE%B5%E9%9A%8E%E3%81%AE%E9%80%9F%E5%BA%A6%E8%AA%BF%E6%95%B4%E5%8F%AF%E8%83%BD%E3%80%812%2A2000mAh%E3%83%90%E3%83%83%E3%83%86%E3%83%AA%E3%83%BC%E3%81%A8%E5%85%85%E9%9B%BB%E5%99%A8%E4%BB%98%E3%81%8D%E3%82%B3%E3%83%BC%E3%83%89%E3%83%AC%E3%82%B9%E3%82%B3%E3%83%BC%E3%82%AD%E3%83%B3 HTTP/1.1" 200 41651 "-" "Mozilla/5.0 AppleWebKit/537.36 (KHTML, like Gecko; compatible; bingbot/2.0; +http://www.bing.com/bingbot.htm) Chrome/116.0.1938.76 Safari/537.36"
52.167.144.181 - - [29/Apr/2025:23:43:09 -0400] "GET /?k=0578851965904&channel=46b645&from=info.php%3Fid%3D519659-2699%26name%3D%E3%83%80%E3%82%A4%E3%83%8B%E3%83%B3%E3%82%B0%E3%83%86%E3%83%BC%E3%83%96%E3%83%AB%E3%81%A8%E6%A4%85%E5%AD%90%E3%81%AE%E7%B5%84%E3%81%BF%E5%90%88%E3%82%8F%E3%81%9B%E3%82%B7%E3%83%B3%E3%83%97%E3%83%AB%E3%83%A2%E3%83%80%E3%83%B3%E3%81%AA%E5%AE%B6%E5%BA%AD%E7%94%A8%E3%83%80%E3%82%A4%E3%83%8B%E3%83%B3%E3%82%B0%E3%83%86%E3%83%BC%E3%83%96%E3%83%AB%E3%82%A4%E3%83%B3%E3%82%B9%E3%82%BF%E3%82%A4%E3%83%AB%E5%8C%97%E6%AC%A7%E3%81%AE%E5%B0%8F%E3%81%95%E3%81%AA%E3%82%A2%E3%83%91%E3%83%BC%E3%83%88%EF%BC%88%E8%A3%BD%E5%93%81%E3%81%AB%E3%81%AF%E3%82%AC%E3%83%A9%E3%82%B9%E3%83%97%E3%83%AC%E3%83%BC HTTP/1.1" 200 41275 "-" "Mozilla/5.0 AppleWebKit/537.36 (KHTML, like Gecko; compatible; bingbot/2.0; +http://www.bing.com/bingbot.htm) Chrome/116.0.1938.76 Safari/537.36"
40.77.167.10 - - [29/Apr/2025:23:43:11 -0400] "GET /?k=84891132376806&channel=e1307a&from=blog.php%3Fid%3D1323768-428%26name%3D1%3A12%E6%9E%95%E3%81%AE%E3%81%82%E3%82%8B%E3%83%9F%E3%83%8B%E3%83%81%E3%83%A5%E3%82%A2%E3%83%89%E3%83%BC%E3%83%AB%E3%83%8F%E3%82%A6%E3%82%B9%E3%82%BD%E3%83%95%E3%83%88%E3%82%BD%E3%83%95%E3%83%88%E3%83%86%E3%82%AF%E3%82%B9%E3%83%81%E3%83%A3%E3%83%BC%E7%94%9F%E5%9C%B0%E3%81%AF%E3%80%81%E5%BF%AB%E9%81%A9%E3%81%95%E3%81%A8%E3%82%B9%E3%82%BF%E3%82%A4%E3%83%AB%E3%81%AE%E3%81%82%E3%82%8B%E3%83%9F%E3%83%8B%E3%83%81%E3%83%A5%E3%82%A2%E3%82%B7%E3%83%BC%E3%83%B3%E3%82%92%E5%BC%B7%E5%8C%96%E3%81%97%E3%81%BE%E3%81%99 HTTP/1.1" 200 40921 "-" "Mozilla/5.0 AppleWebKit/537.36 (KHTML, like Gecko; compatible; bingbot/2.0; +http://www.bing.com/bingbot.htm) Chrome/116.0.1938.76 Safari/537.36"
66.249.74.103 - - [29/Apr/2025:23:43:41 -0400] "GET /?k=0269196778905&channel=ab80aa&from=form.php%3Fid%3D967789-9745%26name%3DSNOWMAN+%E4%BD%90%E4%B9%85%E9%96%93%E5%A4%A7%E4%BB%8B%E3%82%B9%E3%83%88%E3%83%AD%E3%83%BC%26amp%3B%E3%82%B9%E3%83%88%E3%83%AD%E3%83%BC%E3%83%96%E3%83%A9%E3%82%B7%E4%BB%98%E3%81%8D+%E3%83%9E%E3%82%B0%E3%82%AB%E3%83%83%E3%83%97+%E3%82%B3%E3%83%BC%E3%83%92%E3%83%BC%E3%82%AB%E3%83%83%E3%83%97+600ml+%E3%82%B3%E3%83%B3%E3%83%93%E3%83%8B%E3%82%AB%E3%83%83%E3%83%97+%E3%82%BF%E3%83%B3%E3%83%96%E3%83%A9%E3%83%BC HTTP/1.1" 200 52298 "-" "Mozilla/5.0 (Linux; Android 6.0.1; Nexus 5X Build/MMB29P) AppleWebKit/537.36 (KHTML, like Gecko) Chrome/135.0.7049.95 Mobile Safari/537.36 (compatible; Googlebot/2.1; +http://www.google.com/bot.html)"
66.249.74.103 - - [29/Apr/2025:23:44:04 -0400] "GET /?k=308024892300&channel=26e711&from=jp.php%3Fid%3D48923-4716%26name%3DInjen+Technology+%E5%86%B7%E6%B0%97%E5%90%B8%E6%B0%97%E3%82%B7%E3%82%B9%E3%83%86%E3%83%A0+SP6064P HTTP/1.1" 200 51659 "-" "Mozilla/5.0 (Linux; Android 6.0.1; Nexus 5X Build/MMB29P) AppleWebKit/537.36 (KHTML, like Gecko) Chrome/135.0.7049.95 Mobile Safari/537.36 (compatible; Googlebot/2.1; +http://www.google.com/bot.html)"
40.77.167.10 - - [29/Apr/2025:23:44:49 -0400] "GET /?k=50196103293804&channel=baf5a3&from=info.php%3Fid%3D1032938-9747%26name%3D%5BRssdaaacz%5D+%E3%82%BF%E3%82%AD%E3%82%B7%E3%83%BC%E3%83%89%E7%94%B7%E6%80%A7%E3%82%AE%E3%83%95%E3%83%88%E7%94%A8%E3%83%A1%E3%83%B3%E3%82%BA%E3%82%BD%E3%83%AA%E3%83%83%E3%83%89%E3%83%9B%E3%83%AF%E3%82%A4%E3%83%88%E3%82%B9%E3%83%BC%E3%83%84%E3%83%99%E3%82%B9%E3%83%88%E3%82%B7%E3%83%AB%E3%82%AF%E3%83%81%E3%83%A7%E3%83%83%E3%82%AD%E3%83%95%E3%82%A9%E3%83%BC%E3%83%9E%E3%83%AB%E3%83%9A%E3%82%A4%E3%82%BA%E3%83%AA%E3%83%BC%E3%83%8D%E3%82%AF%E3%82%BF%E3%82%A4%E3%82%AB%E3%83%95%E3%82%B9%E3%83%9D%E3%82%B1 HTTP/1.1" 200 40837 "-" "Mozilla/5.0 AppleWebKit/537.36 (KHTML, like Gecko; compatible; bingbot/2.0; +http://www.bing.com/bingbot.htm) Chrome/116.0.1938.76 Safari/537.36"
66.249.74.103 - - [29/Apr/2025:23:44:51 -0400] "GET /?k=1079243256101&channel=22c54e&from=goods.php%3Fid%3D432561-6296%26name%3D32GB+%E4%BA%A4%E6%8F%9B%E7%94%A8%E3%83%A1%E3%83%A2%E3%83%AA+RAM+SuperMicro+X10QBL+%28DDR3-10600%29+%E3%83%9E%E3%82%B6%E3%83%BC%E3%83%9C%E3%83%BC%E3%83%89%E3%83%A1%E3%83%A2%E3%83%AA HTTP/1.1" 200 52006 "-" "Mozilla/5.0 (Linux; Android 6.0.1; Nexus 5X Build/MMB29P) AppleWebKit/537.36 (KHTML, like Gecko) Chrome/135.0.7049.95 Mobile Safari/537.36 (compatible; Googlebot/2.1; +http://www.google.com/bot.html)"
40.77.167.10 - - [29/Apr/2025:23:44:59 -0400] "GET /?k=5686787874601&channel=4d0dd2&from=product.php%3Fid%3D878746-532%26name%3D%E3%82%B5%E3%82%A4%E3%83%89%E3%82%B9%E3%82%AB%E3%83%BC%E3%83%88%E3%82%B5%E3%82%A4%E3%83%89%E3%82%AB%E3%83%8A%E3%83%BC%E3%83%89+2+%E3%82%B7%E3%83%AA%E3%83%BC%E3%82%BA+F87+M2+M2C+%E7%AB%B6%E4%BA%89+2016+2017+2018+2019+2020+%E3%82%B5%E3%82%A4%E3%83%89%E3%82%B9%E3%82%AB HTTP/1.1" 200 41910 "-" "Mozilla/5.0 AppleWebKit/537.36 (KHTML, like Gecko; compatible; bingbot/2.0; +http://www.bing.com/bingbot.htm) Chrome/116.0.1938.76 Safari/537.36"
66.249.74.104 - - [29/Apr/2025:23:45:02 -0400] "GET /?k=12712180169200&channel=248072&from=form.php%3Fid%3D1801692-24758%26name%3D%E6%AC%A7CD+Papa+Wemba+Emotion+724384032227+Real+World+Records+%2F00110 HTTP/1.1" 200 56155 "-" "Mozilla/5.0 (Linux; Android 6.0.1; Nexus 5X Build/MMB29P) AppleWebKit/537.36 (KHTML, like Gecko) Chrome/135.0.7049.95 Mobile Safari/537.36 (compatible; Googlebot/2.1; +http://www.google.com/bot.html)"
52.167.144.174 - - [29/Apr/2025:23:45:45 -0400] "GET /?k=14799122709003&channel=b60429&from=blog.php%3Fid%3D1227090-1925%26name%3D%E3%82%B9%E3%83%88%E3%83%AC%E3%83%BC%E3%82%B8%E3%82%AA%E3%83%BC%E3%82%AC%E3%83%8A%E3%82%A4%E3%82%B6%E3%83%BC%E5%86%B7%E8%94%B5%E5%BA%AB%E3%82%B5%E3%82%A4%E3%83%89%E3%83%A9%E3%83%83%E3%82%AF%E3%80%81%E5%A3%81%E6%8E%9B%E3%81%91%E3%82%B9%E3%83%88%E3%83%AC%E3%83%BC%E3%82%B8%E3%83%A9%E3%83%83%E3%82%AF%E5%A4%9A%E5%B1%A4%E3%82%B9%E3%83%88%E3%83%AC%E3%83%BC%E3%82%B8%E3%83%A9%E3%83%83%E3%82%AF%E3%82%B9%E3%83%88%E3%83%AC%E3%83%BC%E3%82%B8%E3%83%A9%E3%83%83%E3%82%AF%E3%82%AD%E3%83%83%E3%83%81%E3%83%B3%E3%83%A9%E3%83%83%E3%83%97%E3%83%95%E3%82%A3%E3%83%AB%E3%83%A0%E3%83%A9%E3%83%83%E3%82%AF%E8%80%90 HTTP/1.1" 200 41446 "-" "Mozilla/5.0 AppleWebKit/537.36 (KHTML, like Gecko; compatible; bingbot/2.0; +http://www.bing.com/bingbot.htm) Chrome/116.0.1938.76 Safari/537.36"
66.249.74.104 - - [29/Apr/2025:23:45:50 -0400] "GET /?k=970333016502&channel=108c9c&from=category-info.php%3Fid%3D30165-3484%26name%3D%E3%83%B4%E3%82%A3%E3%83%B3%E3%83%86%E3%83%BC%E3%82%B8%E5%BB%8A%E4%B8%8B%E5%A4%A9%E4%BA%95%E3%83%A9%E3%83%B3%E3%83%97%E5%B7%A5%E6%A5%AD%E7%94%A8%E5%A4%A9%E7%84%B6%E3%83%88%E3%83%A9%E3%83%90%E3%83%BC%E3%83%81%E3%83%B3%E5%A4%A9%E4%BA%95%E3%83%A9%E3%83%B3%E3%83%97%E6%9A%96%E3%81%8B%E3%81%84%E5%85%89LED%E8%A3%85%E9%A3%BE%E5%99%A8%E5%85%B7%E3%82%AD%E3%83%83%E3%83%81%E3%83%B3%E3%83%90%E3%83%AB%E3%82%B3%E3%83%8B%E3%83%BC%E3%83%90%E3%82%B9%E3%83%AB%E3%83%BC%E3%83%A0 HTTP/1.1" 200 50239 "-" "Mozilla/5.0 (Linux; Android 6.0.1; Nexus 5X Build/MMB29P) AppleWebKit/537.36 (KHTML, like Gecko) Chrome/135.0.7049.95 Mobile Safari/537.36 (compatible; Googlebot/2.1; +http://www.google.com/bot.html)"
66.249.74.105 - - [29/Apr/2025:23:46:07 -0400] "GET /?k=11860152973103&channel=1d0834&from=article.php%3Fid%3D1529731-5938%26name%3D%E3%82%BF%E3%83%B3%E3%82%AF%E3%83%88%E3%83%83%E3%83%97+%E3%83%A1%E3%83%B3%E3%82%BA+%E3%83%88%E3%83%83%E3%83%97%E3%82%B9+%E3%82%AF%E3%83%AB%E3%83%BC%E3%83%8D%E3%83%83%E3%82%AF+%E8%A2%96%E3%81%AA%E3%81%97T%E3%82%B7%E3%83%A3%E3%83%84+%E3%82%A4%E3%83%B3%E3%83%8A%E3%83%BC+%E3%82%AF%E3%83%9E+%E3%82%B9%E3%83%9D%E3%83%BC%E3%83%84+%E3%82%B7%E3%83%B3%E3%83%97%E3%83%AB+%E3%82%AB%E3%82%B8%E3%83%A5%E3%82%A2%E3%83%AB+%E6%B6%BC%E3%81%97%E3%81%84+%E8%96%84%E6%89%8B+%E3%82%86%E3%81%A3%E3%81%9F%E3%82%8A+%E7%B4%B0%E8%BA%AB+%E3%81%8A%E3%81%97 HTTP/1.1" 200 52026 "-" "Mozilla/5.0 (Linux; Android 6.0.1; Nexus 5X Build/MMB29P) AppleWebKit/537.36 (KHTML, like Gecko) Chrome/135.0.7049.95 Mobile Safari/537.36 (compatible; Googlebot/2.1; +http://www.google.com/bot.html)"
66.249.74.104 - - [29/Apr/2025:23:46:44 -0400] "GET /?k=5433164658901&channel=9c3fd8&from=form.php%3Fid%3D646589-2167%26name%3D%E3%82%A8%E3%83%88%E3%83%AD%E3%80%80%E6%AD%A3%E8%A6%8F%E5%93%81%E3%80%80%E3%82%AF%E3%83%9E%E3%80%80%E3%83%9D%E3%83%BC%E3%83%81%E3%80%80ETRO+%E3%83%86%E3%83%87%E3%82%A3%E3%83%99%E3%82%A2%E3%80%80%E3%82%AF%E3%83%A9%E3%83%83%E3%83%81%E3%83%90%E3%83%83%E3%82%B0 HTTP/1.1" 200 52681 "-" "Mozilla/5.0 (Linux; Android 6.0.1; Nexus 5X Build/MMB29P) AppleWebKit/537.36 (KHTML, like Gecko) Chrome/135.0.7049.95 Mobile Safari/537.36 (compatible; Googlebot/2.1; +http://www.google.com/bot.html)"
2a06:98c0:3600::103 - - [29/Apr/2025:23:47:03 -0400] "GET /wordpress/wp-admin/setup-config.php HTTP/1.1" 200 0 "-" "Mozilla/5.0 (Windows NT 10.0; Win64; x64) AppleWebKit/537.36 (KHTML, like Gecko) Chrome/135.0.0.0 Safari/537.36"
66.249.74.103 - - [29/Apr/2025:23:47:07 -0400] "GET /?k=1818113048006&channel=679bd1&from=shared.php%3Fid%3D130480-8624%26name%3D2025%E6%96%B0%E5%9E%8B+%E7%9F%B3%E6%B2%B9%E3%82%B9%E3%83%88%E3%83%BC%E3%83%96+%E5%AF%BE%E6%B5%81%E5%9E%8B+%E7%81%AF%E6%B2%B9+%E3%82%AD%E3%83%A3%E3%83%B3%E3%83%97+%E3%82%A2%E3%82%A6%E3%83%88%E3%83%89%E3%82%A2+%E9%98%B2%E5%AF%92%E5%AF%BE%E7%AD%96+%E5%B1%8B%E5%86%85%E5%B1%8B%E5%A4%96%E4%BD%BF%E7%94%A8+%E9%98%B2%E5%AF%92+%E7%9C%81%E3%82%A8%E3%83%8D+%E9%AB%98%E7%81%AB%E5%8A%9B+%E3%82%AD%E3%83%A3%E3%83%B3%E3%83%97%E3%82%AE%E3%82%A2%E4%BB%98%E5%B1%9E%E5%93%81%E4%BB%98%E3%81%8D HTTP/1.1" 200 52879 "-" "Mozilla/5.0 (Linux; Android 6.0.1; Nexus 5X Build/MMB29P) AppleWebKit/537.36 (KHTML, like Gecko) Chrome/135.0.7049.95 Mobile Safari/537.36 (compatible; Googlebot/2.1; +http://www.google.com/bot.html)"
66.249.74.104 - - [29/Apr/2025:23:47:24 -0400] "GET /?k=8913829648303&channel=da094c&from=brands.php%3Fid%3D296483-8421%26name%3DAuniwaig+SDS+%E3%82%A4%E3%83%B3%E3%83%91%E3%82%AF%E3%83%88%E3%83%89%E3%83%AA%E3%83%AB%E3%83%93%E3%83%83%E3%83%88+%E7%9B%B4%E5%BE%8414mm+%E9%95%B7%E3%81%95350mm+%E3%82%AB%E3%83%BC%E3%83%9C%E3%83%B3%E3%82%B9%E3%83%81%E3%83%BC%E3%83%AB+%E3%82%B9%E3%82%AF%E3%82%A8%E3%82%A2%E3%82%B7%E3%83%A3%E3%83%B3%E3%82%AF%E7%9F%B3%E5%B7%A5+%E3%83%8F%E3%83%B3%E3%83%9E%E3%83%BC%E3%83%89%E3%83%AA HTTP/1.1" 200 52028 "-" "Mozilla/5.0 (Linux; Android 6.0.1; Nexus 5X Build/MMB29P) AppleWebKit/537.36 (KHTML, like Gecko) Chrome/135.0.7049.95 Mobile Safari/537.36 (compatible; Googlebot/2.1; +http://www.google.com/bot.html)"
66.249.74.103 - - [29/Apr/2025:23:47:41 -0400] "GET /?k=58012158315911&channel=7e5dde&from=jp.php%3Fid%3D1583159-8055%26name%3DGRACO+%E3%82%B0%E3%83%AC%E3%82%B3+%E3%82%B8%E3%83%A5%E3%83%8B%E3%82%A2%E3%82%B7%E3%83%BC%E3%83%88%E3%80%80%E3%82%B8%E3%83%A5%E3%83%8B%E3%82%A2%E3%83%97%E3%83%A9%E3%82%B9DX%E3%80%80%E3%83%87%E3%82%A3%E3%82%BA%E3%83%8B%E3%83%BC%E3%83%9F%E3%83%83%E3%82%AD%E3%83%BC HTTP/1.1" 200 50885 "-" "Mozilla/5.0 (Linux; Android 6.0.1; Nexus 5X Build/MMB29P) AppleWebKit/537.36 (KHTML, like Gecko) Chrome/135.0.7049.95 Mobile Safari/537.36 (compatible; Googlebot/2.1; +http://www.google.com/bot.html)"
66.249.74.103 - - [29/Apr/2025:23:47:57 -0400] "GET /?k=9983065109401&channel=4b8a9f&from=pin.php%3Fid%3D651094-10866%26name%3D%E3%83%88%E3%83%A8%E3%82%BF+%E6%96%B0%E5%9E%8B+%E3%82%B7%E3%82%A8%E3%83%B3%E3%82%BF+3%E4%BB%A3%E7%9B%AE+SIENTA+MXPL1%23G%2FMXPC10G%E5%9E%8B+3%E4%BB%A3%E7%9B%AE%E3%81%AB%E9%81%A9%E7%94%A8%E6%96%B0%E5%9E%8B+%E8%BB%8A%E4%B8%AD%E6%B3%8A+%E3%83%9E%E3%83%83%E3%83%88+%E8%BB%8A%E5%86%85%E3%83%99%E3%83%83%E3%83%89+%E8%87%AA%E5%8B%95%E8%86%A8 HTTP/1.1" 200 51924 "-" "Mozilla/5.0 (Linux; Android 6.0.1; Nexus 5X Build/MMB29P) AppleWebKit/537.36 (KHTML, like Gecko) Chrome/135.0.7049.95 Mobile Safari/537.36 (compatible; Googlebot/2.1; +http://www.google.com/bot.html)"
2a06:98c0:3600::103 - - [29/Apr/2025:23:48:08 -0400] "GET /wp-admin/setup-config.php HTTP/1.1" 200 0 "-" "Mozilla/5.0 (Windows NT 10.0; Win64; x64) AppleWebKit/537.36 (KHTML, like Gecko) Chrome/135.0.0.0 Safari/537.36"
52.167.144.171 - - [29/Apr/2025:23:48:48 -0400] "GET /?k=1241915821107&channel=14128e&from=brands.php%3Fid%3D158211-9319%26name%3D%E7%9C%9F%E7%A9%BA%E3%83%8D%E3%82%A4%E3%83%AB%E3%83%80%E3%82%B9%E3%83%88%E3%82%B3%E3%83%AC%E3%82%AF%E3%82%BF%E3%83%BC%E3%80%81%E5%BC%B7%E5%8A%9B%E3%81%AA%E5%90%B8%E5%BC%95%E3%83%8D%E3%82%A4%E3%83%AB%E3%82%AF%E3%83%AA%E3%83%BC%E3%83%8A%E3%83%BC%E3%80%81%E8%AA%BF%E5%85%89%E5%8F%AF%E8%83%BD%E3%81%AALED%E5%86%85%E8%94%B5%E3%80%81%E5%86%8D%E5%88%A9%E7%94%A8%E5%8F%AF%E8%83%BD%E3%81%AA%E3%83%95%E3%82%A3%E3%83%AB%E3%82%BF%E3%83%BC%E3%81%A8%E3%83%86%E3%83%BC%E3%83%96%E3%83%AB%E3%83%9B%E3%83%AB%E3%83%80%E3%83%BC%E3%80%81%E3%82%B5%E3%83%AD%E3%83%B3%E3%82%84%E8%87%AA%E5%AE%85 HTTP/1.1" 200 40841 "-" "Mozilla/5.0 AppleWebKit/537.36 (KHTML, like Gecko; compatible; bingbot/2.0; +http://www.bing.com/bingbot.htm) Chrome/116.0.1938.76 Safari/537.36"
52.167.144.171 - - [29/Apr/2025:23:48:49 -0400] "GET /?k=2978713083401&channel=4d5764&from=pin.php%3Fid%3D130834-8651%26name%3DTVT%E9%9B%BB%E5%8B%95%E3%83%AA%E3%83%95%E3%83%86%E3%82%A3%E3%83%B3%E3%82%B0%E8%83%8C%E3%82%82%E3%81%9F%E3%82%8C%E6%9E%95%E3%80%81%E9%9B%BB%E5%8B%95%E3%82%B7%E3%83%83%E3%83%88%E3%82%A2%E3%83%83%E3%83%97%E3%83%90%E3%83%83%E3%82%AF%E3%82%B9%E3%82%BF%E3%83%B3%E3%83%89%E8%A3%9C%E5%8A%A9%E8%A3%9C%E5%8A%A9%E3%80%81%E9%AB%98%E9%BD%A2%E8%80%85%E7%94%A8+%E3%83%9B%E3%83%BC%E3%83%A0%E3%83%99%E3%83%83%E3%83%89+%E8%87%AA%E5%8B%95%E6%98%87%E9%99%8D%E3%83%9E%E3%83%83%E3%83%88%E3%83%AC%E3%82%B9%E3%80%81%E3%82%A2%E3%83%BC%E3%83%A0%E3%83%AC%E3%82%B9%E3%83%88%E4%BB%98 HTTP/1.1" 200 39958 "-" "Mozilla/5.0 AppleWebKit/537.36 (KHTML, like Gecko; compatible; bingbot/2.0; +http://www.bing.com/bingbot.htm) Chrome/116.0.1938.76 Safari/537.36"
52.167.144.202 - - [29/Apr/2025:23:49:05 -0400] "GET /?k=94444183522902&channel=f49f1b&from=brands.php%3Fid%3D1835229-3957%26name%3D%E5%B0%82%E7%94%A8%EF%BC%81%E7%A4%BE%E4%BA%A4%E3%83%80%E3%83%B3%E3%82%B9%E3%83%89%E3%83%AC%E3%82%B9%EF%BC%81%E3%82%BF%E3%82%AB%E3%83%80%E3%83%B3%E3%82%B9%E7%A4%BE%E3%83%A9%E3%83%86%E3%83%B3%E3%82%AA%E3%83%BC%E3%83%80%E3%83%BC%E3%83%89%E3%83%AC%E3%82%B9%E8%B1%AA%E8%8F%AF%E3%82%B9%E3%83%AF%E3%83%AD%E3%83%BC%E3%82%AA%E3%83%AC%E3%83%B3%E3%82%B8%E7%BE%BD%EF%BC%81 HTTP/1.1" 200 37743 "-" "Mozilla/5.0 AppleWebKit/537.36 (KHTML, like Gecko; compatible; bingbot/2.0; +http://www.bing.com/bingbot.htm) Chrome/116.0.1938.76 Safari/537.36"
