66.249.74.103 - - [29/Apr/2025:21:41:59 -0400] "GET /?k=99159126711505&channel=e508ed&from=blog.php%3Fid%3D1267115-18504%26name%3D%E6%B6%B2%E3%81%A0%E3%82%8C%E3%81%97%E3%81%AA%E3%81%84+%E9%80%8F%E6%98%8E+%E5%8A%A0%E5%9C%A7%E5%BC%8F+%E3%82%AA%E3%82%A4%E3%83%AB%E3%82%B9%E3%83%97%E3%83%AC%E3%83%BC+%E3%83%9F%E3%82%B9%E3%83%88%E3%82%B9%E3%83%97%E3%83%AC%E3%83%BC+%E6%A5%B5%E7%B4%B0%E3%81%AE%E3%83%9F%E3%82%B9%E3%83%88+%E3%82%AA%E3%82%A4%E3%83%AB%E3%83%9C%E3%83%88%E3%83%AB+%E9%9C%A7%E5%90%B9%E3%81%8D+%E3%82%AA%E3%82%A4%E3%83%AB+%E3%82%B9%E3%83%97%E3%83%AC%E3%83%BC+%E3%82%B9%E3%83%97%E3%83%AC%E3%83%BC%E3%83%9C%E3%83%88%E3%83%AB+%E6%96%99%E7%90%86%E7%94%A8+%E9%85%A2+%E6%B2%B9%E3%81%95%E3%81%97+%E3%82%AA%E3%82%A4%E3%83%AB%E5%B7%AE%E3%81%97+%E9%98%B2%E5%A1%B5+2%E5%80%8B%E3%82%BB%E3%83%83%E3%83%88+%E6%BC%8F%E3%82%8C%E9%98%B2%E6%AD%A2+%E9%86%A4%E6%B2%B9+%E3%82%AA%E3%82%A4%23aimas563289 HTTP/1.1" 200 53134 "-" "Mozilla/5.0 (Linux; Android 6.0.1; Nexus 5X Build/MMB29P) AppleWebKit/537.36 (KHTML, like Gecko) Chrome/135.0.7049.95 Mobile Safari/537.36 (compatible; Googlebot/2.1; +http://www.google.com/bot.html)"
66.249.74.104 - - [29/Apr/2025:21:42:05 -0400] "GET /?k=7786653614303&channel=03aef9&from=goods.php%3Fid%3D536143-1343%26name%3D%E3%82%AA%E3%83%BC%E3%83%88%E3%83%90%E3%82%A4%E3%83%86%E3%83%BC%E3%83%AB%E3%83%95%E3%83%AC%E3%83%BC%E3%83%A0%E3%83%96%E3%83%A9%E3%82%B1%E3%83%83%E3%83%88+%E3%82%B9%E3%82%BA%E3%82%AD%E7%94%A8+GSXR150+2019-2024+%E3%83%8A%E3%83%B3%E3%83%90%E3%83%BC%E3%83%97%E3%83%AC%E3%83%BC%E3%83%88%E3%83%9B%E3%83%AB%E3%83%80%E3%83%BC+%E3%83%AA%E3%82%A2%E3%83%86%E3%83%BC%E3%83%AB%E3%83%95%E3%83%AC%E3%83%BC%E3%83%A0+%E3%83%95%E3%82%A7 HTTP/1.1" 200 52029 "-" "Mozilla/5.0 (Linux; Android 6.0.1; Nexus 5X Build/MMB29P) AppleWebKit/537.36 (KHTML, like Gecko) Chrome/135.0.7049.95 Mobile Safari/537.36 (compatible; Googlebot/2.1; +http://www.google.com/bot.html)"
66.249.74.103 - - [29/Apr/2025:21:42:14 -0400] "GET /?k=6098836109502&channel=4139a9&from=form.php%3Fid%3D361095-9611%26name%3D30+%E5%80%8B%E3%80%81%E3%82%B7%E3%83%A3%E3%82%AE%E3%83%BC%E3%83%97%E3%83%AC%E3%82%A4%E3%82%A8%E3%83%AA%E3%82%A2%E3%83%A9%E3%82%B0%E3%81%AC%E3%81%84%E3%81%90%E3%82%8B%E3%81%BF%E3%83%91%E3%82%BA%E3%83%AB+Eva+%E3%83%95%E3%82%A9%E3%83%BC%E3%83%A0%E3%83%95%E3%83%AD%E3%82%A2%E3%83%9E%E3%83%83%E3%83%88%E3%83%9C%E3%83%BC%E3%83%80%E3%83%BC%E3%80%81%E3%81%B5%E3%82%8F%E3%81%B5%E3%82%8F%E9%80%A3%E5%8B%95%E3%82%AB%E3%83%BC%E3%83%9A%E3%83%83%E3%83%88%E3%82%BF%E3%82%A4%E3%83%AB%28%235%29 HTTP/1.1" 200 52610 "-" "Mozilla/5.0 (Linux; Android 6.0.1; Nexus 5X Build/MMB29P) AppleWebKit/537.36 (KHTML, like Gecko) Chrome/135.0.7049.95 Mobile Safari/537.36 (compatible; Googlebot/2.1; +http://www.google.com/bot.html)"
66.249.74.103 - - [29/Apr/2025:21:42:22 -0400] "GET /?k=2875946563500&channel=024105&from=info.php%3Fid%3D465635-3693%26name%3D%E3%83%8F%E3%83%A4%E3%83%96%E3%82%B5%E3%83%A9%E3%82%A4%E3%83%95%E3%82%B8%E3%83%A3%E3%82%B1%E3%83%83%E3%83%88%E3%80%80%E6%A1%9C%E3%83%9E%E3%83%BC%E3%82%AF%E4%BB%98%E3%81%8DA%E3%82%BF%E3%82%A4%E3%83%97 HTTP/1.1" 200 51856 "-" "Mozilla/5.0 (Linux; Android 6.0.1; Nexus 5X Build/MMB29P) AppleWebKit/537.36 (KHTML, like Gecko) Chrome/135.0.7049.95 Mobile Safari/537.36 (compatible; Googlebot/2.1; +http://www.google.com/bot.html)"
52.167.144.161 - - [29/Apr/2025:21:42:28 -0400] "GET /?k=40201113509100&channel=b5e9c1&from=form.php%3Fid%3D1135091-20092%26name%3DMASTERLOCK%28%E3%83%9E%E3%82%B9%E3%82%BF%E3%83%BC%E3%83%AD%E3%83%83%E3%82%AF%29%E3%82%AD%E3%83%BC%E3%83%9C%E3%83%83%E3%82%AF%E3%82%B9%E9%8D%B5%E5%8F%8E%E7%B4%8D%E3%83%80%E3%82%A4%E3%83%A4%E3%83%AB%E6%9A%97%E8%A8%BC%E7%95%AA%E5%8F%B7%E8%A8%AD%E5%AE%9A%E5%B1%8B%E5%A4%96%E5%A3%81%E6%8E%9B%E3%81%91%E3%83%80%E3%82%A4%E3%83%A4%E3%83%AB%E3%82%AB%E3%83%90%E3%83%BC%E4%BB%98%E6%9C%AC%E4%BD%93%E5%B9%8586MM%E9%AB%98%E3%81%95120MM%E9%98%B2%E7%8A%AF5401JAD%E3%83%96%E3%83%A9%E3%83%83%E3%82%AF HTTP/1.1" 200 42221 "-" "Mozilla/5.0 AppleWebKit/537.36 (KHTML, like Gecko; compatible; bingbot/2.0; +http://www.bing.com/bingbot.htm) Chrome/116.0.1938.76 Safari/537.36"
66.249.74.103 - - [29/Apr/2025:21:42:28 -0400] "GET /?k=81496146033605&channel=4ece2c&from=product.php%3Fid%3D1460336-3538%26name%3D%E3%83%97%E3%83%BC%E3%83%AB%E3%81%AE%E6%89%8B%E3%81%99%E3%82%8A+%E3%82%B9%E3%82%A4%E3%83%9F%E3%83%B3%E3%82%B0%E3%83%97%E3%83%BC%E3%83%AB%E3%81%AE%E9%9A%8E%E6%AE%B5%E3%81%AE%E3%83%AC%E3%83%BC%E3%83%AB%E3%80%81304+%E3%82%B9%E3%83%86%E3%83%B3%E3%83%AC%E3%82%B9%E9%8B%BC%E3%83%97%E3%83%BC%E3%83%AB+%E3%83%AC%E3%83%BC%E3%83%AB%E5%9C%B0%E4%B8%AD%E3%83%97%E3%83%BC%E3%83%AB%E3%81%AE%E3%82%A8%E3%83%B3%E3%83%88%E3%83%AA%E3%80%81%E9%8C%86%E3%81%A8%E5%A4%A9%E5%80%99%E3%81%AE%E8%A8%BC%E6%8B%A0%E3%80%81%E3%82%B7%E3%83%AB%E3%83%90%E3%83%BC%E3%81%AE%E3%81%9F HTTP/1.1" 200 51379 "-" "Mozilla/5.0 (Linux; Android 6.0.1; Nexus 5X Build/MMB29P) AppleWebKit/537.36 (KHTML, like Gecko) Chrome/135.0.7049.95 Mobile Safari/537.36 (compatible; Googlebot/2.1; +http://www.google.com/bot.html)"
66.249.74.103 - - [29/Apr/2025:21:42:36 -0400] "GET /?k=76122117745300&channel=c943c2&from=jp.php%3Fid%3D1177453-11271%26name%3D%E3%83%92%E3%83%8E%E3%82%AD%E3%82%B4%E3%82%B11%E5%A1%8A%EF%BC%81 HTTP/1.1" 200 51907 "-" "Mozilla/5.0 (Linux; Android 6.0.1; Nexus 5X Build/MMB29P) AppleWebKit/537.36 (KHTML, like Gecko) Chrome/135.0.7049.95 Mobile Safari/537.36 (compatible; Googlebot/2.1; +http://www.google.com/bot.html)"
66.249.74.103 - - [29/Apr/2025:21:42:41 -0400] "GET /?k=1590845357602&channel=804086&from=brands.php%3Fid%3D453576-5536%26name%3D%E3%82%AB%E3%83%BC%E3%82%AB%E3%83%90%E3%83%BC+%E8%BB%8A+%E3%83%9C%E3%83%87%E3%82%A3%E3%82%AB%E3%83%90%E3%83%BC+%E9%81%A9%E7%94%A8+AMC+%E3%83%9E%E3%82%BF%E3%83%89%E3%83%BC%E3%83%AB+%E3%82%BB%E3%83%80%E3%83%B3+1974%28548%2C6x196%2C1x138%2C9cm%29%2C%E8%80%90%E9%9B%AA%E6%80%A7%E3%80%81%E8%80%90%E9%9C%9C%E6%80%A7%E3%80%81 HTTP/1.1" 200 53222 "-" "Mozilla/5.0 (Linux; Android 6.0.1; Nexus 5X Build/MMB29P) AppleWebKit/537.36 (KHTML, like Gecko) Chrome/135.0.7049.95 Mobile Safari/537.36 (compatible; Googlebot/2.1; +http://www.google.com/bot.html)"
66.249.74.103 - - [29/Apr/2025:21:42:45 -0400] "GET /?k=029231878803&channel=60f8a0&from=news.php%3Fid%3D18788-2458%26name%3D%E6%BF%80%E3%83%AC%E3%82%A2%E5%93%81%EF%BC%81%E3%83%95%E3%82%A7%E3%83%8E%E3%83%A1%E3%83%8E%E3%83%B3%E3%80%80%E3%83%A2%E3%82%AB%E3%82%B7%E3%83%B3%E3%80%80%E3%83%AD%E3%83%BC%E3%83%95%E3%82%A1%E3%83%BC HTTP/1.1" 200 50596 "-" "Mozilla/5.0 (Linux; Android 6.0.1; Nexus 5X Build/MMB29P) AppleWebKit/537.36 (KHTML, like Gecko) Chrome/135.0.7049.95 Mobile Safari/537.36 (compatible; Googlebot/2.1; +http://www.google.com/bot.html)"
66.249.74.104 - - [29/Apr/2025:21:42:53 -0400] "GET /?k=6093150593200&channel=0c3547&from=article.php%3Fid%3D505932-5343%26name%3D%E3%82%B9%E3%83%BC%E3%83%91%E3%83%BC%E4%B8%8D%E5%8B%95%E7%8E%8B%E3%83%9B%E3%83%BC%E3%83%AB%E3%83%89%E3%80%802%E5%80%8B%E5%85%A5%E3%82%8A3%E7%AE%B1%E3%82%BB%E3%83%83%E3%83%88 HTTP/1.1" 200 52372 "-" "Mozilla/5.0 (Linux; Android 6.0.1; Nexus 5X Build/MMB29P) AppleWebKit/537.36 (KHTML, like Gecko) Chrome/135.0.7049.95 Mobile Safari/537.36 (compatible; Googlebot/2.1; +http://www.google.com/bot.html)"
66.249.74.104 - - [29/Apr/2025:21:43:02 -0400] "GET /?k=2494694162800&channel=c26b35&from=product.php%3Fid%3D941628-9756%26name%3DTom+Ford+Myrrhe+Mystere+%E3%83%88%E3%83%A0%E3%83%95%E3%82%A9%E3%83%BC%E3%83%89+%E3%83%9F%E3%83%AB%E3%83%A9%E3%83%BB%E3%83%9F%E3%82%B9%E3%83%86%E3%83%BC%E3%83%AB+EDP+50ml HTTP/1.1" 200 52586 "-" "Mozilla/5.0 (Linux; Android 6.0.1; Nexus 5X Build/MMB29P) AppleWebKit/537.36 (KHTML, like Gecko) Chrome/135.0.7049.95 Mobile Safari/537.36 (compatible; Googlebot/2.1; +http://www.google.com/bot.html)"
66.249.74.103 - - [29/Apr/2025:21:43:08 -0400] "GET /?k=8701041083001&channel=60f15f&from=shared.php%3Fid%3D410830-4335%26name%3DONKYO+DP-X1A+%E3%83%8F%E3%82%A4%E3%83%AC%E3%82%BE%E5%AF%BE%E5%BF%9C HTTP/1.1" 200 50418 "-" "Mozilla/5.0 (Linux; Android 6.0.1; Nexus 5X Build/MMB29P) AppleWebKit/537.36 (KHTML, like Gecko) Chrome/135.0.7049.95 Mobile Safari/537.36 (compatible; Googlebot/2.1; +http://www.google.com/bot.html)"
66.249.74.103 - - [29/Apr/2025:21:43:14 -0400] "GET /?k=1310124770100&channel=093eb6&from=product.php%3Fid%3D247701-10839%26name%3DDONNA+%E3%82%B3%E3%83%BC%E3%83%AB%E3%83%89%E3%82%A6%E3%82%A7%E3%83%BC%E3%83%96%E3%83%AD%E3%83%83%E3%83%89+%E9%95%B7%E3%81%953.25%E3%82%A4%E3%83%B3%E3%83%81+%E9%95%B7%E3%81%951.15%E3%82%A4%E3%83%B3%E3%83%81+%E3%82%B8%E3%83%A3%E3%83%B3%E3%83%9C+6%E5%80%8B+%E3%83%AD%E3%83%BC%E3%83%A9%E3%83%BC+%E3%83%95%E3%82%A9%E3%83%BC%E3%83%A0%E3%83%98%E3%82%A2%E3%83%AD%E3%83%BC%E3%83%A9%E3%83%BC+%E3%83%98%E3%82%A2%E3%82%AB%E3%83%BC HTTP/1.1" 200 52947 "-" "Mozilla/5.0 (Linux; Android 6.0.1; Nexus 5X Build/MMB29P) AppleWebKit/537.36 (KHTML, like Gecko) Chrome/135.0.7049.95 Mobile Safari/537.36 (compatible; Googlebot/2.1; +http://www.google.com/bot.html)"
66.249.74.103 - - [29/Apr/2025:21:43:22 -0400] "GET /?k=71902103154506&channel=0d951e&from=info.php%3Fid%3D1031545-19973%26name%3DVaguelly+%E3%83%8F%E3%83%AD%E3%82%A6%E3%82%A3%E3%83%B3%E3%83%9E%E3%82%B9%E3%82%AF%E3%80%81%E3%82%B9%E3%82%AB%E3%83%AB%E3%83%9E%E3%82%B9%E3%82%AF+%E3%83%96%E3%83%A9%E3%83%83%E3%82%AF+%E3%83%8F%E3%83%BC%E3%83%95%E3%82%B9%E3%82%AB%E3%83%AB%E3%83%9E%E3%82%B9%E3%82%AF%E3%80%81%E3%83%8F%E3%83%BC%E3%83%95%E3%83%95%E3%82%A7%E3%82%A4%E3%82%B9%E3%83%9E%E3%82%B9%E3%82%AF+%E3%82%B9%E3%82%B1%E3%83%AB%E3%83%88%E3%83%B3%E3%82%A6%E3%82%A9%E3%83%AA%E3%82%A2%E3%83%BC%E3%83%9E%E3%82%B9%E3%82%AF+%E3%82%B9 HTTP/1.1" 200 51982 "-" "Mozilla/5.0 (Linux; Android 6.0.1; Nexus 5X Build/MMB29P) AppleWebKit/537.36 (KHTML, like Gecko) Chrome/135.0.7049.95 Mobile Safari/537.36 (compatible; Googlebot/2.1; +http://www.google.com/bot.html)"
66.249.74.103 - - [29/Apr/2025:21:43:25 -0400] "GET /css_98791ab740d314653ff34eb76d5e00ae/_public_bundle_sp.bundle.min HTTP/1.1" 200 62457 "http://okewla123.id/?k=71902103154506&channel=0d951e&from=info.php%3Fid%3D1031545-19973%26name%3DVaguelly+%E3%83%8F%E3%83%AD%E3%82%A6%E3%82%A3%E3%83%B3%E3%83%9E%E3%82%B9%E3%82%AF%E3%80%81%E3%82%B9%E3%82%AB%E3%83%AB%E3%83%9E%E3%82%B9%E3%82%AF+%E3%83%96%E3%83%A9%E3%83%83%E3%82%AF+%E3%83%8F%E3%83%BC%E3%83%95%E3%82%B9%E3%82%AB%E3%83%AB%E3%83%9E%E3%82%B9%E3%82%AF%E3%80%81%E3%83%8F%E3%83%BC%E3%83%95%E3%83%95%E3%82%A7%E3%82%A4%E3%82%B9%E3%83%9E%E3%82%B9%E3%82%AF+%E3%82%B9%E3%82%B1%E3%83%AB%E3%83%88%E3%83%B3%E3%82%A6%E3%82%A9%E3%83%AA%E3%82%A2%E3%83%BC%E3%83%9E%E3%82%B9%E3%82%AF+%E3%82%B9" "Mozilla/5.0 (Linux; Android 6.0.1; Nexus 5X Build/MMB29P) AppleWebKit/537.36 (KHTML, like Gecko) Chrome/134.0.6998.165 Mobile Safari/537.36 (compatible; Googlebot/2.1; +http://www.google.com/bot.html)"
66.249.74.103 - - [29/Apr/2025:21:43:31 -0400] "GET /?k=5372666549305&channel=f1ef45&from=shop.php%3Fid%3D665493-9405%26name%3DTPOB+%E3%82%B9%E3%83%A9%E3%82%A4%E3%83%A0+2+%E3%82%AD%E3%83%A3%E3%83%B3%E3%83%87%E3%82%A3%E3%83%94%E3%83%B3%E3%82%AF+%E3%82%AF%E3%83%AA%E3%83%83%E3%83%91%E3%83%BC+%E3%83%88%E3%83%AA%E3%83%9E%E3%83%BC+%E3%82%B7%E3%82%A7%E3%83%BC%E3%83%90%E3%83%BC+%E3%82%BB%E3%83%83%E3%83%88+%E3%83%90%E3%83%BC%E3%83%90%E3%83%BC+%E3%83%90%E3%83%AA%E3%82%AB%E3%83%B3+%E3%83%9E%E3%83%83%E3%83%88%E3%83%94%E3%83%B3%E3%82%AF+%E3%83%86%E3%83%BC%E3%83%91%E3%83%BC%E3%83%96%E3%83%AC%E3%83%BC HTTP/1.1" 200 52003 "-" "Mozilla/5.0 (Linux; Android 6.0.1; Nexus 5X Build/MMB29P) AppleWebKit/537.36 (KHTML, like Gecko) Chrome/135.0.7049.95 Mobile Safari/537.36 (compatible; Googlebot/2.1; +http://www.google.com/bot.html)"
66.249.74.103 - - [29/Apr/2025:21:43:34 -0400] "GET /?k=81399120529500&channel=838422&from=goods.php%3Fid%3D1205295-6591%26name%3D%E3%83%9E%E3%83%86%E3%83%AB+%E3%82%B9%E3%82%BF%E3%83%BC%E3%82%B7%E3%83%83%E3%83%97+%E3%83%AC%E3%82%A4%E3%82%B6%E3%83%BC%E3%82%AF%E3%83%AC%E3%82%B9%E3%83%88 HTTP/1.1" 200 52458 "-" "Mozilla/5.0 (Linux; Android 6.0.1; Nexus 5X Build/MMB29P) AppleWebKit/537.36 (KHTML, like Gecko) Chrome/135.0.7049.95 Mobile Safari/537.36 (compatible; Googlebot/2.1; +http://www.google.com/bot.html)"
66.249.74.103 - - [29/Apr/2025:21:43:40 -0400] "GET /?k=27826139168101&channel=25a714&from=news.php%3Fid%3D1391681-8688%26name%3D%E3%82%A4%E3%83%B3%E3%82%B3+%E9%81%8A%E3%81%B3%E5%A0%B4+%E9%B3%A5+%E3%82%A2%E3%82%B9%E3%83%AC%E3%83%81%E3%83%83%E3%82%AF+%E9%B3%A5%E7%94%A8%E5%93%81+%E9%B3%A5%E3%81%AE%E3%81%8A%E3%82%82%E3%81%A1%E3%82%83+%E3%83%90%E3%83%BC%E3%83%89%E3%83%88%E3%82%A4+%E9%A3%9F%E5%99%A8%E4%BB%98%E3%81%8D+%E6%9C%A8%E8%A3%BD+%E3%82%B9%E3%82%BF%E3%83%B3%E3%83%89+%E3%81%AF%E3%81%97%E3%81%94+%E6%AD%A2%E3%81%BE%E3%82%8A%E6%9C%A8+%E9%B3%A5%E5%B7%A3+%E5%B0%8F%E9%B3%A5+%E3%82%AA%E3%82%A6%E3%83%A0+%E3%83%96%E3%83%A9%E3%83%B3%E3%82%B3+%E3%83%A9%E3%83%80%E3%83%BC+%E3%83%99%E3%83%AB+%E5%AE%A4%E5%86%85+%E6%A3%9A+%E6%9C%A8%E6%A3%9A+%E3%81%8B%E3%81%94+%E9%B3%A5%E3%81%AE%E9%81%8A%E3%81%B3%E5%A0%B4+%E3%82%B9%E3%83%88%E3%83%AC%E3%82%B9%E8%A7%A3+cGH1302 HTTP/1.1" 200 52565 "-" "Mozilla/5.0 (Linux; Android 6.0.1; Nexus 5X Build/MMB29P) AppleWebKit/537.36 (KHTML, like Gecko) Chrome/135.0.7049.95 Mobile Safari/537.36 (compatible; Googlebot/2.1; +http://www.google.com/bot.html)"
52.167.144.161 - - [29/Apr/2025:21:43:48 -0400] "GET /?k=35568178819503&channel=2b7c3f&from=form.php%3Fid%3D1788195-2620%26name%3D%E3%82%B9%E3%83%86%E3%83%B3%E3%83%AC%E3%82%B9%E3%82%B9%E3%83%81%E3%83%BC%E3%83%AB%E8%A3%BD%E3%83%90%E3%82%B9%E3%83%AB%E3%83%BC%E3%83%A0%E3%83%8B%E3%83%83%E3%83%81%E3%80%81%E3%82%B4%E3%83%9F%E7%AE%B1%E3%83%88%E3%82%A4%E3%83%AC%E3%83%96%E3%83%A9%E3%82%B7%E5%8F%8E%E7%B4%8D%E3%82%AD%E3%83%A3%E3%83%93%E3%83%8D%E3%83%83%E3%83%88%E3%80%81%E5%BC%95%E3%81%8D%E5%87%BA%E3%81%97%E3%83%9C%E3%83%83%E3%82%AF%E3%82%B9%E5%8F%8E%E7%B4%8D%E3%83%A9%E3%83%83%E3%82%AF%E9%9D%9E%E3%82%BF%E3%82%A4%E3%83%AB%E5%9F%8B%E3%82%81%E8%BE%BC%E3%81%BF%E3%82%B7%E3%83%A3%E3%83%AF%E3%83%BC%E3%83%AB%E3%83%BC%E3%83%A0%E3%80%81 HTTP/1.1" 200 41476 "-" "Mozilla/5.0 AppleWebKit/537.36 (KHTML, like Gecko; compatible; bingbot/2.0; +http://www.bing.com/bingbot.htm) Chrome/116.0.1938.76 Safari/537.36"
52.167.144.161 - - [29/Apr/2025:21:43:49 -0400] "GET /?k=44740199504&channel=e1307a&from=blog.php%3Fid%3D1995-428%26name%3D%E3%83%9E%E3%83%8D%E3%82%AD%E3%83%B3%E8%AA%BF%E7%AF%80%E5%8F%AF%E8%83%BD%E3%81%AA%E3%83%9E%E3%83%8D%E3%82%AD%E3%83%B3%E3%83%9C%E3%83%87%E3%82%A3%E3%80%81%E5%A5%B3%E6%80%A7%E3%83%9E%E3%83%8D%E3%82%AD%E3%83%B3%E3%83%88%E3%83%AB%E3%82%BD%E3%83%BC%E3%83%89%E3%83%AC%E3%82%B9%E3%82%B8%E3%83%A5%E3%82%A8%E3%83%AA%E3%83%BC%E3%83%87%E3%82%A3%E3%82%B9%E3%83%97%E3%83%AC%E3%82%A4%E4%B8%89%E8%84%9A%E3%82%B9%E3%82%BF%E3%83%B3%E3%83%89%E8%A1%A3%E9%A1%9E%E3%83%95%E3%82%A9%E3%83%BC%E3%83%A0%E5%BA%97%E9%A0%AD%E3%83%87%E3%82%A3%E3%82%B9%E3%83%97%E3%83%AC%E3%82%A4%E7%94%A8%E3%80%81%E9%AB%98%E3%81%95%E8%AA%BF HTTP/1.1" 200 41982 "-" "Mozilla/5.0 AppleWebKit/537.36 (KHTML, like Gecko; compatible; bingbot/2.0; +http://www.bing.com/bingbot.htm) Chrome/116.0.1938.76 Safari/537.36"
66.249.74.103 - - [29/Apr/2025:21:43:49 -0400] "GET /?k=27029160693500&channel=244730&from=shared.php%3Fid%3D1606935-2628%26name%3D%E7%A2%BA%E8%AA%8D%E7%94%A8%E3%80%80%E3%83%90%E3%82%A4%E3%82%AF%E3%83%91%E3%83%BC%E3%83%84 HTTP/1.1" 200 51208 "-" "Mozilla/5.0 (Linux; Android 6.0.1; Nexus 5X Build/MMB29P) AppleWebKit/537.36 (KHTML, like Gecko) Chrome/135.0.7049.95 Mobile Safari/537.36 (compatible; Googlebot/2.1; +http://www.google.com/bot.html)"
52.167.144.180 - - [29/Apr/2025:21:43:52 -0400] "GET /?k=8490044631404&channel=d26403&from=shop.php%3Fid%3D446314-13268%26name%3D20%E5%80%8B%E3%81%AE%E3%82%A2%E3%82%A4%E3%82%B9%E3%82%AD%E3%83%A3%E3%83%B3%E3%83%87%E3%82%A3%E3%83%BC%E5%9E%8B%E3%80%81304%E3%82%B9%E3%83%86%E3%83%B3%E3%83%AC%E3%82%B9%E9%8B%BC%E8%A3%BD%E3%80%81%E5%95%86%E7%94%A8%E5%86%B7%E5%87%8D%E3%82%A2%E3%82%A4%E3%82%B9%E3%82%AD%E3%83%A3%E3%83%B3%E3%83%87%E3%82%A3%E3%83%BC%E3%83%A1%E3%83%BC%E3%82%AB%E3%83%BC%E3%82%A2%E3%82%A4%E3%82%B9%E3%83%9D%E3%83%83%E3%83%97%E5%9E%8B%E3%80%81100%E6%9C%AC%E3%81%AE%E6%9C%A8%E8%A3%BD%E3%82%B9%E3%83%86%E3%82%A3%E3%83%83%E3%82%AF%E3%81%A81%E6%9C%AC HTTP/1.1" 200 40281 "-" "Mozilla/5.0 AppleWebKit/537.36 (KHTML, like Gecko; compatible; bingbot/2.0; +http://www.bing.com/bingbot.htm) Chrome/116.0.1938.76 Safari/537.36"
66.249.74.103 - - [29/Apr/2025:21:43:56 -0400] "GET /?k=14693104088007&channel=c497e8&from=pin.php%3Fid%3D1040880-20003%26name%3Dbaby+gap+GAP+%E3%83%99%E3%83%93%E3%83%BC+%E3%82%AE%E3%83%A3%E3%83%83%E3%83%97+%E3%82%B0%E3%83%AC%E3%83%BC+%E3%82%AB%E3%83%BC%E3%83%87%E3%82%A3%E3%82%AC%E3%83%B3+6-12%E3%83%B6%E6%9C%88 HTTP/1.1" 200 51046 "-" "Mozilla/5.0 (Linux; Android 6.0.1; Nexus 5X Build/MMB29P) AppleWebKit/537.36 (KHTML, like Gecko) Chrome/135.0.7049.95 Mobile Safari/537.36 (compatible; Googlebot/2.1; +http://www.google.com/bot.html)"
66.249.74.104 - - [29/Apr/2025:21:44:03 -0400] "GET /?k=23822160736803&channel=f4935c&from=product.php%3Fid%3D1607368-4031%26name%3D%E6%97%8B%E7%9B%A4%E5%B7%A5%E5%85%B7%E3%83%9B%E3%83%AB%E3%83%80%E3%83%BC%E3%80%81+MT2+MT3+MT4+APU13+APU16+%E3%83%84%E3%83%BC%E3%83%AB%E3%83%9B%E3%83%AB%E3%83%80%E3%83%BC+Apu+%E3%83%89%E3%83%AA%E3%83%AB%E3%83%81%E3%83%A3%E3%83%83%E3%82%AF+%E3%82%B7%E3%83%AA%E3%83%BC%E3%82%BA%E7%B2%BE%E5%AF%86+CNC+%E4%B8%80 HTTP/1.1" 200 53145 "-" "Mozilla/5.0 (Linux; Android 6.0.1; Nexus 5X Build/MMB29P) AppleWebKit/537.36 (KHTML, like Gecko) Chrome/135.0.7049.95 Mobile Safari/537.36 (compatible; Googlebot/2.1; +http://www.google.com/bot.html)"
66.249.74.103 - - [29/Apr/2025:21:44:10 -0400] "GET /?k=99420107337100&channel=3d54fe&from=goods.php%3Fid%3D1073371-3811%26name%3D%E3%82%B3%E3%82%AC%E3%83%8D%E3%82%A4+%E3%82%B8%E3%82%B0%E3%82%B7%E3%83%AA%E3%83%B3%E3%83%80C%E3%82%B7%E3%83%AA%E3%83%BC%E3%82%BA+%E4%BD%8E%E6%91%A9%E6%93%A6%E3%82%B7%E3%83%AA%E3%83%B3%E3%83%80+CDAZS12X30-B-ZE135A1 HTTP/1.1" 200 53351 "-" "Mozilla/5.0 (Linux; Android 6.0.1; Nexus 5X Build/MMB29P) AppleWebKit/537.36 (KHTML, like Gecko) Chrome/135.0.7049.95 Mobile Safari/537.36 (compatible; Googlebot/2.1; +http://www.google.com/bot.html)"
66.249.74.103 - - [29/Apr/2025:21:44:17 -0400] "GET /?k=2292096493400&channel=847a03&from=form.php%3Fid%3D964934-1796%26name%3D%E7%BF%BB%E8%A8%B3%E3%83%87%E3%83%90%E3%82%A4%E3%82%B9%E3%80%81%E8%A8%80%E8%AA%9E%E7%BF%BB%E8%A8%B3%E3%83%87%E3%83%90%E3%82%A4%E3%82%B9%E3%80%8140%E8%A8%80%E8%AA%9E%E3%82%92%E3%82%B5%E3%83%9D%E3%83%BC%E3%83%88%E3%81%99%E3%82%8B%E3%83%AA%E3%82%A2%E3%83%AB%E3%82%BF%E3%82%A4%E3%83%A0%E9%9B%BB%E5%AD%90%E3%83%9D%E3%82%B1%E3%83%83%E3%83%88%E9%9F%B3%E5%A3%B0%E7%BF%BB%E8%A8%B3%E6%A9%9F%E3%80%8113.8+%2A+4.3+%2A+1.7cm+%E7%BF%BB%E8%A8%B3 HTTP/1.1" 200 53221 "-" "Mozilla/5.0 (Linux; Android 6.0.1; Nexus 5X Build/MMB29P) AppleWebKit/537.36 (KHTML, like Gecko) Chrome/135.0.7049.95 Mobile Safari/537.36 (compatible; Googlebot/2.1; +http://www.google.com/bot.html)"
66.249.74.103 - - [29/Apr/2025:21:44:23 -0400] "GET /?k=7997272732909&channel=ed5401&from=info.php%3Fid%3D727329-16263%26name%3D%E5%A4%A7%E4%BA%BA%E6%B0%97%E3%80%80%E3%83%8C%E3%83%93%E3%83%88%E3%83%BC%E3%83%88%E3%83%90%E3%83%83%E3%82%B0%E3%80%80%E7%99%BD%E3%80%80%E3%83%81%E3%82%A7%E3%83%AA%E3%83%BC%E3%80%80%E3%81%95%E3%81%8F%E3%82%89%E3%82%93%E3%81%BC%E3%80%80%E3%83%8C%E3%83%93%E3%83%90%E3%83%83%E3%82%B0%E3%80%80%E3%83%8C%E3%83%93%E3%80%80%E3%83%81%E3%82%A7%E3%83%83%E3%82%AF HTTP/1.1" 200 50357 "-" "Mozilla/5.0 (Linux; Android 6.0.1; Nexus 5X Build/MMB29P) AppleWebKit/537.36 (KHTML, like Gecko) Chrome/135.0.7049.95 Mobile Safari/537.36 (compatible; Googlebot/2.1; +http://www.google.com/bot.html)"
66.249.74.103 - - [29/Apr/2025:21:44:29 -0400] "GET /?k=9853291745104&channel=d1fc44&from=news.php%3Fid%3D917451-18737%26name%3DHiKOKI+%E3%83%9E%E3%83%AB%E3%83%81%E3%82%AF%E3%83%AB%E3%83%BC%E3%82%B6%E3%83%BC+%E3%83%84%E3%83%BC%E3%83%AB%E3%83%9C%E3%83%83%E3%82%AF%E3%82%B9+M+%E3%83%95%E3%82%A9%E3%83%AC%E3%82%B9%E3%83%88%E3%82%B0%E3%83%AA%E3%83%BC%E3%83%B3 HTTP/1.1" 200 51210 "-" "Mozilla/5.0 (Linux; Android 6.0.1; Nexus 5X Build/MMB29P) AppleWebKit/537.36 (KHTML, like Gecko) Chrome/135.0.7049.95 Mobile Safari/537.36 (compatible; Googlebot/2.1; +http://www.google.com/bot.html)"
66.249.74.103 - - [29/Apr/2025:21:44:36 -0400] "GET /?k=7279336605203&channel=038349&from=info.php%3Fid%3D366052-10534%26name%3DJalan+Sriwijaya+%E3%82%B8%E3%83%A3%E3%83%A9%E3%83%B3+%E3%82%B9%E3%83%AA%E3%82%A6%E3%82%A1%E3%83%A4%2F%E3%82%B8%E3%83%A3%E3%83%A9%E3%83%B3+%E3%82%B9%E3%83%AA%E3%83%AF%E3%83%A4+99030+%E3%83%80%E3%82%A4%E3%83%8A%E3%82%A4%E3%83%88%E3%82%BD%E3%83%BC%E3%83%AB+U%E3%83%81%E3%83%83%E3%83%97%E3%82%B7%E3%83%A5%E3%83%BC%E3%82%BA+%E3%83%96%E3%83%A9%E3%83%83%E3%82%AF HTTP/1.1" 200 52592 "-" "Mozilla/5.0 (Linux; Android 6.0.1; Nexus 5X Build/MMB29P) AppleWebKit/537.36 (KHTML, like Gecko) Chrome/135.0.7049.95 Mobile Safari/537.36 (compatible; Googlebot/2.1; +http://www.google.com/bot.html)"
66.249.74.103 - - [29/Apr/2025:21:44:42 -0400] "GET /?k=2381545005303&channel=b528ea&from=form.php%3Fid%3D450053-10620%26name%3D%E6%8C%AF%E5%8B%95%E8%A8%88+%E3%83%87%E3%82%B8%E3%82%BF%E3%83%AB%E6%8C%AF%E5%8B%95%E8%A8%88+%E3%83%8F%E3%83%B3%E3%83%89%E3%83%98%E3%83%AB%E3%83%89+VM-6360+%E3%83%87%E3%82%B8%E3%82%BF%E3%83%AB%E6%8C%AF%E5%8B%95%E8%A8%88%E3%83%86%E3%82%B9%E3%82%BF%E3%83%BC+%E6%8C%AF%E5%8B%95%E8%A8%88%2C%E5%BF%AB%E9%81%A9%E3%81%AA%E3%82%B0%E3%83%AA%E3%83%83%E3%83%97 HTTP/1.1" 200 52551 "-" "Mozilla/5.0 (Linux; Android 6.0.1; Nexus 5X Build/MMB29P) AppleWebKit/537.36 (KHTML, like Gecko) Chrome/135.0.7049.95 Mobile Safari/537.36 (compatible; Googlebot/2.1; +http://www.google.com/bot.html)"
66.249.74.103 - - [29/Apr/2025:21:44:51 -0400] "GET /?k=51581156931702&channel=b77a8f&from=article.php%3Fid%3D1569317-17463%26name%3D%E6%9C%9F%E9%96%93%E9%99%90%E5%AE%9A%E5%89%B2%E5%BC%95AM1+%E5%85%A8%E8%BA%AB%E3%81%AE%E3%81%93%E3%82%8A%E3%81%AB%E2%98%85%E5%BC%B7%E5%8A%9B%E5%B0%8F%E5%9E%8B%E2%98%85+%E5%A5%BD%E8%A9%95+%E8%85%B0%E7%97%9B+%E6%9C%88%E6%9B%9C%E6%97%A5+%E7%81%AB%E6%9B%9C%E6%97%A5+5c4 HTTP/1.1" 200 50592 "-" "Mozilla/5.0 (Linux; Android 6.0.1; Nexus 5X Build/MMB29P) AppleWebKit/537.36 (KHTML, like Gecko) Chrome/135.0.7049.95 Mobile Safari/537.36 (compatible; Googlebot/2.1; +http://www.google.com/bot.html)"
66.249.74.104 - - [29/Apr/2025:21:44:57 -0400] "GET /?k=01622157922400&channel=7369b1&from=blog.php%3Fid%3D1579224-18371%26name%3D%E3%82%B9%E3%83%9D%E3%83%BC%E3%83%86%E3%82%A3%E5%85%A8%E9%96%8B%E2%99%AA+%E3%82%AB%E3%83%BC%E3%83%9C%E3%83%B3+%E3%83%AB%E3%83%83%E3%82%AF+%E3%83%89%E3%82%A2%E3%83%8F%E3%83%B3%E3%83%89%E3%83%AB+%E3%82%AB%E3%83%90%E3%83%BC+%E3%82%B7%E3%83%93%E3%83%83%E3%82%AF+FL1+FL4+FL5+LX+EX+e%3AHEV+%E3%82%BF%E3%82%A4%E3%83%97R HTTP/1.1" 200 56112 "-" "Mozilla/5.0 (Linux; Android 6.0.1; Nexus 5X Build/MMB29P) AppleWebKit/537.36 (KHTML, like Gecko) Chrome/135.0.7049.95 Mobile Safari/537.36 (compatible; Googlebot/2.1; +http://www.google.com/bot.html)"
66.249.74.103 - - [29/Apr/2025:21:45:05 -0400] "GET /?k=0139494402101&channel=39abd2&from=info.php%3Fid%3D944021-13854%26name%3DFELLOW+SURF%E3%82%BB%E3%83%9F%E3%83%89%E3%83%A9%E3%82%A4+5%C3%973mm+%E3%82%A6%E3%82%A7%E3%83%83%E3%83%88%E3%82%B9%E3%83%BC%E3%83%84+%E8%A3%8F%E8%B5%B7%E6%AF%9B+F-119 HTTP/1.1" 200 51531 "-" "Mozilla/5.0 (Linux; Android 6.0.1; Nexus 5X Build/MMB29P) AppleWebKit/537.36 (KHTML, like Gecko) Chrome/135.0.7049.95 Mobile Safari/537.36 (compatible; Googlebot/2.1; +http://www.google.com/bot.html)"
66.249.74.105 - - [29/Apr/2025:21:45:08 -0400] "GET /?k=71514182166702&channel=07f9fb&from=shared.php%3Fid%3D1821667-4802%26name%3D%E3%80%90%E6%96%B0%E5%93%81%C2%B7%E6%9C%AA%E4%BD%BF%E7%94%A8%E3%80%91NCT++NATION+%E3%83%A6%E3%83%8B%E3%83%95%E3%82%A9%E3%83%BC%E3%83%A0+%E3%83%A6%E3%82%A6%E3%82%BF HTTP/1.1" 200 50448 "-" "Mozilla/5.0 (Linux; Android 6.0.1; Nexus 5X Build/MMB29P) AppleWebKit/537.36 (KHTML, like Gecko) Chrome/135.0.7049.95 Mobile Safari/537.36 (compatible; Googlebot/2.1; +http://www.google.com/bot.html)"
66.249.74.103 - - [29/Apr/2025:21:45:16 -0400] "GET /?k=50585182835601&channel=c112d8&from=article.php%3Fid%3D1828356-9619%26name%3DCARAN+D%27ACHE+Ecridor+Face-of-Tasaki HTTP/1.1" 200 52016 "-" "Mozilla/5.0 (Linux; Android 6.0.1; Nexus 5X Build/MMB29P) AppleWebKit/537.36 (KHTML, like Gecko) Chrome/135.0.7049.95 Mobile Safari/537.36 (compatible; Googlebot/2.1; +http://www.google.com/bot.html)"
66.249.74.103 - - [29/Apr/2025:21:45:25 -0400] "GET /?k=03775145537901&channel=d8884b&from=jp.php%3Fid%3D1455379-11870%26name%3D%E9%98%B2%E5%AF%92%E7%9D%80%E3%80%80%E3%82%BB%E3%83%83%E3%83%88%E3%82%A2%E3%83%83%E3%83%97%E3%80%80L%E3%82%B5%E3%82%A4%E3%82%BA%E3%80%80%E3%83%96%E3%83%A9%E3%83%83%E3%82%AF%E3%80%80%E9%98%B2%E6%B0%B4%E3%80%80%E9%98%B2%E9%A2%A8%E3%80%80%E3%83%95%E3%82%A3%E3%83%83%E3%82%B7%E3%83%B3%E3%82%B0%E3%80%80%E9%98%B2%E5%AF%92%E7%9D%80%E3%80%80%E4%B8%8A%E4%B8%8B HTTP/1.1" 200 51067 "-" "Mozilla/5.0 (Linux; Android 6.0.1; Nexus 5X Build/MMB29P) AppleWebKit/537.36 (KHTML, like Gecko) Chrome/135.0.7049.95 Mobile Safari/537.36 (compatible; Googlebot/2.1; +http://www.google.com/bot.html)"
66.249.74.103 - - [29/Apr/2025:21:45:31 -0400] "GET /?k=67901163897008&channel=07f81a&from=pin.php%3Fid%3D1638970-8881%26name%3D%E3%82%B7%E3%83%A3%E3%83%AF%E3%83%BC%E3%83%98%E3%83%83%E3%83%89%E3%82%BB%E3%83%83%E3%83%88%E3%80%81%E3%82%B7%E3%83%A3%E3%83%AF%E3%83%BC%E4%BB%98%E3%81%8D%E3%83%90%E3%82%B9%E3%83%9F%E3%82%AD%E3%82%B5%E3%83%BC%E3%82%BF%E3%83%83%E3%83%97%E3%80%81%E3%82%AF%E3%83%AD%E3%83%A0%E3%82%A6%E3%82%A9%E3%83%BC%E3%82%BF%E3%83%BC%E3%83%95%E3%82%A9%E3%83%BC%E3%83%AB%E3%83%90%E3%82%B9%E3%82%B7%E3%83%A3%E3%83%AF%E3%83%BC%E3%83%9F%E3%82%AD%E3%82%B5%E3%83%BC%E3%82%BF%E3%83%83%E3%83%97%E3%80%81%E3%83%90%E3%82%B9%E3%82%BF%E3%83%96%E3%83%9F%E3%82%AD%E3%82%B5%E3%83%BC%E3%82%BF%E3%83%83%E3%83%97%E3%80%81%E3%82%B7 HTTP/1.1" 200 51454 "-" "Mozilla/5.0 (Linux; Android 6.0.1; Nexus 5X Build/MMB29P) AppleWebKit/537.36 (KHTML, like Gecko) Chrome/135.0.7049.95 Mobile Safari/537.36 (compatible; Googlebot/2.1; +http://www.google.com/bot.html)"
66.249.74.103 - - [29/Apr/2025:21:45:37 -0400] "GET /?k=98224110396800&channel=d50ee7&from=brands.php%3Fid%3D1103968-20766%26name%3DX%E3%80%80%E6%9D%B1%E8%8A%9D%E3%83%A9%E3%82%A4%E3%83%86%E3%83%83%E3%82%AF%E3%80%80LEEM-40323N-01%E3%80%80LED%E3%83%99%E3%83%BC%E3%82%B9%E3%83%A9%E3%82%A4%E3%83%88%E3%80%80LED%E3%83%90%E3%83%BC%E3%81%AE%E3%81%BF%E3%80%80+40%E3%82%BF%E3%82%A4%E3%83%97%E3%80%8030128T04 HTTP/1.1" 200 56025 "-" "Mozilla/5.0 (Linux; Android 6.0.1; Nexus 5X Build/MMB29P) AppleWebKit/537.36 (KHTML, like Gecko) Chrome/135.0.7049.95 Mobile Safari/537.36 (compatible; Googlebot/2.1; +http://www.google.com/bot.html)"
66.249.74.103 - - [29/Apr/2025:21:45:45 -0400] "GET /?k=1901081762400&channel=c04073&from=shop.php%3Fid%3D817624-17838%26name%3D%E6%AF%9B%E9%AB%AA%E6%A4%9C%E6%9F%BB%E3%82%AD%E3%83%83%E3%83%88MINE HTTP/1.1" 200 52512 "-" "Mozilla/5.0 (Linux; Android 6.0.1; Nexus 5X Build/MMB29P) AppleWebKit/537.36 (KHTML, like Gecko) Chrome/135.0.7049.95 Mobile Safari/537.36 (compatible; Googlebot/2.1; +http://www.google.com/bot.html)"
66.249.74.103 - - [29/Apr/2025:21:45:53 -0400] "GET /?k=22347991404&channel=445ae3&from=product.php%3Fid%3D9914-1420%26name%3D%E3%80%90%E4%B8%AD%E5%8F%A4%E3%80%91%E3%80%90%E6%A5%B5%E7%BE%8E%E5%93%81%E3%80%91%E3%83%AA%E3%82%B3%E3%83%BC+GR+IIIx+Urban+Edition+CA01-R686-2P5+%E3%83%AA%E3%82%B3%E3%83%BC+RICOH+APS-C+%E9%A1%94%E8%AA%8D%E8%AD%98+AF%E8%87%AA%E5%8B%95%E8%BF%BD%E5%B0%BE+%E3%83%A1%E3%82%BF%E3%83%AA%E3%83%83%E3%82%AF%E3%82%B0%E3%83%AC%E3%83%BC HTTP/1.1" 200 52389 "-" "Mozilla/5.0 (Linux; Android 6.0.1; Nexus 5X Build/MMB29P) AppleWebKit/537.36 (KHTML, like Gecko) Chrome/135.0.7049.95 Mobile Safari/537.36 (compatible; Googlebot/2.1; +http://www.google.com/bot.html)"
66.249.74.105 - - [29/Apr/2025:21:46:01 -0400] "GET /?k=11775173677900&channel=00ff6c&from=shared.php%3Fid%3D1736779-16397%26name%3D%E3%80%90%E6%96%B0%E5%93%81%E3%80%91%E3%82%BF%E3%82%A4%E3%82%AC%E3%83%BC%E3%82%AF%E3%83%A9%E3%82%A6%E3%83%B3+%E3%82%AF%E3%82%B0%E3%83%AD%E3%83%95%E5%9E%8B+%E5%B0%8F+959 HTTP/1.1" 200 53297 "-" "Mozilla/5.0 (Linux; Android 6.0.1; Nexus 5X Build/MMB29P) AppleWebKit/537.36 (KHTML, like Gecko) Chrome/135.0.7049.95 Mobile Safari/537.36 (compatible; Googlebot/2.1; +http://www.google.com/bot.html)"
66.249.74.103 - - [29/Apr/2025:21:46:05 -0400] "GET /?k=00539164220105&channel=de0000&from=category-info.php%3Fid%3D1642201-14353%26name%3DKCTOT+%E3%82%B9%E3%82%BF%E3%83%B3%E3%83%87%E3%82%A3%E3%83%B3%E3%82%B0%E3%83%87%E3%82%B9%E3%82%AF%E3%80%81%E9%AB%98%E3%81%95%E8%AA%BF%E7%AF%80%E5%8F%AF%E8%83%BD%E3%81%AA%E3%82%B9%E3%82%BF%E3%83%B3%E3%83%89%E3%82%A2%E3%83%83%E3%83%97%E3%83%87%E3%82%B9%E3%82%AF%E3%80%813%E3%81%A4%E3%81%AE%E3%83%A1%E3%83%A2%E3%83%AA%E9%AB%98%E3%81%95%E8%A8%AD%E5%AE%9A%E3%80%81%E5%BC%B7%E5%8C%96%E3%82%AC%E3%83%A9%E3%82%B9%E8%A1%A8%E9%9D%A2%E3%82%B3%E3%83%B3%E3%83%94%E3%83%A5%E3%83%BC%E3%82%BF%E3%83%87%E3%82%B9%E3%82%AF%E3%80%81%E3%83%9B%E3%83%BC%E3%83%A0 HTTP/1.1" 200 52635 "-" "Mozilla/5.0 (Linux; Android 6.0.1; Nexus 5X Build/MMB29P) AppleWebKit/537.36 (KHTML, like Gecko) Chrome/135.0.7049.95 Mobile Safari/537.36 (compatible; Googlebot/2.1; +http://www.google.com/bot.html)"
66.249.74.103 - - [29/Apr/2025:21:46:12 -0400] "GET /?k=30904186693704&channel=f921db&from=article.php%3Fid%3D1866937-9343%26name%3D%E9%98%B2%E9%9F%B3%E6%96%AD%E7%86%B1%E9%81%AE%E5%85%89%E3%82%AB%E3%83%BC%E3%83%86%E3%83%B3%E3%80%81%E7%AA%93%E6%96%AD%E7%86%B1%E3%83%89%E3%83%AC%E3%83%BC%E3%83%97%E3%82%AD%E3%83%83%E3%83%88%E4%BB%98%E3%81%8D%E5%A4%A7%E5%9E%8B%E3%83%91%E3%83%8D%E3%83%AB%E5%AF%9D%E5%AE%A4%E7%94%A8%E9%98%B2%E5%AF%92%E3%82%B7%E3%83%AB%E3%83%90%E3%83%BC100x120cm HTTP/1.1" 200 51792 "-" "Mozilla/5.0 (Linux; Android 6.0.1; Nexus 5X Build/MMB29P) AppleWebKit/537.36 (KHTML, like Gecko) Chrome/135.0.7049.95 Mobile Safari/537.36 (compatible; Googlebot/2.1; +http://www.google.com/bot.html)"
66.249.74.103 - - [29/Apr/2025:21:46:18 -0400] "GET /?k=0092144861903&channel=2861a9&from=shared.php%3Fid%3D448619-10172%26name%3D%E6%9C%A8%E6%9D%90%E6%B0%B4%E5%88%86%E8%A8%88%E3%80%81+%E3%82%AB%E3%83%83%E3%83%97%E5%9E%8B%E6%B0%B4%E5%88%86%E8%A8%88%E3%81%AF%E5%B5%A9%E5%AF%86%E5%BA%A6%E3%82%92%E6%B8%AC%E5%AE%9A%E3%81%A7%E3%81%8D%E3%80%81%E6%B8%AC%E5%AE%9A%E7%AF%84%E5%9B%B2%E3%81%AF5%EF%BD%9E35%EF%BC%85%E3%80%81%E7%B2%BE%E5%BA%A6%E3%81%AF0.5%EF%BC%85%E3%81%A7%E3%81%99%E3%80%82+%E3%80%81%E6%9C%A8%E6%9D%90%2F%E5%BB%BA%E6%9D%90%E3%81%AE%E6%B0%B4%E5%88%86%E3%82%92%E6%B8%AC%E5%AE%9A HTTP/1.1" 200 52993 "-" "Mozilla/5.0 (Linux; Android 6.0.1; Nexus 5X Build/MMB29P) AppleWebKit/537.36 (KHTML, like Gecko) Chrome/135.0.7049.95 Mobile Safari/537.36 (compatible; Googlebot/2.1; +http://www.google.com/bot.html)"
66.249.74.103 - - [29/Apr/2025:21:46:28 -0400] "GET /?k=12414116400402&channel=dae6d0&from=product.php%3Fid%3D1164004-2217%26name%3Doshkosh+%E3%82%B9%E3%83%88%E3%83%A9%E3%82%A4%E3%83%97%E3%80%80%E3%82%B3%E3%83%BC%E3%83%87%E3%83%A5%E3%83%AD%E3%82%A4 HTTP/1.1" 200 51178 "-" "Mozilla/5.0 (Linux; Android 6.0.1; Nexus 5X Build/MMB29P) AppleWebKit/537.36 (KHTML, like Gecko) Chrome/135.0.7049.95 Mobile Safari/537.36 (compatible; Googlebot/2.1; +http://www.google.com/bot.html)"
66.249.74.103 - - [29/Apr/2025:21:46:34 -0400] "GET /?k=1731149169106&channel=37d073&from=article.php%3Fid%3D491691-4615%26name%3D%E3%82%BC%E3%83%AD%E9%87%8D%E5%8A%9B%E3%83%91%E3%83%86%E3%82%A3%E3%82%AA%E3%83%A9%E3%82%A6%E3%83%B3%E3%82%B8%E3%83%81%E3%82%A7%E3%82%A2%E6%8A%98%E3%82%8A%E3%81%9F%E3%81%9F%E3%81%BF%E3%82%AD%E3%83%A3%E3%83%B3%E3%83%97%E3%83%AA%E3%82%AF%E3%83%A9%E3%82%A4%E3%83%8B%E3%83%B3%E3%82%B0%E3%83%91%E3%83%86%E3%82%A3%E3%82%AA%E6%A4%85%E5%AD%90%E4%BB%98%E3%81%8D%E6%9E%95%E4%BB%98%E3%81%8D%E5%B1%8B%E5%86%85%E3%81%8A%E3%82%88%E3%81%B3%E5%B1%8B%E5%A4%96%E3%83%97%E3%83%BC%E3%83%AB%E3%82%B5%E3%82%A4%E3%83%89%E8%A3%8F%E5%BA%AD%E3%81%AE%E8%8A%9D%E7%94%9F%E9%8B%BC%E3%83%95%E3%83%AC%E3%83%BC%E3%83%A0%E3%81%AE HTTP/1.1" 200 51444 "-" "Mozilla/5.0 (Linux; Android 6.0.1; Nexus 5X Build/MMB29P) AppleWebKit/537.36 (KHTML, like Gecko) Chrome/135.0.7049.95 Mobile Safari/537.36 (compatible; Googlebot/2.1; +http://www.google.com/bot.html)"
66.249.74.103 - - [29/Apr/2025:21:46:40 -0400] "GET /?k=88337134347006&channel=592845&from=jp.php%3Fid%3D1343470-4632%26name%3D%E3%82%AD%E3%83%A3%E3%83%B3%E3%83%97%E7%94%A8%E3%82%B9%E3%83%88%E3%83%BC%E3%83%96+%E3%82%BD%E3%83%BC%E3%83%A9%E3%83%BC%E3%83%90%E3%83%BC%E3%83%99%E3%82%AD%E3%83%A5%E3%83%BC%E3%82%B9%E3%83%88%E3%83%BC%E3%83%96%E3%82%BD%E3%83%BC%E3%83%A9%E3%83%BC%E3%82%B9%E3%83%88%E3%83%BC%E3%83%96%E3%80%81%E7%84%A1%E7%85%99%E3%83%9D%E3%83%BC%E3%82%BF%E3%83%96%E3%83%AB%E3%82%B9%E3%83%86%E3%83%B3%E3%83%AC%E3%82%B9%E9%8B%BC%E3%82%BD%E3%83%BC%E3%83%A9%E3%83%BC%E7%9C%9F%E7%A9%BA%E3%82%AA%E3%83%BC%E3%83%96%E3%83%B3%E3%80%81%E5%B1%8B%E5%86%85%E3%82%B0%E3%83%AA%E3%83%AB%E5%AE%B6%E5%BA%AD%E7%94%A8%E5%B1%8B HTTP/1.1" 200 51621 "-" "Mozilla/5.0 (Linux; Android 6.0.1; Nexus 5X Build/MMB29P) AppleWebKit/537.36 (KHTML, like Gecko) Chrome/135.0.7049.95 Mobile Safari/537.36 (compatible; Googlebot/2.1; +http://www.google.com/bot.html)"
66.249.74.104 - - [29/Apr/2025:21:46:47 -0400] "GET /?k=00663145465801&channel=42e869&from=article.php%3Fid%3D1454658-9516%26name%3D%E3%82%BF%E3%82%AA%E3%83%AB%E7%94%9F%E5%9C%B0%E3%81%AE%E5%B7%BE%E7%9D%80%E8%A2%8B HTTP/1.1" 200 52290 "-" "Mozilla/5.0 (Linux; Android 6.0.1; Nexus 5X Build/MMB29P) AppleWebKit/537.36 (KHTML, like Gecko) Chrome/135.0.7049.95 Mobile Safari/537.36 (compatible; Googlebot/2.1; +http://www.google.com/bot.html)"
66.249.74.104 - - [29/Apr/2025:21:46:50 -0400] "GET /?k=27297162743502&channel=bebe9c&from=news.php%3Fid%3D1627435-17260%26name%3D%E6%9C%9F%E9%96%93%E9%99%90%E5%AE%9A+%E3%82%B0%E3%83%A9%E3%83%8E%E3%83%BC%E3%83%A9+%E6%8A%B9%E8%8C%B6+%E3%81%82%E3%81%9A%E3%81%8D%E5%91%B3+%E3%82%B7%E3%83%AA%E3%82%A2%E3%83%AB+550g+%C3%97+2%E8%A2%8B+%E3%82%BB%E3%83%83%E3%83%88 HTTP/1.1" 200 52049 "-" "Mozilla/5.0 (Linux; Android 6.0.1; Nexus 5X Build/MMB29P) AppleWebKit/537.36 (KHTML, like Gecko) Chrome/135.0.7049.95 Mobile Safari/537.36 (compatible; Googlebot/2.1; +http://www.google.com/bot.html)"
66.249.74.105 - - [29/Apr/2025:21:47:00 -0400] "GET /?k=467326165400&channel=9c3fd8&from=brands.php%3Fid%3D61654-2167%26name%3D%E3%82%AB%E3%83%90%E3%83%B3 HTTP/1.1" 200 50940 "-" "Mozilla/5.0 (Linux; Android 6.0.1; Nexus 5X Build/MMB29P) AppleWebKit/537.36 (KHTML, like Gecko) Chrome/135.0.7049.95 Mobile Safari/537.36 (compatible; Googlebot/2.1; +http://www.google.com/bot.html)"
66.249.74.104 - - [29/Apr/2025:21:47:06 -0400] "GET /?k=88099125181701&channel=58479e&from=form.php%3Fid%3D1251817-20002%26name%3D%E3%81%BE%E3%81%A8%E3%82%81%E5%89%B2%E3%81%82%E3%82%8A%21%E3%80%80%E3%82%B4%E3%83%BC%E3%83%AB%E3%83%89%E3%83%AA%E3%83%9C%E3%83%B3%E5%88%BA%E7%B9%8D%E3%80%80%E4%BA%BA%E6%B0%97%E3%81%AE%E3%83%8C%E3%83%93%E7%94%9F%E5%9C%B0%E3%80%80%E9%9F%93%E5%9B%BD%E3%83%8C%E3%83%93%E3%80%80%E4%B8%8A%E5%93%81%E3%80%80%E3%81%8A%E3%81%97%E3%82%83%E3%82%8C HTTP/1.1" 200 52177 "-" "Mozilla/5.0 (Linux; Android 6.0.1; Nexus 5X Build/MMB29P) AppleWebKit/537.36 (KHTML, like Gecko) Chrome/135.0.7049.95 Mobile Safari/537.36 (compatible; Googlebot/2.1; +http://www.google.com/bot.html)"
66.249.74.103 - - [29/Apr/2025:21:47:13 -0400] "GET /?k=13310164093400&channel=25a401&from=form.php%3Fid%3D1640934-22765%26name%3D%E3%83%A1%E3%83%AB%E3%82%AF%E3%82%B9%E3%83%88%E3%83%BC%E3%83%AA%E3%82%A2+%E3%82%82%E3%81%A3%E3%81%A1%E3%82%8A%E3%83%88%E3%83%88%E3%81%AC%E3%81%84+TRTRJUEE HTTP/1.1" 200 51039 "-" "Mozilla/5.0 (Linux; Android 6.0.1; Nexus 5X Build/MMB29P) AppleWebKit/537.36 (KHTML, like Gecko) Chrome/135.0.7049.95 Mobile Safari/537.36 (compatible; Googlebot/2.1; +http://www.google.com/bot.html)"
52.167.144.219 - - [29/Apr/2025:21:47:14 -0400] "GET /?k=171415268901&channel=5f5374&from=info.php%3Fid%3D52689-4921%26name%3D%E5%A3%81%E3%81%AE%E7%B4%99%E3%82%84%E3%81%99%E3%82%8A%E3%81%A7%E7%A3%A8%E3%81%8F%E6%A9%9F%E6%A2%B0%E7%84%A1%E5%A1%B5%E3%81%AE%E8%87%AA%E5%B7%B1%E5%90%B8%E5%8F%8E%E5%A3%81%E3%81%AE%E3%82%B5%E3%83%B3%E3%83%89%E3%83%9A%E3%83%BC%E3%83%91%E3%83%BC%E3%81%AE%E3%83%91%E3%83%86%E3%81%AE%E7%B2%89%E3%81%AE%E5%A3%81%E3%81%AE%E6%A9%9F%E6%A2%B0%E6%AD%BB%E8%A7%92%E3%81%AE%E3%81%AA%E3%81%84%E7%A0%94%E7%A3%A8%E6%A9%9F%28100Pcs+Sandpaper%29 HTTP/1.1" 200 41582 "-" "Mozilla/5.0 AppleWebKit/537.36 (KHTML, like Gecko; compatible; bingbot/2.0; +http://www.bing.com/bingbot.htm) Chrome/116.0.1938.76 Safari/537.36"
66.249.74.103 - - [29/Apr/2025:21:47:15 -0400] "GET /?k=84821186252400&channel=fe8184&from=info.php%3Fid%3D1862524-1369%26name%3D%E3%80%90%E3%82%AF%E3%83%AA%E3%82%B9%E3%83%9E%E3%82%B9%E3%83%87%E3%82%B6%E3%82%A4%E3%83%B3%E9%99%90%E5%AE%9A%E5%93%81%E3%80%80%E5%AE%8C%E5%A3%B2%E5%93%81%E3%80%91%E2%98%86%E3%83%95%E3%82%A1%E3%83%9F%E3%83%AA%E3%82%A2%E3%80%80%E3%83%87%E3%83%8B%E3%83%A0%E3%83%90%E3%83%83%E3%82%B0%E2%98%86%E5%8F%AF%E6%84%9B%E3%81%84%E3%80%80%E5%A5%B3%E3%81%AE%E5%AD%90 HTTP/1.1" 200 0 "-" "Mozilla/5.0 (Linux; Android 6.0.1; Nexus 5X Build/MMB29P) AppleWebKit/537.36 (KHTML, like Gecko) Chrome/135.0.7049.95 Mobile Safari/537.36 (compatible; GoogleOther)"
52.167.144.180 - - [29/Apr/2025:21:47:40 -0400] "GET /?k=7130144953805&channel=b7a630&from=pin.php%3Fid%3D449538-10816%26name%3D%E3%83%8F%E3%83%B3%E3%83%89%E3%83%98%E3%83%AB%E3%83%89%E5%86%85%E8%A6%96%E9%8F%A1%E6%A4%9C%E6%9F%BB%E3%82%AB%E3%83%A1%E3%83%A9%E3%80%81%E3%83%A9%E3%82%A4%E3%83%88%E4%BB%98%E3%81%8D4.3%E3%82%A4%E3%83%B3%E3%83%81IPS%E6%A4%9C%E6%9F%BB%E3%82%AB%E3%83%A1%E3%83%A9%E3%80%811080P+HD%E8%87%AA%E5%8B%95%E8%BB%8A%E3%83%91%E3%82%A4%E3%83%97%E3%83%A9%E3%82%A4%E3%83%B3%E3%82%AB%E3%83%A1%E3%83%A9%E3%80%81%E5%A3%81%2F%E8%87%AA%E5%8B%95%E8%BB%8A%2F%E3%82%A8%E3%83%B3%E3%82%B8%E3%83%B3 HTTP/1.1" 200 42512 "-" "Mozilla/5.0 AppleWebKit/537.36 (KHTML, like Gecko; compatible; bingbot/2.0; +http://www.bing.com/bingbot.htm) Chrome/116.0.1938.76 Safari/537.36"
66.249.74.103 - - [29/Apr/2025:21:47:43 -0400] "GET /?k=62283142976300&channel=1a8548&from=blog.php%3Fid%3D1429763-24119%26name%3D%E3%83%A4%E3%83%9E%E3%82%B6%E3%82%AD%E6%98%A5%E3%81%AE%E3%83%91%E3%83%B3%E3%81%BE%E3%81%A4%E3%82%8A2025%E5%BF%9C%E5%8B%9F%E5%88%B890%E7%82%B9 HTTP/1.1" 200 0 "-" "Mozilla/5.0 (Linux; Android 6.0.1; Nexus 5X Build/MMB29P) AppleWebKit/537.36 (KHTML, like Gecko) Chrome/135.0.7049.95 Mobile Safari/537.36 (compatible; GoogleOther)"
66.249.74.103 - - [29/Apr/2025:21:47:55 -0400] "GET /?k=89985105072003&channel=f3a290&from=article.php%3Fid%3D1050720-7644%26name%3DPVC%E3%82%BD%E3%82%B1%E3%83%83%E3%83%88%E3%82%BB%E3%83%BC%E3%83%90%E3%83%BC%E3%80%811%2F2%E3%82%A4%E3%83%B3%E3%83%81%E3%80%811%E3%82%A4%E3%83%B3%E3%83%81%E3%80%811-1%2F2%E3%82%A4%E3%83%B3%E3%83%81%E3%80%812%E3%82%A4%E3%83%B3%E3%83%81%E3%80%813%E3%82%A4%E3%83%B3%E3%83%81%E3%83%98%E3%83%83%E3%83%89%E3%82%AA%E3%83%97%E3%82%B7%E3%83%A7%E3%83%B3PVC%E3%83%91%E3%82%A4%E3%83%97%E3%83%AC%E3%83%BC%E3%83%9E%E3%83%BC%E3%82%AB%E3%83%83%E3%82%BF%E3%83%BC%E3%80%81%E3%83%8F HTTP/1.1" 200 0 "-" "Mozilla/5.0 (Linux; Android 6.0.1; Nexus 5X Build/MMB29P) AppleWebKit/537.36 (KHTML, like Gecko) Chrome/135.0.7049.95 Mobile Safari/537.36 (compatible; GoogleOther)"
66.249.74.103 - - [29/Apr/2025:21:48:09 -0400] "GET /?k=2122774864819&channel=1d22c1&from=blog.php%3Fid%3D748648-16797%26name%3D%E3%83%B4%E3%82%A9%E3%83%AB%E3%83%86%E3%83%83%E3%82%AF%E3%82%B9%E3%83%AB%E3%82%A2%E3%83%BC%E3%80%80%E2%98%85+%E3%81%94%E5%B8%8C%E6%9C%9B%E3%82%AB%E3%83%A9%E3%83%BC%E3%80%804%E8%89%B2%E3%82%BB%E3%83%83%E3%83%88+%E2%98%85 HTTP/1.1" 200 0 "-" "Mozilla/5.0 (Linux; Android 6.0.1; Nexus 5X Build/MMB29P) AppleWebKit/537.36 (KHTML, like Gecko) Chrome/135.0.7049.95 Mobile Safari/537.36 (compatible; GoogleOther)"
66.249.74.103 - - [29/Apr/2025:21:48:20 -0400] "GET /?k=08927158529304&channel=b654d4&from=product.php%3Fid%3D1585293-25000%26name%3D%E7%86%B1%E8%BB%A2%E5%86%99%E3%83%97%E3%83%AC%E3%82%B9%E6%A9%9F+50x70mm+%E6%89%8B%E5%8B%95%E3%82%B9%E3%82%BF%E3%83%B3%E3%83%94%E3%83%B3%E3%82%B0%E3%83%9E%E3%82%B7%E3%83%B3%E3%80%81%E3%83%AC%E3%82%B6%E3%83%BC%E3%83%97%E3%83%AA%E3%83%B3%E3%82%BF%E3%83%BC%E3%80%81%E6%8A%98%E3%82%8A%E7%9B%AE%E4%BB%98%E3%81%91%E6%A9%9F%E3%80%81%E3%83%9B%E3%83%83%E3%83%88%E7%AE%94%E3%82%B9%E3%82%BF%E3%83%B3%E3%83%94%E3%83%B3%E3%82%B0%E3%83%9E%E3%82%B7%E3%83%B3%E3%80%81%E3%83%9E%E3%83%BC%E3%82%AD%E3%83%B3%E3%82%B0%E3%83%97%E3%83%AC%E3%82%B9 HTTP/1.1" 200 0 "-" "Mozilla/5.0 (Linux; Android 6.0.1; Nexus 5X Build/MMB29P) AppleWebKit/537.36 (KHTML, like Gecko) Chrome/135.0.7049.95 Mobile Safari/537.36 (compatible; GoogleOther)"
66.249.74.103 - - [29/Apr/2025:21:48:25 -0400] "GET /?k=9007214903000&channel=b9bfee&from=article.php%3Fid%3D149030-9020%26name%3DSHIMANO+%E9%9B%BB%E5%8B%95%E3%83%AA%E3%83%BC%E3%83%AB HTTP/1.1" 200 0 "-" "Mozilla/5.0 (Linux; Android 6.0.1; Nexus 5X Build/MMB29P) AppleWebKit/537.36 (KHTML, like Gecko) Chrome/135.0.7049.95 Mobile Safari/537.36 (compatible; GoogleOther)"
66.249.74.103 - - [29/Apr/2025:21:48:30 -0400] "GET /?k=50881127051400&channel=597800&from=article.php%3Fid%3D1270514-22462%26name%3D%E4%B8%AD%E5%8F%A4%E3%82%AA%E3%83%AB%E3%82%B4%E3%83%BC%E3%83%AB+%E3%83%9D%E3%83%89%E3%83%BC%E3%83%AB%E3%82%A4+%E3%82%AA%E3%83%AB%E3%82%B4%E3%83%BC%E3%83%AB+%E3%80%8C%E3%83%AD%E3%83%9E%E3%83%B3%E3%82%B7%E3%83%B3%E3%82%B0+%E3%82%B5%E3%82%AC3%E3%80%8D HTTP/1.1" 200 0 "-" "Mozilla/5.0 (Linux; Android 6.0.1; Nexus 5X Build/MMB29P) AppleWebKit/537.36 (KHTML, like Gecko) Chrome/135.0.7049.95 Mobile Safari/537.36 (compatible; GoogleOther)"
66.249.74.103 - - [29/Apr/2025:21:48:35 -0400] "GET /?k=93530108002401&channel=c5b5dd&from=article.php%3Fid%3D1080024-12893%26name%3D%E3%82%B7%E3%83%9E%E3%83%8EBB-X950%E3%83%AC%E3%83%90%E3%83%BC%E3%83%96%E3%83%AC%E3%83%BC%E3%82%AD HTTP/1.1" 200 0 "-" "Mozilla/5.0 (Linux; Android 6.0.1; Nexus 5X Build/MMB29P) AppleWebKit/537.36 (KHTML, like Gecko) Chrome/135.0.7049.95 Mobile Safari/537.36 (compatible; GoogleOther)"
66.249.74.103 - - [29/Apr/2025:21:48:45 -0400] "GET /?k=5888911101710&channel=854bc9&from=category-info.php%3Fid%3D111017-5220%26name%3DRoland++AeroPhone++%E3%82%A8%E3%82%A2%E3%83%AD%E3%83%95%E3%82%A9%E3%83%B3%E3%80%8EAE-10%E3%80%8F HTTP/1.1" 200 0 "-" "Mozilla/5.0 (Linux; Android 6.0.1; Nexus 5X Build/MMB29P) AppleWebKit/537.36 (KHTML, like Gecko) Chrome/135.0.7049.95 Mobile Safari/537.36 (compatible; GoogleOther)"
66.249.74.103 - - [29/Apr/2025:21:48:51 -0400] "GET /?k=14879147563407&channel=ab49b7&from=article.php%3Fid%3D1475634-11583%26name%3DNUOBESTY+20+%E3%83%AD%E3%83%BC%E3%83%AB+%E3%83%9E%E3%82%B9%E3%82%AD%E3%83%B3%E3%82%B0%E3%83%86%E3%83%BC%E3%83%9720%E5%B7%BB%E3%82%92%E6%8B%BE%E3%81%86+DIY%E3%83%86%E3%83%BC%E3%83%97+%E3%83%95%E3%82%A9%E3%83%88%E3%82%A2%E3%83%AB%E3%83%90%E3%83%A0%E3%83%86%E3%83%BC%E3%83%97+%E3%83%96%E3%83%AD%E3%83%B3%E3%82%BA%E3%83%86%E3%83%BC%E3%83%97+%E6%97%A5%E8%A8%98%E8%A3%85%E9%A3%BE%E3%83%86%E3%83%BC%E3%83%97+%E7%B4%99 HTTP/1.1" 200 0 "-" "Mozilla/5.0 (Linux; Android 6.0.1; Nexus 5X Build/MMB29P) AppleWebKit/537.36 (KHTML, like Gecko) Chrome/135.0.7049.95 Mobile Safari/537.36 (compatible; GoogleOther)"
66.249.74.105 - - [29/Apr/2025:21:49:10 -0400] "GET /?k=67722195893303&channel=49217c&from=shared.php%3Fid%3D1958933-10730%26name%3D%E2%98%85%E2%98%85%E3%83%9B%E3%83%B3%E3%83%80CBR1000RR+2008-2023+O2%E3%82%AD%E3%83%A3%E3%83%B3%E3%82%BB%E3%83%A9%E3%83%BC%E2%98%85%E2%98%85 HTTP/1.1" 200 0 "-" "Mozilla/5.0 (Linux; Android 6.0.1; Nexus 5X Build/MMB29P) AppleWebKit/537.36 (KHTML, like Gecko) Chrome/135.0.7049.95 Mobile Safari/537.36 (compatible; GoogleOther)"
66.249.74.104 - - [29/Apr/2025:21:49:16 -0400] "GET /?k=1864552127201&channel=d53065&from=product.php%3Fid%3D521272-12307%26name%3DASXDCP+%E5%9B%9E%E8%BB%A2%E5%8F%AF%E8%83%BD%E3%81%AA%E3%82%BB%E3%83%A9%E3%83%9F%E3%83%83%E3%82%AF%E3%83%89%E3%83%A9%E3%82%A4%E3%83%95%E3%83%AB%E3%83%BC%E3%83%84%E3%83%88%E3%83%AC%E3%82%A4%E6%98%9F%E7%A9%BA%E3%81%AE%E7%A9%BA%E5%9B%9E%E8%BB%A2%E5%8F%AF%E8%83%BD%E3%81%AA6%E3%82%B0%E3%83%AA%E3%83%83%E3%83%89%E3%82%AB%E3%83%90%E3%83%BC%E3%82%B9%E3%83%8A%E3%83%83%E3%82%AF%E3%83%88%E3%83%AC%E3%82%A4%E3%83%88%E3%83%AC%E3%82%A4%E3%83%88%E3%83%AC%E3%82%A4%E3%82%BB%E3%83%A9%E3%83%9F%E3%83%83%E3%82%AF%E3%83%88%E3%83%AC%E3%82%A4 HTTP/1.1" 200 53090 "-" "Mozilla/5.0 (Linux; Android 6.0.1; Nexus 5X Build/MMB29P) AppleWebKit/537.36 (KHTML, like Gecko) Chrome/135.0.7049.95 Mobile Safari/537.36 (compatible; Googlebot/2.1; +http://www.google.com/bot.html)"
66.249.74.103 - - [29/Apr/2025:21:49:29 -0400] "GET /?k=01152117484501&channel=c1f4cf&from=blog.php%3Fid%3D1174845-21635%26name%3DF2-08DA-2%E3%80%81PLC%E6%8B%A1%E5%BC%B5%E3%83%A2%E3%82%B8%E3%83%A5%E3%83%BC%E3%83%AB%E3%80%81%E3%82%AA%E3%83%AA%E3%82%B8%E3%83%8A%E3%83%AB%E3%83%91%E3%83%83%E3%82%B1%E3%83%BC%E3%82%B8%E3%80%81%E6%9C%AA%E4%BD%BF%E7%94%A8%E3%80%81%E5%9C%A8%E5%BA%AB%E3%81%82%E3%82%8A%E3%80%81%E4%BB%8A%E3%81%99%E3%81%90%E7%99%BA%E9%80%81%21 HTTP/1.1" 200 0 "-" "Mozilla/5.0 (Linux; Android 6.0.1; Nexus 5X Build/MMB29P) AppleWebKit/537.36 (KHTML, like Gecko) Chrome/135.0.7049.95 Mobile Safari/537.36 (compatible; GoogleOther)"
52.167.144.180 - - [29/Apr/2025:21:49:30 -0400] "GET /?k=9492260363302&channel=9be06d&from=news.php%3Fid%3D603633-2832%26name%3D%E7%A3%81%E5%99%A8%E3%83%87%E3%82%A3%E3%83%8A%E3%83%BC%E3%82%BB%E3%83%83%E3%83%88+%E3%82%BB%E3%83%A9%E3%83%9F%E3%83%83%E3%82%AF%E9%A3%9F%E5%99%A8%E3%82%BB%E3%83%83%E3%83%88%E3%82%B3%E3%83%AC%E3%82%AF%E3%82%B7%E3%83%A7%E3%83%B3+-+%E3%83%97%E3%83%8E%E3%83%B3%E3%83%9A%E3%83%B3%E3%82%BB%E3%83%A9%E3%83%9F%E3%83%83%E3%82%AF%E3%83%9C%E3%82%A6%E3%83%AB%E3%81%A8%E3%83%97%E3%83%AC%E3%83%BC%E3%83%88%E3%82%BB%E3%83%83%E3%83%88%E3%80%8116%E7%82%B9%E7%9A%BF%E3%82%BB%E3%83%83%E3%83%88%E3%81%AB%E3%81%AF%E3%83%87%E3%82%A3%E3%83%8A%E3%83%BC%E3%83%97%E3%83%AC HTTP/1.1" 200 41091 "-" "Mozilla/5.0 AppleWebKit/537.36 (KHTML, like Gecko; compatible; bingbot/2.0; +http://www.bing.com/bingbot.htm) Chrome/116.0.1938.76 Safari/537.36"
52.167.144.180 - - [29/Apr/2025:21:49:31 -0400] "GET /?k=71977157481402&channel=1e70d9&from=form.php%3Fid%3D1574814-7495%26name%3DF%E5%9E%8B%E3%82%AF%E3%83%A9%E3%83%B3%E3%83%97%E3%82%AA%E3%83%B3%E3%83%86%E3%83%BC%E3%83%96%E3%83%AB%E8%84%9A%E3%80%81%E8%AA%BF%E7%AF%80%E5%8F%AF%E8%83%BD%E3%81%AA%E3%83%86%E3%83%BC%E3%83%96%E3%83%AB%E8%84%9A%E3%80%81%E6%9C%9D%E9%A3%9F%E3%83%90%E3%83%BC%E8%84%9A%E3%80%81%E3%83%AF%E3%83%BC%E3%82%AF%E3%83%88%E3%83%83%E3%83%97%E3%82%B5%E3%83%9D%E3%83%BC%E3%83%88%E8%84%9A%E3%80%81%E3%83%AF%E3%83%BC%E3%82%AF%E3%83%86%E3%83%BC%E3%83%96%E3%83%AB%E3%82%B3%E3%83%BC%E3%83%92%E3%83%BC%E3%83%86%E3%83%BC%E3%83%96%E3%83%AB%E3%83%90%E3%83%BC%E3%83%86%E3%83%BC%E3%83%96%E3%83%AB%E7%94%A8%E3%80%81+%EF%BC%88%E4%BB%8A%E3%81%BE%E3%81%A7%E3%81%AE%E3%83%9A%E3%83%BC%E3%82%B82014%E5%B9%B4%E3%80%812015%E5%B9%B4%EF%BC%89 HTTP/1.1" 200 41188 "-" "Mozilla/5.0 AppleWebKit/537.36 (KHTML, like Gecko; compatible; bingbot/2.0; +http://www.bing.com/bingbot.htm) Chrome/116.0.1938.76 Safari/537.36"
52.167.144.180 - - [29/Apr/2025:21:49:31 -0400] "GET /?k=0772861601905&channel=20344a&from=news.php%3Fid%3D616019-9451%26name%3D%E5%9B%9E%E8%BB%A2%E6%9C%AC%E6%A3%9A+360+%C2%B0%E5%9B%9E%E8%BB%A2%E6%9C%AC%E6%A3%9A%E7%9C%81%E3%82%B9%E3%83%9A%E3%83%BC%E3%82%B9%E3%82%B9%E3%82%BF%E3%83%B3%E3%83%87%E3%82%A3%E3%83%B3%E3%82%B0%E6%9C%AC%E6%A3%9A%E7%9C%81%E3%82%B9%E3%83%9A%E3%83%BC%E3%82%B9%E6%9C%AC%E6%A3%9A%E3%82%AA%E3%83%BC%E3%82%AC%E3%83%8A%E3%82%A4%E3%82%B6%E3%83%BC%E3%83%95%E3%83%AD%E3%82%A2%E3%82%B9%E3%82%BF%E3%83%B3%E3%83%87%E3%82%A3%E3%83%B3%E3%82%B0%E3%83%96%E3%83%83%E3%82%AF%E3%83%A9%E3%83%83%E3%82%AF+%E5%BA%83%E3%81%84%E7%A9%BA%E9%96%93 HTTP/1.1" 200 41419 "-" "Mozilla/5.0 AppleWebKit/537.36 (KHTML, like Gecko; compatible; bingbot/2.0; +http://www.bing.com/bingbot.htm) Chrome/116.0.1938.76 Safari/537.36"
66.249.74.103 - - [29/Apr/2025:21:49:34 -0400] "GET /?k=7293486294708&channel=e37b29&from=shop.php%3Fid%3D862947-8590%26name%3DAirwheel+%E9%9B%BB%E5%8B%95%E3%82%B9%E3%83%BC%E3%83%84%E3%82%B1%E3%83%BC%E3%82%B9+SE3MiniT+26L+%E6%A9%9F%E5%86%85%E6%8C%81%E8%BE%BC%E3%80%80%E4%B9%97%E3%82%8C%E3%82%8B HTTP/1.1" 200 0 "-" "Mozilla/5.0 (Linux; Android 6.0.1; Nexus 5X Build/MMB29P) AppleWebKit/537.36 (KHTML, like Gecko) Chrome/135.0.7049.95 Mobile Safari/537.36 (compatible; GoogleOther)"
66.249.74.103 - - [29/Apr/2025:21:49:39 -0400] "GET /?k=9779868186101&channel=97e562&from=product.php%3Fid%3D681861-15650%26name%3D%E3%80%90%E6%96%B0%E5%93%81%E3%80%91%E3%82%BB%E3%83%AB%E3%83%95%E3%82%B9%E3%82%BF%E3%83%B3%E3%83%89%E3%82%AF%E3%83%A9%E3%83%96%E3%82%B1%E3%83%BC%E3%82%B9+T-SB2+%E3%83%95%E3%83%BC%E3%83%89%E4%BB%98+%E9%A3%9B%E8%A1%9B%E9%96%80+%E6%98%9F%E6%9F%84 HTTP/1.1" 200 0 "-" "Mozilla/5.0 (Linux; Android 6.0.1; Nexus 5X Build/MMB29P) AppleWebKit/537.36 (KHTML, like Gecko) Chrome/135.0.7049.95 Mobile Safari/537.36 (compatible; GoogleOther)"
66.249.74.103 - - [29/Apr/2025:21:49:45 -0400] "GET /?k=0779914463303&channel=b6ab1f&from=article.php%3Fid%3D144633-8834%26name%3D%E3%82%A2%E3%83%8A%E3%83%99%E3%83%AB%E7%B4%AB%E9%99%BD%E8%8A%B1%E7%B8%A6%E9%95%B7%E3%82%AC%E3%83%BC%E3%83%A9%E3%83%B3%E3%83%89%E3%80%80%E7%B8%A6%E9%95%B7%E3%82%B9%E3%83%AF%E3%83%83%E3%82%B0 HTTP/1.1" 200 0 "-" "Mozilla/5.0 (Linux; Android 6.0.1; Nexus 5X Build/MMB29P) AppleWebKit/537.36 (KHTML, like Gecko) Chrome/135.0.7049.95 Mobile Safari/537.36 (compatible; GoogleOther)"
