66.249.74.103 - - [29/Apr/2025:21:35:43 -0400] "GET /?k=8996085154006&channel=29c30b&from=category-info.php%3Fid%3D851540-399%26name%3D%E3%83%B3%E3%83%90%E3%82%A4%E3%82%B6%E3%83%BC+%E8%BB%8A%E7%94%A8%E3%82%B5%E3%83%B3%E3%83%90%E3%82%A4%E3%82%B6%E3%83%BC+%E3%83%90%E3%83%8B%E3%83%86%E3%82%A3%E3%83%9F%E3%83%A9%E3%83%BC%E3%82%AB%E3%83%90%E3%83%BC%E3%83%97%E3%83%AC%E3%83%BC%E3%83%88%E4%BB%98%E3%81%8D+%E6%97%A5%E5%85%89%E3%82%92%E9%81%AE%E6%96%AD+%E3%82%B9%E3%83%90%E3%83%AB+%E3%83%95%E3%82%A9%E3%83%AC%E3%82%B9%E3%82%BF%E3%83%BC+2009+2010+2011+20 HTTP/1.1" 200 52366 "-" "Mozilla/5.0 (Linux; Android 6.0.1; Nexus 5X Build/MMB29P) AppleWebKit/537.36 (KHTML, like Gecko) Chrome/135.0.7049.95 Mobile Safari/537.36 (compatible; Googlebot/2.1; +http://www.google.com/bot.html)"
66.249.74.104 - - [29/Apr/2025:21:35:47 -0400] "GET /?k=25915151207603&channel=74820b&from=blog.php%3Fid%3D1512076-1799%26name%3D%E9%A3%9F%E5%99%A8%E5%8F%8E%E7%B4%8D%E3%83%A9%E3%83%83%E3%82%AF%E3%80%81%E9%A3%9F%E5%99%A8%E3%82%AA%E3%83%BC%E3%82%AC%E3%83%8A%E3%82%A4%E3%82%B6%E3%83%BC%E3%83%A9%E3%83%83%E3%82%AF+-+%E6%B0%B4%E5%88%87%E3%82%8A%E3%83%9D%E3%83%83%E3%83%88%E8%93%8B%E3%83%A9%E3%83%83%E3%82%AF%E3%82%B9%E3%82%BF%E3%83%B3%E3%83%89%E3%83%A1%E3%82%BF%E3%83%AB%E3%82%AA%E3%83%BC%E3%82%AC%E3%83%8A%E3%82%A4%E3%82%B6%E3%83%BC%E3%82%B9%E3%82%BF%E3%83%B3%E3%83%89+-+%E9%98%B2%E9%8C%86%E7%9C%81%E3%82%B9%E3%83%9A%E3%83%BC%E3%82%B9%E3%83%9C%E3%82%A6%E3%83%AB%E3%82%AA%E3%83%BC HTTP/1.1" 200 53374 "-" "Mozilla/5.0 (Linux; Android 6.0.1; Nexus 5X Build/MMB29P) AppleWebKit/537.36 (KHTML, like Gecko) Chrome/135.0.7049.95 Mobile Safari/537.36 (compatible; Googlebot/2.1; +http://www.google.com/bot.html)"
66.249.74.103 - - [29/Apr/2025:21:35:48 -0400] "GET /?k=00111178054001&channel=a91346&from=form.php%3Fid%3D1780540-8563%26name%3D%E2%9F%AD%E2%9F%AC+BTS+%E3%83%88%E3%83%BC%E3%83%88%E3%83%90%E3%83%83%E3%82%B0+%E2%9F%AC%E2%9F%AD%E3%80%80%E3%83%A6%E3%83%B3%E3%82%AE HTTP/1.1" 200 52180 "-" "Mozilla/5.0 (Linux; Android 6.0.1; Nexus 5X Build/MMB29P) AppleWebKit/537.36 (KHTML, like Gecko) Chrome/135.0.7049.95 Mobile Safari/537.36 (compatible; Googlebot/2.1; +http://www.google.com/bot.html)"
66.249.74.103 - - [29/Apr/2025:21:35:50 -0400] "GET /?k=80793110771600&channel=dc3aa3&from=product.php%3Fid%3D1107716-4011%26name%3D%E3%83%95%E3%83%AD%E3%83%B3%E3%83%88%E3%82%B5%E3%82%A4%E3%83%89%E3%82%A8%E3%82%A2%E3%83%80%E3%82%AF%E3%83%88%E3%82%AB%E3%83%90%E3%83%BC%E3%83%95%E3%82%A7%E3%82%A2%E3%83%AA%E3%83%B3%E3%82%B0%E3%82%AB%E3%82%A6%E3%83%AB%E3%82%AB%E3%83%BC%E3%83%9C%E3%83%B3%E3%83%95%E3%82%A1%E3%82%A4%E3%83%90%E3%83%BC%E3%82%AB%E3%83%A9%E3%83%BCCBR650F+2014+2015+2016+2017+20 HTTP/1.1" 200 52519 "-" "Mozilla/5.0 (Linux; Android 6.0.1; Nexus 5X Build/MMB29P) AppleWebKit/537.36 (KHTML, like Gecko) Chrome/135.0.7049.95 Mobile Safari/537.36 (compatible; Googlebot/2.1; +http://www.google.com/bot.html)"
66.249.74.103 - - [29/Apr/2025:21:35:55 -0400] "GET /?k=11111155938905&channel=aff27a&from=shared.php%3Fid%3D1559389-24873%26name%3Dapple+watch+38mm+40mm+%E3%83%90%E3%83%B3%E3%83%89+%E3%82%AF%E3%83%AA%E3%82%A2+%E3%82%A4%E3%82%A8%E3%83%AD%E3%83%BC+%E4%B8%80%E4%BD%93%E5%9E%8B HTTP/1.1" 200 53788 "-" "Mozilla/5.0 (Linux; Android 6.0.1; Nexus 5X Build/MMB29P) AppleWebKit/537.36 (KHTML, like Gecko) Chrome/135.0.7049.95 Mobile Safari/537.36 (compatible; Googlebot/2.1; +http://www.google.com/bot.html)"
66.249.74.105 - - [29/Apr/2025:21:35:58 -0400] "GET /?k=8803336154702&channel=f43f24&from=news.php%3Fid%3D361547-9654%26name%3Dinno+%E3%83%AB%E3%83%BC%E3%83%95%E3%82%AD%E3%83%A3%E3%83%AA%E3%82%A2 HTTP/1.1" 200 52335 "-" "Mozilla/5.0 (Linux; Android 6.0.1; Nexus 5X Build/MMB29P) AppleWebKit/537.36 (KHTML, like Gecko) Chrome/135.0.7049.95 Mobile Safari/537.36 (compatible; Googlebot/2.1; +http://www.google.com/bot.html)"
66.249.74.105 - - [29/Apr/2025:21:36:02 -0400] "GET /?k=724704821101&channel=c2743f&from=brands.php%3Fid%3D48211-4686%26name%3D%E3%82%A2%E3%82%BA%E3%83%AF%E3%83%B3%E3%82%AB%E3%82%BF%E3%83%AD%E3%82%B0%E8%A3%BD%E5%93%81+%E3%83%8F%E3%83%B3%E3%83%89%E3%83%97%E3%83%AC%E3%82%B9%E3%80%80%CF%8629.8mm%C3%97%E3%82%B9%E3%83%88%E3%83%AD%E3%83%BC%E3%82%AF40mm+%E5%85%A5%E6%95%B0%3A1%E5%80%8B+OS-6 HTTP/1.1" 200 50918 "-" "Mozilla/5.0 (Linux; Android 6.0.1; Nexus 5X Build/MMB29P) AppleWebKit/537.36 (KHTML, like Gecko) Chrome/135.0.7049.95 Mobile Safari/537.36 (compatible; Googlebot/2.1; +http://www.google.com/bot.html)"
66.249.74.105 - - [29/Apr/2025:21:36:06 -0400] "GET /?k=40717198656500&channel=71b0f6&from=form.php%3Fid%3D1986565-1119%26name%3D%E3%82%AD%E3%83%83%E3%83%81%E3%83%B3%E3%83%9E%E3%83%83%E3%83%88+%E3%83%9E%E3%83%BC%E3%82%B5%E3%82%B9%E3%83%81%E3%83%A5%E3%83%AF%E3%83%BC%E3%83%88+50%C3%9799cm+%E7%BE%8E%E5%93%81+%E3%82%B0%E3%83%AC%E3%83%BC%E7%B3%BB+%E7%81%B0%E8%89%B2+%E5%8F%B0%E6%89%80%E7%94%A8%E3%83%9E%E3%83%83%E3%83%88+%E6%9C%AD%E5%B9%8C+%E8%A5%BF%E9%87%8E%E5%BA%97 HTTP/1.1" 200 52629 "-" "Mozilla/5.0 (Linux; Android 6.0.1; Nexus 5X Build/MMB29P) AppleWebKit/537.36 (KHTML, like Gecko) Chrome/135.0.7049.95 Mobile Safari/537.36 (compatible; Googlebot/2.1; +http://www.google.com/bot.html)"
66.249.74.104 - - [29/Apr/2025:21:36:10 -0400] "GET /?k=854129248108&channel=79b07c&from=category-info.php%3Fid%3D92481-2404%26name%3D%E3%83%97%E3%83%AC%E3%82%A4%E3%83%A2%E3%83%BC%E3%83%93%E3%83%AB+9219+%E3%82%B4%E3%83%BC%E3%82%B9%E3%83%88%E3%83%90%E3%82%B9%E3%82%BF%E3%83%BC%E3%82%BA+%E3%83%95%E3%82%A1%E3%82%A4%E3%83%A4%E3%83%BC%E3%83%8F%E3%82%A6%E3%82%B9+ecto1A+%E4%BB%96 HTTP/1.1" 200 51645 "-" "Mozilla/5.0 (Linux; Android 6.0.1; Nexus 5X Build/MMB29P) AppleWebKit/537.36 (KHTML, like Gecko) Chrome/135.0.7049.95 Mobile Safari/537.36 (compatible; Googlebot/2.1; +http://www.google.com/bot.html)"
52.167.144.217 - - [29/Apr/2025:21:36:13 -0400] "GET /?k=2221116992303&channel=bc9a19&from=pin.php%3Fid%3D169923-6657%26name%3D%E3%82%AD%E3%83%BC%E4%BF%9D%E7%AE%A1%E9%87%91%E5%BA%AB+%E9%9B%BB%E5%AD%90%E9%87%91%E5%BA%AB%E3%80%81%E7%A7%98%E5%AF%86%E3%81%AE%E9%9A%A0%E3%81%97%E8%B2%AF%E9%87%91%E7%AE%B1%E3%83%87%E3%82%B8%E3%82%BF%E3%83%AB%E3%82%A2%E3%82%AF%E3%82%BB%E3%82%B9%E3%81%A8%E3%82%B9%E3%83%88%E3%82%A2%E3%83%9E%E3%83%8D%E3%83%BC%E3%82%B8%E3%83%A5%E3%82%A8%E3%83%AA%E3%83%BC%E3%83%89%E3%82%AD%E3%83%A5%E3%83%A1%E3%83%B3%E3%83%88%E7%94%A8%E3%81%AE%E3%82%AA%E3%83%BC%E3%83%90%E3%83%BC%E3%83%A9%E3%82%A4%E3%83%89%E3%82%AD%E3%83%BC+%E3%82%AD%E3%83%BC%E3%81%AE%E8%BF%94%E5%8D%B4%E3%81%A8%E4%BF%9D%E7%AE%A1 HTTP/1.1" 200 40969 "-" "Mozilla/5.0 AppleWebKit/537.36 (KHTML, like Gecko; compatible; bingbot/2.0; +http://www.bing.com/bingbot.htm) Chrome/116.0.1938.76 Safari/537.36"
66.249.74.103 - - [29/Apr/2025:21:36:14 -0400] "GET /?k=97823173693609&channel=e28970&from=shop.php%3Fid%3D1736936-5505%26name%3DDyson%2F%E3%83%80%E3%82%A4%E3%82%BD%E3%83%B3%E3%80%80Dyson+Hot+%2B+Cool%E3%80%80AM05%E3%80%80%E3%83%95%E3%82%A1%E3%83%B3%E3%83%92%E3%83%BC%E3%82%BF%E3%83%BC HTTP/1.1" 200 51947 "-" "Mozilla/5.0 (Linux; Android 6.0.1; Nexus 5X Build/MMB29P) AppleWebKit/537.36 (KHTML, like Gecko) Chrome/135.0.7049.95 Mobile Safari/537.36 (compatible; Googlebot/2.1; +http://www.google.com/bot.html)"
66.249.74.103 - - [29/Apr/2025:21:36:48 -0400] "GET /?k=0602641779206&channel=99cb1b&from=jp.php%3Fid%3D417792-12941%26name%3D%E3%82%B9%E3%82%AF%E3%83%AF%E3%83%83%E3%83%88%E3%82%B7%E3%83%A5%E3%83%BC%E3%82%BA%E3%80%81%E7%94%B7%E6%80%A7%E3%81%A8%E5%A5%B3%E6%80%A7%E3%81%AE%E3%81%9F%E3%82%81%E3%81%AE%E3%82%A6%E3%82%A7%E3%82%A4%E3%83%88%E3%83%AA%E3%83%95%E3%83%86%E3%82%A3%E3%83%B3%E3%82%B0%E3%82%B7%E3%83%A5%E3%83%BC%E3%82%BA%E3%80%81%E3%82%A6%E3%82%A7%E3%82%A4%E3%83%88%E3%83%AA%E3%83%95%E3%83%86%E3%82%A3%E3%83%B3%E3%82%B0%E3%82%B7%E3%83%A5%E3%83%BC%E3%82%BA%E3%80%81%E8%BB%BD%E9%87%8F%E3%81%A7%E6%8C%81%E3%81%A1%E9%81%8B%E3%81%B3%E3%81%8C%E7%B0%A1%E5%8D%98%E3%80%81%E3%83%95%E3%82%A3%E3%83%83%E3%83%88%E3%83%8D%E3%82%B9 HTTP/1.1" 200 51470 "-" "Mozilla/5.0 (Linux; Android 6.0.1; Nexus 5X Build/MMB29P) AppleWebKit/537.36 (KHTML, like Gecko) Chrome/135.0.7049.95 Mobile Safari/537.36 (compatible; Googlebot/2.1; +http://www.google.com/bot.html)"
66.249.74.103 - - [29/Apr/2025:21:36:55 -0400] "GET /?k=39002183810601&channel=cc4300&from=article.php%3Fid%3D1838106-17887%26name%3D%E2%80%BC%EF%B8%8F%E5%B8%8C%E5%B0%91%E2%80%BC%EF%B8%8F%E2%AD%90%EF%B8%8F%E6%9C%AA%E4%BD%BF%E7%94%A8%E5%93%81%E2%AD%90%EF%B8%8F+%E9%89%A2%E3%80%80%E5%A4%9A%E8%82%89%E6%A4%8D%E7%89%A9%E3%80%80%E3%82%A2%E3%82%AC%E3%83%99%E3%80%80%E5%A1%8A%E6%A0%B9%E6%A4%8D%E7%89%A9%E7%94%A8 HTTP/1.1" 200 52918 "-" "Mozilla/5.0 (Linux; Android 6.0.1; Nexus 5X Build/MMB29P) AppleWebKit/537.36 (KHTML, like Gecko) Chrome/135.0.7049.95 Mobile Safari/537.36 (compatible; Googlebot/2.1; +http://www.google.com/bot.html)"
66.249.74.103 - - [29/Apr/2025:21:36:58 -0400] "GET /?k=04821176524900&channel=7909f9&from=shared.php%3Fid%3D1765249-9460%26name%3D%E3%82%AC%E3%83%B3%E3%83%90%E3%83%AC%E3%82%B8%E3%82%A7%E3%83%B3%E3%82%BAcx01-007+%E4%BB%AE%E9%9D%A2%E3%83%A9%E3%82%A4%E3%83%80%E3%83%BC%E3%83%93%E3%82%BF%E3%83%BC%E3%82%AC%E3%83%B4+%E3%82%B9%E3%83%91%E3%83%BC%E3%82%AD%E3%83%B3%E3%82%B0%E3%83%9F%E3%83%95%E3%82%A9%E3%83%BC%E3%83%A0 HTTP/1.1" 200 51590 "-" "Mozilla/5.0 (Linux; Android 6.0.1; Nexus 5X Build/MMB29P) AppleWebKit/537.36 (KHTML, like Gecko) Chrome/135.0.7049.95 Mobile Safari/537.36 (compatible; Googlebot/2.1; +http://www.google.com/bot.html)"
66.249.74.105 - - [29/Apr/2025:21:37:03 -0400] "GET /?k=70145140644703&channel=e75cde&from=news.php%3Fid%3D1406447-2173%26name%3D%E3%83%98%E3%83%83%E3%83%89%E3%83%95%E3%82%A9%E3%83%B3%E3%83%98%E3%83%83%E3%83%89%E3%83%93%E3%83%BC%E3%83%A0%E3%83%91%E3%83%83%E3%83%89V%E3%82%AA%E3%83%BC%E3%83%90%E3%83%BC%E3%83%98%E3%83%83%E3%83%89%E3%82%A4%E3%83%A4%E3%83%9B%E3%83%B3%E3%83%98%E3%83%83%E3%83%89%E3%83%95%E3%82%A9%E3%83%B3%E3%83%98%E3%83%83%E3%83%89%E3%83%90%E3%83%B3%E3%83%89%E3%83%9E%E3%83%83%E3%83%88%E3%82%B9%E3%83%9D%E3%83%B3%E3%82%B8%E3%82%AF%E3%83%83%E3%82%B7%E3%83%A7%E3%83%B3 HTTP/1.1" 200 51618 "-" "Mozilla/5.0 (Linux; Android 6.0.1; Nexus 5X Build/MMB29P) AppleWebKit/537.36 (KHTML, like Gecko) Chrome/135.0.7049.95 Mobile Safari/537.36 (compatible; Googlebot/2.1; +http://www.google.com/bot.html)"
66.249.74.105 - - [29/Apr/2025:21:37:04 -0400] "GET /?k=7673615337103&channel=ef15e6&from=goods.php%3Fid%3D153371-6721%26name%3D%E5%9C%A7%E5%8A%9BIH%E7%82%8A%E9%A3%AF%E5%99%A8TIGER%E3%82%BF%E3%82%A4%E3%82%AC%E3%83%BC5.5%E5%90%88JPV-A100%E3%83%9E%E3%83%83%E3%83%88+%E3%83%9B%E3%83%AF%E3%82%A4%E3%83%88MW%E8%89%B2 HTTP/1.1" 200 49850 "-" "Mozilla/5.0 (Linux; Android 6.0.1; Nexus 5X Build/MMB29P) AppleWebKit/537.36 (KHTML, like Gecko) Chrome/135.0.7049.95 Mobile Safari/537.36 (compatible; Googlebot/2.1; +http://www.google.com/bot.html)"
66.249.74.103 - - [29/Apr/2025:21:37:06 -0400] "GET /?k=5882156793004&channel=42673b&from=pin.php%3Fid%3D567930-624%26name%3D2%E5%80%8B+LED+%E3%83%86%E3%83%BC%E3%83%AB%E3%83%A9%E3%82%A4%E3%83%88+%E3%83%88%E3%83%A8%E3%82%BF+FJ+%E3%82%AF%E3%83%AB%E3%83%BC%E3%82%B6%E3%83%BC+2007-2015+%E8%BB%8A%E7%94%A8+%E3%83%AA%E3%82%A2%E3%83%96%E3%83%AC%E3%83%BC%E3%82%AD+%E3%83%AA%E3%83%90%E3%83%BC%E3%82%B9+%E3%82%BF%E3%83%BC%E3%83%B3%E3%82%B7%E3%82%B0%E3%83%8A%E3%83%AB+%E3%83%A9%E3%83%B3%E3%83%97+%E3%83%86%E3%83%BC HTTP/1.1" 200 52275 "-" "Mozilla/5.0 (Linux; Android 6.0.1; Nexus 5X Build/MMB29P) AppleWebKit/537.36 (KHTML, like Gecko) Chrome/135.0.7049.95 Mobile Safari/537.36 (compatible; Googlebot/2.1; +http://www.google.com/bot.html)"
66.249.74.104 - - [29/Apr/2025:21:37:08 -0400] "GET /?k=8440783822605&channel=83256f&from=jp.php%3Fid%3D838226-18100%26name%3DQialexicon+16%E5%80%8B+%E3%83%93%E3%83%AA%E3%83%A4%E3%83%BC%E3%83%89%E7%94%A8%E3%83%97%E3%83%BC%E3%83%AB%E3%83%86%E3%83%BC%E3%83%96%E3%83%AB%E3%83%9C%E3%83%BC%E3%83%AB+%E4%BA%A4%E6%8F%9B%E7%94%A8%E3%82%BB%E3%83%83%E3%83%88+2.25%E3%82%A4%E3%83%B3%E3%83%81+%E3%82%AF%E3%83%A9%E3%83%96%E3%82%B2%E3%83%BC%E3%83%A0%E3%83%AB%E3%83%BC%E3%83%A0%E5%90%91%E3%81%91 HTTP/1.1" 200 52810 "-" "Mozilla/5.0 (Linux; Android 6.0.1; Nexus 5X Build/MMB29P) AppleWebKit/537.36 (KHTML, like Gecko) Chrome/135.0.7049.95 Mobile Safari/537.36 (compatible; Googlebot/2.1; +http://www.google.com/bot.html)"
66.249.74.103 - - [29/Apr/2025:21:37:09 -0400] "GET /?k=07500170024200&channel=26e258&from=article.php%3Fid%3D1700242-7235%26name%3D%E7%AE%B8%E7%BD%AE%E3%81%8D%E3%80%80%E3%81%AD%E3%81%93%E3%80%80%E6%9C%AA%E4%BD%BF%E7%94%A8%E5%93%81 HTTP/1.1" 200 52055 "-" "Mozilla/5.0 (Linux; Android 6.0.1; Nexus 5X Build/MMB29P) AppleWebKit/537.36 (KHTML, like Gecko) Chrome/135.0.7049.95 Mobile Safari/537.36 (compatible; Googlebot/2.1; +http://www.google.com/bot.html)"
66.249.74.103 - - [29/Apr/2025:21:37:12 -0400] "GET /?k=46352107832802&channel=7fa0b6&from=news.php%3Fid%3D1078328-10337%26name%3DFELLOW+%E3%82%BB%E3%83%9F%E3%83%89%E3%83%A9%E3%82%A4+%E3%82%A6%E3%82%A7%E3%83%83%E3%83%88%E3%82%B9%E3%83%BC%E3%83%84+%E3%83%AC%E3%83%87%E3%82%A3%E3%83%BC%E3%82%B9+5mm+3mm+%E3%83%AD%E3%83%B3%E3%82%B0%E3%83%81%E3%82%A7%E3%82%B9%E3%83%88%E3%82%B8%E3%83%83%E3%83%97+%E3%82%B9%E3%82%AD%E3%83%B3+%E3%82%B5%E3%83%BC%E3%83%95%E3%82%A3%E3%83%B3+%E3%82%A6%E3%82%A8%E3%83%83%E3%83%88%E3%82%B9%E3%83%BC%E3%83%84+%E3%83%89%E3%83%A9 HTTP/1.1" 200 52069 "-" "Mozilla/5.0 (Linux; Android 6.0.1; Nexus 5X Build/MMB29P) AppleWebKit/537.36 (KHTML, like Gecko) Chrome/135.0.7049.95 Mobile Safari/537.36 (compatible; Googlebot/2.1; +http://www.google.com/bot.html)"
66.249.74.103 - - [29/Apr/2025:21:37:13 -0400] "GET /?k=3702274739600&channel=897f39&from=goods.php%3Fid%3D747396-16642%26name%3D%E7%80%AC%E6%88%B8%E5%86%85%E3%83%AC%E3%83%A2%E3%83%B3%E8%BE%B2%E5%9C%92+%E3%83%AC%E3%83%A2%E3%82%B9%E3%82%B3+%E3%82%B7%E3%83%BC%E3%82%B6%E3%83%BC%E3%83%89%E3%83%AC%E3%83%83%E3%82%B7%E3%83%B3%E3%82%B0+180ml+3%E6%9C%AC+%E7%80%AC%E6%88%B8%E5%86%85%E3%83%AC%E3%83%A2%E3%83%B3+%E3%83%94%E3%83%AA%E8%BE%9B+%E3%82%B7%E3%83%BC%E3%82%B6%E3%83%BC+%E3%83%89%E3%83%AC%E3%83%83%E3%82%B7%E3%83%B3%E3%82%B0 HTTP/1.1" 200 52817 "-" "Mozilla/5.0 (Linux; Android 6.0.1; Nexus 5X Build/MMB29P) AppleWebKit/537.36 (KHTML, like Gecko) Chrome/135.0.7049.95 Mobile Safari/537.36 (compatible; Googlebot/2.1; +http://www.google.com/bot.html)"
66.249.74.103 - - [29/Apr/2025:21:37:18 -0400] "GET /?k=4300035610702&channel=34f3f4&from=goods.php%3Fid%3D356107-1981%26name%3DScoLar%E3%80%80%E3%82%B9%E3%82%AB%E3%83%A9%E3%83%BC%E3%80%80%E3%83%A1%E3%83%83%E3%82%B7%E3%83%A5%E5%88%87%E3%82%8A%E6%9B%BF%E3%81%88%E3%80%80%E3%83%AD%E3%83%B3%E3%82%B0%E3%80%80%E3%82%B9%E3%82%AB%E3%83%BC%E3%83%88 HTTP/1.1" 200 50898 "-" "Mozilla/5.0 (Linux; Android 6.0.1; Nexus 5X Build/MMB29P) AppleWebKit/537.36 (KHTML, like Gecko) Chrome/135.0.7049.95 Mobile Safari/537.36 (compatible; Googlebot/2.1; +http://www.google.com/bot.html)"
66.249.74.104 - - [29/Apr/2025:21:37:21 -0400] "GET /?k=6173135846702&channel=0c3547&from=category-info.php%3Fid%3D358467-5343%26name%3D%E5%AE%B6%E5%85%B7%E8%BB%A2%E5%80%92%E9%98%B2%E6%AD%A2%E5%99%A8%E5%85%B7 HTTP/1.1" 200 51561 "-" "Mozilla/5.0 (Linux; Android 6.0.1; Nexus 5X Build/MMB29P) AppleWebKit/537.36 (KHTML, like Gecko) Chrome/135.0.7049.95 Mobile Safari/537.36 (compatible; Googlebot/2.1; +http://www.google.com/bot.html)"
66.249.74.103 - - [29/Apr/2025:21:37:22 -0400] "GET /?k=08799162164701&channel=aa95ac&from=shop.php%3Fid%3D1621647-25151%26name%3Dc+IRIS+OHYAMA+%E3%83%A9%E3%83%9F%E3%83%8D%E3%83%BC%E3%83%88%E3%83%95%E3%82%A3%E3%83%AB%E3%83%A0+A4+50%E6%9E%9A HTTP/1.1" 200 0 "-" "Mozilla/5.0 (Linux; Android 6.0.1; Nexus 5X Build/MMB29P) AppleWebKit/537.36 (KHTML, like Gecko) Chrome/135.0.7049.95 Mobile Safari/537.36 (compatible; GoogleOther)"
66.249.74.103 - - [29/Apr/2025:21:37:23 -0400] "GET /?k=8179817277700&channel=2c5eb2&from=category-info.php%3Fid%3D172777-9673%26name%3D%EF%BC%B3%EF%BD%89%EF%BD%8D%EF%BD%88%EF%BD%8F%EF%BD%81+%E3%83%9E%E3%82%B9%E3%82%AF+%E5%8B%95%E3%81%8F%E3%81%82%E3%81%94+%E9%A0%AD%E9%A3%BE%E3%82%8A+%E5%8F%A3%E3%81%8C%E5%8B%95%E3%81%8F%E5%8B%95%E7%89%A9%E3%83%9E%E3%82%B9%E3%82%AF+%E3%83%91%E3%83%BC%E3%83%86%E3%82%A3%E3%83%BC+%E3%82%A4%E3%83%BC%E3%82%B9%E3%82%BF%E3%83%BC+%E3%82%AB%E3%83%BC%E3%83%8B%E3%83%90%E3%83%AB%E7%94%A8 HTTP/1.1" 200 52903 "-" "Mozilla/5.0 (Linux; Android 6.0.1; Nexus 5X Build/MMB29P) AppleWebKit/537.36 (KHTML, like Gecko) Chrome/135.0.7049.95 Mobile Safari/537.36 (compatible; Googlebot/2.1; +http://www.google.com/bot.html)"
66.249.74.103 - - [29/Apr/2025:21:37:25 -0400] "GET /?k=2890826298100&channel=ed1861&from=jp.php%3Fid%3D262981-11057%26name%3DPS5+%E3%83%87%E3%82%A3%E3%82%B9%E3%82%AF%E3%83%89%E3%83%A9%E3%82%A4%E3%83%96+CFI-ZDD1J HTTP/1.1" 200 50821 "-" "Mozilla/5.0 (Linux; Android 6.0.1; Nexus 5X Build/MMB29P) AppleWebKit/537.36 (KHTML, like Gecko) Chrome/135.0.7049.95 Mobile Safari/537.36 (compatible; Googlebot/2.1; +http://www.google.com/bot.html)"
66.249.74.103 - - [29/Apr/2025:21:37:28 -0400] "GET /?k=01085144796908&channel=428e83&from=article.php%3Fid%3D1447969-10474%26name%3D%E3%82%A2%E3%83%B3%E3%82%B0%E3%83%AB%E3%82%B0%E3%83%A9%E3%82%A4%E3%83%B3%E3%83%80%E3%83%BC%E3%82%B9%E3%82%BF%E3%83%B3%E3%83%89+-+%E3%82%A6%E3%82%A9%E3%83%BC%E3%83%AB%E3%83%9E%E3%82%A6%E3%83%B3%E3%83%88%E3%83%96%E3%83%A9%E3%82%B1%E3%83%83%E3%83%88%E3%80%81%E3%83%98%E3%83%93%E3%83%BC%E3%83%87%E3%83%A5%E3%83%BC%E3%83%86%E3%82%A3%E3%83%84%E3%83%BC%E3%83%AB%E3%82%B9%E3%83%88%E3%83%AC%E3%83%BC%E3%82%B8%7C%E8%AA%BF%E6%95%B4%E5%8F%AF%E8%83%BD%E3%81%AA%E8%A7%92%E5%BA%A6%E3%82%B0%E3%83%A9%E3%82%A4%E3%83%B3%E3%83%80%E3%83%BC%E3%83%9B%E3%83%AB%E3%83%80%E3%83%BC%E3%80%81 HTTP/1.1" 200 51132 "-" "Mozilla/5.0 (Linux; Android 6.0.1; Nexus 5X Build/MMB29P) AppleWebKit/537.36 (KHTML, like Gecko) Chrome/135.0.7049.95 Mobile Safari/537.36 (compatible; Googlebot/2.1; +http://www.google.com/bot.html)"
66.249.74.104 - - [29/Apr/2025:21:37:29 -0400] "GET /?k=8321291319402&channel=c4472f&from=article.php%3Fid%3D913194-1232%26name%3D%E3%83%91%E3%83%81%E3%82%B9%E3%83%AD%E5%BF%85%E5%8B%9D%E6%9C%AC+%E4%BB%98%E9%8C%B2DVD HTTP/1.1" 200 51542 "-" "Mozilla/5.0 (Linux; Android 6.0.1; Nexus 5X Build/MMB29P) AppleWebKit/537.36 (KHTML, like Gecko) Chrome/135.0.7049.95 Mobile Safari/537.36 (compatible; Googlebot/2.1; +http://www.google.com/bot.html)"
66.249.74.103 - - [29/Apr/2025:21:37:30 -0400] "GET /?k=2012935050304&channel=32a334&from=info.php%3Fid%3D350503-6965%26name%3D%E7%84%A1%E5%8D%B0%E8%89%AF%E5%93%81%E3%80%80%E3%82%B7%E3%82%B9%E3%83%86%E3%83%A0%E3%83%87%E3%82%B9%E3%82%AF%E3%80%80120%E3%82%BB%E3%83%B3%E3%83%81%E3%80%80%E7%BE%8E%E5%93%81 HTTP/1.1" 200 50624 "-" "Mozilla/5.0 (Linux; Android 6.0.1; Nexus 5X Build/MMB29P) AppleWebKit/537.36 (KHTML, like Gecko) Chrome/135.0.7049.95 Mobile Safari/537.36 (compatible; Googlebot/2.1; +http://www.google.com/bot.html)"
52.167.144.219 - - [29/Apr/2025:21:37:33 -0400] "GET /?k=8877656083805&channel=fd79f4&from=blog.php%3Fid%3D560838-837%26name%3D%E3%83%AF%E3%83%BC%E3%83%89%E3%83%AD%E3%83%BC%E3%83%96+%E3%83%9D%E3%83%BC%E3%82%BF%E3%83%96%E3%83%AB%E3%82%AD%E3%83%A3%E3%83%B3%E3%83%90%E3%82%B9%E3%83%AF%E3%83%BC%E3%83%89%E3%83%AD%E3%83%BC%E3%83%96%E3%80%81%E5%90%8A%E3%82%8A%E4%B8%8B%E3%81%92%E3%83%AC%E3%83%BC%E3%83%AB%E4%BB%98%E3%81%8D%E5%B8%83%E8%A3%BD%E8%A1%A3%E9%A1%9E%E3%82%AF%E3%83%AD%E3%83%BC%E3%82%BC%E3%83%83%E3%83%88%E3%82%B9%E3%83%88%E3%83%AC%E3%83%BC%E3%82%B8%E3%82%AA%E3%83%BC%E3%82%AC%E3%83%8A%E3%82%A4%E3%82%B6%E3%83%BC%E3%80%81%E5%AF%9D%E5%AE%A4%E7%94%A8%E6%8A%98%E3%82%8A%E3%81%9F%E3%81%9F%E3%81%BF%E5%BC%8F%E3%82%AF HTTP/1.1" 200 41924 "-" "Mozilla/5.0 AppleWebKit/537.36 (KHTML, like Gecko; compatible; bingbot/2.0; +http://www.bing.com/bingbot.htm) Chrome/116.0.1938.76 Safari/537.36"
66.249.74.105 - - [29/Apr/2025:21:37:36 -0400] "GET /?k=2188858788304&channel=5423c2&from=info.php%3Fid%3D587883-3261%26name%3DLED+%E3%82%BF%E3%83%BC%E3%83%B3%E3%82%B7%E3%82%B0%E3%83%8A%E3%83%AB+%E7%94%A8+C+%E3%82%AF%E3%83%A9%E3%82%B9+W204+S204+%E3%83%93%E3%82%A2%E3%83%8E+%E3%83%B4%E3%82%A3%E3%83%88+W639+ML+W164+2007-2014+LED+%E3%83%80 HTTP/1.1" 200 53407 "-" "Mozilla/5.0 (Linux; Android 6.0.1; Nexus 5X Build/MMB29P) AppleWebKit/537.36 (KHTML, like Gecko) Chrome/135.0.7049.95 Mobile Safari/537.36 (compatible; Googlebot/2.1; +http://www.google.com/bot.html)"
66.249.74.104 - - [29/Apr/2025:21:37:43 -0400] "GET /?k=4219284965901&channel=e7cf89&from=news.php%3Fid%3D849659-10496%26name%3D%E3%82%AA%E3%83%A0%E3%83%8B%E3%83%86%E3%83%83%E3%82%AF4%E3%82%B3%E3%82%A22.5D%E3%82%B9%E3%82%AF%E3%83%AA%E3%83%BC%E3%83%B3%E3%82%AB%E3%83%BC%E3%83%9E%E3%83%AB%E3%83%81%E3%83%A1%E3%83%87%E3%82%A3%E3%82%A2%E3%83%97%E3%83%AC%E3%83%BC%E3%83%A4%E3%83%BC%E3%82%B9%E3%83%86%E3%83%AC%E3%82%AA+%E3%82%B7%E3%83%BC%E3%83%88Ibiza+MK4+6J+SportCoupe+Ec HTTP/1.1" 200 51685 "-" "Mozilla/5.0 (Linux; Android 6.0.1; Nexus 5X Build/MMB29P) AppleWebKit/537.36 (KHTML, like Gecko) Chrome/135.0.7049.95 Mobile Safari/537.36 (compatible; Googlebot/2.1; +http://www.google.com/bot.html)"
66.249.74.105 - - [29/Apr/2025:21:37:49 -0400] "GET /?k=0635371965803&channel=81b834&from=category-info.php%3Fid%3D719658-7334%26name%3D%E3%82%B9%E3%83%97%E3%83%AA%E3%83%B3%E3%82%B0%E3%82%B9%E3%83%9A%E3%83%BC%E3%82%B5%E3%83%BC%E3%82%AD%E3%83%83%E3%83%88+2+%E5%80%8B+%E8%BB%8A%E3%82%A2%E3%83%AB%E3%83%9F%E9%8D%9B%E9%80%A0%E3%83%88%E3%83%A9%E3%83%83%E3%82%AF%E3%83%AF%E3%82%A4%E3%83%89%E3%83%8A%E3%83%BC%E3%83%9B%E3%82%A4%E3%83%BC%E3%83%AB%E3%82%B9%E3%83%9A%E3%83%BC%E3%82%B5%E3%83%BC%E3%82%A2%E3%83%80%E3%83%97%E3%82%BF%E3%83%BC+5x100+57.1+%E3%83%9F%E3%83%AA%E3%83%A1%E3%83%BC%E3%83%88%E3%83%AB HTTP/1.1" 200 51926 "-" "Mozilla/5.0 (Linux; Android 6.0.1; Nexus 5X Build/MMB29P) AppleWebKit/537.36 (KHTML, like Gecko) Chrome/135.0.7049.95 Mobile Safari/537.36 (compatible; Googlebot/2.1; +http://www.google.com/bot.html)"
66.249.74.104 - - [29/Apr/2025:21:37:59 -0400] "GET /?k=5821750590000&channel=0c3547&from=shared.php%3Fid%3D505900-5343%26name%3D%E3%81%B5%E3%82%93%E3%81%B0%E3%82%8A%E3%81%8F%E3%82%93Z%E3%80%80%E8%B6%85%E3%83%9F%E3%83%8B%E3%82%B5%E3%82%A4%E3%82%BA HTTP/1.1" 200 51342 "-" "Mozilla/5.0 (Linux; Android 6.0.1; Nexus 5X Build/MMB29P) AppleWebKit/537.36 (KHTML, like Gecko) Chrome/135.0.7049.95 Mobile Safari/537.36 (compatible; Googlebot/2.1; +http://www.google.com/bot.html)"
2a06:98c0:3600::103 - - [29/Apr/2025:21:38:03 -0400] "GET /wp-admin/setup-config.php HTTP/1.1" 200 0 "-" "Mozilla/5.0 (Windows NT 10.0; Win64; x64) AppleWebKit/537.36 (KHTML, like Gecko) Chrome/135.0.0.0 Safari/537.36"
66.249.74.104 - - [29/Apr/2025:21:38:05 -0400] "GET /?k=11890173193402&channel=72c3b9&from=article.php%3Fid%3D1731934-2528%26name%3D%E6%98%AD%E5%92%8C%E3%83%AC%E3%83%88%E3%83%AD%E3%80%80%E8%B1%A1%E5%8D%B0TOP%E3%83%82%E3%83%A3%E3%83%BC HTTP/1.1" 200 52529 "-" "Mozilla/5.0 (Linux; Android 6.0.1; Nexus 5X Build/MMB29P) AppleWebKit/537.36 (KHTML, like Gecko) Chrome/135.0.7049.95 Mobile Safari/537.36 (compatible; Googlebot/2.1; +http://www.google.com/bot.html)"
66.249.74.103 - - [29/Apr/2025:21:38:12 -0400] "GET /?k=70901189015001&channel=d93cd5&from=pin.php%3Fid%3D1890150-22640%26name%3D%E6%AF%8D%E4%B9%B3%E5%AE%9F%E6%84%9F%E3%80%80%E4%B9%B3%E9%A6%96S%E3%82%B5%E3%82%A4%E3%82%BA3%E3%81%A4 HTTP/1.1" 200 52014 "-" "Mozilla/5.0 (Linux; Android 6.0.1; Nexus 5X Build/MMB29P) AppleWebKit/537.36 (KHTML, like Gecko) Chrome/135.0.7049.95 Mobile Safari/537.36 (compatible; Googlebot/2.1; +http://www.google.com/bot.html)"
52.167.144.219 - - [29/Apr/2025:21:38:14 -0400] "GET /?k=28150193897503&channel=4b31d8&from=shop.php%3Fid%3D1938975-8110%26name%3DUSB3.0%E3%82%B3%E3%83%B3%E3%83%94%E3%83%A5%E3%83%BC%E3%82%BF%E3%83%BC%E3%81%8A%E3%82%88%E3%81%B3%E3%83%87%E3%82%B8%E3%82%BF%E3%83%AB%E3%82%A2%E3%82%AF%E3%82%BB%E3%82%B5%E3%83%AA%E7%94%A8%E3%81%AEUSB3.0%E6%8B%A1%E5%BC%B5%E3%83%AF%E3%82%A4%E3%83%A4%E5%85%85%E9%9B%BB%E3%82%B3%E3%83%BC%E3%83%89%E3%81%AF3A%E9%AB%98%E9%80%9F%E5%85%85%E9%9B%BB%E3%81%A8410Mbps%E3%83%87%E3%83%BC%E3%82%BF%E3%82%92%E3%82%B5%E3%83%9D%E3%83%BC%E3%83%88 HTTP/1.1" 200 41535 "-" "Mozilla/5.0 AppleWebKit/537.36 (KHTML, like Gecko; compatible; bingbot/2.0; +http://www.bing.com/bingbot.htm) Chrome/116.0.1938.76 Safari/537.36"
52.167.144.219 - - [29/Apr/2025:21:38:14 -0400] "GET /?k=0190174582200&channel=6f66b8&from=product.php%3Fid%3D745822-13261%26name%3D%E3%82%8D%E3%81%86%E4%BB%98%E3%81%91%E3%83%80%E3%82%A4%E3%83%A4%E3%83%A2%E3%83%B3%E3%83%89%E3%83%89%E3%83%AA%E3%83%AB%E3%83%93%E3%83%83%E3%83%88%E7%A9%B4+%E7%9F%B3%E5%A4%A7%E7%90%86%E7%9F%B3%E8%8A%B1%E5%B4%97%E5%B2%A9%E3%82%B3%E3%83%B3%E3%82%AF%E3%83%AA%E3%83%BC%E3%83%88%E3%82%BB%E3%83%A9%E3%83%9F%E3%83%83%E3%82%AF%E3%82%AC%E3%83%A9%E3%82%B9%E3%82%BF%E3%82%A4%E3%83%AB%E3%83%89%E3%83%A9%E3%82%A4%2F%E3%82%A6%E3%82%A7%E3%83%83%E3%83%88%E7%9C%9F%E7%A9%BA%E3%82%8D%E3%81%86%E4%BB%98%E3%81%91+1-1%2F4%E3%82%A4%E3%83%B3%E3%83%81 HTTP/1.1" 200 42975 "-" "Mozilla/5.0 AppleWebKit/537.36 (KHTML, like Gecko; compatible; bingbot/2.0; +http://www.bing.com/bingbot.htm) Chrome/116.0.1938.76 Safari/537.36"
66.249.74.104 - - [29/Apr/2025:21:38:16 -0400] "GET /?k=97892104559100&channel=39997b&from=info.php%3Fid%3D1045591-20056%26name%3D%E3%80%90%E6%9C%AA%E9%96%8B%E5%B0%81%E5%93%81%E3%80%91%E5%86%B7%E6%9A%96%E6%88%BF%E3%82%A8%E3%82%A2%E3%82%B3%E3%83%B3+%E6%9C%AC%E4%BD%93+%E3%83%AA%E3%83%A2%E3%82%B3%E3%83%B3%E4%BB%98%E3%81%8D HTTP/1.1" 200 50913 "-" "Mozilla/5.0 (Linux; Android 6.0.1; Nexus 5X Build/MMB29P) AppleWebKit/537.36 (KHTML, like Gecko) Chrome/135.0.7049.95 Mobile Safari/537.36 (compatible; Googlebot/2.1; +http://www.google.com/bot.html)"
52.167.144.149 - - [29/Apr/2025:21:38:18 -0400] "GET /?k=2761133603002&channel=9c7603&from=brands.php%3Fid%3D336030-7658%26name%3D%E9%AB%98%E7%B4%9A%E3%82%A2%E3%83%B3%E3%83%86%E3%82%A3%E3%83%BC%E3%82%AF%E7%BF%A1%E7%BF%A0%E3%81%A8%E7%9F%B3%E3%81%AE%E7%9C%9F%E9%8D%AE%E3%81%AE%E8%9B%87%E5%8F%A3%E3%80%81%E3%82%B9%E3%83%97%E3%83%A9%E3%83%83%E3%82%B7%E3%83%A5%E3%83%95%E3%82%A3%E3%83%AB%E3%82%BF%E3%83%BC%E6%B5%B4%E5%AE%A4%E6%B4%97%E9%9D%A2%E6%89%80%E3%83%9F%E3%82%AD%E3%82%B5%E3%83%BC%E3%82%BF%E3%83%83%E3%83%97%E3%80%812%E3%83%8F%E3%83%B3%E3%83%89%E3%83%AB3%E7%A9%B4%E3%83%87%E3%83%83%E3%82%AD%E3%83%9E%E3%82%A6%E3%83%B3%E3%83%88%E5%86%B7%2F%E6%B8%A9%E6%B0%B4%E6%B4%97%E9%9D%A2%E5%99%A8%E3%82%BF%E3%83%83 HTTP/1.1" 200 41503 "-" "Mozilla/5.0 AppleWebKit/537.36 (KHTML, like Gecko; compatible; bingbot/2.0; +http://www.bing.com/bingbot.htm) Chrome/116.0.1938.76 Safari/537.36"
52.167.144.149 - - [29/Apr/2025:21:38:19 -0400] "GET /?k=91262171993607&channel=b60429&from=jp.php%3Fid%3D1719936-1925%26name%3D6%E6%AE%B5%E3%83%91%E3%83%B3%E3%83%88%E3%83%AA%E3%83%BC%E3%83%89%E3%82%A2%E3%81%AE%E6%95%B4%E7%90%86%E3%81%A8%E3%83%89%E3%82%A2%E4%B8%8A%E3%81%AE%E5%8F%8E%E7%B4%8D%E3%83%91%E3%83%B3%E3%83%88%E3%83%AA%E3%83%BC%E3%82%AA%E3%83%BC%E3%82%AC%E3%83%8A%E3%82%A4%E3%82%B6%E3%83%BC%E3%83%89%E3%82%A2%E4%B8%8A%E3%81%AB%E5%90%8A%E3%82%8B%E3%81%99%E9%87%91%E5%B1%9E%E8%A3%BD%E3%81%AE%E3%82%AA%E3%83%BC%E3%82%AC%E3%83%8A%E3%82%A4%E3%82%B6%E3%83%BC%E3%81%A8%E5%8F%8E%E7%B4%8D%E3%80%81%E3%82%B9%E3%83%91%E3%82%A4%E3%82%B9%E3%83%A9%E3%83%83%E3%82%AF%E3%82%AA%E3%83%BC%E3%82%AC%E3%83%8A%E3%82%A4%E3%82%B6 HTTP/1.1" 200 40912 "-" "Mozilla/5.0 AppleWebKit/537.36 (KHTML, like Gecko; compatible; bingbot/2.0; +http://www.bing.com/bingbot.htm) Chrome/116.0.1938.76 Safari/537.36"
66.249.74.103 - - [29/Apr/2025:21:38:25 -0400] "GET /?k=06567166226800&channel=335d64&from=blog.php%3Fid%3D1662268-25674%26name%3DD-UP%E3%82%A2%E3%82%A4%E3%83%A9%E3%82%A4%E3%83%8A%E3%83%BC%E3%83%96%E3%83%A9%E3%83%83%E3%82%AF+%E3%83%A1%E3%82%A4%E3%82%AF%E3%83%9F%E3%83%BC%E3%83%8F%E3%83%83%E3%83%94%E3%83%BC%E3%82%AA%E3%83%BC%E3%83%89%E3%83%88%E3%83%AF%E3%83%AC%E3%83%9B%E3%83%AF%E3%82%A4%E3%83%88 HTTP/1.1" 200 51457 "-" "Mozilla/5.0 (Linux; Android 6.0.1; Nexus 5X Build/MMB29P) AppleWebKit/537.36 (KHTML, like Gecko) Chrome/135.0.7049.95 Mobile Safari/537.36 (compatible; Googlebot/2.1; +http://www.google.com/bot.html)"
66.249.74.103 - - [29/Apr/2025:21:38:30 -0400] "GET /?k=20049157117800&channel=deb8fd&from=article.php%3Fid%3D1571178-8482%26name%3D%E3%80%90%E5%9C%A8%E5%BA%AB%E3%81%82%E3%82%8A%E3%80%91+%E8%B1%A1%E5%8D%B0+%E3%82%B9%E3%83%86%E3%83%B3%E3%83%AC%E3%82%B9%E3%83%9E%E3%82%B0%E3%80%80%E3%81%9B%E3%82%93%E3%82%AB%E3%83%90%E3%83%BC%E3%82%BB%E3%83%83%E3%83%88%28%E3%82%AD%E3%83%A3%E3%83%83%E3%83%97%E3%83%91%E3%83%83%E3%82%AD%E3%83%B3%E4%BB%98%E3%80%81%E3%81%9B%E3%82%93%E3%81%AF%E5%88%A5%E5%A3%B2%29+BB474807L-13 HTTP/1.1" 200 53739 "-" "Mozilla/5.0 (Linux; Android 6.0.1; Nexus 5X Build/MMB29P) AppleWebKit/537.36 (KHTML, like Gecko) Chrome/135.0.7049.95 Mobile Safari/537.36 (compatible; Googlebot/2.1; +http://www.google.com/bot.html)"
66.249.74.103 - - [29/Apr/2025:21:38:37 -0400] "GET /?k=88702101129400&channel=d6e77e&from=article.php%3Fid%3D1011294-11279%26name%3DYBS+Andrea+%28EDU-455%29+%E3%82%AA%E3%83%BC%E3%83%90%E3%83%BC%E3%82%A4%E3%83%A4%E3%83%BC+%28%E3%82%B5%E3%83%BC%E3%82%AB%E3%83%A0%E3%82%AA%E3%83%BC%E3%83%A9%E3%83%AB%29+%E3%82%B9%E3%83%86%E3%83%AC%E3%82%AA+PC+%E3%83%98%E3%83%83%E3%83%89%E3%82%BB%E3%83%83%E3%83%88 HTTP/1.1" 200 52123 "-" "Mozilla/5.0 (Linux; Android 6.0.1; Nexus 5X Build/MMB29P) AppleWebKit/537.36 (KHTML, like Gecko) Chrome/135.0.7049.95 Mobile Safari/537.36 (compatible; Googlebot/2.1; +http://www.google.com/bot.html)"
66.249.74.103 - - [29/Apr/2025:21:38:45 -0400] "GET /?k=34341153914300&channel=d72eb7&from=brands.php%3Fid%3D1539143-17891%26name%3D%E5%AE%9F%E8%B7%B5+%E6%96%87%E7%AB%A0%E8%A1%A8%E7%8F%BE HTTP/1.1" 200 51230 "-" "Mozilla/5.0 (Linux; Android 6.0.1; Nexus 5X Build/MMB29P) AppleWebKit/537.36 (KHTML, like Gecko) Chrome/135.0.7049.95 Mobile Safari/537.36 (compatible; Googlebot/2.1; +http://www.google.com/bot.html)"
66.249.74.104 - - [29/Apr/2025:21:38:53 -0400] "GET /?k=28390143942301&channel=4b431e&from=product.php%3Fid%3D1439423-1933%26name%3D%E3%82%B7%E3%83%A3%E3%83%B3%E3%83%87%E3%83%AA%E3%82%A2%2C+LED+%E3%82%B7%E3%83%A3%E3%83%B3%E3%83%87%E3%83%AA%E3%82%A2+%E3%83%91%E3%83%BC%E3%82%BD%E3%83%8A%E3%83%A9%E3%82%A4%E3%82%BA%E3%81%95%E3%82%8C%E3%81%9F%E3%82%BB%E3%83%A9%E3%83%9F%E3%83%83%E3%82%AF%E3%82%B7%E3%83%A3%E3%83%B3%E3%83%87%E3%83%AA%E3%82%A2+%E5%AF%9D%E5%AE%A4+%E3%83%99%E3%83%83%E3%83%89%E3%82%B5%E3%82%A4%E3%83%89%E3%83%A9%E3%82%A4%E3%83%88+%E3%82%B3%E3%83%BC%E3%83%92%E3%83%BC%E3%82%B7%E3%83%A7%E3%83%83%E3%83%97+%E3%83%9F%E3%83%8B%E3%83%9E HTTP/1.1" 200 53345 "-" "Mozilla/5.0 (Linux; Android 6.0.1; Nexus 5X Build/MMB29P) AppleWebKit/537.36 (KHTML, like Gecko) Chrome/135.0.7049.95 Mobile Safari/537.36 (compatible; Googlebot/2.1; +http://www.google.com/bot.html)"
52.167.144.149 - - [29/Apr/2025:21:38:59 -0400] "GET /?k=237128961900&channel=3d34d6&from=blog.php%3Fid%3D89619-6761%26name%3D100%2F120%2F150+%2F++200mm+1%E5%80%8B%E3%83%9F%E3%83%83%E3%82%AF%E3%82%B9%E3%82%AB%E3%83%A9%E3%83%BC%E3%82%AF%E3%83%AA%E3%82%B9%E3%82%BF%E3%83%AB%E3%83%80%E3%82%A4%E3%83%A4%E3%83%A2%E3%83%B3%E3%83%89%E3%82%B7%E3%82%A7%E3%82%A4%E3%83%97%E6%96%87%E9%8E%AE%E3%82%AC%E3%83%A9%E3%82%B9%E5%AE%9D%E7%9F%B3%E3%83%87%E3%82%A3%E3%82%B9%E3%83%97%E3%83%AC%E3%82%A4%E3%82%AA%E3%83%BC%E3%83%8A%E3%83%A1%E3%83%B3%E3%83%88%E3%82%A2%E3%83%BC%E3%83%88%EF%BC%88%E3%82%AF%E3%83%AA%E3%82%B9%E3%82%BF%E3%83%AB%E3%83%80%E3%82%A4%E3%83%A4+%E3%82%AC%E3%83%A9%E3%82%B9%E3%82%A2%E3%83%BC%E3%83%88%E3%82%AE%E3%83%95%E3%83%88+%E3%82%A2%E3%83%88%E3%83%AA%E3%82%A8%E3%83%94%E3%82%B8%E3%83%A7%E3%83%B3%EF%BC%89 HTTP/1.1" 200 41100 "-" "Mozilla/5.0 AppleWebKit/537.36 (KHTML, like Gecko; compatible; bingbot/2.0; +http://www.bing.com/bingbot.htm) Chrome/116.0.1938.76 Safari/537.36"
66.249.74.103 - - [29/Apr/2025:21:38:59 -0400] "GET /?k=5869016608804&channel=233ae0&from=jp.php%3Fid%3D166088-2665%26name%3Diris%E6%A7%98%E5%B0%82%E7%94%A8%E3%80%80%E5%8C%97%E6%AC%A7%E3%83%B4%E3%82%A3%E3%83%B3%E3%83%86%E3%83%BC%E3%82%B8%E3%82%B5%E3%82%A4%E3%83%89%E3%83%81%E3%82%A7%E3%82%B9%E3%83%88 HTTP/1.1" 200 51139 "-" "Mozilla/5.0 (Linux; Android 6.0.1; Nexus 5X Build/MMB29P) AppleWebKit/537.36 (KHTML, like Gecko) Chrome/135.0.7049.95 Mobile Safari/537.36 (compatible; Googlebot/2.1; +http://www.google.com/bot.html)"
52.167.144.219 - - [29/Apr/2025:21:39:03 -0400] "GET /?k=32125176636404&channel=333d1c&from=news.php%3Fid%3D1766364-6749%26name%3D%E3%82%A4%E3%83%BC%E3%82%B9%E3%82%BF%E3%83%BC%E3%83%91%E3%83%BC%E3%83%86%E3%82%A3%E3%83%BC%E3%82%AE%E3%83%95%E3%83%88%E3%82%84%E6%95%99%E5%AE%A4%E3%81%A7%E3%81%AE%E9%85%8D%E5%B8%83%E7%89%A9%E7%94%A8%E3%81%AE%E7%BE%8E%E3%81%97%E3%81%84%E3%83%94%E3%83%B3%E3%81%BE%E3%81%9F%E3%81%AF%E3%83%96%E3%83%AB%E3%83%BC%E3%82%AB%E3%83%A9%E3%83%BC%E3%81%AE%E3%82%A6%E3%82%B5%E3%82%AE%E3%81%AE%E3%81%8A%E3%82%84%E3%81%A4%E3%83%9C%E3%83%83%E3%82%AF%E3%82%B910%E5%80%8B%E3%83%91%E3%83%83%E3%82%AF%E3%80%82 HTTP/1.1" 200 41745 "-" "Mozilla/5.0 AppleWebKit/537.36 (KHTML, like Gecko; compatible; bingbot/2.0; +http://www.bing.com/bingbot.htm) Chrome/116.0.1938.76 Safari/537.36"
66.249.74.103 - - [29/Apr/2025:21:39:06 -0400] "GET /?k=6103726186303&channel=d95679&from=category-info.php%3Fid%3D261863-11021%26name%3D%E3%81%8A%E4%BB%95%E7%AB%8B%E3%81%A6%E6%B8%88%E3%81%BF+%E8%A5%BF%E9%99%A3%E7%B9%94%E6%B5%85%E5%B1%B1%E7%B9%94%E7%89%A9%E8%AC%B9%E8%A3%BD%E8%A2%8B%E5%B8%AF+%E7%9C%9F%E7%8F%A0%E6%9C%AC%E9%87%91%E7%AE%94%E5%94%90%E7%B9%94+%E8%8A%B1%E9%81%8A+%E5%B0%8F%E6%89%8B%E6%AF%AC+%E7%99%BD%E5%9C%B0+%E6%AD%A3%E7%B5%B9 HTTP/1.1" 200 52100 "-" "Mozilla/5.0 (Linux; Android 6.0.1; Nexus 5X Build/MMB29P) AppleWebKit/537.36 (KHTML, like Gecko) Chrome/135.0.7049.95 Mobile Safari/537.36 (compatible; Googlebot/2.1; +http://www.google.com/bot.html)"
66.249.72.103 - - [29/Apr/2025:21:39:12 -0400] "GET /?k=62941178014500&channel=3df0e2&from=pin.php%3Fid%3D1780145-610%26name%3D%E3%81%9E%E3%81%86%E3%81%95%E3%82%93%E3%81%AE%E3%82%AD%E3%83%A3%E3%83%B3%E3%83%89%E3%83%AB HTTP/1.1" 200 50944 "-" "Mozilla/5.0 (Linux; Android 6.0.1; Nexus 5X Build/MMB29P) AppleWebKit/537.36 (KHTML, like Gecko) Chrome/135.0.7049.95 Mobile Safari/537.36 (compatible; Googlebot/2.1; +http://www.google.com/bot.html)"
66.249.74.103 - - [29/Apr/2025:21:39:17 -0400] "GET /?k=9858151164202&channel=ced9d3&from=pin.php%3Fid%3D511642-9869%26name%3D%E3%83%99%E3%83%84%E3%83%AC%E3%83%98%E3%83%A0%E3%81%AE%E6%98%9F%EF%BC%88%E5%B0%8F%EF%BC%89%E3%82%AA%E3%83%BC%E3%83%8A%E3%83%A1%E3%83%B3%E3%83%88+%E3%83%89%E3%82%A4%E3%83%84%E8%A3%BD HTTP/1.1" 200 52837 "-" "Mozilla/5.0 (Linux; Android 6.0.1; Nexus 5X Build/MMB29P) AppleWebKit/537.36 (KHTML, like Gecko) Chrome/135.0.7049.95 Mobile Safari/537.36 (compatible; Googlebot/2.1; +http://www.google.com/bot.html)"
66.249.74.103 - - [29/Apr/2025:21:39:24 -0400] "GET /?k=1479980971401&channel=c8fa15&from=blog.php%3Fid%3D809714-17669%26name%3D%EF%BC%AA%EF%BC%AB-%E3%83%9C%E3%83%88%E3%83%AB%E7%B4%B0%E5%8F%A3+%E9%81%AE%E5%85%89%28%E9%BB%92%EF%BC%89+1L+%EF%BC%8850%E6%9C%AC%E5%85%A5%29%E3%80%80%E5%93%81%E7%95%AA%3A101-2010401 HTTP/1.1" 200 52171 "-" "Mozilla/5.0 (Linux; Android 6.0.1; Nexus 5X Build/MMB29P) AppleWebKit/537.36 (KHTML, like Gecko) Chrome/135.0.7049.95 Mobile Safari/537.36 (compatible; Googlebot/2.1; +http://www.google.com/bot.html)"
66.249.74.103 - - [29/Apr/2025:21:39:32 -0400] "GET /?k=5926524244300&channel=265467&from=news.php%3Fid%3D242443-6241%26name%3D%E8%97%A4%E7%94%B0%E5%BE%B3%E5%A4%AA+%E7%81%B0%E9%87%89%E3%81%95%E3%81%95%E3%82%81%E6%80%A5%E9%A0%88+%EF%BC%AD55431100 HTTP/1.1" 200 52375 "-" "Mozilla/5.0 (Linux; Android 6.0.1; Nexus 5X Build/MMB29P) AppleWebKit/537.36 (KHTML, like Gecko) Chrome/135.0.7049.95 Mobile Safari/537.36 (compatible; Googlebot/2.1; +http://www.google.com/bot.html)"
66.249.74.103 - - [29/Apr/2025:21:39:39 -0400] "GET /?k=0989888198700&channel=639a02&from=shop.php%3Fid%3D881987-7849%26name%3Ddeps+%E3%83%87%E3%83%97%E3%82%B9+%E3%83%90%E3%83%83%E3%82%AB%E3%83%B3+%E3%83%9B%E3%83%AF%E3%82%A4%E3%83%88%E3%83%96%E3%83%A9%E3%83%83%E3%82%AF+%E5%93%81 HTTP/1.1" 200 52303 "-" "Mozilla/5.0 (Linux; Android 6.0.1; Nexus 5X Build/MMB29P) AppleWebKit/537.36 (KHTML, like Gecko) Chrome/135.0.7049.95 Mobile Safari/537.36 (compatible; Googlebot/2.1; +http://www.google.com/bot.html)"
66.249.74.103 - - [29/Apr/2025:21:39:44 -0400] "GET /?k=7537762355306&channel=923d57&from=info.php%3Fid%3D623553-779%26name%3DTIDEWAY++%E3%82%BF%E3%82%A4%E3%83%89%E3%82%A6%E3%82%A7%E3%82%A4%E3%80%80%E3%82%B3%E3%82%A4%E3%83%B3%E3%82%B1%E3%83%BC%E3%82%B9%E3%80%80%E8%B5%A4%E8%89%B2 HTTP/1.1" 200 51715 "-" "Mozilla/5.0 (Linux; Android 6.0.1; Nexus 5X Build/MMB29P) AppleWebKit/537.36 (KHTML, like Gecko) Chrome/135.0.7049.95 Mobile Safari/537.36 (compatible; Googlebot/2.1; +http://www.google.com/bot.html)"
66.249.74.104 - - [29/Apr/2025:21:39:51 -0400] "GET /?k=7913841359100&channel=28a5c9&from=form.php%3Fid%3D413591-10301%26name%3D%E5%B5%90%E3%80%80%E7%9B%B8%E8%91%89%E9%9B%85%E7%B4%80%E3%80%80%E4%BA%8C%E5%AE%AE%E5%92%8C%E4%B9%9F%E3%80%80%E5%85%AC%E5%BC%8F%E5%86%99%E7%9C%9F%E3%80%80%E3%80%90%E3%81%AB%E3%81%AE%E3%81%82%E3%81%84%E3%83%BB002%E3%80%91 HTTP/1.1" 200 52106 "-" "Mozilla/5.0 (Linux; Android 6.0.1; Nexus 5X Build/MMB29P) AppleWebKit/537.36 (KHTML, like Gecko) Chrome/135.0.7049.95 Mobile Safari/537.36 (compatible; Googlebot/2.1; +http://www.google.com/bot.html)"
66.249.74.104 - - [29/Apr/2025:21:39:58 -0400] "GET /?k=98399159960002&channel=80ee9b&from=jp.php%3Fid%3D1599600-549%26name%3D%E6%97%A7%E8%BB%8AMAZDA%E3%82%AD%E3%83%A3%E3%83%AD%E3%83%AB%E5%88%9D%E6%9C%9F%E3%83%8F%E3%83%B3%E3%83%89%E3%83%AB HTTP/1.1" 200 51861 "-" "Mozilla/5.0 (Linux; Android 6.0.1; Nexus 5X Build/MMB29P) AppleWebKit/537.36 (KHTML, like Gecko) Chrome/135.0.7049.95 Mobile Safari/537.36 (compatible; Googlebot/2.1; +http://www.google.com/bot.html)"
66.249.74.103 - - [29/Apr/2025:21:40:06 -0400] "GET /?k=37482176969104&channel=c1cb7a&from=shared.php%3Fid%3D1769691-600%26name%3DVintage+Arcteryx+Theta+Stone+%E3%83%AC%E3%83%87%E3%82%A3%E3%83%BC%E3%82%B9+S HTTP/1.1" 200 51225 "-" "Mozilla/5.0 (Linux; Android 6.0.1; Nexus 5X Build/MMB29P) AppleWebKit/537.36 (KHTML, like Gecko) Chrome/135.0.7049.95 Mobile Safari/537.36 (compatible; Googlebot/2.1; +http://www.google.com/bot.html)"
66.249.74.103 - - [29/Apr/2025:21:40:12 -0400] "GET /?k=7958377789900&channel=891e3e&from=shared.php%3Fid%3D777899-5504%26name%3D170M6301+170M6302+170M6303+170M6304+170M6305+170M6306+170M6307+Fus HTTP/1.1" 200 51534 "-" "Mozilla/5.0 (Linux; Android 6.0.1; Nexus 5X Build/MMB29P) AppleWebKit/537.36 (KHTML, like Gecko) Chrome/135.0.7049.95 Mobile Safari/537.36 (compatible; Googlebot/2.1; +http://www.google.com/bot.html)"
2a06:98c0:3600::103 - - [29/Apr/2025:21:40:15 -0400] "GET /wordpress/wp-admin/setup-config.php HTTP/1.1" 200 0 "-" "Mozilla/5.0 (Windows NT 10.0; Win64; x64) AppleWebKit/537.36 (KHTML, like Gecko) Chrome/135.0.0.0 Safari/537.36"
66.249.74.103 - - [29/Apr/2025:21:40:20 -0400] "GET /?k=1108912456604&channel=ace40b&from=jp.php%3Fid%3D124566-3396%26name%3D%E9%80%81%E6%96%99%E8%BE%BC%E3%81%BF+%E3%83%8F%E3%82%A4%E3%82%BB%E3%83%B3%E3%82%B9+%E6%B6%B2%E6%99%B6%E3%83%86%E3%83%AC%E3%83%93+43A68G+2021%E5%B9%B4%E8%A3%BD HTTP/1.1" 200 50782 "-" "Mozilla/5.0 (Linux; Android 6.0.1; Nexus 5X Build/MMB29P) AppleWebKit/537.36 (KHTML, like Gecko) Chrome/135.0.7049.95 Mobile Safari/537.36 (compatible; Googlebot/2.1; +http://www.google.com/bot.html)"
66.249.74.103 - - [29/Apr/2025:21:40:27 -0400] "GET /?k=7091725193701&channel=b8d2f5&from=article.php%3Fid%3D251937-10635%26name%3D%E3%82%B5%E3%82%B8%E3%83%BC%E3%82%B8%E3%83%A5%E3%83%BC%E3%82%B9%E3%80%801L3%E6%9C%AC%E3%80%80%E3%82%B5%E3%83%97%E3%83%AA2%E8%A2%8B HTTP/1.1" 200 50500 "-" "Mozilla/5.0 (Linux; Android 6.0.1; Nexus 5X Build/MMB29P) AppleWebKit/537.36 (KHTML, like Gecko) Chrome/135.0.7049.95 Mobile Safari/537.36 (compatible; Googlebot/2.1; +http://www.google.com/bot.html)"
66.249.74.103 - - [29/Apr/2025:21:40:30 -0400] "GET /?k=58090137281202&channel=76f340&from=info.php%3Fid%3D1372812-9150%26name%3D%E3%83%91%E3%83%8A%E3%82%BD+RLXGVRY774Z+%E3%82%B9%E3%83%A9%E3%82%A4%E3%83%89%E3%83%95%E3%83%83%E3%82%AF%E3%82%BB%E3%83%83%E3%83%88+%E9%83%A8%E5%93%81+%28RLXGVRY774+%E3%81%AE%E5%BE%8C%E7%B6%99%E5%93%81%29 HTTP/1.1" 200 51479 "-" "Mozilla/5.0 (Linux; Android 6.0.1; Nexus 5X Build/MMB29P) AppleWebKit/537.36 (KHTML, like Gecko) Chrome/135.0.7049.95 Mobile Safari/537.36 (compatible; Googlebot/2.1; +http://www.google.com/bot.html)"
52.167.144.161 - - [29/Apr/2025:21:40:37 -0400] "GET /?k=5929193256500&channel=dedd8e&from=blog.php%3Fid%3D932565-2628%26name%3D%E3%83%9B%E3%83%B3%E3%83%80+%E7%B4%94%E6%AD%A3+%E3%82%B4%E3%83%BC%E3%83%AB%E3%83%89%E3%82%A6%E3%82%A3%E3%83%B3%E3%82%B0+%E3%83%AA%E3%82%A2%E3%83%96%E3%83%AC%E3%83%BC%E3%82%AD%E3%82%B9%E3%83%88%E3%83%83%E3%83%97+%E3%82%AF%E3%83%AB%E3%83%BC%E3%82%BA%E3%82%B9%E3%82%A4%E3%83%83%E3%83%81 HTTP/1.1" 200 39604 "-" "Mozilla/5.0 AppleWebKit/537.36 (KHTML, like Gecko; compatible; bingbot/2.0; +http://www.bing.com/bingbot.htm) Chrome/116.0.1938.76 Safari/537.36"
66.249.74.103 - - [29/Apr/2025:21:40:39 -0400] "GET /?k=03497147693406&channel=aebfe5&from=blog.php%3Fid%3D1476934-16400%26name%3D%E3%82%B3%E3%83%83%E3%83%97%E3%81%AE%E3%81%B5%E3%81%A1%E5%AD%90%E3%81%95%E3%82%93%E3%81%A8+%E3%83%8D%E3%82%B3%E3%80%80%E3%82%B3%E3%83%83%E3%83%97%E3%81%AF%E4%BE%8B%E3%81%A7%E4%B9%97%E3%81%9B%E3%81%9F%E3%81%A0%E3%81%91%E3%81%AE%E5%88%A5%E7%89%A9%E3%81%A7%E3%81%99 HTTP/1.1" 200 52795 "-" "Mozilla/5.0 (Linux; Android 6.0.1; Nexus 5X Build/MMB29P) AppleWebKit/537.36 (KHTML, like Gecko) Chrome/135.0.7049.95 Mobile Safari/537.36 (compatible; Googlebot/2.1; +http://www.google.com/bot.html)"
66.249.74.103 - - [29/Apr/2025:21:40:45 -0400] "GET /?k=3954151814300&channel=9c3fd8&from=shop.php%3Fid%3D518143-2167%26name%3D%E3%83%9B%E3%83%A1%E3%82%AA%E3%82%B9%E3%82%BF%E3%82%A4%E3%83%AB%E7%89%9B%E9%9D%A9%E3%83%90%E3%83%83%E3%82%AF%E3%80%80%E3%83%81%E3%83%A3%E3%83%BC%E3%83%A0%E4%BB%98%E3%81%8D HTTP/1.1" 200 50914 "-" "Mozilla/5.0 (Linux; Android 6.0.1; Nexus 5X Build/MMB29P) AppleWebKit/537.36 (KHTML, like Gecko) Chrome/135.0.7049.95 Mobile Safari/537.36 (compatible; Googlebot/2.1; +http://www.google.com/bot.html)"
66.249.74.104 - - [29/Apr/2025:21:40:53 -0400] "GET /?k=86782196304203&channel=e051eb&from=news.php%3Fid%3D1963042-5689%26name%3D700+XP700+%E3%82%A8%E3%83%B3%E3%82%B8%E3%83%B3%E3%82%A8%E3%83%B3%E3%83%89%E7%94%A8%E4%BA%92%E6%8F%9B%E4%BA%A4%E6%8F%9B%E7%94%A8%E3%82%AC%E3%82%B9%E3%82%B1%E3%83%83%E3%83%88%E3%82%BB%E3%83%83%E3%83%88 HTTP/1.1" 200 52562 "-" "Mozilla/5.0 (Linux; Android 6.0.1; Nexus 5X Build/MMB29P) AppleWebKit/537.36 (KHTML, like Gecko) Chrome/135.0.7049.95 Mobile Safari/537.36 (compatible; Googlebot/2.1; +http://www.google.com/bot.html)"
66.249.74.105 - - [29/Apr/2025:21:41:01 -0400] "GET /?k=9673067540701&channel=fa1b8b&from=news.php%3Fid%3D675407-5905%26name%3DDewuoyeu+2%E5%80%8B+%E3%82%B9%E3%82%B1%E3%83%BC%E3%83%88%E3%81%AE%E7%B7%A0%E3%82%81%E3%82%8B%E7%89%A9+%E3%82%A2%E3%82%A4%E3%82%B9%E3%83%9B%E3%83%83%E3%82%B1%E3%83%BC+%E3%82%B9%E3%82%B1%E3%83%BC%E3%83%88%E7%94%A8%E5%85%B7+%E3%82%A2%E3%82%A4%E3%82%B9%E3%82%B9%E3%82%B1%E3%83%BC%E3%83%88%E3%81%AE%E7%B7%A0%E3%82%81%E3%82%8B%E7%89%A9%E3%81%AE%E5%BC%95%E3%81%8D%E6%89%8B HTTP/1.1" 200 52948 "-" "Mozilla/5.0 (Linux; Android 6.0.1; Nexus 5X Build/MMB29P) AppleWebKit/537.36 (KHTML, like Gecko) Chrome/135.0.7049.95 Mobile Safari/537.36 (compatible; Googlebot/2.1; +http://www.google.com/bot.html)"
66.249.74.103 - - [29/Apr/2025:21:41:09 -0400] "GET /?k=9035237100901&channel=65f5e3&from=pin.php%3Fid%3D371009-12416%26name%3D%E3%83%97%E3%83%AD%E3%83%95%E3%82%A7%E3%83%83%E3%82%B7%E3%83%A7%E3%83%8A%E3%83%AB+%E3%82%A4%E3%83%B3%E3%82%B0%E3%83%AA%E3%83%83%E3%82%B7%E3%83%A5%E3%83%9B%E3%83%AB%E3%83%B3+%E3%82%A2%E3%83%AB%E3%83%88%E3%82%AA%E3%83%BC%E3%83%9C%E3%82%A8+F%E3%82%AD%E3%83%BC+%E5%90%88%E6%88%90%E6%9C%A8%E8%A3%BD%E3%83%9C%E3%83%87%E3%82%A3+%E9%8A%80%E3%83%A1%E3%83%83%E3%82%AD%E3%82%AD%E3%83%BC+%E6%9C%A8%E7%AE%A1%E6%A5%BD%E5%99%A8+%E3%83%AA%E3%83%BC%E3%83%89%E3%82%B0%E3%83%AD%E3%83%BC%E3%83%96%E4%BB%98%E3%81%8D+%E3%82%AF%E3%83%AA%E3%83%BC HTTP/1.1" 200 52450 "-" "Mozilla/5.0 (Linux; Android 6.0.1; Nexus 5X Build/MMB29P) AppleWebKit/537.36 (KHTML, like Gecko) Chrome/135.0.7049.95 Mobile Safari/537.36 (compatible; Googlebot/2.1; +http://www.google.com/bot.html)"
66.249.74.104 - - [29/Apr/2025:21:41:11 -0400] "GET /?k=9067057248405&channel=c1cb7a&from=brands.php%3Fid%3D572484-600%26name%3D%E3%80%90VINTAGE%E3%80%9108s+J+Crew+Oiled+Jacket HTTP/1.1" 200 51111 "-" "Mozilla/5.0 (Linux; Android 6.0.1; Nexus 5X Build/MMB29P) AppleWebKit/537.36 (KHTML, like Gecko) Chrome/135.0.7049.95 Mobile Safari/537.36 (compatible; Googlebot/2.1; +http://www.google.com/bot.html)"
52.167.144.219 - - [29/Apr/2025:21:41:14 -0400] "GET /?k=36617162691702&channel=e67431&from=brands.php%3Fid%3D1626917-1492%26name%3D%E3%83%95%E3%82%A7%E3%82%A4%E3%82%B9%E3%82%B7%E3%83%BC%E3%83%AB%E3%83%89%E3%81%A8%E3%83%96%E3%83%A9%E3%82%B1%E3%83%83%E3%83%88%E3%81%AE%E3%82%B3%E3%83%B3%E3%83%9C%E3%82%A2%E3%82%AF%E3%82%BB%E3%82%B5%E3%83%AA+%E3%83%A6%E3%83%8B%E3%83%90%E3%83%BC%E3%82%B5%E3%83%AB%E3%83%95%E3%83%AB%E3%83%95%E3%82%A7%E3%82%A4%E3%82%B9%E3%81%A8%E7%9B%AE%E3%82%92%E4%BF%9D%E8%AD%B7%E3%81%99%E3%82%8B%E3%83%95%E3%83%AB%E3%83%95%E3%82%A7%E3%82%A4%E3%82%B9%E3%82%B7%E3%83%BC%E3%83%AB%E3%83%89+%E8%BE%B2%E6%A5%AD%E4%BD%8E%E6%9C%A8%E3%83%88%E3%83%AA%E3%83%9E%E3%83%BC%E7%94%A8%E3%81%AE%E9%A1%94%E3%81%AE HTTP/1.1" 200 41484 "-" "Mozilla/5.0 AppleWebKit/537.36 (KHTML, like Gecko; compatible; bingbot/2.0; +http://www.bing.com/bingbot.htm) Chrome/116.0.1938.76 Safari/537.36"
66.249.74.103 - - [29/Apr/2025:21:41:18 -0400] "GET /?k=8578230935501&channel=ac3fe8&from=brands.php%3Fid%3D309355-7303%26name%3D%E3%80%90%E5%8F%B3%E8%B6%B3%E5%B0%82%E7%94%A8%2F%E3%82%BF%E3%83%95%E3%83%88%E3%83%BC%E5%8A%A0%E5%B7%A5%E8%BE%BC%E3%81%BF%2F%E4%BB%A3%E5%BC%95%E3%80%81%E5%BE%8C%E6%89%95%E3%81%84%E4%B8%8D%E5%8F%AF%E3%80%91%E9%87%8E%E7%90%83+%E3%82%A2%E3%83%87%E3%82%A3%E3%83%80%E3%82%B9+%E3%82%B9%E3%83%91%E3%82%A4%E3%82%AF+%E3%83%9D%E3%82%A4%E3%83%B3%E3%83%88+%E3%82%B9%E3%82%BF%E3%83%83%E3%83%89+%E3%82%A2%E3%83%87%E3%82%A3%E3%82%BC%E3%83%AD+%E3%82%A8%E3%83%AC%E3%82%AF%E3%83%88%E3%83%AA%E3%83%83%E3%82%AF+TPU HTTP/1.1" 200 52281 "-" "Mozilla/5.0 (Linux; Android 6.0.1; Nexus 5X Build/MMB29P) AppleWebKit/537.36 (KHTML, like Gecko) Chrome/135.0.7049.95 Mobile Safari/537.36 (compatible; Googlebot/2.1; +http://www.google.com/bot.html)"
66.249.74.103 - - [29/Apr/2025:21:41:26 -0400] "GET /?k=67081149116307&channel=492e26&from=shared.php%3Fid%3D1491163-2454%26name%3D%E3%83%87%E3%83%AD%E3%82%B9%E3%83%9A%E3%83%AB%E3%83%9E+10.5cm%E3%83%9D%E3%83%83%E3%83%88+%E8%8B%97 HTTP/1.1" 200 50707 "-" "Mozilla/5.0 (Linux; Android 6.0.1; Nexus 5X Build/MMB29P) AppleWebKit/537.36 (KHTML, like Gecko) Chrome/135.0.7049.95 Mobile Safari/537.36 (compatible; Googlebot/2.1; +http://www.google.com/bot.html)"
66.249.74.103 - - [29/Apr/2025:21:41:34 -0400] "GET /?k=0071069249604&channel=f264a2&from=pin.php%3Fid%3D692496-4387%26name%3D%E3%83%90%E3%82%A4%E3%82%AF%E3%82%A2%E3%82%AF%E3%82%BB%E3%82%B5%E3%83%AA%E3%83%BC+%E3%83%9B%E3%83%B3%E3%83%80+%E3%82%AF%E3%83%AD%E3%82%B9%E3%82%B9%E3%83%BC%E3%83%91%E3%83%BC%E3%82%AB%E3%83%96+50+%E3%82%AF%E3%83%AD%E3%82%B9%E3%82%B9%E3%83%BC%E3%83%91%E3%83%BC%E3%82%AB%E3%83%96+110+%E3%83%9F%E3%83%83%E3%83%89%E6%A3%9A%E8%8D%B7%E7%89%A9%E3%83%A9%E3%83%83%E3%82%AF%E3%82%AA%E3%83%BC%E3%83%88%E3%83%90%E3%82%A4%E3%82%A2%E3%82%AF%E3%82%BB%E3%82%B5%E3%83%AA%E3%83%BC%E3%83%88%E3%83%83%E3%83%97%E3%83%9C%E3%83%83 HTTP/1.1" 200 52115 "-" "Mozilla/5.0 (Linux; Android 6.0.1; Nexus 5X Build/MMB29P) AppleWebKit/537.36 (KHTML, like Gecko) Chrome/135.0.7049.95 Mobile Safari/537.36 (compatible; Googlebot/2.1; +http://www.google.com/bot.html)"
66.249.74.103 - - [29/Apr/2025:21:41:40 -0400] "GET /?k=5922922238404&channel=270fe8&from=blog.php%3Fid%3D222384-10532%26name%3D%E3%83%87%E3%82%A3%E3%82%B9%E3%83%88%E3%83%AA%E3%83%93%E3%83%A5%E3%83%BC%E3%82%BF%E3%83%BC+ASSY+%E3%82%A4%E3%82%B0%E3%83%8B%E3%83%83%E3%82%B7%E3%83%A7%E3%83%B3+30100-P75-A03+2%2B3%2B4+CR-V+RD1+B20B+D15B+%E3%82%B9%E3%83%86%E3%83%83 HTTP/1.1" 200 52994 "-" "Mozilla/5.0 (Linux; Android 6.0.1; Nexus 5X Build/MMB29P) AppleWebKit/537.36 (KHTML, like Gecko) Chrome/135.0.7049.95 Mobile Safari/537.36 (compatible; Googlebot/2.1; +http://www.google.com/bot.html)"
66.249.74.104 - - [29/Apr/2025:21:41:49 -0400] "GET /?k=3034180368404&channel=cda120&from=shop.php%3Fid%3D803684-10846%26name%3Dsalute+STJ203+03+%E3%82%B9%E3%83%AA%E3%83%83%E3%83%97%E3%80%80L+%E3%83%AD%E3%83%B3%E3%82%B0%E3%82%AD%E3%83%A3%E3%83%9F%E3%82%BD%E3%83%BC%E3%83%AB%E3%80%80%E3%82%B5%E3%83%AB%E3%83%BC%E3%83%88 HTTP/1.1" 200 51190 "-" "Mozilla/5.0 (Linux; Android 6.0.1; Nexus 5X Build/MMB29P) AppleWebKit/537.36 (KHTML, like Gecko) Chrome/135.0.7049.95 Mobile Safari/537.36 (compatible; Googlebot/2.1; +http://www.google.com/bot.html)"
66.249.74.104 - - [29/Apr/2025:21:41:55 -0400] "GET /?k=3421142859804&channel=2e705e&from=shared.php%3Fid%3D428598-1486%26name%3D%E3%80%902024%E6%96%B0%E7%99%BB%E5%A0%B4%E3%83%BB%E5%85%A8%E8%87%AA%E5%8B%95%E6%8E%83%E9%99%A4%E6%A9%9F%E3%80%91+EUREKA+%E3%83%AD%E3%83%9C%E3%83%83%E3%83%88%E6%8E%83%E9%99%A4%E6%A9%9F+J20+8000pa%E5%BC%B7%E5%8A%9B%E5%90%B8%E5%BC%95+%E6%B0%B4%E6%8B%AD%E3%81%8D%E4%B8%A1%E7%94%A8+%E8%87%AA%E5%8B%95%E3%81%94%E3%81%BF%E5%8F%8E%E9%9B%86+%E3%83%A2%E3%83%83%E3%83%97%E8%87%AA%E5%8B%95%E6%B4%97 HTTP/1.1" 200 51645 "-" "Mozilla/5.0 (Linux; Android 6.0.1; Nexus 5X Build/MMB29P) AppleWebKit/537.36 (KHTML, like Gecko) Chrome/135.0.7049.95 Mobile Safari/537.36 (compatible; Googlebot/2.1; +http://www.google.com/bot.html)"
