66.249.74.103 - - [29/Apr/2025:21:23:16 -0400] "GET /?k=2087152022705&channel=caa202&from=article.php%3Fid%3D520227-4504%26name%3D%E3%82%A8%E3%82%A2%E3%83%99%E3%83%B3%E3%83%88%E3%82%B0%E3%83%AA%E3%83%AB%E3%82%BF%E3%83%96%E3%82%AF%E3%83%AA%E3%83%83%E3%83%97+%E3%83%92%E3%83%A5%E3%83%B3%E3%83%80%E3%82%A4+%E3%82%A2%E3%82%BC%E3%83%A9+%E3%82%B0%E3%83%A9%E3%83%B3%E3%83%87%E3%83%A5%E3%83%BC%E3%83%AB+%E3%82%A8%E3%82%A2%E3%82%B3%E3%83%B3%E5%90%B9%E3%81%8D%E5%87%BA%E3%81%97%E5%8F%A3+%E3%83%80%E3%83%83%E3%82%B7%E3%83%A5%E3%83%9C%E3%83%BC%E3%83%89++%E3%82%A8%E3%82%A2%E3%82%B3%E3%83%B3%E5%90%B9%E3%81%8D%E5%87%BA%E3%81%97%E5%8F%A3+%E3%82%BB%E3%83%B3%E3%82%BF%E3%83%BC%E3%82%B3%EF%BC%88%E3%82%A8%E3%82%A2%E3%82%B3%E3%83%B3%E5%90%B9%E3%81%8D%E5%87%BA%E3%81%97%E5%8F%A3+RGB+%E3%82%A2%E3%83%B3%E3%83%93%E3%82%A8%E3%83%B3%E3%83%88%E3%83%A9%E3%82%A4%E3%83%88%E5%8F%96%E4%BB%98%3A+%E4%BB%8A%E5%A4%9C%E3%81%93%E3%81%9D%E3%81%82%E3%81%AE%E5%AD%90%E3%82%92%E8%90%BD%E3%81%A8%E3%81%97%E3%81%A6%E3%81%BF%E3%81%9B%E3%82%8B%E2%91%A1%EF%BC%88%E3%83%95%E3%82%A9%E3%83%AB%E3%82%AF%E3%82%B9%E3%83%AF%E3%83%BC%E3%82%B2%E3%83%B3+%E3%82%B6%E3%83%BB%E3%83%93%E3%83%BC%E3%83%88%E3%83%AB++%28%E3%83%8F%E3%83%83%E3%83%81%E3%83%90%E3%83%83%E3%82%AF%29%E3%83%BB16C%EF%BC%89by+%E3%82%B7%E3%83%A3%E3%83%90%EF%BD%9E%E4%BA%8C+-+%E3%81%BF%E3%82%93%E3%82%AB%E3%83%A9%EF%BC%89 HTTP/1.1" 200 53546 "-" "Mozilla/5.0 (Linux; Android 6.0.1; Nexus 5X Build/MMB29P) AppleWebKit/537.36 (KHTML, like Gecko) Chrome/135.0.7049.95 Mobile Safari/537.36 (compatible; Googlebot/2.1; +http://www.google.com/bot.html)"
66.249.74.103 - - [29/Apr/2025:21:23:20 -0400] "GET /?k=01169172849605&channel=576b16&from=brands.php%3Fid%3D1728496-3067%26name%3DEPSON+%E3%82%AB%E3%83%A9%E3%83%AA%E3%82%AA+%E3%82%A4%E3%83%B3%E3%82%AF%E3%82%B8%E3%82%A7%E3%83%83%E3%83%88%E3%83%97%E3%83%AA%E3%83%B3%E3%82%BF%E3%83%BC+EP-808AW+3%E5%8F%B0 HTTP/1.1" 200 50221 "-" "Mozilla/5.0 (Linux; Android 6.0.1; Nexus 5X Build/MMB29P) AppleWebKit/537.36 (KHTML, like Gecko) Chrome/135.0.7049.95 Mobile Safari/537.36 (compatible; Googlebot/2.1; +http://www.google.com/bot.html)"
66.249.74.103 - - [29/Apr/2025:21:23:23 -0400] "GET /?k=5147086145400&channel=6531ad&from=form.php%3Fid%3D861454-2498%26name%3D6DCT450+MPS6+%E3%83%88%E3%83%A9%E3%83%B3%E3%82%B9%E3%83%9F%E3%83%83%E3%82%B7%E3%83%A7%E3%83%B3%E3%83%90%E3%83%AB%E3%83%96%E3%83%9C%E3%83%87%E3%82%A3%E3%83%A1%E3%82%AB%E3%83%88%E3%83%AD%E3%83%8B%E3%82%AF%E3%82%B9%E4%BA%92%E6%8F%9B%E3%83%95%E3%82%A9%E3%83%BC%E3%83%89%E3%83%9C%E3%83%AB%E3%83%9C%E3%83%80%E3%83%83%E3%82%B8%E3%82%A2%E3%83%99%E3%83%B3%E3%82%B8%E3%83%A3%E3%83%BC%E3%82%AE%E3%82%A2%E3%83%9C%E3%83%83%E3%82%AF%E3%82%B9+TCU+TC HTTP/1.1" 200 51244 "-" "Mozilla/5.0 (Linux; Android 6.0.1; Nexus 5X Build/MMB29P) AppleWebKit/537.36 (KHTML, like Gecko) Chrome/135.0.7049.95 Mobile Safari/537.36 (compatible; Googlebot/2.1; +http://www.google.com/bot.html)"
66.249.74.103 - - [29/Apr/2025:21:23:24 -0400] "GET /?k=718102831300&channel=e8ee56&from=product.php%3Fid%3D28313-3249%26name%3D%E7%A8%AE%E9%A1%9E3%EF%BC%9A10%E5%80%8B+++%E3%81%BE%E3%81%A8%E3%82%81%E8%B2%B7%E3%81%84++P%26G+PANTENE%28%E3%83%91%E3%83%B3%E3%83%86%E3%83%BC%E3%83%B3%29+%E3%83%A2%E3%82%A4%E3%82%B9%E3%83%88%E3%82%B9%E3%83%A0%E3%83%BC%E3%82%B9%E3%82%B1%E3%82%A2+%E3%83%88%E3%83%AA%E3%83%BC%E3%83%88%E3%83%A1%E3%83%B3%E3%83%88%E3%82%B3%E3%83%B3%E3%83%87%E3%82%A3%E3%82%B7%E3%83%A7%E3%83%8A%E3%83%BC+%E3%81%A4%E3%82%81%E3%81%8B%E3%81%88%E7%94%A8+%E8%B6%85%E7%89%B9%E5%A4%A7+1700g HTTP/1.1" 200 53595 "-" "Mozilla/5.0 (Linux; Android 6.0.1; Nexus 5X Build/MMB29P) AppleWebKit/537.36 (KHTML, like Gecko) Chrome/135.0.7049.95 Mobile Safari/537.36 (compatible; Googlebot/2.1; +http://www.google.com/bot.html)"
66.249.74.104 - - [29/Apr/2025:21:23:29 -0400] "GET /?k=3951175169303&channel=d14df3&from=blog.php%3Fid%3D751693-16816%26name%3DUNTITLED%E3%83%AF%E3%83%B3%E3%83%94%E3%83%BC%E3%82%B9%E3%81%A8%E3%82%B8%E3%83%A3%E3%82%B1%E3%83%83%E3%83%88%E3%82%BB%E3%83%83%E3%83%88 HTTP/1.1" 200 52586 "-" "Mozilla/5.0 (Linux; Android 6.0.1; Nexus 5X Build/MMB29P) AppleWebKit/537.36 (KHTML, like Gecko) Chrome/135.0.7049.95 Mobile Safari/537.36 (compatible; Googlebot/2.1; +http://www.google.com/bot.html)"
66.249.74.104 - - [29/Apr/2025:21:23:32 -0400] "GET /?k=708004376109&channel=7d1162&from=product.php%3Fid%3D43761-4425%26name%3D%E3%83%A9%E3%82%B0+%E3%83%91%E3%83%83%E3%83%81%E3%83%AF%E3%83%BC%E3%82%AF+%E6%9F%84+133%C3%97195cm+%E7%B4%84+1.5%E7%95%B3+%E3%81%8A%E3%81%97%E3%82%83%E3%82%8C+%E3%83%99%E3%83%AB%E3%82%AE%E3%83%BC+%E3%83%A9%E3%82%B0%E3%83%9E%E3%83%83%E3%83%88+%E3%82%AB%E3%83%BC%E3%83%9A%E3%83%83%E3%83%88+%E7%B5%A8%E6%AF%AF+%E3%83%AA%E3%83%93%E3%83%B3%E3%82%B0+%E9%95%B7%E6%96%B9%E5%BD%A2+%E9%80%81%E6%96%99%E7%84%A1%E6%96%99 HTTP/1.1" 200 51792 "-" "Mozilla/5.0 (Linux; Android 6.0.1; Nexus 5X Build/MMB29P) AppleWebKit/537.36 (KHTML, like Gecko) Chrome/135.0.7049.95 Mobile Safari/537.36 (compatible; Googlebot/2.1; +http://www.google.com/bot.html)"
66.249.74.103 - - [29/Apr/2025:21:23:36 -0400] "GET /?k=96698140914200&channel=2f00b5&from=category-info.php%3Fid%3D1409142-23992%26name%3D%E3%80%90800%E4%B8%87%E7%94%BB%E7%B4%A0P0E%E3%82%BB%E3%83%83%E3%83%88%E3%80%91POE%E6%9C%89%E7%B7%9A%E6%8E%A5%E7%B6%9A+%E9%98%B2%E7%8A%AF%E3%82%AB%E3%83%A1%E3%83%A9%E3%82%BB%E3%83%83%E3%83%88+Hiseeu+%E5%B1%8B%E5%A4%96%E3%82%BB%E3%82%AD%E3%83%A5%E3%83%AA%E3%83%86%E3%82%A3%E3%82%AB%E3%83%A1%E3%83%A9+12%E3%82%A4%E3%83%B3%E3%83%81+NVR+8%E3%83%81%E3%83%A3%E3%83%B3%E3%83%8D%E3%83%AB HTTP/1.1" 200 52623 "-" "Mozilla/5.0 (Linux; Android 6.0.1; Nexus 5X Build/MMB29P) AppleWebKit/537.36 (KHTML, like Gecko) Chrome/135.0.7049.95 Mobile Safari/537.36 (compatible; Googlebot/2.1; +http://www.google.com/bot.html)"
66.249.74.104 - - [29/Apr/2025:21:23:37 -0400] "GET /?k=0882619284400&channel=973015&from=shop.php%3Fid%3D192844-10070%26name%3DENTRY+GRADE+%E3%83%9E%E3%83%B3%E3%82%BC%E3%83%AD+%E7%AE%B1%E7%97%9B%E3%81%BF%E6%9C%89 HTTP/1.1" 200 51615 "-" "Mozilla/5.0 (Linux; Android 6.0.1; Nexus 5X Build/MMB29P) AppleWebKit/537.36 (KHTML, like Gecko) Chrome/135.0.7049.95 Mobile Safari/537.36 (compatible; Googlebot/2.1; +http://www.google.com/bot.html)"
66.249.74.103 - - [29/Apr/2025:21:23:39 -0400] "GET /?k=82063164092400&channel=25a401&from=product.php%3Fid%3D1640924-22765%26name%3D%E3%81%A1%E3%81%83%E3%81%8B%E3%82%8F+%E3%81%8A%E3%82%82%E3%81%A1%E3%82%82%E3%81%A1%E3%82%82%E3%81%A1%E3%83%9E%E3%82%B9%E3%82%B3%E3%83%83%E5%8D%9C+%E9%83%B5%E4%BE%BF%E5%B1%80%E9%99%90%E5%AE%9A HTTP/1.1" 200 51205 "-" "Mozilla/5.0 (Linux; Android 6.0.1; Nexus 5X Build/MMB29P) AppleWebKit/537.36 (KHTML, like Gecko) Chrome/135.0.7049.95 Mobile Safari/537.36 (compatible; Googlebot/2.1; +http://www.google.com/bot.html)"
66.249.74.103 - - [29/Apr/2025:21:23:42 -0400] "GET /?k=1601542389904&channel=4551ba&from=product.php%3Fid%3D423899-4535%26name%3D%E3%83%97%E3%83%AD%E3%83%88xjr1300%E3%82%B5%E3%83%96%E3%83%95%E3%83%AC%E3%83%BC%E3%83%A0 HTTP/1.1" 200 50352 "-" "Mozilla/5.0 (Linux; Android 6.0.1; Nexus 5X Build/MMB29P) AppleWebKit/537.36 (KHTML, like Gecko) Chrome/135.0.7049.95 Mobile Safari/537.36 (compatible; Googlebot/2.1; +http://www.google.com/bot.html)"
66.249.74.104 - - [29/Apr/2025:21:23:48 -0400] "GET /?k=167445669701&channel=803d97&from=shared.php%3Fid%3D56697-3427%26name%3D%E3%83%8F%E3%83%8B%E3%82%AB%E3%83%A0%E3%82%B9%E3%82%BF%E3%82%A4%E3%83%AB+%E3%82%AB%E3%83%BC%E3%83%95%E3%83%AD%E3%83%B3%E3%83%88%E3%83%95%E3%82%A9%E3%82%B0%E3%83%A9%E3%82%A4%E3%83%88%E3%82%B0%E3%83%AA%E3%83%AB%E3%82%AB%E3%83%90%E3%83%BC+%E3%83%8F%E3%83%8B%E3%82%AB%E3%83%A0%E3%83%95%E3%82%A9%E3%82%B0%E3%83%A9%E3%83%B3%E3%83%97%E3%82%B0%E3%83%AA%E3%83%AB%E3%82%B0%E3%83%AA%E3%83%AB+%E3%82%B0%E3%83%AD%E3%82%B9%E3%83%96%E3%83%A9%E3%83%83%E3%82%AF+%E3%81%A8%E4%BA%92%E6%8F%9B%E6%80%A7%E3%81%8C%E3%81%82%E3%82%8B+Audi HTTP/1.1" 200 51919 "-" "Mozilla/5.0 (Linux; Android 6.0.1; Nexus 5X Build/MMB29P) AppleWebKit/537.36 (KHTML, like Gecko) Chrome/135.0.7049.95 Mobile Safari/537.36 (compatible; Googlebot/2.1; +http://www.google.com/bot.html)"
66.249.74.105 - - [29/Apr/2025:21:23:51 -0400] "GET /?k=6729726251000&channel=59e024&from=info.php%3Fid%3D262510-548%26name%3D175%2F65R15%E3%83%9F%E3%83%8B%E5%B0%82%E7%94%A8%E3%80%80%E3%82%B9%E3%82%BF%E3%83%83%E3%83%89%E3%83%AC%E3%82%B9%E3%82%BB%E3%83%83%E3%83%88 HTTP/1.1" 200 51504 "-" "Mozilla/5.0 (Linux; Android 6.0.1; Nexus 5X Build/MMB29P) AppleWebKit/537.36 (KHTML, like Gecko) Chrome/135.0.7049.95 Mobile Safari/537.36 (compatible; Googlebot/2.1; +http://www.google.com/bot.html)"
66.249.74.105 - - [29/Apr/2025:21:23:55 -0400] "GET /?k=57107196862500&channel=9b1120&from=form.php%3Fid%3D1968625-428%26name%3D%E6%9C%88%E8%A6%8B%E7%AB%B9%E5%8F%96+%E7%8E%8B%E4%B8%80%E5%8D%9A+%E3%83%AF%E3%83%B3%E3%82%A4%E3%83%BC%E3%83%9C%E3%83%BC+%E5%86%99%E7%9C%9F%E9%9B%86+80P+%28B%29 HTTP/1.1" 200 51349 "-" "Mozilla/5.0 (Linux; Android 6.0.1; Nexus 5X Build/MMB29P) AppleWebKit/537.36 (KHTML, like Gecko) Chrome/135.0.7049.95 Mobile Safari/537.36 (compatible; Googlebot/2.1; +http://www.google.com/bot.html)"
52.167.144.25 - - [29/Apr/2025:21:24:02 -0400] "GET /?k=4427475910901&channel=0af57b&from=info.php%3Fid%3D759109-1942%26name%3D%E3%82%B7%E3%83%A3%E3%82%A4%E3%83%8B%E3%83%BC+%E9%9D%92%E6%A3%AE%E3%81%AE%E5%91%B3%EF%BC%81%E3%83%8B%E3%83%B3%E3%82%B8%E3%83%B3%E3%81%A8%E3%83%AA%E3%83%B3%E3%82%B4%E3%82%92%E3%82%AE%E3%83%A5%E3%83%83%EF%BC%81%E6%9E%9C%E3%81%AE%E6%B1%81%E3%82%B9%E3%83%AA%E3%83%A0%E3%83%91%E3%83%83%E3%82%AF+200%EF%BD%8D%EF%BD%8C%C3%9724%E6%9C%AC+%E7%9B%AE%E5%AE%89%E5%9C%A8%E5%BA%AB%3D%E2%97%8B HTTP/1.1" 200 39966 "-" "Mozilla/5.0 AppleWebKit/537.36 (KHTML, like Gecko; compatible; bingbot/2.0; +http://www.bing.com/bingbot.htm) Chrome/116.0.1938.76 Safari/537.36"
66.249.74.104 - - [29/Apr/2025:21:24:03 -0400] "GET /?k=67710120253400&channel=5be219&from=brands.php%3Fid%3D1202534-3778%26name%3DAC%2FDC%E3%82%B3%E3%83%B3%E3%82%BF%E3%82%AF%E3%82%BF+9%2F12%2F18%2F22%2F32%2F40%2F50%2F65%2F75%2F85+DC24V+DC48V+DC110V+DC220V%28 HTTP/1.1" 200 53200 "-" "Mozilla/5.0 (Linux; Android 6.0.1; Nexus 5X Build/MMB29P) AppleWebKit/537.36 (KHTML, like Gecko) Chrome/135.0.7049.95 Mobile Safari/537.36 (compatible; Googlebot/2.1; +http://www.google.com/bot.html)"
66.249.74.105 - - [29/Apr/2025:21:24:06 -0400] "GET /?k=2114713246101&channel=1c5f7c&from=shared.php%3Fid%3D132461-8061%26name%3DELITE+SUITO HTTP/1.1" 200 50342 "-" "Mozilla/5.0 (Linux; Android 6.0.1; Nexus 5X Build/MMB29P) AppleWebKit/537.36 (KHTML, like Gecko) Chrome/135.0.7049.95 Mobile Safari/537.36 (compatible; Googlebot/2.1; +http://www.google.com/bot.html)"
66.249.74.104 - - [29/Apr/2025:21:24:08 -0400] "GET /?k=9986020091804&channel=b5fb28&from=category-info.php%3Fid%3D200918-2402%26name%3D%E3%80%90%E6%A5%B5%E7%BE%8E%E5%93%81%E3%80%91Antique+Noel+ATB-580+FL+%E3%83%95%E3%83%AC%E3%83%83%E3%83%88%E3%83%AC%E3%82%B9%E3%83%99%E3%83%BC%E3%82%B9 HTTP/1.1" 200 50127 "-" "Mozilla/5.0 (Linux; Android 6.0.1; Nexus 5X Build/MMB29P) AppleWebKit/537.36 (KHTML, like Gecko) Chrome/135.0.7049.95 Mobile Safari/537.36 (compatible; Googlebot/2.1; +http://www.google.com/bot.html)"
66.249.74.103 - - [29/Apr/2025:21:24:13 -0400] "GET /?k=3504131827703&channel=73eea9&from=info.php%3Fid%3D318277-8976%26name%3D%E3%80%90%E4%BB%98%E5%B1%9E%E5%93%81%E5%AE%8C%E5%82%99%E3%80%91%E3%83%99%E3%83%93%E3%83%BC%E3%83%A2%E3%83%8B%E3%82%BF%E3%83%BC+KX-HC705-W+%E3%83%91%E3%83%8A%E3%82%BD%E3%83%8B%E3%83%83%E3%82%AF HTTP/1.1" 200 0 "-" "Mozilla/5.0 (Linux; Android 6.0.1; Nexus 5X Build/MMB29P) AppleWebKit/537.36 (KHTML, like Gecko) Chrome/135.0.7049.95 Mobile Safari/537.36 (compatible; GoogleOther)"
66.249.74.103 - - [29/Apr/2025:21:24:14 -0400] "GET /?k=44326110406300&channel=8ea71a&from=product.php%3Fid%3D1104063-3948%26name%3DNo.60%E3%80%8C%E3%81%B2%E3%82%87%E3%81%A3%E3%81%93%E3%82%8A%E3%80%8D%E3%83%8F%E3%83%B3%E3%83%89%E3%83%A1%E3%82%A4%E3%83%89++%E3%83%94%E3%82%A2%E3%82%B9+%E3%82%A4%E3%83%A4%E3%83%AA%E3%83%B3%E3%82%B0 HTTP/1.1" 200 51941 "-" "Mozilla/5.0 (Linux; Android 6.0.1; Nexus 5X Build/MMB29P) AppleWebKit/537.36 (KHTML, like Gecko) Chrome/135.0.7049.95 Mobile Safari/537.36 (compatible; Googlebot/2.1; +http://www.google.com/bot.html)"
66.249.74.103 - - [29/Apr/2025:21:24:16 -0400] "GET /?k=46308199976001&channel=67366a&from=blog.php%3Fid%3D1999760-8669%26name%3D%E3%82%A6%E3%82%A3%E3%83%B3%E3%83%89%E3%82%A6%E3%83%96%E3%83%BC+%E3%83%A9%E3%83%B3%E3%83%80%E3%82%A6%E3%83%B3+%E3%82%B5%E3%83%90%E3%82%A4%E3%83%90%E3%83%AB%E3%83%9D%E3%83%B3%E3%83%81%E3%83%A7+80+%E3%83%AC%E3%82%A4%E3%83%B3%E3%82%B3%E3%83%BC%E3%83%88+%E3%82%AD%E3%83%83%E3%82%BA+%E3%81%99%E3%81%BF%E3%81%A3%E3%81%93+%E3%82%A6%E3%82%A4%E3%83%B3%E3%83%89%E3%83%96%E3%83%AC%E3%83%BC%E3%82%AB%E3%83%BC+%E5%86%AC%E6%9C%8D+%E4%B8%96%E7%94%B0%E8%B0%B7%E3%83%99%E3%83%BC%E3%82%B9%E9%80%9A%E8%B2%A9+%E5%A5%B3 HTTP/1.1" 200 52591 "-" "Mozilla/5.0 (Linux; Android 6.0.1; Nexus 5X Build/MMB29P) AppleWebKit/537.36 (KHTML, like Gecko) Chrome/135.0.7049.95 Mobile Safari/537.36 (compatible; Googlebot/2.1; +http://www.google.com/bot.html)"
66.249.74.103 - - [29/Apr/2025:21:24:25 -0400] "GET /?k=19539121134902&channel=5423c2&from=article.php%3Fid%3D1211349-3261%26name%3D%E3%83%9F%E3%83%A9%E3%83%BC+%E3%82%BF%E3%83%BC%E3%83%B3+%E3%82%B7%E3%82%B0%E3%83%8A%E3%83%AB+%E3%83%A9%E3%82%A4%E3%83%88+Compatible+With+For+Civic+2016+2017+2018+2020+%E3%83%80%E3%82%A4%E3%83%8A HTTP/1.1" 200 53423 "-" "Mozilla/5.0 (Linux; Android 6.0.1; Nexus 5X Build/MMB29P) AppleWebKit/537.36 (KHTML, like Gecko) Chrome/135.0.7049.95 Mobile Safari/537.36 (compatible; Googlebot/2.1; +http://www.google.com/bot.html)"
66.249.74.103 - - [29/Apr/2025:21:24:44 -0400] "GET /?k=00210193482503&channel=e79cd8&from=product.php%3Fid%3D1934825-2557%26name%3D%E3%80%902%E6%9E%9A%E3%82%BB%E3%83%83%E3%83%88%E3%80%91For+Galaxy+S24+SC-51E+%2F+Galaxy+S25%EF%BC%882025%EF%BC%89+6.2%E3%82%A4%E3%83%B3%E3%83%81+%E3%82%AC%E3%83%A9%E3%82%B9%E3%83%95%E3%82%A3%E3%83%AB%E3%83%A0+%E4%BF%9D%E8%AD%B7%E3%83%95 HTTP/1.1" 200 51456 "-" "Mozilla/5.0 (Linux; Android 6.0.1; Nexus 5X Build/MMB29P) AppleWebKit/537.36 (KHTML, like Gecko) Chrome/135.0.7049.95 Mobile Safari/537.36 (compatible; Googlebot/2.1; +http://www.google.com/bot.html)"
66.249.74.104 - - [29/Apr/2025:21:24:50 -0400] "GET /?k=4240042576001&channel=9e7fea&from=article.php%3Fid%3D425760-6008%26name%3D%E3%83%89%E3%83%A9%E3%82%A4%E3%83%96%E3%82%B7%E3%83%A3%E3%83%95%E3%83%88+%E3%83%AA%E3%82%A2%E3%82%A2%E3%82%AF%E3%82%B9%E3%83%AB%E3%83%89%E3%83%A9%E3%82%A4%E3%83%96%E3%82%B7%E3%83%A3%E3%83%95%E3%83%88+%E3%81%9F%E3%82%81+%E7%AF%84%E5%9B%B2+%E3%81%9F%E3%82%81+%E3%83%AD%E3%83%BC%E3%83%90%E3%83%BC%E7%94%A8+%E3%81%9F%E3%82%81+%E3%82%A4%E3%83%B4%E3%82%A9%E3%83%BC%E3%82%AF+L538+2011-Lr061904 HTTP/1.1" 200 52894 "-" "Mozilla/5.0 (Linux; Android 6.0.1; Nexus 5X Build/MMB29P) AppleWebKit/537.36 (KHTML, like Gecko) Chrome/135.0.7049.95 Mobile Safari/537.36 (compatible; Googlebot/2.1; +http://www.google.com/bot.html)"
66.249.74.104 - - [29/Apr/2025:21:24:53 -0400] "GET /?k=4608922796702&channel=30306c&from=info.php%3Fid%3D227967-9928%26name%3D8-4+Temperature+DN20+Safety+Valve+Waterproof+Automatic+Control+Val HTTP/1.1" 200 53255 "-" "Mozilla/5.0 (Linux; Android 6.0.1; Nexus 5X Build/MMB29P) AppleWebKit/537.36 (KHTML, like Gecko) Chrome/135.0.7049.95 Mobile Safari/537.36 (compatible; Googlebot/2.1; +http://www.google.com/bot.html)"
66.249.74.103 - - [29/Apr/2025:21:24:55 -0400] "GET /?k=9729042203800&channel=57b206&from=news.php%3Fid%3D422038-12977%26name%3D%E3%82%8B%E3%81%8B%E3%81%A3%E3%81%B7 HTTP/1.1" 200 0 "-" "Mozilla/5.0 (Linux; Android 6.0.1; Nexus 5X Build/MMB29P) AppleWebKit/537.36 (KHTML, like Gecko) Chrome/135.0.7049.95 Mobile Safari/537.36 (compatible; GoogleOther)"
66.249.74.104 - - [29/Apr/2025:21:24:58 -0400] "GET /?k=92265165629708&channel=48f159&from=info.php%3Fid%3D1656297-19310%26name%3D%E4%BA%94%E6%9C%88%E4%BA%BA%E5%BD%A2+%E5%AD%90%E3%81%A9%E3%82%82%E5%A4%A7%E5%B0%86+%E5%B9%B3%E9%A3%BE%E3%82%8A+%E7%94%B7%E3%81%AE%E5%AD%90+%E5%B9%8540cm%EF%BC%88245to1100%EF%BC%89%E5%A3%B9%E4%B8%89%EF%BC%88%E3%81%84%E3%81%A1%E3%81%9E%E3%81%86%EF%BC%89+%E3%82%82%E3%81%AE%E3%81%AE%E3%81%B5%E7%AB%A5%E8%A6%8B%E5%8F%82+%E4%B8%8A%E6%9D%89+%E8%8F%B1%E9%A3%BE%E3%82%8A%E3%83%99%E3%83%AB%E3%83%99%E3%83%83%E3%83%88%E8%B5%A4+%E5%B0%8F HTTP/1.1" 200 52000 "-" "Mozilla/5.0 (Linux; Android 6.0.1; Nexus 5X Build/MMB29P) AppleWebKit/537.36 (KHTML, like Gecko) Chrome/135.0.7049.95 Mobile Safari/537.36 (compatible; Googlebot/2.1; +http://www.google.com/bot.html)"
66.249.74.104 - - [29/Apr/2025:21:25:01 -0400] "GET /?k=93124165557903&channel=80ee9b&from=news.php%3Fid%3D1655579-549%26name%3DkRANZE.20%E3%82%A4%E3%83%B3%E3%83%81 HTTP/1.1" 200 50868 "-" "Mozilla/5.0 (Linux; Android 6.0.1; Nexus 5X Build/MMB29P) AppleWebKit/537.36 (KHTML, like Gecko) Chrome/135.0.7049.95 Mobile Safari/537.36 (compatible; Googlebot/2.1; +http://www.google.com/bot.html)"
66.249.74.105 - - [29/Apr/2025:21:25:05 -0400] "GET /?k=9100829389805&channel=180954&from=product.php%3Fid%3D293898-11462%26name%3D%E9%98%B2%E5%AF%92%E3%82%BB%E3%83%83%E3%83%88%E3%82%A2%E3%83%83%E3%83%97%E3%83%A1%E3%83%B3%E3%82%BA+%E8%A3%8F%E8%B5%B7%E6%AF%9B+%E3%82%B8%E3%83%A3%E3%82%B1%E3%83%83%E3%83%88+%E3%83%9C%E3%82%A2%E3%83%95%E3%83%AA%E3%83%BC%E3%82%B9%E3%82%B8%E3%83%A3%E3%82%B1%E3%83%83%E3%83%88+%E3%83%A1%E3%83%B3%E3%82%BA+%E3%83%96%E3%83%AB%E3%82%BD%E3%83%B3%E3%82%B8%E3%83%A3%E3%82%B1%E3%83%83%E3%83%88%E3%83%A1%E3%83%B3%E3%82%BA+%E8%96%84%E6%89%8B+%E3%82%BB%E3%83%83%E3%83%88%E3%82%A2%E3%83%83%E3%83%97+%E3%83%8F%E3%82%A4%E3%83%89+%E3%83%A1 HTTP/1.1" 200 52830 "-" "Mozilla/5.0 (Linux; Android 6.0.1; Nexus 5X Build/MMB29P) AppleWebKit/537.36 (KHTML, like Gecko) Chrome/135.0.7049.95 Mobile Safari/537.36 (compatible; Googlebot/2.1; +http://www.google.com/bot.html)"
66.249.74.103 - - [29/Apr/2025:21:25:08 -0400] "GET /?k=00009161405701&channel=51d8c1&from=jp.php%3Fid%3D1614057-25116%26name%3D%E5%B0%8F%E9%89%A2%E3%80%80%E3%82%B9%E3%83%BC%E3%83%97%E3%82%AB%E3%83%83%E3%83%97%E3%80%80%E3%81%A8%E3%82%93%E3%81%99%E3%81%84%E3%80%80%E4%B8%BC%E3%81%B6%E3%82%8A%E3%80%80%E3%81%8A%E6%A4%80%E3%80%80%E3%83%9A%E3%82%A2%E9%A3%9F%E5%99%A8%E3%80%80%E5%B0%8F%E4%B8%BC%E3%83%9A%E3%82%A2%E3%82%BB%E3%83%83%E3%83%88 HTTP/1.1" 200 0 "-" "Mozilla/5.0 (Linux; Android 6.0.1; Nexus 5X Build/MMB29P) AppleWebKit/537.36 (KHTML, like Gecko) Chrome/135.0.7049.95 Mobile Safari/537.36 (compatible; GoogleOther)"
66.249.74.104 - - [29/Apr/2025:21:25:10 -0400] "GET /?k=4523068485501&channel=59481c&from=pin.php%3Fid%3D684855-13592%26name%3D%E3%80%90%E6%9C%AA%E9%96%8B%E5%B0%81%E3%80%91%E3%83%AB%E3%83%B4%E3%82%A3%E3%82%A2%E3%83%AB%E3%83%BC%E3%82%B7%E3%82%A7+%E3%83%98%E3%82%A2%E3%82%AB%E3%83%A9%E3%83%BC%E3%83%88%E3%83%AA%E3%83%BC%E3%83%88%E3%83%A1%E3%83%B3%E3%83%88+%E3%83%96%E3%83%A9%E3%83%83%E3%82%AF+2%E6%9C%AC%E3%82%BB%E3%83%83%E3%83%88 HTTP/1.1" 200 51440 "-" "Mozilla/5.0 (Linux; Android 6.0.1; Nexus 5X Build/MMB29P) AppleWebKit/537.36 (KHTML, like Gecko) Chrome/135.0.7049.95 Mobile Safari/537.36 (compatible; Googlebot/2.1; +http://www.google.com/bot.html)"
66.249.74.103 - - [29/Apr/2025:21:25:11 -0400] "GET /?k=73083111338300&channel=4d6402&from=article.php%3Fid%3D1113383-9452%26name%3D%5B%E3%83%99%E3%83%AB%E3%83%A1%E3%82%BE%E3%83%B3%5D+%E3%83%A9%E3%83%B3%E3%83%89%E3%82%BB%E3%83%AB%E3%83%A9%E3%83%83%E3%82%AF+%E5%AD%90%E3%81%A9%E3%82%82%E7%94%A8%E3%82%B7%E3%82%A7%E3%83%AB%E3%83%95+%E8%87%AA%E5%88%86%E3%81%A7%E5%8F%8E%E7%B4%8D%E3%83%A9%E3%83%83%E3%82%AF+%E3%83%8A%E3%83%81%E3%83%A5%E3%83%A9%E3%83%AB+D HTTP/1.1" 200 53915 "-" "Mozilla/5.0 (Linux; Android 6.0.1; Nexus 5X Build/MMB29P) AppleWebKit/537.36 (KHTML, like Gecko) Chrome/135.0.7049.95 Mobile Safari/537.36 (compatible; Googlebot/2.1; +http://www.google.com/bot.html)"
66.249.74.103 - - [29/Apr/2025:21:25:12 -0400] "GET /?k=71767136418803&channel=594ea7&from=blog.php%3Fid%3D1364188-10724%26name%3D%5B%E3%83%94%E3%83%B3+%E3%82%A2%E3%83%91%E3%83%AC%E3%83%AB%5D+%E3%83%AC%E3%83%87%E3%82%A3%E3%83%BC%E3%82%B9+%E4%B8%AD%E7%B6%BF+%E3%83%95%E3%83%AB%E3%82%B8%E3%83%83%E3%83%97%E3%83%96%E3%83%AB%E3%82%BE%E3%83%B3+%28%E3%82%B9%E3%83%88%E3%83%AC%E3%83%83%E3%83%81%E3%83%BB%E4%BF%9D%E6%B8%A9%29+%2F+%E3%82%B4%E3%83%AB%E3%83%95+%E3%82%A2%E3%82%A6%E3%82%BF%E3%83%BC+%2F+622-4220002 HTTP/1.1" 200 52165 "-" "Mozilla/5.0 (Linux; Android 6.0.1; Nexus 5X Build/MMB29P) AppleWebKit/537.36 (KHTML, like Gecko) Chrome/135.0.7049.95 Mobile Safari/537.36 (compatible; Googlebot/2.1; +http://www.google.com/bot.html)"
66.249.74.103 - - [29/Apr/2025:21:25:14 -0400] "GET /?k=4835060879602&channel=1d9363&from=brands.php%3Fid%3D608796-14495%26name%3DNH310+%E3%83%9D%E3%83%BC%E3%82%BF%E3%83%96%E3%83%AB%E6%AF%94%E8%89%B2%E8%A8%88%E3%83%87%E3%82%B8%E3%82%BF%E3%83%AB+8+%E3%83%9F%E3%83%AA%E3%83%A1%E3%83%BC%E3%83%88%E3%83%AB%2F4+%E3%83%9F%E3%83%AA%E3%83%A1%E3%83%BC%E3%83%88%E3%83%AB%E8%89%B2%E5%B7%AE%E3%83%86%E3%82%B9%E3%82%BF%E3%83%BC%E3%83%A1%E3%83%BC%E3%82%BF%E3%83%BC+%E3%83%9D%E3%83%BC%E3%82%BF%E3%83%96%E3%83%AB%E6%AF%94%E8%89%B2%E8%A8%88%E3%83%84%E3%83%BC%E3%83%AB HTTP/1.1" 200 52397 "-" "Mozilla/5.0 (Linux; Android 6.0.1; Nexus 5X Build/MMB29P) AppleWebKit/537.36 (KHTML, like Gecko) Chrome/135.0.7049.95 Mobile Safari/537.36 (compatible; Googlebot/2.1; +http://www.google.com/bot.html)"
66.249.74.103 - - [29/Apr/2025:21:25:17 -0400] "GET /?k=7974122950102&channel=5b6058&from=info.php%3Fid%3D229501-8764%26name%3D%E3%83%95%E3%82%A3%E3%83%83%E3%83%88%E3%83%8D%E3%82%B9%E3%83%90%E3%82%A4%E3%82%AF+%E3%82%A8%E3%82%A2%E3%83%AD%E3%83%90%E3%82%A4%E3%82%AF+%E5%AE%B6%E5%BA%AD%E7%94%A8+%E3%82%B9%E3%83%94%E3%83%B3%E3%83%90%E3%82%A4%E3%82%AF+%E9%9D%99%E9%9F%B3+%E3%83%88%E3%83%AC%E3%83%BC%E3%83%8B%E3%83%B3%E3%82%B0 HTTP/1.1" 200 53083 "-" "Mozilla/5.0 (Linux; Android 6.0.1; Nexus 5X Build/MMB29P) AppleWebKit/537.36 (KHTML, like Gecko) Chrome/135.0.7049.95 Mobile Safari/537.36 (compatible; Googlebot/2.1; +http://www.google.com/bot.html)"
66.249.74.103 - - [29/Apr/2025:21:25:18 -0400] "GET /?k=12793153728200&channel=5c44ec&from=news.php%3Fid%3D1537282-12285%26name%3D%E9%BB%92%E5%B0%BE+%E3%83%91%E3%83%AA+%E3%83%90%E3%83%BC%E3%82%B9%E3%83%87%E3%82%A4+%E3%82%A2%E3%82%AF%E3%83%AA%E3%83%AB%E3%83%96%E3%83%AD%E3%83%83%E3%82%AF+%E3%82%B7%E3%83%A7%E3%83%AB%E3%83%80%E3%83%BC%E3%83%90%E3%83%83%E3%82%B0 HTTP/1.1" 200 52257 "-" "Mozilla/5.0 (Linux; Android 6.0.1; Nexus 5X Build/MMB29P) AppleWebKit/537.36 (KHTML, like Gecko) Chrome/135.0.7049.95 Mobile Safari/537.36 (compatible; Googlebot/2.1; +http://www.google.com/bot.html)"
66.249.74.103 - - [29/Apr/2025:21:25:18 -0400] "GET /?k=76815198106602&channel=f4ec21&from=article.php%3Fid%3D1981066-20065%26name%3D%E5%B0%8F%E9%B3%A5%E3%81%AE%E6%A8%A1%E6%A7%98%E3%81%AE%E3%83%A1%E3%83%83%E3%82%BB%E3%83%BC%E3%82%B8%E3%82%AB%E3%83%BC%E3%83%89 HTTP/1.1" 200 49602 "-" "Mozilla/5.0 (Linux; Android 6.0.1; Nexus 5X Build/MMB29P) AppleWebKit/537.36 (KHTML, like Gecko) Chrome/135.0.7049.95 Mobile Safari/537.36 (compatible; Googlebot/2.1; +http://www.google.com/bot.html)"
66.249.74.104 - - [29/Apr/2025:21:25:21 -0400] "GET /?k=41467141982501&channel=c65bcf&from=shared.php%3Fid%3D1419825-8634%26name%3D%E2%AD%90%EF%B8%8E%E7%B7%8A%E6%80%A5%E3%82%BB%E3%83%BC%E3%83%AB%E2%AD%90%EF%B8%8E%E3%80%90%E3%82%AA%E3%82%B9%E3%82%B9%E3%83%A1%E3%80%91%E3%80%80%E3%82%A6%E3%83%83%E3%83%89%E3%83%81%E3%82%A7%E3%82%B9%E3%83%88 HTTP/1.1" 200 51201 "-" "Mozilla/5.0 (Linux; Android 6.0.1; Nexus 5X Build/MMB29P) AppleWebKit/537.36 (KHTML, like Gecko) Chrome/135.0.7049.95 Mobile Safari/537.36 (compatible; Googlebot/2.1; +http://www.google.com/bot.html)"
66.249.74.104 - - [29/Apr/2025:21:25:22 -0400] "GET /?k=2865932407201&channel=80ee9b&from=form.php%3Fid%3D324072-549%26name%3D%E3%82%A2%E3%83%94%E3%82%AA%E3%80%80APIO+%E3%82%B8%E3%83%A0%E3%83%8B%E3%83%BC%E3%82%B9%E3%83%81%E3%83%BC%E3%83%AB%E3%83%AA%E3%82%A2%E3%83%A9%E3%83%80%E3%83%BC%E3%83%BB%E3%83%8A%E3%83%AD%E3%83%BC%E3%82%BF%E3%82%A4%E3%83%97%EF%BC%88JB64%EF%BC%8CJB74%EF%BC%89 HTTP/1.1" 200 52259 "-" "Mozilla/5.0 (Linux; Android 6.0.1; Nexus 5X Build/MMB29P) AppleWebKit/537.36 (KHTML, like Gecko) Chrome/135.0.7049.95 Mobile Safari/537.36 (compatible; Googlebot/2.1; +http://www.google.com/bot.html)"
66.249.74.103 - - [29/Apr/2025:21:25:24 -0400] "GET /?k=147365490000&channel=8069b0&from=info.php%3Fid%3D54900-1727%26name%3DHEAD+PORTER+%E3%83%8B%E3%83%A5%E3%83%BC+%E3%82%A6%E3%82%A8%E3%82%B9%E3%83%88%E3%83%90%E3%83%83%E3%82%B0+BLACK+BEAUTY HTTP/1.1" 200 52123 "-" "Mozilla/5.0 (Linux; Android 6.0.1; Nexus 5X Build/MMB29P) AppleWebKit/537.36 (KHTML, like Gecko) Chrome/135.0.7049.95 Mobile Safari/537.36 (compatible; Googlebot/2.1; +http://www.google.com/bot.html)"
2a06:98c0:3600::103 - - [29/Apr/2025:21:25:24 -0400] "GET /wp-admin/setup-config.php HTTP/1.1" 200 0 "-" "Mozilla/5.0 (Windows NT 10.0; Win64; x64) AppleWebKit/537.36 (KHTML, like Gecko) Chrome/135.0.0.0 Safari/537.36"
66.249.74.104 - - [29/Apr/2025:21:25:25 -0400] "GET /?k=72018179158400&channel=baa29b&from=shop.php%3Fid%3D1791584-26617%26name%3DCAMPINGMOON+%E3%82%AD%E3%83%A3%E3%83%B3%E3%83%94%E3%83%B3%E3%82%B0%E3%82%B9%E3%83%88%E3%83%BC%E3%83%96%E3%82%AD%E3%83%A3%E3%83%AA%E3%83%BC%E3%82%B1%E3%83%BC%E3%82%B9+Coleman+2%E3%83%90%E3%83%BC%E3%83%8A%E3%83%BC%E3%82%B9%E3%83%88%E3%83%BC%E3%83%96%E7%94%A8+%E3%82%AD%E3%83%A3%E3%83%B3%E3%83%90%E3%82%B9+CM-B+%E3%82%AC%E3%82%B9%E7%87%83%E6%96%99%E7%94%A8%E3%83%9D HTTP/1.1" 200 52994 "-" "Mozilla/5.0 (Linux; Android 6.0.1; Nexus 5X Build/MMB29P) AppleWebKit/537.36 (KHTML, like Gecko) Chrome/135.0.7049.95 Mobile Safari/537.36 (compatible; Googlebot/2.1; +http://www.google.com/bot.html)"
66.249.74.104 - - [29/Apr/2025:21:25:30 -0400] "GET /?k=3572178342102&channel=feb2a2&from=jp.php%3Fid%3D783421-11204%26name%3D%E3%83%AD%E3%83%B3%E3%82%B0%E3%82%AB%E3%83%BC%E3%83%9A%E3%83%83%E3%83%88+%E3%82%AB%E3%83%BC%E3%83%9A%E3%83%83%E3%83%88+%E3%83%9F%E3%83%8B%E3%83%9E%E3%83%AA%E3%82%B9%E3%83%88+%E3%82%B0%E3%83%AC%E3%83%BC+%E3%83%A9%E3%83%B3%E3%83%8A%E3%83%BC+%E3%83%A9%E3%82%B0%E3%80%81%E5%BF%AB%E9%81%A9%E3%81%AA%E6%BB%91%E3%82%8A%E6%AD%A2%E3%82%81%E3%83%95%E3%82%A1%E3%82%A4%E3%83%90%E3%83%BC%E5%BB%8A%E4%B8%8B%E3%83%9E%E3%83%83%E3%83%88%E3%80%81%E8%87%AA%E7%94%B1%E3%81%AB%E3%82%AB%E3%83%83%E3%83%88%E5%8F%AF%E8%83%BD+%28%E3%83%9E%E3%83%AB%E3%83%81%E3%82%AB HTTP/1.1" 200 53744 "-" "Mozilla/5.0 (Linux; Android 6.0.1; Nexus 5X Build/MMB29P) AppleWebKit/537.36 (KHTML, like Gecko) Chrome/135.0.7049.95 Mobile Safari/537.36 (compatible; Googlebot/2.1; +http://www.google.com/bot.html)"
66.249.74.103 - - [29/Apr/2025:21:25:32 -0400] "GET /?k=5200476897303&channel=fa426e&from=goods.php%3Fid%3D768973-15995%26name%3DCROCODILE+%E3%82%AF%E3%83%AD%E3%82%B3%E3%83%80%E3%82%A4%E3%83%AB+%E3%83%95%E3%83%AA%E3%83%BC%E3%82%B9+%E3%83%9C%E3%82%A2%E3%82%B8%E3%83%A3%E3%82%B1%E3%83%83%E3%83%88+M%E3%82%B5%E3%82%A4%E3%82%BA+%E3%83%99%E3%83%BC%E3%82%B8%E3%83%A5 HTTP/1.1" 200 51748 "-" "Mozilla/5.0 (Linux; Android 6.0.1; Nexus 5X Build/MMB29P) AppleWebKit/537.36 (KHTML, like Gecko) Chrome/135.0.7049.95 Mobile Safari/537.36 (compatible; Googlebot/2.1; +http://www.google.com/bot.html)"
66.249.74.104 - - [29/Apr/2025:21:25:33 -0400] "GET /?k=61705110120701&channel=c6755a&from=jp.php%3Fid%3D1101207-18438%26name%3D%E3%81%8A%E5%80%A4%E4%B8%8B%E3%81%92%E4%B8%AD%E2%99%AA%E3%83%8F%E3%83%BC%E3%83%90%E3%83%AA%E3%82%A6%E3%83%A0%E2%99%AA%E3%83%8A%E3%83%81%E3%83%A5%E3%83%A9%E3%83%AB%E3%82%B0%E3%83%AA%E3%83%BC%E3%83%B31%E7%82%B9 HTTP/1.1" 200 51613 "-" "Mozilla/5.0 (Linux; Android 6.0.1; Nexus 5X Build/MMB29P) AppleWebKit/537.36 (KHTML, like Gecko) Chrome/135.0.7049.95 Mobile Safari/537.36 (compatible; Googlebot/2.1; +http://www.google.com/bot.html)"
66.249.74.103 - - [29/Apr/2025:21:25:35 -0400] "GET /?k=47940156584600&channel=c77be9&from=form.php%3Fid%3D1565846-19234%26name%3D%E3%83%87%E3%82%B8%E3%83%A2%E3%83%B3%E3%82%AB%E3%83%BC%E3%83%89%E3%80%80%E3%83%99%E3%83%AB%E3%82%B9%E3%82%BF%E3%83%BC%E3%83%A2%E3%83%B3%E3%80%80%E3%83%95%E3%83%A9%E3%82%A4%E3%83%90%E3%83%AC%E3%83%83%E3%83%88%E3%80%80%E3%83%91%E3%83%A9%E3%83%AC%E3%83%AB3%E6%9E%9A%E3%81%9A%E3%81%A4%E3%80%80%E3%82%B9%E3%83%AA%E3%83%BC%E3%83%963%E3%81%A4 HTTP/1.1" 200 51971 "-" "Mozilla/5.0 (Linux; Android 6.0.1; Nexus 5X Build/MMB29P) AppleWebKit/537.36 (KHTML, like Gecko) Chrome/135.0.7049.95 Mobile Safari/537.36 (compatible; Googlebot/2.1; +http://www.google.com/bot.html)"
66.249.74.103 - - [29/Apr/2025:21:25:35 -0400] "GET /?k=79838178683402&channel=a35eb7&from=product.php%3Fid%3D1786834-4143%26name%3D%E3%83%86%E3%83%BC%E3%83%AB%E3%82%B2%E3%83%BC%E3%83%88%E3%83%AD%E3%83%83%E3%82%AF+%E3%83%9E%E3%83%84%E3%83%80+3+%E3%82%A2%E3%82%AF%E3%82%BB%E3%83%A9%E7%94%A8%E3%82%BB%E3%83%80%E3%83%B3%E3%83%9E%E3%83%84%E3%83%80+6+GH+2008-2010+2011+2012+%E8%BB%8A%E3%81%AE%E3%83%AA%E3%82%A2%E3%83%88%E3%83%A9%E3%83%B3%E3%82%AF%E3%83%AD%E3%83%83%E3%82%AF%E3%83%A2%E3%83%BC HTTP/1.1" 200 52012 "-" "Mozilla/5.0 (Linux; Android 6.0.1; Nexus 5X Build/MMB29P) AppleWebKit/537.36 (KHTML, like Gecko) Chrome/135.0.7049.95 Mobile Safari/537.36 (compatible; Googlebot/2.1; +http://www.google.com/bot.html)"
66.249.74.104 - - [29/Apr/2025:21:25:37 -0400] "GET /?k=8472993410701&channel=2c9b64&from=news.php%3Fid%3D934107-14708%26name%3D%E3%83%91%E3%83%BC%E3%82%AD%E3%83%B3%E3%82%B0%E3%83%8F%E3%83%B3%E3%83%89%E3%83%96%E3%83%AC%E3%83%BC%E3%82%AD%E3%83%9C%E3%82%BF%E3%83%B3+Compatible+With+A3+S3+For+RS3+2013+2014+2015+2016 HTTP/1.1" 200 51780 "-" "Mozilla/5.0 (Linux; Android 6.0.1; Nexus 5X Build/MMB29P) AppleWebKit/537.36 (KHTML, like Gecko) Chrome/135.0.7049.95 Mobile Safari/537.36 (compatible; Googlebot/2.1; +http://www.google.com/bot.html)"
66.249.74.103 - - [29/Apr/2025:21:25:37 -0400] "GET /?k=5085293493909&channel=0fc578&from=info.php%3Fid%3D934939-3169%26name%3DNikon+%E3%83%8B%E3%82%B3%E3%83%B3+AF-S+NIKKOR+50mm+f1.8G+%E7%BE%8E%E5%93%81+%E5%8B%95%E4%BD%9C%E6%AD%A3%E5%B8%B8 HTTP/1.1" 200 50757 "-" "Mozilla/5.0 (Linux; Android 6.0.1; Nexus 5X Build/MMB29P) AppleWebKit/537.36 (KHTML, like Gecko) Chrome/135.0.7049.95 Mobile Safari/537.36 (compatible; Googlebot/2.1; +http://www.google.com/bot.html)"
66.249.74.106 - - [29/Apr/2025:21:25:42 -0400] "GET /?k=18987103136101&channel=ccc816&from=category-info.php%3Fid%3D1031361-10420%26name%3D%E3%83%9E%E3%83%BC%E3%82%BA%E3%83%BB%E3%82%A2%E3%82%BF%E3%83%83%E3%82%AF%E3%82%B9+%E3%83%89%E3%82%A5%E3%83%BC%E3%83%A0%E3%83%BB%E3%82%BD%E3%83%BC%E3%82%B5%E3%83%BC+%EF%BC%B4%EF%BD%8F%EF%BD%90%EF%BD%90%EF%BD%93%E7%89%88+%E5%86%86%E7%9B%A4+%E3%83%91%E3%83%83%E3%82%B1%E3%83%BC%E3%82%B8%E5%86%85%E3%81%AB%E8%8B%B1%E6%96%87%E3%81%AE%E8%AA%AC%E6%98%8E%E6%9B%B8%E6%9C%89%E3%82%8A+C+%EF%BC%91%EF%BC%99%EF%BC%99%EF%BC%96 HTTP/1.1" 200 53200 "-" "Mozilla/5.0 (Linux; Android 6.0.1; Nexus 5X Build/MMB29P) AppleWebKit/537.36 (KHTML, like Gecko) Chrome/135.0.7049.95 Mobile Safari/537.36 (compatible; Googlebot/2.1; +http://www.google.com/bot.html)"
66.249.74.104 - - [29/Apr/2025:21:25:46 -0400] "GET /?k=07125157788603&channel=b04ede&from=info.php%3Fid%3D1577886-1517%26name%3D%E4%B8%AD%E5%BA%AD%E8%A3%85%E9%A3%BE+%E9%87%91%E5%B1%9E%E8%A3%85%E9%A3%BE%E9%A2%A8%E5%90%91%E8%A8%88+%E9%A2%A8%E5%90%91%E8%A8%88+%E7%8C%AB%E9%A2%A8%E5%90%91%E8%A8%88+%E9%89%84%E5%B1%8B%E6%A0%B9%E5%BA%AD%E7%94%A8+%E5%B1%8B%E5%A4%96%E5%BA%AD%E8%A3%85%E9%A3%BE+%E9%A2%A8%E5%90%91%E8%A8%88+%E5%BA%AD%E3%82%AD%E3%83%A5%E3%83%BC%E3%83%9D%E3%83%A9+%E8%BE%B2%E5%A0%B4%E5%B0%8F%E5%B1%8B%E7%94%A8 HTTP/1.1" 200 53200 "-" "Mozilla/5.0 (Linux; Android 6.0.1; Nexus 5X Build/MMB29P) AppleWebKit/537.36 (KHTML, like Gecko) Chrome/135.0.7049.95 Mobile Safari/537.36 (compatible; Googlebot/2.1; +http://www.google.com/bot.html)"
66.249.74.104 - - [29/Apr/2025:21:25:49 -0400] "GET /?k=99553133678103&channel=f34318&from=category-info.php%3Fid%3D1336781-8384%26name%3D%E3%82%BF%E3%82%A4%E3%83%A4%E7%A9%BA%E6%B0%97%E5%9C%A7%E3%82%BB%E3%83%B3%E3%82%B5%E3%83%BC+Compatible+with+Peugeot+for+207+SW+2013+2014+2015+2016 HTTP/1.1" 200 51966 "-" "Mozilla/5.0 (Linux; Android 6.0.1; Nexus 5X Build/MMB29P) AppleWebKit/537.36 (KHTML, like Gecko) Chrome/135.0.7049.95 Mobile Safari/537.36 (compatible; Googlebot/2.1; +http://www.google.com/bot.html)"
66.249.74.104 - - [29/Apr/2025:21:25:54 -0400] "GET /?k=04824199693800&channel=6baf73&from=brands.php%3Fid%3D1996938-490%26name%3D%E3%80%90%E3%83%90%E3%83%B3%E3%83%80%E3%82%A4+%E3%83%8A%E3%83%A0%E3%82%B3%E3%82%A8%E3%83%B3%E3%82%BF%E3%83%BC%E3%83%86%E3%82%A4%E3%83%B3%E3%83%A1%E3%83%B3%E3%83%88+ONE+PIECE+FILM+RED+%E3%82%A6%E3%82%BF+%E3%83%88%E3%83%AC%E3%83%BC%E3%83%87%E3%82%A3%E3%83%B3%E3%82%B0%E3%82%AB%E3%83%BC%E3%83%89+OP01-005%E3%80%91R+%E3%83%AC%E3%82%A2+%E6%9C%AA%E9%96%8B%E5%B0%81+%E6%9C%AA%E4%BD%BF%E7%94%A8 HTTP/1.1" 200 51962 "-" "Mozilla/5.0 (Linux; Android 6.0.1; Nexus 5X Build/MMB29P) AppleWebKit/537.36 (KHTML, like Gecko) Chrome/135.0.7049.95 Mobile Safari/537.36 (compatible; Googlebot/2.1; +http://www.google.com/bot.html)"
52.167.144.146 - - [29/Apr/2025:21:25:56 -0400] "GET /?k=50196103293804&channel=baf5a3&from=info.php%3Fid%3D1032938-9747%26name%3D%5BRssdaaacz%5D+%E3%82%BF%E3%82%AD%E3%82%B7%E3%83%BC%E3%83%89%E7%94%B7%E6%80%A7%E3%82%AE%E3%83%95%E3%83%88%E7%94%A8%E3%83%A1%E3%83%B3%E3%82%BA%E3%82%BD%E3%83%AA%E3%83%83%E3%83%89%E3%83%9B%E3%83%AF%E3%82%A4%E3%83%88%E3%82%B9%E3%83%BC%E3%83%84%E3%83%99%E3%82%B9%E3%83%88%E3%82%B7%E3%83%AB%E3%82%AF%E3%83%81%E3%83%A7%E3%83%83%E3%82%AD%E3%83%95%E3%82%A9%E3%83%BC%E3%83%9E%E3%83%AB%E3%83%9A%E3%82%A4%E3%82%BA%E3%83%AA%E3%83%BC%E3%83%8D%E3%82%AF%E3%82%BF%E3%82%A4%E3%82%AB%E3%83%95%E3%82%B9%E3%83%9D%E3%82%B1 HTTP/1.1" 200 40837 "-" "Mozilla/5.0 AppleWebKit/537.36 (KHTML, like Gecko; compatible; bingbot/2.0; +http://www.bing.com/bingbot.htm) Chrome/116.0.1938.76 Safari/537.36"
66.249.74.105 - - [29/Apr/2025:21:25:57 -0400] "GET /?k=9712828348500&channel=8506b5&from=category-info.php%3Fid%3D283485-11320%26name%3D%E4%BD%BF%E7%94%A8%E6%B8%88%E6%B5%B7%E5%A4%96%E5%8F%A4%E5%88%87%E6%89%8B+%E5%8F%B0%E6%B9%BE HTTP/1.1" 200 52182 "-" "Mozilla/5.0 (Linux; Android 6.0.1; Nexus 5X Build/MMB29P) AppleWebKit/537.36 (KHTML, like Gecko) Chrome/135.0.7049.95 Mobile Safari/537.36 (compatible; Googlebot/2.1; +http://www.google.com/bot.html)"
66.249.74.107 - - [29/Apr/2025:21:25:59 -0400] "GET /?k=56034189133305&channel=ab49b7&from=category-info.php%3Fid%3D1891333-11583%26name%3D%E6%96%87%E9%B3%A5+%E3%81%B2%E3%81%AA%E7%A5%AD%E3%82%8A%E3%82%BF%E3%83%9A%E3%82%B9%E3%83%88%E3%83%AA%E3%83%BC+%E6%A1%9C%E3%83%9E%E3%82%B9%E3%82%AD%E3%83%B3%E3%82%B0%E3%83%86%E3%83%BC%E3%83%97 HTTP/1.1" 200 53107 "-" "Mozilla/5.0 (Linux; Android 6.0.1; Nexus 5X Build/MMB29P) AppleWebKit/537.36 (KHTML, like Gecko) Chrome/135.0.7049.95 Mobile Safari/537.36 (compatible; Googlebot/2.1; +http://www.google.com/bot.html)"
66.249.74.104 - - [29/Apr/2025:21:26:01 -0400] "GET /?k=7961172861600&channel=89055c&from=shared.php%3Fid%3D728616-11852%26name%3D%E3%80%90%E6%96%B0%E5%93%81%E3%83%BB2%E5%96%B6%E6%A5%AD%E6%97%A5%E3%81%A7%E7%99%BA%E9%80%81%E3%80%91TRUSCO+%E3%83%88%E3%83%A9%E3%82%B9%E3%82%B3%E4%B8%AD%E5%B1%B1+%EF%BC%B4%EF%BC%B2%EF%BC%B5%EF%BC%B3%EF%BC%A3%EF%BC%AF%E3%80%80%E3%83%80%E3%82%A4%E3%83%A4%E3%83%A2%E3%83%B3%E3%83%89%E3%83%9A%E3%83%BC%E3%82%B9%E3%83%88%EF%BC%93%E3%83%9F%E3%82%AF%E3%83%AD%E3%83%B3+TDP-03+2874253 HTTP/1.1" 200 52330 "-" "Mozilla/5.0 (Linux; Android 6.0.1; Nexus 5X Build/MMB29P) AppleWebKit/537.36 (KHTML, like Gecko) Chrome/135.0.7049.95 Mobile Safari/537.36 (compatible; Googlebot/2.1; +http://www.google.com/bot.html)"
66.249.74.104 - - [29/Apr/2025:21:26:05 -0400] "GET /?k=98942183534500&channel=ef1598&from=shared.php%3Fid%3D1835345-16967%26name%3D%E8%80%B3%E3%83%84%E3%83%9C%E3%82%B8%E3%83%A5%E3%82%A8%E3%83%AA%E3%83%BC%2F%E3%82%AB%E3%83%A9%E3%83%95%E3%83%AB%E3%82%B9%E3%83%88%E3%83%BC%E3%83%B3 HTTP/1.1" 200 0 "-" "Mozilla/5.0 (Linux; Android 6.0.1; Nexus 5X Build/MMB29P) AppleWebKit/537.36 (KHTML, like Gecko) Chrome/135.0.7049.95 Mobile Safari/537.36 (compatible; GoogleOther)"
66.249.74.104 - - [29/Apr/2025:21:26:06 -0400] "GET /?k=15513166895702&channel=468fcc&from=news.php%3Fid%3D1668957-4103%26name%3D%E3%82%B4%E3%83%AB%E3%83%95%E5%BC%BE%E9%81%93%E6%B8%AC%E5%AE%9A%E6%A9%9F HTTP/1.1" 200 51345 "-" "Mozilla/5.0 (Linux; Android 6.0.1; Nexus 5X Build/MMB29P) AppleWebKit/537.36 (KHTML, like Gecko) Chrome/135.0.7049.95 Mobile Safari/537.36 (compatible; Googlebot/2.1; +http://www.google.com/bot.html)"
66.249.74.103 - - [29/Apr/2025:21:26:10 -0400] "GET /?k=67217170117900&channel=062224&from=product.php%3Fid%3D1701179-9268%26name%3DA.P.C.+%E3%82%A2%E3%83%BC%E3%83%9A%E3%83%BC%E3%82%BB%E3%83%BC%E3%80%80%E3%83%95%E3%83%A9%E3%82%B0%E3%83%A1%E3%83%B3%E3%83%88%E3%82%B1%E3%83%BC%E3%82%B9%E3%80%80%E3%82%AB%E3%83%BC%E3%83%89%E3%82%B1%E3%83%BC%E3%82%B9 HTTP/1.1" 200 51365 "-" "Mozilla/5.0 (Linux; Android 6.0.1; Nexus 5X Build/MMB29P) AppleWebKit/537.36 (KHTML, like Gecko) Chrome/135.0.7049.95 Mobile Safari/537.36 (compatible; Googlebot/2.1; +http://www.google.com/bot.html)"
66.249.74.104 - - [29/Apr/2025:21:26:12 -0400] "GET /?k=8408622678802&channel=a005d6&from=shared.php%3Fid%3D226788-9251%26name%3D%E6%A9%9F%E5%8B%95%E6%88%A6%E5%A3%AB%E3%82%AC%E3%83%B3%E3%83%80%E3%83%A0SEED%E3%80%80%E3%82%AC%E3%83%B3%E3%83%97%E3%83%A9%E3%80%80PG+1%2F60+%E3%82%B9%E3%83%88%E3%83%A9%E3%82%A4%E3%82%AF%E3%82%AC%E3%83%B3%E3%83%80%E3%83%A0%E3%80%80%E5%AE%8C%E6%88%90%E5%93%81 HTTP/1.1" 200 50000 "-" "Mozilla/5.0 (Linux; Android 6.0.1; Nexus 5X Build/MMB29P) AppleWebKit/537.36 (KHTML, like Gecko) Chrome/135.0.7049.95 Mobile Safari/537.36 (compatible; Googlebot/2.1; +http://www.google.com/bot.html)"
66.249.74.104 - - [29/Apr/2025:21:26:17 -0400] "GET /?k=48612153770202&channel=62da0d&from=product.php%3Fid%3D1537702-12081%26name%3D%E3%82%BB%E3%83%AA%E3%82%A2%E3%80%80%E3%82%AD%E3%83%A9%E3%82%AD%E3%83%A9%E3%82%B7%E3%83%BC%E3%82%AF%E3%83%AC%E3%83%83%E3%83%88%E3%83%9A%E3%83%B3%E3%80%802%E6%9C%AC%E3%82%BB%E3%83%83%E3%83%88 HTTP/1.1" 200 52323 "-" "Mozilla/5.0 (Linux; Android 6.0.1; Nexus 5X Build/MMB29P) AppleWebKit/537.36 (KHTML, like Gecko) Chrome/135.0.7049.95 Mobile Safari/537.36 (compatible; Googlebot/2.1; +http://www.google.com/bot.html)"
66.249.74.103 - - [29/Apr/2025:21:26:20 -0400] "GET /?k=81951101169506&channel=bcf08b&from=shop.php%3Fid%3D1011695-3957%26name%3D%E7%A4%BE%E4%BA%A4%E3%83%80%E3%83%B3%E3%82%B9%E3%83%89%E3%83%AC%E3%82%B9+%E3%83%A2%E3%83%80%E3%83%B3%E3%83%80%E3%83%B3%E3%82%B9%E3%80%80%E5%88%BA%E7%B9%8D+%E3%82%AD%E3%83%A9%E3%82%AD%E3%83%A9%E3%80%80%E3%82%B7%E3%83%A3%E3%83%B3%E3%83%91%E3%83%B3++S+M+L HTTP/1.1" 200 50589 "-" "Mozilla/5.0 (Linux; Android 6.0.1; Nexus 5X Build/MMB29P) AppleWebKit/537.36 (KHTML, like Gecko) Chrome/135.0.7049.95 Mobile Safari/537.36 (compatible; Googlebot/2.1; +http://www.google.com/bot.html)"
66.249.74.103 - - [29/Apr/2025:21:26:24 -0400] "GET /?k=49815105950501&channel=cea04f&from=news.php%3Fid%3D1059505-12256%26name%3D%E3%80%8A%E4%B8%AD%E5%8F%A4%E3%80%8B%E3%82%A6%E3%83%AB%E3%83%88%E3%83%A9%E3%82%B9%E3%83%88%E3%83%AA%E3%83%BC%E3%83%88%E3%83%95%E3%82%A1%E3%82%A4%E3%82%BF%E3%83%BC%E3%82%BAII+%E3%83%95%E3%82%A1%E3%82%A4%E3%83%8A%E3%83%AB%E3%83%81%E3%83%A3%E3%83%AC%E3%83%B3%E3%82%B8%E3%83%A3%E3%83%BC%E3%82%BA HTTP/1.1" 200 52353 "-" "Mozilla/5.0 (Linux; Android 6.0.1; Nexus 5X Build/MMB29P) AppleWebKit/537.36 (KHTML, like Gecko) Chrome/135.0.7049.95 Mobile Safari/537.36 (compatible; Googlebot/2.1; +http://www.google.com/bot.html)"
66.249.74.104 - - [29/Apr/2025:21:26:29 -0400] "GET /?k=32208164889000&channel=70c4da&from=form.php%3Fid%3D1648890-25487%26name%3D%E9%80%81%E6%96%99%E8%BE%BC%E3%81%BF%E3%83%A4%E3%83%9E%E3%83%8FNS-100M%E3%83%89%E3%83%BC%E3%83%A0%E3%83%BC%E3%82%B9%E3%82%B3%E3%83%BC%E3%82%AB%E3%83%BC%E5%8D%98%E5%93%81%E5%8B%95%E4%BD%9C%E5%93%81s307 HTTP/1.1" 200 54043 "-" "Mozilla/5.0 (Linux; Android 6.0.1; Nexus 5X Build/MMB29P) AppleWebKit/537.36 (KHTML, like Gecko) Chrome/135.0.7049.95 Mobile Safari/537.36 (compatible; Googlebot/2.1; +http://www.google.com/bot.html)"
66.249.74.104 - - [29/Apr/2025:21:26:32 -0400] "GET /?k=2011241522000&channel=a647ce&from=goods.php%3Fid%3D415220-3266%26name%3D%E3%82%A7%E3%83%B3%E3%83%80%E3%83%BC%E3%82%BF%E3%83%BC%E3%83%B3%E3%82%B7%E3%82%B0%E3%83%8A%E3%83%AB%E3%83%A9%E3%82%A4+Q7%E7%94%A8+2010-2015+%E8%BB%8A%E3%81%AE%E3%82%BF%E3%83%BC%E3%83%B3%E3%82%B7%E3%82%B0%E3%83%8A%E3%83%AB%E3%83%A9%E3%83%B3%E3%83%97%E3%83%A9%E3%83%B3%E3%83%8B%E3%83%B3%E3%82%B0%E3%83%A9%E3%83%B3%E3%83%97%E3%82%BF%E3%83%BC%E3%83%B3%E3%82%B7%E3%82%B0%E3%83%8A%E3%83%AB%E3%83%A9%E3%82%A4%E3%83%88+11+%E3%83%A9%E3%82%A4%E3%83%88 HTTP/1.1" 200 53164 "-" "Mozilla/5.0 (Linux; Android 6.0.1; Nexus 5X Build/MMB29P) AppleWebKit/537.36 (KHTML, like Gecko) Chrome/135.0.7049.95 Mobile Safari/537.36 (compatible; Googlebot/2.1; +http://www.google.com/bot.html)"
2a06:98c0:3600::103 - - [29/Apr/2025:21:26:34 -0400] "GET /wordpress/wp-admin/setup-config.php HTTP/1.1" 200 0 "-" "Mozilla/5.0 (Windows NT 10.0; Win64; x64) AppleWebKit/537.36 (KHTML, like Gecko) Chrome/135.0.0.0 Safari/537.36"
66.249.74.103 - - [29/Apr/2025:21:26:34 -0400] "GET /?k=8926096989101&channel=ca8450&from=info.php%3Fid%3D969891-19156%26name%3D%E5%A4%9A%E8%82%89%E6%A4%8D%E7%89%A9%E3%80%80%E4%B8%B8%E8%91%89%E4%B8%87%E5%B9%B4%E8%8D%89%E3%80%80%E3%82%BB%E3%83%80%E3%83%A0 HTTP/1.1" 200 50677 "-" "Mozilla/5.0 (Linux; Android 6.0.1; Nexus 5X Build/MMB29P) AppleWebKit/537.36 (KHTML, like Gecko) Chrome/135.0.7049.95 Mobile Safari/537.36 (compatible; Googlebot/2.1; +http://www.google.com/bot.html)"
66.249.74.104 - - [29/Apr/2025:21:26:39 -0400] "GET /?k=8419124037602&channel=0c3547&from=brands.php%3Fid%3D240376-5343%26name%3D%E3%83%8B%E3%83%88%E3%83%AA+N%E3%83%9D%E3%83%AB%E3%83%80%E5%B0%82%E7%94%A8+%E8%BF%BD%E5%8A%A0L%E5%9E%8B%E3%82%B3%E3%83%BC%E3%83%8A%E3%83%BC%E3%83%91%E3%83%BC%E3%83%84+%E5%B9%8580+%E3%83%9F%E3%83%89%E3%83%AB%E3%83%96%E3%83%A9%E3%82%A6%E3%83%B3 HTTP/1.1" 200 51232 "-" "Mozilla/5.0 (Linux; Android 6.0.1; Nexus 5X Build/MMB29P) AppleWebKit/537.36 (KHTML, like Gecko) Chrome/135.0.7049.95 Mobile Safari/537.36 (compatible; Googlebot/2.1; +http://www.google.com/bot.html)"
66.249.74.103 - - [29/Apr/2025:21:26:42 -0400] "GET /?k=12975174531200&channel=34f3f4&from=blog.php%3Fid%3D1745312-1981%26name%3DHERMES++%E3%83%95%E3%83%AA%E3%83%A5%E3%82%A4%E3%83%89%E3%80%80%E3%82%B9%E3%82%AB%E3%83%BC%E3%83%8836 HTTP/1.1" 200 51945 "-" "Mozilla/5.0 (Linux; Android 6.0.1; Nexus 5X Build/MMB29P) AppleWebKit/537.36 (KHTML, like Gecko) Chrome/135.0.7049.95 Mobile Safari/537.36 (compatible; Googlebot/2.1; +http://www.google.com/bot.html)"
66.249.74.103 - - [29/Apr/2025:21:26:44 -0400] "GET /?k=64914115877304&channel=03aef9&from=form.php%3Fid%3D1158773-1343%26name%3D%E3%83%9B%E3%83%B3%E3%83%80+%E7%94%A8+CB650R+CB+650+R+650R+2021+2022+2023+%E3%82%AA%E3%83%BC%E3%83%88%E3%83%90%E3%82%A4%E3%83%AA%E3%82%A2+%E3%83%8A%E3%83%B3%E3%83%90%E3%83%BC%E3%83%97%E3%83%AC%E3%83%BC%E3%83%88%E3%83%9B%E3%83%AB%E3%83%80%E3%83%BC%E3%83%86%E3%83%BC%E3%83%AB%E3%82%B9 HTTP/1.1" 200 53120 "-" "Mozilla/5.0 (Linux; Android 6.0.1; Nexus 5X Build/MMB29P) AppleWebKit/537.36 (KHTML, like Gecko) Chrome/135.0.7049.95 Mobile Safari/537.36 (compatible; Googlebot/2.1; +http://www.google.com/bot.html)"
66.249.74.103 - - [29/Apr/2025:21:26:48 -0400] "GET /?k=8283658965700&channel=6b26f7&from=pin.php%3Fid%3D589657-5688%26name%3D%E3%83%88%E3%83%A9%E3%83%B3%E3%82%B9%E3%83%9F%E3%83%83%E3%82%B7%E3%83%A7%E3%83%B3%E3%83%99%E3%83%AB%E3%83%88+MWD300%E7%94%A8+%E3%83%88%E3%83%AA%E3%82%B7%E3%83%86%E3%82%A3%E7%94%A8+CZD300%E7%94%A8+%E3%82%A8%E3%83%9C%E3%83%AA%E3%82%B9%E7%94%A8+CZD250%E7%94%A8+CZD300%E7%94%A8+XMAX%E7%94%A8+AB HTTP/1.1" 200 53709 "-" "Mozilla/5.0 (Linux; Android 6.0.1; Nexus 5X Build/MMB29P) AppleWebKit/537.36 (KHTML, like Gecko) Chrome/135.0.7049.95 Mobile Safari/537.36 (compatible; Googlebot/2.1; +http://www.google.com/bot.html)"
66.249.74.103 - - [29/Apr/2025:21:26:53 -0400] "GET /?k=0814394507506&channel=35af17&from=category-info.php%3Fid%3D945075-9351%26name%3D%E3%83%96%E3%83%A9%E3%82%A4%E3%83%B3%E3%83%89%E3%80%81%E6%9C%A8%E8%A3%BD%E3%83%99%E3%83%8D%E3%83%81%E3%82%A2%E3%83%B3%E3%83%96%E3%83%A9%E3%82%A4%E3%83%B3%E3%83%89%E3%80%81%E7%AA%93%E3%81%A8%E3%83%89%E3%82%A2%E7%94%A8%E3%81%AE%E6%B0%B4%E5%B9%B3%E3%83%96%E3%83%A9%E3%82%A4%E3%83%B3%E3%83%89%E3%80%81%E7%84%A1%E5%9E%A2%E6%9D%90%E3%83%99%E3%83%8D%E3%83%81%E3%82%A2%E3%83%B3%E3%83%96%E3%83%A9%E3%82%A4%E3%83%B3%E3%83%89%E3%80%81%E5%B9%8550-150cm+%2F+20-59in HTTP/1.1" 200 52557 "-" "Mozilla/5.0 (Linux; Android 6.0.1; Nexus 5X Build/MMB29P) AppleWebKit/537.36 (KHTML, like Gecko) Chrome/135.0.7049.95 Mobile Safari/537.36 (compatible; Googlebot/2.1; +http://www.google.com/bot.html)"
66.249.74.105 - - [29/Apr/2025:21:26:56 -0400] "GET /?k=472213547801&channel=14a330&from=shop.php%3Fid%3D35478-3849%26name%3D%E8%BB%8A%E3%83%89%E3%82%A2%E3%82%A8%E3%83%83%E3%82%B8%E3%82%AC%E3%83%BC%E3%83%89+%E3%83%8F%E3%83%B4%E3%82%A1%E3%83%AB%E7%94%A8+H5%E7%94%A8%E3%82%B5%E3%83%B3%E3%83%AB%E3%83%BC%E3%83%95%E3%82%A6%E3%82%A3%E3%83%B3%E3%83%89%E3%82%A6%E3%82%B4%E3%83%A0%E3%82%B7%E3%83%BC%E3%83%AB+%E3%82%B5%E3%83%B3%E3%83%AB%E3%83%BC%E3%83%95%E3%82%B7%E3%83%BC%E3%83%AA%E3%83%B3%E3%82%B0%E3%83%86%E3%83%BC%E3%83%97+%E8%BB%8A%E3%81%AE%E3%83%89%E3%82%A2%E3%81%AE%E7%AA%93%E3%81%AE%E3%82%B7%E3%83%BC%E3%83%AB HTTP/1.1" 200 51677 "-" "Mozilla/5.0 (Linux; Android 6.0.1; Nexus 5X Build/MMB29P) AppleWebKit/537.36 (KHTML, like Gecko) Chrome/135.0.7049.95 Mobile Safari/537.36 (compatible; Googlebot/2.1; +http://www.google.com/bot.html)"
66.249.74.105 - - [29/Apr/2025:21:26:58 -0400] "GET /?k=90978117559201&channel=244730&from=pin.php%3Fid%3D1175592-2628%26name%3D%E3%83%9F%E2%98%85CCC023%E3%82%B9%E3%83%BC%E3%83%91%E3%83%BC%E3%82%AB%E3%83%96+%E3%83%AA%E3%83%88%E3%83%AB%E3%82%AB%E3%83%96+%E3%82%BD%E3%83%AD%E3%82%B7%E3%83%BC%E3%83%88%E3%83%9E%E3%82%A6%E3%83%B3%E3%83%88%E3%82%AD%E3%83%83%E3%83%88%E3%82%A5 HTTP/1.1" 200 51351 "-" "Mozilla/5.0 (Linux; Android 6.0.1; Nexus 5X Build/MMB29P) AppleWebKit/537.36 (KHTML, like Gecko) Chrome/135.0.7049.95 Mobile Safari/537.36 (compatible; Googlebot/2.1; +http://www.google.com/bot.html)"
66.249.74.104 - - [29/Apr/2025:21:27:03 -0400] "GET /?k=29177107948700&channel=6b26f7&from=news.php%3Fid%3D1079487-5688%26name%3D%E3%83%90%E3%82%A4%E3%82%AF%E7%94%A8+V%E3%83%99%E3%83%AB%E3%83%88+%E3%83%89%E3%83%A9%E3%82%A4%E3%83%96%E3%83%99%E3%83%AB%E3%83%88+%E5%86%92%E9%99%BA%E5%AE%B6%E7%94%A8+Ytf1a17adv+%E7%94%A8+Ydrax2+%E7%94%A8+Ydrax3+%E7%94%A8+Drive2+%E7%94%A8+Dr2 HTTP/1.1" 200 51577 "-" "Mozilla/5.0 (Linux; Android 6.0.1; Nexus 5X Build/MMB29P) AppleWebKit/537.36 (KHTML, like Gecko) Chrome/135.0.7049.95 Mobile Safari/537.36 (compatible; Googlebot/2.1; +http://www.google.com/bot.html)"
66.249.74.103 - - [29/Apr/2025:21:27:06 -0400] "GET /?k=4877169136302&channel=99f8ec&from=product.php%3Fid%3D691363-631%26name%3D%E3%83%AA%E3%83%B3%E3%82%AB%E3%83%BC%E3%83%B3%E3%83%8A%E3%83%93%E3%82%B2%E3%83%BC%E3%82%BF%E3%83%BCACA317%E3%81%AB%E9%81%A9%E5%90%88%E3%81%99%E3%82%8B%E3%82%B9%E3%83%86%E3%83%B3%E3%83%AC%E3%82%B9%E3%82%B9%E3%83%81%E3%83%BC%E3%83%AB%E3%83%86%E3%83%BC%E3%83%AB%E3%82%B9%E3%83%AD%E3%83%BC%E3%83%88%E3%83%81%E3%83%83%E3%83%97%E3%83%9E%E3%83%95%E3%83%A9%E3%83%BC%28Gold%29 HTTP/1.1" 200 53056 "-" "Mozilla/5.0 (Linux; Android 6.0.1; Nexus 5X Build/MMB29P) AppleWebKit/537.36 (KHTML, like Gecko) Chrome/135.0.7049.95 Mobile Safari/537.36 (compatible; Googlebot/2.1; +http://www.google.com/bot.html)"
52.167.144.146 - - [29/Apr/2025:21:27:06 -0400] "GET /?k=5686787874601&channel=4d0dd2&from=product.php%3Fid%3D878746-532%26name%3D%E3%82%B5%E3%82%A4%E3%83%89%E3%82%B9%E3%82%AB%E3%83%BC%E3%83%88%E3%82%B5%E3%82%A4%E3%83%89%E3%82%AB%E3%83%8A%E3%83%BC%E3%83%89+2+%E3%82%B7%E3%83%AA%E3%83%BC%E3%82%BA+F87+M2+M2C+%E7%AB%B6%E4%BA%89+2016+2017+2018+2019+2020+%E3%82%B5%E3%82%A4%E3%83%89%E3%82%B9%E3%82%AB HTTP/1.1" 200 41984 "-" "Mozilla/5.0 AppleWebKit/537.36 (KHTML, like Gecko; compatible; bingbot/2.0; +http://www.bing.com/bingbot.htm) Chrome/116.0.1938.76 Safari/537.36"
66.249.74.104 - - [29/Apr/2025:21:27:09 -0400] "GET /?k=3460830398100&channel=31c0a3&from=shop.php%3Fid%3D303981-1636%26name%3D%E3%83%93%E3%83%A8%E3%83%B3%E3%83%89%E3%83%9E%E3%83%83%E3%82%AF%E3%82%B9%E3%83%AC%E3%82%AC%E3%82%B7%E3%83%BC+84%E3%8E%9D730g HTTP/1.1" 200 52491 "-" "Mozilla/5.0 (Linux; Android 6.0.1; Nexus 5X Build/MMB29P) AppleWebKit/537.36 (KHTML, like Gecko) Chrome/135.0.7049.95 Mobile Safari/537.36 (compatible; Googlebot/2.1; +http://www.google.com/bot.html)"
66.249.74.103 - - [29/Apr/2025:21:27:14 -0400] "GET /?k=7670239000304&channel=157295&from=category-info.php%3Fid%3D390003-4310%26name%3DTAMIYA++EXPERT+BUILT2.4GMOTULAUTECH+GT-R HTTP/1.1" 200 50692 "-" "Mozilla/5.0 (Linux; Android 6.0.1; Nexus 5X Build/MMB29P) AppleWebKit/537.36 (KHTML, like Gecko) Chrome/135.0.7049.95 Mobile Safari/537.36 (compatible; Googlebot/2.1; +http://www.google.com/bot.html)"
66.249.74.103 - - [29/Apr/2025:21:27:16 -0400] "GET /?k=4136652984402&channel=60e6fa&from=shared.php%3Fid%3D529844-2169%26name%3D%E3%80%90%E7%BE%8E%E5%93%81%E3%80%91UNITED+ARROWS%E3%80%80%E3%82%BB%E3%83%83%E3%83%88%E3%82%A2%E3%83%83%E3%83%97%E3%80%80%E3%83%8E%E3%83%BC%E3%82%AB%E3%83%A9%E3%83%BC%E3%80%80%E3%83%91%E3%83%B3%E3%83%84%E3%82%B9%E3%83%BC%E3%83%84%E3%80%8040 HTTP/1.1" 200 0 "-" "Mozilla/5.0 (Linux; Android 6.0.1; Nexus 5X Build/MMB29P) AppleWebKit/537.36 (KHTML, like Gecko) Chrome/135.0.7049.95 Mobile Safari/537.36 (compatible; GoogleOther)"
66.249.74.103 - - [29/Apr/2025:21:27:17 -0400] "GET /?k=98771156960300&channel=330768&from=form.php%3Fid%3D1569603-24959%26name%3D%E5%85%89%E3%81%AA%E3%81%8D%E5%BD%B1+%E3%82%A2%EF%BC%9D%E3%83%90%E3%82%AA%E3%83%BB%E3%82%A2%E3%83%BB%E3%82%AF%E3%82%A5%E3%83%BC%E3%80%80%E4%B8%AD%E5%9B%BD%E8%AA%9E%E3%80%80%E7%B0%A1%E4%BD%93%E5%AD%97 HTTP/1.1" 200 52304 "-" "Mozilla/5.0 (Linux; Android 6.0.1; Nexus 5X Build/MMB29P) AppleWebKit/537.36 (KHTML, like Gecko) Chrome/135.0.7049.95 Mobile Safari/537.36 (compatible; Googlebot/2.1; +http://www.google.com/bot.html)"
