66.249.74.103 - - [29/Apr/2025:22:50:32 -0400] "GET /?k=7801247321702&channel=b68754&from=news.php%3Fid%3D473217-10267%26name%3DArc+Pulse+iPhone+15+Pro+%E3%82%B1%E3%83%BC%E3%82%B9+%E3%82%A2%E3%83%AB%E3%83%9F+%E3%83%90%E3%83%B3%E3%83%91%E3%83%BC+%5B+%E8%80%90%E8%A1%9D%E6%92%83+%E8%A1%9D%E6%92%83%E5%90%B8%E5%8F%8E+%E8%88%AA%E7%A9%BA%E5%AE%87%E5%AE%99%E3%82%B0%E3%83%AC%E3%83%BC%E3%83%89+%E3%83%A8%E3%83%BC%E3%83%AD%E3%83%83%E3%83%91%E7%99%BA%E3%83%87%E3%82%B6%E3%82%A4 HTTP/1.1" 200 52159 "-" "Mozilla/5.0 (Linux; Android 6.0.1; Nexus 5X Build/MMB29P) AppleWebKit/537.36 (KHTML, like Gecko) Chrome/135.0.7049.95 Mobile Safari/537.36 (compatible; Googlebot/2.1; +http://www.google.com/bot.html)"
66.249.74.103 - - [29/Apr/2025:22:50:37 -0400] "GET /?k=0269196778905&channel=ab80aa&from=form.php%3Fid%3D967789-9745%26name%3DSNOWMAN+%E4%BD%90%E4%B9%85%E9%96%93%E5%A4%A7%E4%BB%8B%E3%82%B9%E3%83%88%E3%83%AD%E3%83%BC%26amp%3B%E3%82%B9%E3%83%88%E3%83%AD%E3%83%BC%E3%83%96%E3%83%A9%E3%82%B7%E4%BB%98%E3%81%8D+%E3%83%9E%E3%82%B0%E3%82%AB%E3%83%83%E3%83%97+%E3%82%B3%E3%83%BC%E3%83%92%E3%83%BC%E3%82%AB%E3%83%83%E3%83%97+600ml+%E3%82%B3%E3%83%B3%E3%83%93%E3%83%8B%E3%82%AB%E3%83%83%E3%83%97+%E3%82%BF%E3%83%B3%E3%83%96%E3%83%A9%E3%83%BC HTTP/1.1" 200 0 "-" "Mozilla/5.0 (Linux; Android 6.0.1; Nexus 5X Build/MMB29P) AppleWebKit/537.36 (KHTML, like Gecko) Chrome/135.0.7049.95 Mobile Safari/537.36 (compatible; GoogleOther)"
66.249.74.103 - - [29/Apr/2025:22:50:40 -0400] "GET /?k=2190181891602&channel=32e245&from=form.php%3Fid%3D818916-2486%26name%3DMorris+MD-507+%E3%82%A2%E3%82%B3%E3%83%BC%E3%82%B9%E3%83%86%E3%82%A3%E3%83%83%E3%82%AF%E3%82%AE%E3%82%BF%E3%83%BC+%E3%82%B1%E3%83%BC%E3%82%B9%E4%BB%98%E5%B1%9E%E3%80%90%E6%95%B4%E5%82%99%E5%93%81%E3%80%91 HTTP/1.1" 200 50576 "-" "Mozilla/5.0 (Linux; Android 6.0.1; Nexus 5X Build/MMB29P) AppleWebKit/537.36 (KHTML, like Gecko) Chrome/135.0.7049.95 Mobile Safari/537.36 (compatible; Googlebot/2.1; +http://www.google.com/bot.html)"
66.249.74.104 - - [29/Apr/2025:22:50:48 -0400] "GET /?k=06313106855502&channel=f0e003&from=form.php%3Fid%3D1068555-9726%26name%3D%5B%E3%83%98%E3%83%AB%E3%83%8E%5D+%E3%83%AC%E3%83%87%E3%82%A3%E3%83%BC%E3%82%B9+%E3%83%80%E3%82%A6%E3%83%B3%E3%82%B3%E3%83%BC%E3%83%88+%E3%82%A2%E3%82%A6%E3%82%BF%E3%83%BC+%28PI0660D+12004%29+23-24AW+pi2309-2+%5B%E4%B8%A6%E8%A1%8C%E8%BC%B8%E5%85%A5%E5%93%81%5D HTTP/1.1" 200 53045 "-" "Mozilla/5.0 (Linux; Android 6.0.1; Nexus 5X Build/MMB29P) AppleWebKit/537.36 (KHTML, like Gecko) Chrome/135.0.7049.95 Mobile Safari/537.36 (compatible; Googlebot/2.1; +http://www.google.com/bot.html)"
66.249.74.103 - - [29/Apr/2025:22:50:51 -0400] "GET /?k=97972168758404&channel=01e289&from=news.php%3Fid%3D1687584-8720%26name%3DEdWal+%E3%81%B2%E3%81%BE%E3%82%8F%E3%82%8A%E3%83%97%E3%83%AA%E3%83%B3%E3%83%88%E3%82%AB%E3%83%BC%E3%83%89%E3%83%9B%E3%83%AB%E3%83%80%E3%83%BC+%E3%83%A6%E3%83%8B+%E3%82%AF%E3%83%AC%E3%82%B8%E3%83%83%E3%83%88%E3%82%AB%E3%83%BC%E3%83%89%E3%82%B1%E3%83%BC%E3%82%B9+%E7%94%B7%E5%A5%B3%E5%85%BC%E7%94%A8+%E3%83%AC%E3%82%B6%E3%83%BC%E3%82%AB%E3%83%BC%E3%83%89%E3%83%9B%E3%83%AB%E3%83%80%E3%83%BC+%E3%82%B9%E3%83%AA%E3%83%A0%E5%90%8D%E5%88%BA%2C+%E3%83%9B%E3%83%AF%E3%82%A4%E3%83%88%2C HTTP/1.1" 200 52034 "-" "Mozilla/5.0 (Linux; Android 6.0.1; Nexus 5X Build/MMB29P) AppleWebKit/537.36 (KHTML, like Gecko) Chrome/135.0.7049.95 Mobile Safari/537.36 (compatible; Googlebot/2.1; +http://www.google.com/bot.html)"
66.249.74.103 - - [29/Apr/2025:22:50:58 -0400] "GET /?k=38308137159101&channel=2e7c30&from=info.php%3Fid%3D1371591-6888%26name%3DAP+%E3%83%84%E3%83%BC%E3%83%AB%E3%82%B1%E3%83%BC%E3%82%B9+%E3%82%AB%E3%83%BC%E3%83%9C%E3%83%B3%E8%AA%BF%E3%80%90%E3%83%84%E3%83%BC%E3%83%AB%E3%83%9C%E3%83%88%E3%83%AB+%E5%8F%8E%E7%B4%8D%E3%83%9C%E3%83%88%E3%83%AB%E3%80%91%E3%80%90MTB+%E3%83%AD%E3%83%BC%E3%83%89+%E3%83%84%E3%83%BC%E3%83%AA%E3%83%B3%E3%82%B0+%E8%87%AA%E8%BB%A2%E8%BB%8A+%E3%83%9E%E3%82%A6%E3%83%B3%E3%83%86%E3%83%B3+%E3%83%90%E3%82%A4%E3%82%B7%E3%82%AF%E3%83%AB%E3%80%91%E3%80%90%E3%82%A2%E3%82%B9%E3%83%88%E3%83%AD%E3%83%97%E3%83%AD%E3%83%80%E3%82%AF%E3%83%84%E3%80%91 HTTP/1.1" 200 52568 "-" "Mozilla/5.0 (Linux; Android 6.0.1; Nexus 5X Build/MMB29P) AppleWebKit/537.36 (KHTML, like Gecko) Chrome/135.0.7049.95 Mobile Safari/537.36 (compatible; Googlebot/2.1; +http://www.google.com/bot.html)"
66.249.74.103 - - [29/Apr/2025:22:51:02 -0400] "GET /?k=0017599199500&channel=69e41a&from=jp.php%3Fid%3D991995-19377%26name%3D%E3%81%A1%E3%81%B3%E3%81%8F%E3%82%8D%E3%83%BB%E3%81%95%E3%82%93%E3%81%BC+%28%E5%B2%A9%E6%B3%A2%E3%81%AE%E5%AD%90%E3%81%A9%E3%82%82%E3%81%AE%E6%9C%AC%29%2F%E3%83%98%E3%83%AC%E3%83%B3%E3%83%BB%E3%83%90%E3%83%B3%E3%83%8A%E3%83%BC%E3%83%9E%E3%83%B3%28%E8%91%97%29%2F%E3%83%95%E3%83%A9%E3%83%B3%E3%82%AF%E3%83%BB%E3%83%89%E3%83%93%E3%82%A2%E3%82%B9%28%E7%B5%B5%29%2F%E5%85%89%E5%90%89%E5%A4%8F%E5%BC%A5%28%E8%A8%B3%29%2F%E3%81%A1%E3%81%B3%E3%81%8F%E3%82%8D%E3%81%95%E3%82%93%E3%81%BC%2F%E7%B5%B5%E6%9C%AC%2F HTTP/1.1" 200 0 "-" "Mozilla/5.0 (Linux; Android 6.0.1; Nexus 5X Build/MMB29P) AppleWebKit/537.36 (KHTML, like Gecko) Chrome/135.0.7049.95 Mobile Safari/537.36 (compatible; GoogleOther)"
66.249.74.103 - - [29/Apr/2025:22:51:06 -0400] "GET /?k=12820169128001&channel=881cfc&from=category-info.php%3Fid%3D1691280-9338%26name%3D%5BRUBBY%5D+%5B%E3%83%AB%E3%83%93%E3%82%A4%5D+%E3%82%B7%E3%83%AB%E3%83%90%E3%83%BC+sv925+%E3%83%8D%E3%83%83%E3%82%AF%E3%83%AC%E3%82%B9%E7%94%A8%E3%81%AE%E5%BB%B6%E9%95%B7%E3%82%A2%E3%82%B8%E3%83%A3%E3%82%B9%E3%82%BF%E3%83%BC+%E8%8D%92%E5%96%9C%E5%B9%B3+%E3%83%9C%E3%83%BC%E3%83%AB HTTP/1.1" 200 51965 "-" "Mozilla/5.0 (Linux; Android 6.0.1; Nexus 5X Build/MMB29P) AppleWebKit/537.36 (KHTML, like Gecko) Chrome/135.0.7049.95 Mobile Safari/537.36 (compatible; Googlebot/2.1; +http://www.google.com/bot.html)"
52.167.144.219 - - [29/Apr/2025:22:51:10 -0400] "GET /?k=1788792222705&channel=32b3d7&from=product.php%3Fid%3D922227-18852%26name%3DXunugZK+3X+DC6-60V400WBLDC%E4%B8%89%E7%9B%B8DC%E3%83%96%E3%83%A9%E3%82%B7%E3%83%AC%E3%82%B9%E3%83%A2%E3%83%BC%E3%82%BF%E3%83%BC%E3%82%B3%E3%83%B3%E3%83%88%E3%83%AD%E3%83%BC%E3%83%A9%E3%83%BCPWM%E3%83%9B%E3%83%BC%E3%83%AB%E3%83%A2%E3%83%BC%E3%82%BF%E3%83%BC%E3%82%B3%E3%83%B3%E3%83%88%E3%83%AD%E3%83%BC%E3%83%AB%E3%83%89%E3%83%A9%E3%82%A4%E3%83%90 HTTP/1.1" 200 40317 "-" "Mozilla/5.0 AppleWebKit/537.36 (KHTML, like Gecko; compatible; bingbot/2.0; +http://www.bing.com/bingbot.htm) Chrome/116.0.1938.76 Safari/537.36"
66.249.74.103 - - [29/Apr/2025:22:51:12 -0400] "GET /?k=7032161418701&channel=082197&from=pin.php%3Fid%3D614187-4728%26name%3D%E3%82%BF%E3%82%A4%E3%83%88%E3%83%AA%E3%82%B9%E3%83%88TS1+%E3%83%89%E3%83%A9%E3%82%A4%E3%83%90%E3%83%BC10.5%C2%B0+%E3%83%98%E3%83%83%E3%83%89%E3%81%AE%E3%81%BF HTTP/1.1" 200 51028 "-" "Mozilla/5.0 (Linux; Android 6.0.1; Nexus 5X Build/MMB29P) AppleWebKit/537.36 (KHTML, like Gecko) Chrome/135.0.7049.95 Mobile Safari/537.36 (compatible; Googlebot/2.1; +http://www.google.com/bot.html)"
66.249.74.103 - - [29/Apr/2025:22:51:21 -0400] "GET /?k=2268963598502&channel=c1cb7a&from=info.php%3Fid%3D635985-600%26name%3D%E5%AE%87%E9%87%8E%E8%96%AB%E5%95%86%E5%BA%97UCS.%E3%82%AD%E3%83%AB%E3%83%86%E3%82%A3%E3%83%B3%E3%82%B0P%E3%82%B3%E3%83%BC%E3%83%88%E3%82%B5%E3%82%A4%E3%82%BAL+%E8%A3%8F%E5%8E%9F%E5%AE%BF HTTP/1.1" 200 50269 "-" "Mozilla/5.0 (Linux; Android 6.0.1; Nexus 5X Build/MMB29P) AppleWebKit/537.36 (KHTML, like Gecko) Chrome/135.0.7049.95 Mobile Safari/537.36 (compatible; Googlebot/2.1; +http://www.google.com/bot.html)"
66.249.74.103 - - [29/Apr/2025:22:51:27 -0400] "GET /?k=82486133144205&channel=0f3063&from=goods.php%3Fid%3D1331442-606%26name%3D%E7%BE%8E%E5%93%81LOUIS+VUITTON+%E3%83%AB%E3%82%A4%E3%83%B4%E3%82%A3%E3%83%88%E3%83%B3+%E4%BA%8C%E3%81%A4%E6%8A%98%E3%82%8A%E8%B2%A1%E5%B8%83 HTTP/1.1" 200 51003 "-" "Mozilla/5.0 (Linux; Android 6.0.1; Nexus 5X Build/MMB29P) AppleWebKit/537.36 (KHTML, like Gecko) Chrome/135.0.7049.95 Mobile Safari/537.36 (compatible; Googlebot/2.1; +http://www.google.com/bot.html)"
66.249.74.103 - - [29/Apr/2025:22:51:31 -0400] "GET /?k=8803336154702&channel=f43f24&from=news.php%3Fid%3D361547-9654%26name%3Dinno+%E3%83%AB%E3%83%BC%E3%83%95%E3%82%AD%E3%83%A3%E3%83%AA%E3%82%A2 HTTP/1.1" 200 0 "-" "Mozilla/5.0 (Linux; Android 6.0.1; Nexus 5X Build/MMB29P) AppleWebKit/537.36 (KHTML, like Gecko) Chrome/135.0.7049.95 Mobile Safari/537.36 (compatible; GoogleOther)"
66.249.74.103 - - [29/Apr/2025:22:51:36 -0400] "GET /?k=70925116110503&channel=1723c8&from=goods.php%3Fid%3D1161105-7300%26name%3D%5BCaqnni%5D+%E3%82%B8%E3%83%A3%E3%83%BC%E3%82%B8+%E3%83%AC%E3%83%87%E3%82%A3%E3%83%BC%E3%82%B9+%E4%B8%8A%E4%B8%8B%E3%82%BB%E3%83%83%E3%83%88+%E5%A4%A7%E3%81%8D%E3%81%84%E3%82%B5%E3%82%A4%E3%82%BA+%E9%95%B7%E8%A2%96+%E3%82%B9%E3%83%9D%E3%83%BC%E3%83%84%E3%82%A6%E3%82%A7%E3%82%A2+%E5%86%AC+%E9%80%9F%E4%B9%BE+%E3%82%B9%E3%82%A6%E3%82%A7%E3%83%83%E3%83%88+%E4%B8%8A%E4%B8%8B+%E3%82%A6%E3%82%A7%E3%82%A2+%E3%83%88%E3%83%AC%E3%83%BC%E3%83%8A HTTP/1.1" 200 53415 "-" "Mozilla/5.0 (Linux; Android 6.0.1; Nexus 5X Build/MMB29P) AppleWebKit/537.36 (KHTML, like Gecko) Chrome/135.0.7049.95 Mobile Safari/537.36 (compatible; Googlebot/2.1; +http://www.google.com/bot.html)"
66.249.74.103 - - [29/Apr/2025:22:51:39 -0400] "GET /?k=09978186879803&channel=03034c&from=product.php%3Fid%3D1868798-5976%26name%3D%E3%80%90RG%E3%80%91+1%2F144+%E3%83%99%E3%83%BC%E3%82%B9%E9%99%90%E5%AE%9A+%E3%82%B5%E3%82%B6%E3%83%93%E3%83%BC+%5B%E3%83%A1%E3%82%AB%E3%83%8B%E3%82%AB%E3%83%AB%E3%82%B3%E3%82%A2%E3%83%A1%E3%83%83%E3%82%AD%5D+%E6%A9%9F%E5%8B%95%E6%88%A6%E5%A3%AB+%E9%80%86%E8%A5%B2%E3%81%AE%E3%82%B7%E3%83%A3%E3%82%A2+%E3%83%97%E3%83%A9%E3%83%A2%E3%83%87%E3%83%AB HTTP/1.1" 200 52416 "-" "Mozilla/5.0 (Linux; Android 6.0.1; Nexus 5X Build/MMB29P) AppleWebKit/537.36 (KHTML, like Gecko) Chrome/135.0.7049.95 Mobile Safari/537.36 (compatible; Googlebot/2.1; +http://www.google.com/bot.html)"
66.249.74.103 - - [29/Apr/2025:22:51:40 -0400] "GET /?k=87221149977506&channel=28ddf6&from=blog.php%3Fid%3D1499775-19201%26name%3DACCOHOHO+%E3%83%90%E3%82%B9%E3%83%AB%E3%83%BC%E3%83%A0%E3%82%A6%E3%82%A9%E3%83%BC%E3%83%AB%E3%82%AD%E3%83%A3%E3%83%93%E3%83%8D%E3%83%83%E3%83%88+%E8%BE%B2%E5%AE%B6%E7%94%A8%E8%96%AC%E3%82%AD%E3%83%A3%E3%83%93%E3%83%8D%E3%83%83%E3%83%88+%E5%B9%8524%E3%82%A4%E3%83%B3%E3%83%81+%E5%BC%95%E3%81%8D%E5%87%BA%E3%81%97%E4%BB%98%E3%81%8D%E3%83%90%E3%82%B9%E3%83%AB%E3%83%BC%E3%83%A0%E3%82%AD%E3%83%A3%E3%83%93%E3%83%8D%E3%83%83%E3%83%88+%E8%AA%BF%E7%AF%80%E5%8F%AF%E8%83%BD%E3%81%AA HTTP/1.1" 200 52492 "-" "Mozilla/5.0 (Linux; Android 6.0.1; Nexus 5X Build/MMB29P) AppleWebKit/537.36 (KHTML, like Gecko) Chrome/135.0.7049.95 Mobile Safari/537.36 (compatible; Googlebot/2.1; +http://www.google.com/bot.html)"
66.249.74.104 - - [29/Apr/2025:22:51:46 -0400] "GET /?k=28242174556003&channel=09e7c1&from=info.php%3Fid%3D1745560-24446%26name%3D%E6%9C%A8%E8%A3%BD%E9%A3%BC%E8%82%B2%E3%82%B1%E3%83%BC%E3%82%B8+%E4%BA%80+%E6%B0%B4%E6%A7%BD+%E5%A4%A7%E3%81%8D%E3%81%84+%E9%80%8F%E6%98%8E+%E3%82%AB%E3%83%A1%E3%81%AE%E7%94%9F%E6%81%AF%E5%9C%B0%E5%A4%A9%E7%84%B6%E6%9D%BE+%E9%AB%98%E7%B2%BE%E7%B4%B0%E3%82%AC%E3%83%A9%E3%82%B9+360%C2%B0+%E4%B8%87%E8%83%BD%E3%83%9B%E3%82%A4%E3%83%BC%E3%83%AB%E5%8B%95%E3%81%8F+%E4%B8%A1%E7%94%9F%E9%A1%9E%E9%A3%BC%E8%82%B2%E3%82%B1%E3%83%BC%E3%82%B960%2F80%2F1 HTTP/1.1" 200 52092 "-" "Mozilla/5.0 (Linux; Android 6.0.1; Nexus 5X Build/MMB29P) AppleWebKit/537.36 (KHTML, like Gecko) Chrome/135.0.7049.95 Mobile Safari/537.36 (compatible; Googlebot/2.1; +http://www.google.com/bot.html)"
66.249.74.103 - - [29/Apr/2025:22:51:50 -0400] "GET /?k=8170091565603&channel=a3ca52&from=jp.php%3Fid%3D915656-14037%26name%3D%E3%82%AA%E3%83%BC%E3%83%88%E3%83%90%E3%82%A4%E9%AB%98%E9%80%9F%E9%81%93%E8%B7%AF%E3%82%A8%E3%83%B3%E3%82%B8%E3%83%B3%E3%82%AC%E3%83%BC%E3%83%89%E3%83%90%E3%83%B3%E3%83%91%E3%83%BC%E3%82%AF%E3%83%A9%E3%83%83%E3%82%B7%E3%83%A5%E3%83%90%E3%83%BC%E3%82%B9%E3%82%BF%E3%83%B3%E3%83%88%E3%82%B1%E3%83%BC%E3%82%B8%E3%83%95%E3%83%AC%E3%83%BC%E3%83%A0%E3%83%97%E3%83%AD%E3%83%86%E3%82%AF%E3%82%BF%E3%83%BC+BMW+S1000+XR+2020+202 HTTP/1.1" 200 0 "-" "Mozilla/5.0 (Linux; Android 6.0.1; Nexus 5X Build/MMB29P) AppleWebKit/537.36 (KHTML, like Gecko) Chrome/135.0.7049.95 Mobile Safari/537.36 (compatible; GoogleOther)"
66.249.74.104 - - [29/Apr/2025:22:51:53 -0400] "GET /?k=2294214368508&channel=199409&from=jp.php%3Fid%3D143685-8934%26name%3D%E3%83%90%E3%83%AB%E3%83%96+%E3%82%B9%E3%82%AD%E3%83%A5%E3%83%BC%E3%83%90+%E3%83%80%E3%82%A4%E3%83%93%E3%83%B3%E3%82%B0+%E3%82%A2%E3%83%80%E3%83%97%E3%82%BF%E3%83%BC%E3%80%81%E5%85%85%E5%A1%AB%E3%82%B9%E3%83%86%E3%83%BC%E3%82%B7%E3%83%A7%E3%83%B3%E3%80%81%E3%83%80%E3%82%A4%E3%83%93%E3%83%B3%E3%82%B0+%E3%82%A2%E3%83%AB%E3%83%9F+%E3%82%B7%E3%83%AA%E3%83%B3%E3%83%80%E3%83%BC%E5%A4%A7%E3%81%8B%E3%82%89%E5%B0%8F%E5%9E%8B%E3%83%9C%E3%83%88%E3%83%AB%E6%8E%A5%E7%B6%9A%E3%83%90%E3%83%AB%E3%83%96%E3%80%81%E3%83%80%E3%82%A4%E3%83%93%E3%83%B3%E3%82%B0%E7%94%A8 HTTP/1.1" 200 50738 "-" "Mozilla/5.0 (Linux; Android 6.0.1; Nexus 5X Build/MMB29P) AppleWebKit/537.36 (KHTML, like Gecko) Chrome/135.0.7049.95 Mobile Safari/537.36 (compatible; Googlebot/2.1; +http://www.google.com/bot.html)"
66.249.74.104 - - [29/Apr/2025:22:52:01 -0400] "GET /?k=13408154835704&channel=92dbd2&from=form.php%3Fid%3D1548357-15529%26name%3D%E3%83%8E%E3%83%BC%E3%83%96%E3%83%A9%E3%83%B3%E3%83%89%E5%93%81+20+%E5%80%8B+5+%E3%83%9F%E3%83%AA%E3%83%A1%E3%83%BC%E3%83%88%E3%83%AB-200+%E3%83%9F%E3%83%AA%E3%83%A1%E3%83%BC%E3%83%88%E3%83%AB%E3%83%A9%E3%82%A4%E3%83%87%E3%82%A3%E3%83%B3%E3%82%B0%E3%82%AF%E3%83%AA%E3%83%83%E3%83%97%E3%82%AF%E3%83%A9%E3%83%B3%E3%83%97%E3%83%91%E3%82%A4%E3%83%97%E3%82%B5%E3%83%89%E3%83%AB%E3%82%AF%E3%83%A9%E3%83%B3%E3%83%97+U+%E5%AD%97%E5%9E%8B%E3%83%9B%E3%83%BC%E3%82%B9%E3%82%AF%E3%83%AA HTTP/1.1" 200 52289 "-" "Mozilla/5.0 (Linux; Android 6.0.1; Nexus 5X Build/MMB29P) AppleWebKit/537.36 (KHTML, like Gecko) Chrome/135.0.7049.95 Mobile Safari/537.36 (compatible; Googlebot/2.1; +http://www.google.com/bot.html)"
124.156.225.181 - - [29/Apr/2025:22:52:03 -0400] "GET / HTTP/1.1" 200 0 "-" "Mozilla/5.0 (iPhone; CPU iPhone OS 13_2_3 like Mac OS X) AppleWebKit/605.1.15 (KHTML, like Gecko) Version/13.0.3 Mobile/15E148 Safari/604.1"
66.249.74.104 - - [29/Apr/2025:22:52:05 -0400] "GET /?k=579397026500&channel=a323d1&from=goods.php%3Fid%3D70265-5627%26name%3D0445110047+13537785984+1353777573+%E3%83%87%E3%82%A3%E3%83%BC%E3%82%BC%E3%83%AB%E7%87%83%E6%96%99%E3%82%A4%E3%83%B3%E3%82%B8%E3%82%A7%E3%82%AF%E3%82%BF%E3%83%BC%E3%83%8E%E3%82%BA%E3%83%AB%E3%80%81BMW+E46+E39+E3 HTTP/1.1" 200 0 "-" "Mozilla/5.0 (Linux; Android 6.0.1; Nexus 5X Build/MMB29P) AppleWebKit/537.36 (KHTML, like Gecko) Chrome/135.0.7049.95 Mobile Safari/537.36 (compatible; GoogleOther)"
66.249.74.103 - - [29/Apr/2025:22:52:07 -0400] "GET /?k=79876192118500&channel=b90ea3&from=news.php%3Fid%3D1921185-24177%26name%3D%E9%AB%98%E8%89%AF%E3%81%8F%E3%82%93%E3%81%A8%E5%A4%A9%E5%9F%8E%E3%81%8F%E3%82%93%E3%80%80%E3%81%AF%E3%81%AA%E3%81%92%E3%81%AE%E3%81%BE%E3%81%84 HTTP/1.1" 200 52233 "-" "Mozilla/5.0 (Linux; Android 6.0.1; Nexus 5X Build/MMB29P) AppleWebKit/537.36 (KHTML, like Gecko) Chrome/135.0.7049.95 Mobile Safari/537.36 (compatible; Googlebot/2.1; +http://www.google.com/bot.html)"
66.249.74.103 - - [29/Apr/2025:22:52:15 -0400] "GET /?k=3680130521703&channel=8411c2&from=news.php%3Fid%3D305217-4998%26name%3D%E5%BC%95%E3%81%8D%E5%87%BA%E3%81%97%E5%BC%8F%E3%83%8F%E3%83%B3%E3%82%AC%E3%83%BC%E3%83%AD%E3%83%83%E3%83%89+%E3%82%AF%E3%83%AD%E3%83%BC%E3%82%BC%E3%83%83%E3%83%88%E3%83%8F%E3%83%B3%E3%82%AC%E3%83%BC%E3%83%AC%E3%83%BC%E3%83%AB+%E5%BC%95%E3%81%8D%E8%BE%BC%E3%81%BF%E5%BC%8F%E3%83%AF%E3%83%BC%E3%83%89%E3%83%AD%E3%83%BC%E3%83%96+%E8%A1%A3%E9%A1%9E%E3%83%AC%E3%83%BC%E3%83%AB%E3%82%AA%E3%83%BC%E3%82%AC%E3%83%8A%E3%82%A4%E3%82%B6%E3%83%BC%E3%83%A9%E3%83%83%E3%82%AF+%E7%9C%81%E3%82%B9%E3%83%9A%E3%83%BC%E3%82%B9+%E3%83%91%E3%83%B3%E3%83%84%E3%82%84%E3%82%B3 HTTP/1.1" 200 52197 "-" "Mozilla/5.0 (Linux; Android 6.0.1; Nexus 5X Build/MMB29P) AppleWebKit/537.36 (KHTML, like Gecko) Chrome/135.0.7049.95 Mobile Safari/537.36 (compatible; Googlebot/2.1; +http://www.google.com/bot.html)"
66.249.74.103 - - [29/Apr/2025:22:52:20 -0400] "GET /?k=77466164093100&channel=25a401&from=news.php%3Fid%3D1640931-22765%26name%3D%E3%82%AD%E3%83%B3%E3%83%97%E3%83%AA+%E3%82%AB%E3%82%B1%E3%83%AB+%E3%82%BF%E3%82%A4%E3%82%AC+%E3%82%82%E3%81%A1%E3%81%93%E3%82%8D%E3%82%8A%E3%82%93+%E3%82%AD%E3%83%B3%E3%83%89%E3%83%A9+FNVPD HTTP/1.1" 200 0 "-" "Mozilla/5.0 (Linux; Android 6.0.1; Nexus 5X Build/MMB29P) AppleWebKit/537.36 (KHTML, like Gecko) Chrome/135.0.7049.95 Mobile Safari/537.36 (compatible; GoogleOther)"
66.249.74.103 - - [29/Apr/2025:22:52:23 -0400] "GET /?k=48980189205701&channel=d13c30&from=product.php%3Fid%3D1892057-4137%26name%3D%E3%82%B7%E3%83%88%E3%83%AD%E3%82%A8%E3%83%B3+C3-XR+%E7%94%A8+%E8%87%AA%E5%8B%95%E8%BB%8A%E9%83%A8%E5%93%81+%E3%82%B9%E3%83%86%E3%83%B3%E3%83%AC%E3%82%B9%E8%A3%BD%E3%83%9E%E3%83%95%E3%83%A9%E3%83%BC+%E3%83%86%E3%83%BC%E3%83%AB%E6%8E%92%E6%B0%97%E7%AE%A1+%E3%83%9E%E3%83%95%E3%83%A9%E3%83%BC+%E9%81%A9%E5%90%88+1%E5%80%8B+%E3%83%86%E3%83%BC%E3%83%AB%E3%82%B9%E3%83%AD%E3%83%BC%E3%83%88%28MULTI%29 HTTP/1.1" 200 52566 "-" "Mozilla/5.0 (Linux; Android 6.0.1; Nexus 5X Build/MMB29P) AppleWebKit/537.36 (KHTML, like Gecko) Chrome/135.0.7049.95 Mobile Safari/537.36 (compatible; Googlebot/2.1; +http://www.google.com/bot.html)"
66.249.74.103 - - [29/Apr/2025:22:52:27 -0400] "GET /?k=91852149817700&channel=8bc9e7&from=shared.php%3Fid%3D1498177-3880%26name%3D%E3%82%B9%E3%83%8E%E3%83%9C%E3%80%80%E3%81%8A%E6%89%8B%E5%85%A5%E3%82%8C%E3%82%BB%E3%83%83%E3%83%88 HTTP/1.1" 200 51622 "-" "Mozilla/5.0 (Linux; Android 6.0.1; Nexus 5X Build/MMB29P) AppleWebKit/537.36 (KHTML, like Gecko) Chrome/135.0.7049.95 Mobile Safari/537.36 (compatible; Googlebot/2.1; +http://www.google.com/bot.html)"
66.249.74.103 - - [29/Apr/2025:22:52:34 -0400] "GET /?k=30789122269701&channel=56026a&from=form.php%3Fid%3D1222697-1504%26name%3DDC+%E9%9B%BB%E6%BA%90+15V+50A+750W+%E8%AA%BF%E6%95%B4%E5%8F%AF%E8%83%BD%E3%81%AA+DC+%E9%9B%BB%E6%BA%90 HTTP/1.1" 200 51694 "-" "Mozilla/5.0 (Linux; Android 6.0.1; Nexus 5X Build/MMB29P) AppleWebKit/537.36 (KHTML, like Gecko) Chrome/135.0.7049.95 Mobile Safari/537.36 (compatible; Googlebot/2.1; +http://www.google.com/bot.html)"
66.249.74.103 - - [29/Apr/2025:22:52:39 -0400] "GET /?k=09281175711407&channel=2f0565&from=shop.php%3Fid%3D1757114-9652%26name%3D%E3%83%94%E3%82%B6%E3%83%94%E3%82%B6%E3%82%AB%E3%83%83%E3%82%BF%E3%83%BC+%E3%83%94%E3%82%B6%E3%82%B9%E3%83%88%E3%83%BC%E3%83%B3+%E3%83%94%E3%82%B6+%E3%82%AB%E3%83%83%E3%82%BF%E3%83%BC+%E3%83%94%E3%82%B6%E3%82%B7%E3%83%A3%E3%83%99%E3%83%AB+%E5%AE%B6%E5%BA%AD+%E4%BA%8B%E5%8B%99+%E3%82%AD%E3%83%A3%E3%83%B3%E3%83%97+%E5%9B%9E%E8%BB%A2%E5%BC%8F+%E8%80%90%E4%B9%85%E6%80%A7+%E3%82%B3%E3%83%B3%E3%83%91%E3%82%AF%E3%83%88+%E5%AE%B6%E5%BA%AD%E3%82%AD%E3%83%83%E3%83%81%E3%83%B3+%E9%A3%B2%E9%A3%9F%E5%BA%97 HTTP/1.1" 200 0 "-" "Mozilla/5.0 (Linux; Android 6.0.1; Nexus 5X Build/MMB29P) AppleWebKit/537.36 (KHTML, like Gecko) Chrome/135.0.7049.95 Mobile Safari/537.36 (compatible; GoogleOther)"
66.249.74.103 - - [29/Apr/2025:22:52:40 -0400] "GET /?k=2253888574600&channel=33aedf&from=jp.php%3Fid%3D885746-12905%26name%3D%E6%97%A5%E6%9C%AC%E7%B2%BE%E5%AF%86%E6%A9%9F%E6%A2%B0%E5%B7%A5%E4%BD%9C%28NIHON+SEIMITSU+KIKAI+KOSAKU+CO.%2CLTD%29+AM3+%E3%83%91%E3%83%AF%E3%83%BC%E3%83%A6%E3%83%8B%E3%83%83%E3%83%88+AMC3 HTTP/1.1" 200 53118 "-" "Mozilla/5.0 (Linux; Android 6.0.1; Nexus 5X Build/MMB29P) AppleWebKit/537.36 (KHTML, like Gecko) Chrome/135.0.7049.95 Mobile Safari/537.36 (compatible; Googlebot/2.1; +http://www.google.com/bot.html)"
20.15.133.174 - - [29/Apr/2025:22:52:48 -0400] "GET /?k=7709069673102&channel=e010a1&from=article.php%3Fid%3D696731-545%26name%3D%E3%83%91%E3%83%AF%E3%83%BC%E3%82%B9%E3%83%86%E3%82%A2%E3%83%AA%E3%83%B3%E3%82%B0%E3%83%A9%E3%83%83%E3%82%AF+%E3%83%88%E3%83%A8%E3%82%BF%E3%82%AB%E3%83%AD%E3%83%BC%E3%83%A9+2007+2008+2009+2010+2011+2012+2013+4551012450 HTTP/1.1" 200 39604 "-" "Mozilla/5.0 AppleWebKit/537.36 (KHTML, like Gecko; compatible; bingbot/2.0; +http://www.bing.com/bingbot.htm) Chrome/116.0.1938.76 Safari/537.36"
66.249.74.104 - - [29/Apr/2025:22:52:48 -0400] "GET /?k=02087198333603&channel=640ed6&from=category-info.php%3Fid%3D1983336-8670%26name%3D%E3%82%B5%E3%83%B3%E3%83%90%E3%83%AC%E3%83%BC%E3%80%80SUNVALLEY%E3%80%80SV-192PRO%E2%85%A1%E3%80%80D%2FA%E3%82%B3%E3%83%B3%E3%83%90%E3%83%BC%E3%82%BF%E3%83%BC%E3%80%80%E7%9C%9F%E7%A9%BA%E7%AE%A1 HTTP/1.1" 200 50707 "-" "Mozilla/5.0 (Linux; Android 6.0.1; Nexus 5X Build/MMB29P) AppleWebKit/537.36 (KHTML, like Gecko) Chrome/135.0.7049.95 Mobile Safari/537.36 (compatible; Googlebot/2.1; +http://www.google.com/bot.html)"
20.15.133.174 - - [29/Apr/2025:22:52:51 -0400] "GET /?k=85076106440609&channel=987a1d&from=info.php%3Fid%3D1064406-8764%26name%3D%E3%80%90%E3%83%AC%E3%82%A2%E7%89%A9%E3%80%91COMBI+POWERMAX+V%E2%85%A1+%E3%82%A8%E3%82%A2%E3%83%AD%E3%83%90%E3%82%A4%E3%82%AF HTTP/1.1" 200 39841 "-" "Mozilla/5.0 AppleWebKit/537.36 (KHTML, like Gecko; compatible; bingbot/2.0; +http://www.bing.com/bingbot.htm) Chrome/116.0.1938.76 Safari/537.36"
66.249.74.104 - - [29/Apr/2025:22:52:54 -0400] "GET /?k=8104112374503&channel=c1cb14&from=info.php%3Fid%3D123745-393%26name%3D%E3%83%A9%E3%82%B2%E3%83%83%E3%82%B8%E3%83%9E%E3%83%83%E3%83%88+%E7%94%A8+%E3%83%99%E3%83%B3%E3%83%84SLK+R172+2011-2020%E3%82%AB%E3%82%B9%E3%82%BF%E3%83%A0%E3%83%AC%E3%82%B6%E3%83%BC%E3%82%AB%E3%83%BC%E3%83%88%E3%83%A9%E3%83%B3%E3%82%AF%E3%83%9E%E3%83%83%E3%83%88%E9%98%B2%E6%B0%B4%E3%83%A9%E3%82%B2%E3%83%83%E3%82%B8%E3%83%96%E3%83%BC%E3%83%88%E3%83%A9%E3%82%A4%E3%83%8A%E3%83%BC%E3%83%91%E3%83%83%E3%83%89%285%29 HTTP/1.1" 200 53085 "-" "Mozilla/5.0 (Linux; Android 6.0.1; Nexus 5X Build/MMB29P) AppleWebKit/537.36 (KHTML, like Gecko) Chrome/135.0.7049.95 Mobile Safari/537.36 (compatible; Googlebot/2.1; +http://www.google.com/bot.html)"
40.77.167.123 - - [29/Apr/2025:22:52:57 -0400] "GET /?k=9812940130001&channel=28a068&from=jp.php%3Fid%3D401300-3188%26name%3D7%E3%82%A4%E3%83%B3%E3%83%81%E3%83%A2%E3%83%8B%E3%82%BF%E3%83%BC+HDMI%E5%AF%BE%E5%BF%9C+%E3%82%B9%E3%83%94%E3%83%BC%E3%82%AB%E3%83%BC%E5%86%85%E8%94%B5+HDMI+VGA+AV%E3%83%9D%E3%83%BC%E3%83%88+%E6%97%A5%E6%9C%AC%E8%AA%9E%E3%83%9E%E3%83%8B%E3%83%A5%E3%82%A2%E3%83%AB%E4%BB%98%E3%81%8D HTTP/1.1" 200 40284 "-" "Mozilla/5.0 AppleWebKit/537.36 (KHTML, like Gecko; compatible; bingbot/2.0; +http://www.bing.com/bingbot.htm) Chrome/116.0.1938.76 Safari/537.36"
66.249.74.103 - - [29/Apr/2025:22:53:03 -0400] "GET /?k=22492185704500&channel=855a44&from=brands.php%3Fid%3D1857045-1974%26name%3D%E3%83%AC%E3%83%87%E3%82%A3%E3%83%BC%E3%82%B9%E3%80%80%E3%82%B9%E3%83%A2%E3%83%83%E3%82%AF%E3%82%B7%E3%83%A7%E3%83%83%E3%83%97XS HTTP/1.1" 200 52413 "-" "Mozilla/5.0 (Linux; Android 6.0.1; Nexus 5X Build/MMB29P) AppleWebKit/537.36 (KHTML, like Gecko) Chrome/135.0.7049.95 Mobile Safari/537.36 (compatible; Googlebot/2.1; +http://www.google.com/bot.html)"
66.249.74.105 - - [29/Apr/2025:22:53:06 -0400] "GET /?k=8493953934001&channel=108c9c&from=blog.php%3Fid%3D539340-3484%26name%3D%E3%83%96%E3%83%A9%E3%83%83%E3%82%AF%E3%83%A1%E3%82%BF%E3%83%AB%E3%83%A2%E3%83%80%E3%83%B3%E3%83%9A%E3%83%B3%E3%83%80%E3%83%B3%E3%83%88%E3%83%A9%E3%83%B3%E3%83%97%E3%82%AF%E3%83%AA%E3%82%B9%E3%82%BF%E3%83%AB%E3%82%AF%E3%83%A9%E3%82%B9%E3%82%BF%E3%83%BC%E3%83%9A%E3%83%B3%E3%83%80%E3%83%B3%E3%83%88%E3%82%B7%E3%83%A3%E3%83%B3%E3%83%87%E3%83%AA%E3%82%A2%E7%85%A7%E6%98%8EE27%E3%83%89%E3%83%AD%E3%83%83%E3%83%97%E3%82%B7%E3%83%BC%E3%83%AA%E3%83%B3%E3%82%B0%E3%83%A9%E3%82%A4%E3%83%88%E3%80%81%E3%82%AD%E3%83%83%E3%83%81%E3%83%B3%E3%82%A2%E3%82%A4%E3%83%A9%E3%83%B3%E3%83%89 HTTP/1.1" 200 52931 "-" "Mozilla/5.0 (Linux; Android 6.0.1; Nexus 5X Build/MMB29P) AppleWebKit/537.36 (KHTML, like Gecko) Chrome/135.0.7049.95 Mobile Safari/537.36 (compatible; Googlebot/2.1; +http://www.google.com/bot.html)"
20.15.133.175 - - [29/Apr/2025:22:53:12 -0400] "GET /?k=27695103398600&channel=2d5f6a&from=shared.php%3Fid%3D1033986-13147%26name%3D%E3%82%B9%E3%83%81%E3%83%BC%E3%83%A0%E3%82%B5%E3%82%A6%E3%83%8A+%E5%AE%B6%E5%BA%AD%E7%94%A8+%E3%82%B5%E3%82%A6%E3%83%8A+%E3%82%B9%E3%83%81%E3%83%BC%E3%83%A0+%E6%8A%98%E3%82%8A%E3%81%9F%E3%81%9F%E3%81%BF%E5%BC%8F%E3%82%B9%E3%83%81%E3%83%BC%E3%83%A0%E3%82%B5%E3%82%A6%E3%83%8A+%E3%83%86%E3%83%B3%E3%83%88%E3%82%B5%E3%82%A6%E3%83%8A+%E3%82%B5%E3%82%A6%E3%83%8A%E3%83%86%E3%83%B3%E3%83%88+%E3%82%B5%E3%82%A6%E3%83%8A%E3%83%86%E3%83%B3%E3%83%88+%E8%87%AA%E5%AE%85%E3%82%B5%E3%82%A6%E3%83%8A+%E6%90%BA%E5%B8%AF%E5%9E%8B%E3%82%B5 HTTP/1.1" 200 42699 "-" "Mozilla/5.0 AppleWebKit/537.36 (KHTML, like Gecko; compatible; bingbot/2.0; +http://www.bing.com/bingbot.htm) Chrome/116.0.1938.76 Safari/537.36"
66.249.74.103 - - [29/Apr/2025:22:53:13 -0400] "GET /?k=3609482711100&channel=03c9d2&from=product.php%3Fid%3D827111-13662%26name%3D%E3%82%AB%E3%83%BC%E3%83%96%E3%82%B9%E3%80%80%E3%82%A6%E3%83%AB%E3%83%88%E3%83%A9%E3%83%97%E3%83%AD%E3%83%86%E3%82%A4%E3%83%B3%E3%80%80%E3%83%AC%E3%83%A2%E3%83%B3%E5%91%B3%E3%80%80%EF%BC%92%E8%A2%8B%E3%82%BB%E3%83%83%E3%83%88 HTTP/1.1" 200 52461 "-" "Mozilla/5.0 (Linux; Android 6.0.1; Nexus 5X Build/MMB29P) AppleWebKit/537.36 (KHTML, like Gecko) Chrome/135.0.7049.95 Mobile Safari/537.36 (compatible; Googlebot/2.1; +http://www.google.com/bot.html)"
52.167.144.219 - - [29/Apr/2025:22:53:21 -0400] "GET /?k=09187167034303&channel=fd1e5b&from=shop.php%3Fid%3D1670343-13965%26name%3D%E3%82%A2%E3%83%B3%E3%83%80%E3%83%BC%E3%83%9E%E3%82%A6%E3%83%B3%E3%83%88%E3%82%AD%E3%83%83%E3%83%81%E3%83%B3%E3%82%B7%E3%83%B3%E3%82%AF%E3%83%90%E3%82%B9%E3%83%AB%E3%83%BC%E3%83%A0%E3%82%B7%E3%83%B3%E3%82%AF%E3%80%81%E5%BC%95%E3%81%8D%E5%87%BA%E3%81%97%E5%BC%8F%E8%9B%87%E5%8F%A3%E3%82%B9%E3%83%86%E3%83%B3%E3%83%AC%E3%82%B9%E3%82%B9%E3%83%81%E3%83%BC%E3%83%AB%E3%82%B4%E3%83%BC%E3%83%AB%E3%83%89%E5%9F%8B%E3%82%81%E8%BE%BC%E3%81%BF%E3%82%B7%E3%83%B3%E3%82%AF%E3%80%81%E3%82%B7%E3%83%B3%E3%82%B0%E3%83%AB%E3%82%B7%E3%83%B3%E3%82%AF%E3%82%AB%E3%82%A6%E3%83%B3%E3%82%BF%E3%83%BC%E4%B8%8B%E6%B4%97 HTTP/1.1" 200 41257 "-" "Mozilla/5.0 AppleWebKit/537.36 (KHTML, like Gecko; compatible; bingbot/2.0; +http://www.bing.com/bingbot.htm) Chrome/116.0.1938.76 Safari/537.36"
66.249.74.103 - - [29/Apr/2025:22:53:23 -0400] "GET /?k=6980979286200&channel=3b1bdd&from=shared.php%3Fid%3D792862-5941%26name%3D%E3%83%9B%E3%83%AF%E3%82%A4%E3%83%88%E3%83%95%E3%83%AC%E3%83%BC%E3%83%A0+%E3%82%B9%E3%83%86%E3%83%B3%E3%83%89%E3%82%B0%E3%83%A9%E3%82%B9%E3%80%80%E3%83%8A%E3%83%81%E3%83%A5%E3%83%A9%E3%83%AB%E9%9B%91%E8%B2%A8 HTTP/1.1" 200 51551 "-" "Mozilla/5.0 (Linux; Android 6.0.1; Nexus 5X Build/MMB29P) AppleWebKit/537.36 (KHTML, like Gecko) Chrome/135.0.7049.95 Mobile Safari/537.36 (compatible; Googlebot/2.1; +http://www.google.com/bot.html)"
66.249.74.103 - - [29/Apr/2025:22:53:24 -0400] "GET /?k=5114367513304&channel=d30a9b&from=brands.php%3Fid%3D675133-15545%26name%3D%E5%AD%90%E4%BE%9B%E7%94%A8%E3%82%A4%E3%83%B3%E3%83%8A%E3%83%BC%E3%83%9E%E3%82%B9%E3%82%AF+%E6%B1%BD%E8%BB%8A%E6%9F%842%E7%82%B9%E3%82%BB%E3%83%83%E3%83%88 HTTP/1.1" 200 53122 "-" "Mozilla/5.0 (Linux; Android 6.0.1; Nexus 5X Build/MMB29P) AppleWebKit/537.36 (KHTML, like Gecko) Chrome/135.0.7049.95 Mobile Safari/537.36 (compatible; Googlebot/2.1; +http://www.google.com/bot.html)"
66.249.74.103 - - [29/Apr/2025:22:53:27 -0400] "GET /?k=8344142190900&channel=93aee7&from=category-info.php%3Fid%3D421909-12978%26name%3D%E5%B1%B1%E3%81%A8%E9%81%93+5-%D0%A0%D0%BE%D1%81k%D0%B5t+%D0%A0ants+bIa%D1%81k+L+UL+%E3%83%96%E3%83%A9%E3%83%83%E3%82%AF HTTP/1.1" 200 0 "-" "Mozilla/5.0 (Linux; Android 6.0.1; Nexus 5X Build/MMB29P) AppleWebKit/537.36 (KHTML, like Gecko) Chrome/135.0.7049.95 Mobile Safari/537.36 (compatible; GoogleOther)"
66.249.74.103 - - [29/Apr/2025:22:53:30 -0400] "GET /?k=70986122084708&channel=afb659&from=product.php%3Fid%3D1220847-3044%26name%3D1940%E2%80%99s%E2%98%85+%E3%83%9D%E3%83%BC%E3%83%A9%E3%83%B3%E3%83%89%E5%9B%BD%E5%86%85%E8%BB%8D%E3%83%AC%E3%82%B8%E3%82%B9%E3%82%BF%E3%83%B3%E3%82%B9%E2%98%85%E8%AA%93%E3%81%84%E3%81%AE%E3%83%AA%E3%83%B3%E3%82%B0%E2%98%85%E3%83%AC%E3%82%A2%E5%95%86%E5%93%81 HTTP/1.1" 200 51882 "-" "Mozilla/5.0 (Linux; Android 6.0.1; Nexus 5X Build/MMB29P) AppleWebKit/537.36 (KHTML, like Gecko) Chrome/135.0.7049.95 Mobile Safari/537.36 (compatible; Googlebot/2.1; +http://www.google.com/bot.html)"
66.249.74.103 - - [29/Apr/2025:22:53:36 -0400] "GET /?k=00290190766100&channel=c1cb7a&from=shop.php%3Fid%3D1907661-600%26name%3DNUMBER+%28N%29INE+%E3%82%B9%E3%82%BF%E3%82%B8%E3%83%A3%E3%83%B3+%E5%BE%A9%E5%88%BB+%E3%83%96%E3%83%A9%E3%83%83%E3%82%AF+%E3%83%AC%E3%82%B6%E3%83%BC+%E3%82%AB%E3%82%A6%E3%83%8F%E3%82%A4%E3%83%89 HTTP/1.1" 200 51520 "-" "Mozilla/5.0 (Linux; Android 6.0.1; Nexus 5X Build/MMB29P) AppleWebKit/537.36 (KHTML, like Gecko) Chrome/135.0.7049.95 Mobile Safari/537.36 (compatible; Googlebot/2.1; +http://www.google.com/bot.html)"
66.249.74.104 - - [29/Apr/2025:22:53:42 -0400] "GET /?k=5539834514605&channel=6db351&from=info.php%3Fid%3D345146-8845%26name%3DCSCDD+1620+%2F+5000+%E7%BF%BB%E8%AF%91%E7%BB%93%E6%9E%9C+%E3%83%89%E3%83%A9%E3%82%A4%E3%83%90%E3%83%BC%E3%82%BB%E3%83%83%E3%83%88101-In-1%E3%83%A9%E3%83%81%E3%82%A7%E3%83%83%E3%83%88%E3%83%89%E3%83%A9%E3%82%A4%E3%83%90%E3%83%BCCR-V%E7%B2%BE%E5%AF%86%E4%BF%AE%E7%90%86%E3%83%84%E3%83%BC%E3%83%AB%E3%82%AD%E3%83%83%E3%83%88%E7%A3%81%E6%B0%97%E3%83%95 HTTP/1.1" 200 52201 "-" "Mozilla/5.0 (Linux; Android 6.0.1; Nexus 5X Build/MMB29P) AppleWebKit/537.36 (KHTML, like Gecko) Chrome/135.0.7049.95 Mobile Safari/537.36 (compatible; Googlebot/2.1; +http://www.google.com/bot.html)"
66.249.74.104 - - [29/Apr/2025:22:53:46 -0400] "GET /?k=90589172185004&channel=c1cb7a&from=jp.php%3Fid%3D1721850-600%26name%3D%E3%83%90%E3%83%B3%E3%82%BD%E3%83%B3++Vanson+%E3%82%B9%E3%82%AB%E3%82%B8%E3%83%A3%E3%83%B3+%E3%80%8C%E3%83%90%E3%83%83%E3%83%88%E3%83%9E%E3%83%B3+%E3%83%80%E3%83%BC%E3%82%AF%E3%83%8A%E3%82%A4%E3%83%88%E3%80%8D+%E6%96%B0%E5%93%81%E3%82%BF%E3%82%B0%E4%BB%98%E3%81%8D HTTP/1.1" 200 0 "-" "Mozilla/5.0 (Linux; Android 6.0.1; Nexus 5X Build/MMB29P) AppleWebKit/537.36 (KHTML, like Gecko) Chrome/135.0.7049.95 Mobile Safari/537.36 (compatible; GoogleOther)"
66.249.74.103 - - [29/Apr/2025:22:53:48 -0400] "GET /?k=20778152974104&channel=1d0834&from=form.php%3Fid%3D1529741-5938%26name%3DZARA+%E3%82%B6%E3%83%A9+%E3%83%AA%E3%83%96+%E3%82%BF%E3%83%B3%E3%82%AF%E3%83%88%E3%83%83%E3%83%97+%E3%82%BF%E3%82%A4%E3%83%80%E3%82%A4%E6%9F%84 HTTP/1.1" 200 50467 "-" "Mozilla/5.0 (Linux; Android 6.0.1; Nexus 5X Build/MMB29P) AppleWebKit/537.36 (KHTML, like Gecko) Chrome/135.0.7049.95 Mobile Safari/537.36 (compatible; Googlebot/2.1; +http://www.google.com/bot.html)"
66.249.74.104 - - [29/Apr/2025:22:53:54 -0400] "GET /?k=1728817625301&channel=e04d8c&from=goods.php%3Fid%3D176253-4661%26name%3D%E6%AD%A9%E3%81%84%E3%81%A6%E6%A5%BD%E3%81%97%E3%82%80+%E9%8E%8C%E5%80%89+%E6%B9%98%E5%8D%97 HTTP/1.1" 200 52088 "-" "Mozilla/5.0 (Linux; Android 6.0.1; Nexus 5X Build/MMB29P) AppleWebKit/537.36 (KHTML, like Gecko) Chrome/135.0.7049.95 Mobile Safari/537.36 (compatible; Googlebot/2.1; +http://www.google.com/bot.html)"
66.249.74.104 - - [29/Apr/2025:22:54:01 -0400] "GET /?k=38792117931403&channel=45b982&from=form.php%3Fid%3D1179314-15644%26name%3D%E3%83%89%E3%83%AA%E3%82%AB%E3%83%A0+%E3%83%95%E3%82%A1%E3%83%B3%E3%82%AF%E3%83%A9%E3%83%96%E4%BC%9A%E5%A0%B1%E8%AA%8C+101%E5%8F%B7%E3%80%9C110%E5%8F%B7 HTTP/1.1" 200 51790 "-" "Mozilla/5.0 (Linux; Android 6.0.1; Nexus 5X Build/MMB29P) AppleWebKit/537.36 (KHTML, like Gecko) Chrome/135.0.7049.95 Mobile Safari/537.36 (compatible; Googlebot/2.1; +http://www.google.com/bot.html)"
66.249.74.103 - - [29/Apr/2025:22:54:09 -0400] "GET /?k=47870170304001&channel=cda120&from=shop.php%3Fid%3D1703040-10846%26name%3DWACOAL+LASSE+%E3%82%AD%E3%83%A3%E3%83%9F%E3%82%BD%E3%83%BC%E3%83%AB%E3%82%B5%E3%82%A4%E3%82%BA80 HTTP/1.1" 200 51876 "-" "Mozilla/5.0 (Linux; Android 6.0.1; Nexus 5X Build/MMB29P) AppleWebKit/537.36 (KHTML, like Gecko) Chrome/135.0.7049.95 Mobile Safari/537.36 (compatible; Googlebot/2.1; +http://www.google.com/bot.html)"
66.249.74.103 - - [29/Apr/2025:22:54:17 -0400] "GET /?k=99731100262105&channel=f5930c&from=info.php%3Fid%3D1002621-19688%26name%3D1PC+%E3%83%80%E3%82%A4%E3%83%A4%E3%83%A2%E3%83%B3%E3%83%89%E7%A9%B4%E9%9D%A2%E5%8F%96%E3%82%8A%E3%83%89%E3%83%AA%E3%83%AB%E3%83%93%E3%83%83%E3%83%88+38+%E3%83%9F%E3%83%AA%E3%83%A1%E3%83%BC%E3%83%88%E3%83%AB%2F50+%E3%83%9F%E3%83%AA%E3%83%A1%E3%83%BC%E3%83%88%E3%83%AB%E5%A4%A7%E7%90%86%E7%9F%B3%E3%82%BF%E3%82%A4%E3%83%AB%E7%9F%B3%E3%82%AC%E3%83%A9%E3%82%B9%E9%96%8B%E5%8F%A3%E7%A9%B4%E3%83%89%E3%83%AA%E3%83%AB%E3%83%93%E3%83%83%E3%83%88+M10%2FM1 HTTP/1.1" 200 52341 "-" "Mozilla/5.0 (Linux; Android 6.0.1; Nexus 5X Build/MMB29P) AppleWebKit/537.36 (KHTML, like Gecko) Chrome/135.0.7049.95 Mobile Safari/537.36 (compatible; Googlebot/2.1; +http://www.google.com/bot.html)"
66.249.74.103 - - [29/Apr/2025:22:54:24 -0400] "GET /?k=87687112260902&channel=bc3042&from=form.php%3Fid%3D1122609-21108%26name%3D%E3%83%91%E3%82%BA%E3%83%AB%E3%83%9C%E3%83%83%E3%82%AF%E3%82%B9+14%E6%AE%B5+%E3%82%B3%E3%83%A8%E3%83%BC%E3%82%BB%E3%82%AE+%28%E3%83%87%E3%83%A5%E3%82%A2%E3%83%AB%E3%82%B3%E3%83%B3%E3%83%91%E3%83%BC%E3%83%88%E3%83%A1%E3%83%B3%E3%83%88%29 HTTP/1.1" 200 52637 "-" "Mozilla/5.0 (Linux; Android 6.0.1; Nexus 5X Build/MMB29P) AppleWebKit/537.36 (KHTML, like Gecko) Chrome/135.0.7049.95 Mobile Safari/537.36 (compatible; Googlebot/2.1; +http://www.google.com/bot.html)"
66.249.74.103 - - [29/Apr/2025:22:54:24 -0400] "GET /?k=32910177497800&channel=7909f9&from=blog.php%3Fid%3D1774978-9460%26name%3D%E3%82%AC%E3%83%B3%E3%83%90%E3%83%AC%E3%82%B8%E3%82%A7%E3%83%B3%E3%82%BA%E3%80%80%E3%82%AC%E3%83%B4%E3%80%80CX01-001 HTTP/1.1" 200 0 "-" "Mozilla/5.0 (Linux; Android 6.0.1; Nexus 5X Build/MMB29P) AppleWebKit/537.36 (KHTML, like Gecko) Chrome/135.0.7049.95 Mobile Safari/537.36 (compatible; GoogleOther)"
66.249.74.103 - - [29/Apr/2025:22:54:30 -0400] "GET /?k=5120813204401&channel=08d185&from=jp.php%3Fid%3D132044-3168%26name%3DPENTAX+DA+20-40mmF2.8-4ED+Limited+DC+WR HTTP/1.1" 200 51800 "-" "Mozilla/5.0 (Linux; Android 6.0.1; Nexus 5X Build/MMB29P) AppleWebKit/537.36 (KHTML, like Gecko) Chrome/135.0.7049.95 Mobile Safari/537.36 (compatible; Googlebot/2.1; +http://www.google.com/bot.html)"
66.249.74.103 - - [29/Apr/2025:22:54:34 -0400] "GET /?k=8821526269502&channel=59e024&from=news.php%3Fid%3D262695-548%26name%3DLS460+%E7%B4%94%E6%AD%A3%E3%83%9B%E3%82%A4%E3%83%BC%E3%83%AB+18%E3%82%A4%E3%83%B3%E3%83%81 HTTP/1.1" 200 52801 "-" "Mozilla/5.0 (Linux; Android 6.0.1; Nexus 5X Build/MMB29P) AppleWebKit/537.36 (KHTML, like Gecko) Chrome/135.0.7049.95 Mobile Safari/537.36 (compatible; Googlebot/2.1; +http://www.google.com/bot.html)"
66.249.74.103 - - [29/Apr/2025:22:54:42 -0400] "GET /?k=4607063265805&channel=37e0b5&from=shared.php%3Fid%3D632658-3351%26name%3D%E3%82%A8%E3%82%A2%E3%82%B5%E3%82%B9+24%E9%80%9A%E3%82%8A%E3%81%AE%E8%AA%BF%E6%95%B4%E3%83%80%E3%83%B3%E3%83%91%E3%83%BC+%E3%82%B3%E3%82%A4%E3%83%AB%E3%82%AA%E3%83%BC%E3%83%90%E3%83%BC+%E3%81%9F%E3%82%81%E3%81%AB+%E3%82%B9%E3%83%90%E3%83%AB+%E3%81%9F%E3%82%81%E3%81%AB+%E3%82%A4%E3%83%B3%E3%83%97%E3%83%AC%E3%83%83%E3%82%B5+%E3%81%9F%E3%82%81%E3%81%AB+WRX+GC+GC8+1993-20 HTTP/1.1" 200 53433 "-" "Mozilla/5.0 (Linux; Android 6.0.1; Nexus 5X Build/MMB29P) AppleWebKit/537.36 (KHTML, like Gecko) Chrome/135.0.7049.95 Mobile Safari/537.36 (compatible; Googlebot/2.1; +http://www.google.com/bot.html)"
2a06:98c0:3600::103 - - [29/Apr/2025:22:54:48 -0400] "GET /wordpress/wp-admin/setup-config.php HTTP/1.1" 200 0 "-" "Mozilla/5.0 (Windows NT 10.0; Win64; x64) AppleWebKit/537.36 (KHTML, like Gecko) Chrome/135.0.0.0 Safari/537.36"
66.249.74.104 - - [29/Apr/2025:22:54:48 -0400] "GET /?k=0640392825000&channel=277439&from=article.php%3Fid%3D928250-2061%26name%3D%E3%82%AF%E3%83%AA%E3%83%83%E3%83%97%E3%83%A9%E3%82%A4%E3%83%88+%E9%9B%BB%E7%90%83%E3%81%AA%E3%81%97+6%E5%80%8B+%E4%BD%9C%E6%A5%AD%E7%81%AF HTTP/1.1" 200 53266 "-" "Mozilla/5.0 (Linux; Android 6.0.1; Nexus 5X Build/MMB29P) AppleWebKit/537.36 (KHTML, like Gecko) Chrome/135.0.7049.95 Mobile Safari/537.36 (compatible; Googlebot/2.1; +http://www.google.com/bot.html)"
66.249.74.104 - - [29/Apr/2025:22:54:56 -0400] "GET /?k=24523194495502&channel=ec6024&from=info.php%3Fid%3D1944955-4826%26name%3DTuwlopyu+%E3%82%AB%E3%83%BC%E3%83%89%E3%82%A2%E3%83%8F%E3%83%B3%E3%83%89%E3%83%AB%E3%82%AB%E3%83%83%E3%83%97%E3%83%97%E3%83%AD%E3%83%86%E3%82%AF%E3%82%BF%E3%83%BC%E3%80%81%E8%BB%8A%E3%81%AE%E3%83%89%E3%82%A2%E3%83%8F%E3%83%B3%E3%83%89%E3%83%AB%E3%82%B9%E3%82%AF%E3%83%A9%E3%83%83%E3%83%81%E3%83%97%E3%83%AD%E3%83%86%E3%82%AF%E3%82%BF%E3%83%BC+-+8%E5%80%8B%E3%81%AE%E3%82%A2%E3%83%B3%E3%83%81%E3%82%B9%E3%82%AF%E3%83%A9%E3%83%83%E3%83%81%E3%83%A9%E3%83%9F%E3%83%8A%E3%82%B9%E3%83%89%E3%82%A2 HTTP/1.1" 200 51643 "-" "Mozilla/5.0 (Linux; Android 6.0.1; Nexus 5X Build/MMB29P) AppleWebKit/537.36 (KHTML, like Gecko) Chrome/135.0.7049.95 Mobile Safari/537.36 (compatible; Googlebot/2.1; +http://www.google.com/bot.html)"
66.249.74.105 - - [29/Apr/2025:22:55:03 -0400] "GET /?k=12043154100401&channel=d76f1e&from=article.php%3Fid%3D1541004-15954%26name%3DTIANQUXNGI+%E3%83%A1%E3%82%BF%E3%83%AB%E3%82%AB%E3%83%83%E3%83%86%E3%82%A3%E3%83%B3%E3%82%B0%E3%83%80%E3%82%A4%E7%B5%B6%E5%A6%99%E3%81%AA%E9%A6%AC%E5%9E%8B%E3%82%A8%E3%83%B3%E3%83%9C%E3%82%B9%E3%82%B9%E3%83%86%E3%83%B3%E3%82%B7%E3%83%AB+%E7%B4%99%E3%83%95%E3%82%A9%E3%83%88%E3%82%A2%E3%83%AB%E3%83%90%E3%83%A0%E8%A3%85%E9%A3%BE%E7%94%A8 HTTP/1.1" 200 52282 "-" "Mozilla/5.0 (Linux; Android 6.0.1; Nexus 5X Build/MMB29P) AppleWebKit/537.36 (KHTML, like Gecko) Chrome/135.0.7049.95 Mobile Safari/537.36 (compatible; Googlebot/2.1; +http://www.google.com/bot.html)"
66.249.74.105 - - [29/Apr/2025:22:55:07 -0400] "GET /?k=86486176897104&channel=d29864&from=goods.php%3Fid%3D1768971-18204%26name%3D%E3%80%90NBA%E3%80%91%E3%82%AA%E3%83%BC%E3%83%A9%E3%83%B3%E3%83%89%E3%83%BB%E3%83%9E%E3%82%B8%E3%83%83%E3%82%AF+%E3%83%A6%E3%83%8B%E3%83%95%E3%82%A9%E3%83%BC%E3%83%A0%E3%80%80HOWARD HTTP/1.1" 200 0 "-" "Mozilla/5.0 (Linux; Android 6.0.1; Nexus 5X Build/MMB29P) AppleWebKit/537.36 (KHTML, like Gecko) Chrome/135.0.7049.95 Mobile Safari/537.36 (compatible; GoogleOther)"
66.249.74.103 - - [29/Apr/2025:22:55:12 -0400] "GET /?k=1978938038700&channel=87fe60&from=category-info.php%3Fid%3D380387-6305%26name%3D%E5%B0%82%E7%94%A8 HTTP/1.1" 200 51488 "-" "Mozilla/5.0 (Linux; Android 6.0.1; Nexus 5X Build/MMB29P) AppleWebKit/537.36 (KHTML, like Gecko) Chrome/135.0.7049.95 Mobile Safari/537.36 (compatible; Googlebot/2.1; +http://www.google.com/bot.html)"
66.249.74.104 - - [29/Apr/2025:22:55:16 -0400] "GET /?k=35731105876607&channel=190d69&from=info.php%3Fid%3D1058766-20275%26name%3D%E3%80%90%E3%82%82%E3%81%86%E6%B6%99%E3%82%92%E6%81%90%E3%82%8C%E3%81%AA%E3%81%84%E3%80%91%E4%BF%9D%E8%AD%B7%E7%94%A8%E3%82%A2%E3%82%A4%E3%82%B4%E3%83%BC%E3%82%B0%E3%83%AB+%E3%82%AD%E3%83%83%E3%83%81%E3%83%B3%E7%94%A8+%E7%8E%89%E3%81%AD%E3%81%8E%E3%82%92%E5%88%87%E3%82%8B%E7%94%A8+%E3%82%B4%E3%83%BC%E3%82%B0%E3%83%AB+%E7%8E%89%E3%81%AD%E3%81%8E%E3%82%AB%E3%83%83%E3%83%88%E3%82%B4%E3%83%BC%E3%82%B0%E3%83%AB+%E9%98%B2%E5%A1%B5+%E9%98%B2%E9%A2%A8+%E6%9B%87%E3%82%8A%E6%AD%A2%E3%82%81+%E3%82%B8%E3%83%A5%E3%83%BC%E3%82%B9%E3%80%81 HTTP/1.1" 200 0 "-" "Mozilla/5.0 (Linux; Android 6.0.1; Nexus 5X Build/MMB29P) AppleWebKit/537.36 (KHTML, like Gecko) Chrome/135.0.7049.95 Mobile Safari/537.36 (compatible; GoogleOther)"
66.249.74.103 - - [29/Apr/2025:22:55:19 -0400] "GET /?k=63196197437700&channel=542903&from=shop.php%3Fid%3D1974377-27782%26name%3D%E4%B8%AD%E5%8F%A4+Mr.Children+%2F+%E3%83%9F%E3%82%B9%E3%83%81%E3%83%AB+%E3%80%90I+LOVE+U%E3%80%91+CD HTTP/1.1" 200 51689 "-" "Mozilla/5.0 (Linux; Android 6.0.1; Nexus 5X Build/MMB29P) AppleWebKit/537.36 (KHTML, like Gecko) Chrome/135.0.7049.95 Mobile Safari/537.36 (compatible; Googlebot/2.1; +http://www.google.com/bot.html)"
66.249.74.103 - - [29/Apr/2025:22:55:20 -0400] "GET /?k=10105119172204&channel=5b6cf2&from=pin.php%3Fid%3D1191722-7387%26name%3DHEALEEP+2%E5%80%8B+%E3%82%B7%E3%83%A5%E3%83%BC%E3%82%BA%E3%82%B5%E3%83%9D%E3%83%BC%E3%83%88%E3%83%87%E3%82%A3%E3%82%B9%E3%83%97%E3%83%AC%E3%82%A4%E3%83%A9%E3%83%83%E3%82%AF+%E9%9D%B4%E3%81%AE%E5%B1%95%E7%A4%BA+%E9%9D%B4%E3%81%AE%E9%99%B3%E5%88%97%E5%8F%B0++%E5%B1%95%E7%A4%BA%E7%94%A8%E3%82%A4%E3%83%BC%E3%82%BC%E3%83%AB+%E9%9D%B4%E7%AE%B1+%E9%AB%98%E3%81%84+%E7%94%BB%E9%9D%A2+%E3%82%B7%E3%83%A5%E3%83%BC%E3%82%BA%E3%83%A9%E3%83%83%E3%82%AF+%E3%82%A2%EF%BC%88SYM-1001+BK+%E7%AA%81%E3%81%A3%E5%BC%B5%E3%82%8A%E3%82%B9%E3%83%8B%E3%83%BC%E3%82%AB%E3%83%BC%E3%83%87%E3%82%A3%E3%82%B9%E3%83%97%E3%83%AC%E3%82%A4%E3%83%A9%E3%83%83%E3%82%AF+%E3%82%B5%E3%83%B3%E3%83%BB%E3%83%8F%E3%83%BC%E3%83%99%E3%82%B9%E3%83%88+1%E5%8F%B0+SYM-1001+BK+-+%E3%80%90%E9%80%9A%E8%B2%A9%E3%83%A2%E3%83%8E%E3%82%BF%E3%83%AD%E3%82%A6%E3%80%91%EF%BC%89 HTTP/1.1" 200 0 "-" "Mozilla/5.0 (Linux; Android 6.0.1; Nexus 5X Build/MMB29P) AppleWebKit/537.36 (KHTML, like Gecko) Chrome/135.0.7049.95 Mobile Safari/537.36 (compatible; GoogleOther)"
66.249.74.103 - - [29/Apr/2025:22:55:23 -0400] "GET /?k=20098115049003&channel=cf09e4&from=news.php%3Fid%3D1150490-21393%26name%3D%E8%8A%B1%E5%92%B2%E3%81%8F%E6%9C%A8%E3%83%90%E3%83%83%E3%82%B0+%E5%BC%81%E5%BD%93%E8%A2%8B+%E3%81%8A%E5%BC%81%E5%BD%93%E3%83%90%E3%83%83%E3%82%B0+%E6%89%8B%E6%8F%90%E3%81%92%E3%81%8A%E5%BC%81%E5%BD%93%E7%AE%B1+%E9%A3%9F%E5%93%81%E5%8F%8E%E7%B4%8D+%E3%82%A8%E3%82%B3%E3%83%90%E3%83%83%E3%82%B0%E9%80%9A%E5%8B%A4+%E9%80%9A%E5%AD%A6+%E5%B0%8F%E3%81%95%E3%81%AA%E3%83%8F%E3%83%B3%E3%83%89%E3%83%90%E3%83%83%E3%82%B0 HTTP/1.1" 200 52881 "-" "Mozilla/5.0 (Linux; Android 6.0.1; Nexus 5X Build/MMB29P) AppleWebKit/537.36 (KHTML, like Gecko) Chrome/135.0.7049.95 Mobile Safari/537.36 (compatible; Googlebot/2.1; +http://www.google.com/bot.html)"
66.249.74.103 - - [29/Apr/2025:22:55:25 -0400] "GET /?k=92966181033800&channel=8fbe0f&from=blog.php%3Fid%3D1810338-10872%26name%3D%E3%80%90%E6%96%B0%E5%93%81%E6%9C%AA%E4%BD%BF%E7%94%A8%E3%80%91%E5%A4%A7%E8%A5%BF%E9%A2%A8%E9%9B%85%E3%80%80%E3%82%A2%E3%82%AF%E3%82%B9%E3%82%BF%E3%80%80%E3%82%A2%E3%82%AF%E3%82%AD%E3%83%BC%E3%80%80%E3%82%BB%E3%83%83%E3%83%88 HTTP/1.1" 200 0 "-" "Mozilla/5.0 (Linux; Android 6.0.1; Nexus 5X Build/MMB29P) AppleWebKit/537.36 (KHTML, like Gecko) Chrome/135.0.7049.95 Mobile Safari/537.36 (compatible; GoogleOther)"
66.249.74.103 - - [29/Apr/2025:22:55:30 -0400] "GET /?k=947802636803&channel=f80ee3&from=category-info.php%3Fid%3D26368-3176%26name%3DMonarch+GE+Corei7-7700+%E3%83%A1%E3%83%A2%E3%83%AA16GB+1TB%2B250GB HTTP/1.1" 200 51624 "-" "Mozilla/5.0 (Linux; Android 6.0.1; Nexus 5X Build/MMB29P) AppleWebKit/537.36 (KHTML, like Gecko) Chrome/135.0.7049.95 Mobile Safari/537.36 (compatible; Googlebot/2.1; +http://www.google.com/bot.html)"
66.249.74.103 - - [29/Apr/2025:22:55:34 -0400] "GET /?k=17211167921300&channel=e051eb&from=pin.php%3Fid%3D1679213-5689%26name%3D8+%E5%80%8B%E3%82%AB%E3%83%BC%E3%82%A2%E3%82%AF%E3%82%BB%E3%82%B5%E3%83%AA%E3%83%BC%E7%87%83%E6%96%99%E3%82%A4%E3%83%B3%E3%82%B8%E3%82%A7%E3%82%AF%E3%82%BF%E3%83%BC+MR2+23250-74100+23209-74100+2325074100+%E3%81%A8%E4%BA%92%E6%8F%9B%E6%80%A7%E3%81%82%E3%82%8A HTTP/1.1" 200 0 "-" "Mozilla/5.0 (Linux; Android 6.0.1; Nexus 5X Build/MMB29P) AppleWebKit/537.36 (KHTML, like Gecko) Chrome/135.0.7049.95 Mobile Safari/537.36 (compatible; GoogleOther)"
66.249.74.103 - - [29/Apr/2025:22:55:36 -0400] "GET /?k=01240150371803&channel=0c5bcd&from=article.php%3Fid%3D1503718-530%26name%3DG20+G28+3+%E3%82%B7%E3%83%AA%E3%83%BC%E3%82%BA+2019-2024+%E8%BB%8A%E3%81%AE%E3%82%AB%E3%83%BC%E3%83%9C%E3%83%B3%E3%83%95%E3%82%A1%E3%82%A4%E3%83%90%E3%83%BC%E7%87%83%E6%96%99%E3%82%BF%E3%83%B3%E3%82%AF%E3%82%AD%E3%83%A3%E3%83%83%E3%83%97%E5%A4%96%E8%A3%85%E7%87%83%E6%96%99%E3%82%BF%E3%83%B3%E3%82%AF%E3%82%AD%E3%83%A3%E3%83%83%E3%83%97%E3%83%88%E3%83%AA%E3%83%A0%E3%81%A8%E4%BA%92%E6%8F%9B%E6%80%A7%E3%81%82%E3%82%8A HTTP/1.1" 200 53529 "-" "Mozilla/5.0 (Linux; Android 6.0.1; Nexus 5X Build/MMB29P) AppleWebKit/537.36 (KHTML, like Gecko) Chrome/135.0.7049.95 Mobile Safari/537.36 (compatible; Googlebot/2.1; +http://www.google.com/bot.html)"
66.249.74.103 - - [29/Apr/2025:22:55:44 -0400] "GET /?k=71607172965900&channel=916bd3&from=form.php%3Fid%3D1729659-22413%26name%3D%E6%96%B0%E5%93%81%E3%82%BF%E3%82%B0%E4%BB%98%E3%81%8D%E3%80%80MEDI+RAFFIA+LADY+HAT HTTP/1.1" 200 51398 "-" "Mozilla/5.0 (Linux; Android 6.0.1; Nexus 5X Build/MMB29P) AppleWebKit/537.36 (KHTML, like Gecko) Chrome/135.0.7049.95 Mobile Safari/537.36 (compatible; Googlebot/2.1; +http://www.google.com/bot.html)"
66.249.74.103 - - [29/Apr/2025:22:55:48 -0400] "GET /?k=7817032221100&channel=f0d997&from=news.php%3Fid%3D322211-3198%26name%3DCanon%E3%82%AB%E3%83%A1%E3%83%A95%E7%82%B9%E3%82%BB%E3%83%83%E3%83%88 HTTP/1.1" 200 51232 "-" "Mozilla/5.0 (Linux; Android 6.0.1; Nexus 5X Build/MMB29P) AppleWebKit/537.36 (KHTML, like Gecko) Chrome/135.0.7049.95 Mobile Safari/537.36 (compatible; Googlebot/2.1; +http://www.google.com/bot.html)"
66.249.74.104 - - [29/Apr/2025:22:55:51 -0400] "GET /?k=12874126286103&channel=78d4d4&from=shared.php%3Fid%3D1262861-22537%26name%3D%E3%83%9A%E3%83%83%E3%83%88%E8%BF%BD%E8%B7%A1+%E9%A6%96%E8%BC%AA%E4%BB%98%E3%81%8D+GPS%E7%99%BA%E4%BF%A1%E6%A9%9F+%E6%9C%88%E9%A1%8D%E4%B8%8D%E8%A6%81+GPS%E8%BF%BD%E8%B7%A1+IOS%E5%AF%BE%E5%BF%9C+%E5%85%A8%E7%90%83%E3%83%9A%E3%83%83%E3%83%88%E7%94%A8GPS+%E3%83%AA%E3%82%A2%E3%83%AB%E3%82%BF%E3%82%A4%E3%83%A0GPS+GPS%E7%99%BA%E4%BF%A1%E5%99%A8+%E8%B6%85%E5%B0%8F%E5%9E%8BGPS+%E3%83%9A%E3%83%83%E3%83%88%E6%8E%A2%E3%81%97+%E7%8A%AC+%E7%8C%AB+%E7%B4%9B%E5%A4%B1%E9%98%B2%E6%AD%A2+%E7%8A%AC%E7%8C%AB%E8%BF%BD%E8%B7%A1%E8%A3%85%E7%BD%AE+%E9%98%B2%E6%B0%B4+%E3%83%88%E3%83%A9%E3%83%83%E3%82%AB%E3%83%BC++sPoJ317 HTTP/1.1" 200 52694 "-" "Mozilla/5.0 (Linux; Android 6.0.1; Nexus 5X Build/MMB29P) AppleWebKit/537.36 (KHTML, like Gecko) Chrome/135.0.7049.95 Mobile Safari/537.36 (compatible; Googlebot/2.1; +http://www.google.com/bot.html)"
66.249.74.104 - - [29/Apr/2025:22:55:58 -0400] "GET /?k=8101868198800&channel=45b982&from=brands.php%3Fid%3D681988-15644%26name%3D%E5%A5%A5%E7%94%B0%E5%8A%9B%E4%B9%9F HTTP/1.1" 200 50875 "-" "Mozilla/5.0 (Linux; Android 6.0.1; Nexus 5X Build/MMB29P) AppleWebKit/537.36 (KHTML, like Gecko) Chrome/135.0.7049.95 Mobile Safari/537.36 (compatible; Googlebot/2.1; +http://www.google.com/bot.html)"
66.249.74.104 - - [29/Apr/2025:22:55:59 -0400] "GET /?k=8726256797703&channel=42673b&from=blog.php%3Fid%3D567977-624%26name%3D%E3%83%98%E3%83%83%E3%83%89%E3%83%A9%E3%82%A4%E3%83%88%E3%82%A2%E3%82%BB%E3%83%B3%E3%83%96%E3%83%AA+SGMW+HonGuang+MINI+EV+2020-2022+LED+DRL+LED+%E3%83%87%E3%83%A5%E3%82%A2%E3%83%AB%E3%83%93%E3%83%BC%E3%83%A0%E3%83%AC%E3%83%B3%E3%82%BA HTTP/1.1" 200 0 "-" "Mozilla/5.0 (Linux; Android 6.0.1; Nexus 5X Build/MMB29P) AppleWebKit/537.36 (KHTML, like Gecko) Chrome/135.0.7049.95 Mobile Safari/537.36 (compatible; GoogleOther)"
66.249.74.103 - - [29/Apr/2025:22:56:06 -0400] "GET /?k=2715966544401&channel=217fc3&from=info.php%3Fid%3D665444-12327%26name%3D%E3%83%A9%E3%83%9F%E3%83%8D%E3%83%BC%E3%82%BF%E3%83%BC%E6%9C%BA%E6%A9%9F+A4%E5%AF%BE%E5%BF%9C+6in1+%E5%A4%9A%E6%A9%9F%E8%83%BD+%E3%83%A9%E3%83%9F%E3%83%8D%E3%83%BC%E3%83%88%E6%A9%9F+%E7%86%B1%2F%E5%86%B7%E3%83%A2%E3%83%BC%E3%83%89+ABS%E6%A9%9F%E8%83%BD%E4%BB%98%E3%81%8D+%E3%83%A9%E3%83%9F%E3%83%8D%E3%83%BC%E3%83%88%E3%83%95%E3%82%A3%E3%83%AB%E3%83%A015%E6%9E%9A+%E8%A3%81%E6%96%AD%E6%A9%9F%2F%E8%A7%92%E5%8F%96%E3%82%AB%E3%83%83 HTTP/1.1" 200 53590 "-" "Mozilla/5.0 (Linux; Android 6.0.1; Nexus 5X Build/MMB29P) AppleWebKit/537.36 (KHTML, like Gecko) Chrome/135.0.7049.95 Mobile Safari/537.36 (compatible; Googlebot/2.1; +http://www.google.com/bot.html)"
66.249.74.104 - - [29/Apr/2025:22:56:07 -0400] "GET /?k=78919172573502&channel=199a5f&from=goods.php%3Fid%3D1725735-18131%26name%3D%E5%90%89%E5%B7%9D%E5%9B%BD%E5%B7%A5%E6%A5%AD%E6%89%80+%E3%83%A9%E3%82%A4%E3%82%AF%E3%82%A4%E3%83%83%E3%83%88+%E3%81%8B%E3%81%95%E3%83%A9%E3%83%83%E3%82%AF+%E3%83%9B%E3%83%AF%E3%82%A4%E3%83%88+%E6%97%A5%E6%9C%AC%E8%A3%BD HTTP/1.1" 200 0 "-" "Mozilla/5.0 (Linux; Android 6.0.1; Nexus 5X Build/MMB29P) AppleWebKit/537.36 (KHTML, like Gecko) Chrome/135.0.7049.95 Mobile Safari/537.36 (compatible; GoogleOther)"
66.249.74.104 - - [29/Apr/2025:22:56:09 -0400] "GET /?k=90669166094501&channel=7d1180&from=info.php%3Fid%3D1660945-3406%26name%3DWin10+%E3%83%8E%E3%83%BC%E3%83%88%E3%83%91%E3%82%BD%E3%82%B3%E3%83%B3+FUJITSU HTTP/1.1" 200 52191 "-" "Mozilla/5.0 (Linux; Android 6.0.1; Nexus 5X Build/MMB29P) AppleWebKit/537.36 (KHTML, like Gecko) Chrome/135.0.7049.95 Mobile Safari/537.36 (compatible; Googlebot/2.1; +http://www.google.com/bot.html)"
66.249.74.104 - - [29/Apr/2025:22:56:15 -0400] "GET /?k=018037579901&channel=3762de&from=blog.php%3Fid%3D75799-6001%26name%3D%E3%82%A2%E3%82%B7%E3%82%B9%E3%83%88%E3%82%B9%E3%83%84%E3%83%BC%E3%83%AB HTTP/1.1" 200 51335 "-" "Mozilla/5.0 (Linux; Android 6.0.1; Nexus 5X Build/MMB29P) AppleWebKit/537.36 (KHTML, like Gecko) Chrome/135.0.7049.95 Mobile Safari/537.36 (compatible; Googlebot/2.1; +http://www.google.com/bot.html)"
66.249.74.103 - - [29/Apr/2025:22:56:21 -0400] "GET /?k=90709177501800&channel=b38be2&from=article.php%3Fid%3D1775018-12896%26name%3D%E3%82%BD%E3%83%95%E3%82%A1%E3%82%AB%E3%83%90%E3%83%BC+%E3%83%99%E3%83%83%E3%83%89%E3%82%AB%E3%83%90%E3%83%BC+%E5%A4%9A%E7%9B%AE%E7%9A%84%E3%82%AB%E3%83%90%E3%83%BC+230+%2A+250cm+%E3%82%AD%E3%83%AB%E3%83%88+%E3%82%B9%E3%82%BF%E3%82%A4%E3%83%AA%E3%83%83%E3%82%B7%E3%83%A5+%E8%8A%B1%E6%9F%84+%E3%83%99%E3%83%83%E3%83%89%E3%82%AB%E3%83%90%E3%83%BC+%28%E8%89%B2+7+250x27 HTTP/1.1" 200 0 "-" "Mozilla/5.0 (Linux; Android 6.0.1; Nexus 5X Build/MMB29P) AppleWebKit/537.36 (KHTML, like Gecko) Chrome/135.0.7049.95 Mobile Safari/537.36 (compatible; GoogleOther)"
