66.249.74.104 - - [29/Apr/2025:21:55:56 -0400] "GET /?k=04368149941200&channel=28ddf6&from=shared.php%3Fid%3D1499412-19201%26name%3DBEFIRST+SHUNTO%E3%83%97%E3%83%AD%E3%83%87%E3%83%A5%E3%83%BC%E3%82%B9 HTTP/1.1" 200 52872 "-" "Mozilla/5.0 (Linux; Android 6.0.1; Nexus 5X Build/MMB29P) AppleWebKit/537.36 (KHTML, like Gecko) Chrome/135.0.7049.95 Mobile Safari/537.36 (compatible; Googlebot/2.1; +http://www.google.com/bot.html)"
66.249.74.103 - - [29/Apr/2025:21:56:04 -0400] "GET /?k=72271147744000&channel=8bc9e7&from=pin.php%3Fid%3D1477440-3880%26name%3DDEELUXE+ID+27.5 HTTP/1.1" 200 50903 "-" "Mozilla/5.0 (Linux; Android 6.0.1; Nexus 5X Build/MMB29P) AppleWebKit/537.36 (KHTML, like Gecko) Chrome/135.0.7049.95 Mobile Safari/537.36 (compatible; Googlebot/2.1; +http://www.google.com/bot.html)"
66.249.74.103 - - [29/Apr/2025:21:56:05 -0400] "GET /?k=75796146589900&channel=6a2403&from=news.php%3Fid%3D1465899-1275%26name%3D24.5+%E5%AE%9A%E4%BE%A12.3%E4%B8%87%E3%80%80%E3%83%93%E3%83%AB%E3%82%B1%E3%83%B3%E3%82%B7%E3%83%A5%E3%83%88%E3%83%83%E3%82%AF%E3%80%80BIRKENSTOCK+%E3%83%A2%E3%83%B3%E3%82%BF%E3%83%8A HTTP/1.1" 200 0 "-" "Mozilla/5.0 (Linux; Android 6.0.1; Nexus 5X Build/MMB29P) AppleWebKit/537.36 (KHTML, like Gecko) Chrome/135.0.7049.95 Mobile Safari/537.36 (compatible; GoogleOther)"
66.249.74.104 - - [29/Apr/2025:21:56:10 -0400] "GET /?k=0828046984200&channel=c38d4f&from=form.php%3Fid%3D469842-13476%26name%3D%E3%81%A8%E3%81%82%E3%82%8B%E7%A7%91%E5%AD%A6%E3%81%AE%E8%B6%85%E9%9B%BB%E7%A3%81%E7%A0%B2+%E9%A3%9F%E8%9C%82+%E3%83%A9%E3%83%90%E3%83%BC+%E3%83%9E%E3%83%83%E3%83%88 HTTP/1.1" 200 51668 "-" "Mozilla/5.0 (Linux; Android 6.0.1; Nexus 5X Build/MMB29P) AppleWebKit/537.36 (KHTML, like Gecko) Chrome/135.0.7049.95 Mobile Safari/537.36 (compatible; Googlebot/2.1; +http://www.google.com/bot.html)"
66.249.74.103 - - [29/Apr/2025:21:56:19 -0400] "GET /?k=29060159944304&channel=8f1c0c&from=shared.php%3Fid%3D1599443-4816%26name%3D%E2%97%BB%EF%B8%8F%E5%B0%82%E7%94%A8%E3%81%A7%E3%81%99%E3%80%82%E3%81%94%E6%B3%A8%E6%84%8F%E3%81%97%E3%81%A6%E4%B8%8B%E3%81%95%E3%81%84%E3%80%82%E7%B6%BA%E9%BA%97++AIWA++j77MK2++%E3%83%A9%E3%82%B8%E3%82%AB%E3%82%BB HTTP/1.1" 200 49862 "-" "Mozilla/5.0 (Linux; Android 6.0.1; Nexus 5X Build/MMB29P) AppleWebKit/537.36 (KHTML, like Gecko) Chrome/135.0.7049.95 Mobile Safari/537.36 (compatible; Googlebot/2.1; +http://www.google.com/bot.html)"
66.249.74.103 - - [29/Apr/2025:21:56:23 -0400] "GET /?k=15193172883100&channel=0e4632&from=goods.php%3Fid%3D1728831-18279%26name%3D%E2%98%85++Panasonic%E3%82%B3%E3%83%AB%E3%83%84%E3%83%92%E3%83%BC%E3%82%BF%E3%83%BC+NK-RH22E+%E6%96%B0%E5%93%81%E3%83%BB%E6%9C%AA%E4%BD%BF%E7%94%A8%E3%83%BB%E6%9C%AA%E9%96%8B%E5%B0%81%E5%93%81 HTTP/1.1" 200 51178 "-" "Mozilla/5.0 (Linux; Android 6.0.1; Nexus 5X Build/MMB29P) AppleWebKit/537.36 (KHTML, like Gecko) Chrome/135.0.7049.95 Mobile Safari/537.36 (compatible; Googlebot/2.1; +http://www.google.com/bot.html)"
66.249.74.103 - - [29/Apr/2025:21:56:27 -0400] "GET /?k=3876390679504&channel=3767bd&from=blog.php%3Fid%3D906795-6053%26name%3DFILA+%E3%83%9C%E3%82%B9%E3%83%88%E3%83%B3%E3%83%90%E3%83%83%E3%82%B0+%E6%B0%B4%E7%8E%89%E6%A8%A1%E6%A7%98 HTTP/1.1" 200 0 "-" "Mozilla/5.0 (Linux; Android 6.0.1; Nexus 5X Build/MMB29P) AppleWebKit/537.36 (KHTML, like Gecko) Chrome/135.0.7049.95 Mobile Safari/537.36 (compatible; GoogleOther)"
66.249.74.103 - - [29/Apr/2025:21:56:33 -0400] "GET /?k=18141171000000&channel=cffa00&from=news.php%3Fid%3D1710000-1169%26name%3D%E3%83%97%E3%83%A9%E3%82%B0%E8%8A%B1%E8%8B%97+%E5%B8%9D%E7%8E%8B%E8%B2%9D%E7%B4%B0%E5%B7%A5%E3%82%A2%E3%83%88%E3%83%A9%E3%82%AF%E3%82%B7%E3%83%A7%E3%83%B3%E3%83%9F%E3%83%83%E3%82%AF%E3%82%B9%28%E8%8A%B1%E8%89%B2%E7%84%A1%E9%81%B8%E5%88%A5%29+70%E6%9C%AC%E5%85%A51%E3%83%88%E3%83%AC%E3%83%BC HTTP/1.1" 200 52282 "-" "Mozilla/5.0 (Linux; Android 6.0.1; Nexus 5X Build/MMB29P) AppleWebKit/537.36 (KHTML, like Gecko) Chrome/135.0.7049.95 Mobile Safari/537.36 (compatible; Googlebot/2.1; +http://www.google.com/bot.html)"
66.249.74.103 - - [29/Apr/2025:21:56:37 -0400] "GET /?k=026039224703&channel=79b07c&from=shop.php%3Fid%3D92247-2404%26name%3D%E3%83%AC%E3%83%BC%E3%82%B6%E3%83%BC%E3%83%97%E3%83%A9%E3%82%A4%E3%83%A0%E3%80%80%E3%83%88%E3%83%A9%E3%83%B3%E3%82%B9%E3%83%95%E3%82%A9%E3%83%BC%E3%83%9E%E3%83%BC%E3%82%BF%E3%82%A4%E3%82%BF%E3%83%B3%E3%82%BA%E3%83%AA%E3%82%BF%E3%83%BC%E3%83%B3%E3%80%80%E3%82%AB%E3%82%AA%E3%82%B9%E3%82%AA%E3%83%B3%E3%83%B4%E3%82%A7%E3%83%AD%E3%82%B7%E3%83%88%E3%83%AD%E3%83%B3 HTTP/1.1" 200 52068 "-" "Mozilla/5.0 (Linux; Android 6.0.1; Nexus 5X Build/MMB29P) AppleWebKit/537.36 (KHTML, like Gecko) Chrome/135.0.7049.95 Mobile Safari/537.36 (compatible; Googlebot/2.1; +http://www.google.com/bot.html)"
66.249.74.103 - - [29/Apr/2025:21:56:43 -0400] "GET /?k=08381142016700&channel=f09353&from=brands.php%3Fid%3D1420167-6976%26name%3D%E6%98%A0%E7%94%BB%E3%83%81%E3%83%A9%E3%82%B7%E3%80%80%E3%82%AD%E3%82%A2%E3%83%8C%E3%83%BB%E3%83%AA%E3%83%BC%E3%83%96%E3%82%B9%E3%80%80%E5%87%BA%E6%BC%94%E4%BD%9C%E5%93%81%E3%80%80%EF%BC%91%E6%9E%9A%E3%80%8E%E3%83%87%E3%82%A3%E3%82%A2%E3%83%9C%E3%83%AD%E3%82%B9%E3%80%80%E6%82%AA%E9%AD%94%E3%81%AE%E6%89%89%E3%80%8F HTTP/1.1" 200 51232 "-" "Mozilla/5.0 (Linux; Android 6.0.1; Nexus 5X Build/MMB29P) AppleWebKit/537.36 (KHTML, like Gecko) Chrome/135.0.7049.95 Mobile Safari/537.36 (compatible; Googlebot/2.1; +http://www.google.com/bot.html)"
66.249.74.103 - - [29/Apr/2025:21:56:46 -0400] "GET /?k=1299849150200&channel=7fdb04&from=article.php%3Fid%3D491502-2176%26name%3D%E3%82%A2%E3%82%AB%E3%83%87%E3%83%9F%E3%83%BC+1+32+USMC+F+A-18A+%E3%83%AC%E3%83%83%E3%83%89+%E3%83%87%E3%83%93%E3%83%AB%E3%82%BA HTTP/1.1" 200 0 "-" "Mozilla/5.0 (Linux; Android 6.0.1; Nexus 5X Build/MMB29P) AppleWebKit/537.36 (KHTML, like Gecko) Chrome/135.0.7049.95 Mobile Safari/537.36 (compatible; GoogleOther)"
66.249.74.103 - - [29/Apr/2025:21:56:50 -0400] "GET /?k=3447790471000&channel=f0d997&from=info.php%3Fid%3D904710-3198%26name%3D%E4%BA%BA%E6%B0%97+%E3%82%A2%E3%82%B5%E3%83%92+%E3%83%9A%E3%83%B3%E3%82%BF%E3%83%83%E3%82%AF%E3%82%B9+6%C3%977+%E3%83%90%E3%82%B1%E3%83%9A%E3%83%B31976%E5%B9%B4%E4%BB%A5%E9%99%8D+%E4%B8%AD%E6%9C%9F%E3%83%9F%E3%83%A9%E3%83%BC%E3%82%A2%E3%83%83%E3%83%97%E3%81%82%E3%82%8A HTTP/1.1" 200 53072 "-" "Mozilla/5.0 (Linux; Android 6.0.1; Nexus 5X Build/MMB29P) AppleWebKit/537.36 (KHTML, like Gecko) Chrome/135.0.7049.95 Mobile Safari/537.36 (compatible; Googlebot/2.1; +http://www.google.com/bot.html)"
66.249.74.104 - - [29/Apr/2025:21:56:51 -0400] "GET /?k=74123170715300&channel=35d22e&from=news.php%3Fid%3D1707153-15876%26name%3D%E5%A4%A7%E5%AE%B9%E9%87%8F%E3%80%802%E6%9C%AC%E3%80%80%E3%83%9F%E3%83%8E%E3%83%B3%E3%80%80MINON%E3%80%80%E5%85%A8%E8%BA%AB%E4%BF%9D%E6%B9%BF%E3%83%9F%E3%83%AB%E3%82%AF%E3%80%80%E5%85%A8%E8%BA%AB%E4%BF%9D%E6%B9%BF%E3%82%AF%E3%83%AA%E3%83%BC%E3%83%A0+%E3%81%A4%E3%82%81%E3%81%8B%E3%81%88 HTTP/1.1" 200 0 "-" "Mozilla/5.0 (Linux; Android 6.0.1; Nexus 5X Build/MMB29P) AppleWebKit/537.36 (KHTML, like Gecko) Chrome/135.0.7049.95 Mobile Safari/537.36 (compatible; GoogleOther)"
66.249.74.104 - - [29/Apr/2025:21:56:56 -0400] "GET /?k=8086831502502&channel=8411c2&from=article.php%3Fid%3D315025-4998%26name%3D%E9%AB%98%E8%80%90%E4%B9%85%E5%BC%95%E3%81%8D%E5%87%BA%E3%81%97%E5%BC%8F%E3%82%AF%E3%83%AD%E3%83%BC%E3%82%BC%E3%83%83%E3%83%88%E3%83%AD%E3%83%83%E3%83%89%E3%80%81%E8%AA%BF%E7%AF%80%E5%8F%AF%E8%83%BD%E3%81%AA%E3%82%B9%E3%83%A9%E3%82%A4%E3%83%89%E5%BC%8F%E3%83%AF%E3%83%BC%E3%83%89%E3%83%AD%E3%83%BC%E3%83%96%E3%82%AA%E3%83%BC%E3%82%AC%E3%83%8A%E3%82%A4%E3%82%B6%E3%83%BC%E3%83%A9%E3%83%83%E3%82%AF%E3%83%AC%E3%83%BC%E3%83%AB%E3%80%81%E8%A1%A3%E9%A1%9E%E3%82%92%E5%90%8A%E3%82%8B%E3%81%99%E3%81%9F%E3%82%81%E3%81%AE%E7%9C%81%E3%82%B9%E3%83%9A%E3%83%BC%E3%82%B9%E3%80%81%E8%80%90%E8%8D%B7%E9%87%8D HTTP/1.1" 200 0 "-" "Mozilla/5.0 (Linux; Android 6.0.1; Nexus 5X Build/MMB29P) AppleWebKit/537.36 (KHTML, like Gecko) Chrome/135.0.7049.95 Mobile Safari/537.36 (compatible; GoogleOther)"
66.249.74.104 - - [29/Apr/2025:21:56:57 -0400] "GET /?k=9269014952000&channel=fdd144&from=category-info.php%3Fid%3D149520-9028%26name%3D%E3%80%90IL+BISONTE%E3%80%91%E6%96%B0%E5%93%81+%E3%82%A4%E3%83%AB%E3%83%93%E3%82%BE%E3%83%B3%E3%83%86+A5+%E3%82%AB%E3%83%90%E3%83%BC+%E3%83%AC%E3%82%B6%E3%83%BC+%E6%9C%AC%E9%9D%A9+%E6%AD%A3%E8%A6%8F%E5%93%81 HTTP/1.1" 200 51451 "-" "Mozilla/5.0 (Linux; Android 6.0.1; Nexus 5X Build/MMB29P) AppleWebKit/537.36 (KHTML, like Gecko) Chrome/135.0.7049.95 Mobile Safari/537.36 (compatible; Googlebot/2.1; +http://www.google.com/bot.html)"
66.249.74.105 - - [29/Apr/2025:21:57:01 -0400] "GET /?k=80562169896601&channel=7bca30&from=blog.php%3Fid%3D1698966-7177%26name%3D%E5%9C%B0%E9%9D%A2%E3%82%B0%E3%83%AA%E3%83%83%E3%83%89%E6%8A%97%E5%A4%89%E5%BD%A2%E3%82%A8%E3%83%B3%E3%83%89%E3%82%A6%E7%A0%82%E5%88%A9%E3%82%B0%E3%83%AA%E3%83%83%E3%83%89%E8%88%97%E8%A3%85%E5%AE%89%E5%AE%9A%E5%89%A4%E5%85%AC%E5%9C%92%E5%BA%AD%E9%80%9A%E8%B7%AF%E9%80%9A%E8%B7%AF%E5%9C%9F%E5%A3%8C%E3%80%81%E3%83%9D%E3%83%AA%E3%82%A8%E3%83%81%E3%83%AC%E3%83%B3%E3%83%8F%E3%83%8B%E3%82%AB%E3%83%A0%E3%82%B8%E3%82%AA%E3%82%BB%E3%83%AB+%28Size+%3A+10m+x+6m HTTP/1.1" 200 0 "-" "Mozilla/5.0 (Linux; Android 6.0.1; Nexus 5X Build/MMB29P) AppleWebKit/537.36 (KHTML, like Gecko) Chrome/135.0.7049.95 Mobile Safari/537.36 (compatible; GoogleOther)"
66.249.74.104 - - [29/Apr/2025:21:57:05 -0400] "GET /?k=22187114546001&channel=76d3af&from=shared.php%3Fid%3D1145460-21359%26name%3D%E7%BE%8E%E5%93%81%EF%BC%81Smith+ruckus+%E3%82%A2%E3%82%A4%E3%82%A6%E3%82%A7%E3%82%A2 HTTP/1.1" 200 50753 "-" "Mozilla/5.0 (Linux; Android 6.0.1; Nexus 5X Build/MMB29P) AppleWebKit/537.36 (KHTML, like Gecko) Chrome/135.0.7049.95 Mobile Safari/537.36 (compatible; Googlebot/2.1; +http://www.google.com/bot.html)"
66.249.74.104 - - [29/Apr/2025:21:57:08 -0400] "GET /?k=48388192491100&channel=36f28f&from=info.php%3Fid%3D1924911-11525%26name%3D%E5%88%9D%E4%BB%A3%E3%83%95%E3%82%A1%E3%83%9F%E3%82%B3%E3%83%B3%E6%9C%AC%E4%BD%93 HTTP/1.1" 200 51207 "-" "Mozilla/5.0 (Linux; Android 6.0.1; Nexus 5X Build/MMB29P) AppleWebKit/537.36 (KHTML, like Gecko) Chrome/135.0.7049.95 Mobile Safari/537.36 (compatible; Googlebot/2.1; +http://www.google.com/bot.html)"
66.249.74.103 - - [29/Apr/2025:21:57:11 -0400] "GET /?k=8868850021110&channel=e64bd2&from=category-info.php%3Fid%3D500211-12477%26name%3DHERMES+by+Martin+Margiela+%E3%83%AA%E3%83%8D%E3%83%B3+%E3%83%91%E3%83%B3%E3%83%84+%E3%83%98%E3%83%AA%E3%83%B3%E3%83%9C%E3%83%BC%E3%83%B3 HTTP/1.1" 200 0 "-" "Mozilla/5.0 (Linux; Android 6.0.1; Nexus 5X Build/MMB29P) AppleWebKit/537.36 (KHTML, like Gecko) Chrome/135.0.7049.95 Mobile Safari/537.36 (compatible; GoogleOther)"
66.249.74.103 - - [29/Apr/2025:21:57:15 -0400] "GET /?k=4042924917603&channel=e668ee&from=brands.php%3Fid%3D249176-10114%26name%3D%E8%BB%BD%E9%87%8F%E8%BB%8A%E6%A4%85%E5%AD%90%E7%94%A8%E3%83%96%E3%83%A9%E3%83%B3%E3%82%B1%E3%83%83%E3%83%88+%E3%83%97%E3%83%A9%E3%83%83%E3%82%B7%E3%83%A5%E3%83%95%E3%83%AA%E3%83%BC%E3%82%B9%E8%A3%8F%E5%9C%B0+%E5%86%AC%E7%94%A8+%E8%84%9A+%E8%B6%B3+%E8%83%8C%E4%B8%AD%E7%94%A8%E8%BB%8A%E6%A4%85%E5%AD%90%E3%82%AB%E3%83%90%E3%83%BC%E3%83%96%E3%83%A9%E3%83%B3%E3%82%B1%E3%83%83%E3%83%88 HTTP/1.1" 200 52419 "-" "Mozilla/5.0 (Linux; Android 6.0.1; Nexus 5X Build/MMB29P) AppleWebKit/537.36 (KHTML, like Gecko) Chrome/135.0.7049.95 Mobile Safari/537.36 (compatible; Googlebot/2.1; +http://www.google.com/bot.html)"
66.249.74.103 - - [29/Apr/2025:21:57:18 -0400] "GET /?k=42661139411800&channel=9bb8fa&from=article.php%3Fid%3D1394118-17052%26name%3D%E3%80%90%E5%9C%A8%E5%BA%AB%E5%87%A6%E5%88%86%E3%80%91%E5%8F%96%E3%81%A3%E6%89%8B%E4%BB%98%E3%81%8D+%E7%A9%80%E7%89%A9+%E6%B0%B4%E5%88%87%E3%82%8A+%E3%81%B5%E3%82%8B%E3%81%84+%E7%B2%89%E3%81%B5%E3%82%8B%E3%81%84+%E5%B0%8F%E9%BA%A6%E7%B2%89+%E8%A3%BD%E8%8F%93+%E3%81%93%E3%81%97%E5%99%A8+%E7%B4%B0%E3%81%8B%E3%81%84%E3%83%A1%E3%83%83%E3%82%B7%E3%83%A5+%E9%BA%BA%E3%81%AB%E9%81%A9%E3%81%97%E3%81%9F+%E3%81%96%E3%82%8B+304%E3%82%B9%E3%83%86%E3%83%B3%E3%83%AC%E3%82%B9%E8%A3%BD+%E3%82%B9%E3%83%88%E3%83%AC%E3%83%BC%E3%83%8A%E3%83%BC HTTP/1.1" 200 0 "-" "Mozilla/5.0 (Linux; Android 6.0.1; Nexus 5X Build/MMB29P) AppleWebKit/537.36 (KHTML, like Gecko) Chrome/135.0.7049.95 Mobile Safari/537.36 (compatible; GoogleOther)"
66.249.74.103 - - [29/Apr/2025:21:57:24 -0400] "GET /?k=3136852135904&channel=44b1a9&from=article.php%3Fid%3D521359-11511%26name%3D%E3%82%B0%E3%83%A9%E3%83%93%E3%82%B9%E3%82%AD%E3%83%83%E3%82%BA%E3%82%B9%E3%83%8B%E3%83%BC%E3%82%AB%E3%83%BC20%E3%82%BB%E3%83%B3%E3%83%81 HTTP/1.1" 200 0 "-" "Mozilla/5.0 (Linux; Android 6.0.1; Nexus 5X Build/MMB29P) AppleWebKit/537.36 (KHTML, like Gecko) Chrome/135.0.7049.95 Mobile Safari/537.36 (compatible; GoogleOther)"
66.249.74.103 - - [29/Apr/2025:21:57:27 -0400] "GET /?k=2087152022700&channel=caa202&from=news.php%3Fid%3D520227-4504%26name%3D%E3%82%A8%E3%82%A2%E3%83%99%E3%83%B3%E3%83%88%E3%82%B0%E3%83%AA%E3%83%AB%E3%82%BF%E3%83%96%E3%82%AF%E3%83%AA%E3%83%83%E3%83%97+%E3%83%92%E3%83%A5%E3%83%B3%E3%83%80%E3%82%A4+%E3%82%A2%E3%82%BC%E3%83%A9+%E3%82%B0%E3%83%A9%E3%83%B3%E3%83%87%E3%83%A5%E3%83%BC%E3%83%AB+%E3%82%A8%E3%82%A2%E3%82%B3%E3%83%B3%E5%90%B9%E3%81%8D%E5%87%BA%E3%81%97%E5%8F%A3+%E3%83%80%E3%83%83%E3%82%B7%E3%83%A5%E3%83%9C%E3%83%BC%E3%83%89++%E3%82%A8%E3%82%A2%E3%82%B3%E3%83%B3%E5%90%B9%E3%81%8D%E5%87%BA%E3%81%97%E5%8F%A3+%E3%82%BB%E3%83%B3%E3%82%BF%E3%83%BC%E3%82%B3%EF%BC%88%E3%82%A8%E3%82%A2%E3%82%B3%E3%83%B3%E5%90%B9%E3%81%8D%E5%87%BA%E3%81%97%E5%8F%A3+RGB+%E3%82%A2%E3%83%B3%E3%83%93%E3%82%A8%E3%83%B3%E3%83%88%E3%83%A9%E3%82%A4%E3%83%88%E5%8F%96%E4%BB%98%3A+%E4%BB%8A%E5%A4%9C%E3%81%93%E3%81%9D%E3%81%82%E3%81%AE%E5%AD%90%E3%82%92%E8%90%BD%E3%81%A8%E3%81%97%E3%81%A6%E3%81%BF%E3%81%9B%E3%82%8B%E2%91%A1%EF%BC%88%E3%83%95%E3%82%A9%E3%83%AB%E3%82%AF%E3%82%B9%E3%83%AF%E3%83%BC%E3%82%B2%E3%83%B3+%E3%82%B6%E3%83%BB%E3%83%93%E3%83%BC%E3%83%88%E3%83%AB++%28%E3%83%8F%E3%83%83%E3%83%81%E3%83%90%E3%83%83%E3%82%AF%29%E3%83%BB16C%EF%BC%89by+%E3%82%B7%E3%83%A3%E3%83%90%EF%BD%9E%E4%BA%8C+-+%E3%81%BF%E3%82%93%E3%82%AB%E3%83%A9%EF%BC%89 HTTP/1.1" 200 54379 "-" "Mozilla/5.0 (Linux; Android 6.0.1; Nexus 5X Build/MMB29P) AppleWebKit/537.36 (KHTML, like Gecko) Chrome/135.0.7049.95 Mobile Safari/537.36 (compatible; Googlebot/2.1; +http://www.google.com/bot.html)"
66.249.74.103 - - [29/Apr/2025:21:57:31 -0400] "GET /?k=8235893679201&channel=ad699e&from=goods.php%3Fid%3D936792-18232%26name%3D%E3%83%8B%E3%83%88%E3%83%AA%E3%80%80%E8%B6%85%E9%9F%B3%E6%B3%A2%E5%8A%A0%E6%B9%BF%E5%99%A8 HTTP/1.1" 200 51762 "-" "Mozilla/5.0 (Linux; Android 6.0.1; Nexus 5X Build/MMB29P) AppleWebKit/537.36 (KHTML, like Gecko) Chrome/135.0.7049.95 Mobile Safari/537.36 (compatible; Googlebot/2.1; +http://www.google.com/bot.html)"
66.249.74.103 - - [29/Apr/2025:21:57:38 -0400] "GET /?k=22252114541801&channel=2b2f6f&from=shop.php%3Fid%3D1145418-16477%26name%3D%E8%B1%86%E4%B9%B3%E3%82%A4%E3%82%BD%E3%83%95%E3%83%A9%E3%83%9C%E3%83%B3+%E3%82%AF%E3%83%AC%E3%83%B3%E3%82%B8%E3%83%B3%E3%82%B0%E3%83%9F%E3%83%AB%E3%82%AF+300ml+%E3%81%AA%E3%82%81%E3%82%89%E3%81%8B%E6%9C%AC%E8%88%97+%E3%82%B9%E3%82%AD%E3%83%B3%E3%82%B1%E3%82%A2 HTTP/1.1" 200 52650 "-" "Mozilla/5.0 (Linux; Android 6.0.1; Nexus 5X Build/MMB29P) AppleWebKit/537.36 (KHTML, like Gecko) Chrome/135.0.7049.95 Mobile Safari/537.36 (compatible; Googlebot/2.1; +http://www.google.com/bot.html)"
66.249.74.103 - - [29/Apr/2025:21:57:42 -0400] "GET /?k=59239120924201&channel=6b74fb&from=form.php%3Fid%3D1209242-21941%26name%3D%E6%9C%AA%E9%96%8B%E5%B0%81+%E3%82%B5%E3%83%B3%E3%83%88%E3%83%A9+%E3%80%8E+%E9%82%A3%E7%94%B1%E5%A4%9A%E3%81%AE%E8%BB%8C%E8%B7%A1+%E3%82%AA%E3%83%AA%E3%82%B8%E3%83%8A%E3%83%AB+%E3%82%B5%E3%82%A6%E3%83%B3%E3%83%89%E3%83%88%E3%83%A9%E3%83%83%E3%82%AF+%E3%83%9F%E3%83%8B+%E3%80%8F HTTP/1.1" 200 0 "-" "Mozilla/5.0 (Linux; Android 6.0.1; Nexus 5X Build/MMB29P) AppleWebKit/537.36 (KHTML, like Gecko) Chrome/135.0.7049.95 Mobile Safari/537.36 (compatible; GoogleOther)"
66.249.74.103 - - [29/Apr/2025:21:57:44 -0400] "GET /?k=92308113586001&channel=9102ab&from=product.php%3Fid%3D1135860-18415%26name%3DPINTOY%C2%AE+%E3%82%BD%E3%83%AA%E3%83%83%E3%83%89%E3%82%A6%E3%83%83%E3%83%89+%E3%83%97%E3%83%AB%E3%82%A2%E3%83%AD%E3%83%B3%E3%82%B0+%E3%83%9C%E3%83%93%E3%83%B3%E3%82%B0+%E3%83%96%E3%83%A9%E3%82%AD%E3%82%AA%E3%82%B5%E3%82%A6%E3%83%AB%E3%82%B9+-+%E3%82%BD%E3%83%95%E3%83%88%E3%83%AD%E3%83%BC%E3%83%AB%E3%83%9B%E3%82%A4%E3%83%BC%E3%83%AB+-+%E3%82%AF%E3%83%A9%E3%82%B7%E3%83%83%E3%82%AF%E3%82%A6%E3%82%A9%E3%83%BC%E3%82%AD%E3%83%B3%E3%82%B0%E3%83%88%E3%82%A4 HTTP/1.1" 200 53977 "-" "Mozilla/5.0 (Linux; Android 6.0.1; Nexus 5X Build/MMB29P) AppleWebKit/537.36 (KHTML, like Gecko) Chrome/135.0.7049.95 Mobile Safari/537.36 (compatible; Googlebot/2.1; +http://www.google.com/bot.html)"
66.249.74.103 - - [29/Apr/2025:21:57:46 -0400] "GET /?k=71906104435700&channel=c1cb7a&from=shop.php%3Fid%3D1044357-600%26name%3D%E3%83%8F%E3%83%BC%E3%83%AC%E3%83%BC%E3%83%80%E3%83%93%E3%83%83%E3%83%88%E3%82%BD%E3%83%B3%E3%83%A9%E3%82%A4%E3%83%80%E3%83%BC%E3%82%B9%E7%A2%BA%E8%AA%8D%E7%94%A8 HTTP/1.1" 200 0 "-" "Mozilla/5.0 (Linux; Android 6.0.1; Nexus 5X Build/MMB29P) AppleWebKit/537.36 (KHTML, like Gecko) Chrome/135.0.7049.95 Mobile Safari/537.36 (compatible; GoogleOther)"
66.249.74.103 - - [29/Apr/2025:21:57:52 -0400] "GET /?k=1911219713203&channel=396f89&from=pin.php%3Fid%3D197132-6126%26name%3DDucati+C%E3%81%A8%E4%BA%92%E6%8F%9B%E6%80%A7%E3%81%AE%E3%81%82%E3%82%8BVizi-tec%E3%81%AE%E6%8E%92%E6%B0%97%E3%82%B5%E3%83%BC%E3%83%9C%E3%83%90%E3%83%87%E3%82%A3%E3%80%82 HTTP/1.1" 200 52235 "-" "Mozilla/5.0 (Linux; Android 6.0.1; Nexus 5X Build/MMB29P) AppleWebKit/537.36 (KHTML, like Gecko) Chrome/135.0.7049.95 Mobile Safari/537.36 (compatible; Googlebot/2.1; +http://www.google.com/bot.html)"
66.249.74.103 - - [29/Apr/2025:21:57:55 -0400] "GET /?k=9787938696503&channel=666179&from=blog.php%3Fid%3D386965-3691%26name%3D%EF%BC%AE%EF%BC%A8%E3%80%80%E4%BA%8C%E8%BB%B8%E3%83%9B%E3%83%AB%E3%83%80%E3%83%BC5.6%E3%8E%9C%E3%80%80%EF%BC%88%EF%BC%91%E5%8F%B7%EF%BC%89 HTTP/1.1" 200 51787 "-" "Mozilla/5.0 (Linux; Android 6.0.1; Nexus 5X Build/MMB29P) AppleWebKit/537.36 (KHTML, like Gecko) Chrome/135.0.7049.95 Mobile Safari/537.36 (compatible; Googlebot/2.1; +http://www.google.com/bot.html)"
52.167.144.176 - - [29/Apr/2025:21:57:59 -0400] "GET /?k=8951134361905&channel=b3d7fa&from=brands.php%3Fid%3D343619-5401%26name%3D%E3%82%B4%E3%83%BC%E3%83%AB%E3%83%89%E3%82%AD%E3%83%A3%E3%83%B3%E3%83%89%E3%83%AB%E3%82%AF%E3%83%AA%E3%82%B9%E3%82%BF%E3%83%AB%E3%82%B7%E3%83%A3%E3%83%B3%E3%83%87%E3%83%AA%E3%82%A2%E3%83%A8%E3%83%BC%E3%83%AD%E3%83%94%E3%82%A2%E3%83%B3%E3%83%AC%E3%82%B9%E3%83%88%E3%83%A9%E3%83%B3%E5%AF%9D%E5%AE%A4%E3%83%AA%E3%83%93%E3%83%B3%E3%82%B0%E3%83%AB%E3%83%BC%E3%83%A0%E5%A4%A9%E4%BA%95%E3%83%A9%E3%82%A4%E3%83%88%E3%82%AF%E3%83%AA%E3%82%B9%E3%82%BF%E3%83%AB%E3%82%B7%E3%83%A3%E3%83%B3%E3%83%87%E3%83%AA%E3%82%A2%E3%80%81%E3%82%B7%E3%83%A3%E3%83%B3%E3%83%87%E3%83%AA%E3%82%A2 HTTP/1.1" 200 40289 "-" "Mozilla/5.0 AppleWebKit/537.36 (KHTML, like Gecko; compatible; bingbot/2.0; +http://www.bing.com/bingbot.htm) Chrome/116.0.1938.76 Safari/537.36"
52.167.144.176 - - [29/Apr/2025:21:58:00 -0400] "GET /?k=2378844901602&channel=b7a630&from=article.php%3Fid%3D449016-10816%26name%3D%E4%B8%8B%E6%B0%B4%E9%81%93%E3%82%AB%E3%83%A1%E3%83%A9%E3%80%816.5mm%E3%83%91%E3%82%A4%E3%83%97%E5%86%85%E8%A6%96%E9%8F%A1%E8%80%90%E4%B9%85%E6%80%A7%E6%9D%90%E6%96%99%E3%83%9C%E3%82%A2%E3%82%B9%E3%82%B3%E3%83%BC%E3%83%97%E6%A4%9C%E6%9F%BB%E3%82%AB%E3%83%A1%E3%83%A9%E6%A4%9C%E6%9F%BB%E6%A9%9F%E8%83%BD%E7%B1%B3%E5%9B%BD%E3%81%AE%E8%A6%8F%E5%88%B6-30M HTTP/1.1" 200 40060 "-" "Mozilla/5.0 AppleWebKit/537.36 (KHTML, like Gecko; compatible; bingbot/2.0; +http://www.bing.com/bingbot.htm) Chrome/116.0.1938.76 Safari/537.36"
66.249.74.104 - - [29/Apr/2025:21:58:04 -0400] "GET /?k=0277032989402&channel=7fa8b5&from=brands.php%3Fid%3D329894-10353%26name%3D%E3%83%9F%E3%83%A5%E3%82%BC%E3%82%B3%E3%82%B9%E3%83%A1%E5%87%BA%E5%93%81%E3%81%AE%E7%89%A9%E3%82%BB%E3%83%83%E3%83%88 HTTP/1.1" 200 0 "-" "Mozilla/5.0 (Linux; Android 6.0.1; Nexus 5X Build/MMB29P) AppleWebKit/537.36 (KHTML, like Gecko) Chrome/135.0.7049.95 Mobile Safari/537.36 (compatible; GoogleOther)"
66.249.74.104 - - [29/Apr/2025:21:58:05 -0400] "GET /?k=90912159260200&channel=88bb48&from=article.php%3Fid%3D1592602-13436%26name%3D%E3%82%AF%E3%83%AA%E3%82%B9%E3%82%BF%E3%83%AB+%E3%83%A2%E3%83%80%E3%83%B3%E4%BD%8D%E7%89%8C+%E3%83%AA%E3%83%93%E3%83%B3%E3%82%B0%E3%81%AE%E4%BB%8F%E5%A3%87%E3%81%AB+%E7%8F%BE%E4%BB%A3%E4%BB%8F%E5%A3%87%E3%81%AB%E3%81%82%E3%81%86%E4%BD%8D%E7%89%8C+SM-KH4-UVS+%E6%89%8B%E5%85%83%E4%BE%9B%E9%A4%8A+%E6%88%92%E5%90%8D%E5%BD%AB%E5%88%BB+%E8%83%8C%E6%99%AF%EF%BC%B5%EF%BC%B6%E3%82%AB%E3%83%A9%E3%83%BC%E5%8D%B0%E5%88%B7+%28%E5%BD%AB%E5%88%BB%E6%96%87 HTTP/1.1" 200 53092 "-" "Mozilla/5.0 (Linux; Android 6.0.1; Nexus 5X Build/MMB29P) AppleWebKit/537.36 (KHTML, like Gecko) Chrome/135.0.7049.95 Mobile Safari/537.36 (compatible; Googlebot/2.1; +http://www.google.com/bot.html)"
66.249.74.103 - - [29/Apr/2025:21:58:11 -0400] "GET /?k=80811134135005&channel=605b70&from=shop.php%3Fid%3D1341350-4160%26name%3DB+%E6%96%B0%E5%93%81+%E5%8C%97%E6%AC%A7+%E3%82%BD%E3%83%95%E3%82%A1%E3%83%99%E3%83%83%E3%83%89+%E3%83%95%E3%83%AC%E3%83%BC%E3%83%A0%E5%8D%98%E5%93%81++%E3%81%99%E3%81%AE%E3%81%93+%E3%83%99%E3%83%83%E3%83%89+%E3%82%AB%E3%83%B3%E3%83%88%E3%83%AA%E3%83%BC+%E6%9C%A8%E8%A3%BD HTTP/1.1" 200 50694 "-" "Mozilla/5.0 (Linux; Android 6.0.1; Nexus 5X Build/MMB29P) AppleWebKit/537.36 (KHTML, like Gecko) Chrome/135.0.7049.95 Mobile Safari/537.36 (compatible; Googlebot/2.1; +http://www.google.com/bot.html)"
66.249.74.103 - - [29/Apr/2025:21:58:17 -0400] "GET /?k=0481393403102&channel=2c9b64&from=form.php%3Fid%3D934031-14708%26name%3D%E9%9B%BB%E5%AD%90%E3%83%8F%E3%83%B3%E3%83%89%E3%83%96%E3%83%AC%E3%83%BC%E3%82%AD+Compatible+With+Volvo+For+FH+FM+EURO6+22107830+22009157 HTTP/1.1" 200 52201 "-" "Mozilla/5.0 (Linux; Android 6.0.1; Nexus 5X Build/MMB29P) AppleWebKit/537.36 (KHTML, like Gecko) Chrome/135.0.7049.95 Mobile Safari/537.36 (compatible; Googlebot/2.1; +http://www.google.com/bot.html)"
66.249.74.103 - - [29/Apr/2025:21:58:26 -0400] "GET /?k=009907127601&channel=0c3547&from=article.php%3Fid%3D71276-5343%26name%3D%E3%83%8B%E3%83%88%E3%83%AA+%E5%AE%B6%E5%85%B7%E8%BB%A2%E5%80%92%E9%98%B2%E6%AD%A2%E5%99%A8%E5%85%B7++%E4%B8%8D%E5%8B%95%E7%8E%8B++2%E5%80%8B%E5%85%A5%E3%82%8A%C3%974++%E4%B8%8D%E4%BA%8C%E3%83%A9%E3%83%86%E3%83%83%E3%82%AF%E3%82%B9+%E5%9C%B0%E9%9C%87%E3%80%80%E8%80%90%E9%9C%87 HTTP/1.1" 200 50667 "-" "Mozilla/5.0 (Linux; Android 6.0.1; Nexus 5X Build/MMB29P) AppleWebKit/537.36 (KHTML, like Gecko) Chrome/135.0.7049.95 Mobile Safari/537.36 (compatible; Googlebot/2.1; +http://www.google.com/bot.html)"
66.249.74.103 - - [29/Apr/2025:21:58:28 -0400] "GET /?k=1415169398504&channel=95a79f&from=blog.php%3Fid%3D693985-15859%26name%3D%E3%83%A1%E3%83%AB%E3%82%BB%E3%83%87%E3%82%B9%E3%83%99%E3%83%B3%E3%83%84LEVON%E3%83%A9%E3%82%A4%E3%82%BF%E3%83%BC HTTP/1.1" 200 0 "-" "Mozilla/5.0 (Linux; Android 6.0.1; Nexus 5X Build/MMB29P) AppleWebKit/537.36 (KHTML, like Gecko) Chrome/135.0.7049.95 Mobile Safari/537.36 (compatible; GoogleOther)"
66.249.74.103 - - [29/Apr/2025:21:58:32 -0400] "GET /?k=5872427162904&channel=249c15&from=article.php%3Fid%3D271629-8109%26name%3DBAD+HOP%EF%BC%8FBASEBALL+CAP HTTP/1.1" 200 0 "-" "Mozilla/5.0 (Linux; Android 6.0.1; Nexus 5X Build/MMB29P) AppleWebKit/537.36 (KHTML, like Gecko) Chrome/135.0.7049.95 Mobile Safari/537.36 (compatible; GoogleOther)"
66.249.74.103 - - [29/Apr/2025:21:58:34 -0400] "GET /?k=4484888169403&channel=b7f241&from=article.php%3Fid%3D881694-632%26name%3D%E6%B4%97%E3%81%88%E3%82%8B%E6%8C%AF%E8%A2%96%E3%80%80%E5%B0%8F%E7%B4%8B%E6%9F%84%E6%8C%AF%E8%A2%96+%E3%83%9D%E3%83%AA%E3%82%A8%E3%82%B9%E3%83%86%E3%83%AB+%E7%99%BD%E5%9C%B0%E3%81%AB%E9%9D%92%E3%81%84%E8%8A%B1%E6%9F%84%E3%83%95%E3%83%AA%E3%83%BC%E3%82%B5%E3%82%A4%E3%82%BA%E5%8D%92%E6%A5%AD%E5%BC%8F%E3%80%80%E8%A2%B4%E3%82%BB%E3%83%83%E3%83%88 HTTP/1.1" 200 52570 "-" "Mozilla/5.0 (Linux; Android 6.0.1; Nexus 5X Build/MMB29P) AppleWebKit/537.36 (KHTML, like Gecko) Chrome/135.0.7049.95 Mobile Safari/537.36 (compatible; Googlebot/2.1; +http://www.google.com/bot.html)"
66.249.74.103 - - [29/Apr/2025:21:58:40 -0400] "GET /?k=22599131117603&channel=65ecbd&from=product.php%3Fid%3D1311176-12810%26name%3D%5B%E3%83%A9%E3%82%B3%E3%82%B9%E3%83%86%5D+%E3%82%BB%E3%83%BC%E3%82%BF%E3%83%BC+%5B%E5%85%AC%E5%BC%8F%5D+%E3%82%A8%E3%83%83%E3%82%BB%E3%83%B3%E3%82%B7%E3%83%A3%E3%83%AB%E3%82%A6%E3%83%BC%E3%83%AB%E3%83%8B%E3%83%83%E3%83%88%E3%82%BB%E3%83%BC%E3%82%BF%E3%83%BC+%E3%83%A1%E3%83%B3%E3%82%BA+AH2916-10 HTTP/1.1" 200 51522 "-" "Mozilla/5.0 (Linux; Android 6.0.1; Nexus 5X Build/MMB29P) AppleWebKit/537.36 (KHTML, like Gecko) Chrome/135.0.7049.95 Mobile Safari/537.36 (compatible; Googlebot/2.1; +http://www.google.com/bot.html)"
66.249.74.103 - - [29/Apr/2025:21:58:43 -0400] "GET /?k=99318137710700&channel=749f02&from=jp.php%3Fid%3D1377107-23831%26name%3DDUO%E3%83%AB%E3%82%A2%E3%83%BC%E3%82%BB%E3%83%83%E3%83%88 HTTP/1.1" 200 52665 "-" "Mozilla/5.0 (Linux; Android 6.0.1; Nexus 5X Build/MMB29P) AppleWebKit/537.36 (KHTML, like Gecko) Chrome/135.0.7049.95 Mobile Safari/537.36 (compatible; Googlebot/2.1; +http://www.google.com/bot.html)"
66.249.74.104 - - [29/Apr/2025:21:58:51 -0400] "GET /?k=78859155644511&channel=7ed942&from=shared.php%3Fid%3D1556445-23085%26name%3D%E7%BE%8E%E5%93%81%E3%80%80PUMA+%E3%83%B4%E3%82%A7%E3%83%AD%E3%82%B7%E3%83%86%E3%82%A3%E3%83%8B%E3%83%88%E3%83%AD3+27.5cm HTTP/1.1" 200 0 "-" "Mozilla/5.0 (Linux; Android 6.0.1; Nexus 5X Build/MMB29P) AppleWebKit/537.36 (KHTML, like Gecko) Chrome/135.0.7049.95 Mobile Safari/537.36 (compatible; GoogleOther)"
66.249.74.103 - - [29/Apr/2025:21:58:53 -0400] "GET /?k=80727196490300&channel=8a37ea&from=shared.php%3Fid%3D1964903-131%26name%3DMZ+%E9%99%90%E5%AE%9A+N-XT+%E3%82%B9%E3%82%A6%E3%82%A7%E3%83%83%E3%83%88%E3%83%95%E3%83%BC%E3%83%87%E3%82%A3+%E3%83%91%E3%83%B3%E3%83%84+%E4%B8%8A%E4%B8%8B%E3%82%BB%E3%83%83%E3%83%88+%E3%80%90%E3%83%A6%E3%83%8B%E3%82%BB%E3%83%83%E3%82%AF%E3%82%B9%E3%80%91+%EF%BC%8832JCA760%2F32JDA760%EF%BC%89 HTTP/1.1" 200 53802 "-" "Mozilla/5.0 (Linux; Android 6.0.1; Nexus 5X Build/MMB29P) AppleWebKit/537.36 (KHTML, like Gecko) Chrome/135.0.7049.95 Mobile Safari/537.36 (compatible; Googlebot/2.1; +http://www.google.com/bot.html)"
66.249.74.105 - - [29/Apr/2025:21:59:00 -0400] "GET /?k=3692076885103&channel=65c86d&from=brands.php%3Fid%3D768851-17121%26name%3D%E3%81%8A%E3%81%AD%E3%81%97%E3%82%87%E3%82%B1%E3%83%83%E3%83%88%E3%80%80%E3%81%8A%E3%81%AD%E3%81%97%E3%82%87%E3%82%BA%E3%83%9C%E3%83%B3 HTTP/1.1" 200 51286 "-" "Mozilla/5.0 (Linux; Android 6.0.1; Nexus 5X Build/MMB29P) AppleWebKit/537.36 (KHTML, like Gecko) Chrome/135.0.7049.95 Mobile Safari/537.36 (compatible; Googlebot/2.1; +http://www.google.com/bot.html)"
66.249.74.103 - - [29/Apr/2025:21:59:07 -0400] "GET /?k=5568025469804&channel=9e1efc&from=news.php%3Fid%3D254698-10632%26name%3DNEW+DRT+%E3%82%BF%E3%82%A4%E3%83%8B%E3%83%BC%E3%82%AF%E3%83%A9%E3%83%83%E3%82%B7%E3%83%A5+Lemon%26Pink++tinyklash HTTP/1.1" 200 51946 "-" "Mozilla/5.0 (Linux; Android 6.0.1; Nexus 5X Build/MMB29P) AppleWebKit/537.36 (KHTML, like Gecko) Chrome/135.0.7049.95 Mobile Safari/537.36 (compatible; Googlebot/2.1; +http://www.google.com/bot.html)"
66.249.74.104 - - [29/Apr/2025:21:59:11 -0400] "GET /?k=8120849790705&channel=9b2b28&from=product.php%3Fid%3D497907-4229%26name%3D%5BFOGT%5D+%E3%83%80%E3%82%A6%E3%83%B3%E3%82%B3%E3%83%BC%E3%83%88+%E3%83%A1%E3%83%B3%E3%82%BA+Trendy+down+jacket+men%26%2339%3Bs+lapel+business+casu HTTP/1.1" 200 0 "-" "Mozilla/5.0 (Linux; Android 6.0.1; Nexus 5X Build/MMB29P) AppleWebKit/537.36 (KHTML, like Gecko) Chrome/135.0.7049.95 Mobile Safari/537.36 (compatible; GoogleOther)"
66.249.74.103 - - [29/Apr/2025:21:59:13 -0400] "GET /?k=12388117069301&channel=88651b&from=shared.php%3Fid%3D1170693-6254%26name%3DMAGPUL+M-LOK+Polymer+Rail+3+Slots+MAG589 HTTP/1.1" 200 51068 "-" "Mozilla/5.0 (Linux; Android 6.0.1; Nexus 5X Build/MMB29P) AppleWebKit/537.36 (KHTML, like Gecko) Chrome/135.0.7049.95 Mobile Safari/537.36 (compatible; Googlebot/2.1; +http://www.google.com/bot.html)"
66.249.74.103 - - [29/Apr/2025:21:59:15 -0400] "GET /?k=24822142651400&channel=9d4ea7&from=article.php%3Fid%3D1426514-4163%26name%3DNOCE+NEW+NEST+2%E4%BA%BA%E6%8E%9B%E3%81%91%E3%83%80%E3%83%BC%E3%82%AF%E3%82%B0%E3%83%AC%E3%83%BC HTTP/1.1" 200 0 "-" "Mozilla/5.0 (Linux; Android 6.0.1; Nexus 5X Build/MMB29P) AppleWebKit/537.36 (KHTML, like Gecko) Chrome/135.0.7049.95 Mobile Safari/537.36 (compatible; GoogleOther)"
66.249.74.103 - - [29/Apr/2025:21:59:19 -0400] "GET /?k=48772128857002&channel=a3ed9f&from=product.php%3Fid%3D1288570-10142%26name%3D%E5%A4%9A%E7%9B%AE%E7%9A%84%E3%83%AF%E3%82%B4%E3%83%B3+4%E6%AE%B5+%E5%BC%95%E5%87%BA%E3%81%97%E4%BB%98+%E5%B9%8550%C3%97%E5%A5%A5%E8%A1%8C30%C3%97%E9%AB%98%E3%81%9588cm+%E3%83%96%E3%83%A9%E3%83%83%E3%82%AF+%E3%82%A8%E3%82%B9%E3%83%86%E3%83%AF%E3%82%B4%E3%83%B3+%E5%8F%8E%E7%B4%8D HTTP/1.1" 200 51919 "-" "Mozilla/5.0 (Linux; Android 6.0.1; Nexus 5X Build/MMB29P) AppleWebKit/537.36 (KHTML, like Gecko) Chrome/135.0.7049.95 Mobile Safari/537.36 (compatible; Googlebot/2.1; +http://www.google.com/bot.html)"
66.249.74.103 - - [29/Apr/2025:21:59:27 -0400] "GET /?k=58610164115600&channel=25a401&from=blog.php%3Fid%3D1641156-22765%26name%3D%E3%81%82%E3%81%8F%E3%81%AD%E3%81%93++%E3%81%BE%E3%82%81%E3%81%93%E3%81%A3%E3%81%A8+%E3%82%A2%E3%83%A2%E3%83%B3%EF%BC%88%E6%82%AA%E9%AD%94%E5%9F%B7%E4%BA%8B%E3%81%A8%E9%BB%92%E3%81%84%E7%8C%AB+in+NAMJATOWN+%E3%81%BE%E3%82%81%E3%81%93%E3%81%A3%E3%81%A8+%E3%82%A2%E3%83%A2%E3%83%B3%E3%83%BB%E3%83%AA%E3%83%BC%E3%83%89+KHPXHF%EF%BC%88%E6%82%AA%E9%AD%94%E5%9F%B7%E4%BA%8B%E3%81%A8%E9%BB%92%E3%81%84%E7%8C%AB%28%E3%81%82%E3%81%8F%E3%81%AD%E3%81%93%29+%F0%9F%8C%B9++%28%40akuneko_info%29+on+X+%7C+%E3%82%8F%E3%81%95%E3%81%B3+%E3%82%A4%E3%83%A9%E3%82%B9%E3%83%88%2C+%E3%81%AD%E3%81%93%2C+%E3%82%A2%E3%83%A2%E3%83%B3%EF%BC%89%EF%BC%89 HTTP/1.1" 200 51443 "-" "Mozilla/5.0 (Linux; Android 6.0.1; Nexus 5X Build/MMB29P) AppleWebKit/537.36 (KHTML, like Gecko) Chrome/135.0.7049.95 Mobile Safari/537.36 (compatible; Googlebot/2.1; +http://www.google.com/bot.html)"
66.249.74.103 - - [29/Apr/2025:21:59:35 -0400] "GET /?k=16124173879700&channel=ec6802&from=brands.php%3Fid%3D1738797-26310%26name%3DNHK%E6%92%83%E9%80%80%E3%82%B7%E3%83%BC%E3%83%AB HTTP/1.1" 200 0 "-" "Mozilla/5.0 (Linux; Android 6.0.1; Nexus 5X Build/MMB29P) AppleWebKit/537.36 (KHTML, like Gecko) Chrome/135.0.7049.95 Mobile Safari/537.36 (compatible; GoogleOther)"
66.249.74.103 - - [29/Apr/2025:21:59:36 -0400] "GET /?k=0273873413803&channel=1ae2cc&from=shared.php%3Fid%3D734138-9062%26name%3DNikon+%E3%83%87%E3%82%B8%E3%82%BF%E3%83%AB%E4%B8%80%E7%9C%BC%E3%83%AC%E3%83%95%E3%82%AB%E3%83%A1%E3%83%A9+D7000+18-105VR+%E3%82%AD%E3%83%83%E3%83%88 HTTP/1.1" 200 50463 "-" "Mozilla/5.0 (Linux; Android 6.0.1; Nexus 5X Build/MMB29P) AppleWebKit/537.36 (KHTML, like Gecko) Chrome/135.0.7049.95 Mobile Safari/537.36 (compatible; Googlebot/2.1; +http://www.google.com/bot.html)"
66.249.74.103 - - [29/Apr/2025:21:59:39 -0400] "GET /?k=720281877708&channel=60f8a0&from=goods.php%3Fid%3D18777-2458%26name%3DParaboot+Babord+NOIR+%E3%83%96%E3%83%A9%E3%83%83%E3%82%AF%E3%80%806.5+%E3%82%B5%E3%83%B3%E3%83%80%E3%83%AB HTTP/1.1" 200 49471 "-" "Mozilla/5.0 (Linux; Android 6.0.1; Nexus 5X Build/MMB29P) AppleWebKit/537.36 (KHTML, like Gecko) Chrome/135.0.7049.95 Mobile Safari/537.36 (compatible; Googlebot/2.1; +http://www.google.com/bot.html)"
66.249.74.103 - - [29/Apr/2025:21:59:46 -0400] "GET /?k=9690720092101&channel=b5fb28&from=category-info.php%3Fid%3D200921-2402%26name%3D%E7%BE%8E%E5%93%81%E3%80%80Epiphone%E3%80%80%E3%82%A8%E3%83%94%E3%83%95%E3%82%A9%E3%83%B3%E3%80%80%E3%82%B5%E3%83%B3%E3%83%80%E3%83%BC%E3%83%90%E3%83%BC%E3%83%89%E3%80%80Thunderbird+%E2%85%A3 HTTP/1.1" 200 51170 "-" "Mozilla/5.0 (Linux; Android 6.0.1; Nexus 5X Build/MMB29P) AppleWebKit/537.36 (KHTML, like Gecko) Chrome/135.0.7049.95 Mobile Safari/537.36 (compatible; Googlebot/2.1; +http://www.google.com/bot.html)"
66.249.74.104 - - [29/Apr/2025:21:59:52 -0400] "GET /?k=82050187980802&channel=68a010&from=blog.php%3Fid%3D1879808-10363%26name%3DGeneric+1.97%E3%82%A4%E3%83%B3%E3%83%81%E3%83%9F%E3%83%8B%E3%82%B8%E3%83%A7%E3%82%A4%E3%83%B3%E3%83%88%E3%83%99%E3%82%A2%2F%E3%82%A6%E3%82%B5%E3%82%AE%E3%81%AE%E3%81%AC%E3%81%84%E3%81%90%E3%82%8B%E3%81%BF%E3%81%8A%E3%82%82%E3%81%A1%E3%82%831%3A12%E3%83%89%E3%83%BC%E3%83%AB%E3%83%8F%E3%82%A6%E3%82%B9%E8%A3%85%E9%A3%BE%E3%81%8A%E3%82%82%E3%81%A1%E3%82%83%2C+%E3%82%A6%E3%82%B5%E3%82%AE HTTP/1.1" 200 53343 "-" "Mozilla/5.0 (Linux; Android 6.0.1; Nexus 5X Build/MMB29P) AppleWebKit/537.36 (KHTML, like Gecko) Chrome/135.0.7049.95 Mobile Safari/537.36 (compatible; Googlebot/2.1; +http://www.google.com/bot.html)"
66.249.74.104 - - [29/Apr/2025:21:59:59 -0400] "GET /?k=8757994897802&channel=e88104&from=news.php%3Fid%3D948978-18859%26name%3D%E3%83%90%E3%82%B9%E3%82%B1%E3%83%83%E3%83%88%E3%83%9C%E3%83%BC%E3%83%AB%E3%82%B9%E3%82%BF%E3%83%B3%E3%83%89%E3%80%81%E3%82%AC%E3%83%AC%E3%83%BC%E3%82%B8%E3%83%9C%E3%83%BC%E3%83%AB%E5%8F%8E%E7%B4%8D%E3%83%A9%E3%83%83%E3%82%AF2-6%E5%B1%A4%E3%80%81%E3%82%B9%E3%83%9D%E3%83%BC%E3%83%84%E7%94%A8%E5%93%81%E5%8F%8E%E7%B4%8D%E3%83%A9%E3%83%83%E3%82%AF%E3%80%81%E5%8F%8E%E7%B4%8D%E3%83%A9%E3%83%83%E3%82%AF%E3%80%81%E3%82%AC%E3%83%AC%E3%83%BC%E3%82%B8%E3%80%81%E3%83%90%E3%82%B9%E3%82%B1%E3%83%83%E3%83%88%E3%83%9C%E3%83%BC%E3%83%AB%E3%82%B3%E3%83%BC%E3%83%88%E3%81%AB%E6%9C%80 HTTP/1.1" 200 51691 "-" "Mozilla/5.0 (Linux; Android 6.0.1; Nexus 5X Build/MMB29P) AppleWebKit/537.36 (KHTML, like Gecko) Chrome/135.0.7049.95 Mobile Safari/537.36 (compatible; Googlebot/2.1; +http://www.google.com/bot.html)"
66.249.74.103 - - [29/Apr/2025:22:00:07 -0400] "GET /?k=45217116089503&channel=9df815&from=article.php%3Fid%3D1160895-7615%26name%3D%E3%82%B3%E3%83%AD%E3%83%A9%E3%83%89%E5%B7%9E%E6%97%97+%E3%82%B9%E3%82%AD%E3%83%BC+%E9%87%8E%E7%90%83%E5%B8%BD+%E8%AA%BF%E7%AF%80%E5%8F%AF%E8%83%BD+%E3%83%A1%E3%83%83%E3%82%B7%E3%83%A5%E3%83%90%E3%83%83%E3%82%AF%E3%82%AD%E3%83%A3%E3%83%83%E3%83%97+%E3%83%88%E3%83%A9%E3%83%83%E3%82%AB%E3%83%BC%E3%83%8F%E3%83%83%E3%83%88+%E3%83%A1%E3%83%B3%E3%82%BA+%E3%83%AC%E3%83%87%E3%82%A3%E3%83%BC%E3%82%B9+%E3%83%A9%E3%83%B3%E3%83%8B%E3%83%B3%E3%82%B0+%E9%87%A3%E3%82%8A HTTP/1.1" 200 0 "-" "Mozilla/5.0 (Linux; Android 6.0.1; Nexus 5X Build/MMB29P) AppleWebKit/537.36 (KHTML, like Gecko) Chrome/135.0.7049.95 Mobile Safari/537.36 (compatible; GoogleOther)"
66.249.74.103 - - [29/Apr/2025:22:00:09 -0400] "GET /?k=2472878558902&channel=65515c&from=info.php%3Fid%3D785589-17338%26name%3D%E3%82%B5%E3%83%BC%E3%82%AB%E3%82%B9+%E3%82%B8%E3%82%A7%E3%83%A9%E3%83%94%E3%82%B1+%E9%A2%A8+T%E3%82%B7%E3%83%A3%E3%83%84+%E3%83%A2%E3%83%B3%E3%82%AD%E3%83%BC%E3%83%91%E3%83%B3%E3%83%84+%E3%82%BB%E3%83%83%E3%83%88%E3%82%A2%E3%83%83%E3%83%97 HTTP/1.1" 200 50690 "-" "Mozilla/5.0 (Linux; Android 6.0.1; Nexus 5X Build/MMB29P) AppleWebKit/537.36 (KHTML, like Gecko) Chrome/135.0.7049.95 Mobile Safari/537.36 (compatible; Googlebot/2.1; +http://www.google.com/bot.html)"
66.249.74.103 - - [29/Apr/2025:22:00:16 -0400] "GET /?k=5475789341704&channel=4b431e&from=form.php%3Fid%3D893417-1933%26name%3D%E3%83%9A%E3%83%B3%E3%83%80%E3%83%B3%E3%83%88%E3%83%A9%E3%82%A4%E3%83%88%2C+LED%E3%83%9F%E3%83%8B%E3%83%9E%E3%83%AA%E3%82%B9%E3%83%88%E5%90%8A%E3%82%8A%E4%B8%8B%E3%81%92%E3%83%A9%E3%83%B3%E3%83%97+%E3%83%A2%E3%83%80%E3%83%B3%E9%8A%85%E5%A4%A7%E7%90%86%E7%9F%B3%E3%83%87%E3%82%B6%E3%82%A4%E3%83%B3+LED%E3%83%9A%E3%83%B3%E3%83%80%E3%83%B3%E3%83%88%E3%83%A9%E3%83%B3%E3%83%97+%E3%83%80%E3%82%A4%E3%83%8B%E3%83%B3%E3%82%B0%E3%83%AB%E3%83%BC%E3%83%A0+%E3%82%AD%E3%83%83%E3%83%81%E3%83%B3+%E3%83%99 HTTP/1.1" 200 51983 "-" "Mozilla/5.0 (Linux; Android 6.0.1; Nexus 5X Build/MMB29P) AppleWebKit/537.36 (KHTML, like Gecko) Chrome/135.0.7049.95 Mobile Safari/537.36 (compatible; Googlebot/2.1; +http://www.google.com/bot.html)"
66.249.74.103 - - [29/Apr/2025:22:00:18 -0400] "GET /?k=92953160507400&channel=7c68df&from=pin.php%3Fid%3D1605074-476%26name%3D%E3%83%9D%E3%82%B1%E3%83%A2%E3%83%B3%E3%82%AB%E3%83%BC%E3%83%89%7E%E3%83%AD%E3%82%B1%E3%83%83%E3%83%88%E5%9B%A3%E3%81%AE%E6%A0%84%E5%85%89+%7E+%E3%83%AC%E3%82%B8%E3%83%AD%E3%83%83%E3%82%AFex%E3%80%90RR%E3%80%911%E6%9E%9A HTTP/1.1" 200 53720 "-" "Mozilla/5.0 (Linux; Android 6.0.1; Nexus 5X Build/MMB29P) AppleWebKit/537.36 (KHTML, like Gecko) Chrome/135.0.7049.95 Mobile Safari/537.36 (compatible; Googlebot/2.1; +http://www.google.com/bot.html)"
66.249.74.103 - - [29/Apr/2025:22:00:27 -0400] "GET /?k=0799712814002&channel=0d54e8&from=info.php%3Fid%3D128140-8561%26name%3D%E3%83%9F%E3%82%AD%E3%83%A2%E3%83%88%E5%8C%96%E7%B2%A7%E5%93%81%E3%81%BE%E3%82%93%E3%81%AD%E3%82%93%E3%81%9F%E3%81%91%E9%9C%8A%E8%8A%9D%E6%A5%8A%E8%B2%B4%E8%8A%9D HTTP/1.1" 200 50886 "-" "Mozilla/5.0 (Linux; Android 6.0.1; Nexus 5X Build/MMB29P) AppleWebKit/537.36 (KHTML, like Gecko) Chrome/135.0.7049.95 Mobile Safari/537.36 (compatible; Googlebot/2.1; +http://www.google.com/bot.html)"
66.249.74.103 - - [29/Apr/2025:22:00:30 -0400] "GET /?k=92894114050100&channel=03c9d2&from=article.php%3Fid%3D1140501-13662%26name%3D%E3%82%AB%E3%83%BC%E3%83%96%E3%82%B9%E3%83%97%E3%83%AD%E3%83%86%E3%82%A4%E3%83%B3+4%E8%A2%8B%EF%BC%8B%E3%82%B9%E3%83%97%E3%83%BC%E3%83%B32%E6%9C%AC%EF%BC%8B%E3%82%B7%E3%82%A7%E3%82%A4%E3%82%AB%E3%83%BC HTTP/1.1" 200 0 "-" "Mozilla/5.0 (Linux; Android 6.0.1; Nexus 5X Build/MMB29P) AppleWebKit/537.36 (KHTML, like Gecko) Chrome/135.0.7049.95 Mobile Safari/537.36 (compatible; GoogleOther)"
66.249.74.103 - - [29/Apr/2025:22:00:33 -0400] "GET /?k=93119157512500&channel=67bbef&from=news.php%3Fid%3D1575125-11455%26name%3D%E3%82%AA%E3%83%BC%E3%83%80%E3%83%BC%E3%82%AB%E3%82%B9%E3%82%BF%E3%83%A0%E5%8F%97%E6%B3%A8%E7%94%9F%E7%94%A3%E5%93%81+%E3%83%A4%E3%83%9E%E3%83%8F+%E3%82%A4%E3%83%B3%E3%83%97%E3%83%AC%E3%82%B9+%E3%83%89%E3%83%A9%E3%82%A4%E3%83%96%E3%82%B9%E3%82%BF%E3%83%BC+%E3%83%95%E3%82%A7%E3%82%A2%E3%82%A6%E3%82%A7%E3%82%A4%E3%82%A6%E3%83%83%E3%83%89+%E7%95%AA%E6%89%8B%2F%E3%83%AD%E3%83%95%E3%83%88%E8%A7%92%EF%BC%9AFW3%2F15%E5%BA%A6+%E3%82%B7%E3%83%A3%E3%83%95%E3%83%88%EF%BC%9A24V HTTP/1.1" 200 52514 "-" "Mozilla/5.0 (Linux; Android 6.0.1; Nexus 5X Build/MMB29P) AppleWebKit/537.36 (KHTML, like Gecko) Chrome/135.0.7049.95 Mobile Safari/537.36 (compatible; Googlebot/2.1; +http://www.google.com/bot.html)"
66.249.74.103 - - [29/Apr/2025:22:00:41 -0400] "GET /?k=05787183490200&channel=c5b5dd&from=jp.php%3Fid%3D1834902-12893%26name%3DLIVRE+%E3%83%AA%E3%83%96%E3%83%AC+%E3%83%8E%E3%83%96%E3%82%A8%E3%83%B3%E3%83%89%E3%82%AD%E3%83%A3%E3%83%83%E3%83%97+%5B%E9%9D%9E%E6%97%A2%E8%A3%BD%E3%82%AB%E3%83%A9%E3%83%BC%5D+2%E5%80%8B%E3%82%BB%E3%83%83%E3%83%88+%E2%91%A1 HTTP/1.1" 200 52003 "-" "Mozilla/5.0 (Linux; Android 6.0.1; Nexus 5X Build/MMB29P) AppleWebKit/537.36 (KHTML, like Gecko) Chrome/135.0.7049.95 Mobile Safari/537.36 (compatible; Googlebot/2.1; +http://www.google.com/bot.html)"
40.77.167.76 - - [29/Apr/2025:22:00:46 -0400] "GET /?k=13836166595101&channel=8877b3&from=shop.php%3Fid%3D1665951-4148%26name%3D5%E3%82%AC%E3%83%AD%E3%83%B3%2F20L%E8%87%AA%E5%8B%95%E3%83%AA%E3%83%95%E3%83%88%E3%83%9A%E3%82%A4%E3%83%B3%E3%83%88%E3%82%B9%E3%82%BF%E3%83%BC%E3%83%A9%E3%83%BC%E3%80%81%E7%A9%BA%E6%B0%97%E5%9C%A7%E3%83%9F%E3%82%AD%E3%82%B5%E3%83%BC%E3%80%81%E3%83%87%E3%82%B9%E3%82%AF%E3%83%88%E3%83%83%E3%83%97%E5%9E%82%E7%9B%B4%E7%A9%BA%E6%B0%97%E6%92%B9%E6%8B%8C%E6%A9%9F%E3%80%81%E9%A3%BC%E6%96%99%E3%80%81%E7%9F%B3%E8%86%8F%E3%80%81%E5%A1%97%E6%96%99%E3%80%81%E3%82%BB%E3%83%A1%E3%83%B3%E3%83%88%E3%80%81%E3%83%A2%E3%83%AB%E3%82%BF%E3%83%AB%E3%81%AA%E3%81%A9%E3%82%92 HTTP/1.1" 200 41076 "-" "Mozilla/5.0 AppleWebKit/537.36 (KHTML, like Gecko; compatible; bingbot/2.0; +http://www.bing.com/bingbot.htm) Chrome/116.0.1938.76 Safari/537.36"
66.249.74.104 - - [29/Apr/2025:22:00:47 -0400] "GET /?k=90709177501800&channel=b38be2&from=article.php%3Fid%3D1775018-12896%26name%3D%E3%82%BD%E3%83%95%E3%82%A1%E3%82%AB%E3%83%90%E3%83%BC+%E3%83%99%E3%83%83%E3%83%89%E3%82%AB%E3%83%90%E3%83%BC+%E5%A4%9A%E7%9B%AE%E7%9A%84%E3%82%AB%E3%83%90%E3%83%BC+230+%2A+250cm+%E3%82%AD%E3%83%AB%E3%83%88+%E3%82%B9%E3%82%BF%E3%82%A4%E3%83%AA%E3%83%83%E3%82%B7%E3%83%A5+%E8%8A%B1%E6%9F%84+%E3%83%99%E3%83%83%E3%83%89%E3%82%AB%E3%83%90%E3%83%BC+%28%E8%89%B2+7+250x27 HTTP/1.1" 200 53356 "-" "Mozilla/5.0 (Linux; Android 6.0.1; Nexus 5X Build/MMB29P) AppleWebKit/537.36 (KHTML, like Gecko) Chrome/135.0.7049.95 Mobile Safari/537.36 (compatible; Googlebot/2.1; +http://www.google.com/bot.html)"
66.249.74.104 - - [29/Apr/2025:22:00:54 -0400] "GET /?k=34837168473506&channel=a17d0b&from=news.php%3Fid%3D1684735-9370%26name%3DPSP3000+%E3%82%AB%E3%82%BB%E3%83%83%E3%83%888%E6%9C%AC%E3%80%81%E3%82%B1%E3%83%BC%E3%82%B9%E3%80%81%E5%85%85%E9%9B%BB%E5%99%A8%E3%80%81%E3%83%A1%E3%83%A2%E3%83%AA%E4%BB%98%E3%81%8D%E3%80%80%E3%83%90%E3%83%83%E3%83%86%E3%83%AA%E3%83%BC%E7%84%A1%E3%81%97%E3%82%B8%E3%83%A3%E3%83%B3%E3%82%AF HTTP/1.1" 200 0 "-" "Mozilla/5.0 (Linux; Android 6.0.1; Nexus 5X Build/MMB29P) AppleWebKit/537.36 (KHTML, like Gecko) Chrome/135.0.7049.95 Mobile Safari/537.36 (compatible; GoogleOther)"
66.249.74.104 - - [29/Apr/2025:22:00:55 -0400] "GET /?k=87107102658802&channel=0a9342&from=news.php%3Fid%3D1026588-504%26name%3D%E3%82%BF%E3%82%A4%E3%83%A4%E3%83%81%E3%82%A7%E3%83%BC%E3%83%B3%28%E6%A0%AA%E5%BC%8F%E4%BC%9A%E7%A4%BE%E3%82%AB%E3%83%BC%E3%83%A1%E3%82%A4%E3%83%88%29 HTTP/1.1" 200 51606 "-" "Mozilla/5.0 (Linux; Android 6.0.1; Nexus 5X Build/MMB29P) AppleWebKit/537.36 (KHTML, like Gecko) Chrome/135.0.7049.95 Mobile Safari/537.36 (compatible; Googlebot/2.1; +http://www.google.com/bot.html)"
66.249.74.103 - - [29/Apr/2025:22:01:03 -0400] "GET /?k=18167104750105&channel=228648&from=shared.php%3Fid%3D1047501-7678%26name%3D15100-41G00+UC-T30SU21+%E7%87%83%E6%96%99%E3%83%9D%E3%83%B3%E3%83%97%E3%83%A2%E3%82%B8%E3%83%A5%E3%83%BC%E3%83%AB%E3%82%A2%E3%82%BB%E3%83%B3%E3%83%96%E3%83%AA%E3%80%81%E3%82%B9%E3%82%BA%E3%82%AD+GSXR1000+GSXR+1000+2005 HTTP/1.1" 200 50851 "-" "Mozilla/5.0 (Linux; Android 6.0.1; Nexus 5X Build/MMB29P) AppleWebKit/537.36 (KHTML, like Gecko) Chrome/135.0.7049.95 Mobile Safari/537.36 (compatible; Googlebot/2.1; +http://www.google.com/bot.html)"
66.249.74.104 - - [29/Apr/2025:22:01:05 -0400] "GET /?k=03718142789200&channel=8dc8fc&from=article.php%3Fid%3D1427892-24077%26name%3DIGBT%E3%83%88%E3%83%A9%E3%83%B3%E3%82%B8%E3%82%B9%E3%82%BF%E3%83%A2%E3%82%B8%E3%83%A5%E3%83%BC%E3%83%AB+IGBT%E3%83%A2%E3%82%B8%E3%83%A5%E3%83%BC%E3%83%AB+FD300R17KE4P+FD450R12KE4P%28FD300R17KE4P%29 HTTP/1.1" 200 0 "-" "Mozilla/5.0 (Linux; Android 6.0.1; Nexus 5X Build/MMB29P) AppleWebKit/537.36 (KHTML, like Gecko) Chrome/135.0.7049.95 Mobile Safari/537.36 (compatible; GoogleOther)"
66.249.74.104 - - [29/Apr/2025:22:01:07 -0400] "GET /?k=924371487108&channel=fb67cb&from=category-info.php%3Fid%3D14871-2274%26name%3D%E3%82%B7%E3%83%BC%E3%82%AF%E3%83%AC%E3%83%83%E3%83%88%E3%82%B7%E3%83%A5%E3%83%BC%E3%82%BA+7cm%E3%82%A2%E3%83%83%E3%83%97+%E6%9C%AC%E9%9D%A9+%E3%83%AC%E3%82%B6%E3%83%BC+%E3%83%8F%E3%83%B3%E3%83%89%E3%83%A1%E3%82%A4%E3%83%89+%E9%AB%98%E7%B4%9A%E3%82%B7%E3%83%BC%E3%82%AF%E3%83%AC%E3%83%83%E3%83%88%E3%82%B7%E3%83%A5%E3%83%BC%E3%82%BA+23.5cm%E3%81%8B%E3%82%89+%E7%B5%90%E5%A9%9A%E5%BC%8F+%E5%86%A0%E5%A9%9A%E8%91%AC%E7%A5%AD%E3%81%AB+%E3%83%95%E3%82%A9%E3%83%BC%E3%83%9E%E3%83%AB%E3%82%B7%E3%83%A5%E3%83%BC%E3%82%BA+kk7-300 HTTP/1.1" 200 52120 "-" "Mozilla/5.0 (Linux; Android 6.0.1; Nexus 5X Build/MMB29P) AppleWebKit/537.36 (KHTML, like Gecko) Chrome/135.0.7049.95 Mobile Safari/537.36 (compatible; Googlebot/2.1; +http://www.google.com/bot.html)"
66.249.74.104 - - [29/Apr/2025:22:01:15 -0400] "GET /?k=69300150286905&channel=54a350&from=form.php%3Fid%3D1502869-3311%26name%3D%E9%BB%92%E7%94%B0%E5%BE%81%E5%A4%AA%E9%83%8E%E3%80%80%E3%83%91%E3%82%B9%E3%83%86%E3%83%AB%E5%8E%9F%E7%94%BB%E3%80%80BI%E3%82%B5%E3%82%A4%E3%82%BA%E3%80%801988%E5%B9%B4%E3%80%80%E6%9C%AC%E7%89%A9 HTTP/1.1" 200 51387 "-" "Mozilla/5.0 (Linux; Android 6.0.1; Nexus 5X Build/MMB29P) AppleWebKit/537.36 (KHTML, like Gecko) Chrome/135.0.7049.95 Mobile Safari/537.36 (compatible; Googlebot/2.1; +http://www.google.com/bot.html)"
66.249.74.103 - - [29/Apr/2025:22:01:22 -0400] "GET /?k=23873199879900&channel=b1d991&from=blog.php%3Fid%3D1998799-482%26name%3D%E2%98%85%E3%83%9D%E3%82%B1%E3%83%A2%E3%83%B3%E3%82%AB%E3%83%BC%E3%83%89%E3%80%802014%E3%80%80No%2C005%E3%80%80%E3%82%AE%E3%83%AB%E3%82%AC%E3%83%AB%E3%83%89+EX%E3%80%80PSA10+GEM+MT+%E9%91%91%E5%AE%9A%E5%93%81 HTTP/1.1" 200 52333 "-" "Mozilla/5.0 (Linux; Android 6.0.1; Nexus 5X Build/MMB29P) AppleWebKit/537.36 (KHTML, like Gecko) Chrome/135.0.7049.95 Mobile Safari/537.36 (compatible; Googlebot/2.1; +http://www.google.com/bot.html)"
66.249.74.103 - - [29/Apr/2025:22:01:25 -0400] "GET /?k=80380113371303&channel=6f5068&from=product.php%3Fid%3D1133713-10110%26name%3D%E3%82%B7%E3%82%B9%E3%83%86%E3%83%A0%E3%83%98%E3%83%AB%E3%83%A1%E3%83%83%E3%83%88+%E3%83%90%E3%82%A4%E3%82%AF%E3%83%98%E3%83%AB%E3%83%A1%E3%83%83%E3%83%88+%E3%83%95%E3%83%AB%E3%83%95%E3%82%A7%E3%82%A4%E3%82%B9%E3%83%98%E3%83%AB%E3%83%A1%E3%83%83%E3%83%88+%E3%83%87%E3%83%A5%E3%82%A2%E3%83%AB%E3%82%B7%E3%83%BC%E3%83%AB%E3%83%89%E3%83%98%E3%83%AB%E3%83%A1%E3%83%83%E3%83%88+%E9%80%9A%E6%B0%97%E6%80%A7+%E8%B6%85%E8%BB%BD%E9%87%8F+%E8%80%90%E8%A1%9D%E6%92%83+%E7%94%B7%E5%A5%B3%E5%85%BC%E7%94%A8+%E3%82%AA%E3%83%BC%E3%83%AB%E3%82%B7 HTTP/1.1" 200 0 "-" "Mozilla/5.0 (Linux; Android 6.0.1; Nexus 5X Build/MMB29P) AppleWebKit/537.36 (KHTML, like Gecko) Chrome/135.0.7049.95 Mobile Safari/537.36 (compatible; GoogleOther)"
66.249.74.103 - - [29/Apr/2025:22:01:29 -0400] "GET /?k=4818084520606&channel=0bc383&from=jp.php%3Fid%3D845206-7339%26name%3D%E3%82%BF%E3%82%A4%E3%83%A4%E3%83%81%E3%82%A7%E3%83%BC%E3%83%B3+%E8%BB%8A%E7%94%A8%E3%82%BF%E3%82%A4%E3%83%A4%E3%83%81%E3%82%A7%E3%83%BC%E3%83%B3+%E9%81%A9%E7%94%A8+Buik+LeSabre+4+Door+Hardtop+1970%2C%E3%81%82%E3%82%89%E3%82%86%E3%82%8B%E6%82%AA%E5%A4%A9%E5%80%99%E3%82%84%E6%B3%A5%E9%81%93%E3%81%AB%E9%81%A9 HTTP/1.1" 200 51172 "-" "Mozilla/5.0 (Linux; Android 6.0.1; Nexus 5X Build/MMB29P) AppleWebKit/537.36 (KHTML, like Gecko) Chrome/135.0.7049.95 Mobile Safari/537.36 (compatible; Googlebot/2.1; +http://www.google.com/bot.html)"
52.167.144.176 - - [29/Apr/2025:22:01:30 -0400] "GET /?k=27123145476301&channel=0146a5&from=product.php%3Fid%3D1454763-24348%26name%3D%E3%80%90%E6%BF%80%E5%AE%89%EF%BC%81%E3%80%91%E5%B0%BE%E4%B8%8A%E8%A3%BD%E4%BD%9C%E6%89%80%28ONOE%29+%E6%8A%98%E3%82%8A%E7%95%B3%E3%81%BF%E5%BC%8F+%E3%83%95%E3%82%A9%E3%83%BC%E3%83%AB%E3%83%87%E3%82%A3%E3%83%B3%E3%82%B0%E3%83%A9%E3%83%83%E3%82%AF+FR-3035+%E3%82%A2%E3%82%A6%E3%83%88%E3%83%89%E3%82%A2%E7%94%A8%E5%93%81%E3%82%92%E3%81%99%E3%81%A3%E3%81%8D%E3%82%8A%E6%95%B4%E9%A0%93+%E4%B8%88%E5%A4%AB%E3%81%A7%E7%86%B1%E3%81%AB%E5%BC%B7%E3%81%84+%E3%83%90%E3%83%BC%E3%83%99%E3%82%AD%E3%83%A5%E3%83%BC%E3%82%84%E3%82%A2%E3%82%A6%E3%83%88%E3%83%89%E3%82%A2%E3%81%AA%E3%81%A9%E3%81%AE%E3%82%B7%E3%83%BC%E3%83%B3%E3%81%A7%E4%BD%BF%E7%94%A8%E5%8F%AF%E8%83%BD+%E6%8A%98%E3%82%8A%E7%95%B3%E3%81%BF%E5%BC%8F%E3%81%A7%E3%82%B3%E3%83%B3%E3%83%91%E3%82%AF%E3%83%88%E3%81%AB%E5%8F%8E%E7%B4%8D+%E7%B0%A1%E5%8D%98%E7%B5%84%E7%AB%8B%E3%81%A6+%E5%85%89%E6%B2%A2%E4%BB%95%E4%B8%8A%E3%81%92+%E3%83%A9%E3%83%B3%E3%82%BF%E3%83%B3+%E3%83%86%E3%83%BC%E3%83%96%E3%83%AB%E3%82%A2%E3%82%AF%E3%82%BB%E3%82%B5 HTTP/1.1" 200 42442 "-" "Mozilla/5.0 AppleWebKit/537.36 (KHTML, like Gecko; compatible; bingbot/2.0; +http://www.bing.com/bingbot.htm) Chrome/116.0.1938.76 Safari/537.36"
52.167.144.176 - - [29/Apr/2025:22:01:30 -0400] "GET /?k=1091875028201&channel=3e9910&from=info.php%3Fid%3D750282-3320%26name%3D%E7%A0%94%E7%A3%A8%E6%A9%9F+1%2F2%2F3+%E3%82%A4%E3%83%B3%E3%83%81%E3%83%A9%E3%83%B3%E3%83%80%E3%83%A0%E8%BB%8C%E9%81%93%E3%82%A8%E3%82%A2%E3%82%B5%E3%83%B3%E3%83%80%E3%83%BC%E3%83%9F%E3%83%8B%E7%A9%BA%E6%B0%97%E5%9C%A7%E7%A0%94%E5%89%8A%E7%9B%A4%E8%BB%8A%E7%A0%94%E7%A3%A8%E7%94%A8%E9%AB%98%E9%80%9F%E7%A9%BA%E6%B0%97%E5%8B%95%E5%8A%9B%E3%82%B5%E3%83%B3%E3%83%87%E3%82%A3%E3%83%B3%E3%82%B0%E3%83%9D%E3%83%AA%E3%83%83%E3%82%B7%E3%83%A3%E3%83%BC+%E3%83%90%E3%83%AA%E5%8F%96%E3%82%8A%E7%A0%94%E7%A3%A8%E3%83%84%E3%83%BC%E3%83%AB HTTP/1.1" 200 40475 "-" "Mozilla/5.0 AppleWebKit/537.36 (KHTML, like Gecko; compatible; bingbot/2.0; +http://www.bing.com/bingbot.htm) Chrome/116.0.1938.76 Safari/537.36"
66.249.74.103 - - [29/Apr/2025:22:01:35 -0400] "GET /?k=7862162169203&channel=b1cb80&from=form.php%3Fid%3D621692-14717%26name%3D%E8%BB%8A%E4%BD%93%E3%83%87%E3%83%B3%E3%83%88%E4%BF%AE%E7%90%86%E6%A9%9F%E3%83%9D%E3%83%BC%E3%82%BF%E3%83%96%E3%83%AB%E5%AE%B6%E5%BA%AD%E7%94%A8%E3%83%87%E3%83%B3%E3%83%88%E3%83%AA%E3%83%A0%E3%83%BC%E3%83%90%E3%83%BC%E3%83%84%E3%83%BC%E3%83%AB%E8%BB%8A%E7%84%A1%E5%A1%97%E8%A3%85%E3%83%87%E3%83%B3%E3%83%88%E3%83%AA%E3%83%9A%E3%82%A2%E3%83%84%E3%83%BC%E3%83%AB%E6%99%82%E9%96%93%E3%83%91%E3%83%AF%E3%83%BC%E8%AA%BF%E6%95%B4%E3%83%8E%E3%83%96 HTTP/1.1" 200 52292 "-" "Mozilla/5.0 (Linux; Android 6.0.1; Nexus 5X Build/MMB29P) AppleWebKit/537.36 (KHTML, like Gecko) Chrome/135.0.7049.95 Mobile Safari/537.36 (compatible; Googlebot/2.1; +http://www.google.com/bot.html)"
66.249.74.103 - - [29/Apr/2025:22:01:41 -0400] "GET /?k=2242488690009&channel=11aa7d&from=blog.php%3Fid%3D886900-18616%26name%3D%E3%83%8B%E3%83%88%E3%83%AA%EF%BC%9A%E9%A6%96%E3%83%AA%E3%82%AF%E3%83%A9%E3%82%A4%E3%83%8B%E3%83%B3%E3%82%B0%E5%BA%A7%E6%A4%85%E5%AD%90+%E3%83%80%E3%83%BC%E3%82%AF%E3%82%B0%E3%83%AC%E3%83%BC HTTP/1.1" 200 0 "-" "Mozilla/5.0 (Linux; Android 6.0.1; Nexus 5X Build/MMB29P) AppleWebKit/537.36 (KHTML, like Gecko) Chrome/135.0.7049.95 Mobile Safari/537.36 (compatible; GoogleOther)"
