52.167.144.191 - - [29/Apr/2025:07:31:26 -0400] "GET /?k=0722940332200&channel=eb4f46&from=blog.php%3Fid%3D403322-2525%26name%3D%E3%82%A8%E3%83%B3%E3%83%93%E3%83%AD%E3%83%B3%E3%82%A2%E3%82%AF%E3%82%A2%E3%82%AA%E3%82%A4%E3%83%AB%E3%80%81%E3%82%AF%E3%83%AC%E3%82%A4%E3%83%86%E3%83%83%E3%82%AF%E3%83%9E%E3%82%B9%E3%82%AF HTTP/1.1" 200 41524 "-" "Mozilla/5.0 AppleWebKit/537.36 (KHTML, like Gecko; compatible; bingbot/2.0; +http://www.bing.com/bingbot.htm) Chrome/116.0.1938.76 Safari/537.36"
52.167.144.183 - - [29/Apr/2025:07:31:44 -0400] "GET /?k=941025370402&channel=2c4cb3&from=pin.php%3Fid%3D53704-5013%26name%3D%E3%82%B3%E3%83%BC%E3%83%88%E3%82%B9%E3%82%BF%E3%83%B3%E3%83%89+%E3%82%A2%E3%83%B3%E3%83%86%E3%82%A3%E3%83%BC%E3%82%AF%E3%82%A2%E3%83%A1%E3%83%AA%E3%82%AB%E3%83%B3+%E5%BA%8A%E7%BD%AE%E3%81%8D%E3%82%B3%E3%83%BC%E3%83%88%E3%83%A9%E3%83%83%E3%82%AF%E5%BB%8A%E4%B8%8B%E5%AF%9D%E5%AE%A4%E3%82%B9%E3%82%BF%E3%83%B3%E3%83%87%E3%82%A3%E3%83%B3%E3%82%B0%E3%83%8F%E3%83%B3%E3%82%AC%E3%83%BC%E5%AE%B6%E5%BA%AD%E7%94%A8+%E8%87%AA%E7%AB%8B%E5%9E%8B%E3%82%B3%E3%83%BC%E3%83%88%E3%83%A9%E3%83%83%E3%82%AF%E3%83%8F%E3%83%B3%E3%82%AC%E3%83%BC%E8%87%AA%E7%AB%8B%E5%9E%8B%E3%82%B3%E3%83%BC HTTP/1.1" 200 40939 "-" "Mozilla/5.0 AppleWebKit/537.36 (KHTML, like Gecko; compatible; bingbot/2.0; +http://www.bing.com/bingbot.htm) Chrome/116.0.1938.76 Safari/537.36"
52.167.144.199 - - [29/Apr/2025:07:32:03 -0400] "GET /?k=4121935704103&channel=4feed2&from=product.php%3Fid%3D357041-12292%26name%3D%E9%A6%AC%E3%81%AE%E7%B3%9E%E5%B0%BF%E3%83%90%E3%83%83%E3%82%B0+%E8%BB%BD%E9%87%8F%E3%81%AE%E9%A6%AC%E7%B3%9E%E5%8F%8E%E9%9B%86%E3%83%90%E3%83%83%E3%82%B0%E3%80%81%E8%BE%B2%E5%A0%B4%2F%E4%B9%97%E9%A6%AC%E5%A0%B4%E3%81%AE%E9%A6%AC%E7%94%A8%E3%81%8A%E3%82%80%E3%81%A4%E8%82%A5%E6%96%99%E4%BF%9D%E7%AE%A1%E3%83%90%E3%83%83%E3%82%B0%E3%80%81%E3%83%9D%E3%83%8B%E3%83%BC%2F%E7%89%9B%E7%94%A8%E3%82%AA%E3%83%83%E3%82%AF%E3%82%B9%E3%83%95%E3%82%A9%E3%83%BC%E3%83%89%E7%94%9F%E5%9C%B0%E8%82%A5%E6%96%99%E3%82%AD%E3%83%A3%E3%83%83%E3%83%81%E3%83%A3%E3%83%BC%E3%83%90%E3%83%83%E3%82%B0 HTTP/1.1" 200 39806 "-" "Mozilla/5.0 AppleWebKit/537.36 (KHTML, like Gecko; compatible; bingbot/2.0; +http://www.bing.com/bingbot.htm) Chrome/116.0.1938.76 Safari/537.36"
52.167.144.191 - - [29/Apr/2025:07:32:07 -0400] "GET /?k=11561138911402&channel=34e8de&from=info.php%3Fid%3D1389114-13936%26name%3D%E3%83%A9%E3%83%B3%E3%83%9C%E3%83%AB%E3%82%AE%E3%83%BC%E3%83%8B+%E3%82%AC%E3%83%A4%E3%83%AB%E3%83%89%EF%BC%88%E5%85%B7%E4%BD%93%E7%9A%84%E3%81%AA%E5%B9%B4%E5%BC%8F%E3%81%AB%E6%B3%A8%E6%84%8F%E3%81%97%E3%81%A6%E3%81%8F%E3%81%A0%E3%81%95%E3%81%84%EF%BC%89%E7%94%A8%E3%82%AB%E3%83%BC%E3%83%88%E3%83%A9%E3%83%B3%E3%82%AF%E6%95%B4%E7%90%86%E5%8F%8E%E7%B4%8D%E3%83%9C%E3%83%83%E3%82%AF%E3%82%B9%E3%80%81%E5%A4%9A%E7%9B%AE%E7%9A%84%E6%8A%98%E3%82%8A%E3%81%9F%E3%81%9F%E3%81%BF%E5%BC%8F%E3%82%AB%E3%83%BC%E3%83%88%E3%83%A9%E3%83%B3%E3%82%AF%E5%8F%8E%E7%B4%8D%E3%82%AA%E3%83%BC%E3%82%AC%E3%83%8A HTTP/1.1" 200 42000 "-" "Mozilla/5.0 AppleWebKit/537.36 (KHTML, like Gecko; compatible; bingbot/2.0; +http://www.bing.com/bingbot.htm) Chrome/116.0.1938.76 Safari/537.36"
52.167.144.191 - - [29/Apr/2025:07:32:08 -0400] "GET /?k=8124554058401&channel=4669ac&from=news.php%3Fid%3D540584-14065%26name%3D%E3%82%A8%E3%82%A2%E3%83%96%E3%83%A9%E3%82%B7%E3%82%B9%E3%83%97%E3%83%AC%E3%83%BC%E3%83%96%E3%83%BC%E3%82%B9%E3%80%81%E3%82%B9%E3%83%97%E3%83%AC%E3%83%BC%E3%83%96%E3%83%BC%E3%82%B9%E3%82%AD%E3%83%83%E3%83%88%E3%80%813%E3%81%A4%E3%81%AELED%E3%83%A9%E3%82%A4%E3%83%88%E3%80%81360%C2%B0%E5%9B%9E%E8%BB%A2%E3%82%BF%E3%83%BC%E3%83%B3%E3%83%86%E3%83%BC%E3%83%96%E3%83%AB%E3%81%A8%E6%8E%92%E6%B0%97%E3%83%9B%E3%83%BC%E3%82%B9%E3%80%81%E6%A8%A1%E5%9E%8B%E3%82%84%E3%82%A2%E3%83%BC%E3%83%88%E3%82%AF%E3%83%A9%E3%83%95%E3%83%88%E3%81%AE%E3%82%B9 HTTP/1.1" 200 39456 "-" "Mozilla/5.0 AppleWebKit/537.36 (KHTML, like Gecko; compatible; bingbot/2.0; +http://www.bing.com/bingbot.htm) Chrome/116.0.1938.76 Safari/537.36"
2a06:98c0:3600::103 - - [29/Apr/2025:07:32:10 -0400] "GET /wordpress/wp-admin/setup-config.php HTTP/1.1" 200 0 "-" "Mozilla/5.0 (Windows NT 10.0; Win64; x64) AppleWebKit/537.36 (KHTML, like Gecko) Chrome/135.0.0.0 Safari/537.36"
52.167.144.183 - - [29/Apr/2025:07:33:34 -0400] "GET /?k=71922111832500&channel=3b6af7&from=goods.php%3Fid%3D1118325-8384%26name%3D%E3%82%BF%E3%82%A4%E3%83%A4%E3%83%88%E3%83%AC%E3%83%83%E3%83%89%E3%82%B2%E3%83%BC%E3%82%B8%E3%80%81%E3%82%BF%E3%82%A4%E3%83%A4%E3%82%B2%E3%83%BC%E3%82%B8%E3%81%AE%E6%B7%B1%E3%81%95%2C%E3%82%BF%E3%82%A4%E3%83%A4%E7%B3%B8%E3%81%AE%E6%B7%B1%E3%81%95%E3%82%B2%E3%83%BC%E3%82%B8+%7C+%E3%83%8F%E3%83%B3%E3%83%89%E3%83%98%E3%83%AB%E3%83%89%E3%83%9D%E3%83%BC%E3%82%BF%E3%83%96%E3%83%AB%E6%B8%AC%E5%AE%9A%E3%83%84%E3%83%BC%E3%83%AB0.01mm%E8%A7%A3%E5%83%8F%E5%BA%A6LCD%E3%83%87%E3%82%A3%E3%82%B9%E3%83%97 HTTP/1.1" 200 42785 "-" "Mozilla/5.0 AppleWebKit/537.36 (KHTML, like Gecko; compatible; bingbot/2.0; +http://www.bing.com/bingbot.htm) Chrome/116.0.1938.76 Safari/537.36"
52.167.144.191 - - [29/Apr/2025:07:33:39 -0400] "GET /?k=05532179127102&channel=1d988a&from=pin.php%3Fid%3D1791271-26617%26name%3D%E3%83%9D%E3%83%BC%E3%82%BF%E3%83%96%E3%83%AB%E3%83%97%E3%83%AD%E3%83%91%E3%83%B3%E3%83%92%E3%83%BC%E3%82%BF%E3%83%BC%E3%80%81%E3%83%9D%E3%83%BC%E3%82%BF%E3%83%96%E3%83%AB%E5%B1%8B%E5%A4%96%E3%83%87%E3%82%A3%E3%83%BC%E3%82%BC%E3%83%AB%E3%82%B9%E3%83%88%E3%83%BC%E3%83%96%E3%80%81%E7%81%AF%E6%B2%B9%2F%E3%83%87%E3%82%A3%E3%83%BC%E3%82%BC%E3%83%AB%E3%82%B9%E3%83%88%E3%83%BC%E3%83%96%E3%82%AD%E3%83%A3%E3%83%B3%E3%83%97%E3%82%B9%E3%83%88%E3%83%BC%E3%83%96%E3%80%81%E3%83%96%E3%83%A9%E3%82%B1%E3%83%83%E3%83%88%E8%A7%92%E5%BA%A6%E8%AA%BF%E6%95%B4%E4%BB%98%E3%81%8D%E3%80%813~ HTTP/1.1" 200 40807 "-" "Mozilla/5.0 AppleWebKit/537.36 (KHTML, like Gecko; compatible; bingbot/2.0; +http://www.bing.com/bingbot.htm) Chrome/116.0.1938.76 Safari/537.36"
52.167.144.191 - - [29/Apr/2025:07:33:39 -0400] "GET /?k=5977227842404&channel=34274a&from=category-info.php%3Fid%3D278424-11256%26name%3D3%E3%83%95%E3%82%A3%E3%83%BC%E3%83%88%EF%BD%9E20%E3%83%95%E3%82%A3%E3%83%BC%E3%83%88%E3%81%AE%E3%83%AD%E3%83%BC%E3%83%AA%E3%83%B3%E3%82%B0%E3%83%A9%E3%83%80%E3%83%BC%E3%82%B9%E3%83%A9%E3%82%A4%E3%83%89%E3%83%AC%E3%83%BC%E3%83%AB%E3%83%88%E3%83%A9%E3%83%83%E3%82%AF%E3%83%8F%E3%83%BC%E3%83%89%E3%82%A6%E3%82%A7%E3%82%A2%E3%82%AD%E3%83%83%E3%83%88%E3%80%81%E3%83%A9%E3%82%A4%E3%83%96%E3%83%A9%E3%83%AA%E3%82%AF%E3%83%AD%E3%83%BC%E3%82%BC%E3%83%83%E3%83%88%E7%94%A8%E3%82%B9%E3%83%A9%E3%82%A4%E3%83%89%E3%83%A9%E3%83%80%E3%83%BC%E3%83%88%E3%83%A9%E3%83%83%E3%82%AF%E3%83%8F+%EF%BC%88%E3%83%95%E3%83%83%E3%82%AF%E3%82%AA%E3%83%B3%E3%83%AD%E3%83%BC%E3%83%AA%E3%83%B3%E3%82%B0%E3%83%A9%E3%82%A4%E3%83%96%E3%83%A9%E3%83%AA%E3%83%A9%E3%83%80%E3%83%BC%E3%83%88%E3%83%A9%E3%83%83%E3%82%AF%2B%E3%83%95%E3%83%AD%E3%82%A2%E3%83%9B%E3%82%A4%E3%83%BC%E3%83%AB%26%E3%83%96%E3%83%AC%E3%83%BC%E3%82%AD%E3%80%81%E3%82%B9%E3%83%A9%E3%82%A4%E3%83%89%E5%BC%8F%E3%83%A9%E3%83%80%E3%83%BC%E3%83%8F%E3%83%BC%E3%83%89%E3%82%A6%E3%82%A7%E3%82%A2%EF%BC%89 HTTP/1.1" 200 42280 "-" "Mozilla/5.0 AppleWebKit/537.36 (KHTML, like Gecko; compatible; bingbot/2.0; +http://www.bing.com/bingbot.htm) Chrome/116.0.1938.76 Safari/537.36"
52.167.144.191 - - [29/Apr/2025:07:33:40 -0400] "GET /?k=320188582605&channel=cd98fa&from=shared.php%3Fid%3D85826-868%26name%3D%E3%83%95%E3%82%A9%E3%83%88%E3%83%95%E3%83%AC%E3%83%BC%E3%83%A015.4%E3%82%A4%E3%83%B3%E3%83%81%E9%9B%BB%E5%AD%90%E3%83%87%E3%82%B8%E3%82%BF%E3%83%AB%E3%83%95%E3%83%AB%E3%83%95%E3%82%A9%E3%83%BC%E3%83%9E%E3%83%83%E3%83%88%E3%83%93%E3%83%87%E3%82%AA%E5%BA%83%E5%91%8A%E6%A9%9F1280%EF%BC%86times%3B+800%E8%A7%A3%E5%83%8F%E5%BA%A6%E3%82%B5%E3%83%9D%E3%83%BC%E3%83%88%E9%9F%B3%E6%A5%BD%2F%E3%83%93%E3%83%87%E3%82%AA%E5%86%8D%E7%94%9F%E3%82%AE%E3%83%95 HTTP/1.1" 200 40703 "-" "Mozilla/5.0 AppleWebKit/537.36 (KHTML, like Gecko; compatible; bingbot/2.0; +http://www.bing.com/bingbot.htm) Chrome/116.0.1938.76 Safari/537.36"
40.77.167.235 - - [29/Apr/2025:07:33:44 -0400] "GET /?k=22067140167802&channel=986e82&from=category-info.php%3Fid%3D1401678-11165%26name%3D%E7%A9%BA%E6%B0%97%E5%9C%A7%E8%AA%BF%E6%95%B4%E5%99%A8%E5%9C%A7%E5%8A%9B%E8%AA%BF%E6%95%B4%E6%B0%B4%E5%88%86%E9%99%A4%E5%8E%BB%E6%B2%B9%E6%B7%B7%E5%90%88+4500PSI+PCP.%E3%82%A8%E3%82%A2%E3%82%B3%E3%83%B3%E3%83%97%E3%83%AC%E3%83%83%E3%82%B5%E3%83%95%E3%82%A3%E3%83%AB%E3%82%BF%E3%83%BC%E3%80%81%E3%82%AA%E3%82%A4%E3%83%AB%E3%82%A6%E3%82%A9%E3%83%BC%E3%82%BF%E3%83%BC%E3%83%95%E3%82%A3%E3%83%AB%E3%82%BF%E3%83%BC%E9%AB%98%E5%9C%A7%E3%83%80%E3%82%A4%E3%83%93%E3%83%B3%E3%82%B0%E3%82%BB%E3%83%91 HTTP/1.1" 200 40134 "-" "Mozilla/5.0 AppleWebKit/537.36 (KHTML, like Gecko; compatible; bingbot/2.0; +http://www.bing.com/bingbot.htm) Chrome/116.0.1938.76 Safari/537.36"
2a06:98c0:3600::103 - - [29/Apr/2025:07:34:33 -0400] "GET /wordpress/wp-admin/setup-config.php HTTP/1.1" 200 0 "-" "Mozilla/5.0 (Windows NT 10.0; Win64; x64) AppleWebKit/537.36 (KHTML, like Gecko) Chrome/135.0.0.0 Safari/537.36"
52.167.144.191 - - [29/Apr/2025:07:35:16 -0400] "GET /?k=18105185190700&channel=970d16&from=shared.php%3Fid%3D1851907-4514%26name%3D%E6%BA%B6%E8%9E%8D%E5%9C%A7%E5%8A%9B%E3%82%BB%E3%83%B3%E3%82%B5%E3%83%BC+%E9%AB%98%E6%B8%A9%E6%BA%B6%E8%9E%8D%E5%9C%A7%E5%8A%9B%E3%82%BB%E3%83%B3%E3%82%B5%E3%83%BC%2F%E4%BC%9D%E9%80%81%E5%99%A8+CN1-6-M-B35D-1-4-D+%E6%BA%B6%E8%9E%8D%E5%9C%A7%E5%8A%9B%E5%A4%89%E6%8F%9B%E5%99%A8 HTTP/1.1" 200 41673 "-" "Mozilla/5.0 AppleWebKit/537.36 (KHTML, like Gecko; compatible; bingbot/2.0; +http://www.bing.com/bingbot.htm) Chrome/116.0.1938.76 Safari/537.36"
2a06:98c0:3600::103 - - [29/Apr/2025:07:35:34 -0400] "GET /wp-admin/setup-config.php HTTP/1.1" 200 0 "-" "Mozilla/5.0 (Windows NT 10.0; Win64; x64) AppleWebKit/537.36 (KHTML, like Gecko) Chrome/135.0.0.0 Safari/537.36"
52.167.144.183 - - [29/Apr/2025:07:38:05 -0400] "GET /?k=7627083251309&channel=b44a5a&from=shop.php%3Fid%3D832513-18061%26name%3DJanurium+%E6%BA%B6%E6%8E%A5%E3%83%95%E3%83%BC%E3%83%89+%7C+%E8%87%AA%E5%8B%95%E5%A4%A7%E5%9E%8B%E3%83%93%E3%83%A5%E3%83%BC%E3%82%B9%E3%82%AF%E3%83%AA%E3%83%BC%E3%83%B3%E3%82%BD%E3%83%BC%E3%83%A9%E3%83%BC%E3%83%91%E3%83%AF%E3%83%BC%E6%BA%B6%E6%8E%A5%E3%83%95%E3%83%BC%E3%83%89%E3%80%81%E8%BB%BD%E9%87%8F%E3%83%AF%E3%82%A4%E3%83%89%E3%82%B7%E3%82%A7%E3%83%BC%E3%83%89%E6%BA%B6%E6%8E%A5%E3%83%95%E3%82%A7%E3%82%A4%E3%82%B9%E3%82%AB%E3%83%90%E3%83%BC%E3%80%81%E8%BB%8A%E3%81%AE%E3%83%A1%E3%83%B3%E3%83%86 HTTP/1.1" 200 40326 "-" "Mozilla/5.0 AppleWebKit/537.36 (KHTML, like Gecko; compatible; bingbot/2.0; +http://www.bing.com/bingbot.htm) Chrome/116.0.1938.76 Safari/537.36"
40.77.167.235 - - [29/Apr/2025:07:39:44 -0400] "GET /?k=88016139248306&channel=4c2009&from=category-info.php%3Fid%3D1392483-14661%26name%3D%E5%80%8B%E4%BA%BA%E3%81%AE%E5%AE%89%E5%85%A8%E8%A3%85%E7%BD%AE%E3%80%81%E3%82%BB%E3%82%AD%E3%83%A5%E3%83%AA%E3%83%86%E3%82%A3%E3%82%AD%E3%83%BC%E3%83%81%E3%82%A7%E3%83%BC%E3%83%B3%2C130db%E9%98%B2%E5%BE%A1%E3%83%91%E3%83%BC%E3%82%BD%E3%83%8A%E3%83%AB%E3%82%A2%E3%83%A9%E3%83%BC%E3%83%A0+%7C+%E5%85%85%E9%9B%BB%E5%BC%8FLED%E6%87%90%E4%B8%AD%E9%9B%BB%E7%81%AF%E5%AD%A6%E7%94%9F%E3%81%AE%E5%A4%9C%E9%96%93%E3%83%9B%E3%83%86%E3%83%AB%E3%81%AE%E6%BB%9E%E5%9C%A8%E3%81%AE%E3%81%9F%E3%82%81%E3%81%AE%E9%9D%9E HTTP/1.1" 200 39410 "-" "Mozilla/5.0 AppleWebKit/537.36 (KHTML, like Gecko; compatible; bingbot/2.0; +http://www.bing.com/bingbot.htm) Chrome/116.0.1938.76 Safari/537.36"
52.167.144.183 - - [29/Apr/2025:07:39:48 -0400] "GET /?k=76921142781205&channel=970d16&from=info.php%3Fid%3D1427812-4514%26name%3DPW2D+%E3%82%B7%E3%83%B3%E3%82%B0%E3%83%AB%E3%83%9D%E3%82%A4%E3%83%B3%E3%83%88%E3%83%AD%E3%83%BC%E3%83%89%E3%82%BB%E3%83%AB%E3%81%AF%E3%80%81%E6%9C%80%E5%A4%A7%E8%8D%B7%E9%87%8D%E3%82%92%E8%A8%88%E9%87%8F%E3%81%97%E3%81%BE%E3%81%99+%E7%9F%AD%E3%81%84%E3%82%B5%E3%82%A4%E3%82%AF%E3%83%AB%E3%82%BF%E3%82%A4%E3%83%A0%E3%82%92%E4%BC%B4%E3%81%86%E9%AB%98%E9%80%9F%E3%81%A7%E3%83%80%E3%82%A4%E3%83%8A%E3%83%9F%E3%83%83%E3%82%AF%E3%81%AA%E8%A8%88%E9%87%8F%E3%82%BF%E3%82%B9%E3%82%AF+-+%E4%BD%BF%E3%81%84%E3%82%84%E3%81%99%E3%81%84 HTTP/1.1" 200 41106 "-" "Mozilla/5.0 AppleWebKit/537.36 (KHTML, like Gecko; compatible; bingbot/2.0; +http://www.bing.com/bingbot.htm) Chrome/116.0.1938.76 Safari/537.36"
66.249.79.130 - - [29/Apr/2025:07:40:00 -0400] "GET /robots.txt HTTP/1.1" 200 63 "-" "Mozilla/5.0 (compatible; Googlebot/2.1; +http://www.google.com/bot.html)"
52.167.144.223 - - [29/Apr/2025:07:40:55 -0400] "GET /?k=90077114454903&channel=056e92&from=news.php%3Fid%3D1144549-5997%26name%3D%E3%83%97%E3%83%AD%E3%82%B8%E3%82%A7%E3%82%AF%E3%82%BF%E3%83%BC++%E3%83%97%E3%83%AD%E3%82%B8%E3%82%A7%E3%82%AF%E3%82%BF%E3%83%BC%E5%90%8A%E3%82%8A%E5%A3%81%E5%8F%96%E3%82%8A%E4%BB%98%E3%81%91%E3%83%96%E3%83%A9%E3%82%B1%E3%83%83%E3%83%88%E3%80%81%E5%8E%9A%E3%81%8F%E3%81%A6%E5%8E%9A%E3%81%84%E8%80%90%E8%8D%B7%E9%87%8D%E5%AE%B6%E5%BA%AD%E7%94%A8%E5%A4%A9%E4%BA%95%E5%A4%9A%E6%A9%9F%E8%83%BD%E3%83%AA%E3%83%95%E3%83%86%E3%82%A3%E3%83%B3%E3%82%B0%E6%8A%95%E5%BD%B1%E3%83%8F%E3%83%B3%E3%82%AC%E3%83%BC+%E3%83%9D%E3%83%BC%E3%82%BF%E3%83%96%E3%83%AB%E3%83%97%E3%83%AD%E3%82%B8%E3%82%A7%EF%BC%88%E6%A5%BD%E5%A4%A9%E5%B8%82%E5%A0%B4%E3%80%91%E3%80%90%E6%9C%80%E5%A4%A73000%E5%86%86OFF%E3%82%AF%E3%83%BC%E3%83%9D%E3%83%B3%E9%85%8D%E5%B8%83%E4%B8%AD%E3%80%91%E3%82%B9%E3%82%AF%E3%83%AA%E3%83%BC%E3%83%B3%E5%90%8A%E3%82%8A%E4%B8%8B%E3%81%92%E9%87%91%E5%85%B7+L%E5%AD%97+L%E5%9E%8B+%E3%83%97%E3%83%AD%E3%82%B8%E3%82%A7%E3%82%AF%E3%82%BF%E3%83%BC+%E5%A4%A9%E4%BA%95+%E5%A3%81%E6%8E%9B%E3%81%91+%E5%8F%96%E4%BB%98+%E3%83%9E%E3%82%A6%E3%83%B3%E3%83%88+%E3%83%95%E3%83%83%E3%82%AF+%E3%83%96%E3%83%A9%E3%82%B1%E3%83%83%E3%83%88++EEX-PSKA01WH+%3A+%E3%82%A4%E3%83%BC%E3%82%B5%E3%83%97%E3%83%A9%E3%82%A4+%E6%A5%BD%E5%A4%A9%E5%B8%82%E5%A0%B4%E5%BA%97%EF%BC%89 HTTP/1.1" 200 40431 "-" "Mozilla/5.0 AppleWebKit/537.36 (KHTML, like Gecko; compatible; bingbot/2.0; +http://www.bing.com/bingbot.htm) Chrome/116.0.1938.76 Safari/537.36"
66.249.79.129 - - [29/Apr/2025:07:40:59 -0400] "GET /?k=1882469245700&channel=3a2874&from=product.php%3Fid%3D692457-10932%26name%3DMF+DOOM+OPERATION%3A+DOOMSDAY+%26%2334%3B2LP%26%2334%3B HTTP/1.1" 200 0 "-" "Mozilla/5.0 (Linux; Android 6.0.1; Nexus 5X Build/MMB29P) AppleWebKit/537.36 (KHTML, like Gecko) Chrome/135.0.7049.95 Mobile Safari/537.36 (compatible; GoogleOther)"
40.77.167.235 - - [29/Apr/2025:07:41:13 -0400] "GET /?k=8742249356000&channel=8ca4cb&from=shop.php%3Fid%3D493560-1254%26name%3D%E5%9C%A7%E7%B8%AE%E3%82%A8%E3%82%A2%E3%83%80%E3%82%B9%E3%82%BF%E3%83%BC%E3%80%811000g%E9%A2%A8%E5%8A%9B%E9%9B%BB%E5%8B%95%E3%82%A8%E3%82%A2%E3%83%80%E3%82%B9%E3%82%BF%E3%83%BC%E3%80%81%E3%82%AD%E3%83%BC%E3%83%9C%E3%83%BC%E3%83%89%26amp%3Bpc%E3%81%AE%E3%82%AF%E3%83%AA%E3%83%BC%E3%83%8B%E3%83%B3%E3%82%B0%E7%94%A8%E3%80%81%E3%82%B9%E3%82%A4%E3%83%83%E3%83%81%E3%82%92%E6%8A%BC%E3%81%97%E3%81%A6%E9%A2%A8%E9%80%9F%E3%82%92%E8%AA%BF%E6%95%B4%E5%85%85%E9%9B%BB%E5%BC%8F%E3%82%B3%E3%83%BC%E3%83%89%E3%83%AC HTTP/1.1" 200 41999 "-" "Mozilla/5.0 AppleWebKit/537.36 (KHTML, like Gecko; compatible; bingbot/2.0; +http://www.bing.com/bingbot.htm) Chrome/116.0.1938.76 Safari/537.36"
40.77.167.57 - - [29/Apr/2025:07:41:17 -0400] "GET /?k=0823724382103&channel=5249ba&from=form.php%3Fid%3D243821-10776%26name%3D%E6%8A%98%E3%82%8A%E3%81%9F%E3%81%9F%E3%81%BF%E5%BC%8F%E5%8C%BB%E7%99%82%E7%94%A8%E3%83%97%E3%83%A9%E3%82%A4%E3%83%90%E3%82%B7%E3%83%BC%E3%82%B9%E3%82%AF%E3%83%AA%E3%83%BC%E3%83%B3%E3%80%81%E5%8F%96%E3%82%8A%E5%A4%96%E3%81%97%E5%8F%AF%E8%83%BD%E3%81%AA%E3%83%8A%E3%82%A4%E3%83%AD%E3%83%B3%E3%82%B7%E3%83%AB%E3%82%AF%E7%94%9F%E5%9C%B0%E3%82%92%E4%BD%BF%E7%94%A8%E3%81%97%E3%81%9F%E9%83%A8%E5%B1%8B%E3%81%AE%E4%BB%95%E5%88%87%E3%82%8A%E3%80%81%E3%82%AF%E3%83%AA%E3%83%8B%E3%83%83%E3%82%AF%E7%97%85%E6%A3%9F%E6%A4%9C%E6%9F%BB%E7%97%85%E9%99%A2%E4%BB%8B%E8%AD%B7%E6%96%BD%E8%A8%AD%E7%94%A8%E3%80%81 HTTP/1.1" 200 41368 "-" "Mozilla/5.0 AppleWebKit/537.36 (KHTML, like Gecko; compatible; bingbot/2.0; +http://www.bing.com/bingbot.htm) Chrome/116.0.1938.76 Safari/537.36"
40.77.167.57 - - [29/Apr/2025:07:41:18 -0400] "GET /?k=2211742482704&channel=43b8bf&from=jp.php%3Fid%3D424827-4033%26name%3D%E3%83%9D%E3%83%BC%E3%82%BF%E3%83%96%E3%83%AB%E9%98%B2%E9%9F%B3%E3%82%B7%E3%82%A7%E3%83%83%E3%83%89%E9%98%B2%E9%9F%B3%E3%83%95%E3%82%A9%E3%83%BC%E3%83%A0%E3%82%B7%E3%83%BC%E3%83%88%E3%83%9C%E3%83%BC%E3%82%AB%E3%83%AB%E3%82%B7%E3%82%A7%E3%83%83%E3%83%89%E9%98%B2%E9%9F%B3%E3%82%B7%E3%82%A7%E3%83%83%E3%83%89%E6%B6%88%E9%9F%B3%E3%83%9E%E3%82%A4%E3%82%AF%E3%83%87%E3%82%B9%E3%82%AF%E3%83%88%E3%83%83%E3%83%97%E3%82%B9%E3%82%BF%E3%82%B8%E3%82%AA%E3%83%9C%E3%83%BC%E3%82%AB%E3%83%AB%E5%91%A8%E6%B3%A2%E6%95%B0%E9%98%B2%E9%9F%B3%E3%83%95%E3%82%A9%E3%83%BC%E3%83%A0%E3%82%B7%E3%83%BC%E3%83%88%28 HTTP/1.1" 200 39756 "-" "Mozilla/5.0 AppleWebKit/537.36 (KHTML, like Gecko; compatible; bingbot/2.0; +http://www.bing.com/bingbot.htm) Chrome/116.0.1938.76 Safari/537.36"
40.77.167.235 - - [29/Apr/2025:07:42:54 -0400] "GET /?k=5929193256500&channel=dedd8e&from=blog.php%3Fid%3D932565-2628%26name%3D%E3%83%9B%E3%83%B3%E3%83%80+%E7%B4%94%E6%AD%A3+%E3%82%B4%E3%83%BC%E3%83%AB%E3%83%89%E3%82%A6%E3%82%A3%E3%83%B3%E3%82%B0+%E3%83%AA%E3%82%A2%E3%83%96%E3%83%AC%E3%83%BC%E3%82%AD%E3%82%B9%E3%83%88%E3%83%83%E3%83%97+%E3%82%AF%E3%83%AB%E3%83%BC%E3%82%BA%E3%82%B9%E3%82%A4%E3%83%83%E3%83%81 HTTP/1.1" 200 39613 "-" "Mozilla/5.0 AppleWebKit/537.36 (KHTML, like Gecko; compatible; bingbot/2.0; +http://www.bing.com/bingbot.htm) Chrome/116.0.1938.76 Safari/537.36"
40.77.167.4 - - [29/Apr/2025:07:44:43 -0400] "GET /?k=1751776776605&channel=3de803&from=jp.php%3Fid%3D767766-17083%26name%3D%E6%B8%A9%E6%B0%B4%E6%B4%97%E6%B5%84%E4%BE%BF%E5%BA%A7%E4%BE%BF%E5%BA%A7%E3%83%BB%E4%BE%BF%E5%99%A8+%E3%82%B0%E3%83%AA%E3%83%83%E3%82%BF%E3%83%BC%E4%BE%BF%E5%BA%A7%E3%80%81%E3%82%B0%E3%83%AA%E3%83%83%E3%82%BF%E3%83%BC%E3%82%B9%E3%83%AD%E3%83%BC%E3%82%AF%E3%83%AD%E3%83%BC%E3%82%BA%E3%83%A9%E3%82%A6%E3%83%B3%E3%83%89%E4%BE%BF%E5%BA%A7%E3%82%AB%E3%83%90%E3%83%BC%E4%BB%98%E3%81%8D%E3%80%81%E3%83%A6%E3%83%8B%E3%83%90%E3%83%BC%E3%82%B5%E3%83%AB%E3%82%AF%E3%83%AF%E3%82%A4%E3%82%A8%E3%83%83%E3%83%88-%E3%82%AF%E3%83%AD%E3%83%BC%E3%82%BA%E4%BE%BF%E5%BA%A7%E3%80%81%E5%8F%96%E3%82%8A HTTP/1.1" 200 41617 "-" "Mozilla/5.0 AppleWebKit/537.36 (KHTML, like Gecko; compatible; bingbot/2.0; +http://www.bing.com/bingbot.htm) Chrome/116.0.1938.76 Safari/537.36"
40.77.167.4 - - [29/Apr/2025:07:47:25 -0400] "GET /?k=420786143906&channel=cab244&from=category-info.php%3Fid%3D61439-5399%26name%3D2mm%E3%83%9D%E3%83%AA%E3%82%AB%E3%83%BC%E3%83%9C%E3%83%8D%E3%83%BC%E3%83%88%E5%B1%8B%E6%A0%B9%E3%82%B7%E3%83%BC%E3%83%88%E3%80%81%E9%80%8F%E6%98%8E%E3%83%97%E3%83%A9%E3%82%B9%E3%83%81%E3%83%83%E3%82%AF%E5%B1%8B%E6%A0%B9%E3%83%91%E3%83%8D%E3%83%AB%E3%80%81%E3%82%AC%E3%83%A9%E3%82%B9%E7%B9%8A%E7%B6%AD%E3%82%B7%E3%83%BC%E3%83%88%E3%80%81%E6%9B%B2%E3%81%92%E3%82%84%E3%81%99%E3%81%8F%E5%88%87%E6%96%AD%E3%81%97%E3%82%84%E3%81%99%E3%81%84%E3%80%81UV%E8%80%90%E6%80%A7%E9%98%B2%E6%B0%B4%E5%B1%8B%E6%A0%B9%E3%82%B7%E3%83%BC%E3%83%88%E3%80%81%E6%B8%A9%E5%AE%A4 HTTP/1.1" 200 41079 "-" "Mozilla/5.0 AppleWebKit/537.36 (KHTML, like Gecko; compatible; bingbot/2.0; +http://www.bing.com/bingbot.htm) Chrome/116.0.1938.76 Safari/537.36"
40.77.167.57 - - [29/Apr/2025:07:48:07 -0400] "GET /?k=3359851976903&channel=40c50c&from=news.php%3Fid%3D519769-13964%26name%3DGUYTRM+%E8%AA%BF%E7%AF%80%E5%8F%AF%E8%83%BD%E3%81%AA%E3%82%B7%E3%83%A3%E3%83%AF%E3%83%BC%E3%83%A9%E3%83%83%E3%82%AF%E5%9B%BA%E5%AE%9A%E3%82%B7%E3%83%BC%E3%83%88%E3%83%91%E3%83%B3%E3%83%81%E3%83%B3%E3%82%B0%E3%81%AA%E3%81%97%E5%90%B8%E7%9B%A4%E3%83%AC%E3%82%A4%E3%83%B3%E3%82%B7%E3%83%A3%E3%83%AF%E3%83%BC%E3%83%98%E3%83%83%E3%83%89%E3%83%96%E3%83%A9%E3%82%B1%E3%83%83%E3%83%88%E6%B5%B4%E5%AE%A4%E3%83%9B%E3%83%BC%E3%82%B9%E3%82%B7%E3%83%A3%E3%83%AF%E3%83%BC%E3%82%B7%E3%83%A3%E3%83%AF%E3%83%BC%E3%82%A2%E3%82%AF%E3%82%BB%E3%82%B5%E3%83%AA HTTP/1.1" 200 38108 "-" "Mozilla/5.0 AppleWebKit/537.36 (KHTML, like Gecko; compatible; bingbot/2.0; +http://www.bing.com/bingbot.htm) Chrome/116.0.1938.76 Safari/537.36"
40.77.167.57 - - [29/Apr/2025:07:49:18 -0400] "GET /?k=0198566812707&channel=341d75&from=product.php%3Fid%3D668127-15478%26name%3D%E5%A5%B3%E6%80%A7%E3%81%AE%E3%81%9F%E3%82%81%E3%81%AE%E3%81%8A%E3%81%97%E3%81%A3%E3%81%93%E6%BC%8F%E6%96%97%E3%80%81%E5%A5%B3%E6%80%A7%E3%81%AE%E5%B0%8F%E4%BE%BF%E5%99%A8+-+20%E5%80%8D%E3%82%B9%E3%82%BF%E3%83%B3%E3%83%87%E3%82%A3%E3%83%B3%E3%82%B0%E3%83%94%E3%83%BC%E3%82%AB%E3%83%83%E3%83%97%E6%BC%8F%E6%96%97%2C700ml%E3%81%AE%E5%A4%A7%E5%AE%B9%E9%87%8F%E3%80%81%E8%B2%A0%E5%82%B7%E3%81%97%E3%81%9F%E5%A6%8A%E5%A8%A0%E6%82%A3%E8%80%85%E3%81%AE%E3%83%AD%E3%83%BC%E3%83%89%E3%83%88%E3%83%AA%E3%83%83%E3%83%97 HTTP/1.1" 200 39377 "-" "Mozilla/5.0 AppleWebKit/537.36 (KHTML, like Gecko; compatible; bingbot/2.0; +http://www.bing.com/bingbot.htm) Chrome/116.0.1938.76 Safari/537.36"
40.77.167.4 - - [29/Apr/2025:07:49:25 -0400] "GET /?k=91576120816204&channel=e07fe4&from=article.php%3Fid%3D1208162-15297%26name%3Duxcell+%E3%83%8F%E3%83%B3%E3%83%89%E3%83%90%E3%83%83%E3%82%B0%E3%83%81%E3%82%A7%E3%83%BC%E3%83%B3%E3%82%B9%E3%83%88%E3%83%A9%E3%83%83%E3%83%97+47%E3%82%A4%E3%83%B3%E3%83%81%E3%81%AE%E3%83%AC%E3%82%B6%E3%83%BC%E8%A3%BD%E3%82%A2%E3%82%A4%E3%82%A2%E3%83%B3%E3%83%95%E3%83%A9%E3%83%83%E3%83%88%E3%83%81%E3%82%A7%E3%83%BC%E3%83%B3%E3%82%B9%E3%83%88%E3%83%A9%E3%83%83%E3%83%97+%E3%82%B7%E3%83%A7%E3%83%AB%E3%83%80%E3%83%BC%E3%83%90%E3%83%83%E3%82%B0%E3%81%A8%E3%82%AF%E3%83%AD%E3%82%B9%E3%83%9C%E3%83%87%E3%82%A3%E3%83%90%E3%83%83%E3%82%B0%E7%94%A8%E3%81%AE%E3%83%90%E3%83%83%E3%82%AF%E3%83%AB%E4%BB%98%E3%81%8D%E3%83%8F%E3%83%B3%E3%83%89%E3%83%90%E3%83%83%E3%82%B0%E3%83%81%E3%82%A7%E3%83%BC%E3%83%B3%E3%82%B9%E3%83%88%E3%83%A9%E3%83%83%E3%83%97%EF%BC%88%E3%83%94%E3%83%B3%E3%82%AF%E3%82%B9%E3%83%88%E3%83%A9%E3%83%83%E3%83%97%2B%E9%87%91%E8%89%B2%E3%83%81%E3%82%A7%E3%83%BC%E3%83%B3%EF%BC%89 HTTP/1.1" 200 41187 "-" "Mozilla/5.0 AppleWebKit/537.36 (KHTML, like Gecko; compatible; bingbot/2.0; +http://www.bing.com/bingbot.htm) Chrome/116.0.1938.76 Safari/537.36"
52.167.144.223 - - [29/Apr/2025:07:49:29 -0400] "GET /?k=21179119148404&channel=c5111c&from=product.php%3Fid%3D1191484-8881%26name%3D%E3%83%90%E3%82%B9%E3%83%AB%E3%83%BC%E3%83%A0%E3%81%AE%E8%9B%87%E5%8F%A3%E6%BB%9DV-intage%E3%82%B7%E3%83%B3%E3%82%B0%E3%83%AB%E3%83%9B%E3%83%BC%E3%83%AB%E7%9C%9F%E9%8D%AE%E3%82%B7%E3%83%B3%E3%82%B0%E3%83%AB%E3%83%8F%E3%83%B3%E3%83%89%E3%83%AB%E6%BB%9D%E8%9B%87%E5%8F%A3%E3%83%90%E3%82%B9%E3%83%AB%E3%83%BC%E3%83%A0%E3%82%B7%E3%83%B3%E3%82%AF1%E7%A9%B4%E3%82%A2%E3%83%B3%E3%83%86%E3%82%A3%E3%83%BC%E3%82%AF%E9%AB%98%E3%83%90%E3%82%B9%E3%83%AB%E3%83%BC%E3%83%A0Si%E3%81%A8%E4%BA%92%E6%8F%9B%E6%80%A7%E3%81%82 HTTP/1.1" 200 41074 "-" "Mozilla/5.0 AppleWebKit/537.36 (KHTML, like Gecko; compatible; bingbot/2.0; +http://www.bing.com/bingbot.htm) Chrome/116.0.1938.76 Safari/537.36"
52.167.144.223 - - [29/Apr/2025:07:49:30 -0400] "GET /?k=102588092806&channel=cbf58c&from=form.php%3Fid%3D80928-6251%26name%3D%E5%B1%8B%E5%86%85%E7%8C%AB%E3%83%8F%E3%82%A6%E3%82%B9+%E7%8C%AB%E3%83%B4%E3%82%A3%E3%83%A9%E7%84%A1%E5%9E%A2%E6%9D%90%E7%8C%AB%E3%82%B1%E3%83%BC%E3%82%B8%E7%8C%AB%E5%B0%8F%E5%B1%8B%E3%83%9B%E3%83%BC%E3%83%A0%E7%8C%AB%E3%81%AE%E5%B7%A3%E3%83%87%E3%82%A3%E3%82%B9%E3%83%97%E3%83%AC%E3%82%A4%E3%82%AD%E3%83%A3%E3%83%93%E3%83%8D%E3%83%83%E3%83%88%E4%BA%8C%E9%9A%8E%E5%BB%BA%E3%81%A6%E7%8C%AB%E9%A3%BC%E8%82%B2%E3%82%B1%E3%83%BC%E3%82%B8%E7%8C%AB%E3%83%8F%E3%82%A6%E3%82%B9+%E7%8C%AB%E3%81%AE%E5%AE%B6 HTTP/1.1" 200 41236 "-" "Mozilla/5.0 AppleWebKit/537.36 (KHTML, like Gecko; compatible; bingbot/2.0; +http://www.bing.com/bingbot.htm) Chrome/116.0.1938.76 Safari/537.36"
40.77.167.4 - - [29/Apr/2025:07:49:54 -0400] "GET /?k=1219567562600&channel=3de14b&from=pin.php%3Fid%3D675626-8112%26name%3D3.5mm%E3%82%B9%E3%83%86%E3%83%AC%E3%82%AA%E3%81%8B%E3%82%893.5mm%E3%82%B9%E3%83%86%E3%83%AC%E3%82%AA%E3%83%97%E3%83%A9%E3%82%B0%E3%83%A1%E3%82%B9%E3%81%8B%E3%82%89%E3%83%A1%E3%82%B9%E3%81%AEAdpter+3.5mm%E3%83%A1%E3%82%B9%E3%82%A8%E3%82%AF%E3%82%B9%E3%83%86%E3%83%B3%E3%83%80%E3%83%BC%E3%81%AE%E3%82%B7%E3%83%BC%E3%83%A0%E3%83%AC%E3%82%B9%E3%81%AB%E3%82%B5%E3%82%A6%E3%83%B3%E3%83%89 HTTP/1.1" 200 41453 "-" "Mozilla/5.0 AppleWebKit/537.36 (KHTML, like Gecko; compatible; bingbot/2.0; +http://www.bing.com/bingbot.htm) Chrome/116.0.1938.76 Safari/537.36"
40.77.167.4 - - [29/Apr/2025:07:51:04 -0400] "GET /?k=3663927457306&channel=2b8a8f&from=news.php%3Fid%3D274573-11212%26name%3DBPS+%E3%83%8B%E3%83%A5%E3%83%BC%E3%82%B8%E3%83%BC%E3%83%A9%E3%83%B3%E3%83%89%E3%81%AE%E3%80%8C%E7%82%8E%E3%80%8D+-+%E5%86%8D%E7%94%9F%E3%83%97%E3%83%A9%E3%82%B9%E3%83%81%E3%83%83%E3%82%AF%E3%81%A7%E4%BD%9C%E3%82%89%E3%82%8C%E3%81%9F%E3%83%91%E3%83%83%E3%83%89%E5%85%A5%E3%82%8A%E3%82%AD%E3%83%A3%E3%83%AA%E3%83%BC%E3%83%90%E3%83%83%E3%82%B0%E4%BB%98%E3%81%8D%E9%AB%98%E6%80%A7%E8%83%BD%E6%9C%A8%E8%A3%BD%E3%82%B9%E3%82%AD%E3%83%A0%E3%83%9C%E3%83%BC%E3%83%89+%E2%80%93+%E5%AD%90%E4%BE%9B%E3%81%BE%E3%81%9F%E3%81%AF%E5%A4%A7 HTTP/1.1" 200 40370 "-" "Mozilla/5.0 AppleWebKit/537.36 (KHTML, like Gecko; compatible; bingbot/2.0; +http://www.bing.com/bingbot.htm) Chrome/116.0.1938.76 Safari/537.36"
40.77.167.4 - - [29/Apr/2025:07:51:05 -0400] "GET /?k=10106169619002&channel=494bd1&from=jp.php%3Fid%3D1696190-17349%26name%3D%E6%90%8D%E5%82%B7%E3%81%97%E3%81%9F%E3%83%8D%E3%82%B8%E6%8A%BD%E5%87%BA%E3%82%AD%E3%83%83%E3%83%8811%E5%80%8B%E3%80%81HHS%E3%83%97%E3%83%AD%E3%83%95%E3%82%A7%E3%83%83%E3%82%B7%E3%83%A7%E3%83%8A%E3%83%AB%E3%83%9C%E3%83%AB%E3%83%88%E3%82%B9%E3%82%BF%E3%83%83%E3%83%89%E5%8F%96%E3%82%8A%E5%A4%96%E3%81%97%E3%83%84%E3%83%BC%E3%83%AB%E3%80%81%E3%83%8D%E3%82%B8%E3%83%AA%E3%83%A0%E3%83%BC%E3%83%90%E3%83%BC%E3%80%81%E9%AB%98%E9%80%9F%E5%BA%A6%E9%8B%BC%E8%A3%BD%E3%80%815%E3%81%A4%E3%81%AE%E3%83%8D%E3%82%B8%E6%8A%BD%E5%87%BA%E5%99%A8%E3%80%815 HTTP/1.1" 200 40304 "-" "Mozilla/5.0 AppleWebKit/537.36 (KHTML, like Gecko; compatible; bingbot/2.0; +http://www.bing.com/bingbot.htm) Chrome/116.0.1938.76 Safari/537.36"
52.167.144.171 - - [29/Apr/2025:07:52:46 -0400] "GET /?k=69868145100500&channel=8e5e45&from=blog.php%3Fid%3D1451005-12331%26name%3D%E8%80%90%E7%81%AB%E3%83%95%E3%82%A9%E3%83%AA%E3%82%AA%E9%87%8D%E8%A6%81%E6%9B%B8%E9%A1%9E%E6%95%B4%E7%90%86%E3%83%90%E3%83%83%E3%82%B0+-+%E3%82%A2%E3%82%B3%E3%83%BC%E3%83%87%E3%82%A3%E3%82%AA%E3%83%B3%E3%83%95%E3%82%A1%E3%82%A4%E3%83%AB%E3%82%AA%E3%83%BC%E3%82%AC%E3%83%8A%E3%82%A4%E3%82%B6%E3%83%BC%E3%80%81%E3%83%A9%E3%83%99%E3%83%AB%E4%BB%98%E3%81%8D26%E3%83%9D%E3%82%B1%E3%83%83%E3%83%88%E6%8B%A1%E5%BC%B5%E3%83%95%E3%82%A1%E3%82%A4%E3%83%AB%E3%83%95%E3%82%A9%E3%83%AB%E3%83%80%E3%83%BC%E3%80%81%E5%87%BA%E7%94%9F%E8%A8%BC%E6%98%8E%E6%9B%B8%E3%80%81 HTTP/1.1" 200 43217 "-" "Mozilla/5.0 AppleWebKit/537.36 (KHTML, like Gecko; compatible; bingbot/2.0; +http://www.bing.com/bingbot.htm) Chrome/116.0.1938.76 Safari/537.36"
2a06:98c0:3600::103 - - [29/Apr/2025:07:52:47 -0400] "GET /wp-admin/setup-config.php HTTP/1.1" 200 0 "-" "Mozilla/5.0 (Windows NT 10.0; Win64; x64) AppleWebKit/537.36 (KHTML, like Gecko) Chrome/135.0.0.0 Safari/537.36"
40.77.167.4 - - [29/Apr/2025:07:52:55 -0400] "GET /?k=7852745793504&channel=b7a630&from=info.php%3Fid%3D457935-10816%26name%3D%E6%8E%92%E6%B0%B4%E4%B8%8B%E6%B0%B4%E9%81%93%E6%A4%9C%E6%9F%BB%E3%82%AB%E3%83%A1%E3%83%A9%E3%80%81DVR+7%E3%82%A4%E3%83%B3%E3%83%81%E7%9B%A3%E8%A6%96%E4%B8%8B%E6%B0%B4%E9%81%93%E3%83%91%E3%82%A4%E3%83%97%E3%83%A9%E3%82%A4%E3%83%B3%E6%A4%9C%E6%9F%BB%E3%82%AB%E3%83%A1%E3%83%A9%E3%80%81IP68+AHD+1080P%E6%8E%92%E6%B0%B4%E4%B8%8B%E6%B0%B4%E9%81%93%E3%83%91%E3%82%A4%E3%83%97%E3%83%A9%E3%82%A4%E3%83%B3%E5%B7%A5%E6%A5%AD%E7%94%A8%E5%86%85%E8%A6%96 HTTP/1.1" 200 40873 "-" "Mozilla/5.0 AppleWebKit/537.36 (KHTML, like Gecko; compatible; bingbot/2.0; +http://www.bing.com/bingbot.htm) Chrome/116.0.1938.76 Safari/537.36"
2a06:98c0:3600::103 - - [29/Apr/2025:07:52:56 -0400] "GET /wordpress/wp-admin/setup-config.php HTTP/1.1" 200 0 "-" "Mozilla/5.0 (Windows NT 10.0; Win64; x64) AppleWebKit/537.36 (KHTML, like Gecko) Chrome/135.0.0.0 Safari/537.36"
40.77.167.123 - - [29/Apr/2025:07:53:48 -0400] "GET /?k=8750057975005&channel=d7d257&from=category-info.php%3Fid%3D579750-9741%26name%3D%E3%83%AA%E3%83%A2%E3%83%BC%E3%83%88%E3%82%BB%E3%83%B3%E3%82%B5%E3%83%BC%E4%BB%98%E3%81%8D%E3%83%87%E3%82%B8%E3%82%BF%E3%83%AB%E6%B0%97%E8%B1%A1%E3%82%B9%E3%83%86%E3%83%BC%E3%82%B7%E3%83%A7%E3%83%B3+3+%E3%82%BB%E3%83%B3%E3%82%B5%E3%83%BC%E4%BB%98%E3%81%8D%E6%B8%A9%E5%BA%A6%E6%B9%BF%E5%BA%A6%E3%83%A2%E3%83%8B%E3%82%BF%E3%83%BC%E7%9B%AE%E8%A6%9A%E3%81%BE%E3%81%97%E6%99%82%E8%A8%88%E3%82%B9%E3%83%8C%E3%83%BC%E3%82%BA%E4%BB%98%E3%81%8D%E6%B8%A9%E6%B9%BF%E5%BA%A6%E8%A8%88 HTTP/1.1" 200 40700 "-" "Mozilla/5.0 AppleWebKit/537.36 (KHTML, like Gecko; compatible; bingbot/2.0; +http://www.bing.com/bingbot.htm) Chrome/116.0.1938.76 Safari/537.36"
52.167.144.171 - - [29/Apr/2025:07:54:06 -0400] "GET /?k=60781174295102&channel=1bf976&from=jp.php%3Fid%3D1742951-3074%26name%3D%E3%83%9D%E3%82%B7%E3%82%A7%E3%83%83%E3%83%88%2F%E3%82%B5%E3%82%B3%E3%83%83%E3%82%B7%E3%83%A5%2F%E5%BE%A1%E6%9C%B1%E5%8D%B0%E5%B8%B3%E5%85%A5%E3%82%8C%2F%E3%82%B9%E3%83%9E%E3%83%9B%E3%83%9D%E3%82%B7%E3%82%A7%E3%83%83%E3%83%88%28%E5%8D%8A%E5%B9%85%E5%B8%AF%E3%83%AA%E3%83%A1%E3%82%A4%E3%82%AF%29 HTTP/1.1" 200 39213 "-" "Mozilla/5.0 AppleWebKit/537.36 (KHTML, like Gecko; compatible; bingbot/2.0; +http://www.bing.com/bingbot.htm) Chrome/116.0.1938.76 Safari/537.36"
40.77.167.123 - - [29/Apr/2025:08:00:48 -0400] "GET /?k=84702128449408&channel=54bce7&from=article.php%3Fid%3D1284494-12725%26name%3D%E7%BE%8E%E3%81%97%E3%81%84%E9%90%98%E3%81%AE%E6%9C%A8%E3%81%AE%E3%83%80%E3%82%A4%E3%82%AB%E3%83%83%E3%83%88%E3%83%86%E3%83%B3%E3%83%97%E3%83%AC%E3%83%BC%E3%83%88%E3%80%81%E3%82%AF%E3%83%AA%E3%82%A8%E3%82%A4%E3%83%86%E3%82%A3%E3%83%96%E3%82%A8%E3%83%B3%E3%83%9C%E3%82%B9%E3%82%B9%E3%82%AF%E3%83%AA%E3%83%97%E3%83%88%E3%83%80%E3%82%A4%E3%82%B9%E3%83%86%E3%83%B3%E3%82%B7%E3%83%AB%E3%80%81DIY%E3%82%AF%E3%83%AA%E3%82%B9%E3%83%9E%E3%82%B9%E3%82%AE%E3%83%95%E3%83%88%E3%83%91%E3%83%83%E3%82%B1%E3%83%BC%E3%82%B8%E3%82%AA%E3%83%BC%E3%83%8A%E3%83%A1%E3%83%B3%E3%82%AF%E3%83%AA HTTP/1.1" 200 40532 "-" "Mozilla/5.0 AppleWebKit/537.36 (KHTML, like Gecko; compatible; bingbot/2.0; +http://www.bing.com/bingbot.htm) Chrome/116.0.1938.76 Safari/537.36"
52.167.144.162 - - [29/Apr/2025:08:05:09 -0400] "GET /?k=35265196897203&channel=8b98a1&from=brands.php%3Fid%3D1968972-5398%26name%3D3.+7V+9900mAh%E5%A4%A7%E5%AE%B9%E9%87%8F%E3%82%B9%E3%83%9E%E3%83%BC%E3%83%88+%E3%83%90%E3%83%83%E3%83%86%E3%83%AA%E3%83%BC+%E5%85%85%E9%9B%BB%E6%B8%88%E3%81%BF%E4%BE%BF%E5%88%A9%E3%81%AAICR%E3%83%90%E3%83%83%E3%83%86%E3%83%AA%E3%83%BC%E5%85%85%E9%9B%BB%E3%83%90%E3%83%83%E3%83%86%E3%83%AA%E3%83%BC%E3%80%8118x65mm%E3%80%812%E5%80%8B HTTP/1.1" 200 39840 "-" "Mozilla/5.0 AppleWebKit/537.36 (KHTML, like Gecko; compatible; bingbot/2.0; +http://www.bing.com/bingbot.htm) Chrome/116.0.1938.76 Safari/537.36"
52.167.144.162 - - [29/Apr/2025:08:05:10 -0400] "GET /?k=2285682678700&channel=970d16&from=goods.php%3Fid%3D826787-4514%26name%3D%E3%83%87%E3%82%B8%E3%82%BF%E3%83%AB%E3%83%AD%E3%83%BC%E3%83%89%E3%82%BB%E3%83%AB%E9%87%8D%E9%87%8F%E3%82%BB%E3%83%B3%E3%82%B5+%E9%87%8D%E9%87%8F%E3%82%BB%E3%83%B3%E3%82%B5%E3%83%BC+%E3%83%AD%E3%83%BC%E3%83%89%E3%82%BB%E3%83%AB+S%E5%9E%8B%E5%BC%B5%E5%8A%9B%2F%E9%87%8D%E9%87%8F%E3%82%BB%E3%83%B3%E3%82%B5%E3%83%BC%2F%E5%BC%B5%E5%8A%9B%E3%81%8A%E3%82%88%E3%81%B3%E5%9C%A7%E7%B8%AE%E3%82%BB%E3%83%B3%E3%82%B5%E3%83%BC+%E9%87%8D%E9%87%8F%E3%82%A2%E3%83%B3%E3%83%97%E3%83%A2%E3%82%B8%E3%83%A5%E3%83%BC%E3%83%AB%E5%9C%A7%E5%8A%9B%E3%82%BB%E3%83%B3 HTTP/1.1" 200 42834 "-" "Mozilla/5.0 AppleWebKit/537.36 (KHTML, like Gecko; compatible; bingbot/2.0; +http://www.bing.com/bingbot.htm) Chrome/116.0.1938.76 Safari/537.36"
52.167.144.225 - - [29/Apr/2025:08:05:15 -0400] "GET /?k=8820931322803&channel=818cb6&from=form.php%3Fid%3D313228-11697%26name%3D%E3%83%9D%E3%83%BC%E3%82%BF%E3%83%96%E3%83%AB%E3%83%89%E3%83%AA%E3%83%AB%E3%83%93%E3%83%83%E3%83%88%E3%82%B0%E3%83%A9%E3%82%A4%E3%83%B3%E3%83%80%E3%83%BC%E3%80%81%E9%9B%BB%E5%8B%95%E3%83%9E%E3%83%AB%E3%83%81%E3%82%BF%E3%82%B9%E3%82%AF%E3%82%B7%E3%83%A3%E3%83%BC%E3%83%97%E3%83%8A%E3%83%BC%E3%80%81%E5%A4%9A%E5%AD%94%E8%B3%AA%E3%81%AE%E6%94%BE%E7%86%B1%E3%81%A8%E5%A1%B5%E3%81%AE%E9%99%A4%E5%8E%BB%E3%80%81%E7%A0%A5%E7%9F%B3%E3%81%AE%E4%BA%A4%E6%8F%9B%E3%81%8C%E7%B0%A1%E5%8D%98%E3%80%81%E4%BE%BF%E5%88%A9%E3%81%AA%E6%93%8D%E4%BD%9C HTTP/1.1" 200 39942 "-" "Mozilla/5.0 AppleWebKit/537.36 (KHTML, like Gecko; compatible; bingbot/2.0; +http://www.bing.com/bingbot.htm) Chrome/116.0.1938.76 Safari/537.36"
52.167.144.166 - - [29/Apr/2025:08:05:56 -0400] "GET /?k=29993174159106&channel=4fbf01&from=goods.php%3Fid%3D1741591-20243%26name%3D%E5%B1%8B%E5%A4%96%E3%82%B5%E3%83%B3%E3%82%B7%E3%82%A7%E3%83%BC%E3%83%89%E5%82%98%E3%80%81%E5%B1%8B%E5%A4%96%E3%83%86%E3%83%BC%E3%83%96%E3%83%AB%E3%83%9E%E3%83%BC%E3%82%B1%E3%83%83%E3%83%88%E3%83%A4%E3%83%BC%E3%83%89%E5%82%98%E3%80%81%E3%82%AF%E3%83%A9%E3%83%B3%E3%82%AF%E3%81%A8%E9%A0%91%E4%B8%88%E3%81%AA%E3%83%AA%E3%83%96%E3%81%AE%E7%B0%A1%E5%8D%98%E3%81%AA%E3%83%97%E3%83%83%E3%82%B7%E3%83%A5%E3%83%9C%E3%82%BF%E3%83%B3%E3%80%81%E8%80%90%E9%A2%A8%E6%80%A7%E3%80%81%E8%80%90%E4%B9%85%E6%80%A7%E3%80%81%E8%BB%BD%E9%87%8F HTTP/1.1" 200 41552 "-" "Mozilla/5.0 AppleWebKit/537.36 (KHTML, like Gecko; compatible; bingbot/2.0; +http://www.bing.com/bingbot.htm) Chrome/116.0.1938.76 Safari/537.36"
52.167.144.166 - - [29/Apr/2025:08:05:57 -0400] "GET /?k=09867126168903&channel=b60429&from=pin.php%3Fid%3D1261689-1925%26name%3D%E4%BE%BF%E5%88%A9%E3%81%AA%E9%87%8E%E8%8F%9C%E3%83%A9%E3%83%83%E3%82%AF%E3%82%AD%E3%83%83%E3%83%81%E3%83%B3%E9%87%8E%E8%8F%9C%E3%83%A9%E3%83%83%E3%82%AF%E5%A4%9A%E5%B1%A4%E3%83%95%E3%83%AB%E3%83%BC%E3%83%84%E3%83%90%E3%82%B9%E3%82%B1%E3%83%83%E3%83%88%E8%AA%BF%E5%91%B3%E6%96%99%E3%81%8A%E3%82%82%E3%81%A1%E3%82%83%E5%8F%8E%E7%B4%8D%E3%83%A9%E3%83%83%E3%82%AF%E4%B8%89%E8%A7%92%E3%83%A9%E3%83%83%E3%82%AF%E4%B8%88%E5%A4%AB%E3%81%A7%E4%B8%88%E5%A4%AB%E3%80%81%E7%99%BD%E3%80%813%E5%B1%A4 HTTP/1.1" 200 41085 "-" "Mozilla/5.0 AppleWebKit/537.36 (KHTML, like Gecko; compatible; bingbot/2.0; +http://www.bing.com/bingbot.htm) Chrome/116.0.1938.76 Safari/537.36"
52.167.144.162 - - [29/Apr/2025:08:06:00 -0400] "GET /?k=2262678606000&channel=b1ed40&from=shop.php%3Fid%3D786060-14700%26name%3DDLAK%28%E3%83%87%E3%82%A3%E3%83%A9%E3%83%83%E3%82%AF%29+%E7%AD%86%E3%82%92%E4%BD%BF%E3%81%A3%E3%81%9F%E7%B5%B5%E7%94%BB%E3%81%A8%E6%9B%B8%E9%81%93+%E3%82%A2%E3%83%BC%E3%83%88%E3%83%84%E3%83%BC%E3%83%AB+%E5%88%9D%E5%BF%83%E8%80%85%E5%90%91%E3%81%91%E6%96%87%E5%85%B7+%E7%B5%B5%E7%AD%86%E3%83%9A%E3%82%A4%E3%83%B3%E3%82%BF%E3%83%BC HTTP/1.1" 200 42390 "-" "Mozilla/5.0 AppleWebKit/537.36 (KHTML, like Gecko; compatible; bingbot/2.0; +http://www.bing.com/bingbot.htm) Chrome/116.0.1938.76 Safari/537.36"
52.167.144.162 - - [29/Apr/2025:08:06:01 -0400] "GET /?k=1478176775703&channel=3de803&from=news.php%3Fid%3D767757-17083%26name%3D%E6%B8%A9%E6%B0%B4%E6%B4%97%E6%B5%84%E4%BE%BF%E5%BA%A7%E4%BE%BF%E5%BA%A7%E3%83%BB%E4%BE%BF%E5%99%A8+%E4%BE%BF%E5%BA%A7%E3%80%81%E3%82%B9%E3%83%AD%E3%83%BC%E3%82%AF%E3%83%AD%E3%83%BC%E3%82%BA%E4%BE%BF%E5%BA%A7%E3%80%81%E3%83%A6%E3%83%8B%E3%83%90%E3%83%BC%E3%82%B5%E3%83%AB%E3%82%AF%E3%83%AF%E3%82%A4%E3%82%A8%E3%83%83%E3%83%88%E3%82%AF%E3%83%AD%E3%83%BC%E3%82%BA%E4%BE%BF%E5%BA%A7%E3%82%AB%E3%83%90%E3%83%BC%E3%80%81%E5%BC%B7%E5%8A%9B%E3%81%AA%E3%83%92%E3%83%B3%E3%82%B8%E3%80%81%E5%8F%96%E3%82%8A%E4%BB%98%E3%81%91%E3%81%A8%E6%B8%85%E6%8E%83%E3%81%8C%E7%B0%A1%E5%8D%98%E3%80%81%E8%80%90 HTTP/1.1" 200 41432 "-" "Mozilla/5.0 AppleWebKit/537.36 (KHTML, like Gecko; compatible; bingbot/2.0; +http://www.bing.com/bingbot.htm) Chrome/116.0.1938.76 Safari/537.36"
52.167.144.162 - - [29/Apr/2025:08:06:29 -0400] "GET /?k=35805118552600&channel=239c69&from=jp.php%3Fid%3D1185526-14155%26name%3DShufro%28%E3%82%B7%E3%83%A5%E3%83%95%E3%82%A7%E3%82%A2%E3%83%AD%29+%E3%82%B3%E3%83%BC%E3%83%92%E3%83%BC%E3%82%AF%E3%83%AA%E3%83%BC%E3%83%8B%E3%83%B3%E3%82%B0%E3%83%96%E3%83%A9%E3%82%B7%E3%80%814%E3%83%94%E3%83%BC%E3%82%B9%E3%82%B3%E3%83%BC%E3%83%92%E3%83%BC%E3%83%86%E3%82%A3%E3%83%BC%E3%83%93%E3%83%BC%E3%83%B3%E3%82%B0%E3%83%A9%E3%82%A4%E3%83%B3%E3%83%80%E3%83%BC%E3%82%B0%E3%83%A9%E3%82%A4%E3%83%B3%E3%83%80%E3%83%BC%E3%82%A8%E3%82%B9%E3%83%97%E3%83%AC%E3%83%83%E3%82%BD%E3%83%9E%E3%82%B7%E3%83%B3%E3%82%B0%E3%83%AB HTTP/1.1" 200 41685 "-" "Mozilla/5.0 AppleWebKit/537.36 (KHTML, like Gecko; compatible; bingbot/2.0; +http://www.bing.com/bingbot.htm) Chrome/116.0.1938.76 Safari/537.36"
40.77.167.4 - - [29/Apr/2025:08:06:37 -0400] "GET /?k=4711886105104&channel=d8b485&from=goods.php%3Fid%3D861051-18469%26name%3D%E3%82%AC%E3%82%B9%E8%AD%A6%E5%A0%B1%E5%99%A8+%E3%82%AA%E3%82%BE%E3%83%B3%E3%83%AA%E3%83%BC%E3%82%AF%E3%83%87%E3%82%A3%E3%83%86%E3%82%AF%E3%82%BF%E3%83%BC%E3%80%81%E3%83%A2%E3%83%8B%E3%82%BF%E3%83%BC%E3%83%97%E3%83%AD%E3%83%BC%E3%83%96%E4%BB%98%E3%81%8D%E5%9B%BA%E5%AE%9A%E3%82%AA%E3%82%BE%E3%83%B3%E6%BF%83%E5%BA%A6%E6%A4%9C%E5%87%BA%E5%99%A8%E3%80%81%E5%8F%AF%E8%81%B4%E3%82%A2%E3%83%A9%E3%83%BC%E3%83%A0%E3%83%A2%E3%83%8B%E3%82%BF%E3%83%BC%E3%80%81%E7%AF%84%E5%9B%B20-100ppm+%E7%94%A3%E6%A5%AD%E3%82%B0%E3%83%AC HTTP/1.1" 200 41119 "-" "Mozilla/5.0 AppleWebKit/537.36 (KHTML, like Gecko; compatible; bingbot/2.0; +http://www.bing.com/bingbot.htm) Chrome/116.0.1938.76 Safari/537.36"
52.167.144.166 - - [29/Apr/2025:08:07:26 -0400] "GET /?k=72199111919202&channel=666f0e&from=article.php%3Fid%3D1119192-8111%26name%3DKT1320+11+%E3%82%AD%E3%83%AD%E5%A4%A7%E5%AE%B9%E9%87%8F%E3%83%AD%E3%83%BC%E3%82%BF%E3%83%AA%E3%83%BC%E3%82%BF%E3%83%B3%E3%83%96%E3%83%A9%E3%83%BC%E7%A0%94%E7%A3%A8%E3%83%90%E3%83%AC%E3%83%AB%E3%83%89%E3%83%A9%E3%83%A0%E7%A0%94%E7%A3%A8%E6%A9%9F%E3%82%B8%E3%83%A5%E3%82%A8%E3%83%AA%E3%83%BC%E3%83%AD%E3%83%BC%E3%83%AA%E3%83%B3%E3%82%B0%E3%83%9D%E3%83%AA%E3%83%83%E3%82%B7%E3%83%A5%E3%82%B4%E3%83%BC%E3%83%AB%E3%83%89%E3%82%B7%E3%83%AB%E3%83%90%E3%83%BC%E3%83%84%E3%83%BC%E3%83%AB++DIY%EF%BC%88%E6%A5%BD%E5%A4%A9%E5%B8%82%E5%A0%B4%E3%80%91%E5%9B%9E%E8%BB%A2%E3%83%90%E3%83%AC%E3%83%AB%E7%A0%94%E7%A3%A8%E6%A9%9F+KT-2000+%E3%82%BF%E3%83%B3%E3%83%96%E3%83%A9%E3%83%BC%E7%A0%94%E7%A3%A8%E6%A9%9F+%3A+%E3%82%B7%E3%83%BC%E3%82%A6%E3%82%A7%E3%83%AB+%E6%A5%BD%E5%A4%A9%E5%B8%82%E5%A0%B4%E5%BA%97%EF%BC%89 HTTP/1.1" 200 43440 "-" "Mozilla/5.0 AppleWebKit/537.36 (KHTML, like Gecko; compatible; bingbot/2.0; +http://www.bing.com/bingbot.htm) Chrome/116.0.1938.76 Safari/537.36"
52.167.144.166 - - [29/Apr/2025:08:07:27 -0400] "GET /?k=8619675061602&channel=3e9910&from=article.php%3Fid%3D750616-3320%26name%3D%E3%83%80%E3%83%96%E3%83%AB%E3%82%A2%E3%82%AF%E3%82%B7%E3%83%A7%E3%83%B3%E3%82%B5%E3%83%B3%E3%83%80%E3%83%BC+%E3%82%B9%E3%83%88%E3%83%BC%E3%83%B3%E3%83%A1%E3%82%BF%E3%83%AB%E3%82%BF%E3%82%A4%E3%83%AB%E3%82%A8%E3%82%A2%E3%83%9D%E3%83%AA%E3%83%83%E3%82%B7%E3%83%A3%E3%83%BC%E3%82%A6%E3%82%A7%E3%83%83%E3%83%88%E3%82%B9%E3%83%88%E3%83%BC%E3%83%B3%E5%A4%A7%E7%90%86%E7%9F%B3%E8%8A%B1%E5%B4%97%E5%B2%A97%E3%82%A4%E3%83%B3%E3%83%81%E3%83%8F%E3%83%B3%E3%83%89%E3%83%98%E3%83%AB%E3%83%89%E7%A9%BA%E6%B0%97%E5%9C%A7%E7%B5%A6%E6%B0%B4%E7%A0%82+%E4%BD%8E%E9%A8%92%E9%9F%B3%E3%83%BB HTTP/1.1" 200 42131 "-" "Mozilla/5.0 AppleWebKit/537.36 (KHTML, like Gecko; compatible; bingbot/2.0; +http://www.bing.com/bingbot.htm) Chrome/116.0.1938.76 Safari/537.36"
52.167.144.166 - - [29/Apr/2025:08:08:56 -0400] "GET /?k=0889164327404&channel=4487f9&from=product.php%3Fid%3D643274-5748%26name%3D%E3%83%96%E3%83%A9%E3%82%A4%E3%83%B3%E3%83%89%E3%82%B9%E3%83%9D%E3%83%83%E3%83%88%E3%83%9F%E3%83%A9%E3%83%BC%E4%BA%A4%E9%80%9A%E5%AE%89%E5%85%A8%E3%83%9F%E3%83%A9%E3%83%BC%E3%80%8180Cm++PC%E5%87%B8%E9%9D%A2%E9%8F%A1%E3%82%AF%E3%83%AA%E3%82%A2%E3%83%9F%E3%83%A9%E3%83%BC%E5%B1%8B%E5%A4%96%E5%9B%9E%E8%BB%A2%E3%83%9F%E3%83%A9%E3%83%BC%E9%A7%90%E8%BB%8A%E5%A0%B4%E5%B7%A5%E5%A0%B4%E5%87%B8%E9%9D%A2%E3%83%95%E3%83%AC%E3%82%AD%E3%82%B7%E3%83%96%E3%83%AB%E3%83%88%E3%83%A9%E3%83%95%E3%82%A3%E3%83%83%E3%82%AF%E3%83%9F%E3%83%A9%E3%83%BC%2F%EF%BC%88%E5%BA%83%E8%A7%92%E3%83%9F%E3%83%A9%E3%83%BC+%E5%AE%89%E5%85%A8%E3%83%9F%E3%83%A9%E3%83%BC+%E5%A1%9E%E3%81%8C%E3%82%89+%E5%87%B8%E9%9D%A2%E9%8F%A1+%E5%B1%8B%E5%A4%96%E4%BA%A4%E9%80%9A%E7%94%A8+%E5%BA%83%E8%A7%92%E3%83%AC%E3%83%B3%E3%82%BA%E3%80%81%E6%AD%BB%E8%A7%92%E3%83%9F%E3%83%A9%E3%83%BC+%E8%A6%B3%E5%AF%9F%E3%83%9F%E3%83%A9%E3%83%BC+%E5%87%B8%E9%9D%A2%EF%BC%89 HTTP/1.1" 200 41931 "-" "Mozilla/5.0 AppleWebKit/537.36 (KHTML, like Gecko; compatible; bingbot/2.0; +http://www.bing.com/bingbot.htm) Chrome/116.0.1938.76 Safari/537.36"
52.167.144.166 - - [29/Apr/2025:08:08:56 -0400] "GET /?k=3005990977307&channel=a8c34e&from=info.php%3Fid%3D909773-17420%26name%3D%E5%A5%B3%E3%81%AE%E5%AD%90%E3%81%8C%E5%A5%B3%E6%80%A7%E3%81%A8%E5%A5%B3%E3%81%AE%E5%AD%90%E3%81%AE%E3%81%9F%E3%82%81%E3%81%AE%E3%82%AF%E3%83%AA%E3%82%B9%E3%82%BF%E3%83%AB%E3%83%98%E3%83%83%E3%83%89%E3%82%A6%E3%82%A7%E3%82%A2%E3%82%92crown%E5%86%A0%E3%81%97%E3%81%9F%E7%B5%90%E5%A9%9A%E5%BC%8F%E3%81%AE%E3%83%A9%E3%82%A4%E3%83%B3%E3%82%B9%E3%83%88%E3%83%BC%E3%83%B3%E3%82%AF%E3%82%A4%E3%83%BC%E3%83%B3%E3%83%98%E3%83%83%E3%83%89%E3%83%89%E3%83%AC%E3%82%B9%E7%B5%90%E5%A9%9A%E5%BC%8F%E3%81%AE%E7%8E%8B%E5%86%A0%E3%81%AE%E5%B0%8F%E9%81%93%E5%85%B7 HTTP/1.1" 200 41371 "-" "Mozilla/5.0 AppleWebKit/537.36 (KHTML, like Gecko; compatible; bingbot/2.0; +http://www.bing.com/bingbot.htm) Chrome/116.0.1938.76 Safari/537.36"
52.167.144.166 - - [29/Apr/2025:08:08:57 -0400] "GET /?k=22489140798102&channel=0a086b&from=shared.php%3Fid%3D1407981-1933%26name%3D%E9%B9%BF%E3%81%AE%E8%A7%92%E3%81%AE%E3%82%B7%E3%83%A3%E3%83%B3%E3%83%87%E3%83%AA%E3%82%A2+6%E7%81%AF%E3%80%81%E9%B9%BF%E3%81%AE%E8%A7%92%E3%81%AE%E3%82%B7%E3%83%A3%E3%83%B3%E3%83%87%E3%83%AA%E3%82%A2+%E5%B0%8F%E3%81%95%E3%81%AA%E7%B4%A0%E6%9C%B4%E3%81%AA%E6%A8%B9%E8%84%82%E3%81%AE%E8%A7%92%E3%81%AE%E3%82%B7%E3%83%A3%E3%83%B3%E3%83%87%E3%83%AA%E3%82%A2+%E3%83%B4%E3%82%A3%E3%83%B3%E3%83%86%E3%83%BC%E3%82%B8%E3%82%B9%E3%82%BF%E3%82%A4%E3%83%AB%E3%81%AE%E9%B9%BF%E3%81%AE%E8%A7%92%E3%81%AE%E3%83%9A%E3%83%B3%E3%83%80%E3%83%B3%E3%83%88%E3%83%A9%E3%82%A4%E3%83%88 HTTP/1.1" 200 41488 "-" "Mozilla/5.0 AppleWebKit/537.36 (KHTML, like Gecko; compatible; bingbot/2.0; +http://www.bing.com/bingbot.htm) Chrome/116.0.1938.76 Safari/537.36"
52.167.144.162 - - [29/Apr/2025:08:09:01 -0400] "GET /?k=7423149690805&channel=220bff&from=info.php%3Fid%3D496908-6725%26name%3D%5B%E3%82%A2%E3%83%89%E3%82%A2%E3%83%97%E3%82%B9%E9%80%9A%E8%B2%A9%5D+%E7%99%BB%E9%8C%B2%E9%9B%BB%E6%B0%97%E5%B7%A5%E4%BA%8B%E6%A5%AD%E8%80%85%E7%99%BB%E9%8C%B2%E7%A5%A8+%E6%97%A5%E6%9C%AC%E8%A3%BD+%E5%95%86%E5%A3%B2%E7%B9%81%E7%9B%9B+%E9%87%91%E9%81%8B%E3%82%A2%E3%83%83%E3%83%97%E3%81%AE%EF%BC%BB%E9%87%91%E7%9C%8B%E6%9D%BFor%E9%8A%80%E7%9C%8B%E6%9D%BF%EF%BC%BD+W50cm%C3%97H35cm+%E9%81%B8%E3%81%B9%E3%82%8B4%E6%9B%B8%E4%BD%93 HTTP/1.1" 200 41139 "-" "Mozilla/5.0 AppleWebKit/537.36 (KHTML, like Gecko; compatible; bingbot/2.0; +http://www.bing.com/bingbot.htm) Chrome/116.0.1938.76 Safari/537.36"
52.167.144.166 - - [29/Apr/2025:08:09:16 -0400] "GET /?k=2030740156801&channel=9e2def&from=product.php%3Fid%3D401568-3712%26name%3D58%E3%80%90%E9%AB%98%E9%A8%B0%E5%93%81%E7%A8%AE%E3%80%91%E3%82%A2%E3%82%AC%E3%83%99%E3%83%9B%E3%83%AA%E3%83%80%E6%A5%B5%E4%B8%8A%E5%BC%B7%E6%A3%98%E3%83%96%E3%83%A9%E3%83%83%E3%82%AF%E3%83%AD%E3%83%B3%E3%82%B0%E3%82%B9%E3%83%91%E3%82%A4%E3%83%B3+%E5%AE%9F%E7%94%9F+%E5%85%A5%E6%89%8B%E5%9B%B0%E9%9B%A3%E4%B8%AD%E6%9D%B1%E8%8B%97 HTTP/1.1" 200 40300 "-" "Mozilla/5.0 AppleWebKit/537.36 (KHTML, like Gecko; compatible; bingbot/2.0; +http://www.bing.com/bingbot.htm) Chrome/116.0.1938.76 Safari/537.36"
40.77.167.4 - - [29/Apr/2025:08:09:21 -0400] "GET /?k=4890051090003&channel=2cf556&from=pin.php%3Fid%3D510900-13895%26name%3DGliptone+%E3%83%9B%E3%82%A4%E3%83%BC%E3%83%AB%26amp%3B%E3%83%AA%E3%83%A0%E3%83%87%E3%82%A3%E3%83%86%E3%83%BC%E3%83%A9%E3%83%BC%E3%80%81%E3%83%8A%E3%83%8E%E3%82%BB%E3%83%A9%E3%83%9F%E3%83%83%E3%82%AF%E8%A1%A8%E9%9D%A2%E3%82%B3%E3%83%BC%E3%83%86%E3%82%A3%E3%83%B3%E3%82%B0%E3%81%99%E3%81%B9%E3%81%A6%E3%81%AE%E3%83%9B%E3%82%A4%E3%83%BC%E3%83%AB%E3%81%A8%E3%83%AA%E3%83%A0%E3%81%AE%E8%A1%A8%E9%9D%A2%E3%81%AB%E5%AE%8C%E5%85%A8%E4%BF%9D%E8%AD%B7%E3%80%8116%E6%B6%B2%E9%87%8F HTTP/1.1" 200 42054 "-" "Mozilla/5.0 AppleWebKit/537.36 (KHTML, like Gecko; compatible; bingbot/2.0; +http://www.bing.com/bingbot.htm) Chrome/116.0.1938.76 Safari/537.36"
2a06:98c0:3600::103 - - [29/Apr/2025:08:09:42 -0400] "GET /wp-admin/setup-config.php HTTP/1.1" 200 0 "-" "Mozilla/5.0 (Windows NT 10.0; Win64; x64) AppleWebKit/537.36 (KHTML, like Gecko) Chrome/135.0.0.0 Safari/537.36"
2a06:98c0:3600::103 - - [29/Apr/2025:08:10:49 -0400] "GET /wordpress/wp-admin/setup-config.php HTTP/1.1" 200 0 "-" "Mozilla/5.0 (Windows NT 10.0; Win64; x64) AppleWebKit/537.36 (KHTML, like Gecko) Chrome/135.0.0.0 Safari/537.36"
40.77.167.4 - - [29/Apr/2025:08:11:58 -0400] "GET /?k=19926169873202&channel=9fe5d2&from=article.php%3Fid%3D1698732-13027%26name%3DELAYARD+%E3%81%95%E3%81%BE%E3%81%96%E3%81%BE%E3%81%AA%E3%83%9F%E3%83%A9%E3%83%BC%E3%81%AE%E3%81%9F%E3%82%81%E3%81%AE%E3%83%9E%E3%83%AB%E3%83%81%E6%A9%9F%E8%83%BD%E3%82%AB%E3%83%BC%E3%83%90%E3%83%83%E3%82%AF%E3%83%9F%E3%83%A9%E3%83%BC%E3%82%AF%E3%83%AA%E3%83%BC%E3%83%8B%E3%83%B3%E3%82%B0%E3%83%84%E3%83%BC%E3%83%AB%E3%83%86%E3%83%AD%E3%82%B9%E3%82%B3%E3%83%94%E3%83%83%E3%82%AF%E3%83%87%E3%82%B6%E3%82%A4%E3%83%B3 HTTP/1.1" 200 40246 "-" "Mozilla/5.0 AppleWebKit/537.36 (KHTML, like Gecko; compatible; bingbot/2.0; +http://www.bing.com/bingbot.htm) Chrome/116.0.1938.76 Safari/537.36"
52.167.144.162 - - [29/Apr/2025:08:12:02 -0400] "GET /?k=32105196841903&channel=28b746&from=info.php%3Fid%3D1968419-10772%26name%3D1%E5%80%8B%E4%BA%BA%E5%B7%A5%E9%89%A2%E6%A4%8D%E3%81%88%E3%83%9F%E3%83%8B%E3%83%95%E3%82%A7%E3%82%A4%E3%82%AF%E3%82%B0%E3%83%AA%E3%83%BC%E3%83%B3%E3%83%97%E3%83%A9%E3%82%B9%E3%83%81%E3%83%83%E3%82%AF%E3%83%97%E3%83%A9%E3%83%B3%E3%82%BF%E3%83%BC%E3%83%87%E3%82%B9%E3%82%AF%E3%83%88%E3%83%83%E3%83%97%E7%B7%91%E3%81%AE%E6%A4%8D%E7%89%A9%E5%B7%A5%E5%A0%B4%E9%A3%BE%E3%82%8B%E7%9B%86%E6%A0%BD%E7%92%B0%E5%A2%83%E3%81%AB%E3%82%84%E3%81%95%E3%81%97%E3%81%84%E3%83%97%E3%83%A9%E3%82%B9%E3%83%81%E3%83%83%E3%82%AF HTTP/1.1" 200 41744 "-" "Mozilla/5.0 AppleWebKit/537.36 (KHTML, like Gecko; compatible; bingbot/2.0; +http://www.bing.com/bingbot.htm) Chrome/116.0.1938.76 Safari/537.36"
40.77.167.14 - - [29/Apr/2025:08:13:39 -0400] "GET /?k=30792165905102&channel=19e512&from=news.php%3Fid%3D1659051-25050%26name%3D%E5%A5%B3%E6%80%A7%E3%83%80%E3%83%B3%E3%82%B9%E3%83%89%E3%83%AC%E3%82%B9+%E3%83%99%E3%83%AA%E3%83%BC%E3%83%80%E3%83%B3%E3%82%B9%E3%82%B3%E3%82%B9%E3%83%81%E3%83%A5%E3%83%BC%E3%83%A0%E3%82%BB%E3%83%83%E3%83%88%E3%82%B9%E3%83%86%E3%83%BC%E3%82%B8%E3%83%91%E3%83%95%E3%82%A9%E3%83%BC%E3%83%9E%E3%83%B3%E3%82%B9%E3%83%80%E3%83%B3%E3%82%B5%E3%83%BC%E3%82%B3%E3%82%B9%E3%83%81%E3%83%A5%E3%83%BC%E3%83%A0%E3%83%99%E3%83%AA%E3%83%BC%E3%83%80%E3%83%B3%E3%82%B9%E3%83%89%E3%83%AC%E3%82%B9%E3%83%80%E3%83%B3%E3%82%B9%E3%82%B3%E3%82%B9%E3%83%81%E3%83%A5%E3%83%BC%E3%83%A0 HTTP/1.1" 200 41975 "-" "Mozilla/5.0 AppleWebKit/537.36 (KHTML, like Gecko; compatible; bingbot/2.0; +http://www.bing.com/bingbot.htm) Chrome/116.0.1938.76 Safari/537.36"
52.167.144.166 - - [29/Apr/2025:08:14:07 -0400] "GET /?k=1000799966605&channel=2b7c3f&from=blog.php%3Fid%3D999666-2620%26name%3D%E3%82%B7%E3%83%A3%E3%83%AF%E3%83%BC%E3%83%8B%E3%83%83%E3%83%81%E3%80%81%E3%82%B9%E3%83%86%E3%83%B3%E3%83%AC%E3%82%B9%E3%82%B9%E3%83%81%E3%83%BC%E3%83%AB%E3%83%90%E3%82%B9%E3%83%AB%E3%83%BC%E3%83%A0%E3%83%8B%E3%83%83%E3%83%81%E3%80%81%E3%81%A4%E3%82%84%E6%B6%88%E3%81%97%E3%82%B9%E3%83%86%E3%83%B3%E3%83%AC%E3%82%B9%E3%82%B9%E3%83%81%E3%83%BC%E3%83%AB%E3%80%81%E3%82%B9%E3%82%AF%E3%82%A8%E3%82%A2%E3%82%B7%E3%83%A3%E3%83%AF%E3%83%BC%E3%83%8B%E3%83%83%E3%83%81%E3%83%90%E3%82%B9%E3%83%AB%E3%83%BC%E3%83%A0%E3%82%B7%E3%82%A7%E3%83%AB%E3%83%95%E3%80%81%E8%A3%BD%E5%93%81%E3%82%AA%E3%83%BC%E3%82%AC HTTP/1.1" 200 42395 "-" "Mozilla/5.0 AppleWebKit/537.36 (KHTML, like Gecko; compatible; bingbot/2.0; +http://www.bing.com/bingbot.htm) Chrome/116.0.1938.76 Safari/537.36"
52.167.144.166 - - [29/Apr/2025:08:14:27 -0400] "GET /?k=50196103293804&channel=baf5a3&from=info.php%3Fid%3D1032938-9747%26name%3D%5BRssdaaacz%5D+%E3%82%BF%E3%82%AD%E3%82%B7%E3%83%BC%E3%83%89%E7%94%B7%E6%80%A7%E3%82%AE%E3%83%95%E3%83%88%E7%94%A8%E3%83%A1%E3%83%B3%E3%82%BA%E3%82%BD%E3%83%AA%E3%83%83%E3%83%89%E3%83%9B%E3%83%AF%E3%82%A4%E3%83%88%E3%82%B9%E3%83%BC%E3%83%84%E3%83%99%E3%82%B9%E3%83%88%E3%82%B7%E3%83%AB%E3%82%AF%E3%83%81%E3%83%A7%E3%83%83%E3%82%AD%E3%83%95%E3%82%A9%E3%83%BC%E3%83%9E%E3%83%AB%E3%83%9A%E3%82%A4%E3%82%BA%E3%83%AA%E3%83%BC%E3%83%8D%E3%82%AF%E3%82%BF%E3%82%A4%E3%82%AB%E3%83%95%E3%82%B9%E3%83%9D%E3%82%B1 HTTP/1.1" 200 40845 "-" "Mozilla/5.0 AppleWebKit/537.36 (KHTML, like Gecko; compatible; bingbot/2.0; +http://www.bing.com/bingbot.htm) Chrome/116.0.1938.76 Safari/537.36"
40.77.167.4 - - [29/Apr/2025:08:16:47 -0400] "GET /?k=5686787874601&channel=4d0dd2&from=product.php%3Fid%3D878746-532%26name%3D%E3%82%B5%E3%82%A4%E3%83%89%E3%82%B9%E3%82%AB%E3%83%BC%E3%83%88%E3%82%B5%E3%82%A4%E3%83%89%E3%82%AB%E3%83%8A%E3%83%BC%E3%83%89+2+%E3%82%B7%E3%83%AA%E3%83%BC%E3%82%BA+F87+M2+M2C+%E7%AB%B6%E4%BA%89+2016+2017+2018+2019+2020+%E3%82%B5%E3%82%A4%E3%83%89%E3%82%B9%E3%82%AB HTTP/1.1" 200 41919 "-" "Mozilla/5.0 AppleWebKit/537.36 (KHTML, like Gecko; compatible; bingbot/2.0; +http://www.bing.com/bingbot.htm) Chrome/116.0.1938.76 Safari/537.36"
