66.249.74.103 - - [29/Apr/2025:22:07:19 -0400] "GET /?k=7622290010602&channel=3adb20&from=info.php%3Fid%3D900106-9725%26name%3D%E7%8A%AC+%E5%8B%95%E7%89%A9+%E3%83%9A%E3%83%83%E3%83%88+%E8%B6%B3%E8%B7%A1+%E3%82%BF%E3%82%A4%E3%83%A4%E3%82%AB%E3%83%90%E3%83%BC+%E3%83%88%E3%83%AC%E3%83%BC%E3%83%A9%E3%83%BC+%E3%82%B9%E3%83%9A%E3%82%A2+%E8%80%90%E5%80%99%E6%80%A7+%E3%83%A6%E3%83%8B%E3%83%90%E3%83%BC%E3%82%B5%E3%83%AB+%E3%83%9B%E3%82%A4%E3%83%BC%E3%83%AB%E3%83%97%E3%83%AD%E3%83%86%E3%82%AF%E3%82%BF%E3%83%BC+%E3%82%AD%E3%83%A3%E3%83%B3%E3%83%91%E3%83%BC+%E6%97%85%E8%A1%8C%E7%94%A8 HTTP/1.1" 200 52554 "-" "Mozilla/5.0 (Linux; Android 6.0.1; Nexus 5X Build/MMB29P) AppleWebKit/537.36 (KHTML, like Gecko) Chrome/135.0.7049.95 Mobile Safari/537.36 (compatible; Googlebot/2.1; +http://www.google.com/bot.html)"
66.249.74.103 - - [29/Apr/2025:22:07:22 -0400] "GET /?k=10228162074600&channel=5de44f&from=blog.php%3Fid%3D1620746-8734%26name%3Darts+%E3%82%AD%E3%83%83%E3%82%AF%E3%83%9B%E3%83%83%E3%83%91%E3%83%BC+%E3%83%91%E3%83%B3%E3%83%81%E3%83%9B%E3%83%83%E3%83%91%E3%83%BC+30-1003-13 HTTP/1.1" 200 0 "-" "Mozilla/5.0 (Linux; Android 6.0.1; Nexus 5X Build/MMB29P) AppleWebKit/537.36 (KHTML, like Gecko) Chrome/135.0.7049.95 Mobile Safari/537.36 (compatible; GoogleOther)"
66.249.74.103 - - [29/Apr/2025:22:07:26 -0400] "GET /?k=98086140363901&channel=965b9c&from=jp.php%3Fid%3D1403639-13961%26name%3D%E8%9B%87%E5%8F%A3%E8%A3%85%E9%A3%BE%E3%82%AB%E3%83%90%E3%83%BC%E3%82%B9%E3%83%86%E3%83%B3%E3%83%AC%E3%82%B9%E9%8B%BC%E5%88%86%E5%89%B2%E3%83%A9%E3%82%A6%E3%83%B3%E3%83%89%E3%82%A8%E3%82%B9%E3%82%AB%E3%83%83%E3%82%B7%E3%83%A7%E3%83%B3%E3%83%97%E3%83%AC%E3%83%BC%E3%83%88%E5%A3%81%E5%88%86%E5%89%B2%E3%83%95%E3%83%A9%E3%83%B3%E3%82%B8%E3%82%AD%E3%83%83%E3%83%81%E3%83%B3%E3%83%90%E3%82%B9%E3%83%AB%E3%83%BC%E3%83%A0%E7%94%A8 HTTP/1.1" 200 52997 "-" "Mozilla/5.0 (Linux; Android 6.0.1; Nexus 5X Build/MMB29P) AppleWebKit/537.36 (KHTML, like Gecko) Chrome/135.0.7049.95 Mobile Safari/537.36 (compatible; Googlebot/2.1; +http://www.google.com/bot.html)"
2a06:98c0:3600::103 - - [29/Apr/2025:22:07:32 -0400] "GET /wordpress/wp-admin/setup-config.php HTTP/1.1" 200 0 "-" "Mozilla/5.0 (Windows NT 10.0; Win64; x64) AppleWebKit/537.36 (KHTML, like Gecko) Chrome/135.0.0.0 Safari/537.36"
66.249.74.103 - - [29/Apr/2025:22:07:35 -0400] "GET /?k=4825177554000&channel=248863&from=product.php%3Fid%3D775540-7328%26name%3D%E3%83%86%E3%82%A4%E3%83%AB%E3%82%BA+%E3%82%A2%E3%82%A4%E3%82%BC%E3%83%B3+%E3%83%97%E3%83%A9%E3%82%A4%E3%82%BA+%E3%82%A2%E3%82%AF%E3%82%AD%E3%83%BC2%E7%82%B9%E3%82%BB%E3%83%83%E3%83%88 HTTP/1.1" 200 51976 "-" "Mozilla/5.0 (Linux; Android 6.0.1; Nexus 5X Build/MMB29P) AppleWebKit/537.36 (KHTML, like Gecko) Chrome/135.0.7049.95 Mobile Safari/537.36 (compatible; Googlebot/2.1; +http://www.google.com/bot.html)"
66.249.74.103 - - [29/Apr/2025:22:07:38 -0400] "GET /?k=22393164096600&channel=25a401&from=shop.php%3Fid%3D1640966-22765%26name%3D%E3%81%84%E3%81%93%E3%82%82%E3%81%A1+fuwamoco%E3%82%A2%E3%82%AF%E3%82%B9%E3%82%BF+%E3%82%B3%E3%83%9F%E3%82%B1+ZFNKBTPT HTTP/1.1" 200 0 "-" "Mozilla/5.0 (Linux; Android 6.0.1; Nexus 5X Build/MMB29P) AppleWebKit/537.36 (KHTML, like Gecko) Chrome/135.0.7049.95 Mobile Safari/537.36 (compatible; GoogleOther)"
66.249.74.103 - - [29/Apr/2025:22:07:42 -0400] "GET /?k=9588225745900&channel=cef1b3&from=category-info.php%3Fid%3D257459-10996%26name%3D%E3%82%AD%E3%83%A4%E3%83%8E%E3%83%B3+%E3%83%90%E3%83%BC%E3%82%B3%E3%83%BC%E3%83%89%E3%83%A2%E3%82%B8%E3%83%A5%E3%83%BC%E3%83%ABIII HTTP/1.1" 200 52143 "-" "Mozilla/5.0 (Linux; Android 6.0.1; Nexus 5X Build/MMB29P) AppleWebKit/537.36 (KHTML, like Gecko) Chrome/135.0.7049.95 Mobile Safari/537.36 (compatible; Googlebot/2.1; +http://www.google.com/bot.html)"
66.249.74.104 - - [29/Apr/2025:22:07:47 -0400] "GET /?k=9588225745900&channel=cef1b3&from=category-info.php%3Fid%3D257459-10996%26name%3D%E3%82%AD%E3%83%A4%E3%83%8E%E3%83%B3+%E3%83%90%E3%83%BC%E3%82%B3%E3%83%BC%E3%83%89%E3%83%A2%E3%82%B8%E3%83%A5%E3%83%BC%E3%83%ABIII HTTP/1.1" 200 0 "-" "Mozilla/5.0 (Linux; Android 6.0.1; Nexus 5X Build/MMB29P) AppleWebKit/537.36 (KHTML, like Gecko) Chrome/135.0.7049.95 Mobile Safari/537.36 (compatible; GoogleOther)"
66.249.74.103 - - [29/Apr/2025:22:07:48 -0400] "GET /?k=10228162074600&channel=5de44f&from=blog.php%3Fid%3D1620746-8734%26name%3Darts+%E3%82%AD%E3%83%83%E3%82%AF%E3%83%9B%E3%83%83%E3%83%91%E3%83%BC+%E3%83%91%E3%83%B3%E3%83%81%E3%83%9B%E3%83%83%E3%83%91%E3%83%BC+30-1003-13 HTTP/1.1" 200 51952 "-" "Mozilla/5.0 (Linux; Android 6.0.1; Nexus 5X Build/MMB29P) AppleWebKit/537.36 (KHTML, like Gecko) Chrome/135.0.7049.95 Mobile Safari/537.36 (compatible; Googlebot/2.1; +http://www.google.com/bot.html)"
66.249.74.103 - - [29/Apr/2025:22:07:51 -0400] "GET /?k=91689168372301&channel=409092&from=pin.php%3Fid%3D1683723-13281%26name%3DAPPLE+MAGIC+TRACKPAD++Model+A1535 HTTP/1.1" 200 51847 "-" "Mozilla/5.0 (Linux; Android 6.0.1; Nexus 5X Build/MMB29P) AppleWebKit/537.36 (KHTML, like Gecko) Chrome/135.0.7049.95 Mobile Safari/537.36 (compatible; Googlebot/2.1; +http://www.google.com/bot.html)"
66.249.74.103 - - [29/Apr/2025:22:07:59 -0400] "GET /?k=13217159464301&channel=97e615&from=product.php%3Fid%3D1594643-536%26name%3D2+%E5%80%8B%E8%A7%92%E5%8F%A3%E3%83%87%E3%83%A5%E3%82%A2%E3%83%AB%E3%82%A2%E3%82%A6%E3%83%88%E3%83%AC%E3%83%83%E3%83%88%E3%82%B9%E3%83%86%E3%83%B3%E3%83%AC%E3%82%B9%E9%8B%BC%E3%82%A8%E3%82%AD%E3%82%BE%E3%83%BC%E3%82%B9%E3%83%88%E3%83%9E%E3%83%95%E3%83%A9%E3%83%BC%E3%83%81%E3%83%A5%E3%83%BC%E3%83%96%E3%81%A8%E4%BA%92%E6%8F%9B%E6%80%A7%E3%81%8C%E3%81%82%E3%82%8B+%E3%83%88%E3%83%A8%E3%82%BF%E3%82%A2%E3%83%AB%E3%83%95%E3%82%A1%E3%83%BC%E3%83%89%E7%94%A8%E3%81%A8%E4%BA%92%E6%8F%9B%E6%80%A7%E3%81%AE%E3%81%82%E3%82%8B%E3%83%86%E3%83%BC%E3%83%AB%E3%82%BF%E3%82%A4%E3%83%97 HTTP/1.1" 200 53791 "-" "Mozilla/5.0 (Linux; Android 6.0.1; Nexus 5X Build/MMB29P) AppleWebKit/537.36 (KHTML, like Gecko) Chrome/135.0.7049.95 Mobile Safari/537.36 (compatible; Googlebot/2.1; +http://www.google.com/bot.html)"
66.249.74.103 - - [29/Apr/2025:22:08:06 -0400] "GET /?k=28823101541706&channel=8fa14e&from=news.php%3Fid%3D1015417-6475%26name%3D%E3%82%AD%E3%83%83%E3%82%BA%E3%83%86%E3%83%B3%E3%83%88+%E3%83%99%E3%83%93%E3%83%BC%E3%82%B5%E3%83%BC%E3%82%AF%E3%83%AB+%E6%8A%98%E3%82%8A%E3%81%9F%E3%81%9F%E3%81%BF+%E5%85%AD%E8%A7%92%E5%BD%A2+%E3%83%99%E3%83%93%E3%83%BC%E3%83%95%E3%82%A7%E3%83%B3%E3%82%B9+%E5%80%92%E3%82%8C%E3%81%AB%E3%81%8F%E3%81%84+%E5%AD%90%E4%BE%9B%E7%94%A8%E3%83%86%E3%83%B3%E3%83%88+%E3%82%B3%E3%83%B3%E3%83%91%E3%82%AF%E3%83%88+%E6%B4%97%E3%81%88%E3%82%8B%E5%8F%AF%E8%83%BD+%E6%8A%98%E3%82%8A%E3%81%9F%E3%81%9F%E3%81%BF%E5%8F%8E%E7%B4%8D HTTP/1.1" 200 51609 "-" "Mozilla/5.0 (Linux; Android 6.0.1; Nexus 5X Build/MMB29P) AppleWebKit/537.36 (KHTML, like Gecko) Chrome/135.0.7049.95 Mobile Safari/537.36 (compatible; Googlebot/2.1; +http://www.google.com/bot.html)"
66.249.74.103 - - [29/Apr/2025:22:08:14 -0400] "GET /?k=12404185458002&channel=5878ca&from=shop.php%3Fid%3D1854580-27170%26name%3D1%E5%80%8B%E3%81%AE%E3%82%A2%E3%83%AB%E3%83%9F%E5%90%88%E9%87%91%E3%82%BD%E3%83%AA%E3%83%83%E3%83%89%E3%83%A9%E3%82%A6%E3%83%B3%E3%83%89%E3%83%AD%E3%83%83%E3%83%89%E7%9B%B4%E5%BE%84100mm+%2F+110mm+%2F+120mm%E3%80%81%E5%8E%9A%E3%81%9510mm+%2F+20mm+%2F+30mm%E3%83%A9%E3%82%A6%E3%83%B3 HTTP/1.1" 200 50805 "-" "Mozilla/5.0 (Linux; Android 6.0.1; Nexus 5X Build/MMB29P) AppleWebKit/537.36 (KHTML, like Gecko) Chrome/135.0.7049.95 Mobile Safari/537.36 (compatible; Googlebot/2.1; +http://www.google.com/bot.html)"
2a06:98c0:3600::103 - - [29/Apr/2025:22:08:15 -0400] "GET /wp-admin/setup-config.php HTTP/1.1" 200 0 "-" "Mozilla/5.0 (Windows NT 10.0; Win64; x64) AppleWebKit/537.36 (KHTML, like Gecko) Chrome/135.0.0.0 Safari/537.36"
66.249.74.103 - - [29/Apr/2025:22:08:16 -0400] "GET /?k=95292124346200&channel=4a123c&from=product.php%3Fid%3D1243462-4512%26name%3D%5B%E6%9C%AA%E9%96%8B%E5%B0%81%5D+%E3%83%9B%E3%83%83%E3%83%88%E3%83%88%E3%82%A4%E3%82%BA%E3%80%80%E3%82%B9%E3%82%AB%E3%83%BC%E3%83%AC%E3%83%83%E3%83%88%E3%82%A6%E3%82%A3%E3%83%83%E3%83%81%E3%80%80DX%E7%89%88 HTTP/1.1" 200 0 "-" "Mozilla/5.0 (Linux; Android 6.0.1; Nexus 5X Build/MMB29P) AppleWebKit/537.36 (KHTML, like Gecko) Chrome/135.0.7049.95 Mobile Safari/537.36 (compatible; GoogleOther)"
66.249.74.103 - - [29/Apr/2025:22:08:21 -0400] "GET /?k=78185167286600&channel=87924d&from=goods.php%3Fid%3D1672866-5259%26name%3DS459-234-P11+%E3%83%80%E3%83%AB%E3%83%88%E3%83%B3%28DULTON%29+%E3%83%97%E3%83%AA%E3%83%B3%E3%83%86%E3%83%83%E3%83%89%E3%80%80%E3%83%9E%E3%83%AB%E3%83%81%E3%82%AF%E3%83%AD%E3%82%B9++%5BS459234P11%5D HTTP/1.1" 200 55059 "-" "Mozilla/5.0 (Linux; Android 6.0.1; Nexus 5X Build/MMB29P) AppleWebKit/537.36 (KHTML, like Gecko) Chrome/135.0.7049.95 Mobile Safari/537.36 (compatible; Googlebot/2.1; +http://www.google.com/bot.html)"
66.249.74.103 - - [29/Apr/2025:22:08:28 -0400] "GET /?k=9841245221205&channel=7798be&from=product.php%3Fid%3D452212-3997%26name%3D%E3%82%B3%E3%83%A2%E3%83%B3%E3%83%AC%E3%83%BC%E3%83%AB%E3%83%87%E3%82%A3%E3%83%BC%E3%82%BC%E3%83%AB%E3%82%A8%E3%83%B3%E3%82%B8%E3%83%B3%E3%82%A4%E3%83%B3%E3%82%B8%E3%82%A7%E3%82%AF%E3%82%BF%E3%83%BC+044+5120059+CUMMINS+3976372+%E3%81%A8%E4%BA%92%E6%8F%9B%E6%80%A7%E3%81%82%E3%82%8A+KOMATSU HTTP/1.1" 200 52753 "-" "Mozilla/5.0 (Linux; Android 6.0.1; Nexus 5X Build/MMB29P) AppleWebKit/537.36 (KHTML, like Gecko) Chrome/135.0.7049.95 Mobile Safari/537.36 (compatible; Googlebot/2.1; +http://www.google.com/bot.html)"
66.249.74.103 - - [29/Apr/2025:22:08:31 -0400] "GET /?k=16794134241701&channel=a5a35a&from=product.php%3Fid%3D1342417-18067%26name%3D%E3%82%BD%E3%83%95%E3%83%88%E3%83%A9%E3%83%90%E3%83%BC%E5%9B%BA%E5%AE%9A%E3%82%BF%E3%82%A4%E3%83%97%E9%A7%90%E8%BB%8A%E3%83%9C%E3%83%A9%E3%83%BC%E3%83%89%E3%80%811%E3%80%812%E3%80%814%E3%80%815%E3%80%816%E3%80%818%E3%80%8110+%E5%80%8B%E4%BA%A4%E9%80%9A%E9%81%93%E8%B7%AF%E3%82%B3%E3%83%BC%E3%83%B3%E5%8F%8D%E5%B0%84%E3%82%AB%E3%83%A9%E3%83%BC%E3%80%81%E6%94%AF%E6%9F%B1%E9%A7%90%E8%BB%8A%E3%83%90%E3%83%AA%E3%82%A2+%28Color+%3A+Gr HTTP/1.1" 200 0 "-" "Mozilla/5.0 (Linux; Android 6.0.1; Nexus 5X Build/MMB29P) AppleWebKit/537.36 (KHTML, like Gecko) Chrome/135.0.7049.95 Mobile Safari/537.36 (compatible; GoogleOther)"
66.249.74.103 - - [29/Apr/2025:22:08:31 -0400] "GET /?k=79290177269300&channel=c14d08&from=goods.php%3Fid%3D1772693-13364%26name%3D%E3%82%AF%E3%83%A9%E3%83%95%E3%83%88%E7%94%A8%E3%81%B2%E3%82%82%E3%82%BB%E3%83%83%E3%83%88+%E5%90%84%E7%A8%AE%E8%89%B2 HTTP/1.1" 200 52060 "-" "Mozilla/5.0 (Linux; Android 6.0.1; Nexus 5X Build/MMB29P) AppleWebKit/537.36 (KHTML, like Gecko) Chrome/135.0.7049.95 Mobile Safari/537.36 (compatible; Googlebot/2.1; +http://www.google.com/bot.html)"
66.249.74.103 - - [29/Apr/2025:22:08:34 -0400] "GET /css_98791ab740d314653ff34eb76d5e00ae/_public_bundle_sp.bundle.min HTTP/1.1" 200 62470 "http://okewla123.id/?k=9841245221205&channel=7798be&from=product.php%3Fid%3D452212-3997%26name%3D%E3%82%B3%E3%83%A2%E3%83%B3%E3%83%AC%E3%83%BC%E3%83%AB%E3%83%87%E3%82%A3%E3%83%BC%E3%82%BC%E3%83%AB%E3%82%A8%E3%83%B3%E3%82%B8%E3%83%B3%E3%82%A4%E3%83%B3%E3%82%B8%E3%82%A7%E3%82%AF%E3%82%BF%E3%83%BC+044+5120059+CUMMINS+3976372+%E3%81%A8%E4%BA%92%E6%8F%9B%E6%80%A7%E3%81%82%E3%82%8A+KOMATSU" "Mozilla/5.0 (Linux; Android 6.0.1; Nexus 5X Build/MMB29P) AppleWebKit/537.36 (KHTML, like Gecko) Chrome/134.0.6998.165 Mobile Safari/537.36 (compatible; Googlebot/2.1; +http://www.google.com/bot.html)"
66.249.74.104 - - [29/Apr/2025:22:08:38 -0400] "GET /?k=85977164097200&channel=25a401&from=brands.php%3Fid%3D1640972-22765%26name%3D%E3%83%9B%E3%83%AD%E3%83%A9%E3%82%A4%E3%83%96+%E3%82%82%E3%81%A1%E3%81%A9%E3%82%8B+3%E6%9C%9F%E7%94%9F+%E3%81%BE%E3%81%A8%E3%82%81%E5%A3%B2%E3%82%8A HTTP/1.1" 200 51094 "-" "Mozilla/5.0 (Linux; Android 6.0.1; Nexus 5X Build/MMB29P) AppleWebKit/537.36 (KHTML, like Gecko) Chrome/135.0.7049.95 Mobile Safari/537.36 (compatible; Googlebot/2.1; +http://www.google.com/bot.html)"
66.249.74.103 - - [29/Apr/2025:22:08:47 -0400] "GET /?k=0696753118600&channel=c1cb7a&from=news.php%3Fid%3D531186-600%26name%3Dsugarhill+22aw+MUSTY+FADED+DENIM+JACKET HTTP/1.1" 200 52055 "-" "Mozilla/5.0 (Linux; Android 6.0.1; Nexus 5X Build/MMB29P) AppleWebKit/537.36 (KHTML, like Gecko) Chrome/135.0.7049.95 Mobile Safari/537.36 (compatible; Googlebot/2.1; +http://www.google.com/bot.html)"
66.249.74.103 - - [29/Apr/2025:22:08:56 -0400] "GET /?k=89768155516800&channel=30993c&from=jp.php%3Fid%3D1555168-24070%26name%3DKTC+%E3%83%AD%E3%83%B3%E3%82%B0%E3%83%A1%E3%82%AC%E3%83%8D%E3%83%AC%E3%83%B3%E3%83%81+M5-2326-F HTTP/1.1" 200 51685 "-" "Mozilla/5.0 (Linux; Android 6.0.1; Nexus 5X Build/MMB29P) AppleWebKit/537.36 (KHTML, like Gecko) Chrome/135.0.7049.95 Mobile Safari/537.36 (compatible; Googlebot/2.1; +http://www.google.com/bot.html)"
66.249.74.104 - - [29/Apr/2025:22:08:57 -0400] "GET /?k=14746189408400&channel=3762de&from=blog.php%3Fid%3D1894084-6001%26name%3DEXCELSIOR+%E3%82%A2%E3%82%B3%E3%83%BC%E3%83%87%E3%82%A3%E3%82%AA%E3%83%B3%E3%80%8041%E9%8D%B5%2F120%E3%83%99%E3%83%BC%E3%82%B9%E3%80%80%E3%83%AC%E3%83%88%E3%83%AD%E3%80%80%E3%82%B8%E3%83%A3%E3%83%B3%E3%82%AF%E5%93%81 HTTP/1.1" 200 0 "-" "Mozilla/5.0 (Linux; Android 6.0.1; Nexus 5X Build/MMB29P) AppleWebKit/537.36 (KHTML, like Gecko) Chrome/135.0.7049.95 Mobile Safari/537.36 (compatible; GoogleOther)"
66.249.74.104 - - [29/Apr/2025:22:09:05 -0400] "GET /?k=1130147391800&channel=42d73c&from=pin.php%3Fid%3D473918-13441%26name%3D%E5%AF%85%E3%81%95%E3%82%93+%E5%8D%B0%E9%91%91%E3%82%B1%E3%83%BC%E3%82%B9 HTTP/1.1" 200 51473 "-" "Mozilla/5.0 (Linux; Android 6.0.1; Nexus 5X Build/MMB29P) AppleWebKit/537.36 (KHTML, like Gecko) Chrome/135.0.7049.95 Mobile Safari/537.36 (compatible; Googlebot/2.1; +http://www.google.com/bot.html)"
66.249.74.104 - - [29/Apr/2025:22:09:12 -0400] "GET /?k=1098367105001&channel=dd7b92&from=jp.php%3Fid%3D671050-12141%26name%3D%E4%BC%B8%E9%8A%85+%E7%A0%B2%E9%87%91+%28BC6%29+%E4%B8%B8%E7%AE%A1+%E5%A4%96%E5%BE%84+50mm+%C3%97+%E8%82%89%E5%8E%9A+5mm+240+mm HTTP/1.1" 200 52031 "-" "Mozilla/5.0 (Linux; Android 6.0.1; Nexus 5X Build/MMB29P) AppleWebKit/537.36 (KHTML, like Gecko) Chrome/135.0.7049.95 Mobile Safari/537.36 (compatible; Googlebot/2.1; +http://www.google.com/bot.html)"
66.249.74.104 - - [29/Apr/2025:22:09:13 -0400] "GET /?k=58890179060403&channel=67c25b&from=goods.php%3Fid%3D1790604-15829%26name%3D%E3%83%90%E3%82%AC%E3%83%9C%E3%83%B3%E3%83%89%E3%80%8037%E5%B7%BB%E5%85%A8%E5%B7%BB%E3%82%BB%E3%83%83%E3%83%88 HTTP/1.1" 200 52458 "-" "Mozilla/5.0 (Linux; Android 6.0.1; Nexus 5X Build/MMB29P) AppleWebKit/537.36 (KHTML, like Gecko) Chrome/135.0.7049.95 Mobile Safari/537.36 (compatible; Googlebot/2.1; +http://www.google.com/bot.html)"
66.249.74.103 - - [29/Apr/2025:22:09:16 -0400] "GET /?k=8522637222806&channel=43a725&from=shared.php%3Fid%3D372228-5861%26name%3D%E5%BA%AD%E5%9C%92%E6%B0%B4%E6%99%B6%E3%80%8C%E3%82%AC%E3%83%BC%E3%83%87%E3%83%B3%E3%82%AF%E3%82%A9%E3%83%BC%E3%83%84%E3%80%8D%E3%81%AE%E3%83%9E%E3%82%AF%E3%83%A9%E3%83%A1%E7%B7%A8%E3%81%BF%E3%83%8D%E3%83%83%E3%82%AF%E3%83%AC%E3%82%B9 HTTP/1.1" 200 0 "-" "Mozilla/5.0 (Linux; Android 6.0.1; Nexus 5X Build/MMB29P) AppleWebKit/537.36 (KHTML, like Gecko) Chrome/135.0.7049.95 Mobile Safari/537.36 (compatible; GoogleOther)"
66.249.74.103 - - [29/Apr/2025:22:09:18 -0400] "GET /?k=99530147472501&channel=1fd395&from=news.php%3Fid%3D1474725-24004%26name%3D%5BYTYVAGT%5D+%E3%82%B9%E3%82%AF%E3%83%A9%E3%83%96%E3%83%8F%E3%83%83%E3%83%88%E3%80%81%E3%83%9C%E3%82%BF%E3%83%B3%E4%BB%98%E3%81%8D%E3%83%AF%E3%83%BC%E3%82%AD%E3%83%B3%E3%82%B0%E3%83%98%E3%83%83%E3%83%89%E3%82%AB%E3%83%90%E3%83%BC%E3%80%81%E3%82%B3%E3%83%83%E3%83%88%E3%83%B3%E3%82%B9%E3%82%A6%E3%82%A7%E3%83%83%E3%83%88%E3%83%90%E3%83%B3%E3%83%89%2C%E3%83%87%E3%83%93%E3%83%AB%E3%83%95%E3%82%A3%E3%83%83%E3%82%B7%E3%83%A5%E3%82%AF%E3%83%A9%E3%82%B2%E6%B5%B7 HTTP/1.1" 200 53011 "-" "Mozilla/5.0 (Linux; Android 6.0.1; Nexus 5X Build/MMB29P) AppleWebKit/537.36 (KHTML, like Gecko) Chrome/135.0.7049.95 Mobile Safari/537.36 (compatible; Googlebot/2.1; +http://www.google.com/bot.html)"
66.249.74.103 - - [29/Apr/2025:22:09:21 -0400] "GET /?k=72258168036202&channel=b618f2&from=blog.php%3Fid%3D1680362-5506%26name%3D%E3%80%90%E3%82%B7%E3%83%A3%E3%83%BC%E3%83%97%E3%80%91+%E3%83%97%E3%83%A9%E3%82%BA%E3%83%9E%E3%82%AF%E3%83%A9%E3%82%B9%E3%82%BF%E3%83%BC7000+KC-35T7 HTTP/1.1" 200 0 "-" "Mozilla/5.0 (Linux; Android 6.0.1; Nexus 5X Build/MMB29P) AppleWebKit/537.36 (KHTML, like Gecko) Chrome/135.0.7049.95 Mobile Safari/537.36 (compatible; GoogleOther)"
66.249.74.103 - - [29/Apr/2025:22:09:27 -0400] "GET /?k=10593141313602&channel=c4472f&from=product.php%3Fid%3D1413136-1232%26name%3D%E3%82%A2%E3%83%9F%E3%83%A5%E3%83%BC%E3%82%BA%E3%83%A1%E3%83%B3%E3%83%88%E4%BB%95%E6%A7%98%E3%80%8C%E5%8C%96%E7%89%A9%E8%AA%9E%E3%80%8D HTTP/1.1" 200 52812 "-" "Mozilla/5.0 (Linux; Android 6.0.1; Nexus 5X Build/MMB29P) AppleWebKit/537.36 (KHTML, like Gecko) Chrome/135.0.7049.95 Mobile Safari/537.36 (compatible; Googlebot/2.1; +http://www.google.com/bot.html)"
52.167.144.173 - - [29/Apr/2025:22:09:32 -0400] "GET /?k=29250198836000&channel=3ac28a&from=blog.php%3Fid%3D1988360-10612%26name%3D%E3%82%A2%E3%83%AB%E3%83%9F%E3%83%9D%E3%82%B1%E3%83%83%E3%83%88%E7%A9%B4%E3%82%B8%E3%82%B0%E3%82%B7%E3%82%B9%E3%83%86%E3%83%A0%E3%80%81%E3%83%9D%E3%82%B1%E3%83%83%E3%83%88%E3%82%B9%E3%82%AF%E3%83%AA%E3%83%A5%E3%83%BC%E3%82%B8%E3%82%B0%E3%82%B8%E3%83%A7%E3%82%A4%E3%83%8B%E3%83%B3%E3%82%B0%E6%9C%A8%E5%B7%A5%E3%83%84%E3%83%BC%E3%83%AB%E3%80%81%E5%A4%A7%E5%B7%A5%E7%94%A8%E8%A7%92%E5%BA%A6%E4%BB%98%E3%81%8D%E3%83%89%E3%83%AA%E3%83%AB%E3%82%AC%E3%82%A4%E3%83%89%E3%80%81%E3%83%89%E3%83%AA%E3%83%AB%E3%83%93%E3%83%83%E3%83%88%E3%83%9B%E3%83%BC%E3%83%AB%E3%83%91%E3%83%B3%E3%83%81%E3%83%A3%E3%83%BC HTTP/1.1" 200 42395 "-" "Mozilla/5.0 AppleWebKit/537.36 (KHTML, like Gecko; compatible; bingbot/2.0; +http://www.bing.com/bingbot.htm) Chrome/116.0.1938.76 Safari/537.36"
66.249.74.103 - - [29/Apr/2025:22:09:34 -0400] "GET /?k=8306525582100&channel=9ea5d2&from=category-info.php%3Fid%3D255821-8770%26name%3D%E3%80%90%E6%9C%AA%E4%BD%BF%E7%94%A8%E3%80%91%E3%83%84%E3%82%A2%E3%83%BC%E3%82%B9%E3%83%86%E3%83%BC%E3%82%B8%E3%80%80%E3%82%B4%E3%83%AB%E3%83%95%E3%82%A6%E3%82%A7%E3%82%A2%E3%80%8012%E7%82%B9%E3%82%BB%E3%83%83%E3%83%88%E3%80%80LL%E3%82%B5%E3%82%A4%E3%82%BA%E3%80%80%E3%83%A1%E3%83%B3%E3%82%BA%E3%82%BB%E2%80%A6 HTTP/1.1" 200 52561 "-" "Mozilla/5.0 (Linux; Android 6.0.1; Nexus 5X Build/MMB29P) AppleWebKit/537.36 (KHTML, like Gecko) Chrome/135.0.7049.95 Mobile Safari/537.36 (compatible; Googlebot/2.1; +http://www.google.com/bot.html)"
66.249.74.103 - - [29/Apr/2025:22:09:35 -0400] "GET /?k=5426535702302&channel=5bcc54&from=news.php%3Fid%3D357023-11628%26name%3DPETIT+BATEAU+%E3%83%99%E3%83%93%E3%83%BC%E3%83%8B%E3%83%83%E3%83%88%E5%B8%BD%E3%80%80%E3%83%94%E3%83%B3%E3%82%AFand%E9%BB%84%E7%B7%91%E3%80%80size67cm HTTP/1.1" 200 0 "-" "Mozilla/5.0 (Linux; Android 6.0.1; Nexus 5X Build/MMB29P) AppleWebKit/537.36 (KHTML, like Gecko) Chrome/135.0.7049.95 Mobile Safari/537.36 (compatible; GoogleOther)"
66.249.74.103 - - [29/Apr/2025:22:09:39 -0400] "GET /?k=8777439687902&channel=06c91a&from=jp.php%3Fid%3D396879-7205%26name%3DTEAC+%E3%82%AA%E3%83%BC%E3%83%87%E3%82%A3%E3%82%AA%E3%82%A2%E3%83%B3%E3%83%97+UD-301 HTTP/1.1" 200 0 "-" "Mozilla/5.0 (Linux; Android 6.0.1; Nexus 5X Build/MMB29P) AppleWebKit/537.36 (KHTML, like Gecko) Chrome/135.0.7049.95 Mobile Safari/537.36 (compatible; GoogleOther)"
66.249.74.103 - - [29/Apr/2025:22:09:40 -0400] "GET /?k=2891889027003&channel=a647ce&from=category-info.php%3Fid%3D890270-3266%26name%3D%E3%83%88%E3%82%A4%E3%83%B3%E3%82%B8%E3%82%B1%E3%83%BC%E3%82%BF%E3%82%A6%E3%82%A4%E3%83%B3%E3%82%AB%E3%83%BC+2016-2017+12V+DRL+%E3%82%AB%E3%83%BC%E3%82%B9%E3%82%BF%E3%82%A4%E3%83%AA%E3%83%B3%E3%82%B0%E3%83%87%E3%82%A4%E3%82%BF%E3%82%A4%E3%83%A0%E3%83%A9%E3%83%B3%E3%83%8B%E3%83%B3%E3%82%B0%E3%83%A9%E3%82%A4%E3%83%88%E9%BB%84%E8%89%B2%E3%82%A6%E3%82%A4%E3%83%B3%E3%82%AB%E3%83%BC%E3%83%96%E3%83%AB%E3%83%BC%E3%83%95%E3%82%A9%E3%82%B0%E3%83%A9 HTTP/1.1" 200 53359 "-" "Mozilla/5.0 (Linux; Android 6.0.1; Nexus 5X Build/MMB29P) AppleWebKit/537.36 (KHTML, like Gecko) Chrome/135.0.7049.95 Mobile Safari/537.36 (compatible; Googlebot/2.1; +http://www.google.com/bot.html)"
66.249.74.104 - - [29/Apr/2025:22:09:48 -0400] "GET /?k=49021114254906&channel=881cfc&from=article.php%3Fid%3D1142549-9338%26name%3DJEWELHEART+14K+%E3%83%AA%E3%82%A2%E3%83%AB%E3%82%B4%E3%83%BC%E3%83%AB%E3%83%89+%E3%83%AD%E3%83%AD%E3%83%81%E3%82%A7%E3%83%BC%E3%83%B3+1.9mm+2.5mm+2.8mm+3.75mm+%E3%83%80%E3%82%A4%E3%83%A4%E3%83%A2%E3%83%B3%E3%83%89%E3%82%AB%E3%83%83%E3%83%88+%E3%83%88 HTTP/1.1" 200 52669 "-" "Mozilla/5.0 (Linux; Android 6.0.1; Nexus 5X Build/MMB29P) AppleWebKit/537.36 (KHTML, like Gecko) Chrome/135.0.7049.95 Mobile Safari/537.36 (compatible; Googlebot/2.1; +http://www.google.com/bot.html)"
52.167.144.173 - - [29/Apr/2025:22:09:53 -0400] "GET /?k=9124171191901&channel=1e970c&from=info.php%3Fid%3D711919-15989%26name%3D%E3%82%A8%E3%83%9D%E3%82%AD%E3%82%B7%E6%A8%B9%E8%84%82%E3%82%8D%E3%81%86%E3%81%9D%E3%81%8F%E3%81%AE%E7%9F%B3%E8%86%8F%E5%9E%8B%E7%9F%B3%E8%86%8F%E5%9E%8B%E3%82%B7%E3%83%AA%E3%82%B3%E3%83%B3%E5%9E%8B%E3%81%AE%E3%81%9F%E3%82%81%E3%81%AE3%E3%81%A4%E3%81%AE%E5%BD%AB%E5%83%8F%E3%82%B7%E3%83%AA%E3%82%B3%E3%83%B3%E3%82%AD%E3%83%A3%E3%83%B3%E3%83%89%E3%83%AB%E5%9E%8B%E3%81%AE%E5%AE%B6%E6%97%8F HTTP/1.1" 200 40159 "-" "Mozilla/5.0 AppleWebKit/537.36 (KHTML, like Gecko; compatible; bingbot/2.0; +http://www.bing.com/bingbot.htm) Chrome/116.0.1938.76 Safari/537.36"
66.249.74.104 - - [29/Apr/2025:22:09:55 -0400] "GET /?k=17919109924100&channel=b1d991&from=goods.php%3Fid%3D1099241-482%26name%3D%E4%B8%AD%E5%8F%A4%E3%83%9D%E3%82%B1%E3%83%A2%E3%83%B3%E3%82%AB%E3%83%BC%E3%83%89%E3%82%B2%E3%83%BC%E3%83%A0+011%2F070%5BC%5D%EF%BC%9A%E3%83%9D%E3%83%AF%E3%83%AB%E3%83%B3+%E3%81%9F%E3%81%84%E3%82%88%E3%81%86%E3%81%AE%E3%81%99%E3%81%8C%E3%81%9F HTTP/1.1" 200 53098 "-" "Mozilla/5.0 (Linux; Android 6.0.1; Nexus 5X Build/MMB29P) AppleWebKit/537.36 (KHTML, like Gecko) Chrome/135.0.7049.95 Mobile Safari/537.36 (compatible; Googlebot/2.1; +http://www.google.com/bot.html)"
40.77.167.76 - - [29/Apr/2025:22:09:57 -0400] "GET /?k=2003267864702&channel=0a086b&from=blog.php%3Fid%3D678647-1933%26name%3D%E3%82%B7%E3%83%A3%E3%83%B3%E3%83%87%E3%83%AA%E3%82%A2%2C+%E3%83%9F%E3%83%8B%E3%83%9E%E3%83%AA%E3%82%B9%E3%83%88%E4%B8%AD%E7%A9%BA%E3%83%A9%E3%83%B3%E3%83%97%E3%82%B7%E3%82%A7%E3%83%BC%E3%83%89%E3%82%B9%E3%82%BF%E3%82%A4%E3%83%AB%E3%82%B7%E3%83%A3%E3%83%B3%E3%83%87%E3%83%AA%E3%82%A2%E3%82%A2%E3%83%AB%E3%83%9F%E3%83%8B%E3%82%A6%E3%83%A0%E3%82%A4%E3%83%B3%E3%83%80%E3%82%B9%E3%83%88%E3%83%AA%E3%82%A2%E3%83%AB%E3%82%B9%E3%82%BF%E3%82%A4%E3%83%AB%E5%A4%A9%E4%BA%95%E5%90%8A%E3%82%8A%E3%83%A9%E3%83%B3%E3%83%97%E9%87%91%E5%B1%9E%E4%B8%AD%E7%A9%BA%E5%A4%A9%E4%BA%95%E8%A3%85%E9%A3%BE HTTP/1.1" 200 42757 "-" "Mozilla/5.0 AppleWebKit/537.36 (KHTML, like Gecko; compatible; bingbot/2.0; +http://www.bing.com/bingbot.htm) Chrome/116.0.1938.76 Safari/537.36"
52.167.144.228 - - [29/Apr/2025:22:10:02 -0400] "GET /?k=02422190434106&channel=78e7ae&from=pin.php%3Fid%3D1904341-13164%26name%3D%5B%E6%AD%A3%E8%A6%8F%E8%BC%B8%E5%85%A5%5D%5B%E3%83%87%E3%83%AB%E3%82%BB%E3%83%BC%E5%85%AC%E5%BC%8F+DELSEY%5D+%E3%82%B9%E3%83%BC%E3%83%84%E3%82%B1%E3%83%BC%E3%82%B9+%E3%82%AD%E3%83%A3%E3%83%AA%E3%83%BC%E3%82%B1%E3%83%BC%E3%82%B9+%E3%82%B7%E3%83%A3%E3%83%89%E3%83%BC+SHADOW+5.0+TSA%E3%83%AD%E3%83%83%E3%82%AF+8%E8%BC%AA+%E3%83%80%E3%83%96%E3%83%AB HTTP/1.1" 200 41562 "-" "Mozilla/5.0 AppleWebKit/537.36 (KHTML, like Gecko; compatible; bingbot/2.0; +http://www.bing.com/bingbot.htm) Chrome/116.0.1938.76 Safari/537.36"
66.249.74.103 - - [29/Apr/2025:22:10:02 -0400] "GET /?k=0020525635905&channel=667cd4&from=jp.php%3Fid%3D256359-10970%26name%3DFLASHFORGE+Foto8.9%E5%85%89%E9%80%A0%E5%BD%A2%E5%BC%8F+LCD+3D%E3%83%97%E3%83%AA%E3%83%B3%E3%82%BF%E3%83%BC+8.9 HTTP/1.1" 200 0 "-" "Mozilla/5.0 (Linux; Android 6.0.1; Nexus 5X Build/MMB29P) AppleWebKit/537.36 (KHTML, like Gecko) Chrome/135.0.7049.95 Mobile Safari/537.36 (compatible; GoogleOther)"
66.249.74.105 - - [29/Apr/2025:22:10:04 -0400] "GET /?k=7326550495303&channel=569209&from=blog.php%3Fid%3D504953-11254%26name%3D%E3%83%99%E3%83%B3%E3%83%81+%E3%82%B3%E3%83%BC%E3%83%88+%E3%83%AC%E3%83%87%E3%82%A3%E3%83%BC%E3%82%B9+%E3%83%97%E3%83%AA%E3%83%B3%E3%82%BB%E3%82%B9+%E3%82%A2%E3%82%AF%E3%82%BB%E3%82%B5%E3%83%AA%E3%83%BC+n+8+%E3%82%B6+%E3%82%AD%E3%83%83%E3%82%BA+%E3%82%A6%E3%82%A4%E3%83%B3%E3%83%89%E3%83%96%E3%83%AC%E3%83%BC%E3%82%AB%E3%83%BC+%E3%83%9C%E3%83%BC%E3%82%A4%E3%82%BA+%E3%83%88%E3%83%8A%E3%82%AB%E3%82%A4+%E3%83%9D%E3%83%B3%E3%83%81%E3%83%A7+%E3%82%AD%E3%83%83%E3%82%BA HTTP/1.1" 200 51630 "-" "Mozilla/5.0 (Linux; Android 6.0.1; Nexus 5X Build/MMB29P) AppleWebKit/537.36 (KHTML, like Gecko) Chrome/135.0.7049.95 Mobile Safari/537.36 (compatible; Googlebot/2.1; +http://www.google.com/bot.html)"
66.249.74.103 - - [29/Apr/2025:22:10:09 -0400] "GET /?k=27709161888601&channel=64bafb&from=blog.php%3Fid%3D1618886-14700%26name%3DDLAK%28%E3%83%87%E3%82%A3%E3%83%A9%E3%83%83%E3%82%AF%29+12+%E3%83%96%E3%83%A9%E3%82%B7%E3%82%BB%E3%83%83%E3%83%88%E6%96%9C%E3%82%81%E3%83%94%E3%83%BC%E3%82%AF%E3%82%A2%E3%82%A6%E3%83%88%E3%83%A9%E3%82%A4%E3%83%B3%E3%83%96%E3%83%A9%E3%82%B7%E7%B5%B5%E7%94%BB%E3%82%BB%E3%83%83%E3%83%88%E5%AD%A6%E7%94%9F%E3%82%A2%E3%83%BC%E3%83%88%E8%90%BD%E6%9B%B8%E3%81%8D%E6%B2%B9%E7%B5%B5%E3%83%96%E3%83%A9%E3%82%B7%28Green%29 HTTP/1.1" 200 53423 "-" "Mozilla/5.0 (Linux; Android 6.0.1; Nexus 5X Build/MMB29P) AppleWebKit/537.36 (KHTML, like Gecko) Chrome/135.0.7049.95 Mobile Safari/537.36 (compatible; Googlebot/2.1; +http://www.google.com/bot.html)"
66.249.74.103 - - [29/Apr/2025:22:10:14 -0400] "GET /?k=27206194771600&channel=a89faf&from=jp.php%3Fid%3D1947716-4666%26name%3Dsamples%E3%83%88%E3%83%AC%E3%83%BC%E3%83%8A%E3%83%BCL%E3%82%B5%E3%82%A4%E3%82%BA HTTP/1.1" 200 51418 "-" "Mozilla/5.0 (Linux; Android 6.0.1; Nexus 5X Build/MMB29P) AppleWebKit/537.36 (KHTML, like Gecko) Chrome/135.0.7049.95 Mobile Safari/537.36 (compatible; Googlebot/2.1; +http://www.google.com/bot.html)"
66.249.74.103 - - [29/Apr/2025:22:10:25 -0400] "GET /?k=9978835602504&channel=348769&from=article.php%3Fid%3D356025-13%26name%3D%E5%AE%89%E5%AE%A4%E5%A5%88%E7%BE%8E%E6%81%B5+MV%E7%9D%80%E7%94%A8+%E3%83%99%E3%82%A2%E3%83%AF%E3%83%B3%E3%83%94+%E3%82%B9%E3%83%A9%E3%82%A4SLY HTTP/1.1" 200 50296 "-" "Mozilla/5.0 (Linux; Android 6.0.1; Nexus 5X Build/MMB29P) AppleWebKit/537.36 (KHTML, like Gecko) Chrome/135.0.7049.95 Mobile Safari/537.36 (compatible; Googlebot/2.1; +http://www.google.com/bot.html)"
66.249.74.103 - - [29/Apr/2025:22:10:32 -0400] "GET /?k=193827156802&channel=26b593&from=shared.php%3Fid%3D71568-2228%26name%3D%E3%82%AA%E3%83%BC%E3%83%88%E3%83%90%E3%82%A4%E3%82%B9%E3%82%BF%E3%83%BC%E3%82%BF%E3%83%BC%E3%83%A2%E3%83%BC%E3%82%BF%E3%83%BC%E5%A7%8B%E5%8B%95%E3%83%A4%E3%83%9E%E3%83%8F+V-Star+XVS1300CU+XVS1300+XVS1300A+XVS1300CT+XV HTTP/1.1" 200 52811 "-" "Mozilla/5.0 (Linux; Android 6.0.1; Nexus 5X Build/MMB29P) AppleWebKit/537.36 (KHTML, like Gecko) Chrome/135.0.7049.95 Mobile Safari/537.36 (compatible; Googlebot/2.1; +http://www.google.com/bot.html)"
66.249.74.103 - - [29/Apr/2025:22:10:33 -0400] "GET /?k=11340105281600&channel=082861&from=article.php%3Fid%3D1052816-5539%26name%3DPizgear+ABS+%E3%82%A6%E3%82%A3%E3%83%B3%E3%83%89%E3%82%A6%E3%83%90%E3%82%A4%E3%82%B6%E3%83%BC%E3%82%A6%E3%82%A3%E3%83%B3%E3%83%89%E3%83%87%E3%82%A3%E3%83%95%E3%83%AC%E3%82%AF%E3%82%BF%E3%83%BC%E3%80%81%E3%83%95%E3%82%A9%E3%83%BC%E3%83%89%E7%94%A8%E3%80%81%E3%83%AC%E3%83%B3%E3%82%B8%E3%83%A3%E3%83%BC%E3%83%AF%E3%82%A4%E3%83%AB%E3%83%89%E3%83%88%E3%83%A9%E3%83%83%E3%82%AF+T6+T7+2012-20 HTTP/1.1" 200 52324 "-" "Mozilla/5.0 (Linux; Android 6.0.1; Nexus 5X Build/MMB29P) AppleWebKit/537.36 (KHTML, like Gecko) Chrome/135.0.7049.95 Mobile Safari/537.36 (compatible; Googlebot/2.1; +http://www.google.com/bot.html)"
66.249.74.103 - - [29/Apr/2025:22:10:38 -0400] "GET /?k=7486078984800&channel=4e2485&from=category-info.php%3Fid%3D789848-3347%26name%3D%E3%83%9A%E3%83%AB%E3%82%BD%E3%83%8A3+%E3%83%AA%E3%83%AD%E3%83%BC%E3%83%89+%E3%82%B3%E3%83%AC%E3%82%AF%E3%82%B7%E3%83%A7%E3%83%B3%E3%82%AB%E3%83%BC%E3%83%89+%E3%83%88%E3%83%AC%E3%82%AB+30%E7%82%B9 HTTP/1.1" 200 0 "-" "Mozilla/5.0 (Linux; Android 6.0.1; Nexus 5X Build/MMB29P) AppleWebKit/537.36 (KHTML, like Gecko) Chrome/135.0.7049.95 Mobile Safari/537.36 (compatible; GoogleOther)"
66.249.74.103 - - [29/Apr/2025:22:10:39 -0400] "GET /?k=45940141071001&channel=2f6697&from=pin.php%3Fid%3D1410710-5306%26name%3D%E3%83%A1%E3%83%B3%E3%82%BA+%E3%82%B8%E3%83%A3%E3%82%B1%E3%83%83%E3%83%88+%E3%83%AC%E3%83%87%E3%82%A3%E3%83%BC%E3%82%B9+%E6%98%A5+%E3%82%B3%E3%83%BC%E3%83%88+%E3%83%86%E3%83%BC%E3%83%A9%E3%83%BC%E3%83%89%E3%82%B8%E3%83%A3%E3%82%B1%E3%83%83%E3%83%88+%E3%82%A2%E3%82%A6%E3%82%BF%E3%83%BC+%E5%A4%A7%E3%81%8D%E3%81%84%E3%82%B5%E3%82%A4%E3%82%BA+%E3%82%B9%E3%83%BC%E3%83%84+%E3%83%A1%E3%83%B3%E3%82%BA%E3%83%99%E3%83%AB%E3%83%99%E3%83%83%E3%83%88%E3%82%B9%E3%83%91%E3%83%B3%E3%82%B3%E3%83%BC%E3%83%AB%E8%A1%A3%E8%A3%85%E3%82%BF HTTP/1.1" 200 52123 "-" "Mozilla/5.0 (Linux; Android 6.0.1; Nexus 5X Build/MMB29P) AppleWebKit/537.36 (KHTML, like Gecko) Chrome/135.0.7049.95 Mobile Safari/537.36 (compatible; Googlebot/2.1; +http://www.google.com/bot.html)"
66.249.74.104 - - [29/Apr/2025:22:10:47 -0400] "GET /?k=196344401105&channel=caa202&from=article.php%3Fid%3D44011-4504%26name%3D%E3%82%A8%E3%82%A2%E3%83%99%E3%83%B3%E3%83%88%E3%82%B0%E3%83%AA%E3%83%AB%E3%82%BF%E3%83%96%E3%82%AF%E3%83%AA%E3%83%83%E3%83%97+EQC%E7%94%A8+N293+2018+2019+2020+2021+2022+%E8%BB%8A%E5%B7%A6%E5%81%B4%E3%82%A8%E3%82%A2%E3%83%80%E3%83%83%E3%82%B7%E3%83%A5%E3%83%9C%E3%83%BC%E3%83%89%E3%82%A2%E3%82%A6%E3%83%88%E3%83%AC HTTP/1.1" 200 51545 "-" "Mozilla/5.0 (Linux; Android 6.0.1; Nexus 5X Build/MMB29P) AppleWebKit/537.36 (KHTML, like Gecko) Chrome/135.0.7049.95 Mobile Safari/537.36 (compatible; Googlebot/2.1; +http://www.google.com/bot.html)"
66.249.74.103 - - [29/Apr/2025:22:10:50 -0400] "GET /?k=2130768209401&channel=2fc753&from=article.php%3Fid%3D682094-5970%26name%3D18V%E3%83%90%E3%83%83%E3%83%86%E3%83%AA%E3%83%BC%E5%BB%B6%E9%95%B7%E9%9B%BB%E5%8B%95%E3%83%A9%E3%83%81%E3%82%A7%E3%83%83%E3%83%88%E3%83%AC%E3%83%B3%E3%83%81%E3%80%81%E3%83%96%E3%83%A9%E3%82%B7%E3%83%AC%E3%82%B9%E3%82%B3%E3%83%BC%E3%83%89%E3%83%AC%E3%82%B9%E3%83%89%E3%83%A9%E3%82%A4%E3%83%90%E3%83%BC3%2F8%E3%82%A4%E3%83%B3%E3%83%81%E3%82%A4%E3%83%B3%E3%83%91%E3%82%AF%E3%83%88%E3%82%B9%E3%82%AF%E3%83%AA%E3%83%A5%E3%83%BC%E3%83%8A%E3%83%83%E3%83%88%E9%99%A4%E5%8E%BB%E9%9B%BB%E5%8B%95%E5%B7%A5%E5%85%B7%E7%94%A8+%E7%B7%A0%E3%82%81%E4%BB%98 HTTP/1.1" 200 0 "-" "Mozilla/5.0 (Linux; Android 6.0.1; Nexus 5X Build/MMB29P) AppleWebKit/537.36 (KHTML, like Gecko) Chrome/135.0.7049.95 Mobile Safari/537.36 (compatible; GoogleOther)"
66.249.74.103 - - [29/Apr/2025:22:10:53 -0400] "GET /?k=29764143745500&channel=36793f&from=news.php%3Fid%3D1437455-24167%26name%3D%E3%83%9E%E3%83%B3%E3%82%A6%E3%82%A3%E3%82%BA%E3%82%A2%E3%83%9F%E3%83%83%E3%82%B7%E3%83%A7%E3%83%B3+%E8%8A%B1%E6%9C%AD%E3%83%AD%E3%83%B3T+%E3%83%9B%E3%83%AF%E3%82%A4%E3%83%88+XL HTTP/1.1" 200 50569 "-" "Mozilla/5.0 (Linux; Android 6.0.1; Nexus 5X Build/MMB29P) AppleWebKit/537.36 (KHTML, like Gecko) Chrome/135.0.7049.95 Mobile Safari/537.36 (compatible; Googlebot/2.1; +http://www.google.com/bot.html)"
66.249.74.105 - - [29/Apr/2025:22:11:02 -0400] "GET /?k=2103372309417&channel=43c466&from=product.php%3Fid%3D723094-8054%26name%3D%E3%82%A2%E3%83%83%E3%83%97%E3%83%AA%E3%82%AB+%E3%82%AF%E3%83%AB%E3%83%AA%E3%83%A9+AD+ISOFIX+%E3%83%81%E3%83%A3%E3%82%A4%E3%83%AB%E3%83%89%E3%82%B7%E3%83%BC%E3%83%88%E5%9B%9E%E8%BB%A2%E5%BC%8F+2122711 HTTP/1.1" 200 50813 "-" "Mozilla/5.0 (Linux; Android 6.0.1; Nexus 5X Build/MMB29P) AppleWebKit/537.36 (KHTML, like Gecko) Chrome/135.0.7049.95 Mobile Safari/537.36 (compatible; Googlebot/2.1; +http://www.google.com/bot.html)"
66.249.74.104 - - [29/Apr/2025:22:11:08 -0400] "GET /?k=85905128188100&channel=19c968&from=pin.php%3Fid%3D1281881-4219%26name%3D%E6%96%B0%E5%93%81%E3%80%80%E3%81%9B%E3%82%93%E3%81%AD%E3%82%93%E7%81%B8%E3%82%AA%E3%83%9570%E7%82%B9%E5%85%A5 HTTP/1.1" 200 51827 "-" "Mozilla/5.0 (Linux; Android 6.0.1; Nexus 5X Build/MMB29P) AppleWebKit/537.36 (KHTML, like Gecko) Chrome/135.0.7049.95 Mobile Safari/537.36 (compatible; Googlebot/2.1; +http://www.google.com/bot.html)"
66.249.74.103 - - [29/Apr/2025:22:11:14 -0400] "GET /?k=71407152964504&channel=1d0834&from=jp.php%3Fid%3D1529645-5938%26name%3D%E6%96%B0%E5%93%81%E6%9C%AA%E4%BD%BF%E7%94%A8%E3%80%81%E3%82%A2%E3%83%B3%E3%83%80%E3%83%BC%E3%82%A2%E3%83%BC%E3%83%9E%E3%83%BC%E3%82%B9%E3%83%AA%E3%83%BC%E3%83%96%E3%83%AC%E3%82%B9%E3%83%88%E3%83%AC%E3%83%BC%E3%83%8B%E3%83%B3%E3%82%B0 HTTP/1.1" 200 0 "-" "Mozilla/5.0 (Linux; Android 6.0.1; Nexus 5X Build/MMB29P) AppleWebKit/537.36 (KHTML, like Gecko) Chrome/135.0.7049.95 Mobile Safari/537.36 (compatible; GoogleOther)"
66.249.74.103 - - [29/Apr/2025:22:11:17 -0400] "GET /?k=87917121890404&channel=9266f1&from=shop.php%3Fid%3D1218904-2198%26name%3D%E7%AB%AF%E5%B7%9E%E5%90%8D%E7%A1%AF%E3%80%80%E5%80%A4%E4%B8%8B%E3%81%92%E3%81%97%E3%81%BE%E3%81%97%E3%81%9F HTTP/1.1" 200 51638 "-" "Mozilla/5.0 (Linux; Android 6.0.1; Nexus 5X Build/MMB29P) AppleWebKit/537.36 (KHTML, like Gecko) Chrome/135.0.7049.95 Mobile Safari/537.36 (compatible; Googlebot/2.1; +http://www.google.com/bot.html)"
66.249.74.103 - - [29/Apr/2025:22:11:24 -0400] "GET /?k=80775188462800&channel=20868e&from=shared.php%3Fid%3D1884628-11103%26name%3Dnanamichi%E6%A7%98%E5%B0%82%E7%94%A8 HTTP/1.1" 200 51043 "-" "Mozilla/5.0 (Linux; Android 6.0.1; Nexus 5X Build/MMB29P) AppleWebKit/537.36 (KHTML, like Gecko) Chrome/135.0.7049.95 Mobile Safari/537.36 (compatible; Googlebot/2.1; +http://www.google.com/bot.html)"
52.167.144.161 - - [29/Apr/2025:22:11:27 -0400] "GET /?k=8211955895603&channel=f66d97&from=article.php%3Fid%3D558956-12607%26name%3DSUNKEAN+%E3%82%BD%E3%83%BC%E3%83%A9%E3%83%BC%E3%82%B1%E3%83%BC%E3%83%96%E3%83%AB+QC4.1+1500V+%E3%82%BD%E3%83%BC%E3%83%A9%E3%83%BC%E5%BB%B6%E9%95%B7%E3%82%B1%E3%83%BC%E3%83%96%E3%83%AB+%E3%82%BD%E3%83%BC%E3%83%A9%E3%83%BC%E3%83%91%E3%83%8D%E3%83%AB%E6%8E%A5%E7%B6%9A%E7%94%A8+%E3%82%BD%E3%83%BC%E3%83%A9%E3%83%BC%E3%83%91%E3%83%8D%E3%83%AB+%E4%B8%A6%E5%88%97%E6%8E%A5%E7%B6%9A%E3%82%B1%E3%83%BC%E3%83%96 HTTP/1.1" 200 40746 "-" "Mozilla/5.0 AppleWebKit/537.36 (KHTML, like Gecko; compatible; bingbot/2.0; +http://www.bing.com/bingbot.htm) Chrome/116.0.1938.76 Safari/537.36"
66.249.74.103 - - [29/Apr/2025:22:11:28 -0400] "GET /?k=1139999711906&channel=d1b268&from=product.php%3Fid%3D997119-19645%26name%3D%E2%97%8F%E3%83%93%E3%83%83%E3%82%B0%E3%82%BB%E3%83%BC%E3%83%AB%E2%97%8F%E4%BB%AE%E6%AD%AF28%E5%80%8B%E3%82%BB%E3%83%83%E3%83%88+%EF%BC%86+10%E3%82%B0%E3%83%A9%E3%83%A0%E3%80%80%E3%83%95%E3%82%A3%E3%83%83%E3%83%86%E3%82%A3%E3%83%B3%E3%82%B0%E3%83%93%E3%83%BC%E3%82%BA%E3%80%80%E7%BE%A9%E6%AD%AF HTTP/1.1" 200 50139 "-" "Mozilla/5.0 (Linux; Android 6.0.1; Nexus 5X Build/MMB29P) AppleWebKit/537.36 (KHTML, like Gecko) Chrome/135.0.7049.95 Mobile Safari/537.36 (compatible; Googlebot/2.1; +http://www.google.com/bot.html)"
52.167.144.228 - - [29/Apr/2025:22:11:31 -0400] "GET /?k=50020102561301&channel=a67069&from=shared.php%3Fid%3D1025613-3810%26name%3D%E6%96%B0%E3%81%97%E3%81%84%E3%83%9D%E3%82%B9%E3%83%88%E5%89%AF%E3%82%AF%E3%83%A9%E3%83%B3%E3%83%97%E3%80%81%E3%82%A2%E3%83%AB%E3%83%9F%E3%83%8B%E3%82%A6%E3%83%A0Mg%E5%90%88%E9%87%91%E6%97%8B%E7%9B%A4%E5%B7%A5%E5%85%B7%E3%83%9B%E3%83%AB%E3%83%80%E3%83%BC%E3%80%81%E3%82%B9%E3%83%A9%E3%82%A4%E3%83%89%E5%89%AF%E3%82%AF%E3%83%A9%E3%83%B3%E3%83%97%E3%80%81%E3%83%9D%E3%82%B9%E3%83%88%E5%89%AF%E3%83%9B%E3%83%AB%E3%83%80%E3%83%BC%E3%80%81%E6%97%8B%E7%9B%A4%E7%94%A8%E3%83%9D%E3%82%B9%E3%83%88%E5%B7%A5%E5%85%B7%E5%89%AF%E3%82%A2%E3%82%BF%E3%83%83%E3%83%81%E3%83%A1%E3%83%B3%E3%83%88 HTTP/1.1" 200 40223 "-" "Mozilla/5.0 AppleWebKit/537.36 (KHTML, like Gecko; compatible; bingbot/2.0; +http://www.bing.com/bingbot.htm) Chrome/116.0.1938.76 Safari/537.36"
66.249.74.103 - - [29/Apr/2025:22:11:34 -0400] "GET /?k=20280169943100&channel=907bdf&from=news.php%3Fid%3D1699431-17170%26name%3D%E3%82%A2%E3%82%AB%E3%83%8A%E3%80%80%E3%82%A2%E3%83%80%E3%83%AB%E3%83%88%E3%83%89%E3%83%83%E3%82%B02kgX2%E8%A2%8B%E3%82%BB%E3%83%83%E3%83%88 HTTP/1.1" 200 51798 "-" "Mozilla/5.0 (Linux; Android 6.0.1; Nexus 5X Build/MMB29P) AppleWebKit/537.36 (KHTML, like Gecko) Chrome/135.0.7049.95 Mobile Safari/537.36 (compatible; Googlebot/2.1; +http://www.google.com/bot.html)"
66.249.74.103 - - [29/Apr/2025:22:11:40 -0400] "GET /?k=8883014576500&channel=55048c&from=form.php%3Fid%3D145765-8967%26name%3D%E3%80%90%E7%A2%BA%E8%AA%8D%E7%94%A8%E3%80%91petit+jam+%E3%81%8A%E8%8A%B1%E5%88%BA%E7%B9%8D%E3%81%AE%E3%83%98%E3%82%A2%E3%83%90%E3%83%B3%E3%83%89 HTTP/1.1" 200 0 "-" "Mozilla/5.0 (Linux; Android 6.0.1; Nexus 5X Build/MMB29P) AppleWebKit/537.36 (KHTML, like Gecko) Chrome/135.0.7049.95 Mobile Safari/537.36 (compatible; GoogleOther)"
66.249.74.103 - - [29/Apr/2025:22:11:43 -0400] "GET /?k=11104141355303&channel=c4472f&from=info.php%3Fid%3D1413553-1232%26name%3D%E7%8D%A3%E7%8E%8B%E7%8E%8B%E8%80%85%E3%81%AE%E8%A6%9A%E9%86%92%E5%AE%9F%E6%A9%9F%E3%82%8A%E3%81%8F%E6%A7%98%E5%B0%82%E7%94%A8 HTTP/1.1" 200 51062 "-" "Mozilla/5.0 (Linux; Android 6.0.1; Nexus 5X Build/MMB29P) AppleWebKit/537.36 (KHTML, like Gecko) Chrome/135.0.7049.95 Mobile Safari/537.36 (compatible; Googlebot/2.1; +http://www.google.com/bot.html)"
66.249.74.103 - - [29/Apr/2025:22:11:49 -0400] "GET /?k=73072135685602&channel=062230&from=form.php%3Fid%3D1356856-20028%26name%3D%E3%80%90%E3%83%A1%E3%83%BC%E3%82%AB%E3%83%BC%E7%9B%B4%E9%80%81%E5%93%81%E3%80%91%E3%80%90%E5%8C%A0+takumi%E3%80%91%E6%97%A5%E6%9C%AC%E8%A3%BD+%E6%B4%97%E3%81%88%E3%82%8B+%E6%8E%9B%E3%81%91%E5%B8%83%E5%9B%A3+%E3%83%80%E3%83%96%E3%83%AB+%E3%83%AD%E3%83%B3%E3%82%B0+%E6%B4%97%E3%81%88%E3%82%8B+%E9%98%B2%E3%83%80%E3%83%8B+%E6%8A%97%E8%8F%8C%E9%98%B2%E8%87%AD+%E3%81%82%E3%81%A3%E3%81%9F%E3%81%8B+%E7%A7%8B%E5%86%AC+%E3%83%8A%E3%83%81%E3%83%A5%E3%83%A9%E3%83%AB%E3%83%9C%E3%83%87%E3%82%A3%E3%83%95%E3%82%A3%E3%83%83%E3%83%88+%E8%92%B2%E9%83%A1%E5%B8%83%E5%9B%A3+KDLK+OSK HTTP/1.1" 200 52701 "-" "Mozilla/5.0 (Linux; Android 6.0.1; Nexus 5X Build/MMB29P) AppleWebKit/537.36 (KHTML, like Gecko) Chrome/135.0.7049.95 Mobile Safari/537.36 (compatible; Googlebot/2.1; +http://www.google.com/bot.html)"
66.249.74.104 - - [29/Apr/2025:22:11:57 -0400] "GET /?k=8700733522500&channel=bdb3ab&from=category-info.php%3Fid%3D335225-5219%26name%3D%E6%B1%9F%E6%88%B8%E5%BE%8C%E6%9C%9F+%E3%80%8C%E5%88%A9%E5%BB%A3%E3%80%8D%E9%8A%98+%E6%B7%B1%E5%B1%B1%E7%86%8A%E5%9B%B3%E9%89%84%E5%9C%B0%E9%AB%98%E8%82%89%E5%BD%AB%E9%87%91%E9%8A%80%E9%8A%85%E8%89%B2%E7%B5%B5%E8%B1%A1%E5%B5%8C%E9%8D%94+%E9%90%94+%E6%A1%90%E5%90%88%E3%82%8F%E3%81%9B%E7%AE%B1%E6%9C%89%E3%82%8A HTTP/1.1" 200 52092 "-" "Mozilla/5.0 (Linux; Android 6.0.1; Nexus 5X Build/MMB29P) AppleWebKit/537.36 (KHTML, like Gecko) Chrome/135.0.7049.95 Mobile Safari/537.36 (compatible; Googlebot/2.1; +http://www.google.com/bot.html)"
66.249.74.103 - - [29/Apr/2025:22:12:02 -0400] "GET /?k=6217662366000&channel=a2bbc5&from=article.php%3Fid%3D623660-13496%26name%3D%E3%83%A8%E3%83%89%E3%83%8E+%E8%B6%85%E9%87%8D%E9%87%8F%E7%94%A8%E9%AB%98%E7%A1%AC%E5%BA%A6%E3%82%A6%E3%83%AC%E3%82%BF%E3%83%B3%E5%9B%BA%E5%AE%9A%E8%BB%8A+1500kg%E7%94%A8+HDUK150 HTTP/1.1" 200 0 "-" "Mozilla/5.0 (Linux; Android 6.0.1; Nexus 5X Build/MMB29P) AppleWebKit/537.36 (KHTML, like Gecko) Chrome/135.0.7049.95 Mobile Safari/537.36 (compatible; GoogleOther)"
66.249.74.105 - - [29/Apr/2025:22:12:04 -0400] "GET /?k=84111184981100&channel=64babc&from=shop.php%3Fid%3D1849811-3673%26name%3Dmotto_kuma+A%26N+10th+Anniversary+model HTTP/1.1" 200 51266 "-" "Mozilla/5.0 (Linux; Android 6.0.1; Nexus 5X Build/MMB29P) AppleWebKit/537.36 (KHTML, like Gecko) Chrome/135.0.7049.95 Mobile Safari/537.36 (compatible; Googlebot/2.1; +http://www.google.com/bot.html)"
66.249.74.103 - - [29/Apr/2025:22:12:07 -0400] "GET /?k=80224187505808&channel=378c4f&from=article.php%3Fid%3D1875058-4100%26name%3D%E3%80%90eagle%E6%A7%98%E5%B0%82%E7%94%A8%E3%80%91RODDIO+%E3%83%AD%E3%83%83%E3%83%87%E3%82%A3%E3%82%AA++%E3%83%97%E3%83%AC%E3%83%9F%E3%82%A2%E3%83%A0%E3%82%AB%E3%83%BC%E3%83%88%E3%83%90%E3%83%83%E3%82%AF HTTP/1.1" 200 51909 "-" "Mozilla/5.0 (Linux; Android 6.0.1; Nexus 5X Build/MMB29P) AppleWebKit/537.36 (KHTML, like Gecko) Chrome/135.0.7049.95 Mobile Safari/537.36 (compatible; Googlebot/2.1; +http://www.google.com/bot.html)"
52.167.144.228 - - [29/Apr/2025:22:12:10 -0400] "GET /?k=50196103293804&channel=baf5a3&from=info.php%3Fid%3D1032938-9747%26name%3D%5BRssdaaacz%5D+%E3%82%BF%E3%82%AD%E3%82%B7%E3%83%BC%E3%83%89%E7%94%B7%E6%80%A7%E3%82%AE%E3%83%95%E3%83%88%E7%94%A8%E3%83%A1%E3%83%B3%E3%82%BA%E3%82%BD%E3%83%AA%E3%83%83%E3%83%89%E3%83%9B%E3%83%AF%E3%82%A4%E3%83%88%E3%82%B9%E3%83%BC%E3%83%84%E3%83%99%E3%82%B9%E3%83%88%E3%82%B7%E3%83%AB%E3%82%AF%E3%83%81%E3%83%A7%E3%83%83%E3%82%AD%E3%83%95%E3%82%A9%E3%83%BC%E3%83%9E%E3%83%AB%E3%83%9A%E3%82%A4%E3%82%BA%E3%83%AA%E3%83%BC%E3%83%8D%E3%82%AF%E3%82%BF%E3%82%A4%E3%82%AB%E3%83%95%E3%82%B9%E3%83%9D%E3%82%B1 HTTP/1.1" 200 40824 "-" "Mozilla/5.0 AppleWebKit/537.36 (KHTML, like Gecko; compatible; bingbot/2.0; +http://www.bing.com/bingbot.htm) Chrome/116.0.1938.76 Safari/537.36"
66.249.74.103 - - [29/Apr/2025:22:12:14 -0400] "GET /?k=15302162547004&channel=2c78ef&from=news.php%3Fid%3D1625470-7966%26name%3D%E7%87%83%E6%96%99%E3%83%9D%E3%83%B3%E3%83%97+69J-24410-01-00+%E8%88%B9%E5%A4%96%E6%A9%9F%E7%94%A8%E4%BD%8E%E5%9C%A7+VST+%E7%87%83%E6%96%99%E3%83%9D%E3%83%B3%E3%83%97+4-8PSI+200+225+250HP+%E3%83%95%E3%83%A5%E3%83%BC%E3%82%A8%E3%83%AB%E3%83%9D HTTP/1.1" 200 51677 "-" "Mozilla/5.0 (Linux; Android 6.0.1; Nexus 5X Build/MMB29P) AppleWebKit/537.36 (KHTML, like Gecko) Chrome/135.0.7049.95 Mobile Safari/537.36 (compatible; Googlebot/2.1; +http://www.google.com/bot.html)"
66.249.74.103 - - [29/Apr/2025:22:12:24 -0400] "GET /?k=4312967657207&channel=8a2c97&from=category-info.php%3Fid%3D676572-15543%26name%3DPanasonic+%E3%83%86%E3%83%AC%E3%83%93%E7%94%A8%E3%83%AA%E3%83%A2%E3%82%B3%E3%83%B3 HTTP/1.1" 200 51010 "-" "Mozilla/5.0 (Linux; Android 6.0.1; Nexus 5X Build/MMB29P) AppleWebKit/537.36 (KHTML, like Gecko) Chrome/135.0.7049.95 Mobile Safari/537.36 (compatible; Googlebot/2.1; +http://www.google.com/bot.html)"
66.249.74.103 - - [29/Apr/2025:22:12:29 -0400] "GET /?k=19873134321104&channel=592845&from=pin.php%3Fid%3D1343211-4632%26name%3D%E3%83%95%E3%82%A1%E3%82%A4%E3%83%A4%E3%83%BC%E3%83%94%E3%83%83%E3%83%88%E3%80%8121%E3%82%A4%E3%83%B3%E3%83%81+%E5%B1%8B%E5%A4%96%E3%83%91%E3%83%86%E3%82%A3%E3%82%AA+%E3%82%B9%E3%83%81%E3%83%BC%E3%83%AB%E3%83%95%E3%82%A1%E3%82%A4%E3%83%A4%E3%83%BC%E3%83%94%E3%83%83%E3%83%88+%E8%96%AA%E7%84%BC%E3%81%8D+BBQ+%E3%82%B0%E3%83%AA%E3%83%AB+%E3%83%95%E3%82%A1%E3%82%A4%E3%83%A4%E3%83%BC%E3%83%94%E3%83%83%E3%83%88%E3%83%9C%E3%82%A6%E3%83%AB+%E3%83%A9%E3%82%A6%E3%83%B3%E3%83%89%E3%83%A1%E3%83%83%E3%82%B7 HTTP/1.1" 200 53935 "-" "Mozilla/5.0 (Linux; Android 6.0.1; Nexus 5X Build/MMB29P) AppleWebKit/537.36 (KHTML, like Gecko) Chrome/135.0.7049.95 Mobile Safari/537.36 (compatible; Googlebot/2.1; +http://www.google.com/bot.html)"
66.249.74.103 - - [29/Apr/2025:22:12:35 -0400] "GET /?k=50084102121709&channel=929af2&from=article.php%3Fid%3D1021217-2966%26name%3D%E3%82%AA%E3%83%BC%E3%82%AF%E3%83%AA%E3%83%BC+%E3%83%AD%E3%83%B3%E3%82%B0%E3%83%91%E3%83%B3%E3%83%84+%E3%82%B7%E3%83%BC%E3%82%AF%E3%82%A8%E3%83%B3%E3%82%B9+%E3%82%B9%E3%83%88%E3%83%AC%E3%83%BC%E3%83%88+7.0+%E3%83%A1%E3%83%B3%E3%82%BA+FOA402494+%E3%82%B4%E3%83%AB%E3%83%95%E3%82%A6%E3%82%A7%E3%82%A2+%E3%83%9C%E3%83%88%E3%83%A0%E3%82%B9+%E3%80%90suso%E3%80%91 HTTP/1.1" 200 0 "-" "Mozilla/5.0 (Linux; Android 6.0.1; Nexus 5X Build/MMB29P) AppleWebKit/537.36 (KHTML, like Gecko) Chrome/135.0.7049.95 Mobile Safari/537.36 (compatible; GoogleOther)"
66.249.74.103 - - [29/Apr/2025:22:12:37 -0400] "GET /?k=0436461624507&channel=ed381d&from=goods.php%3Fid%3D616245-8744%26name%3D%E3%83%87%E3%82%A3%E3%83%8E%E3%82%B9+%E5%AE%B6%E5%85%B7+%E5%8F%8E%E7%B4%8D+%E8%A1%A3%E9%A1%9E%E5%8F%8E%E7%B4%8D+%E3%82%BF%E3%83%B3%E3%82%B9+LED%E3%83%A9%E3%82%A4%E3%83%88%E4%BB%98%E3%81%8D%E3%83%89%E3%83%AC%E3%83%83%E3%82%B5%E3%83%BC%E3%82%B7%E3%83%AA%E3%83%BC%E3%82%BA+%E3%82%AD%E3%83%A3%E3%82%B9%E3%82%BF%E3%83%BC%E4%BB%98%E3%81%8D%E5%BC%95%E3%81%8D%E5%87%BA%E3%81%97%E3%83%AF%E3%82%B4%E3%83%B3+%E5%B9%8539.3cm%E5%A5%A5%E8%A1%8C37cm HTTP/1.1" 200 51582 "-" "Mozilla/5.0 (Linux; Android 6.0.1; Nexus 5X Build/MMB29P) AppleWebKit/537.36 (KHTML, like Gecko) Chrome/135.0.7049.95 Mobile Safari/537.36 (compatible; Googlebot/2.1; +http://www.google.com/bot.html)"
66.249.74.103 - - [29/Apr/2025:22:12:44 -0400] "GET /?k=22885131303701&channel=fb4e17&from=product.php%3Fid%3D1313037-23082%26name%3D%E6%9D%BE%E8%84%82%28%E3%83%AD%E3%82%B8%E3%83%B3%29500g HTTP/1.1" 200 52630 "-" "Mozilla/5.0 (Linux; Android 6.0.1; Nexus 5X Build/MMB29P) AppleWebKit/537.36 (KHTML, like Gecko) Chrome/135.0.7049.95 Mobile Safari/537.36 (compatible; Googlebot/2.1; +http://www.google.com/bot.html)"
52.167.144.228 - - [29/Apr/2025:22:12:51 -0400] "GET /?k=5686787874601&channel=4d0dd2&from=product.php%3Fid%3D878746-532%26name%3D%E3%82%B5%E3%82%A4%E3%83%89%E3%82%B9%E3%82%AB%E3%83%BC%E3%83%88%E3%82%B5%E3%82%A4%E3%83%89%E3%82%AB%E3%83%8A%E3%83%BC%E3%83%89+2+%E3%82%B7%E3%83%AA%E3%83%BC%E3%82%BA+F87+M2+M2C+%E7%AB%B6%E4%BA%89+2016+2017+2018+2019+2020+%E3%82%B5%E3%82%A4%E3%83%89%E3%82%B9%E3%82%AB HTTP/1.1" 200 41910 "-" "Mozilla/5.0 AppleWebKit/537.36 (KHTML, like Gecko; compatible; bingbot/2.0; +http://www.bing.com/bingbot.htm) Chrome/116.0.1938.76 Safari/537.36"
66.249.74.104 - - [29/Apr/2025:22:12:51 -0400] "GET /?k=1790260383900&channel=793f87&from=shop.php%3Fid%3D603839-3350%26name%3D%E3%83%AA%E3%82%A2%E3%82%B7%E3%83%A7%E3%83%83%E3%82%AF%E3%82%A2%E3%83%96%E3%82%BD%E3%83%BC%E3%83%90%E3%83%BC+%E3%83%95%E3%82%A9%E3%83%BC%E3%83%89%E3%83%95%E3%82%A9%E3%83%BC%E3%82%AB%E3%82%B9+2012+2013+2014+2015+2016+2017+2018+%E5%AF%BE%E5%BF%9C+2%E7%82%B9%E3%82%BB%E3%83%83%E3%83%88 HTTP/1.1" 200 53085 "-" "Mozilla/5.0 (Linux; Android 6.0.1; Nexus 5X Build/MMB29P) AppleWebKit/537.36 (KHTML, like Gecko) Chrome/135.0.7049.95 Mobile Safari/537.36 (compatible; Googlebot/2.1; +http://www.google.com/bot.html)"
66.249.74.103 - - [29/Apr/2025:22:12:55 -0400] "GET /?k=82798123850505&channel=3812fd&from=goods.php%3Fid%3D1238505-2532%26name%3D%E3%83%90%E3%83%AC%E3%82%A8%E3%83%88%E3%82%A5%E3%82%B7%E3%83%A5%E3%83%BC%E3%82%BA+3+1%2F2+XXX HTTP/1.1" 200 52207 "-" "Mozilla/5.0 (Linux; Android 6.0.1; Nexus 5X Build/MMB29P) AppleWebKit/537.36 (KHTML, like Gecko) Chrome/135.0.7049.95 Mobile Safari/537.36 (compatible; Googlebot/2.1; +http://www.google.com/bot.html)"
66.249.74.103 - - [29/Apr/2025:22:12:59 -0400] "GET /?k=0188259316101&channel=75af4d&from=article.php%3Fid%3D593161-9973%26name%3D%E3%83%A6%E3%83%8B%E3%83%90%E3%83%BC%E3%82%B5%E3%83%AB%E3%83%9A%E3%83%BC%E3%83%91%E3%83%BC%E3%82%AF%E3%83%AA%E3%83%83%E3%83%97+%E3%82%B9%E3%83%A0%E3%83%BC%E3%82%B9%E4%BB%95%E4%B8%8A%E3%81%92+No.1+%E3%82%B7%E3%83%AB%E3%83%90%E3%83%BC-100%E5%80%8B+10%E5%80%8B%E3%83%91%E3%83%83%E3%82%AF HTTP/1.1" 200 0 "-" "Mozilla/5.0 (Linux; Android 6.0.1; Nexus 5X Build/MMB29P) AppleWebKit/537.36 (KHTML, like Gecko) Chrome/135.0.7049.95 Mobile Safari/537.36 (compatible; GoogleOther)"
66.249.74.105 - - [29/Apr/2025:22:13:03 -0400] "GET /?k=82921156381600&channel=85e468&from=category-info.php%3Fid%3D1563816-13805%26name%3D%5B%E3%81%8B%E3%81%A0%E3%81%B2%5D+HKGFAYO+%E3%82%B9%E3%83%AA%E3%83%A0+%E3%82%A2%E3%83%B3%E3%83%89+%E3%82%B9%E3%82%AD%E3%83%8B%E3%83%BC+%E3%82%B4%E3%83%BC%E3%83%AB%E3%83%89+%E3%83%99%E3%83%AB%E3%83%99%E3%83%83%E3%83%88+%E3%82%B9%E3%83%97%E3%83%AA%E3%83%83%E3%83%88+%E3%83%89%E3%83%AC%E3%82%B9 HTTP/1.1" 200 52027 "-" "Mozilla/5.0 (Linux; Android 6.0.1; Nexus 5X Build/MMB29P) AppleWebKit/537.36 (KHTML, like Gecko) Chrome/135.0.7049.95 Mobile Safari/537.36 (compatible; Googlebot/2.1; +http://www.google.com/bot.html)"
66.249.74.103 - - [29/Apr/2025:22:13:09 -0400] "GET /?k=4548632779403&channel=60f8a0&from=shop.php%3Fid%3D327794-2458%26name%3D%E3%82%A2%E3%82%BF%E3%83%83%E3%83%81%E3%83%A1%E3%83%B3%E3%83%88%E3%80%80ATTACHMENT%E3%80%80%E3%82%B5%E3%83%B3%E3%83%80%E3%83%AB HTTP/1.1" 200 50704 "-" "Mozilla/5.0 (Linux; Android 6.0.1; Nexus 5X Build/MMB29P) AppleWebKit/537.36 (KHTML, like Gecko) Chrome/135.0.7049.95 Mobile Safari/537.36 (compatible; Googlebot/2.1; +http://www.google.com/bot.html)"
66.249.74.103 - - [29/Apr/2025:22:13:16 -0400] "GET /?k=107131337805&channel=1771ae&from=news.php%3Fid%3D13378-2186%26name%3D%E3%83%95%E3%83%AD%E3%83%B3%E3%83%88%E3%83%95%E3%83%BC%E3%83%89%E3%82%A8%E3%83%B3%E3%82%B8%E3%83%B3%E9%9B%A3%E7%87%83%E6%80%A7%E9%81%AE%E9%9F%B3%E3%83%9E%E3%83%83%E3%83%88%E3%82%A2%E3%82%AF%E3%82%BB%E3%82%B5%E3%83%AA%E3%83%BC%E3%80%81%E3%82%B7%E3%83%A5%E3%82%B3%E3%83%80%E3%82%AB%E3%83%AD%E3%82%AFNU7+2017+2018+2019+2020+2021+2022 HTTP/1.1" 200 52922 "-" "Mozilla/5.0 (Linux; Android 6.0.1; Nexus 5X Build/MMB29P) AppleWebKit/537.36 (KHTML, like Gecko) Chrome/135.0.7049.95 Mobile Safari/537.36 (compatible; Googlebot/2.1; +http://www.google.com/bot.html)"
66.249.74.103 - - [29/Apr/2025:22:13:17 -0400] "GET /?k=29728164096200&channel=25a401&from=article.php%3Fid%3D1640962-22765%26name%3DAPEX+ApexLegends+%E3%82%A8%E3%83%9A+%E3%82%82%E3%81%A1%E3%81%93%E3%82%8D%E3%82%8A%E3%82%93+%E3%82%BB%E3%83%83%E3%83%88+B HTTP/1.1" 200 0 "-" "Mozilla/5.0 (Linux; Android 6.0.1; Nexus 5X Build/MMB29P) AppleWebKit/537.36 (KHTML, like Gecko) Chrome/135.0.7049.95 Mobile Safari/537.36 (compatible; GoogleOther)"
