52.167.144.180 - - [29/Apr/2025:21:50:11 -0400] "GET /?k=6179938104803&channel=fba739&from=brands.php%3Fid%3D381048-12525%26name%3D%E9%AB%98%E7%86%B1%E3%83%98%E3%83%A9%E8%A3%BD%E5%93%81%E3%83%91%E3%83%B3%E3%82%B1%E3%83%BC%E3%82%AD%E3%82%B7%E3%83%A7%E3%83%99%E3%83%AB%E3%82%B9%E3%83%86%E3%83%B3%E3%83%AC%E3%82%B9%E9%8B%BC%E5%8D%8A%E5%86%86%E5%BD%A2%E3%82%B7%E3%83%A7%E3%83%99%E3%83%AB%E3%82%B9%E3%83%86%E3%83%BC%E3%82%AD%E3%82%B7%E3%83%A7%E3%83%99%E3%83%AB%E3%82%B0%E3%83%AA%E3%83%AB%E3%82%B9%E3%82%AF%E3%83%AC%E3%83%BC%E3%83%91%E3%83%BC%E3%82%B9%E3%83%91%E3%83%81%E3%83%A5%E3%83%A9%E3%83%95%E3%83%A9%E3%82%A4%E3%82%B7%E3%83%A7%E3%83%99%E3%83%AB%E3%83%90%E3%83%BC%E3%83%99%E3%82%AD%E3%83%A5%E3%83%BC%E3%83%84%E3%83%BC%E3%83%AB+%EF%BC%88%E5%AE%B6%E6%97%8F%E3%81%A8%E3%81%AE%E6%99%82%E9%96%93%E3%81%8C%E5%A2%97%E3%81%88%E3%82%8B%E3%82%AD%E3%83%83%E3%83%81%E3%83%B3%E3%82%A6%E3%82%A7%E3%82%A2%E3%83%96%E3%83%A9%E3%83%B3%E3%83%89%E3%80%8Ck%C3%BCbell%EF%BC%88%E3%82%AF%E3%83%BC%E3%83%99%E3%83%AB%EF%BC%89%E3%80%8D%E5%A7%8B%E5%8B%95+%E4%B8%80%E6%AE%B5%E4%B8%8A%E3%81%AE%E6%96%99%E7%90%86%E3%82%92%E6%B0%97%E8%BB%BD%E3%81%AB%E4%BD%9C%E3%82%8C%E3%82%8B%E3%82%B9%E3%83%86%E3%83%B3%E3%83%AC%E3%82%B9%E3%83%95%E3%83%A9%E3%82%A4%E3%83%91%E3%83%B3++4%E6%9C%881%E6%97%A5%28%E6%9C%A8%29%E3%81%8B%E3%82%89Makuake%E3%81%A7%E5%85%88%E8%A1%8C%E8%B2%A9%E5%A3%B2%E9%96%8B%E5%A7%8B+%7C+%E6%A0%AA%E5%BC%8F%E4%BC%9A%E7%A4%BECAMPWILL%E3%81%AE%E3%83%97%E3%83%AC%E3%82%B9%E3%83%AA%E3%83%AA%E3%83%BC%E3%82%B9%EF%BC%89 HTTP/1.1" 200 42042 "-" "Mozilla/5.0 AppleWebKit/537.36 (KHTML, like Gecko; compatible; bingbot/2.0; +http://www.bing.com/bingbot.htm) Chrome/116.0.1938.76 Safari/537.36"
66.249.74.103 - - [29/Apr/2025:21:50:15 -0400] "GET /?k=7091725193701&channel=b8d2f5&from=article.php%3Fid%3D251937-10635%26name%3D%E3%82%B5%E3%82%B8%E3%83%BC%E3%82%B8%E3%83%A5%E3%83%BC%E3%82%B9%E3%80%801L3%E6%9C%AC%E3%80%80%E3%82%B5%E3%83%97%E3%83%AA2%E8%A2%8B HTTP/1.1" 200 0 "-" "Mozilla/5.0 (Linux; Android 6.0.1; Nexus 5X Build/MMB29P) AppleWebKit/537.36 (KHTML, like Gecko) Chrome/135.0.7049.95 Mobile Safari/537.36 (compatible; GoogleOther)"
66.249.74.103 - - [29/Apr/2025:21:50:19 -0400] "GET /?k=51873133862503&channel=248c69&from=shared.php%3Fid%3D1338625-5437%26name%3D%E3%83%80%E3%83%83%E3%83%95%E3%82%A3%E3%83%BC%E3%81%A8%E4%BB%B2%E9%96%93%E3%81%9F%E3%81%A1iPhone+15+Pro+%E3%83%95%E3%82%A1%E3%82%A4%E3%83%90%E3%83%BC%E3%83%AC%E3%82%B6%E3%83%BC%E9%9B%BB%E8%A9%B1%E3%82%B1%E3%83%BC%E3%82%B9%E3%82%B7%E3%83%AA%E3%83%BC%E3%82%BA%E3%81%AF%E3%80%81%E3%82%B7%E3%83%B3%E3%83%97%E3%83%AB%E3%81%A7%E5%8C%85%E6%8B%AC%E7%9A%84%E3%81%AA%E4%BF%9D%E8%AD%B7%E3%80%81%E4%BF%9D%E8%AD%B7%E3%82%B1%E3%83%BC%E3%82%B9%E3%80%81%E4%BF%9D%E8%AD%B7%E3%82%AB%E3%83%90%E3%83%BC HTTP/1.1" 200 0 "-" "Mozilla/5.0 (Linux; Android 6.0.1; Nexus 5X Build/MMB29P) AppleWebKit/537.36 (KHTML, like Gecko) Chrome/135.0.7049.95 Mobile Safari/537.36 (compatible; GoogleOther)"
66.249.74.103 - - [29/Apr/2025:21:50:29 -0400] "GET /?k=03784136694900&channel=7c748e&from=product.php%3Fid%3D1366949-22101%26name%3D%E4%B8%AD%E5%8F%A4LP%E3%80%8C%E3%82%89%E3%81%84%E3%82%80%E3%82%89%E3%81%84%E3%81%A8%E3%80%8D%E7%94%B2%E6%96%90%E3%83%90%E3%83%B3%E3%83%89 HTTP/1.1" 200 0 "-" "Mozilla/5.0 (Linux; Android 6.0.1; Nexus 5X Build/MMB29P) AppleWebKit/537.36 (KHTML, like Gecko) Chrome/135.0.7049.95 Mobile Safari/537.36 (compatible; GoogleOther)"
66.249.74.103 - - [29/Apr/2025:21:50:48 -0400] "GET /?k=0184215159000&channel=03982c&from=blog.php%3Fid%3D151590-9123%26name%3D%E5%8D%B0%E5%88%B7%E9%9B%BB%E5%8D%93+%E3%82%A2%E3%83%83%E3%83%97%E3%82%B0%E3%83%AC%E3%83%BC%E3%83%89%E6%A9%9F%E8%83%BD+12%E6%A1%81LCD%E3%83%87%E3%82%A3%E3%82%B9%E3%83%97%E3%83%AC%E3%82%A4%E3%82%B9%E3%82%AF%E3%83%AA%E3%83%BC%E3%83%B3+2.03%E8%A1%8C%2F%E7%A7%92+2%E8%89%B2%E5%8D%B0%E5%88%B7+%E4%BC%9A%E8%A8%88%E7%94%A8%E8%BF%BD%E5%8A%A0%E6%A9%9F+AC%E3%82%A2%E3%83%80%E3%83%97%E3%82%BF%E3%83%BC%E4%BB%98%E3%81%8D+%28%E3%83%96%E3%83%AB HTTP/1.1" 200 0 "-" "Mozilla/5.0 (Linux; Android 6.0.1; Nexus 5X Build/MMB29P) AppleWebKit/537.36 (KHTML, like Gecko) Chrome/135.0.7049.95 Mobile Safari/537.36 (compatible; GoogleOther)"
66.249.74.103 - - [29/Apr/2025:21:50:52 -0400] "GET /?k=34200133931702&channel=56cfd0&from=category-info.php%3Fid%3D1339317-9311%26name%3D%E3%80%90%E9%80%81%E6%96%99%E8%BE%BC%E3%81%BF%E3%80%91%E3%81%8F%E3%81%99%E3%81%BF%E3%83%A9%E3%83%99%E3%83%B3%E3%83%80%E3%83%BC%E3%81%A7%E9%AD%85%E3%81%9B%E3%82%8B%EF%BC%8A%E7%A7%8B%E5%86%AC%E3%83%95%E3%83%A9%E3%83%AF%E3%83%BC%E3%82%B8%E3%82%A7%E3%83%AB%E3%83%8D%E3%82%A4%E3%83%AB%E3%83%81%E3%83%83%E3%83%97+%E7%8F%BE%E5%93%81%E8%B2%A9%E5%A3%B2 HTTP/1.1" 200 0 "-" "Mozilla/5.0 (Linux; Android 6.0.1; Nexus 5X Build/MMB29P) AppleWebKit/537.36 (KHTML, like Gecko) Chrome/135.0.7049.95 Mobile Safari/537.36 (compatible; GoogleOther)"
66.249.74.104 - - [29/Apr/2025:21:51:13 -0400] "GET /?k=4818084520606&channel=0bc383&from=jp.php%3Fid%3D845206-7339%26name%3D%E3%82%BF%E3%82%A4%E3%83%A4%E3%83%81%E3%82%A7%E3%83%BC%E3%83%B3+%E8%BB%8A%E7%94%A8%E3%82%BF%E3%82%A4%E3%83%A4%E3%83%81%E3%82%A7%E3%83%BC%E3%83%B3+%E9%81%A9%E7%94%A8+Buik+LeSabre+4+Door+Hardtop+1970%2C%E3%81%82%E3%82%89%E3%82%86%E3%82%8B%E6%82%AA%E5%A4%A9%E5%80%99%E3%82%84%E6%B3%A5%E9%81%93%E3%81%AB%E9%81%A9 HTTP/1.1" 200 0 "-" "Mozilla/5.0 (Linux; Android 6.0.1; Nexus 5X Build/MMB29P) AppleWebKit/537.36 (KHTML, like Gecko) Chrome/135.0.7049.95 Mobile Safari/537.36 (compatible; GoogleOther)"
66.249.74.103 - - [29/Apr/2025:21:51:24 -0400] "GET /?k=24870161218001&channel=6ea615&from=product.php%3Fid%3D1612180-25108%26name%3D%E3%83%9F%E3%82%AD%E3%83%8F%E3%82%A6%E3%82%B9+%E8%B5%A4%E3%83%81%E3%82%A7%E3%83%83%E3%82%AF+%E3%82%BB%E3%83%BC%E3%83%A9%E3%83%BC%E3%83%96%E3%83%A9%E3%82%A6%E3%82%B9100 HTTP/1.1" 200 50649 "-" "Mozilla/5.0 (Linux; Android 6.0.1; Nexus 5X Build/MMB29P) AppleWebKit/537.36 (KHTML, like Gecko) Chrome/135.0.7049.95 Mobile Safari/537.36 (compatible; Googlebot/2.1; +http://www.google.com/bot.html)"
66.249.74.104 - - [29/Apr/2025:21:51:26 -0400] "GET /?k=88148103488900&channel=244730&from=article.php%3Fid%3D1034889-2628%26name%3D%E3%82%B9%E3%83%9D%E3%83%BC%E3%83%84%E3%82%B9%E3%82%BF%E3%83%BC+%E3%82%BF%E3%83%B3%E3%83%87%E3%83%A0%E7%94%A8%E3%82%B7%E3%83%BC%E3%83%88 HTTP/1.1" 200 0 "-" "Mozilla/5.0 (Linux; Android 6.0.1; Nexus 5X Build/MMB29P) AppleWebKit/537.36 (KHTML, like Gecko) Chrome/135.0.7049.95 Mobile Safari/537.36 (compatible; GoogleOther)"
66.249.74.103 - - [29/Apr/2025:21:51:31 -0400] "GET /?k=7212783288401&channel=ebe6e0&from=info.php%3Fid%3D832884-15701%26name%3D3D%E8%87%AA%E5%B7%B1%E7%B2%98%E7%9D%80%E3%83%A2%E3%82%B6%E3%82%A4%E3%82%AF%E3%82%BF%E3%82%A4%E3%83%AB+%E3%83%A2%E3%82%B6%E3%82%A4%E3%82%AF%E3%82%BF%E3%82%A4%E3%83%AB%E8%87%AA%E5%B7%B1%E7%B2%98%E7%9D%80%E3%83%94%E3%83%BC%E3%83%AB%EF%BC%86%E3%82%B9%E3%83%86%E3%82%A3%E3%83%83%E3%82%AF%E8%87%AA%E5%B7%B1%E7%B2%98%E7%9D%80%E3%82%B9%E3%83%97%E3%83%A9%E3%83%83%E3%82%B7%E3%83%A5%E3%83%90%E3%83%83%E3%82%AF%E3%82%AD%E3%83%83%E3%83%81%E3%83%B3%E3%81%A8%E3%83%90%E3%82%B9%E3%83%AB%E3%83%BC%E3%83%A0%E7%94%A8%E3%80%81%E9%98%B2%E6%B0%B4%E3%83%A2%E3%82%B6%E3%82%A4%E3%82%AF%E3%82%BF HTTP/1.1" 200 52747 "-" "Mozilla/5.0 (Linux; Android 6.0.1; Nexus 5X Build/MMB29P) AppleWebKit/537.36 (KHTML, like Gecko) Chrome/135.0.7049.95 Mobile Safari/537.36 (compatible; Googlebot/2.1; +http://www.google.com/bot.html)"
66.249.74.103 - - [29/Apr/2025:21:51:37 -0400] "GET /?k=00107155617802&channel=bdb1c2&from=shop.php%3Fid%3D1556178-2677%26name%3D%E3%83%87%E3%82%B9%E3%82%AF%E4%B8%8A%E7%BD%AE%E6%A3%9A+%E5%8D%93%E4%B8%8A%E5%8F%8E%E7%B4%8D%E3%83%87%E3%82%B9%E3%82%AF+%E3%83%87%E3%82%B9%E3%82%AF%E4%B8%8A%E5%8F%8E%E7%B4%8D%E3%83%A9%E3%83%83%E3%82%AF+%E3%81%8A%E3%81%97%E3%82%83%E3%82%8C+%E6%9C%BA%E4%B8%8A%E6%9C%AC%E6%A3%9A+%E5%8D%93%E4%B8%8A%E7%BD%AE%E6%A3%9A%E5%8F%B0+%E5%8F%8E%E7%B4%8D%E6%A3%9A+%E5%A4%9A%E6%A9%9F%E8%83%BD+%E3%82%AA%E3%83%95%E3%82%A3%E3%82%B9%E5%8F%8E%E7%B4%8D+%E5%8D%93%E4%B8%8A%E5%8F%8E%E7%B4%8D+%E7%89%A9%E7%BD%AE%E3%83%A9%E3%83%83%E3%82%AF+%E5%B0%8F%E7%89%A9%E9%9B%91%E5%93%81%E5%8F%8E%E7%B4%8D%E3%83%A9%E3%83%83%E3%82%AF+%E7%A9%BA%E9%96%93%E6%B4%BB%E7%94%A8 HTTP/1.1" 200 52630 "-" "Mozilla/5.0 (Linux; Android 6.0.1; Nexus 5X Build/MMB29P) AppleWebKit/537.36 (KHTML, like Gecko) Chrome/135.0.7049.95 Mobile Safari/537.36 (compatible; Googlebot/2.1; +http://www.google.com/bot.html)"
66.249.74.103 - - [29/Apr/2025:21:51:38 -0400] "GET /?k=7673615337103&channel=ef15e6&from=goods.php%3Fid%3D153371-6721%26name%3D%E5%9C%A7%E5%8A%9BIH%E7%82%8A%E9%A3%AF%E5%99%A8TIGER%E3%82%BF%E3%82%A4%E3%82%AC%E3%83%BC5.5%E5%90%88JPV-A100%E3%83%9E%E3%83%83%E3%83%88+%E3%83%9B%E3%83%AF%E3%82%A4%E3%83%88MW%E8%89%B2 HTTP/1.1" 200 0 "-" "Mozilla/5.0 (Linux; Android 6.0.1; Nexus 5X Build/MMB29P) AppleWebKit/537.36 (KHTML, like Gecko) Chrome/135.0.7049.95 Mobile Safari/537.36 (compatible; GoogleOther)"
66.249.74.103 - - [29/Apr/2025:21:51:43 -0400] "GET /?k=5377094247400&channel=79524d&from=goods.php%3Fid%3D942474-17083%26name%3D%E7%94%B7%E6%80%A7%E7%94%A8%E5%B0%8F%E4%BE%BF%E5%99%A8+%E3%81%93%E3%81%BC%E3%82%8C%E9%98%B2%E6%AD%A2%E3%80%81%E5%A3%81%E6%8E%9B%E3%81%91%E5%BC%8F%E3%82%BB%E3%83%A9%E3%83%9F%E3%83%83%E3%82%AF%E5%B0%8F%E4%BE%BF%E5%99%A8+%E3%83%9B%E3%83%AF%E3%82%A4%E3%83%88%E3%80%81%E3%82%BB%E3%83%B3%E3%82%B5%E3%83%BC%E3%83%95%E3%83%A9%E3%83%83%E3%82%B7%E3%83%A5%E3%83%90%E3%83%AB%E3%83%96%E4%BB%98%E3%81%8D%E3%82%BB%E3%83%A9%E3%83%9F%E3%83%83%E3%82%AF%E5%B0%8F%E4%BE%BF%E5%99%A8%E3%80%81%E5%A4%9C%E9%96%93%E7%94%A8%E7%94%B7%E6%80%A7%E7%94%A8%E5%B0%8F%E4%BE%BF%E5%99%A8+%E3%81%93%E3%81%BC HTTP/1.1" 200 53732 "-" "Mozilla/5.0 (Linux; Android 6.0.1; Nexus 5X Build/MMB29P) AppleWebKit/537.36 (KHTML, like Gecko) Chrome/135.0.7049.95 Mobile Safari/537.36 (compatible; Googlebot/2.1; +http://www.google.com/bot.html)"
66.249.74.103 - - [29/Apr/2025:21:51:54 -0400] "GET /?k=00720155576007&channel=fa0b12&from=shared.php%3Fid%3D1555760-1333%26name%3D%E3%83%A2%E3%83%B3%E3%83%99%E3%83%AB%E3%80%80%E5%AF%9D%E8%A2%8B%E3%80%80%E3%83%80%E3%82%A6%E3%83%B3%E3%83%8F%E3%82%AC%E3%83%BC%E3%80%80%E2%99%AF3 HTTP/1.1" 200 50605 "-" "Mozilla/5.0 (Linux; Android 6.0.1; Nexus 5X Build/MMB29P) AppleWebKit/537.36 (KHTML, like Gecko) Chrome/135.0.7049.95 Mobile Safari/537.36 (compatible; Googlebot/2.1; +http://www.google.com/bot.html)"
66.249.74.103 - - [29/Apr/2025:21:51:58 -0400] "GET /?k=75799101208301&channel=22bd60&from=brands.php%3Fid%3D1012083-4713%26name%3D%E4%BD%8E%E6%B0%B4%E6%B8%A9%E6%9C%9F%E3%81%AE%E3%82%B7%E3%83%BC%E3%83%90%E3%82%B9%E3%82%B2%E3%83%BC%E3%83%A0 HTTP/1.1" 200 52525 "-" "Mozilla/5.0 (Linux; Android 6.0.1; Nexus 5X Build/MMB29P) AppleWebKit/537.36 (KHTML, like Gecko) Chrome/135.0.7049.95 Mobile Safari/537.36 (compatible; Googlebot/2.1; +http://www.google.com/bot.html)"
66.249.74.104 - - [29/Apr/2025:21:52:06 -0400] "GET /?k=13098191788700&channel=23582c&from=blog.php%3Fid%3D1917887-8952%26name%3D%E3%82%A8%E3%83%8C%E3%83%86%E3%82%A3%E3%83%BC%E3%82%A4%E3%83%B3%E3%83%86%E3%83%AA%E3%82%A2+%E3%82%AA%E3%83%BC%E3%83%80%E3%83%BC%E3%82%AB%E3%83%BC%E3%83%86%E3%83%B3+%E9%81%AE%E5%85%891%E7%B4%9A+%E9%81%AE%E7%86%B1%E3%82%AB%E3%83%BC%E3%83%86%E3%83%B3%E3%83%97%E3%83%A9%E3%83%81%E3%83%8A%E3%83%A0%E8%89%B2%E3%83%96%E3%83%AB%E3%83%BC2%E6%9E%9A%EF%BC%8B%E8%8A%B1%E7%B2%89%E3%82%AD%E3%83%A3%E3%83%83%E3%83%81+UV%E3%82%AB%E3%83%83%E3%83%88%E3%83%AC%E3%83%BC%E3%82%B92%E6%9E%9A%EF%BC%9D4%E6%9E%9A%E3%82%BB%E3%83%83%E3%83%88 HTTP/1.1" 200 53250 "-" "Mozilla/5.0 (Linux; Android 6.0.1; Nexus 5X Build/MMB29P) AppleWebKit/537.36 (KHTML, like Gecko) Chrome/135.0.7049.95 Mobile Safari/537.36 (compatible; Googlebot/2.1; +http://www.google.com/bot.html)"
66.249.74.105 - - [29/Apr/2025:21:52:07 -0400] "GET /?k=0462998315000&channel=4e8fb6&from=product.php%3Fid%3D983150-5401%26name%3D%E9%AB%98%E7%B4%9A%E3%82%AF%E3%83%AA%E3%82%B9%E3%82%BF%E3%83%AB%E3%82%B7%E3%83%A3%E3%83%B3%E3%83%87%E3%83%AA%E3%82%A2%E3%82%B3%E3%83%B3%E3%83%93%E3%83%8D%E3%83%BC%E3%82%B7%E3%83%A7%E3%83%B3%E3%82%A6%E3%82%A7%E3%83%BC%E3%83%96%E5%9E%8B%E6%B0%B4%E6%BB%B4%E3%82%B7%E3%83%A3%E3%83%B3%E3%83%87%E3%83%AA%E3%82%A2%E3%83%9A%E3%83%B3%E3%83%80%E3%83%B3%E3%83%88%E3%83%A9%E3%83%B3%E3%83%97+LED%E5%AF%9D%E5%AE%A4%E3%83%A9%E3%82%A4%E3%83%88%E9%AB%98%E7%B4%9A%E5%90%8A%E3%82%8A%E4%B8%8B%E3%81%92%E3%83%A9%E3%82%A4%E3%83%88%E3%80%81%E3%83%AA%E3%83%93%E3%83%B3%E3%82%B0%E3%83%AB HTTP/1.1" 200 0 "-" "Mozilla/5.0 (Linux; Android 6.0.1; Nexus 5X Build/MMB29P) AppleWebKit/537.36 (KHTML, like Gecko) Chrome/135.0.7049.95 Mobile Safari/537.36 (compatible; GoogleOther)"
52.167.144.180 - - [29/Apr/2025:21:52:10 -0400] "GET /?k=943434374000&channel=ebf220&from=brands.php%3Fid%3D43740-4396%26name%3D%23%23%23%E3%83%AA%E3%83%B3%E3%83%8A%E3%82%A4+%E3%82%AC%E3%82%B9%E7%B5%A6%E6%B9%AF%E5%B0%82%E7%94%A8%E6%A9%9F%E3%80%90RUX-A1613W%28A%29%E3%80%91%E9%9F%B3%E5%A3%B0%E3%83%8A%E3%83%93+%E5%B1%8B%E5%A4%96%E5%A3%81%E6%8E%9B%E3%83%BBPS%E8%A8%AD%E7%BD%AE%E5%9E%8B+%E7%B5%A6%E6%B9%AF%E3%83%BB%E7%B5%A6%E6%B0%B4%E6%8E%A5%E7%B6%9A15A+16%E5%8F%B7+%E3%83%AA%E3%83%A2%E3%82%B3%E3%83%B3%E5%88%A5%E5%A3%B2%E3%80%94JB%E3%80%95 HTTP/1.1" 200 41099 "-" "Mozilla/5.0 AppleWebKit/537.36 (KHTML, like Gecko; compatible; bingbot/2.0; +http://www.bing.com/bingbot.htm) Chrome/116.0.1938.76 Safari/537.36"
66.249.74.104 - - [29/Apr/2025:21:52:12 -0400] "GET /?k=3736094328801&channel=0a9342&from=form.php%3Fid%3D943288-504%26name%3D%E3%83%A9%E3%83%B3%E3%83%81%E3%82%A2%E3%82%A4%E3%83%97%E3%82%B7%E3%83%AD%E3%83%B3+2+2008%E5%B9%B4%E5%BC%8F%E3%80%80%E5%8F%96%E8%AA%AC%E3%82%BB%E3%83%83%E3%83%88 HTTP/1.1" 200 0 "-" "Mozilla/5.0 (Linux; Android 6.0.1; Nexus 5X Build/MMB29P) AppleWebKit/537.36 (KHTML, like Gecko) Chrome/135.0.7049.95 Mobile Safari/537.36 (compatible; GoogleOther)"
66.249.74.103 - - [29/Apr/2025:21:52:13 -0400] "GET /?k=8539769324607&channel=174555&from=shop.php%3Fid%3D693246-8112%26name%3D%E3%82%BF%E3%82%A4%E3%83%97+C+%E3%81%8B%E3%82%89+USB-C+3.5mm+%E3%83%98%E3%83%83%E3%83%89%E3%83%9B%E3%83%B3+%E3%82%AA%E3%83%BC%E3%83%87%E3%82%A3%E3%82%AA+%E5%85%85%E9%9B%BB+%E3%82%A2%E3%83%80%E3%83%97%E3%82%BF%E3%83%BC+%E3%82%B9%E3%83%97%E3%83%AA%E3%83%83%E3%82%BF%E3%83%BC+%E5%85%85%E9%9B%BB+AUX+%E3%82%B3%E3%83%B3%E3%83%90%E3%83%BC%E3%82%BF%E3%83%BC+%E5%85%85%E9%9B%BB HTTP/1.1" 200 52760 "-" "Mozilla/5.0 (Linux; Android 6.0.1; Nexus 5X Build/MMB29P) AppleWebKit/537.36 (KHTML, like Gecko) Chrome/135.0.7049.95 Mobile Safari/537.36 (compatible; Googlebot/2.1; +http://www.google.com/bot.html)"
66.249.74.103 - - [29/Apr/2025:21:52:19 -0400] "GET /?k=79784107604503&channel=df1d3b&from=product.php%3Fid%3D1076045-14055%26name%3D%E3%82%B9%E3%82%B1%E3%83%BC%E3%83%88%E3%83%9C%E3%83%BC%E3%83%89+%E3%81%8A%E3%81%97%E3%82%83%E3%82%8C+31%E3%82%A4%E3%83%B3%E3%83%81+%E3%82%B9%E3%82%B1%E3%83%9C%E3%83%BC+7%E5%B1%A4%E3%82%AB%E3%82%A8%E3%83%87%E6%9D%90+%E3%83%87%E3%83%83%E3%82%AD+%E6%A8%99%E6%BA%96+%E3%82%B9%E3%82%B1%E3%83%BC%E3%83%88%E3%83%9C%E3%83%BC%E3%83%89+%E5%88%9D%E5%BF%83%E8%80%85+%E5%A4%A7%E4%BA%BA%2F%E8%8B%A5%E8%80%85%2F%E5%AD%90%E4%BE%9B%E7%94%A8+%E3%82%AC%E3%83%BC%E3%83%AB+%E5%B9%BC%E5%85%90 HTTP/1.1" 200 53467 "-" "Mozilla/5.0 (Linux; Android 6.0.1; Nexus 5X Build/MMB29P) AppleWebKit/537.36 (KHTML, like Gecko) Chrome/135.0.7049.95 Mobile Safari/537.36 (compatible; Googlebot/2.1; +http://www.google.com/bot.html)"
66.249.74.103 - - [29/Apr/2025:21:52:22 -0400] "GET /?k=9858151164202&channel=ced9d3&from=pin.php%3Fid%3D511642-9869%26name%3D%E3%83%99%E3%83%84%E3%83%AC%E3%83%98%E3%83%A0%E3%81%AE%E6%98%9F%EF%BC%88%E5%B0%8F%EF%BC%89%E3%82%AA%E3%83%BC%E3%83%8A%E3%83%A1%E3%83%B3%E3%83%88+%E3%83%89%E3%82%A4%E3%83%84%E8%A3%BD HTTP/1.1" 200 0 "-" "Mozilla/5.0 (Linux; Android 6.0.1; Nexus 5X Build/MMB29P) AppleWebKit/537.36 (KHTML, like Gecko) Chrome/135.0.7049.95 Mobile Safari/537.36 (compatible; GoogleOther)"
66.249.74.103 - - [29/Apr/2025:21:52:24 -0400] "GET /?k=004027087900&channel=124de1&from=pin.php%3Fid%3D70879-5807%26name%3D%E3%82%A8%E3%82%A4%E3%83%86%E3%82%A3%E3%82%B7%E3%83%83%E3%82%AF%E3%82%B9+%E3%83%9F%E3%83%83%E3%82%AF%E3%82%B9%E3%82%AC%E3%83%BC%E3%83%87%E3%83%B3+%E5%A0%B4%E9%9D%A2%E5%86%99+%E3%83%9C%E3%83%BC%E3%83%AB%E3%83%81%E3%82%A7%E3%83%BC%E3%83%B3+9%E7%A8%AE+%E3%82%B3%E3%83%B3%E3%83%97%E3%82%BB%E3%83%83%E3%83%88 HTTP/1.1" 200 51901 "-" "Mozilla/5.0 (Linux; Android 6.0.1; Nexus 5X Build/MMB29P) AppleWebKit/537.36 (KHTML, like Gecko) Chrome/135.0.7049.95 Mobile Safari/537.36 (compatible; Googlebot/2.1; +http://www.google.com/bot.html)"
66.249.74.103 - - [29/Apr/2025:21:52:31 -0400] "GET /?k=18007114901501&channel=34f3f4&from=article.php%3Fid%3D1149015-1981%26name%3D%E3%82%A6%E3%83%BC%E3%82%B9%E3%83%86%E3%83%83%E3%83%89%E3%83%A9%E3%82%A4%E3%82%AF%E3%83%84%E3%82%A4%E3%83%AB%E3%82%BB%E3%83%83%E3%83%88%E3%82%A2%E3%83%83%E3%83%97%E3%82%B7%E3%83%AA%E3%83%BC%E3%82%BA%E3%80%80%E3%82%B9%E3%82%AB%E3%83%BC%E3%83%88 HTTP/1.1" 200 51438 "-" "Mozilla/5.0 (Linux; Android 6.0.1; Nexus 5X Build/MMB29P) AppleWebKit/537.36 (KHTML, like Gecko) Chrome/135.0.7049.95 Mobile Safari/537.36 (compatible; Googlebot/2.1; +http://www.google.com/bot.html)"
66.249.74.103 - - [29/Apr/2025:21:52:38 -0400] "GET /?k=99159126711506&channel=e508ed&from=article.php%3Fid%3D1267115-18504%26name%3D%E6%B6%B2%E3%81%A0%E3%82%8C%E3%81%97%E3%81%AA%E3%81%84+%E9%80%8F%E6%98%8E+%E5%8A%A0%E5%9C%A7%E5%BC%8F+%E3%82%AA%E3%82%A4%E3%83%AB%E3%82%B9%E3%83%97%E3%83%AC%E3%83%BC+%E3%83%9F%E3%82%B9%E3%83%88%E3%82%B9%E3%83%97%E3%83%AC%E3%83%BC+%E6%A5%B5%E7%B4%B0%E3%81%AE%E3%83%9F%E3%82%B9%E3%83%88+%E3%82%AA%E3%82%A4%E3%83%AB%E3%83%9C%E3%83%88%E3%83%AB+%E9%9C%A7%E5%90%B9%E3%81%8D+%E3%82%AA%E3%82%A4%E3%83%AB+%E3%82%B9%E3%83%97%E3%83%AC%E3%83%BC+%E3%82%B9%E3%83%97%E3%83%AC%E3%83%BC%E3%83%9C%E3%83%88%E3%83%AB+%E6%96%99%E7%90%86%E7%94%A8+%E9%85%A2+%E6%B2%B9%E3%81%95%E3%81%97++%E3%82%AA%E3%82%A4%E3%83%AB%E5%B7%AE%E3%81%97+%E9%98%B2%E5%A1%B5+2%E5%80%8B%E3%82%BB%E3%83%83%E3%83%88+%E6%BC%8F%E3%82%8C%E9%98%B2%E6%AD%A2+%E9%86%A4%E6%B2%B9+%E3%82%AA%E3%82%A4%23aimas563289%EF%BC%88%E6%96%B0%E5%93%81%E6%9C%AA%E4%BD%BF%E7%94%A8+%E3%82%AA%E3%82%A4%E3%83%AB%E3%82%B9%E3%83%97%E3%83%AC%E3%83%BC+%E3%83%8E%E3%83%B3%E3%83%95%E3%83%A9%E3%82%A4%E3%83%A4%E3%83%BC+%E3%82%AA%E3%82%A4%E3%83%AB%E3%82%B9%E3%83%97%E3%83%AC%E3%83%BC+%E6%B6%B2%E3%81%A0%E3%82%8C%E3%81%97%E3%81%AA%E3%81%84+%E3%82%AA%E3%82%A4%E3%83%AB%E3%83%9C%E3%83%88%E3%83%AB+%E6%B2%B9%E3%83%9D%E3%83%83%E3%83%88+%E9%9C%A7%E5%90%B9%E3%81%8D+%E3%82%B9%E3%83%97%E3%83%AC%E3%83%BC%E3%83%9C%E3%83%88%E3%83%AB+%E6%A5%B5%E7%B4%B0%E3%81%AE%E3%83%9F%E3%82%B9%E3%83%88+%E3%82%B9%E3%83%97%E3%83%AC%E3%83%BC%E5%AE%B9%E5%99%A8+%E3%83%9F%E3%82%B9%E3%83%88%E3%82%B9%E3%83%97%E3%83%AC%E3%83%BC++%E6%96%99%E7%90%86%E7%94%A8+%E6%B2%B9%E3%81%95%E3%81%97+%E3%82%AA%E3%82%A4%E3%83%AB%E5%B7%AE%E3%81%97+%E9%80%8F%E6%98%8E+%E9%98%B2%E5%A1%B5+%E6%BC%8F%E3%82%8C%E9%98%B2%E6%AD%A2+%E3%82%AD%E3%83%83%E3%83%81%E3%83%B3%E7%94%A8%E5%93%81+%E8%A9%B0%E3%82%81%E6%9B%BF%E3%81%88%E5%AE%B9%E5%99%A8+-+%E3%83%A1%E3%83%AB%E3%82%AB%E3%83%AA%EF%BC%89 HTTP/1.1" 200 52985 "-" "Mozilla/5.0 (Linux; Android 6.0.1; Nexus 5X Build/MMB29P) AppleWebKit/537.36 (KHTML, like Gecko) Chrome/135.0.7049.95 Mobile Safari/537.36 (compatible; Googlebot/2.1; +http://www.google.com/bot.html)"
66.249.74.103 - - [29/Apr/2025:21:52:46 -0400] "GET /?k=0680015639702&channel=d8cbd2&from=form.php%3Fid%3D156397-3561%26name%3D%E3%83%80%E3%82%A4%E3%83%8B%E3%83%B3%E3%82%B0%E3%83%86%E3%83%BC%E3%83%96%E3%83%AB%E3%82%BB%E3%83%83%E3%83%88+%E3%83%80%E3%82%A4%E3%83%8B%E3%83%B3%E3%82%B0%E3%82%BB%E3%83%83%E3%83%88+4%E7%82%B9%E3%82%BB%E3%83%83%E3%83%88+4%E4%BA%BA%E6%8E%9B%E3%81%91+4%E4%BA%BA%E7%94%A8+%E3%83%95%E3%82%A1%E3%83%96%E3%83%AA%E3%83%83%E3%82%AF+%E3%83%8A%E3%83%81%E3%83%A5%E3%83%A9%E3%83%AB%2F%E3%83%99%E3%83%BC%E3%82%B8%E3%83%A5 HTTP/1.1" 200 54471 "-" "Mozilla/5.0 (Linux; Android 6.0.1; Nexus 5X Build/MMB29P) AppleWebKit/537.36 (KHTML, like Gecko) Chrome/135.0.7049.95 Mobile Safari/537.36 (compatible; Googlebot/2.1; +http://www.google.com/bot.html)"
66.249.74.104 - - [29/Apr/2025:21:52:51 -0400] "GET /?k=7372718615503&channel=5b88a9&from=article.php%3Fid%3D186155-8594%26name%3D%E3%82%A8%E3%82%AB%E3%83%A0%E3%80%80%E3%83%80%E3%83%96%E3%83%AB%E3%83%A9%E3%82%A4%E3%83%80%E3%83%BC%E3%82%B9 HTTP/1.1" 200 0 "-" "Mozilla/5.0 (Linux; Android 6.0.1; Nexus 5X Build/MMB29P) AppleWebKit/537.36 (KHTML, like Gecko) Chrome/135.0.7049.95 Mobile Safari/537.36 (compatible; GoogleOther)"
66.249.74.104 - - [29/Apr/2025:21:52:53 -0400] "GET /?k=8700130463808&channel=5d6d2c&from=jp.php%3Fid%3D304638-11577%26name%3D%E3%83%AC%E3%83%88%E3%83%AD+%E5%9C%B0%E7%90%83%E3%82%B4%E3%83%9E10%E5%80%8B HTTP/1.1" 200 52472 "-" "Mozilla/5.0 (Linux; Android 6.0.1; Nexus 5X Build/MMB29P) AppleWebKit/537.36 (KHTML, like Gecko) Chrome/135.0.7049.95 Mobile Safari/537.36 (compatible; Googlebot/2.1; +http://www.google.com/bot.html)"
66.249.74.103 - - [29/Apr/2025:21:52:59 -0400] "GET /?k=17600128061900&channel=e508ed&from=shop.php%3Fid%3D1280619-18504%26name%3D%E3%83%9C%E3%83%88%E3%83%AB%E3%82%AB%E3%83%90%E3%83%BC+%E3%83%9C%E3%83%88%E3%83%AB%E3%82%B1%E3%83%BC%E3%82%B9+%E3%83%9A%E3%83%83%E3%83%88%E3%83%9C%E3%83%88%E3%83%AB%E3%82%B1%E3%83%BC%E3%82%B9+%E4%BF%9D%E6%B8%A9+%E4%BF%9D%E5%86%B7+500ml+%E6%B0%B4%E7%AD%92%E3%82%AB%E3%83%90%E3%83%BC+%E6%B0%B4%E7%AD%92%E3%82%B1%E3%83%BC%E3%82%B9+%E8%BB%BD%E9%87%8F+%E6%8C%81%E3%81%A1%E9%81%8B%E3%81%B3+%E3%83%9A%E3%83%83%E3%83%88%E3%83%9C%E3%83%88%E3%83%AB+%E5%85%A5%E3%82%8C%E7%89%A9+%E3%83%9E%E3%82%A4%E3%83%9C%E3%83%88%E3%83%AB+%E3%81%8B%E3%82%8F%E3%81%84%E3%81%84+%E3%81%8A%E3%81%97%E3%82%83%E3%82%8C+%E3%83%9C%E3%82%BF%E3%83%8B%E3%82%AB%E3%83%AB+%E8%8A%B1%E6%9F%84+%E3%83%AC%E3%83%A2%E3%83%B3+%E3%82%B1%E3%83%BC%E3%82%B9+%E7%94%B7%E3%81%AE%E5%AD%90+%E5%A5%B3%E3%81%AE%E5%AD%90+BOTANY%26WATERCOLORS HTTP/1.1" 200 53208 "-" "Mozilla/5.0 (Linux; Android 6.0.1; Nexus 5X Build/MMB29P) AppleWebKit/537.36 (KHTML, like Gecko) Chrome/135.0.7049.95 Mobile Safari/537.36 (compatible; Googlebot/2.1; +http://www.google.com/bot.html)"
66.249.74.103 - - [29/Apr/2025:21:53:08 -0400] "GET /?k=97600154530301&channel=60f8a0&from=category-info.php%3Fid%3D1545303-2458%26name%3D%E3%80%90%E6%9C%80%E7%B5%82%E4%BE%A1%E6%A0%BC%E3%80%91%E7%BE%8E%E5%93%81%EF%BC%81%E3%82%AA%E3%83%BC%E3%83%AB%E3%83%87%E3%83%B3ALDEN+45350+%E3%83%AC%E3%82%B6%E3%83%BC%E3%82%BD%E3%82%A6%E3%83%AB%E5%88%A5%E6%B3%A8+US7.5 HTTP/1.1" 200 51886 "-" "Mozilla/5.0 (Linux; Android 6.0.1; Nexus 5X Build/MMB29P) AppleWebKit/537.36 (KHTML, like Gecko) Chrome/135.0.7049.95 Mobile Safari/537.36 (compatible; Googlebot/2.1; +http://www.google.com/bot.html)"
66.249.74.103 - - [29/Apr/2025:21:53:10 -0400] "GET /?k=71096140918401&channel=da8963&from=article.php%3Fid%3D1409184-11715%26name%3DDS-2XS6A87G1-L%2FC32S80+%E3%83%8D%E3%83%83%E3%83%88%E3%83%AF%E3%83%BC%E3%82%AF%E3%82%AB%E3%83%A1%E3%83%A9+%E5%A4%AA%E9%99%BD%E5%85%89%E7%99%BA%E9%9B%BB%E5%9E%8B%E3%82%AB%E3%83%A1%E3%83%A9+%E5%B1%8B%E5%A4%96+%E5%A4%9C%E9%96%93%E3%82%AB%E3%83%A9%E3%83%BC+%E7%B4%84800%E4%B8%87%E7%94%BB%E7%B4%A0 HTTP/1.1" 200 0 "-" "Mozilla/5.0 (Linux; Android 6.0.1; Nexus 5X Build/MMB29P) AppleWebKit/537.36 (KHTML, like Gecko) Chrome/135.0.7049.95 Mobile Safari/537.36 (compatible; GoogleOther)"
66.249.74.103 - - [29/Apr/2025:21:53:11 -0400] "GET /?k=58001198432305&channel=e7afa9&from=brands.php%3Fid%3D1984323-9631%26name%3DLOUIS+VUITTON%E3%83%AB%E3%82%A4%E3%83%B4%E3%82%A3%E3%83%88%E3%83%B32024%E5%B9%B4%E3%81%AE%E6%96%B0%E4%BD%9C%E3%83%8F%E3%82%A4%E3%82%A8%E3%83%B3%E3%83%89%E7%94%B7%E6%80%A7%E7%94%A8%E3%82%B3%E3%83%BC%E3%83%88 HTTP/1.1" 200 50313 "-" "Mozilla/5.0 (Linux; Android 6.0.1; Nexus 5X Build/MMB29P) AppleWebKit/537.36 (KHTML, like Gecko) Chrome/135.0.7049.95 Mobile Safari/537.36 (compatible; Googlebot/2.1; +http://www.google.com/bot.html)"
66.249.74.103 - - [29/Apr/2025:21:53:17 -0400] "GET /?k=3275281141805&channel=a4ea83&from=shop.php%3Fid%3D811418-4935%26name%3D%5BXIMENPER%5D+%E3%83%9C%E3%82%AF%E3%82%B5%E3%83%BC%E3%83%91%E3%83%B3%E3%83%84+%E3%83%A1%E3%83%B3%E3%82%BA+%E7%8A%AC%E6%9F%84+%E3%81%8B%E3%82%8F%E3%81%84%E3%81%84+%E9%9B%AA+%E3%81%9D%E3%82%8A+%E6%BC%AB%E7%94%BB+%E3%83%9C%E3%82%AF%E3%82%B5%E3%83%BC%E3%82%B7%E3%83%A7%E3%83%BC%E3%83%84+%E3%83%AD%E3%83%BC%E3%83%A9%E3%82%A4%E3%82%BA+%E3%83%91%E3%83%B3%E3%83%84+%E7%94%B7%E6%80%A7+%E5%BF%AB%E9%81%A9%E3%83%BB%E3%82%84%E3%82%8F HTTP/1.1" 200 53061 "-" "Mozilla/5.0 (Linux; Android 6.0.1; Nexus 5X Build/MMB29P) AppleWebKit/537.36 (KHTML, like Gecko) Chrome/135.0.7049.95 Mobile Safari/537.36 (compatible; Googlebot/2.1; +http://www.google.com/bot.html)"
66.249.74.103 - - [29/Apr/2025:21:53:22 -0400] "GET /?k=77577187317100&channel=ced9d3&from=info.php%3Fid%3D1873171-9869%26name%3D%E3%82%AF%E3%83%AA%E3%82%B9%E3%83%9E%E3%82%B9%E3%83%90%E3%82%A4%E3%83%B3 HTTP/1.1" 200 52650 "-" "Mozilla/5.0 (Linux; Android 6.0.1; Nexus 5X Build/MMB29P) AppleWebKit/537.36 (KHTML, like Gecko) Chrome/135.0.7049.95 Mobile Safari/537.36 (compatible; Googlebot/2.1; +http://www.google.com/bot.html)"
66.249.74.103 - - [29/Apr/2025:21:53:25 -0400] "GET /?k=912706774700&channel=f5bd21&from=jp.php%3Fid%3D67747-5694%26name%3DJQX-116F-1+012DP-2HT+JQX116F1+012DP2HT+12V+DCV12+12DCV+25A+6PIN+re HTTP/1.1" 200 0 "-" "Mozilla/5.0 (Linux; Android 6.0.1; Nexus 5X Build/MMB29P) AppleWebKit/537.36 (KHTML, like Gecko) Chrome/135.0.7049.95 Mobile Safari/537.36 (compatible; GoogleOther)"
52.167.144.176 - - [29/Apr/2025:21:53:29 -0400] "GET /?k=1221557324804&channel=db0abe&from=jp.php%3Fid%3D573248-6266%26name%3D%E3%83%81%E3%83%A3%E3%83%B3%E3%83%8D%E3%83%AB%E6%8E%92%E6%B0%B4%E6%A0%BC%E5%AD%90%E4%B8%8B%E6%B0%B4%E9%81%93%E3%82%AB%E3%83%90%E3%83%BC%E3%83%97%E3%83%A9%E3%82%B9%E3%83%81%E3%83%83%E3%82%AF%E6%A0%BC%E5%AD%90%E3%80%81%E9%AB%98%E5%88%86%E5%AD%90%E6%A8%B9%E8%84%82%E6%8E%92%E6%B0%B4%E3%82%B9%E3%83%88%E3%83%AC%E3%83%BC%E3%83%8A%E3%83%BC%E3%80%81%E3%83%97%E3%83%AC%E3%83%BC%E3%83%88%E3%82%B0%E3%83%AA%E3%83%83%E3%83%89%E9%9B%A8%E6%B0%B4%E9%95%B7%E6%96%B9%E5%BD%A2%E4%BA%95%E6%88%B8%E3%82%AB%E3%83%90%E3%83%BC%E3%80%81%E7%A7%81%E9%81%93%E8%8A%9D%E7%94%9F%E7%94%A8%E3%80%81%E8%91%89%E3%81%AE%E8%A9%B0 HTTP/1.1" 200 41293 "-" "Mozilla/5.0 AppleWebKit/537.36 (KHTML, like Gecko; compatible; bingbot/2.0; +http://www.bing.com/bingbot.htm) Chrome/116.0.1938.76 Safari/537.36"
66.249.74.103 - - [29/Apr/2025:21:53:32 -0400] "GET /?k=3882334479200&channel=6f48a4&from=news.php%3Fid%3D344792-7970%26name%3D%E3%82%AA%E3%83%BC%E3%83%88%E3%83%90%E3%82%A4%E3%83%8F%E3%83%B3%E3%83%89%E3%83%AB%E3%83%90%E3%83%BC%E3%82%A8%E3%83%B3%E3%83%89%E3%82%B9%E3%83%A9%E3%82%A4%E3%83%80%E3%83%BC%E3%83%97%E3%83%A9%E3%82%B0%E3%82%AD%E3%83%A3%E3%83%83%E3%83%97+%E7%94%A8+%E3%83%A4%E3%83%9E%E3%83%8F+YZF+R1+R+1+2013-2020+%E3%82%AA%E3%83%BC%E3%83%88%E3%83%90%E3%82%A4%E3%82%A2%E3%82%AF%E3%82%BB%E3%82%B5%E3%83%AA%E3%83%BC HTTP/1.1" 200 53696 "-" "Mozilla/5.0 (Linux; Android 6.0.1; Nexus 5X Build/MMB29P) AppleWebKit/537.36 (KHTML, like Gecko) Chrome/135.0.7049.95 Mobile Safari/537.36 (compatible; Googlebot/2.1; +http://www.google.com/bot.html)"
52.167.144.180 - - [29/Apr/2025:21:53:34 -0400] "GET /?k=8880884857300&channel=f92dd7&from=article.php%3Fid%3D848573-11725%26name%3D%E3%82%B4%E3%83%AB%E3%83%95%E3%83%9C%E3%83%BC%E3%83%AB%E7%B7%A8%E3%81%BF%E4%BA%BA%E5%BD%A2%E3%80%81%E3%83%9D%E3%82%B8%E3%83%86%E3%82%A3%E3%83%96%E3%82%B4%E3%83%AB%E3%83%95%E3%83%9C%E3%83%BC%E3%83%AB%E3%81%8B%E3%81%8E%E9%87%9D%E7%B7%A8%E3%81%BF%E4%BA%BA%E5%BD%A2%2C%E9%9D%A2%E7%99%BD%E3%81%84%E8%B1%AA%E8%8F%AF%E3%81%AA%E8%A3%85%E9%A3%BE+%7C+6cm%E3%81%AE%E8%B1%AA%E8%8F%AF%E3%81%AA%E3%81%8A%E5%9C%9F%E7%94%A3%E3%80%81%E3%82%AF%E3%83%AA%E3%82%B9%E3%83%9E%E3%82%B9%E3%80%81%E8%AA%95%E7%94%9F%E6%97%A5%E3%80%81%E5%8D%92%E6%A5%AD%E3%81%AE%E3%81%9F HTTP/1.1" 200 41343 "-" "Mozilla/5.0 AppleWebKit/537.36 (KHTML, like Gecko; compatible; bingbot/2.0; +http://www.bing.com/bingbot.htm) Chrome/116.0.1938.76 Safari/537.36"
52.167.144.180 - - [29/Apr/2025:21:53:34 -0400] "GET /?k=60510103334406&channel=717ae7&from=news.php%3Fid%3D1033344-7644%26name%3D%E5%86%85%E9%83%A8%E3%83%91%E3%82%A4%E3%83%97%E3%82%AB%E3%83%83%E3%82%BF%E3%83%BC%E3%80%81%E8%AA%BF%E7%AF%80%E5%8F%AF%E8%83%BD%E3%81%AA%E6%B7%B1%E3%81%95%E3%82%B2%E3%83%BC%E3%82%B8%E3%82%AC%E3%82%A4%E3%83%89%E9%85%8D%E7%AE%A1%E5%B7%A5%E3%83%84%E3%83%BC%E3%83%AB%E3%80%81%E9%8B%B8%E5%88%83%E5%86%85%E9%83%A8%E3%83%97%E3%83%A9%E3%82%B9%E3%83%81%E3%83%83%E3%82%AF%E3%83%91%E3%82%A4%E3%83%97%E3%82%AB%E3%83%83%E3%82%BF%E3%83%BC6%E3%81%A4%E3%81%AE%E9%8B%B8%E5%88%830.35%E3%82%A4%E3%83%B3%E3%83%81%E5%85%AD%E8%A7%92%E3%82%AD%E3%83%BC%E3%82%B7%E3%83%A3%E3%83%95 HTTP/1.1" 200 41869 "-" "Mozilla/5.0 AppleWebKit/537.36 (KHTML, like Gecko; compatible; bingbot/2.0; +http://www.bing.com/bingbot.htm) Chrome/116.0.1938.76 Safari/537.36"
66.249.74.103 - - [29/Apr/2025:21:53:36 -0400] "GET /?k=27788153349504&channel=4ce931&from=news.php%3Fid%3D1533495-5958%26name%3DTEKTON+1%2F4%E3%82%A4%E3%83%B3%E3%83%81+%E3%83%89%E3%83%A9%E3%82%A4%E3%83%96+x+6%E3%82%A4%E3%83%B3%E3%83%81+%E3%83%95%E3%83%AC%E3%83%83%E3%82%AF%E3%82%B9%E3%83%98%E3%83%83%E3%83%89+%E3%82%B3%E3%83%B3%E3%83%95%E3%82%A9%E3%83%BC%E3%83%88%E3%82%B0%E3%83%AA%E3%83%83%E3%83%97+%E3%83%A9%E3%83%81%E3%82%A7%E3%83%83%E3%83%88+%7C+SRH22006 HTTP/1.1" 200 53083 "-" "Mozilla/5.0 (Linux; Android 6.0.1; Nexus 5X Build/MMB29P) AppleWebKit/537.36 (KHTML, like Gecko) Chrome/135.0.7049.95 Mobile Safari/537.36 (compatible; Googlebot/2.1; +http://www.google.com/bot.html)"
66.249.74.103 - - [29/Apr/2025:21:53:38 -0400] "GET /?k=026039224703&channel=79b07c&from=shop.php%3Fid%3D92247-2404%26name%3D%E3%83%AC%E3%83%BC%E3%82%B6%E3%83%BC%E3%83%97%E3%83%A9%E3%82%A4%E3%83%A0%E3%80%80%E3%83%88%E3%83%A9%E3%83%B3%E3%82%B9%E3%83%95%E3%82%A9%E3%83%BC%E3%83%9E%E3%83%BC%E3%82%BF%E3%82%A4%E3%82%BF%E3%83%B3%E3%82%BA%E3%83%AA%E3%82%BF%E3%83%BC%E3%83%B3%E3%80%80%E3%82%AB%E3%82%AA%E3%82%B9%E3%82%AA%E3%83%B3%E3%83%B4%E3%82%A7%E3%83%AD%E3%82%B7%E3%83%88%E3%83%AD%E3%83%B3 HTTP/1.1" 200 0 "-" "Mozilla/5.0 (Linux; Android 6.0.1; Nexus 5X Build/MMB29P) AppleWebKit/537.36 (KHTML, like Gecko) Chrome/135.0.7049.95 Mobile Safari/537.36 (compatible; GoogleOther)"
52.167.144.225 - - [29/Apr/2025:21:53:38 -0400] "GET /?k=80210124265805&channel=64ce79&from=news.php%3Fid%3D1242658-22354%26name%3D4%E3%83%98%E3%83%83%E3%83%89LED%E6%A4%8D%E7%89%A9%E3%83%95%E3%83%AB%E3%82%B9%E3%83%9A%E3%82%AF%E3%83%88%E3%83%AB%E3%80%81%E3%82%AF%E3%83%AA%E3%83%83%E3%83%97%E3%82%AA%E3%83%B3%E6%A4%8D%E7%89%A9%E6%88%90%E9%95%B7%E3%83%A9%E3%82%A4%E3%83%88%E3%80%81%E8%AA%BF%E5%85%89%E5%8F%AF%E8%83%BD%E3%81%AA3%E3%81%A4%E3%81%AE%E3%83%A9%E3%82%A4%E3%83%88%E3%83%A2%E3%83%BC%E3%83%89%E3%80%81%E8%8B%97%E3%80%81%E6%88%90%E9%95%B7%E3%80%81%E9%96%8B%E8%8A%B1%E7%94%A8%E3%81%AE%E3%82%BF%E3%82%A4%E3%83%9F%E3%83%B3%E3%82%B0%E6%A9%9F%E8%83%BD%E4%BB%98%E3%81%8D%E6%A4%8D%E7%89%A9 HTTP/1.1" 200 41453 "-" "Mozilla/5.0 AppleWebKit/537.36 (KHTML, like Gecko; compatible; bingbot/2.0; +http://www.bing.com/bingbot.htm) Chrome/116.0.1938.76 Safari/537.36"
52.167.144.225 - - [29/Apr/2025:21:53:39 -0400] "GET /?k=1597221727906&channel=ffdee9&from=pin.php%3Fid%3D217279-9179%26name%3DLED%E3%81%AE%E5%9C%B0%E9%9D%A2%E3%83%A9%E3%82%A4%E3%83%88%E6%99%AF%E8%A6%B3%E7%85%A7%E6%98%8E%E3%80%81%E5%9C%B0%E4%B8%AD%E5%9F%8B%E3%82%81%E8%BE%BC%E3%81%BF%E3%83%A9%E3%82%A4%E3%83%88%E3%80%81+%E9%98%B2%E6%B0%B4%E3%82%B9%E3%83%86%E3%83%B3%E3%83%AC%E3%82%B9%E9%8B%BC%E6%B1%A0%E3%82%B9%E3%83%9D%E3%83%83%E3%83%88%E3%83%A9%E3%82%A4%E3%83%88%E3%80%81%E3%83%AA%E3%83%A2%E3%82%B3%E3%83%B3%E4%BB%98%E3%81%8D%E5%A4%89%E8%89%B2+LED+%E3%82%B0%E3%83%A9%E3%82%A6%E3%83%B3%E3%83%89%E3%82%B9%E3%83%9D%E3%83%83%E3%83%88%E3%83%A9%E3%82%A4 HTTP/1.1" 200 41086 "-" "Mozilla/5.0 AppleWebKit/537.36 (KHTML, like Gecko; compatible; bingbot/2.0; +http://www.bing.com/bingbot.htm) Chrome/116.0.1938.76 Safari/537.36"
66.249.74.104 - - [29/Apr/2025:21:53:40 -0400] "GET /?k=1126295240106&channel=fbacb4&from=info.php%3Fid%3D952401-17424%26name%3D3%E6%9E%9A+VacFun+%E3%83%95%E3%82%A3%E3%83%AB%E3%83%A0+%EF%BC%8C+%E3%82%B3%E3%82%B7%E3%83%8A+COSINA+Voigtlander+NOKTON+58mm+F1.4+SLII+N+%E5%90%91%E3%81%91 HTTP/1.1" 200 53472 "-" "Mozilla/5.0 (Linux; Android 6.0.1; Nexus 5X Build/MMB29P) AppleWebKit/537.36 (KHTML, like Gecko) Chrome/135.0.7049.95 Mobile Safari/537.36 (compatible; Googlebot/2.1; +http://www.google.com/bot.html)"
66.249.74.103 - - [29/Apr/2025:21:53:48 -0400] "GET /?k=1766136176700&channel=b9cbef&from=pin.php%3Fid%3D361767-12345%26name%3DRICOH+MP%E3%83%88%E3%83%8A%E3%83%BC%E3%82%AD%E3%83%83%E3%83%88%E3%83%96%E3%83%A9%E3%83%83%E3%82%AF1601 HTTP/1.1" 200 50456 "-" "Mozilla/5.0 (Linux; Android 6.0.1; Nexus 5X Build/MMB29P) AppleWebKit/537.36 (KHTML, like Gecko) Chrome/135.0.7049.95 Mobile Safari/537.36 (compatible; Googlebot/2.1; +http://www.google.com/bot.html)"
66.249.74.104 - - [29/Apr/2025:21:53:54 -0400] "GET /?k=182017275402&channel=0f3048&from=brands.php%3Fid%3D72754-4596%26name%3D%E6%98%A5%E7%89%A9%E3%83%A1%E3%83%B3%E3%82%BA%E3%82%B8%E3%83%A3%E3%82%B1%E3%83%83%E3%83%88+%E3%82%A2%E3%82%A6%E3%82%BF%E3%83%BC+%E3%82%B4%E3%82%A2%E3%83%86%E3%83%83%E3%82%AF%E3%82%B9+%E3%83%AC%E3%82%A4%E3%83%B3%E3%83%96%E3%83%BC%E3%83%84+%E8%BF%B7%E5%BD%A9%E6%9F%84+%E3%83%95%E3%82%A6%E3%82%A8%E3%82%A2%E3%83%A1%E3%83%B3%E3%82%BA%E4%BA%BA%E6%B0%97+%E3%83%90%E3%82%A4+%E3%83%89+%E3%83%96%E3%83%AC%E3%82%B9%E3%83%AC%E3%83%83%E3%83%88+%E3%83%A1%E3%83%B3%E3%82%BA+%E3%83%88%E3%83%AC%E3%83%83%E3%82%AD%E3%83%B3%E3%82%B0 HTTP/1.1" 200 51962 "-" "Mozilla/5.0 (Linux; Android 6.0.1; Nexus 5X Build/MMB29P) AppleWebKit/537.36 (KHTML, like Gecko) Chrome/135.0.7049.95 Mobile Safari/537.36 (compatible; Googlebot/2.1; +http://www.google.com/bot.html)"
66.249.74.104 - - [29/Apr/2025:21:54:02 -0400] "GET /?k=093998384707&channel=4551ba&from=jp.php%3Fid%3D83847-4535%26name%3D%5B%E3%81%8A%E8%B2%B7%E3%81%84%E5%BE%97%5D+FTM-10S+%2B+SENA+SR-10+%2B+%E3%82%A2%E3%83%B3%E3%83%86%E3%83%8A%E3%82%BB%E3%83%83%E3%83%88%E8%B2%A9%E5%A3%B2 HTTP/1.1" 200 51247 "-" "Mozilla/5.0 (Linux; Android 6.0.1; Nexus 5X Build/MMB29P) AppleWebKit/537.36 (KHTML, like Gecko) Chrome/135.0.7049.95 Mobile Safari/537.36 (compatible; Googlebot/2.1; +http://www.google.com/bot.html)"
66.249.74.104 - - [29/Apr/2025:21:54:03 -0400] "GET /?k=0523996661603&channel=89371f&from=jp.php%3Fid%3D966616-10015%26name%3D%E2%98%85+SHIMANO%E3%82%B7%E3%83%9E%E3%83%8E%E3%83%87%E3%83%A5%E3%83%A9%E3%82%A8%E3%83%BC%E3%82%B9+7410+%E3%82%B9%E3%82%AE%E3%83%8Esugino+75%E3%82%AF%E3%83%A9%E3%83%B3%E3%82%AF HTTP/1.1" 200 0 "-" "Mozilla/5.0 (Linux; Android 6.0.1; Nexus 5X Build/MMB29P) AppleWebKit/537.36 (KHTML, like Gecko) Chrome/135.0.7049.95 Mobile Safari/537.36 (compatible; GoogleOther)"
66.249.74.103 - - [29/Apr/2025:21:54:08 -0400] "GET /?k=56639162543304&channel=2c78ef&from=brands.php%3Fid%3D1625433-7966%26name%3D%E7%87%83%E6%96%99%E3%83%9D%E3%83%B3%E3%83%97+%E7%87%83%E6%96%99%E3%83%9D%E3%83%B3%E3%83%97%E3%83%95%E3%83%A5%E3%83%BC%E3%82%A8%E3%83%AB%E3%83%9D%E3%83%B3+MT25%E7%94%A8+MT-25%E7%94%A8+MT250%E7%94%A8+MT03%E7%94%A8+YZF+R25+R25A%E7%94%A8+YZF+R3 HTTP/1.1" 200 51251 "-" "Mozilla/5.0 (Linux; Android 6.0.1; Nexus 5X Build/MMB29P) AppleWebKit/537.36 (KHTML, like Gecko) Chrome/135.0.7049.95 Mobile Safari/537.36 (compatible; Googlebot/2.1; +http://www.google.com/bot.html)"
52.167.144.176 - - [29/Apr/2025:21:54:09 -0400] "GET /?k=32189158994206&channel=2679bd&from=form.php%3Fid%3D1589942-10714%26name%3D%E3%83%AD%E3%83%BC%E3%83%A9%E3%83%BC%E3%82%B9%E3%82%B1%E3%83%BC%E3%83%88%E3%83%AD%E3%83%BC%E3%83%A9%E3%83%BC%E3%82%B9%E3%82%B1%E3%83%BC%E3%83%88%E3%82%B7%E3%83%A5%E3%83%BC%E3%82%BA2in1%E5%A4%9A%E6%A9%9F%E8%83%BD%E5%A4%89%E5%BD%A2%E3%82%B7%E3%83%A5%E3%83%BC%E3%82%BA%E3%83%A6%E3%83%8B%E3%82%BB%E3%83%83%E3%82%AF%E3%82%B9%E5%88%9D%E5%BF%83%E8%80%85%E5%90%91%E3%81%91%E3%81%AE%E6%A0%BC%E7%B4%8D%E5%BC%8F%E3%82%B9%E3%82%B1%E3%83%BC%E3%83%88%E3%83%9C%E3%83%BC%E3%83%87%E3%82%A3%E3%83%B3%E3%82%B0%E3%83%AD%E3%83%BC%E3%83%A9%E3%83%BC%E3%83%96%E3%83%AC%E3%83%BC%E3%83%89 HTTP/1.1" 200 39508 "-" "Mozilla/5.0 AppleWebKit/537.36 (KHTML, like Gecko; compatible; bingbot/2.0; +http://www.bing.com/bingbot.htm) Chrome/116.0.1938.76 Safari/537.36"
66.249.74.103 - - [29/Apr/2025:21:54:14 -0400] "GET /?k=50720174608700&channel=62d5dd&from=shared.php%3Fid%3D1746087-26274%26name%3D%E6%9C%AC%E6%97%A5+%E6%9C%9D%E6%8E%A1%E3%82%8A+%E9%87%8E%E8%8F%9C%E3%82%BB%E3%83%83%E3%83%88+%E9%87%8E%E8%8F%9C%E8%A9%B0%E3%82%81%E5%90%88%E3%82%8F%E3%81%9B+%E3%83%8D%E3%82%B3%E3%83%9D%E3%82%B9 HTTP/1.1" 200 53033 "-" "Mozilla/5.0 (Linux; Android 6.0.1; Nexus 5X Build/MMB29P) AppleWebKit/537.36 (KHTML, like Gecko) Chrome/135.0.7049.95 Mobile Safari/537.36 (compatible; Googlebot/2.1; +http://www.google.com/bot.html)"
66.249.74.103 - - [29/Apr/2025:21:54:20 -0400] "GET /?k=61156121614004&channel=838339&from=category-info.php%3Fid%3D1216140-22059%26name%3DARM+%E5%9B%BA%E5%AE%9A%E3%82%AF%E3%83%A9%E3%83%B3%E3%83%97+LD+200x80+2%E5%80%8B%E3%82%BB%E3%83%83%E3%83%88 HTTP/1.1" 200 50426 "-" "Mozilla/5.0 (Linux; Android 6.0.1; Nexus 5X Build/MMB29P) AppleWebKit/537.36 (KHTML, like Gecko) Chrome/135.0.7049.95 Mobile Safari/537.36 (compatible; Googlebot/2.1; +http://www.google.com/bot.html)"
66.249.74.103 - - [29/Apr/2025:21:54:23 -0400] "GET /?k=80793110771600&channel=dc3aa3&from=product.php%3Fid%3D1107716-4011%26name%3D%E3%83%95%E3%83%AD%E3%83%B3%E3%83%88%E3%82%B5%E3%82%A4%E3%83%89%E3%82%A8%E3%82%A2%E3%83%80%E3%82%AF%E3%83%88%E3%82%AB%E3%83%90%E3%83%BC%E3%83%95%E3%82%A7%E3%82%A2%E3%83%AA%E3%83%B3%E3%82%B0%E3%82%AB%E3%82%A6%E3%83%AB%E3%82%AB%E3%83%BC%E3%83%9C%E3%83%B3%E3%83%95%E3%82%A1%E3%82%A4%E3%83%90%E3%83%BC%E3%82%AB%E3%83%A9%E3%83%BCCBR650F+2014+2015+2016+2017+20 HTTP/1.1" 200 0 "-" "Mozilla/5.0 (Linux; Android 6.0.1; Nexus 5X Build/MMB29P) AppleWebKit/537.36 (KHTML, like Gecko) Chrome/135.0.7049.95 Mobile Safari/537.36 (compatible; GoogleOther)"
66.249.74.103 - - [29/Apr/2025:21:54:27 -0400] "GET /?k=0224183735204&channel=062ec7&from=goods.php%3Fid%3D837352-8233%26name%3D%E3%83%AC%E3%82%B6%E3%83%BC%E3%82%B8%E3%83%A3%E3%82%B1%E3%83%83%E3%83%88 HTTP/1.1" 200 51966 "-" "Mozilla/5.0 (Linux; Android 6.0.1; Nexus 5X Build/MMB29P) AppleWebKit/537.36 (KHTML, like Gecko) Chrome/135.0.7049.95 Mobile Safari/537.36 (compatible; Googlebot/2.1; +http://www.google.com/bot.html)"
2a06:98c0:3600::103 - - [29/Apr/2025:21:54:28 -0400] "GET /wordpress/wp-admin/setup-config.php HTTP/1.1" 200 0 "-" "Mozilla/5.0 (Windows NT 10.0; Win64; x64) AppleWebKit/537.36 (KHTML, like Gecko) Chrome/135.0.0.0 Safari/537.36"
66.249.74.103 - - [29/Apr/2025:21:54:35 -0400] "GET /?k=7288171334001&channel=461bfe&from=shared.php%3Fid%3D713340-9839%26name%3D%E3%82%AD%E3%83%BC%E3%82%BB%E3%83%83%E3%83%88+%E3%82%BF%E3%83%B3%E3%82%AF%E3%82%AD%E3%83%A3%E3%83%83%E3%83%97+%E3%82%AD%E3%83%BC+CB-1%E7%94%A8+CB400F%E7%94%A8+1989+1990+1991%E7%94%A8+CB1000F%E7%94%A8+35010-KAF- HTTP/1.1" 200 51692 "-" "Mozilla/5.0 (Linux; Android 6.0.1; Nexus 5X Build/MMB29P) AppleWebKit/537.36 (KHTML, like Gecko) Chrome/135.0.7049.95 Mobile Safari/537.36 (compatible; Googlebot/2.1; +http://www.google.com/bot.html)"
66.249.74.103 - - [29/Apr/2025:21:54:42 -0400] "GET /?k=8987344775600&channel=934e08&from=blog.php%3Fid%3D447756-13085%26name%3D%E6%8E%83%E9%99%A4%E6%A9%9F+%E3%82%A2%E3%83%A1%E3%83%AA%E3%82%AB+%E3%82%AF%E3%83%AA%E3%83%BC%E3%83%B3+VAC+11+Eureka+RR+H-10+HEPA%E3%82%8D%E9%81%8E+%289%E5%80%8B%E3%83%91%E3%83%83%E3%82%AF%29 HTTP/1.1" 200 54327 "-" "Mozilla/5.0 (Linux; Android 6.0.1; Nexus 5X Build/MMB29P) AppleWebKit/537.36 (KHTML, like Gecko) Chrome/135.0.7049.95 Mobile Safari/537.36 (compatible; Googlebot/2.1; +http://www.google.com/bot.html)"
66.249.74.103 - - [29/Apr/2025:21:54:45 -0400] "GET /?k=8005013106106&channel=9c1544&from=info.php%3Fid%3D131061-8649%26name%3D%E3%82%AD%E3%83%A3%E3%82%B9%E3%82%BF%E3%83%BC%E4%BB%98%E3%81%8D%E3%82%AA%E3%83%BC%E3%83%90%E3%83%BC%E3%83%99%E3%83%83%E3%83%89%E3%83%86%E3%83%BC%E3%83%96%E3%83%AB%E3%80%81%E9%9A%9C%E5%AE%B3%E8%80%85%E7%94%A8%E9%A3%9F%E4%BA%8B%E3%83%86%E3%83%BC%E3%83%96%E3%83%AB%E3%80%81%E6%A4%85%E5%AD%90%E3%81%AE%E4%B8%8A%E3%81%AB%E7%BD%AE%E3%81%84%E3%81%A6%E8%AA%BF%E7%AF%80%E5%8F%AF%E8%83%BD%E3%81%AA%E3%83%86%E3%83%BC%E3%83%96%E3%83%AB%E3%80%81%E6%9C%A8%E8%A3%BD%E3%81%AE%E7%97%85%E9%99%A2%E7%94%A8%E3%82%AA%E3%83%BC%E3%83%90%E3%83%BC%E3%83%99%E3%83%83%E3%83%89%E3%83%86%E3%83%BC%E3%83%96%E3%83%AB%E3%80%81 HTTP/1.1" 200 53284 "-" "Mozilla/5.0 (Linux; Android 6.0.1; Nexus 5X Build/MMB29P) AppleWebKit/537.36 (KHTML, like Gecko) Chrome/135.0.7049.95 Mobile Safari/537.36 (compatible; Googlebot/2.1; +http://www.google.com/bot.html)"
66.249.74.103 - - [29/Apr/2025:21:54:53 -0400] "GET /?k=25915151207603&channel=74820b&from=blog.php%3Fid%3D1512076-1799%26name%3D%E9%A3%9F%E5%99%A8%E5%8F%8E%E7%B4%8D%E3%83%A9%E3%83%83%E3%82%AF%E3%80%81%E9%A3%9F%E5%99%A8%E3%82%AA%E3%83%BC%E3%82%AC%E3%83%8A%E3%82%A4%E3%82%B6%E3%83%BC%E3%83%A9%E3%83%83%E3%82%AF+-+%E6%B0%B4%E5%88%87%E3%82%8A%E3%83%9D%E3%83%83%E3%83%88%E8%93%8B%E3%83%A9%E3%83%83%E3%82%AF%E3%82%B9%E3%82%BF%E3%83%B3%E3%83%89%E3%83%A1%E3%82%BF%E3%83%AB%E3%82%AA%E3%83%BC%E3%82%AC%E3%83%8A%E3%82%A4%E3%82%B6%E3%83%BC%E3%82%B9%E3%82%BF%E3%83%B3%E3%83%89+-+%E9%98%B2%E9%8C%86%E7%9C%81%E3%82%B9%E3%83%9A%E3%83%BC%E3%82%B9%E3%83%9C%E3%82%A6%E3%83%AB%E3%82%AA%E3%83%BC HTTP/1.1" 200 0 "-" "Mozilla/5.0 (Linux; Android 6.0.1; Nexus 5X Build/MMB29P) AppleWebKit/537.36 (KHTML, like Gecko) Chrome/135.0.7049.95 Mobile Safari/537.36 (compatible; GoogleOther)"
66.249.74.103 - - [29/Apr/2025:21:54:57 -0400] "GET /?k=82818124834803&channel=fb928f&from=goods.php%3Fid%3D1248348-3867%26name%3D%E3%83%97%E3%83%AD%E4%BB%95%E6%A7%98%E3%81%AE%E3%83%90%E3%82%A4%E3%82%AA%E3%83%AA%E3%83%B3%E3%82%B1%E3%83%BC%E3%82%B9+4%2F4%E3%82%B5%E3%82%A4%E3%82%BA%2C+%E9%BB%92 HTTP/1.1" 200 52782 "-" "Mozilla/5.0 (Linux; Android 6.0.1; Nexus 5X Build/MMB29P) AppleWebKit/537.36 (KHTML, like Gecko) Chrome/135.0.7049.95 Mobile Safari/537.36 (compatible; Googlebot/2.1; +http://www.google.com/bot.html)"
66.249.74.104 - - [29/Apr/2025:21:55:01 -0400] "GET /?k=10042197769602&channel=ed97ef&from=brands.php%3Fid%3D1977696-27860%26name%3DTANITA+%E4%BD%93%E8%84%82%E8%82%AA%E8%A8%88%E3%83%BB%E4%BD%93%E7%B5%84%E6%88%90%E8%A8%88+%E3%82%A4%E3%82%A8%E3%83%AD%E3%83%BC%E3%80%80%E3%82%B8%E3%83%A3%E3%83%B3%E3%82%AF%E5%93%81%EF%BF%BC HTTP/1.1" 200 0 "-" "Mozilla/5.0 (Linux; Android 6.0.1; Nexus 5X Build/MMB29P) AppleWebKit/537.36 (KHTML, like Gecko) Chrome/135.0.7049.95 Mobile Safari/537.36 (compatible; GoogleOther)"
66.249.74.103 - - [29/Apr/2025:21:55:05 -0400] "GET /?k=27871160588301&channel=ad5b79&from=category-info.php%3Fid%3D1605883-13289%26name%3D%E2%98%86%E6%96%B0%E5%93%81%E2%98%86%E3%83%95%E3%82%A9%E3%83%BC%E3%83%9E%E3%83%AB+%E7%94%B7%E3%81%AE%E5%AD%90%E3%80%80%E3%82%BB%E3%83%83%E3%83%88%E3%82%A2%E3%83%83%E3%83%97%E3%80%80%E5%85%A5%E5%9C%92%E5%BC%8F%E3%80%80%E7%B5%90%E5%A9%9A%E5%BC%8F%E3%80%80%E3%82%B9%E3%83%BC%E3%83%84%E3%80%8090cm HTTP/1.1" 200 51363 "-" "Mozilla/5.0 (Linux; Android 6.0.1; Nexus 5X Build/MMB29P) AppleWebKit/537.36 (KHTML, like Gecko) Chrome/135.0.7049.95 Mobile Safari/537.36 (compatible; Googlebot/2.1; +http://www.google.com/bot.html)"
66.249.74.103 - - [29/Apr/2025:21:55:09 -0400] "GET /?k=9993220828200&channel=abe472&from=form.php%3Fid%3D208282-10328%26name%3DAxiom+15%E3%83%95%E3%82%A3%E3%83%BC%E3%83%88+CAT6A+BENDNFLEX+%E8%B6%85%E8%96%84%E5%9E%8B%E3%82%B9%E3%83%8A%E3%83%83%E3%82%B0%E3%83%AC%E3%82%B9%E3%83%91%E3%83%83%E3%83%81%E3%82%B1%E3%83%BC%E3%83%96%E3%83%AB+650MHZ+%28%E3%82%B0%E3%83%AC%E3%83%BC%29 HTTP/1.1" 200 52700 "-" "Mozilla/5.0 (Linux; Android 6.0.1; Nexus 5X Build/MMB29P) AppleWebKit/537.36 (KHTML, like Gecko) Chrome/135.0.7049.95 Mobile Safari/537.36 (compatible; Googlebot/2.1; +http://www.google.com/bot.html)"
66.249.74.103 - - [29/Apr/2025:21:55:10 -0400] "GET /?k=2312983907303&channel=199a5f&from=jp.php%3Fid%3D839073-18131%26name%3D%E6%9F%B4%E7%94%B0%E3%82%B3%E3%83%B3%E3%82%AF%E3%83%AA%E3%83%BC%E3%83%88+%E4%B8%80%E6%9C%AC%E5%82%98%E7%AB%8B%E3%81%A6+%E3%82%A8%E3%82%B3%E3%82%BB%E3%83%A1%E3%83%B3%E3%83%88%E8%A3%BD+%E3%82%A2%E3%83%83%E3%82%B7%E3%83%A5%E3%82%B3%E3%83%B3%E3%82%BB%E3%83%97%E3%83%88 HTTP/1.1" 200 0 "-" "Mozilla/5.0 (Linux; Android 6.0.1; Nexus 5X Build/MMB29P) AppleWebKit/537.36 (KHTML, like Gecko) Chrome/135.0.7049.95 Mobile Safari/537.36 (compatible; GoogleOther)"
66.249.74.103 - - [29/Apr/2025:21:55:16 -0400] "GET /?k=68841143182501&channel=f57b1d&from=news.php%3Fid%3D1431825-539%26name%3D%E6%96%B0%E6%A0%84%E9%AB%98%E6%A0%A1%E3%80%80%E5%88%B6%E6%9C%8D HTTP/1.1" 200 51566 "-" "Mozilla/5.0 (Linux; Android 6.0.1; Nexus 5X Build/MMB29P) AppleWebKit/537.36 (KHTML, like Gecko) Chrome/135.0.7049.95 Mobile Safari/537.36 (compatible; Googlebot/2.1; +http://www.google.com/bot.html)"
66.249.74.103 - - [29/Apr/2025:21:55:25 -0400] "GET /?k=08706165990000&channel=10771f&from=brands.php%3Fid%3D1659900-14504%26name%3D2+%E5%80%8B+M4+M5+M6+%E3%83%AD%E3%83%BC%E3%83%AC%E3%83%83%E3%83%88%E3%81%A4%E3%81%BE%E3%81%BF%E3%83%8D%E3%82%B8%E7%99%BD%E8%B5%A4%E9%BB%92%E3%82%A2%E3%83%AB%E3%83%9F%E5%90%88%E9%87%91%E8%AA%BF%E6%95%B4%E9%AB%98%E9%A0%AD%E3%82%B9%E3%83%86%E3%83%83%E3%83%97%E3%83%8D%E3%82%B8+%28Color+%3A+Black%2C+Size+%3A+1 HTTP/1.1" 200 53354 "-" "Mozilla/5.0 (Linux; Android 6.0.1; Nexus 5X Build/MMB29P) AppleWebKit/537.36 (KHTML, like Gecko) Chrome/135.0.7049.95 Mobile Safari/537.36 (compatible; Googlebot/2.1; +http://www.google.com/bot.html)"
66.249.74.103 - - [29/Apr/2025:21:55:26 -0400] "GET /?k=278722858401&channel=b06aa9&from=article.php%3Fid%3D28584-3314%26name%3DSMEJS+%E9%A0%AD%E9%A3%BE%E3%82%8A+%E9%9F%93%E6%9C%8D+%E3%83%81%E3%83%A3%E3%82%A4%E3%83%8A%E3%83%89%E3%83%AC%E3%82%B9+%E3%82%B8%E3%83%A5%E3%82%A8%E3%83%AA%E3%83%BC+%E3%83%98%E3%82%A2%E3%83%94%E3%83%B3+%E5%A5%B3%E6%80%A7%E3%81%AE%E9%AB%AA%E5%BD%A2+%E3%83%98%E3%82%A2%E3%83%94%E3%83%B3+%E3%83%98%E3%82%A2%E3%83%94%E3%83%B3 HTTP/1.1" 200 0 "-" "Mozilla/5.0 (Linux; Android 6.0.1; Nexus 5X Build/MMB29P) AppleWebKit/537.36 (KHTML, like Gecko) Chrome/135.0.7049.95 Mobile Safari/537.36 (compatible; GoogleOther)"
40.77.167.33 - - [29/Apr/2025:21:55:31 -0400] "GET /?k=0722940332200&channel=eb4f46&from=blog.php%3Fid%3D403322-2525%26name%3D%E3%82%A8%E3%83%B3%E3%83%93%E3%83%AD%E3%83%B3%E3%82%A2%E3%82%AF%E3%82%A2%E3%82%AA%E3%82%A4%E3%83%AB%E3%80%81%E3%82%AF%E3%83%AC%E3%82%A4%E3%83%86%E3%83%83%E3%82%AF%E3%83%9E%E3%82%B9%E3%82%AF HTTP/1.1" 200 41462 "-" "Mozilla/5.0 AppleWebKit/537.36 (KHTML, like Gecko; compatible; bingbot/2.0; +http://www.bing.com/bingbot.htm) Chrome/116.0.1938.76 Safari/537.36"
66.249.74.103 - - [29/Apr/2025:21:55:32 -0400] "GET /?k=9221197364104&channel=0ef18f&from=blog.php%3Fid%3D973641-13582%26name%3D%E3%82%BF%E3%83%AA%E3%82%B9%E3%82%AB%E3%83%BC+%E3%83%87%E3%82%A3%E3%82%B9%E3%83%86%E3%82%A3%E3%83%A9%E3%83%BC%E3%82%BA+%E3%82%A8%E3%83%87%E3%82%A3%E3%82%B7%E3%83%A7%E3%83%B3+%E7%AE%B1%E5%85%A5%E3%82%8A+%5B+%E3%82%A6%E3%82%A4%E3%82%B9%E3%82%AD%E3%83%BC+%E3%82%A4%E3%82%AE%E3%83%AA%E3%82%B9+700ml+%5D+%5B%E3%82%AE%E3%83%95%E3%83%88Box%E5%85%A5%E3%82%8A%5D HTTP/1.1" 200 51952 "-" "Mozilla/5.0 (Linux; Android 6.0.1; Nexus 5X Build/MMB29P) AppleWebKit/537.36 (KHTML, like Gecko) Chrome/135.0.7049.95 Mobile Safari/537.36 (compatible; Googlebot/2.1; +http://www.google.com/bot.html)"
66.249.74.103 - - [29/Apr/2025:21:55:33 -0400] "GET /?k=98492197490700&channel=4a5cf8&from=product.php%3Fid%3D1974907-27847%26name%3D%E3%80%8A%E7%9B%B4%E7%AD%86%E3%82%B5%E3%82%A4%E3%83%B3%E5%85%A5%E3%82%8ACD%E3%80%8B%EF%BC%BB%E6%9B%BD%E6%88%91%E9%83%A8%E6%81%B5%E4%B8%80BAND+%E9%AD%94%E6%B3%95%E3%81%AE%E3%83%90%E3%82%B9%E3%81%AB%E4%B9%97%E3%81%A3%E3%81%A6%EF%BC%BDP%26C+ROSE+RECORDS+2007 HTTP/1.1" 200 0 "-" "Mozilla/5.0 (Linux; Android 6.0.1; Nexus 5X Build/MMB29P) AppleWebKit/537.36 (KHTML, like Gecko) Chrome/135.0.7049.95 Mobile Safari/537.36 (compatible; GoogleOther)"
66.249.74.103 - - [29/Apr/2025:21:55:35 -0400] "GET /?k=2851523138602&channel=a2aeea&from=info.php%3Fid%3D231386-3998%26name%3D%E8%87%AA%E5%8B%95%E8%BB%8A%E9%83%A8%E5%93%81%E3%83%91%E3%83%AF%E3%83%BC%E3%82%B9%E3%83%86%E3%82%A2%E3%83%AA%E3%83%B3%E3%82%B0%E3%83%A9%E3%83%83%E3%82%AF%E3%82%B9%E3%82%BA%E3%82%AD%E3%82%B9%E3%83%97%E3%83%A9%E3%83%83%E3%82%B7%E3%83%A5%E3%82%B9%E3%82%A4%E3%83%95%E3%83%88%E3%82%AA%E3%83%9A%E3%83%AB%E3%82%A2%E3%82%AE%E3%83%A9+48580-63J50+4858063J50+%E7%94%A8 HTTP/1.1" 200 52406 "-" "Mozilla/5.0 (Linux; Android 6.0.1; Nexus 5X Build/MMB29P) AppleWebKit/537.36 (KHTML, like Gecko) Chrome/135.0.7049.95 Mobile Safari/537.36 (compatible; Googlebot/2.1; +http://www.google.com/bot.html)"
66.249.74.103 - - [29/Apr/2025:21:55:40 -0400] "GET /?k=89973117941700&channel=45b982&from=shared.php%3Fid%3D1179417-15644%26name%3D%E5%BE%8C%E8%97%A4%E6%8B%93%E7%A3%A8%E3%80%80RAMPAGE%E3%80%80%E3%83%95%E3%82%A9%E3%83%88%E3%82%AB%E3%83%BC%E3%83%892%E6%9E%9A%E3%82%BB%E3%83%83%E3%83%88 HTTP/1.1" 200 51614 "-" "Mozilla/5.0 (Linux; Android 6.0.1; Nexus 5X Build/MMB29P) AppleWebKit/537.36 (KHTML, like Gecko) Chrome/135.0.7049.95 Mobile Safari/537.36 (compatible; Googlebot/2.1; +http://www.google.com/bot.html)"
66.249.74.103 - - [29/Apr/2025:21:55:43 -0400] "GET /?k=80259116585206&channel=d566ee&from=shared.php%3Fid%3D1165852-2852%26name%3D5%E5%80%8B%E3%82%BB%E3%83%83%E3%83%88+%E6%B4%8B%E9%99%B6%E3%82%AA%E3%83%BC%E3%83%97%E3%83%B3+%E3%83%96%E3%83%A9%E3%83%B3%E3%82%B7%E3%82%A7+III+%E8%B5%A4%E3%82%86%E3%82%89%E3%81%8E%E3%83%9C%E3%82%A6%E3%83%ABSS+%5B9.2x7.6x3.5cm%5D+%28%E6%B5%B7%E5%A4%96%E8%A3%BD%29+%E3%83%AC%E3%82%B9%E3%83%88%E3%83%A9%E3%83%B3+%E3%83%9B%E3%83%86%E3%83%AB+%E3%82%AB HTTP/1.1" 200 0 "-" "Mozilla/5.0 (Linux; Android 6.0.1; Nexus 5X Build/MMB29P) AppleWebKit/537.36 (KHTML, like Gecko) Chrome/135.0.7049.95 Mobile Safari/537.36 (compatible; GoogleOther)"
2a06:98c0:3600::103 - - [29/Apr/2025:21:55:45 -0400] "GET /wp-admin/setup-config.php HTTP/1.1" 200 0 "-" "Mozilla/5.0 (Windows NT 10.0; Win64; x64) AppleWebKit/537.36 (KHTML, like Gecko) Chrome/135.0.0.0 Safari/537.36"
66.249.74.104 - - [29/Apr/2025:21:55:49 -0400] "GET /?k=6352947249300&channel=3762de&from=brands.php%3Fid%3D472493-6001%26name%3DMoog+Minitaur HTTP/1.1" 200 51601 "-" "Mozilla/5.0 (Linux; Android 6.0.1; Nexus 5X Build/MMB29P) AppleWebKit/537.36 (KHTML, like Gecko) Chrome/135.0.7049.95 Mobile Safari/537.36 (compatible; Googlebot/2.1; +http://www.google.com/bot.html)"
