66.249.74.103 - - [29/Apr/2025:22:01:45 -0400] "GET /?k=36057114496800&channel=74820b&from=news.php%3Fid%3D1144968-1799%26name%3D%E3%82%B9%E3%83%86%E3%83%B3%E3%83%AC%E3%82%B9+58+%E3%83%9F%E3%83%AA%E3%83%A1%E3%83%BC%E3%83%88%E3%83%AB%E3%82%AB%E3%83%83%E3%83%97%E3%82%B3%E3%83%BC%E3%83%92%E3%83%BC%E3%83%91%E3%82%A6%E3%83%80%E3%83%BC%E3%82%AD%E3%83%A3%E3%83%83%E3%83%81%E3%83%A3%E3%83%BC%E3%82%A8%E3%82%B9%E3%83%97%E3%83%AC%E3%83%83%E3%82%BD%E3%82%A2%E3%82%AF%E3%82%BB%E3%82%B5%E3%83%AA%E3%83%BC%E3%83%9D%E3%83%AB%E3%82%BF%E3%83%95%E3%82%A3%E3%83%AB%E3%82%BF%E3%83%BC%E3%82%AB%E3%83%83%E3%83%97%E3%82%B3%E3%83%BC%E3%83%92%E3%83%BC%E3%82%B7%E3%83%A7%E3%83%83%E3%83%97%E3%83%9B%E3%83%BC%E3%83%A0 HTTP/1.1" 200 53214 "-" "Mozilla/5.0 (Linux; Android 6.0.1; Nexus 5X Build/MMB29P) AppleWebKit/537.36 (KHTML, like Gecko) Chrome/135.0.7049.95 Mobile Safari/537.36 (compatible; Googlebot/2.1; +http://www.google.com/bot.html)"
66.249.74.103 - - [29/Apr/2025:22:01:46 -0400] "GET /?k=7208630439800&channel=390fdd&from=pin.php%3Fid%3D304398-9707%26name%3D%E7%BE%8E%E5%93%81%E2%97%86%E3%82%B9%E3%82%BA%E3%82%AD+%E3%82%B9%E3%83%9A%E3%83%BC%E3%82%B7%E3%82%A2%E3%82%AE%E3%82%A2+14%E3%82%A4%E3%83%B3%E3%83%81+%E7%B4%94%E6%AD%A3%E3%82%BF%E3%82%A4%E3%83%A4%E3%83%9B%E3%82%A4%E3%83%BC%E3%83%AB%E3%82%BB%E3%83%83%E3%83%88%E2%97%86155%2F65 HTTP/1.1" 200 52713 "-" "Mozilla/5.0 (Linux; Android 6.0.1; Nexus 5X Build/MMB29P) AppleWebKit/537.36 (KHTML, like Gecko) Chrome/135.0.7049.95 Mobile Safari/537.36 (compatible; Googlebot/2.1; +http://www.google.com/bot.html)"
66.249.74.104 - - [29/Apr/2025:22:01:53 -0400] "GET /?k=95292124346200&channel=4a123c&from=product.php%3Fid%3D1243462-4512%26name%3D%5B%E6%9C%AA%E9%96%8B%E5%B0%81%5D+%E3%83%9B%E3%83%83%E3%83%88%E3%83%88%E3%82%A4%E3%82%BA%E3%80%80%E3%82%B9%E3%82%AB%E3%83%BC%E3%83%AC%E3%83%83%E3%83%88%E3%82%A6%E3%82%A3%E3%83%83%E3%83%81%E3%80%80DX%E7%89%88 HTTP/1.1" 200 51257 "-" "Mozilla/5.0 (Linux; Android 6.0.1; Nexus 5X Build/MMB29P) AppleWebKit/537.36 (KHTML, like Gecko) Chrome/135.0.7049.95 Mobile Safari/537.36 (compatible; Googlebot/2.1; +http://www.google.com/bot.html)"
66.249.74.105 - - [29/Apr/2025:22:02:00 -0400] "GET /?k=64927103811906&channel=ec99ef&from=blog.php%3Fid%3D1038119-19340%26name%3D%E3%82%AA%E3%83%BC%E3%83%88%E3%83%90%E3%82%A4%E3%81%AE%E3%83%96%E3%83%AC%E3%83%BC%E3%82%AD%E3%83%9E%E3%82%B9%E3%82%BF%E3%83%BC%E3%82%B7%E3%83%AA%E3%83%B3%E3%83%80%E3%83%BC%E3%82%AF%E3%83%A9%E3%83%83%E3%83%81+%E3%82%AA%E3%83%BC%E3%83%88%E3%83%90%E3%82%A4%E3%82%A2%E3%82%AF%E3%82%BB%E3%82%B5%E3%83%AA%E3%83%BC+CNC+%E8%AA%BF%E6%95%B4%E5%8F%AF%E8%83%BD%E3%81%AA%E6%8A%98%E3%82%8A%E3%81%9F%E3%81%9F%E3%81%BF%E6%8B%A1%E5%BC%B5%E5%8F%AF%E8%83%BD%E3%81%AA%E3%83%96%E3%83%AC%E3%83%BC%E3%82%AD%E3%82%AF%E3%83%A9%E3%83%83%E3%83%81%E3%83%AC%E3%83%90%E3%83%BC HTTP/1.1" 200 0 "-" "Mozilla/5.0 (Linux; Android 6.0.1; Nexus 5X Build/MMB29P) AppleWebKit/537.36 (KHTML, like Gecko) Chrome/135.0.7049.95 Mobile Safari/537.36 (compatible; GoogleOther)"
66.249.74.105 - - [29/Apr/2025:22:02:02 -0400] "GET /?k=92148124710604&channel=65d26d&from=category-info.php%3Fid%3D1247106-22377%26name%3D%E3%80%90%E6%96%B0%E5%93%81%E3%82%BF%E3%82%B0%E4%BB%98%E3%81%8D%E3%80%91%E3%80%90150%E3%8E%9D%E5%89%8D%E5%BE%8C%E3%81%AE%E5%B0%8F%E6%9F%84%E3%81%95%E3%82%93%E3%82%B5%E3%82%A4%E3%82%BA%E3%80%91%E3%83%AC%E3%83%BC%E3%82%B9%E3%83%AC%E3%82%A4%E3%83%A4%E3%83%BC%E3%83%89%E3%83%AF%E3%83%B3%E3%83%94%E3%83%BC%E3%82%B9 HTTP/1.1" 200 50277 "-" "Mozilla/5.0 (Linux; Android 6.0.1; Nexus 5X Build/MMB29P) AppleWebKit/537.36 (KHTML, like Gecko) Chrome/135.0.7049.95 Mobile Safari/537.36 (compatible; Googlebot/2.1; +http://www.google.com/bot.html)"
66.249.74.104 - - [29/Apr/2025:22:02:08 -0400] "GET /?k=0098484779803&channel=052fbc&from=news.php%3Fid%3D847798-13081%26name%3D%28%E3%82%BF%E3%82%A4%E3%83%89%E3%83%87%E3%82%B6%E3%82%A4%E3%83%B3%29+TYD+Designs+iPod+Touch%E3%82%B1%E3%83%BC%E3%82%B9+%E7%AC%AC6%E4%B8%96%E4%BB%A3%E3%81%BE%E3%81%9F%E3%81%AF%E7%AC%AC5%E4%B8%96%E4%BB%A3%E3%81%AE%E3%82%B5%E3%83%83%E3%82%AB%E3%83%BC%E3%83%9C%E3%83%BC%E3%83%AB+%236900+%E3%81%82%E3%82%89%E3%82%86%E3%82%8B HTTP/1.1" 200 52138 "-" "Mozilla/5.0 (Linux; Android 6.0.1; Nexus 5X Build/MMB29P) AppleWebKit/537.36 (KHTML, like Gecko) Chrome/135.0.7049.95 Mobile Safari/537.36 (compatible; Googlebot/2.1; +http://www.google.com/bot.html)"
66.249.74.103 - - [29/Apr/2025:22:02:15 -0400] "GET /?k=16124173879700&channel=ec6802&from=brands.php%3Fid%3D1738797-26310%26name%3DNHK%E6%92%83%E9%80%80%E3%82%B7%E3%83%BC%E3%83%AB HTTP/1.1" 200 51826 "-" "Mozilla/5.0 (Linux; Android 6.0.1; Nexus 5X Build/MMB29P) AppleWebKit/537.36 (KHTML, like Gecko) Chrome/135.0.7049.95 Mobile Safari/537.36 (compatible; Googlebot/2.1; +http://www.google.com/bot.html)"
52.167.144.228 - - [29/Apr/2025:22:02:19 -0400] "GET /?k=29993174159106&channel=4fbf01&from=goods.php%3Fid%3D1741591-20243%26name%3D%E5%B1%8B%E5%A4%96%E3%82%B5%E3%83%B3%E3%82%B7%E3%82%A7%E3%83%BC%E3%83%89%E5%82%98%E3%80%81%E5%B1%8B%E5%A4%96%E3%83%86%E3%83%BC%E3%83%96%E3%83%AB%E3%83%9E%E3%83%BC%E3%82%B1%E3%83%83%E3%83%88%E3%83%A4%E3%83%BC%E3%83%89%E5%82%98%E3%80%81%E3%82%AF%E3%83%A9%E3%83%B3%E3%82%AF%E3%81%A8%E9%A0%91%E4%B8%88%E3%81%AA%E3%83%AA%E3%83%96%E3%81%AE%E7%B0%A1%E5%8D%98%E3%81%AA%E3%83%97%E3%83%83%E3%82%B7%E3%83%A5%E3%83%9C%E3%82%BF%E3%83%B3%E3%80%81%E8%80%90%E9%A2%A8%E6%80%A7%E3%80%81%E8%80%90%E4%B9%85%E6%80%A7%E3%80%81%E8%BB%BD%E9%87%8F HTTP/1.1" 200 41576 "-" "Mozilla/5.0 AppleWebKit/537.36 (KHTML, like Gecko; compatible; bingbot/2.0; +http://www.bing.com/bingbot.htm) Chrome/116.0.1938.76 Safari/537.36"
40.77.167.33 - - [29/Apr/2025:22:02:23 -0400] "GET /?k=2262678606000&channel=b1ed40&from=shop.php%3Fid%3D786060-14700%26name%3DDLAK%28%E3%83%87%E3%82%A3%E3%83%A9%E3%83%83%E3%82%AF%29+%E7%AD%86%E3%82%92%E4%BD%BF%E3%81%A3%E3%81%9F%E7%B5%B5%E7%94%BB%E3%81%A8%E6%9B%B8%E9%81%93+%E3%82%A2%E3%83%BC%E3%83%88%E3%83%84%E3%83%BC%E3%83%AB+%E5%88%9D%E5%BF%83%E8%80%85%E5%90%91%E3%81%91%E6%96%87%E5%85%B7+%E7%B5%B5%E7%AD%86%E3%83%9A%E3%82%A4%E3%83%B3%E3%82%BF%E3%83%BC HTTP/1.1" 200 42391 "-" "Mozilla/5.0 AppleWebKit/537.36 (KHTML, like Gecko; compatible; bingbot/2.0; +http://www.bing.com/bingbot.htm) Chrome/116.0.1938.76 Safari/537.36"
66.249.74.103 - - [29/Apr/2025:22:02:24 -0400] "GET /?k=794616827804&channel=071464&from=news.php%3Fid%3D68278-4170%26name%3D%E3%82%B0%E3%83%AC%E3%83%BC%E3%81%AE%E9%98%B2%E6%B0%B4%E3%82%B7%E3%83%BC%E3%83%88+%E9%A0%91%E4%B8%88%E3%81%AA%E4%B8%A1%E9%9D%A2%E9%98%B2%E6%B0%B4+PVC+%E9%98%B2%E6%B0%B4%E3%82%B7%E3%83%BC%E3%83%88+%E5%A4%9A%E7%9B%AE%E7%9A%84%E9%98%B2%E6%B0%B4%E3%82%B7%E3%83%BC%E3%83%88%E3%82%AB%E3%83%90%E3%83%BC+%E3%83%9C%E3%83%BC%E3%83%88+%E3%83%AD%E3%82%B0%E3%82%B9%E3%83%88%E3%82%A2+%E5%B1%8B%E6%A0%B9%E3%82%B7%E3%83%BC%E3%83%88+%E3%82%B0%E3%83%AD%E3%83%A1%E3%83%83%E3%83%88%E3%81%A8%E8%A3%9C%E5%BC%B7%E3%82%A8%E3%83%83 HTTP/1.1" 200 51581 "-" "Mozilla/5.0 (Linux; Android 6.0.1; Nexus 5X Build/MMB29P) AppleWebKit/537.36 (KHTML, like Gecko) Chrome/135.0.7049.95 Mobile Safari/537.36 (compatible; Googlebot/2.1; +http://www.google.com/bot.html)"
66.249.74.103 - - [29/Apr/2025:22:02:30 -0400] "GET /?k=17211167921300&channel=e051eb&from=pin.php%3Fid%3D1679213-5689%26name%3D8+%E5%80%8B%E3%82%AB%E3%83%BC%E3%82%A2%E3%82%AF%E3%82%BB%E3%82%B5%E3%83%AA%E3%83%BC%E7%87%83%E6%96%99%E3%82%A4%E3%83%B3%E3%82%B8%E3%82%A7%E3%82%AF%E3%82%BF%E3%83%BC+MR2+23250-74100+23209-74100+2325074100+%E3%81%A8%E4%BA%92%E6%8F%9B%E6%80%A7%E3%81%82%E3%82%8A HTTP/1.1" 200 52734 "-" "Mozilla/5.0 (Linux; Android 6.0.1; Nexus 5X Build/MMB29P) AppleWebKit/537.36 (KHTML, like Gecko) Chrome/135.0.7049.95 Mobile Safari/537.36 (compatible; Googlebot/2.1; +http://www.google.com/bot.html)"
66.249.74.103 - - [29/Apr/2025:22:02:34 -0400] "GET /?k=80729189567200&channel=916bd3&from=product.php%3Fid%3D1895672-22413%26name%3DCELINE+%E3%83%90%E3%82%B1%E3%83%83%E3%83%88%E3%83%8F%E3%83%83%E3%83%88+M HTTP/1.1" 200 0 "-" "Mozilla/5.0 (Linux; Android 6.0.1; Nexus 5X Build/MMB29P) AppleWebKit/537.36 (KHTML, like Gecko) Chrome/135.0.7049.95 Mobile Safari/537.36 (compatible; GoogleOther)"
66.249.74.103 - - [29/Apr/2025:22:02:35 -0400] "GET /?k=5727874070700&channel=36f3cb&from=news.php%3Fid%3D740707-1474%26name%3D%E2%97%8F%E2%80%9C%E3%81%99%E3%81%94%E3%81%8F%E7%B4%A0%E6%95%B5%E3%81%AA%E8%88%9E%E5%8F%B0%E3%81%A7%E3%81%97%E3%81%9F%E2%80%9D%E5%A4%A7%E5%92%8C%E9%BA%BB%E5%BC%A5%E3%80%80RRR%E3%80%80BD%2FW54-T30R%E3%80%80%E3%83%B4%E3%82%A1%E3%82%A4%E3%82%B9%E3%82%B7%E3%83%A5%E3%83%B4%E3%82%A1%E3%83%AB%E3%83%84%E3%80%80%E3%83%90%E3%83%B3%E3%83%89%E3%83%AA%E3%80%80BanGDream%21 HTTP/1.1" 200 53437 "-" "Mozilla/5.0 (Linux; Android 6.0.1; Nexus 5X Build/MMB29P) AppleWebKit/537.36 (KHTML, like Gecko) Chrome/135.0.7049.95 Mobile Safari/537.36 (compatible; Googlebot/2.1; +http://www.google.com/bot.html)"
66.249.74.103 - - [29/Apr/2025:22:02:41 -0400] "GET /?k=9287040806904&channel=26b593&from=pin.php%3Fid%3D408069-2228%26name%3D6T40+6T45+TCU+Gen2+%E3%83%88%E3%83%A9%E3%83%B3%E3%82%B9%E3%83%9F%E3%83%83%E3%82%B7%E3%83%A7%E3%83%B3%E5%88%B6%E5%BE%A1%E3%83%A2%E3%82%B8%E3%83%A5%E3%83%BC%E3%83%AB%E3%82%BD%E3%83%AC%E3%83%8E%E3%82%A4%E3%83%89%E4%BB%98%E3%81%8D+24265789+24264425+24265 HTTP/1.1" 200 53061 "-" "Mozilla/5.0 (Linux; Android 6.0.1; Nexus 5X Build/MMB29P) AppleWebKit/537.36 (KHTML, like Gecko) Chrome/135.0.7049.95 Mobile Safari/537.36 (compatible; Googlebot/2.1; +http://www.google.com/bot.html)"
66.249.74.103 - - [29/Apr/2025:22:02:47 -0400] "GET /?k=3954151814300&channel=9c3fd8&from=shop.php%3Fid%3D518143-2167%26name%3D%E3%83%9B%E3%83%A1%E3%82%AA%E3%82%B9%E3%82%BF%E3%82%A4%E3%83%AB%E7%89%9B%E9%9D%A9%E3%83%90%E3%83%83%E3%82%AF%E3%80%80%E3%83%81%E3%83%A3%E3%83%BC%E3%83%A0%E4%BB%98%E3%81%8D HTTP/1.1" 200 0 "-" "Mozilla/5.0 (Linux; Android 6.0.1; Nexus 5X Build/MMB29P) AppleWebKit/537.36 (KHTML, like Gecko) Chrome/135.0.7049.95 Mobile Safari/537.36 (compatible; GoogleOther)"
66.249.74.103 - - [29/Apr/2025:22:02:48 -0400] "GET /?k=17989194366501&channel=855a44&from=blog.php%3Fid%3D1943665-1974%26name%3Dgreen+label+relaxing+%E3%83%8E%E3%83%BC%E3%83%A9%E3%83%9A%E3%83%AB%E3%82%B3%E3%83%BC%E3%83%88 HTTP/1.1" 200 53085 "-" "Mozilla/5.0 (Linux; Android 6.0.1; Nexus 5X Build/MMB29P) AppleWebKit/537.36 (KHTML, like Gecko) Chrome/135.0.7049.95 Mobile Safari/537.36 (compatible; Googlebot/2.1; +http://www.google.com/bot.html)"
66.249.74.104 - - [29/Apr/2025:22:02:57 -0400] "GET /?k=0129075301701&channel=541036&from=news.php%3Fid%3D753017-3906%26name%3DSALOMON+S%2FRACE+RUSH+SL165+%2B+X12+18%2F19 HTTP/1.1" 200 50744 "-" "Mozilla/5.0 (Linux; Android 6.0.1; Nexus 5X Build/MMB29P) AppleWebKit/537.36 (KHTML, like Gecko) Chrome/135.0.7049.95 Mobile Safari/537.36 (compatible; Googlebot/2.1; +http://www.google.com/bot.html)"
66.249.74.105 - - [29/Apr/2025:22:03:03 -0400] "GET /?k=401228752400&channel=eb669e&from=brands.php%3Fid%3D87524-604%26name%3D%E3%82%A4%E3%82%B6%E3%83%8E%E3%83%83%E3%82%AF%E3%82%B9+%E6%97%A5%E7%84%BC%E3%81%91%E6%AD%A2%E3%82%81 HTTP/1.1" 200 50859 "-" "Mozilla/5.0 (Linux; Android 6.0.1; Nexus 5X Build/MMB29P) AppleWebKit/537.36 (KHTML, like Gecko) Chrome/135.0.7049.95 Mobile Safari/537.36 (compatible; Googlebot/2.1; +http://www.google.com/bot.html)"
66.249.74.103 - - [29/Apr/2025:22:03:10 -0400] "GET /?k=550055848702&channel=1771ae&from=shop.php%3Fid%3D58487-2186%26name%3DZAPYVET+%E8%BB%8A%E3%81%AE%E3%83%95%E3%83%AD%E3%83%B3%E3%83%88%E3%82%A8%E3%83%B3%E3%82%B8%E3%83%B3%E3%83%95%E3%83%BC%E3%83%89%E9%81%AE%E9%9F%B3%E7%B6%BF%E3%83%91%E3%83%83%E3%83%89%E9%98%B2%E9%9F%B3%E3%83%9E%E3%83%83%E3%83%88%E3%83%95%E3%82%A9%E3%83%BC%E3%83%A0%E3%80%81%E3%80%81B%E3%82%AF%E3%83%A9%E3%82%B9W246+B180+B200+2012-2018 HTTP/1.1" 200 52655 "-" "Mozilla/5.0 (Linux; Android 6.0.1; Nexus 5X Build/MMB29P) AppleWebKit/537.36 (KHTML, like Gecko) Chrome/135.0.7049.95 Mobile Safari/537.36 (compatible; Googlebot/2.1; +http://www.google.com/bot.html)"
66.249.74.104 - - [29/Apr/2025:22:03:14 -0400] "GET /?k=50983172895000&channel=e5acc8&from=shop.php%3Fid%3D1728950-1584%26name%3D%E3%80%90ZETT%E9%99%90%E5%AE%9A%E3%80%91%E8%BB%9F%E5%BC%8F%E7%94%A8%E3%82%B0%E3%83%A9%E3%83%96NEOSTATUS+VL%E3%82%B7%E3%83%AA%E3%83%BC%E3%82%BA+%E5%A4%96%E9%87%8E%E6%89%8B%E7%94%A8%E3%80%80%E5%8F%B3%E6%8A%95%E7%94%A8 HTTP/1.1" 200 52919 "-" "Mozilla/5.0 (Linux; Android 6.0.1; Nexus 5X Build/MMB29P) AppleWebKit/537.36 (KHTML, like Gecko) Chrome/135.0.7049.95 Mobile Safari/537.36 (compatible; Googlebot/2.1; +http://www.google.com/bot.html)"
66.249.74.103 - - [29/Apr/2025:22:03:18 -0400] "GET /?k=00085157303904&channel=c1cb7a&from=jp.php%3Fid%3D1573039-600%26name%3D%E3%83%80%E3%82%A6%E3%83%B3%E3%82%B8%E3%83%A3%E3%82%B1%E3%83%83%E3%83%88%E3%80%80%E3%83%A2%E3%83%B3%E3%82%AF%E3%83%AC%E3%83%BC%E3%83%AB%E3%80%80%E9%80%81%E6%96%99%E8%BE%BC%E3%81%BF%E3%80%80%E5%9B%BD%E5%86%85%E6%AD%A3%E8%A6%8F%E5%93%81 HTTP/1.1" 200 0 "-" "Mozilla/5.0 (Linux; Android 6.0.1; Nexus 5X Build/MMB29P) AppleWebKit/537.36 (KHTML, like Gecko) Chrome/135.0.7049.95 Mobile Safari/537.36 (compatible; GoogleOther)"
66.249.74.103 - - [29/Apr/2025:22:03:20 -0400] "GET /?k=65135137152402&channel=807d04&from=goods.php%3Fid%3D1371524-23029%26name%3DHAOTUNR+LINT-16+%E7%B3%B8%E3%81%8F%E3%81%9A%E3%83%95%E3%82%A3%E3%83%AB%E3%82%BF%E3%83%BC+%E6%B4%97%E6%BF%AF%E6%A9%9F%E7%94%A8+%E7%B3%B8%E5%B1%91%E3%83%95%E3%82%A3%E3%83%AB%E3%82%BF%E3%83%BC+LF-A01C-2P+ASW-700SB+AQW-S70A+ASW-70D+0530014102+3010216024001+4901087222797+%E6%B4%97%E6%BF%AF HTTP/1.1" 200 54768 "-" "Mozilla/5.0 (Linux; Android 6.0.1; Nexus 5X Build/MMB29P) AppleWebKit/537.36 (KHTML, like Gecko) Chrome/135.0.7049.95 Mobile Safari/537.36 (compatible; Googlebot/2.1; +http://www.google.com/bot.html)"
66.249.74.103 - - [29/Apr/2025:22:03:28 -0400] "GET /?k=01121193667211&channel=090355&from=brands.php%3Fid%3D1936672-6041%26name%3D%E7%AB%B9%E5%86%85%E7%9C%9F%E5%90%BE%E3%80%80%E7%82%AD%E5%8C%96%E8%B1%A1%E5%B5%8C%E3%81%90%E3%81%84%E5%91%91%E3%81%BF%E3%80%80%E7%84%BC%E3%81%8D%E7%B7%A0%E3%82%81%E3%80%80%E3%81%8A%E7%8C%AA%E5%8F%A3%E3%80%80%E9%85%92%E5%99%A8%E3%80%80%E9%85%92%E7%9B%83%E3%80%80%EF%BC%92%E5%AE%A2 HTTP/1.1" 200 51483 "-" "Mozilla/5.0 (Linux; Android 6.0.1; Nexus 5X Build/MMB29P) AppleWebKit/537.36 (KHTML, like Gecko) Chrome/135.0.7049.95 Mobile Safari/537.36 (compatible; Googlebot/2.1; +http://www.google.com/bot.html)"
52.167.144.228 - - [29/Apr/2025:22:03:29 -0400] "GET /?k=8877172979307&channel=ba297b&from=news.php%3Fid%3D729793-16294%26name%3D5V%E3%80%9C24V+3a+5.5x2.1mm%E5%8F%AF%E5%A4%89%E3%83%95%E3%82%A1%E3%83%B3%E9%80%9F%E5%BA%A6%E3%82%B3%E3%83%B3%E3%83%88%E3%83%AD%E3%83%BC%E3%83%A9%E3%83%BC%E6%8F%9B%E6%B0%97%E3%82%B7%E3%82%B9%E3%83%86%E3%83%A0%E3%81%AE%E3%83%80%E3%82%AF%E3%83%88%E3%83%95%E3%82%A1%E3%83%B3%E3%81%AE%E9%80%9F%E5%BA%A6%E3%82%A2%E3%82%B8%E3%83%A3%E3%82%B9%E3%82%BF%E3%83%BC HTTP/1.1" 200 40262 "-" "Mozilla/5.0 AppleWebKit/537.36 (KHTML, like Gecko; compatible; bingbot/2.0; +http://www.bing.com/bingbot.htm) Chrome/116.0.1938.76 Safari/537.36"
66.249.74.103 - - [29/Apr/2025:22:03:35 -0400] "GET /?k=3838182567004&channel=7d1180&from=shared.php%3Fid%3D825670-3406%26name%3D%E4%BA%BA%E6%B0%97%E3%81%AE%E8%B5%A4%EF%BC%81%E8%B6%85%E8%BB%BD%E9%87%8F%EF%BC%81i5%E7%AC%AC8%E4%B8%96%E4%BB%A3%26SSD+LIFEBOOK+U938%2FV+165 HTTP/1.1" 200 51103 "-" "Mozilla/5.0 (Linux; Android 6.0.1; Nexus 5X Build/MMB29P) AppleWebKit/537.36 (KHTML, like Gecko) Chrome/135.0.7049.95 Mobile Safari/537.36 (compatible; Googlebot/2.1; +http://www.google.com/bot.html)"
40.77.167.76 - - [29/Apr/2025:22:03:36 -0400] "GET /?k=8167686467805&channel=baddd8&from=info.php%3Fid%3D864678-10774%26name%3D%E5%8C%BB%E5%AD%A6%E6%95%99%E8%82%B2%E3%81%AE%E3%81%9F%E3%82%81%E3%81%AB+%E7%AD%89%E8%BA%AB%E5%A4%A7%E3%81%AE%E4%BA%BA%E4%BD%93%E9%AA%A8%E6%A0%BC%E9%A0%AD%E8%93%8B%E9%AA%A8%E8%A7%A3%E5%89%96%E3%83%A2%E3%83%87%E3%83%AB%E5%8C%BB%E5%AD%A6%E7%94%9F%E3%81%AE%E4%BA%BA%E4%BD%93%E8%A7%A3%E5%89%96%E5%AD%A6%E5%AD%A6%E7%BF%92%E3%82%B3%E3%83%BC%E3%82%B9%E7%A7%91%E5%AD%A6%E4%BA%BA%E9%96%93%E3%81%AE%E9%A0%AD%E8%93%8B%E9%AA%A8%E3%83%A2%E3%83%87%E3%83%AB+%E6%8E%88%E6%A5%AD%E7%A0%94%E7%A9%B6 HTTP/1.1" 200 40417 "-" "Mozilla/5.0 AppleWebKit/537.36 (KHTML, like Gecko; compatible; bingbot/2.0; +http://www.bing.com/bingbot.htm) Chrome/116.0.1938.76 Safari/537.36"
66.249.74.103 - - [29/Apr/2025:22:03:37 -0400] "GET /?k=4894961983102&channel=7fa97a&from=news.php%3Fid%3D619831-10757%26name%3D%E3%80%90%E3%81%8A%E5%8F%96%E3%82%8A%E5%AF%84%E3%81%9B%E3%83%BB%EF%BC%92%EF%BD%9E%EF%BC%94%E9%80%B1%E9%96%93%E3%81%A7%E7%99%BA%E9%80%81%E3%80%91+%E3%82%B5%E3%83%AD%E3%83%A2%E3%83%B3+%E3%83%AF%E3%83%B3%E3%83%80%E3%83%BC+%E3%83%88%E3%83%AC%E3%82%A4%E3%83%AB+%E3%83%A9%E3%83%B3%E3%83%8B%E3%83%B3%E3%82%B0+%E3%82%B7%E3%83%A5%E3%83%BC%E3%82%BA%EF%BC%88+Black%2FRainyDay%2FScarletIbis+%EF%BC%89%5Bt%5D+SALOMON+Wander+trail+running+%5Bt%5D HTTP/1.1" 200 0 "-" "Mozilla/5.0 (Linux; Android 6.0.1; Nexus 5X Build/MMB29P) AppleWebKit/537.36 (KHTML, like Gecko) Chrome/135.0.7049.95 Mobile Safari/537.36 (compatible; GoogleOther)"
66.249.74.103 - - [29/Apr/2025:22:03:43 -0400] "GET /?k=8172119989300&channel=5f8d51&from=shared.php%3Fid%3D199893-9805%26name%3D%E3%82%B9%E3%83%BC%E3%83%91%E3%83%BC%E3%83%97%E3%83%AC%E3%83%9F%E3%82%A2%E3%83%A0%E3%82%AE%E3%83%95%E3%83%88+%E8%BF%91%E6%B1%9F%E7%89%9B+%E8%87%B3%E6%A5%B5%E9%81%B8%E3%81%99%E3%81%8D%E7%84%BC%E3%81%8D%E3%83%BB%E3%81%97%E3%82%83%E3%81%B6%E3%81%97%E3%82%83%E3%81%B6%28%E7%B4%842%E3%80%9C3%E4%BA%BA%E5%89%8D%29+%E3%83%AD%E3%83%BC%E3%82%B9%E3%83%BB%E3%82%AB%E3%82%BF%E3%83%AD%E3%83%BC%E3%82%B9%28%E6%A1%90%E7%AE%B1%E5%85%A5%E3%82%8A%29%E3%80%90%E5%86%B7%E8%94%B5%E3%80%91 HTTP/1.1" 200 52618 "-" "Mozilla/5.0 (Linux; Android 6.0.1; Nexus 5X Build/MMB29P) AppleWebKit/537.36 (KHTML, like Gecko) Chrome/135.0.7049.95 Mobile Safari/537.36 (compatible; Googlebot/2.1; +http://www.google.com/bot.html)"
66.249.74.104 - - [29/Apr/2025:22:03:50 -0400] "GET /?k=28868112917103&channel=d336ae&from=category-info.php%3Fid%3D1129171-12865%26name%3D%E3%82%B5%E3%83%83%E3%82%AB%E3%83%BC%E3%82%B4%E3%83%BC%E3%83%AB+%E5%AD%90%E4%BE%9B%E7%94%A8+%E5%AD%90%E4%BE%9B%E3%81%AE%E3%83%95%E3%83%83%E3%83%88%E3%83%9C%E3%83%BC%E3%83%AB%E3%82%B4%E3%83%BC%E3%83%AB%E3%83%9B%E3%83%BC%E3%83%A0%E3%83%95%E3%82%A9%E3%83%BC%E3%83%AB%E3%83%89%E5%8F%AF%E8%83%BD%E3%81%AA%E3%83%9D%E3%83%BC%E3%82%BF%E3%83%96%E3%83%AB%E5%B9%BC%E7%A8%9A%E5%9C%92%E3%81%AE%E5%B0%8F%E3%81%95%E3%81%AA%E3%82%B5%E3%83%83%E3%82%AB%E3%83%BC%E3%83%95%E3%83%AC%E3%83%BC%E3%83%A0%E3%81%AE%E3%82%B4%E3%83%BC%E3%83%AB+%E5%AE%A4%E5%86%85+%E5%B1%8B%E5%A4%96%E5%85%BC HTTP/1.1" 200 53798 "-" "Mozilla/5.0 (Linux; Android 6.0.1; Nexus 5X Build/MMB29P) AppleWebKit/537.36 (KHTML, like Gecko) Chrome/135.0.7049.95 Mobile Safari/537.36 (compatible; Googlebot/2.1; +http://www.google.com/bot.html)"
66.249.74.104 - - [29/Apr/2025:22:04:00 -0400] "GET /?k=23432186507601&channel=43c466&from=news.php%3Fid%3D1865076-8054%26name%3D%E3%83%81%E3%83%A3%E3%82%A4%E3%83%AB%E3%83%89%E3%82%B7%E3%83%BC%E3%83%88+%E6%97%A5%E6%9C%AC%E8%82%B2%E5%85%90+%E3%83%88%E3%83%A9%E3%83%99%E3%83%AB%E3%83%99%E3%82%B9%E3%83%88EC%E3%83%97%E3%83%A9%E3%82%B9++2%E5%80%8B HTTP/1.1" 200 50514 "-" "Mozilla/5.0 (Linux; Android 6.0.1; Nexus 5X Build/MMB29P) AppleWebKit/537.36 (KHTML, like Gecko) Chrome/135.0.7049.95 Mobile Safari/537.36 (compatible; Googlebot/2.1; +http://www.google.com/bot.html)"
66.249.74.104 - - [29/Apr/2025:22:04:02 -0400] "GET /?k=445714400403&channel=caa202&from=shop.php%3Fid%3D44004-4504%26name%3D%E8%BB%8A%E5%86%85%E3%82%A8%E3%82%A2%E3%82%B3%E3%83%B3%E3%83%91%E3%83%BC%E3%83%84%E3%82%BB%E3%83%83%E3%83%88+%E3%83%AA%E3%82%A2%E3%82%BB%E3%83%B3%E3%82%BF%E3%83%BC%E3%82%B3%E3%83%B3%E3%82%BD%E3%83%BC%E3%83%AB+%E3%82%A8%E3%82%A2%E3%82%B3%E3%83%B3+AC+%E3%83%99%E3%83%B3%E3%83%88+%E3%82%B0%E3%83%AA%E3%83%AB+%E3%82%A2%E3%82%A6%E3%83%88%E3%83%AC%E3%83%83%E3%83%88+%E3%83%95%E3%83%AC%E3%83%BC%E3%83%A0+%E3%82%AB%E3%83%90%E3%83%BC+X204+%E7%94%A8+GL HTTP/1.1" 200 52346 "-" "Mozilla/5.0 (Linux; Android 6.0.1; Nexus 5X Build/MMB29P) AppleWebKit/537.36 (KHTML, like Gecko) Chrome/135.0.7049.95 Mobile Safari/537.36 (compatible; Googlebot/2.1; +http://www.google.com/bot.html)"
66.249.74.103 - - [29/Apr/2025:22:04:06 -0400] "GET /?k=029231878803&channel=60f8a0&from=news.php%3Fid%3D18788-2458%26name%3D%E6%BF%80%E3%83%AC%E3%82%A2%E5%93%81%EF%BC%81%E3%83%95%E3%82%A7%E3%83%8E%E3%83%A1%E3%83%8E%E3%83%B3%E3%80%80%E3%83%A2%E3%82%AB%E3%82%B7%E3%83%B3%E3%80%80%E3%83%AD%E3%83%BC%E3%83%95%E3%82%A1%E3%83%BC HTTP/1.1" 200 0 "-" "Mozilla/5.0 (Linux; Android 6.0.1; Nexus 5X Build/MMB29P) AppleWebKit/537.36 (KHTML, like Gecko) Chrome/135.0.7049.95 Mobile Safari/537.36 (compatible; GoogleOther)"
66.249.74.104 - - [29/Apr/2025:22:04:10 -0400] "GET /?k=0791356972300&channel=28e971&from=article.php%3Fid%3D569723-9332%26name%3D%E3%83%80%E3%83%B3%E3%82%B0%E3%83%AB%E3%83%A9%E3%83%93%E3%83%83%E3%83%88%E3%83%81%E3%83%A3%E3%83%BC%E3%83%A0%E3%83%93%E3%83%BC%E3%82%BA%E3%80%82 HTTP/1.1" 200 52858 "-" "Mozilla/5.0 (Linux; Android 6.0.1; Nexus 5X Build/MMB29P) AppleWebKit/537.36 (KHTML, like Gecko) Chrome/135.0.7049.95 Mobile Safari/537.36 (compatible; Googlebot/2.1; +http://www.google.com/bot.html)"
66.249.74.103 - - [29/Apr/2025:22:04:17 -0400] "GET /?k=0011766435200&channel=b1d991&from=goods.php%3Fid%3D664352-482%26name%3D%E3%83%9D%E3%82%B1%E3%83%A2%E3%83%B3%E3%82%AB%E3%83%BC%E3%83%89%E3%80%80%E3%83%AD%E3%82%B1%E3%83%83%E3%83%88%E5%9B%A3%E3%81%AE%E6%A0%84%E5%85%89%E3%80%80%E3%83%AD%E3%82%B1%E3%83%83%E3%83%88%E5%9B%A3%E3%81%AE%E3%82%BA%E3%83%90%E3%83%83%E3%83%88%E3%80%80%E3%82%B4%E3%83%AB%E3%83%90%E3%83%83%E3%83%88%E3%80%808%E6%9E%9A HTTP/1.1" 200 52976 "-" "Mozilla/5.0 (Linux; Android 6.0.1; Nexus 5X Build/MMB29P) AppleWebKit/537.36 (KHTML, like Gecko) Chrome/135.0.7049.95 Mobile Safari/537.36 (compatible; Googlebot/2.1; +http://www.google.com/bot.html)"
66.249.74.103 - - [29/Apr/2025:22:04:24 -0400] "GET /?k=9899881037303&channel=eeb785&from=brands.php%3Fid%3D810373-14494%26name%3D%E4%BC%B8%E7%B8%AE%E5%BC%8F%E3%82%A6%E3%82%A3%E3%83%B3%E3%83%89%E3%82%A6%E3%82%AF%E3%83%AA%E3%83%BC%E3%83%8A%E3%83%BC%E6%B0%B4%E4%BE%9B%E7%B5%A6%E3%83%9D%E3%83%BC%E3%83%AB%E3%82%AD%E3%83%83%E3%83%88+3.6-11M+%E6%B0%B4%E4%BE%9B%E7%B5%A6%E3%83%9D%E3%83%BC%E3%83%AB%E3%83%96%E3%83%A9%E3%82%B7%E3%82%BD%E3%83%BC%E3%83%A9%E3%83%BC%E3%83%91%E3%83%8D%E3%83%AB%E3%82%AF%E3%83%AA%E3%83%BC%E3%83%8B%E3%83%B3%E3%82%B0%E3%83%96%E3%83%A9%E3%82%B7%E5%B1%8B%E5%A4%96%E7%AA%93%E3%82%AF%E3%83%AA%E3%83%BC%E3%83%8A%E3%83%BC%E6%B0%B4%E4%BE%9B HTTP/1.1" 200 52066 "-" "Mozilla/5.0 (Linux; Android 6.0.1; Nexus 5X Build/MMB29P) AppleWebKit/537.36 (KHTML, like Gecko) Chrome/135.0.7049.95 Mobile Safari/537.36 (compatible; Googlebot/2.1; +http://www.google.com/bot.html)"
66.249.74.103 - - [29/Apr/2025:22:04:30 -0400] "GET /?k=00109170803707&channel=490b68&from=goods.php%3Fid%3D1708037-20008%26name%3D%E3%82%A2%E3%82%AF%E3%82%BB%E3%83%AB%E3%82%AC%E3%83%BC%E3%83%89%E3%80%80%E3%83%91%E3%83%AB%E3%83%86%E3%82%A3%E3%83%BC%E3%83%AB%E3%80%80%E9%AB%98%E5%93%81%E8%B3%AA%E3%80%80%E4%BA%92%E6%8F%9B%E3%82%B2%E3%83%AB%E3%83%91%E3%83%83%E3%83%89%E3%80%805%C3%975cm%2832%E6%9E%9A%29%E4%BD%8E%E5%91%A8%E6%B3%A2 HTTP/1.1" 200 52108 "-" "Mozilla/5.0 (Linux; Android 6.0.1; Nexus 5X Build/MMB29P) AppleWebKit/537.36 (KHTML, like Gecko) Chrome/135.0.7049.95 Mobile Safari/537.36 (compatible; Googlebot/2.1; +http://www.google.com/bot.html)"
66.249.74.103 - - [29/Apr/2025:22:04:31 -0400] "GET /?k=1700746953200&channel=e34a59&from=article.php%3Fid%3D469532-13467%26name%3D%E3%82%B5%E3%83%B3%E3%83%89%E3%83%93%E3%83%83%E3%82%AF+%E3%82%B3%E3%83%AD%E3%83%89%E3%83%AA%E3%83%AB860+%5BD%5D+860.1-1587-041A1-GM+X1BM+1PC HTTP/1.1" 200 0 "-" "Mozilla/5.0 (Linux; Android 6.0.1; Nexus 5X Build/MMB29P) AppleWebKit/537.36 (KHTML, like Gecko) Chrome/135.0.7049.95 Mobile Safari/537.36 (compatible; GoogleOther)"
66.249.74.103 - - [29/Apr/2025:22:04:39 -0400] "GET /?k=4311864458002&channel=42aad8&from=pin.php%3Fid%3D644580-14878%26name%3D16AWG%282%2A1.5sq.m%29+2%E8%8A%AF%E9%BB%92%E9%98%B2%E6%B0%B4%E3%83%94%E3%82%B0%E3%83%86%E3%83%BC%E3%83%AB+%E3%82%AA%E3%82%B9%E3%83%BB%E3%83%A1%E3%82%B9+13.5mm%E3%82%BF%E3%82%A4%E3%83%97%2810%E7%B5%84%29%2875CM_16+AWG%29 HTTP/1.1" 200 50949 "-" "Mozilla/5.0 (Linux; Android 6.0.1; Nexus 5X Build/MMB29P) AppleWebKit/537.36 (KHTML, like Gecko) Chrome/135.0.7049.95 Mobile Safari/537.36 (compatible; Googlebot/2.1; +http://www.google.com/bot.html)"
66.249.74.103 - - [29/Apr/2025:22:04:45 -0400] "GET /?k=47779173507500&channel=9e3e21&from=jp.php%3Fid%3D1735075-17650%26name%3D%E3%83%90%E3%82%B9%E3%82%BF%E3%83%BC%E3%83%89%E3%83%BC%E3%83%AB+%E3%82%BF%E3%83%B3%E3%82%AF HTTP/1.1" 200 51383 "-" "Mozilla/5.0 (Linux; Android 6.0.1; Nexus 5X Build/MMB29P) AppleWebKit/537.36 (KHTML, like Gecko) Chrome/135.0.7049.95 Mobile Safari/537.36 (compatible; Googlebot/2.1; +http://www.google.com/bot.html)"
66.249.74.104 - - [29/Apr/2025:22:04:50 -0400] "GET /?k=96737120926900&channel=6b74fb&from=form.php%3Fid%3D1209269-21941%26name%3D%E3%81%99%E3%81%A8%E3%81%B7%E3%82%8A+CD+%E3%82%A2%E3%83%AB%E3%83%90%E3%83%A0+%E3%81%99%E3%81%A8%E3%82%8D%E3%81%B9%E3%82%8A%E3%83%BC%E3%82%89%E3%81%B6 HTTP/1.1" 200 0 "-" "Mozilla/5.0 (Linux; Android 6.0.1; Nexus 5X Build/MMB29P) AppleWebKit/537.36 (KHTML, like Gecko) Chrome/135.0.7049.95 Mobile Safari/537.36 (compatible; GoogleOther)"
66.249.74.103 - - [29/Apr/2025:22:04:52 -0400] "GET /?k=75791176676706&channel=361f4c&from=brands.php%3Fid%3D1766767-9728%26name%3D%E3%82%B3%E3%83%BC%E3%82%B9%E3%82%BF%E3%83%BC+%E3%83%96%E3%83%AB%E3%83%BC%E3%82%A2%E3%83%BC%E3%82%AB%E3%82%A4%E3%83%96+%E9%9C%9E%E6%B2%A2%E3%83%9F%E3%83%A6+%EF%BC%96%E7%82%B9%E3%82%BB%E3%83%83%E3%83%88+%E8%8C%B6%E3%83%91%E3%83%83%E3%83%89+%E8%8C%B6%E6%89%98+%E3%82%AB%E3%83%83%E3%83%97%E3%83%9E%E3%83%83%E3%83%88+%E6%96%AD%E7%86%B1%E3%83%91%E3%83%83%E3%83%89+%E3%82%AB%E3%83%83%E3%83%97%E3%82%B3%E3%83%BC%E3%82%B9%E3%82%BF%E3%83%BC+%E5%8F%8E%E7%B4%8D%E3%82%B1%E3%83%BC%E3%82%B9%E4%BB%98%E3%81%8D+PU HTTP/1.1" 200 53350 "-" "Mozilla/5.0 (Linux; Android 6.0.1; Nexus 5X Build/MMB29P) AppleWebKit/537.36 (KHTML, like Gecko) Chrome/135.0.7049.95 Mobile Safari/537.36 (compatible; Googlebot/2.1; +http://www.google.com/bot.html)"
66.249.74.103 - - [29/Apr/2025:22:04:56 -0400] "GET /?k=83724153710406&channel=9c3963&from=pin.php%3Fid%3D1537104-4166%26name%3D%E5%B9%8580%E3%82%AD%E3%83%A3%E3%83%93%E3%83%8D%E3%83%83%E3%83%88%E3%83%9F%E3%83%89%E3%83%AB%E9%A3%9F%E5%99%A8%E6%A3%9A%E3%82%AB%E3%83%83%E3%83%97%E3%83%9C%E3%83%BC%E3%83%89%2F%E3%82%AD%E3%83%A3%E3%83%93%E3%83%8D%E3%83%83%E3%83%88%E3%83%9F%E3%83%89%E3%83%AB%E9%A3%9F%E5%99%A8%E6%A3%9A%E3%82%AB%E3%83%83%E3%83%97%E3%83%9C%E3%83%BC%E3%83%89 HTTP/1.1" 200 53035 "-" "Mozilla/5.0 (Linux; Android 6.0.1; Nexus 5X Build/MMB29P) AppleWebKit/537.36 (KHTML, like Gecko) Chrome/135.0.7049.95 Mobile Safari/537.36 (compatible; Googlebot/2.1; +http://www.google.com/bot.html)"
66.249.74.103 - - [29/Apr/2025:22:05:04 -0400] "GET /?k=07441136492507&channel=e8243a&from=blog.php%3Fid%3D1364925-5955%26name%3D%E3%82%A2%E3%82%AF%E3%82%BB%E3%82%B5%E3%83%AA%E3%83%BC%E3%82%AB%E3%83%AF%E3%82%B5%E3%82%AD+KLX150+%E3%82%AA%E3%83%95%E3%83%AD%E3%83%BC%E3%83%89%E3%83%80%E3%83%BC%E3%83%88%E3%83%90%E3%82%A4%E3%82%AF+3D+%E3%83%A1%E3%83%83%E3%82%B7%E3%83%A5%E3%82%B7%E3%83%BC%E3%83%88%E3%82%AB%E3%83%90%E3%83%BC%E3%82%AF%E3%83%83%E3%82%B7%E3%83%A7%E3%83%B3%E3%82%AC%E3%83%BC%E3%83%89%E3%83%91%E3%83%83%E3%83%89%E6%96%AD%E7%86%B1%E9%80%9A%E6%B0%97%E6%80%A7%E6%97%A5%E7%84%BC%E3%81%91%E9%98%B2%E6%AD%A2%E3%83%8D%E3%83%83 HTTP/1.1" 200 52307 "-" "Mozilla/5.0 (Linux; Android 6.0.1; Nexus 5X Build/MMB29P) AppleWebKit/537.36 (KHTML, like Gecko) Chrome/135.0.7049.95 Mobile Safari/537.36 (compatible; Googlebot/2.1; +http://www.google.com/bot.html)"
66.249.74.104 - - [29/Apr/2025:22:05:11 -0400] "GET /?k=7176245674202&channel=72e3cc&from=shop.php%3Fid%3D456742-13266%26name%3D%E3%83%91%E3%83%AF%E3%83%BC%E3%82%A6%E3%82%A3%E3%83%B3%E3%83%89%E3%82%A6%E3%83%AC%E3%82%AE%E3%83%A5%E3%83%AC%E3%83%BC%E3%82%BF%E3%83%BC%E7%94%A8%E3%82%B9%E3%82%A4%E3%83%83%E3%83%81%E3%83%A6%E3%83%8B%E3%83%83%E3%83%88+For+MAZDA+323+F+IV+BG+1987-1994+BS06-66-3 HTTP/1.1" 200 51798 "-" "Mozilla/5.0 (Linux; Android 6.0.1; Nexus 5X Build/MMB29P) AppleWebKit/537.36 (KHTML, like Gecko) Chrome/135.0.7049.95 Mobile Safari/537.36 (compatible; Googlebot/2.1; +http://www.google.com/bot.html)"
66.249.74.103 - - [29/Apr/2025:22:05:18 -0400] "GET /?k=976804928302&channel=f9b616&from=shop.php%3Fid%3D49283-3340%26name%3D%E8%BB%8A%E3%81%AE%E8%8D%B7%E7%89%A9%E3%82%AD%E3%83%A3%E3%83%AA%E3%82%A2%E3%83%90+%E3%83%88%E3%83%A8%E3%82%BF%E3%83%8F%E3%82%A4%E3%83%A9%E3%83%B3%E3%83%80%E3%83%BC+2020+2021+2022+2023+2024+2+%E5%80%8B%E3%83%AB%E3%83%BC%E3%83%95%E3%83%AC%E3%83%BC%E3%83%AB%E3%83%A9%E3%83%83%E3%82%AF%E3%82%AF%E3%83%AD%E3%82%B9%E3%83%90%E3%83%BC%E3%82%AF%E3%83%AD%E3%82%B9%E3%83%90 HTTP/1.1" 200 52614 "-" "Mozilla/5.0 (Linux; Android 6.0.1; Nexus 5X Build/MMB29P) AppleWebKit/537.36 (KHTML, like Gecko) Chrome/135.0.7049.95 Mobile Safari/537.36 (compatible; Googlebot/2.1; +http://www.google.com/bot.html)"
66.249.74.103 - - [29/Apr/2025:22:05:19 -0400] "GET /?k=06867127141305&channel=0c806f&from=shared.php%3Fid%3D1271413-11980%26name%3D238%E3%83%BBTOSHIBA%2F%E6%9D%B1%E8%8A%9D%E3%83%BB%E3%82%A8%E3%82%A2%E3%82%B3%E3%83%B3%E3%83%AA%E3%83%A2%E3%82%B3%E3%83%B3%E3%83%BB%E5%93%81%E7%95%AAWH-F5P HTTP/1.1" 200 0 "-" "Mozilla/5.0 (Linux; Android 6.0.1; Nexus 5X Build/MMB29P) AppleWebKit/537.36 (KHTML, like Gecko) Chrome/135.0.7049.95 Mobile Safari/537.36 (compatible; GoogleOther)"
66.249.74.103 - - [29/Apr/2025:22:05:23 -0400] "GET /?k=55299177942002&channel=f74a58&from=brands.php%3Fid%3D1779420-17573%26name%3DLUMIX+%E3%82%B9%E3%83%A0%E3%83%BC%E3%82%B9%E3%82%B9%E3%82%AD%E3%83%B3%E3%83%AD%E3%83%BC%E3%82%B7%E3%83%A7%E3%83%B3+150mL HTTP/1.1" 200 0 "-" "Mozilla/5.0 (Linux; Android 6.0.1; Nexus 5X Build/MMB29P) AppleWebKit/537.36 (KHTML, like Gecko) Chrome/135.0.7049.95 Mobile Safari/537.36 (compatible; GoogleOther)"
66.249.74.103 - - [29/Apr/2025:22:05:25 -0400] "GET /?k=9361767104101&channel=b53986&from=brands.php%3Fid%3D671041-15262%26name%3DColumbia%E3%82%B3%E3%83%AD%E3%83%B3%E3%83%93%E3%82%A2+%E3%83%96%E3%83%AB%E3%82%BE%E3%83%B3 HTTP/1.1" 200 51911 "-" "Mozilla/5.0 (Linux; Android 6.0.1; Nexus 5X Build/MMB29P) AppleWebKit/537.36 (KHTML, like Gecko) Chrome/135.0.7049.95 Mobile Safari/537.36 (compatible; Googlebot/2.1; +http://www.google.com/bot.html)"
66.249.74.103 - - [29/Apr/2025:22:05:28 -0400] "GET /?k=4620669397200&channel=95a79f&from=news.php%3Fid%3D693972-15859%26name%3DCR+ST-2+2%E6%9C%AC%E3%83%91%E3%83%83%E3%82%AF+%E3%82%B9%E3%83%A9%E3%82%A4%E3%83%89%E3%83%A9%E3%82%A4%E3%82%BF%E3%83%BC+3%E5%80%8B%E3%82%BB%E3%83%83%E3%83%88+%E3%81%BE%E3%81%A8%E3%82%81%E5%A3%B2%E3%82%8A HTTP/1.1" 200 0 "-" "Mozilla/5.0 (Linux; Android 6.0.1; Nexus 5X Build/MMB29P) AppleWebKit/537.36 (KHTML, like Gecko) Chrome/135.0.7049.95 Mobile Safari/537.36 (compatible; GoogleOther)"
66.249.74.103 - - [29/Apr/2025:22:05:33 -0400] "GET /?k=6987893399900&channel=b11e03&from=info.php%3Fid%3D933999-5322%26name%3D%E3%82%88%E3%81%86%E3%81%A1%E3%82%83%E3%82%93%E6%A7%98%E5%B0%82%E7%94%A8%28%E3%82%A8%E3%83%B3%E3%82%B8%E3%82%A7%E3%83%AB%E9%9D%92%29 HTTP/1.1" 200 50825 "-" "Mozilla/5.0 (Linux; Android 6.0.1; Nexus 5X Build/MMB29P) AppleWebKit/537.36 (KHTML, like Gecko) Chrome/135.0.7049.95 Mobile Safari/537.36 (compatible; Googlebot/2.1; +http://www.google.com/bot.html)"
66.249.74.103 - - [29/Apr/2025:22:05:36 -0400] "GET /?k=4048828396500&channel=ab3e87&from=news.php%3Fid%3D283965-11260%26name%3D%E3%83%A2%E3%83%BC%E3%83%84%E3%82%A1%E3%83%AB%E3%83%88%E6%AD%8C%E5%8A%87%E3%83%89%E3%83%B3%E3%83%BB%E3%82%B8%E3%83%A7%E3%83%B4%E3%82%A1%E3%83%B3%E3%83%8B%E3%83%95%E3%83%AB%E3%83%88%E3%83%B4%E3%82%A7%E3%83%B3%E3%82%B0%E3%83%A9%E3%83%BC%E6%8C%87%E6%8F%AE+17+K HTTP/1.1" 200 51452 "-" "Mozilla/5.0 (Linux; Android 6.0.1; Nexus 5X Build/MMB29P) AppleWebKit/537.36 (KHTML, like Gecko) Chrome/135.0.7049.95 Mobile Safari/537.36 (compatible; Googlebot/2.1; +http://www.google.com/bot.html)"
66.249.74.103 - - [29/Apr/2025:22:05:42 -0400] "GET /?k=07958192986800&channel=53d061&from=shared.php%3Fid%3D1929868-526%26name%3DMZEER+%E3%83%95%E3%83%AD%E3%83%B3%E3%83%88%E3%83%90%E3%83%B3%E3%83%91%E3%83%BC%E3%82%B9%E3%83%97%E3%83%AA%E3%83%83%E3%82%BF%E3%83%BC%E3%82%AB%E3%83%8A%E3%83%BC%E3%83%89+VW+%E7%94%A8%E3%82%B4%E3%83%AB%E3%83%95+7+MK7+VII+GTI+2013-2016+%E3%83%95%E3%82%A9%E3%82%B0%E3%83%A9%E3%82%A4%E3%83%88%E3%82%AB%E3%83%90%E3%83%BC HTTP/1.1" 200 0 "-" "Mozilla/5.0 (Linux; Android 6.0.1; Nexus 5X Build/MMB29P) AppleWebKit/537.36 (KHTML, like Gecko) Chrome/135.0.7049.95 Mobile Safari/537.36 (compatible; GoogleOther)"
66.249.74.103 - - [29/Apr/2025:22:05:43 -0400] "GET /?k=4094429065400&channel=93d58b&from=goods.php%3Fid%3D290654-11441%26name%3D3M+CUBITRON+II+%E3%83%95%E3%83%A9%E3%83%83%E3%83%97%E3%83%87%E3%82%A3%E3%82%B9%E3%82%AF+967A+T29+4%E3%82%A4%E3%83%B3%E3%83%81+X+%2800051141556192%29+%28%E5%90%84250%29 HTTP/1.1" 200 51315 "-" "Mozilla/5.0 (Linux; Android 6.0.1; Nexus 5X Build/MMB29P) AppleWebKit/537.36 (KHTML, like Gecko) Chrome/135.0.7049.95 Mobile Safari/537.36 (compatible; Googlebot/2.1; +http://www.google.com/bot.html)"
66.249.74.104 - - [29/Apr/2025:22:05:53 -0400] "GET /?k=79872130931500&channel=997b46&from=category-info.php%3Fid%3D1309315-19719%26name%3D%E5%90%8D%E6%8E%A2%E5%81%B5%E3%82%B3%E3%83%8A%E3%83%B3+107%E5%B7%BB%2B%CE%B1 HTTP/1.1" 200 51154 "-" "Mozilla/5.0 (Linux; Android 6.0.1; Nexus 5X Build/MMB29P) AppleWebKit/537.36 (KHTML, like Gecko) Chrome/135.0.7049.95 Mobile Safari/537.36 (compatible; Googlebot/2.1; +http://www.google.com/bot.html)"
66.249.74.103 - - [29/Apr/2025:22:05:59 -0400] "GET /?k=26244127541903&channel=cf15ff&from=shared.php%3Fid%3D1275419-22655%26name%3D%E3%83%A9%E3%83%A0%E3%82%A6%E3%83%BC%E3%83%AB%E3%81%AE%E6%80%A0%E6%83%B0%E3%81%AA%E3%82%BD%E3%83%95%E3%82%A1%E3%83%81%E3%82%A7%E3%82%A2%E3%80%81%E3%83%AA%E3%83%93%E3%83%B3%E3%82%B0%E3%83%AB%E3%83%BC%E3%83%A0%E3%80%81%E3%83%99%E3%83%83%E3%83%89%E3%83%AB%E3%83%BC%E3%83%A0%E3%80%81%E3%82%AF%E3%83%AD%E3%83%BC%E3%82%AF%E3%83%AB%E3%83%BC%E3%83%A0%E3%80%81%E3%82%B7%E3%83%B3%E3%82%B0%E3%83%AB%E3%82%AB%E3%82%B8%E3%83%A5%E3%82%A2%E3%83%AB%E3%83%A1%E3%82%A4%E3%82%AF%E3%82%A2%E3%83%83%E3%83%97%E3%83%81%E3%82%A7%E3%82%A2%E3%80%81%E3%83%89%E3%83%AC%E3%83%83%E3%82%B7%E3%83%B3%E3%82%B0%E3%83%86%E3%83%BC HTTP/1.1" 200 53485 "-" "Mozilla/5.0 (Linux; Android 6.0.1; Nexus 5X Build/MMB29P) AppleWebKit/537.36 (KHTML, like Gecko) Chrome/135.0.7049.95 Mobile Safari/537.36 (compatible; Googlebot/2.1; +http://www.google.com/bot.html)"
66.249.74.104 - - [29/Apr/2025:22:06:01 -0400] "GET /?k=8186761099503&channel=e7afa9&from=article.php%3Fid%3D610995-9631%26name%3DJ.PRESS+YORK+STREET+%E3%83%A2%E3%83%83%E3%82%BA%E3%82%B3%E3%83%BC%E3%83%88+M65+%E5%80%A4%E4%B8%8B%E3%81%92%E5%8F%AF%E8%83%BD HTTP/1.1" 200 0 "-" "Mozilla/5.0 (Linux; Android 6.0.1; Nexus 5X Build/MMB29P) AppleWebKit/537.36 (KHTML, like Gecko) Chrome/135.0.7049.95 Mobile Safari/537.36 (compatible; GoogleOther)"
66.249.74.103 - - [29/Apr/2025:22:06:05 -0400] "GET /?k=02215189904101&channel=c217b1&from=shop.php%3Fid%3D1899041-7745%26name%3D80s+%E3%83%93%E3%83%B3%E3%83%86%E3%83%BC%E3%82%B8+%E5%85%83%E6%B0%97%E3%81%8C%E5%87%BA%E3%82%8B%E3%83%86%E3%83%AC%E3%83%93+%E3%83%90%E3%82%B1%E3%83%83%E3%83%88%E3%83%8F%E3%83%83%E3%83%88+%E3%83%93%E3%83%BC%E3%83%88%E3%81%9F%E3%81%91%E3%81%97+%E5%B8%BD%E5%AD%90 HTTP/1.1" 200 52321 "-" "Mozilla/5.0 (Linux; Android 6.0.1; Nexus 5X Build/MMB29P) AppleWebKit/537.36 (KHTML, like Gecko) Chrome/135.0.7049.95 Mobile Safari/537.36 (compatible; Googlebot/2.1; +http://www.google.com/bot.html)"
66.249.74.103 - - [29/Apr/2025:22:06:07 -0400] "GET /?k=8697923664403&channel=6c3f55&from=brands.php%3Fid%3D236644-4109%26name%3D%E3%82%B4%E3%83%9F%E7%AE%B1+%E3%82%AD%E3%83%83%E3%83%81%E3%83%B3+%E5%B1%8B%E5%A4%96+%E3%82%B4%E3%83%9F%E7%AE%B1+%E3%83%97%E3%83%A9%E3%82%B9%E3%83%81%E3%83%83%E3%82%AF+%E9%95%B7%E6%96%B9%E5%BD%A2+%E3%82%B4%E3%83%9F%E7%AE%B1%2F%E3%82%B4%E3%83%9F%E7%AE%B1+%E3%82%AD%E3%83%83%E3%83%81%E3%83%B3%E3%82%B4%E3%83%9F%E7%AE%B1+8.9%E3%82%AC%E3%83%AD%E3%83%B3+%E5%B1%8B%E5%86%85%2F%E5%B1%8B%E5%A4%96%E7%94%A8+%284%E8%89%B2%29+%E3%82%AA%E3%83%95%E3%82%A3%E3%82%B9 HTTP/1.1" 200 0 "-" "Mozilla/5.0 (Linux; Android 6.0.1; Nexus 5X Build/MMB29P) AppleWebKit/537.36 (KHTML, like Gecko) Chrome/135.0.7049.95 Mobile Safari/537.36 (compatible; GoogleOther)"
66.249.74.103 - - [29/Apr/2025:22:06:11 -0400] "GET /?k=71648142813300&channel=8bfb53&from=shared.php%3Fid%3D1428133-1747%26name%3D%E3%82%B1%E3%83%BC%E3%83%92%E3%83%B3%28KEIHIN%29+CR%E3%82%AD%E3%83%A3%E3%83%96%E3%82%AD%E3%83%83%E3%83%88+38mm+SR400%2F500+CV%E7%94%A8+R99B HTTP/1.1" 200 0 "-" "Mozilla/5.0 (Linux; Android 6.0.1; Nexus 5X Build/MMB29P) AppleWebKit/537.36 (KHTML, like Gecko) Chrome/135.0.7049.95 Mobile Safari/537.36 (compatible; GoogleOther)"
66.249.74.103 - - [29/Apr/2025:22:06:12 -0400] "GET /?k=198602675604&channel=6bad2a&from=news.php%3Fid%3D26756-3179%26name%3DiPhone+11+%E3%83%91%E3%83%BC%E3%83%97%E3%83%AB+64GB+sim%E3%83%95%E3%83%AA%E3%83%BC+%E5%9F%BA%E6%9C%AC24%E6%99%82%E9%96%93%E4%BB%A5%E5%86%85%E7%99%BA%E9%80%81 HTTP/1.1" 200 51354 "-" "Mozilla/5.0 (Linux; Android 6.0.1; Nexus 5X Build/MMB29P) AppleWebKit/537.36 (KHTML, like Gecko) Chrome/135.0.7049.95 Mobile Safari/537.36 (compatible; Googlebot/2.1; +http://www.google.com/bot.html)"
66.249.74.103 - - [29/Apr/2025:22:06:21 -0400] "GET /?k=08707127728000&channel=a8aa54&from=jp.php%3Fid%3D1277280-22667%26name%3D%E2%97%86%E7%B5%B6%E7%89%88%E3%83%88%E3%83%9F%E3%82%AB%E2%97%86+No.40+%E3%83%9B%E3%83%B3%E3%83%80+%E3%82%B7%E3%83%93%E3%83%83%E3%82%AF+TYPE+R+%E5%88%9D%E5%9B%9E%E7%89%B9%E5%88%A5%E4%BB%95%E6%A7%98+%E6%9C%AA%E9%96%8B%E5%B0%81 HTTP/1.1" 200 53379 "-" "Mozilla/5.0 (Linux; Android 6.0.1; Nexus 5X Build/MMB29P) AppleWebKit/537.36 (KHTML, like Gecko) Chrome/135.0.7049.95 Mobile Safari/537.36 (compatible; Googlebot/2.1; +http://www.google.com/bot.html)"
66.249.74.103 - - [29/Apr/2025:22:06:24 -0400] "GET /?k=4081796977202&channel=42a010&from=goods.php%3Fid%3D969772-3315%26name%3DMCAVBVLKR%28%E5%B0%8F%E3%81%95%E3%81%AA%E5%BA%97%29+LED+%E3%83%90%E3%83%83%E3%82%AF%E3%83%A9%E3%82%A4%E3%83%88+%E3%82%B9%E3%83%88%E3%83%AA%E3%83%83%E3%83%97%E3%80%81LG+42+%E3%82%A4%E3%83%B3%E3%83%81+TV+V14+%E3%82%B9%E3%83%AA%E3%83%A0+DRT+Rev0.6+6 HTTP/1.1" 200 51995 "-" "Mozilla/5.0 (Linux; Android 6.0.1; Nexus 5X Build/MMB29P) AppleWebKit/537.36 (KHTML, like Gecko) Chrome/135.0.7049.95 Mobile Safari/537.36 (compatible; Googlebot/2.1; +http://www.google.com/bot.html)"
66.249.74.103 - - [29/Apr/2025:22:06:31 -0400] "GET /?k=83831152308101&channel=53d90a&from=shop.php%3Fid%3D1523081-9857%26name%3DNIKE%E3%82%B5%E3%83%83%E3%82%AB%E3%83%BC%E3%82%B9%E3%83%91%E3%82%A4%E3%82%AF+%E3%83%95%E3%82%A1%E3%83%B3%E3%83%88%E3%83%A0GT HTTP/1.1" 200 0 "-" "Mozilla/5.0 (Linux; Android 6.0.1; Nexus 5X Build/MMB29P) AppleWebKit/537.36 (KHTML, like Gecko) Chrome/135.0.7049.95 Mobile Safari/537.36 (compatible; GoogleOther)"
66.249.74.103 - - [29/Apr/2025:22:06:31 -0400] "GET /?k=17187178564701&channel=b0c144&from=category-info.php%3Fid%3D1785647-14473%26name%3D%E8%B6%85%E7%89%B9%E6%80%A5+%E3%82%BF%E3%82%AF%E3%83%A4+17%E4%BB%A3%E7%9B%AE%E8%B6%85%E3%83%9A%E3%83%B3%E3%83%A9%E3%82%A4%E3%83%88+%E8%8D%89%E5%B7%9D%E6%8B%93%E5%BC%A5+%E3%83%9A%E3%83%B3%E3%83%A9 HTTP/1.1" 200 51188 "-" "Mozilla/5.0 (Linux; Android 6.0.1; Nexus 5X Build/MMB29P) AppleWebKit/537.36 (KHTML, like Gecko) Chrome/135.0.7049.95 Mobile Safari/537.36 (compatible; Googlebot/2.1; +http://www.google.com/bot.html)"
66.249.74.103 - - [29/Apr/2025:22:06:46 -0400] "GET /?k=8736024036901&channel=0c3547&from=goods.php%3Fid%3D240369-5343%26name%3D%E6%A4%85%E5%AD%90%E3%82%AB%E3%83%90%E3%83%BC HTTP/1.1" 200 51237 "-" "Mozilla/5.0 (Linux; Android 6.0.1; Nexus 5X Build/MMB29P) AppleWebKit/537.36 (KHTML, like Gecko) Chrome/135.0.7049.95 Mobile Safari/537.36 (compatible; Googlebot/2.1; +http://www.google.com/bot.html)"
66.249.74.103 - - [29/Apr/2025:22:06:47 -0400] "GET /?k=57135121439103&channel=515ca5&from=product.php%3Fid%3D1214391-21366%26name%3DANPANMAN+%E7%94%9A%E5%B9%B3+100cm+%E3%82%AD%E3%83%A3%E3%83%A9%E3%82%AF%E3%82%BF%E3%83%BC%E6%9F%84 HTTP/1.1" 200 51764 "-" "Mozilla/5.0 (Linux; Android 6.0.1; Nexus 5X Build/MMB29P) AppleWebKit/537.36 (KHTML, like Gecko) Chrome/135.0.7049.95 Mobile Safari/537.36 (compatible; Googlebot/2.1; +http://www.google.com/bot.html)"
66.249.74.104 - - [29/Apr/2025:22:06:50 -0400] "GET /?k=70961168216703&channel=104838&from=form.php%3Fid%3D1682167-25713%26name%3D%5B%E3%83%99%E3%83%AB%E3%83%A1%E3%82%BE%E3%83%B3%5D+%E3%83%87%E3%82%A3%E3%82%BA%E3%83%8B%E3%83%BC+%E3%81%93%E3%81%9F%E3%81%A4%E6%95%B7%E3%81%8D%E5%B8%83%E5%9B%A3++%E4%BD%8E%E5%8F%8D%E7%99%BA+%E3%82%A6%E3%83%AC%E3%82%BF%E3%83%B3%E5%85%A5%E3%82%8A+%E3%83%A9%E3%82%B0+%E3%81%82%E3%81%A3%E3%81%9F%E3%81%8B+%E3%81%AA%E3%82%81%E3%82%89%E3%81%8B%E3%81%AA+%E3%83%A1%E3%83%AB%E3%83%88%E3%83%AD+%E3%81%93%E3%81%9F%E3%81%A4%E5%8E%9A%E6%95%B7%E3%81%8D+%E3%83%9E%E3%83%83%E3%83%88+%E3%83%9F%E3%83%83%E3%82%AD%EF%BC%88%E3%81%B5%E3%81%A3%E3%81%8F%E3%82%89%E3%82%BF%E3%82%A4%E3%83%97%E3%80%91%E3%81%93%E3%81%9F%E3%81%A4%E5%B8%83%E5%9B%A3%E6%8E%9B%E3%81%91%E6%95%B7%E3%81%8D%E3%82%BB%E3%83%83%E3%83%88%EF%BC%88%E9%81%B8%E3%81%B9%E3%82%8B%E3%82%AD%E3%83%A3%E3%83%A9%E3%82%AF%E3%82%BF%E3%83%BC%EF%BC%89%EF%BC%88%E3%83%87%E3%82%A3%E3%82%BA%E3%83%8B%E3%83%BC+%E3%81%93%E3%81%9F%E3%81%A4%E5%B8%83%E5%9B%A3%EF%BC%89%EF%BD%9C%28%E3%83%87%E3%82%A3%E3%82%BA%E3%83%8B%E3%83%BC%2FDisney%29%EF%BD%9C%E9%80%9A%E8%B2%A9%E3%81%AE%E3%83%99%E3%83%AB%E3%83%A1%E3%82%BE%E3%83%B3%E3%83%8D%E3%83%83%E3%83%88%EF%BC%89 HTTP/1.1" 200 0 "-" "Mozilla/5.0 (Linux; Android 6.0.1; Nexus 5X Build/MMB29P) AppleWebKit/537.36 (KHTML, like Gecko) Chrome/135.0.7049.95 Mobile Safari/537.36 (compatible; GoogleOther)"
66.249.74.103 - - [29/Apr/2025:22:06:52 -0400] "GET /css_98791ab740d314653ff34eb76d5e00ae/_public_bundle_sp.bundle.min HTTP/1.1" 200 62457 "http://okewla123.id/?k=57135121439103&channel=515ca5&from=product.php%3Fid%3D1214391-21366%26name%3DANPANMAN+%E7%94%9A%E5%B9%B3+100cm+%E3%82%AD%E3%83%A3%E3%83%A9%E3%82%AF%E3%82%BF%E3%83%BC%E6%9F%84" "Mozilla/5.0 (Linux; Android 6.0.1; Nexus 5X Build/MMB29P) AppleWebKit/537.36 (KHTML, like Gecko) Chrome/134.0.6998.165 Mobile Safari/537.36 (compatible; Googlebot/2.1; +http://www.google.com/bot.html)"
66.249.74.103 - - [29/Apr/2025:22:06:54 -0400] "GET /?k=82217138272604&channel=a363f2&from=article.php%3Fid%3D1382726-23863%26name%3D%E3%83%AC%E3%82%A4%E3%82%B8%E3%83%BC%E3%82%B9%E3%83%BC%E3%82%B6%E3%83%B3%E3%82%BF%E3%83%BC%E3%83%B3%E3%83%86%E3%83%BC%E3%83%96%E3%83%AB%E3%80%81%E9%A0%91%E4%B8%88%E3%81%AA%E5%BC%B7%E5%8C%96%E3%82%AC%E3%83%A9%E3%82%B9%E5%9B%9E%E8%BB%A2%E3%83%88%E3%83%AC%E3%82%A4%E3%80%81%E5%AE%B6%E5%BA%AD%E7%94%A8%E3%83%9B%E3%83%86%E3%83%AB%E5%A4%A7%E5%9E%8B%E3%83%A9%E3%82%A6%E3%83%B3%E3%83%89%E3%83%86%E3%83%BC%E3%83%96%E3%83%AB%E3%83%88%E3%83%83%E3%83%97%E3%82%B5%E3%83%BC%E3%83%93%E3%83%B3%E3%82%B0%E3%83%97%E3%83%AC%E3%83%BC%E3%83%88-%E9%80%8F%E6%98%8E%E3%83%96%E3%83%A9%E3%82%A6%E3%83%B3 HTTP/1.1" 200 52864 "-" "Mozilla/5.0 (Linux; Android 6.0.1; Nexus 5X Build/MMB29P) AppleWebKit/537.36 (KHTML, like Gecko) Chrome/135.0.7049.95 Mobile Safari/537.36 (compatible; Googlebot/2.1; +http://www.google.com/bot.html)"
40.77.167.76 - - [29/Apr/2025:22:06:56 -0400] "GET /?k=75080171940201&channel=edbfe4&from=blog.php%3Fid%3D1719402-8504%26name%3D%E8%93%8B%E4%BB%98%E3%81%8D2%E6%AE%B5%E9%A3%9F%E5%99%A8%E4%B9%BE%E7%87%A5%E3%83%A9%E3%83%83%E3%82%AF%E3%80%81+%E3%82%B9%E3%83%86%E3%83%B3%E3%83%AC%E3%82%B9%E9%8B%BC%E3%81%AE%E7%9A%BF%E3%81%AE%E6%B0%B4%E5%88%87%E3%82%8A%E3%83%A9%E3%83%83%E3%82%AF%E3%80%81%E5%8F%B0%E6%89%80%E4%BB%98%E5%B1%9E%E5%93%81%E3%81%AE%E3%81%9F%E3%82%81%E3%81%AE%E6%B0%B4%E5%88%87%E3%82%8A%E5%8F%B0%E3%81%8C%E4%BB%98%E3%81%84%E3%81%A6%E3%81%84%E3%82%8B%E7%9A%BF%E3%81%AE%E4%B9%BE%E7%87%A5%E7%AE%B1%E5%A4%9A%E6%A9%9F%E8%83%BD%E3%81%AE%E3%82%B9%E3%83%9A%E3%83%BC%E3%82%B9+%E3%82%BB%E3%83%BC%E3%83%93 HTTP/1.1" 200 41799 "-" "Mozilla/5.0 AppleWebKit/537.36 (KHTML, like Gecko; compatible; bingbot/2.0; +http://www.bing.com/bingbot.htm) Chrome/116.0.1938.76 Safari/537.36"
66.249.74.103 - - [29/Apr/2025:22:06:58 -0400] "GET /?k=5737899988001&channel=c61164&from=product.php%3Fid%3D999880-7491%26name%3D%E3%83%98%E3%83%83%E3%83%89%E3%83%A9%E3%82%A4%E3%83%88%E3%82%B0%E3%83%AA%E3%83%AB%E3%82%AB%E3%83%90%E3%83%BC+%E3%82%AB%E3%83%AF%E3%82%B5%E3%82%AD+%E3%83%B4%E3%82%A7%26amp%3B%E3%83%AB%E3%82%B7%E3%82%B9+1000+650+%E3%83%B4%E3%82%A7%26amp%3B%E3%83%AB%E3%82%B7%E3%82%B91000+KLE1000+%E3%83%B4%E3%82%A7%26am HTTP/1.1" 200 52705 "-" "Mozilla/5.0 (Linux; Android 6.0.1; Nexus 5X Build/MMB29P) AppleWebKit/537.36 (KHTML, like Gecko) Chrome/135.0.7049.95 Mobile Safari/537.36 (compatible; Googlebot/2.1; +http://www.google.com/bot.html)"
52.167.144.228 - - [29/Apr/2025:22:07:00 -0400] "GET /?k=19229136303402&channel=ca2124&from=product.php%3Fid%3D1363034-15966%26name%3D%E3%83%88%E3%82%A4%E3%83%AC%E3%83%83%E3%83%88%E3%83%9A%E3%83%BC%E3%83%91%E3%83%BC%E3%83%9B%E3%83%AB%E3%83%80%E3%83%BC%E3%81%AE%E5%B1%A5%E7%89%A9%E7%94%A8%E3%83%90%E3%82%B9%E3%83%AB%E3%83%BC%E3%83%A0%E3%82%A2%E3%82%AF%E3%82%BB%E3%82%B5%E3%83%AA%E3%83%BC%E8%B2%AF%E8%94%B5%E6%A3%9A%E3%81%AE%E6%8E%98%E5%89%8A%E3%81%95%E3%82%8C%E3%81%AA%E3%81%84%E6%8E%98%E5%89%8A%E3%81%95%E3%82%8C%E3%81%A6%E3%81%84%E3%81%AA%E3%81%84%E9%98%B2%E6%B0%B4%EF%BC%88%E3%82%B5%E3%82%A4%E3%82%BA%EF%BC%9A218mm%E3%80%81%E7%B4%A0%E6%9D%90%EF%BC%9AABS%EF%BC%89 HTTP/1.1" 200 42388 "-" "Mozilla/5.0 AppleWebKit/537.36 (KHTML, like Gecko; compatible; bingbot/2.0; +http://www.bing.com/bingbot.htm) Chrome/116.0.1938.76 Safari/537.36"
66.249.74.105 - - [29/Apr/2025:22:07:04 -0400] "GET /?k=28847113502500&channel=8c0135&from=brands.php%3Fid%3D1135025-4201%26name%3D%E8%AA%95%E7%94%9F%E6%97%A5+%E3%82%8D%E3%81%86%E3%81%9D%E3%81%8F+%E3%81%8A%E8%AA%95%E7%94%9F%E6%97%A5%E3%82%AD%E3%83%A3%E3%83%B3%E3%83%89%E3%83%AB+%E3%81%8A%E3%81%97%E3%82%83%E3%82%8C+%E6%95%B0%E5%AD%97+%E3%83%90%E3%83%BC%E3%82%B9%E3%83%87%E3%83%BC%E3%82%AD%E3%83%A3%E3%83%B3%E3%83%89%E3%83%AB+3D+%E8%A3%85%E9%A3%BE+%E8%A8%98%E5%BF%B5%E6%97%A5%E3%82%92%E3%81%8A%E7%A5%9D%E3%81%84%E3%81%97%E3%81%BE%E3%81%97%E3%82%87%E3%81%86+%E3%82%B1%E3%83%BC%E3%82%AD%E3%83%8A%E3%83%B3%E3%83%90%E3%83%BC%E3%82%AD%E3%83%A3%E3%83%B3%E3%83%89%E3%83%AB+%E3%82%A6%E3%82%A7%E3%83%87%E3%82%A3%E3%83%B3%E3%82%B0%E3%83%91%E3%83%BC%E3%83%86%E3%82%A3%E3%83%BC+%E5%8D%92%E6%A5%AD%E3%83%91%E3%83%BC%E3%83%86%E3%82%A3%E3%83%BC+%E3%83%94%E3%83%B3%E3%82%AF%28%E7%95%AA%E5%8F%B76%29 HTTP/1.1" 200 53916 "-" "Mozilla/5.0 (Linux; Android 6.0.1; Nexus 5X Build/MMB29P) AppleWebKit/537.36 (KHTML, like Gecko) Chrome/135.0.7049.95 Mobile Safari/537.36 (compatible; Googlebot/2.1; +http://www.google.com/bot.html)"
66.249.74.104 - - [29/Apr/2025:22:07:04 -0400] "GET /?k=6182045407300&channel=80ee9b&from=form.php%3Fid%3D454073-549%26name%3D%E3%83%95%E3%82%A3%E3%83%83%E3%83%883+%E3%83%B4%E3%82%A7%E3%82%BC%E3%83%AB%E3%80%80ZERO1000+%E3%83%91%E3%83%AF%E3%83%BC%E3%83%81%E3%83%A3%E3%83%B3%E3%83%90%E3%83%BC HTTP/1.1" 200 49771 "-" "Mozilla/5.0 (Linux; Android 6.0.1; Nexus 5X Build/MMB29P) AppleWebKit/537.36 (KHTML, like Gecko) Chrome/135.0.7049.95 Mobile Safari/537.36 (compatible; Googlebot/2.1; +http://www.google.com/bot.html)"
52.167.144.173 - - [29/Apr/2025:22:07:05 -0400] "GET /?k=0624890423405&channel=36a0a5&from=article.php%3Fid%3D904234-7965%26name%3D%E3%83%9D%E3%83%BC%E3%82%BF%E3%83%96%E3%83%AB%E4%B8%89%E8%84%9A+%E3%82%AB%E3%83%BC%E3%83%9C%E3%83%B3%E3%83%95%E3%82%A1%E3%82%A4%E3%83%90%E3%83%BC%E3%81%AE%E4%B8%89%E8%84%9ASLR%E3%82%AB%E3%83%A1%E3%83%A9%E3%81%AE%E4%B8%89%E8%84%9A%E5%86%99%E7%9C%9F%E8%A3%85%E7%BD%AE%E3%81%AE%E4%B8%89%E8%84%9A+%E3%83%87%E3%82%B8%E3%82%BF%E3%83%AB%E4%B8%80%E7%9C%BC%E3%83%AC%E3%83%95%E3%82%AB%E3%83%A1%E3%83%A9%E7%94%A8+%28%E8%89%B2+%3A+Black%2C+Size HTTP/1.1" 200 41699 "-" "Mozilla/5.0 AppleWebKit/537.36 (KHTML, like Gecko; compatible; bingbot/2.0; +http://www.bing.com/bingbot.htm) Chrome/116.0.1938.76 Safari/537.36"
66.249.74.104 - - [29/Apr/2025:22:07:10 -0400] "GET /?k=4938812627904&channel=fb928f&from=info.php%3Fid%3D126279-3867%26name%3D%E3%83%97%E3%83%AD%E3%83%95%E3%82%A7%E3%83%83%E3%82%B7%E3%83%A7%E3%83%90%E3%82%A4%E3%82%AA%E3%83%AA%E3%83%B3%E3%82%B1%E3%83%BC%E3%82%B9+4%2F4+%E3%82%AB%E3%83%BC%E3%83%9C%E3%83%B3%E3%83%95%E3%82%A1%E3%82%A4%E3%83%90%E3%83%BC%E8%A3%BD%E3%83%90%E3%82%A4%E3%82%AA%E3%83%AA%E3%83%B3%E3%82%B1%E3%83%BC%E3%82%B9+%E8%80%90%E5%9C%A7%E7%B8%AE%E6%80%A7%E3%81%A8%E8%BB%BD%E9%87%8F%E6%80%A7%E3%82%92%E5%82%99%E3%81%88%E3%81%9F%E6%B9%BF%E5%BA%A6%E8%A8%88%E4%BB%98%E3%81%8D%E3%83%90%E3%82%A4%E3%82%AA%E3%83%AA%E3%83%B3%E3%82%B1%E3%83%BC%E3%82%B9%28B HTTP/1.1" 200 51212 "-" "Mozilla/5.0 (Linux; Android 6.0.1; Nexus 5X Build/MMB29P) AppleWebKit/537.36 (KHTML, like Gecko) Chrome/135.0.7049.95 Mobile Safari/537.36 (compatible; Googlebot/2.1; +http://www.google.com/bot.html)"
66.249.74.103 - - [29/Apr/2025:22:07:11 -0400] "GET /?k=98008110484002&channel=e493cd&from=article.php%3Fid%3D1104840-10614%26name%3D%E3%82%A2%E3%82%AC%E3%83%99%E3%80%80%E3%83%81%E3%82%BF%E3%83%8E%E3%82%BF%E3%80%80%E9%BB%92%E9%AF%A8%E3%80%80%E9%89%A2%E5%9C%9F%E4%BB%98%E3%81%8D%E2%91%A1 HTTP/1.1" 200 0 "-" "Mozilla/5.0 (Linux; Android 6.0.1; Nexus 5X Build/MMB29P) AppleWebKit/537.36 (KHTML, like Gecko) Chrome/135.0.7049.95 Mobile Safari/537.36 (compatible; GoogleOther)"
66.249.74.103 - - [29/Apr/2025:22:07:17 -0400] "GET /?k=0881199041402&channel=91698a&from=article.php%3Fid%3D990414-17041%26name%3D%E3%83%86%E3%82%A3%E3%83%95%E3%82%A1%E3%83%BC%E3%83%AB%E9%8D%8B%E8%93%8B HTTP/1.1" 200 0 "-" "Mozilla/5.0 (Linux; Android 6.0.1; Nexus 5X Build/MMB29P) AppleWebKit/537.36 (KHTML, like Gecko) Chrome/135.0.7049.95 Mobile Safari/537.36 (compatible; GoogleOther)"
