40.77.167.10 - - [29/Apr/2025:23:49:10 -0400] "GET /?k=8801343665002&channel=f4c8d3&from=brands.php%3Fid%3D436650-9932%26name%3DSFC400+1%2F2+SFC300+SFC200+1%2F4+%E3%82%A8%E3%82%A2%E3%82%B3%E3%83%B3%E3%83%97%E3%83%AC%E3%83%83%E3%82%B5%E3%83%BC%E3%83%95%E3%82%A3%E3%83%AB%E3%82%BF%E3%83%BC%E3%83%AC%E3%82%AE%E3%83%A5%E3%83%AC%E3%83%BC%E3%82%BF%E3%83%BC%E6%B2%B9%E6%B0%B4%E5%88%86%E9%9B%A2%E5%99%A8%E3%83%89%E3%83%AC%E3%83%B3%E3%83%90%E3%83%AB%E3%83%96%E5%9C%A7%E5%8A%9B%E8%AA%BF%E6%95%B4%E3%83%90 HTTP/1.1" 200 40918 "-" "Mozilla/5.0 AppleWebKit/537.36 (KHTML, like Gecko; compatible; bingbot/2.0; +http://www.bing.com/bingbot.htm) Chrome/116.0.1938.76 Safari/537.36"
66.249.74.103 - - [29/Apr/2025:23:50:09 -0400] "GET /?k=39850165331307&channel=3d2d9b&from=news.php%3Fid%3D1653313-25617%26name%3Dprince+%E3%83%86%E3%83%8B%E3%82%B9%E3%82%A6%E3%82%A7%E3%82%A2%E3%80%80%E3%82%BB%E3%83%83%E3%83%88%E3%82%A2%E3%83%83%E3%83%97 HTTP/1.1" 200 0 "-" "Mozilla/5.0 (Linux; Android 6.0.1; Nexus 5X Build/MMB29P) AppleWebKit/537.36 (KHTML, like Gecko) Chrome/135.0.7049.95 Mobile Safari/537.36 (compatible; GoogleOther)"
52.167.144.171 - - [29/Apr/2025:23:51:08 -0400] "GET /?k=18105185190700&channel=970d16&from=shared.php%3Fid%3D1851907-4514%26name%3D%E6%BA%B6%E8%9E%8D%E5%9C%A7%E5%8A%9B%E3%82%BB%E3%83%B3%E3%82%B5%E3%83%BC+%E9%AB%98%E6%B8%A9%E6%BA%B6%E8%9E%8D%E5%9C%A7%E5%8A%9B%E3%82%BB%E3%83%B3%E3%82%B5%E3%83%BC%2F%E4%BC%9D%E9%80%81%E5%99%A8+CN1-6-M-B35D-1-4-D+%E6%BA%B6%E8%9E%8D%E5%9C%A7%E5%8A%9B%E5%A4%89%E6%8F%9B%E5%99%A8 HTTP/1.1" 200 41592 "-" "Mozilla/5.0 AppleWebKit/537.36 (KHTML, like Gecko; compatible; bingbot/2.0; +http://www.bing.com/bingbot.htm) Chrome/116.0.1938.76 Safari/537.36"
52.167.144.171 - - [29/Apr/2025:23:51:09 -0400] "GET /?k=79161158946606&channel=d87539&from=info.php%3Fid%3D1589466-4486%26name%3D110x+%E3%82%BF%E3%83%83%E3%83%97%E3%81%A8%E3%83%80%E3%82%A4%E3%82%BB%E3%83%83%E3%83%88++%E3%83%A1%E3%83%88%E3%83%AA%E3%83%83%E3%82%AF%E3%82%B2%E3%83%BC%E3%82%B8%E3%82%AD%E3%83%83%E3%83%88+%E4%BF%AE%E7%90%86%E3%81%AB%E5%BF%85%E9%A0%88%E3%81%AE%E3%81%AD%E3%81%98%E5%88%87%E3%82%8A%E3%83%84%E3%83%BC%E3%83%AB%E3%82%BB%E3%83%83%E3%83%88%EF%BC%88%E9%80%9F%E7%99%BA%E9%80%81%E3%80%91Wolfride+%E3%82%BF%E3%83%83%E3%83%97%E3%83%80%E3%82%A4%E3%82%B9%E3%82%BB%E3%83%83%E3%83%88+%E3%83%8D%E3%82%B8%E7%A9%B4+%E3%83%8D%E3%82%B8%E5%B1%B1+%E4%BF%AE%E6%AD%A3+%E6%B0%B4%E9%81%93%E7%AE%A1%E4%BF%AE%E7%90%86%E3%83%8D%E3%82%B8+%E9%AB%98%E7%A1%AC%E5%BA%A6+%E3%83%97%E3%83%A9%E3%82%B9%E3%83%81%E3%83%83%E3%82%AF+%E3%83%8D%E3%82%B8%E5%B1%B1%E8%A3%9C%E4%BF%AE%E3%82%AD%E3%83%83%E3%83%88+%E3%82%BF%E3%83%83%E3%83%97%E3%83%8F%E3%83%B3%E3%83%89%E3%83%AB++%E3%83%80%E3%82%A4%E3%82%B9%E3%83%8F%E3%83%B3%E3%83%89%E3%83%AB+%E8%AA%BF%E6%95%B4%E5%8F%AF%E8%83%BD%E3%81%AA%E3%82%BF%E3%83%83%E3%83%97+%E3%83%80%E3%82%A4%E3%82%B9%E3%82%BB%E3%83%83%E3%83%88+%E3%81%AD%E3%81%98%E5%88%87%E3%82%8A+%E3%83%9C%E3%83%AB%E3%83%88%E7%A9%B4+%E5%B7%A5%E5%85%B7+DIY+-+%E3%83%A1%E3%83%AB%E3%82%AB%E3%83%AA%EF%BC%89 HTTP/1.1" 200 40225 "-" "Mozilla/5.0 AppleWebKit/537.36 (KHTML, like Gecko; compatible; bingbot/2.0; +http://www.bing.com/bingbot.htm) Chrome/116.0.1938.76 Safari/537.36"
52.167.144.202 - - [29/Apr/2025:23:53:06 -0400] "GET /?k=651624899604&channel=4d0dd2&from=pin.php%3Fid%3D48996-532%26name%3D%E3%82%B5%E3%82%A4%E3%83%89%E3%82%B9%E3%82%AB%E3%83%BC%E3%83%88+%E3%82%AB%E3%83%BC%E3%83%9C%E3%83%B3%E3%83%95%E3%82%A1%E3%82%A4%E3%83%90%E3%83%BC%E5%A4%96%E8%A6%B3+%E3%82%AA%E3%83%BC%E3%83%88%E3%83%AA%E3%82%A2%E3%83%90%E3%83%B3%E3%83%91%E3%83%BC%E3%83%AA%E3%83%83%E3%83%97%E3%83%A9%E3%83%83%E3%83%97%E3%82%A2%E3%83%B3%E3%82%B0%E3%83%AB%E3%82%B9%E3%83%97%E3%83%AA%E3%83%83%E3%82%BF%E3%83%BC%E3%83%87%E3%82%A3%E3%83%95%E3%83%A5%E3%83%BC%E3%82%B6%E3%83%BC%E3%82%AB%E3%83%8A%E3%83%BC%E3%83%89+ABS%E3%83%97%E3%83%A9%E3%82%B9%E3%83%81%E3%83%83%E3%82%AF HTTP/1.1" 200 41201 "-" "Mozilla/5.0 AppleWebKit/537.36 (KHTML, like Gecko; compatible; bingbot/2.0; +http://www.bing.com/bingbot.htm) Chrome/116.0.1938.76 Safari/537.36"
40.77.167.14 - - [29/Apr/2025:23:53:30 -0400] "GET /?k=5686787874601&channel=4d0dd2&from=product.php%3Fid%3D878746-532%26name%3D%E3%82%B5%E3%82%A4%E3%83%89%E3%82%B9%E3%82%AB%E3%83%BC%E3%83%88%E3%82%B5%E3%82%A4%E3%83%89%E3%82%AB%E3%83%8A%E3%83%BC%E3%83%89+2+%E3%82%B7%E3%83%AA%E3%83%BC%E3%82%BA+F87+M2+M2C+%E7%AB%B6%E4%BA%89+2016+2017+2018+2019+2020+%E3%82%B5%E3%82%A4%E3%83%89%E3%82%B9%E3%82%AB HTTP/1.1" 200 41910 "-" "Mozilla/5.0 AppleWebKit/537.36 (KHTML, like Gecko; compatible; bingbot/2.0; +http://www.bing.com/bingbot.htm) Chrome/116.0.1938.76 Safari/537.36"
66.249.74.104 - - [29/Apr/2025:23:54:11 -0400] "GET /?k=09259183291101&channel=b06a50&from=pin.php%3Fid%3D1832911-16421%26name%3DSIDERO+%23Labocosmetica%E3%80%80%E3%82%B7%E3%83%87%E3%83%AD%E3%80%80500ml+2%E6%9C%AC%E3%82%BB%E3%83%83%E3%83%88 HTTP/1.1" 200 53397 "-" "Mozilla/5.0 (Linux; Android 6.0.1; Nexus 5X Build/MMB29P) AppleWebKit/537.36 (KHTML, like Gecko) Chrome/135.0.7049.95 Mobile Safari/537.36 (compatible; Googlebot/2.1; +http://www.google.com/bot.html)"
66.249.74.103 - - [29/Apr/2025:23:54:39 -0400] "GET /?k=50084102121709&channel=929af2&from=article.php%3Fid%3D1021217-2966%26name%3D%E3%82%AA%E3%83%BC%E3%82%AF%E3%83%AA%E3%83%BC+%E3%83%AD%E3%83%B3%E3%82%B0%E3%83%91%E3%83%B3%E3%83%84+%E3%82%B7%E3%83%BC%E3%82%AF%E3%82%A8%E3%83%B3%E3%82%B9+%E3%82%B9%E3%83%88%E3%83%AC%E3%83%BC%E3%83%88+7.0+%E3%83%A1%E3%83%B3%E3%82%BA+FOA402494+%E3%82%B4%E3%83%AB%E3%83%95%E3%82%A6%E3%82%A7%E3%82%A2+%E3%83%9C%E3%83%88%E3%83%A0%E3%82%B9+%E3%80%90suso%E3%80%91 HTTP/1.1" 200 53284 "-" "Mozilla/5.0 (Linux; Android 6.0.1; Nexus 5X Build/MMB29P) AppleWebKit/537.36 (KHTML, like Gecko) Chrome/135.0.7049.95 Mobile Safari/537.36 (compatible; Googlebot/2.1; +http://www.google.com/bot.html)"
66.249.74.103 - - [29/Apr/2025:23:54:55 -0400] "GET /?k=98177114609300&channel=c986c5&from=goods.php%3Fid%3D1146093-20049%26name%3D%EF%BC%BB%E8%BF%85%E9%80%9F%E5%AF%BE%E5%BF%9C%EF%BC%BD%E2%98%85%E3%81%8A%E3%82%82%E3%81%A1%E3%82%83%E3%81%BE%E3%81%A8%E3%82%81%E5%A3%B2%E3%82%8AH13%E2%98%85+%E7%83%88%E8%BB%8A%E6%88%A6%E9%9A%8A%E3%83%88%E3%83%83%E3%82%AD%E3%83%A5%E3%82%A6%E3%82%B8%E3%83%A3%E3%83%BC+%E5%A4%89%E8%BA%AB%E3%83%96%E3%83%AC%E3%82%B9+%E3%83%88%E3%83%83%E3%82%AD%E3%83%A5%E3%82%A6%E3%83%81%E3%82%A7%E3%83%B3%E3%82%B8%E3%83%A3%E3%83%BC+%E3%83%AC%E3%83%83%E3%82%B7%E3%83%A3%E3%83%BC+%E3%81%84%E3%82%8D%E3%81%84%E3%82%8D+H13%E3%80%80313 HTTP/1.1" 200 57568 "-" "Mozilla/5.0 (Linux; Android 6.0.1; Nexus 5X Build/MMB29P) AppleWebKit/537.36 (KHTML, like Gecko) Chrome/135.0.7049.95 Mobile Safari/537.36 (compatible; Googlebot/2.1; +http://www.google.com/bot.html)"
66.249.74.103 - - [29/Apr/2025:23:55:11 -0400] "GET /?k=18312102572200&channel=c6d6fb&from=form.php%3Fid%3D1025722-3810%26name%3DTungaloy+%E6%A0%AA%E5%BC%8F%E4%BC%9A%E7%A4%BE%E3%82%BF%E3%83%B3%E3%82%AC%E3%83%AD%E3%82%A4+%E5%A4%96%E5%BE%84%E7%94%A8%E3%83%9B%E3%83%AB%E3%83%80+CTER%2FL+711-1690 HTTP/1.1" 200 51313 "-" "Mozilla/5.0 (Linux; Android 6.0.1; Nexus 5X Build/MMB29P) AppleWebKit/537.36 (KHTML, like Gecko) Chrome/135.0.7049.95 Mobile Safari/537.36 (compatible; Googlebot/2.1; +http://www.google.com/bot.html)"
66.249.74.103 - - [29/Apr/2025:23:55:49 -0400] "GET /?k=79242124876002&channel=81b37a&from=brands.php%3Fid%3D1248760-5676%26name%3D%E3%80%90HARUTA%2F%E3%83%8F%E3%83%AB%E3%82%BF%E3%80%91%E3%82%B3%E3%82%A4%E3%83%B3%E3%83%AD%E3%83%BC%E3%83%95%E3%82%A1%E3%83%BC%E3%80%80%E4%BA%BA%E5%B7%A5%E7%9A%AE%E9%9D%A9 HTTP/1.1" 200 53005 "-" "Mozilla/5.0 (Linux; Android 6.0.1; Nexus 5X Build/MMB29P) AppleWebKit/537.36 (KHTML, like Gecko) Chrome/135.0.7049.95 Mobile Safari/537.36 (compatible; Googlebot/2.1; +http://www.google.com/bot.html)"
66.249.74.104 - - [29/Apr/2025:23:56:04 -0400] "GET /?k=2011241522000&channel=a647ce&from=goods.php%3Fid%3D415220-3266%26name%3D%E3%82%A7%E3%83%B3%E3%83%80%E3%83%BC%E3%82%BF%E3%83%BC%E3%83%B3%E3%82%B7%E3%82%B0%E3%83%8A%E3%83%AB%E3%83%A9%E3%82%A4+Q7%E7%94%A8+2010-2015+%E8%BB%8A%E3%81%AE%E3%82%BF%E3%83%BC%E3%83%B3%E3%82%B7%E3%82%B0%E3%83%8A%E3%83%AB%E3%83%A9%E3%83%B3%E3%83%97%E3%83%A9%E3%83%B3%E3%83%8B%E3%83%B3%E3%82%B0%E3%83%A9%E3%83%B3%E3%83%97%E3%82%BF%E3%83%BC%E3%83%B3%E3%82%B7%E3%82%B0%E3%83%8A%E3%83%AB%E3%83%A9%E3%82%A4%E3%83%88+11+%E3%83%A9%E3%82%A4%E3%83%88 HTTP/1.1" 200 0 "-" "Mozilla/5.0 (Linux; Android 6.0.1; Nexus 5X Build/MMB29P) AppleWebKit/537.36 (KHTML, like Gecko) Chrome/135.0.7049.95 Mobile Safari/537.36 (compatible; GoogleOther)"
66.249.74.104 - - [29/Apr/2025:23:56:30 -0400] "GET /?k=89894121303604&channel=7edf77&from=blog.php%3Fid%3D1213036-22007%26name%3D%E3%82%BF%E3%82%A4%E3%82%AC%E3%83%BC+VE%E9%9B%BB%E6%B0%97%E3%81%BE%E3%81%BB%E3%81%86%E3%81%B3%E3%82%93+PVQ-H300+3.0L+%E5%8B%95%E4%BD%9C%E7%A2%BA%E8%AA%8D%E6%B8%88%E3%81%BF HTTP/1.1" 200 51259 "-" "Mozilla/5.0 (Linux; Android 6.0.1; Nexus 5X Build/MMB29P) AppleWebKit/537.36 (KHTML, like Gecko) Chrome/135.0.7049.95 Mobile Safari/537.36 (compatible; Googlebot/2.1; +http://www.google.com/bot.html)"
66.249.74.103 - - [29/Apr/2025:23:57:00 -0400] "GET /?k=0184215159000&channel=03982c&from=blog.php%3Fid%3D151590-9123%26name%3D%E5%8D%B0%E5%88%B7%E9%9B%BB%E5%8D%93+%E3%82%A2%E3%83%83%E3%83%97%E3%82%B0%E3%83%AC%E3%83%BC%E3%83%89%E6%A9%9F%E8%83%BD+12%E6%A1%81LCD%E3%83%87%E3%82%A3%E3%82%B9%E3%83%97%E3%83%AC%E3%82%A4%E3%82%B9%E3%82%AF%E3%83%AA%E3%83%BC%E3%83%B3+2.03%E8%A1%8C%2F%E7%A7%92+2%E8%89%B2%E5%8D%B0%E5%88%B7+%E4%BC%9A%E8%A8%88%E7%94%A8%E8%BF%BD%E5%8A%A0%E6%A9%9F+AC%E3%82%A2%E3%83%80%E3%83%97%E3%82%BF%E3%83%BC%E4%BB%98%E3%81%8D+%28%E3%83%96%E3%83%AB HTTP/1.1" 200 51083 "-" "Mozilla/5.0 (Linux; Android 6.0.1; Nexus 5X Build/MMB29P) AppleWebKit/537.36 (KHTML, like Gecko) Chrome/135.0.7049.95 Mobile Safari/537.36 (compatible; Googlebot/2.1; +http://www.google.com/bot.html)"
66.249.74.104 - - [29/Apr/2025:23:57:17 -0400] "GET /?k=12373187314000&channel=ced9d3&from=form.php%3Fid%3D1873140-9869%26name%3D%E3%80%90%E3%81%8A%E5%80%A4%E4%B8%8B%E3%81%92%E3%81%97%E3%81%BE%E3%81%97%E3%81%9F%EF%BC%81%E3%80%91%E3%83%87%E3%82%A3%E3%82%BA%E3%83%8B%E3%83%BC%E3%80%80%E3%83%84%E3%83%AA%E3%83%BC%E3%80%80%E3%83%88%E3%83%83%E3%83%91%E3%83%BC%E3%80%80%E3%83%86%E3%82%A3%E3%83%B3%E3%82%AB%E3%83%BC%E3%83%99%E3%83%AB HTTP/1.1" 200 51645 "-" "Mozilla/5.0 (Linux; Android 6.0.1; Nexus 5X Build/MMB29P) AppleWebKit/537.36 (KHTML, like Gecko) Chrome/135.0.7049.95 Mobile Safari/537.36 (compatible; Googlebot/2.1; +http://www.google.com/bot.html)"
40.77.167.55 - - [29/Apr/2025:23:57:20 -0400] "GET /?k=8877172979306&channel=ba297b&from=shared.php%3Fid%3D729793-16294%26name%3D5V%E3%80%9C24V+3a+5.5x2.1mm%E5%8F%AF%E5%A4%89%E3%83%95%E3%82%A1%E3%83%B3%E9%80%9F%E5%BA%A6%E3%82%B3%E3%83%B3%E3%83%88%E3%83%AD%E3%83%BC%E3%83%A9%E3%83%BC%E6%8F%9B%E6%B0%97%E3%82%B7%E3%82%B9%E3%83%86%E3%83%A0%E3%81%AE%E3%83%80%E3%82%AF%E3%83%88%E3%83%95%E3%82%A1%E3%83%B3%E3%81%AE%E9%80%9F%E5%BA%A6%E3%82%A2%E3%82%B8%E3%83%A3%E3%82%B9%E3%82%BF%E3%83%BC HTTP/1.1" 200 39953 "-" "Mozilla/5.0 AppleWebKit/537.36 (KHTML, like Gecko; compatible; bingbot/2.0; +http://www.bing.com/bingbot.htm) Chrome/116.0.1938.76 Safari/537.36"
40.77.167.14 - - [29/Apr/2025:23:57:25 -0400] "GET /?k=8072890078604&channel=d0f86e&from=category-info.php%3Fid%3D900786-2825%26name%3D%E3%82%B5%E3%83%A9%E3%83%80%E3%83%9C%E3%82%A6%E3%83%AB%E3%83%87%E3%82%B6%E3%82%A4%E3%83%B3%E3%82%B7%E3%83%B3%E3%82%B0%E3%83%AB%E3%83%8C%E3%83%BC%E3%83%89%E3%83%AB%E3%83%9C%E3%82%A6%E3%83%AB%E5%A4%A7%E5%9E%8B%E3%82%AF%E3%83%AA%E3%82%A8%E3%82%A4%E3%83%86%E3%82%A3%E3%83%96%E6%B5%85%E3%81%84%E3%82%B5%E3%83%A9%E3%83%80%E3%83%97%E3%83%AC%E3%83%BC%E3%83%88%E3%82%B9%E3%83%BC%E3%83%97%E5%95%86%E6%A5%AD%E3%82%BB%E3%83%A9%E3%83%9F%E3%83%83%E3%82%AF%E3%83%9C%E3%82%A6%E3%83%AB%E3%82%AD%E3%83%83%E3%83%81%E3%83%B3%E3%82%B9%E3%83%BC%E3%83%97%E3%83%9C%E3%82%A6%E3%83%AB%EF%BC%8C HTTP/1.1" 200 40148 "-" "Mozilla/5.0 AppleWebKit/537.36 (KHTML, like Gecko; compatible; bingbot/2.0; +http://www.bing.com/bingbot.htm) Chrome/116.0.1938.76 Safari/537.36"
52.167.144.202 - - [29/Apr/2025:23:57:30 -0400] "GET /?k=90630962004&channel=448a2a&from=jp.php%3Fid%3D9620-1382%26name%3D%E5%85%85%E9%9B%BB%E5%99%A8%E3%83%BB%E3%82%A4%E3%83%A4%E3%83%9B%E3%83%B3%E3%83%9E%E3%82%A4%E3%82%AF%E3%82%BB%E3%83%83%E3%83%88%3CBR%3E%3CBR%3E%E3%82%A2%E3%83%AB%E3%82%A4%E3%83%B3%E3%82%B3+%E3%83%88%E3%83%A9%E3%83%B3%E3%82%B7%E3%83%BC%E3%83%90%E3%83%BC+DJ-P321%3Cbr%3EEDC-331A%E3%83%BB%E3%82%AA%E3%83%AA%E3%82%B8%E3%83%8A%E3%83%AB%E3%83%90%E3%83%83%E3%83%86%E3%83%AA%E3%83%BC%3CBR%3E%E3%83%BB%E3%82%AA%E3%83%AA%E3%82%B8%E3%83%8A%E3%83%AB%E8%80%B3%E6%8E%9B%E3%81%91%E3%82%A4%E3%83%A4%E3%83%9B%E3%83%B3%E3%83%9E%E3%82%A4%E3%82%AF%3Cbr%3E%3CBR%3E%E7%89%B9%E5%AE%9A%E5%B0%8F%E9%9B%BB%E5%8A%9B%E7%84%A1%E7%B7%9A%E6%A9%9F+%E3%82%A4%E3%83%B3%E3%82%AB%E3%83%A0 HTTP/1.1" 200 41048 "-" "Mozilla/5.0 AppleWebKit/537.36 (KHTML, like Gecko; compatible; bingbot/2.0; +http://www.bing.com/bingbot.htm) Chrome/116.0.1938.76 Safari/537.36"
66.249.74.103 - - [29/Apr/2025:23:57:49 -0400] "GET /?k=6833490917101&channel=fae5c6&from=jp.php%3Fid%3D909171-13192%26name%3D%5BBKVB%5D+%E6%8A%98%E3%82%8A%E3%81%9F%E3%81%9F%E3%81%BF%E3%83%9E%E3%83%83%E3%83%88%E3%83%AC%E3%82%B9+%E9%AB%98%E5%8F%8D%E7%99%BA%E3%82%A6%E3%83%AC%E3%82%BF%E3%83%B3+%E3%83%96%E3%83%AB%E3%83%BC+%E5%8F%8D%E7%99%BA%E5%8A%9B+60%2A200%2A8+%E5%8E%9A%E3%81%9510cm+%E5%9B%9B%E3%81%A4%E6%8A%98%E3%82%8A+%E3%81%99%E3%81%8D%E9%96%93%E5%8F%8E%E7%B4%8D+%E3%82%B7%E3%83%B3%E3%82%B0%E3%83%AB HTTP/1.1" 200 52223 "-" "Mozilla/5.0 (Linux; Android 6.0.1; Nexus 5X Build/MMB29P) AppleWebKit/537.36 (KHTML, like Gecko) Chrome/135.0.7049.95 Mobile Safari/537.36 (compatible; Googlebot/2.1; +http://www.google.com/bot.html)"
66.249.74.104 - - [29/Apr/2025:23:58:05 -0400] "GET /?k=52847155468306&channel=9c3963&from=news.php%3Fid%3D1554683-4166%26name%3D%E3%82%A4%E3%83%B3%E3%83%87%E3%82%A3%E3%82%A2%E3%83%B3%E3%82%AD%E3%83%83%E3%83%81%E3%83%B3%E3%83%A9%E3%83%83%E3%82%AF%E3%80%80indian+kitchen+rack HTTP/1.1" 200 51558 "-" "Mozilla/5.0 (Linux; Android 6.0.1; Nexus 5X Build/MMB29P) AppleWebKit/537.36 (KHTML, like Gecko) Chrome/135.0.7049.95 Mobile Safari/537.36 (compatible; Googlebot/2.1; +http://www.google.com/bot.html)"
52.167.144.202 - - [29/Apr/2025:23:58:36 -0400] "GET /?k=5778527293403&channel=86f7d0&from=shop.php%3Fid%3D272934-11188%26name%3D%5BYIOCHOS%5D+%E6%89%8B%E6%8C%87%E3%83%AA%E3%83%8F%E3%83%93%E3%83%AA%E6%89%8B%E8%A2%8B%E3%80%81%E6%89%8B%E6%8C%87%E3%82%B9%E3%83%88%E3%83%AC%E3%83%83%E3%83%81%E7%94%A8%E5%93%81%E3%80%81%E9%9B%BB%E6%B0%97%E3%83%AA%E3%83%8F%E3%83%93%E3%83%AA%E3%83%86%E3%83%BC%E3%82%B7%E3%83%A7%E3%83%B3%E3%82%B0%E3%83%AD%E3%83%BC%E3%83%96%E3%80%81%E3%83%AA%E3%83%8F%E3%83%93%E3%83%AA%E3%83%86%E3%83%BC%E3%82%B7%E3%83%A7%E3%83%B3%E3%82%B0%E3%83%AD%E3%83%BC%E3%83%96%E3%80%81%E9%9B%BB%E5%8B%95%E3%83%AA%E3%83%8F%E3%83%93%E3%83%AA%E6%89%8B HTTP/1.1" 200 39971 "-" "Mozilla/5.0 AppleWebKit/537.36 (KHTML, like Gecko; compatible; bingbot/2.0; +http://www.bing.com/bingbot.htm) Chrome/116.0.1938.76 Safari/537.36"
40.77.167.14 - - [29/Apr/2025:23:58:41 -0400] "GET /?k=5929193256500&channel=dedd8e&from=blog.php%3Fid%3D932565-2628%26name%3D%E3%83%9B%E3%83%B3%E3%83%80+%E7%B4%94%E6%AD%A3+%E3%82%B4%E3%83%BC%E3%83%AB%E3%83%89%E3%82%A6%E3%82%A3%E3%83%B3%E3%82%B0+%E3%83%AA%E3%82%A2%E3%83%96%E3%83%AC%E3%83%BC%E3%82%AD%E3%82%B9%E3%83%88%E3%83%83%E3%83%97+%E3%82%AF%E3%83%AB%E3%83%BC%E3%82%BA%E3%82%B9%E3%82%A4%E3%83%83%E3%83%81 HTTP/1.1" 200 39598 "-" "Mozilla/5.0 AppleWebKit/537.36 (KHTML, like Gecko; compatible; bingbot/2.0; +http://www.bing.com/bingbot.htm) Chrome/116.0.1938.76 Safari/537.36"
40.77.167.14 - - [29/Apr/2025:23:58:41 -0400] "GET /?k=8984240738604&channel=bc7bed&from=form.php%3Fid%3D407386-2994%26name%3D%E8%BB%8A%E3%81%AE%E3%82%B5%E3%82%A4%E3%83%89%E3%82%A6%E3%82%A3%E3%83%B3%E3%83%89%E3%82%A6%E3%82%A6%E3%82%A7%E3%82%B6%E3%83%BC%E3%82%B9%E3%83%88%E3%83%AA%E3%83%83%E3%83%97%E3%82%AC%E3%83%A9%E3%82%B9%E3%82%A6%E3%82%A3%E3%83%B3%E3%83%89%E3%82%A6%E9%98%B2%E6%B0%B4%E5%9C%A7%E5%8A%9B%E3%82%B9%E3%83%88%E3%83%AA%E3%83%83%E3%83%97%E3%82%B7%E3%83%BC%E3%83%AA%E3%83%B3%E3%82%B0%E3%83%88%E3%83%AA%E3%83%A0%E3%83%88%E3%83%A8%E3%82%BF%E3%83%8F%E3%82%A4%E3%83%A9%E3%83%B3%E3%83%80%E3%83%BC2008-2010%E7%94%A8 HTTP/1.1" 200 40595 "-" "Mozilla/5.0 AppleWebKit/537.36 (KHTML, like Gecko; compatible; bingbot/2.0; +http://www.bing.com/bingbot.htm) Chrome/116.0.1938.76 Safari/537.36"
66.249.74.105 - - [29/Apr/2025:23:59:03 -0400] "GET /?k=862823121901&channel=3c7613&from=category-info.php%3Fid%3D31219-456%26name%3DMacna+%E3%83%9E%E3%82%AF%E3%83%8A+Equator+Women%C2%B4s+%E3%83%AC%E3%83%87%E3%82%A3%E3%83%BC%E3%82%B9+%E3%83%A9%E3%82%A4%E3%83%87%E3%82%A3%E3%83%B3%E3%82%B0%E3%82%B8%E3%83%A3%E3%82%B1%E3%83%83%E3%83%88+%E3%83%90%E3%82%A4%E3%82%AF+%E3%81%8B%E3%81%A3%E3%81%93%E3%81%84%E3%81%84+%28XL+%E3%83%96%E3%83%A9%E3%83%83%E3%82%AF%29 HTTP/1.1" 200 52291 "-" "Mozilla/5.0 (Linux; Android 6.0.1; Nexus 5X Build/MMB29P) AppleWebKit/537.36 (KHTML, like Gecko) Chrome/135.0.7049.95 Mobile Safari/537.36 (compatible; Googlebot/2.1; +http://www.google.com/bot.html)"
66.249.74.104 - - [29/Apr/2025:23:59:28 -0400] "GET /?k=3760288330800&channel=855a44&from=blog.php%3Fid%3D883308-1974%26name%3D%E3%83%80%E3%82%A6%E3%83%B3%E3%82%B3%E3%83%BC%E3%83%88+%E3%83%80%E3%82%A6%E3%83%B3%E3%82%B8%E3%83%A3%E3%82%B1%E3%83%83%E3%83%88brand%3A+blugirl+%2Cgoose HTTP/1.1" 200 51051 "-" "Mozilla/5.0 (Linux; Android 6.0.1; Nexus 5X Build/MMB29P) AppleWebKit/537.36 (KHTML, like Gecko) Chrome/135.0.7049.95 Mobile Safari/537.36 (compatible; Googlebot/2.1; +http://www.google.com/bot.html)"
52.167.144.202 - - [29/Apr/2025:23:59:37 -0400] "GET /?k=78245111921307&channel=666f0e&from=article.php%3Fid%3D1119213-8111%26name%3D8%E3%82%A4%E3%83%B3%E3%83%81%E3%82%B8%E3%83%A5%E3%82%A8%E3%83%AA%E3%83%BC%E6%8C%AF%E5%8B%95%E7%A0%94%E7%A3%A8%E6%A9%9F%E3%80%81%E9%9B%BB%E5%8B%95%E3%83%AD%E3%83%83%E3%82%AF%E3%82%BF%E3%83%B3%E3%83%96%E3%83%A9%E3%83%BC%E3%80%81%E7%8B%AC%E7%AB%8B%E9%9B%BB%E6%BA%90%E3%82%B9%E3%82%A4%E3%83%83%E3%83%81%E4%BB%98%E3%81%8D%E6%8C%AF%E5%8B%95%E3%82%BF%E3%83%B3%E3%83%96%E3%83%A9%E3%83%BC%E3%83%9C%E3%82%A6%E3%83%AB%E3%80%816.2L%E3%80%81%E7%9F%B3%E3%80%81%E9%83%A8%E5%93%81%E7%94%A8+%EF%BC%88%E3%83%A9%E3%82%A4%E3%83%95%E3%82%B9%E3%82%BF%E3%82%A4%E3%83%AB+%E8%88%B5%E3%82%AA%E3%83%B3%E3%83%A9%E3%82%A4%E3%83%B3+%E2%94%82+%E8%88%B9%E9%81%8A%E3%81%B3%E3%81%AE%E6%83%85%E5%A0%B1%E3%82%B5%E3%82%A4%E3%83%88%EF%BC%89 HTTP/1.1" 200 42542 "-" "Mozilla/5.0 AppleWebKit/537.36 (KHTML, like Gecko; compatible; bingbot/2.0; +http://www.bing.com/bingbot.htm) Chrome/116.0.1938.76 Safari/537.36"
66.249.74.103 - - [29/Apr/2025:23:59:55 -0400] "GET /?k=39937158766401&channel=c1cb7a&from=info.php%3Fid%3D1587664-600%26name%3DSupreme+The+North+Face++RTG HTTP/1.1" 200 51921 "-" "Mozilla/5.0 (Linux; Android 6.0.1; Nexus 5X Build/MMB29P) AppleWebKit/537.36 (KHTML, like Gecko) Chrome/135.0.7049.95 Mobile Safari/537.36 (compatible; Googlebot/2.1; +http://www.google.com/bot.html)"
40.77.167.55 - - [30/Apr/2025:00:00:01 -0400] "GET /?k=0177780541905&channel=b9b888&from=form.php%3Fid%3D805419-11894%26name%3DSMTBMS++%E6%8A%98%E3%82%8A%E3%81%9F%E3%81%9F%E3%81%BF%E3%82%BD%E3%83%95%E3%82%A1%E3%83%BC%E3%83%99%E3%83%83%E3%83%89%E3%80%903%E3%81%A4%E3%81%AE%E3%83%A2%E3%83%BC%E3%83%89%E5%88%87%E6%9B%BF%EF%BD%9C%E8%83%8C%E3%82%82%E3%81%9F%E3%82%8C5%E6%AE%B5%E9%9A%8E%E8%AA%BF%E7%AF%80%EF%BD%9C%E5%A4%A9%E7%84%B6%E3%83%A9%E3%83%86%E3%83%83%E3%82%AF%E3%82%B9%EF%BC%86%E9%AB%98%E5%AF%86%E5%BA%A6%E3%82%B9%E3%83%9D%E3%83%B3%E3%82%B8%E3%80%91%E3%82%B3%E3%83%B3%E3%83%91%E3%82%AF%E3%83%88+%E5%A4%9A%E6%A9%9F%E8%83%BD%E3%82%BD%E3%83%95%EF%BC%88%E6%8A%98%E3%82%8A%E3%81%9F%E3%81%9F%E3%81%BF%E3%83%99%E3%83%83%E3%83%89+%E3%82%B7%E3%83%B3%E3%82%B0%E3%83%AB+2%E5%8F%B0%E3%82%BB%E3%83%83%E3%83%88+5%E6%AE%B5%E9%9A%8E+%E3%83%AA%E3%82%AF%E3%83%A9%E3%82%A4%E3%83%8B%E3%83%B3%E3%82%B0+%E3%82%BD%E3%83%95%E3%82%A1%E3%83%BC%E3%83%99%E3%83%83%E3%83%89+%E4%BB%8B%E8%AD%B7%E7%94%A8%E3%83%99%E3%83%83%E3%83%89+%E7%B0%A1%E6%98%93%E3%83%99%E3%83%83%E3%83%89+%E6%8A%98%E3%82%8A%E7%95%B3%E3%81%BF+%E3%81%8A%E3%81%97%E3%82%83%E3%82%8C+S+%E3%82%AD%E3%83%A3%E3%82%B9%E3%82%BF%E3%83%BC%E4%BB%98%E3%81%8D+%E7%B5%84%E7%AB%8B++%3A+%E6%9C%AA%E6%9D%A5%E3%83%8D%E3%83%83%E3%83%88+-+%E9%80%9A%E8%B2%A9+-+Yahoo%21%E3%82%B7%E3%83%A7%E3%83%83%E3%83%94%E3%83%B3%E3%82%B0%EF%BC%89 HTTP/1.1" 200 41964 "-" "Mozilla/5.0 AppleWebKit/537.36 (KHTML, like Gecko; compatible; bingbot/2.0; +http://www.bing.com/bingbot.htm) Chrome/116.0.1938.76 Safari/537.36"
40.77.167.55 - - [30/Apr/2025:00:00:01 -0400] "GET /?k=11341137431104&channel=0619cb&from=category-info.php%3Fid%3D1374311-9370%26name%3DPSP+1000+%E6%9C%AC%E4%BD%93%E3%80%80%E3%83%A2%E3%83%B3%E3%82%B9%E3%82%BF%E3%83%BC%E3%83%8F%E3%83%B3%E3%82%BF%E3%83%BC%E3%80%80%E5%85%85%E9%9B%BB%E5%99%A8%E3%80%80%E3%83%A1%E3%83%A2%E3%83%AA%E3%83%BC%E3%82%B9%E3%83%86%E3%82%A3%E3%83%83%E3%82%AF HTTP/1.1" 200 39587 "-" "Mozilla/5.0 AppleWebKit/537.36 (KHTML, like Gecko; compatible; bingbot/2.0; +http://www.bing.com/bingbot.htm) Chrome/116.0.1938.76 Safari/537.36"
66.249.74.105 - - [30/Apr/2025:00:00:39 -0400] "GET /?k=727898464703&channel=a242ab&from=category-info.php%3Fid%3D84647-524%26name%3D%E3%82%B7%E3%83%AB%E3%83%90%E3%83%BC%E3%83%9E%E3%83%83%E3%83%88%E3%82%AF%E3%83%AD%E3%83%BC%E3%83%A0%E3%82%B5%E3%82%A4%E3%83%89%E3%83%9F%E3%83%A9%E3%83%BC%E3%82%AD%E3%83%A3%E3%83%83%E3%83%97+%E3%82%B7%E3%83%A5%E3%82%B3%E3%83%80%E3%82%AA%E3%82%AF%E3%82%BF%E3%83%B4%E3%82%A3%E3%82%A2+Mk3+A7+5E+%E3%81%A8%E4%BA%92%E6%8F%9B%E6%80%A7%E3%81%82%E3%82%8A+VW+T+ROC+2014+20 HTTP/1.1" 200 52570 "-" "Mozilla/5.0 (Linux; Android 6.0.1; Nexus 5X Build/MMB29P) AppleWebKit/537.36 (KHTML, like Gecko) Chrome/135.0.7049.95 Mobile Safari/537.36 (compatible; Googlebot/2.1; +http://www.google.com/bot.html)"
66.249.74.103 - - [30/Apr/2025:00:01:03 -0400] "GET /?k=19984168132103&channel=b7f241&from=brands.php%3Fid%3D1681321-632%26name%3D%E6%8C%AF%E8%A2%96%E3%83%BB%E3%83%AC%E3%83%83%E3%83%89%E7%B3%BB%E3%80%80%E8%8A%B1%E8%BB%8A%E3%80%80%E6%89%87%E3%80%80%E5%B0%8F%E8%8A%B1+%E3%80%80%E9%95%B7%E8%A5%A6%E8%A2%A2%E4%BB%98++%E3%81%8A%E5%BE%97%E3%82%BB%E3%83%83%E3%83%8830%EF%BC%85OFF HTTP/1.1" 200 51801 "-" "Mozilla/5.0 (Linux; Android 6.0.1; Nexus 5X Build/MMB29P) AppleWebKit/537.36 (KHTML, like Gecko) Chrome/135.0.7049.95 Mobile Safari/537.36 (compatible; Googlebot/2.1; +http://www.google.com/bot.html)"
66.249.74.103 - - [30/Apr/2025:00:01:28 -0400] "GET /?k=467806243802&channel=d0ce0f&from=info.php%3Fid%3D62438-5452%26name%3D%E3%83%A9%E3%83%83%E3%82%B7%E3%83%A5%E3%82%AC%E3%83%BC%E3%83%89+%E3%83%91%E3%83%BC%E3%82%AB%E3%83%BC+%E3%83%AC%E3%83%87%E3%82%A3%E3%83%BC%E3%82%B9+%E3%83%A9%E3%83%83%E3%82%B7%E3%83%A5%E3%83%91%E3%83%BC%E3%82%AB%E3%83%BC+%E6%97%A5%E7%84%BC%E3%81%91%E5%AF%BE%E7%AD%96+%E3%82%B9%E3%83%9D%E3%83%BC%E3%83%84+%E5%A4%8F%E6%9C%8D+%E5%86%B7%E6%84%9F+%E3%83%95%E3%83%BC%E3%83%89%E3%81%82%E3%82%8A+%E9%80%9A%E6%B0%97%E9%80%9F%E4%B9%BE+%E3%83%A9%E3%83%83%E3%82%B7%E3%83%A5+%E9%95%B7%E8%A2%96+UV HTTP/1.1" 200 53659 "-" "Mozilla/5.0 (Linux; Android 6.0.1; Nexus 5X Build/MMB29P) AppleWebKit/537.36 (KHTML, like Gecko) Chrome/135.0.7049.95 Mobile Safari/537.36 (compatible; Googlebot/2.1; +http://www.google.com/bot.html)"
66.249.74.103 - - [30/Apr/2025:00:02:44 -0400] "GET /?k=92791196229205&channel=cc3f17&from=product.php%3Fid%3D1962292-10216%26name%3D%E5%92%8C%E6%9F%84+%E8%B5%A4%E7%B5%B5+%E8%8A%B1%E6%9F%84+%E4%B8%AD%E9%89%A2+%E3%83%9C%E3%82%A6%E3%83%AB+4%E6%9E%9A+%E5%92%8C%E9%A3%9F%E5%99%A8+%E7%BE%8E%E6%BF%83%E7%84%BC+%E3%83%A2%E3%83%80%E3%83%B3+%E3%82%AB%E3%83%95%E3%82%A7%E9%A2%A8+%E6%87%90%E7%9F%B3%E6%96%99%E7%90%86 HTTP/1.1" 200 52071 "-" "Mozilla/5.0 (Linux; Android 6.0.1; Nexus 5X Build/MMB29P) AppleWebKit/537.36 (KHTML, like Gecko) Chrome/135.0.7049.95 Mobile Safari/537.36 (compatible; Googlebot/2.1; +http://www.google.com/bot.html)"
66.249.74.104 - - [30/Apr/2025:00:03:12 -0400] "GET /?k=0188259316101&channel=75af4d&from=article.php%3Fid%3D593161-9973%26name%3D%E3%83%A6%E3%83%8B%E3%83%90%E3%83%BC%E3%82%B5%E3%83%AB%E3%83%9A%E3%83%BC%E3%83%91%E3%83%BC%E3%82%AF%E3%83%AA%E3%83%83%E3%83%97+%E3%82%B9%E3%83%A0%E3%83%BC%E3%82%B9%E4%BB%95%E4%B8%8A%E3%81%92+No.1+%E3%82%B7%E3%83%AB%E3%83%90%E3%83%BC-100%E5%80%8B+10%E5%80%8B%E3%83%91%E3%83%83%E3%82%AF HTTP/1.1" 200 51545 "-" "Mozilla/5.0 (Linux; Android 6.0.1; Nexus 5X Build/MMB29P) AppleWebKit/537.36 (KHTML, like Gecko) Chrome/135.0.7049.95 Mobile Safari/537.36 (compatible; Googlebot/2.1; +http://www.google.com/bot.html)"
66.249.74.105 - - [30/Apr/2025:00:04:03 -0400] "GET /?k=02833171231902&channel=855a44&from=goods.php%3Fid%3D1712319-1974%26name%3D%E3%83%AB%E3%83%BC%E3%82%B8%E3%83%A5%E3%80%80ABAHOUSE HTTP/1.1" 200 53445 "-" "Mozilla/5.0 (Linux; Android 6.0.1; Nexus 5X Build/MMB29P) AppleWebKit/537.36 (KHTML, like Gecko) Chrome/135.0.7049.95 Mobile Safari/537.36 (compatible; Googlebot/2.1; +http://www.google.com/bot.html)"
66.249.74.103 - - [30/Apr/2025:00:04:17 -0400] "GET /?k=7972626406600&channel=16d2a6&from=blog.php%3Fid%3D264066-5350%26name%3D%E5%AE%9A%E4%BE%A1%E3%80%8021390%E5%86%86%E3%80%80%E3%80%80%E3%81%8A%E5%BE%97%E2%80%BC%EF%B8%8F+%E6%97%A5%E6%9C%AC%E9%85%92%E3%80%80%E4%B8%80%E5%8D%87%E7%93%B6%E3%80%806%E6%9C%AC%E3%80%80%E3%82%BB%E3%83%83%E3%83%88 HTTP/1.1" 200 52182 "-" "Mozilla/5.0 (Linux; Android 6.0.1; Nexus 5X Build/MMB29P) AppleWebKit/537.36 (KHTML, like Gecko) Chrome/135.0.7049.95 Mobile Safari/537.36 (compatible; Googlebot/2.1; +http://www.google.com/bot.html)"
2a06:98c0:3600::103 - - [30/Apr/2025:00:04:21 -0400] "GET /wordpress/wp-admin/setup-config.php HTTP/1.1" 200 0 "-" "Mozilla/5.0 (Windows NT 10.0; Win64; x64) AppleWebKit/537.36 (KHTML, like Gecko) Chrome/135.0.0.0 Safari/537.36"
66.249.74.105 - - [30/Apr/2025:00:05:04 -0400] "GET /?k=57137165460704&channel=42f2ca&from=blog.php%3Fid%3D1654607-6770%26name%3D%E3%80%90%E7%AC%AC2%E9%A1%9E%E5%8C%BB%E8%96%AC%E5%93%81%E3%80%91%E3%80%90%E3%82%BB%E3%83%83%E3%83%88%E3%80%91%E3%82%B5%E3%83%B3%E3%83%86%E3%83%A1%E3%83%87%E3%82%A3%E3%82%AB%E3%83%AB%E3%82%AC%E3%83%BC%E3%83%89EX+12ml%C3%975%E5%80%8B%28%E3%82%BB%E3%83%AB%E3%83%95%E3%83%A1%E3%83%87%E3%82%A3%E3%82%B1%E3%83%BC%E3%82%B7%E3%83%A7%E3%83%B3%E7%A8%8E%E5%88%B6%E5%AF%BE%E8%B1%A1%29%E3%80%90%E5%8F%82%E5%A4%A9%E8%A3%BD%E8%96%AC%E6%A0%AA%E5%BC%8F%E4%BC%9A%E7%A4%BE%E3%80%91%E3%80%90%E7%9B%AE%E8%96%AC%E3%80%91%E3%80%90%E3%83%A1%E3%83%BC%E3%83%AB%E4%BE%BF%E9%80%81%E6%96%99%E7%84%A1%E6%96%99%E3%80%91+%286041353-set4%29 HTTP/1.1" 200 54095 "-" "Mozilla/5.0 (Linux; Android 6.0.1; Nexus 5X Build/MMB29P) AppleWebKit/537.36 (KHTML, like Gecko) Chrome/135.0.7049.95 Mobile Safari/537.36 (compatible; Googlebot/2.1; +http://www.google.com/bot.html)"
2a06:98c0:3600::103 - - [30/Apr/2025:00:05:15 -0400] "GET /wp-admin/setup-config.php HTTP/1.1" 200 0 "-" "Mozilla/5.0 (Windows NT 10.0; Win64; x64) AppleWebKit/537.36 (KHTML, like Gecko) Chrome/135.0.0.0 Safari/537.36"
66.249.74.103 - - [30/Apr/2025:00:02:00 -0400] "GET /?k=1039027646602&channel=037383&from=blog.php%3Fid%3D276466-5352%26name%3D%E3%81%8C%E3%82%93%E3%81%93%E6%9C%AC%E8%88%97%E3%80%80%E6%B5%B7%E3%81%B8%E3%83%BB%E3%83%BB%E3%83%BBFukii%E3%80%803kg+BOX HTTP/1.1" 200 50947 "-" "Mozilla/5.0 (Linux; Android 6.0.1; Nexus 5X Build/MMB29P) AppleWebKit/537.36 (KHTML, like Gecko) Chrome/135.0.7049.95 Mobile Safari/537.36 (compatible; Googlebot/2.1; +http://www.google.com/bot.html)"
52.167.144.159 - - [30/Apr/2025:00:05:41 -0400] "GET /?k=27981146861500&channel=4da411&from=shared.php%3Fid%3D1468615-24454%26name%3DDeeRace+%E8%9D%B6%E3%81%AE%E7%94%9F%E6%81%AF%E5%9C%B0%E3%83%A1%E3%83%83%E3%82%B7%E3%83%A5%E3%82%B1%E3%83%BC%E3%82%B8%E3%82%A8%E3%83%B3%E3%82%AF%E3%83%AD%E3%83%BC%E3%82%B8%E3%83%A3%E3%83%BC%E3%82%B0%E3%83%AA%E3%83%BC%E3%83%B3%E3%83%8F%E3%82%A6%E3%82%B9%E3%83%A4%E3%83%BC%E3%83%89%E3%82%AC%E3%83%BC%E3%83%87%E3%83%B3%E3%81%AE%E3%81%9F%E3%82%81%E3%81%AE%E3%83%86%E3%83%A9%E3%83%AA%E3%82%A6%E3%83%A0 HTTP/1.1" 200 41734 "-" "Mozilla/5.0 AppleWebKit/537.36 (KHTML, like Gecko; compatible; bingbot/2.0; +http://www.bing.com/bingbot.htm) Chrome/116.0.1938.76 Safari/537.36"
66.249.74.103 - - [30/Apr/2025:00:05:43 -0400] "GET /?k=61932107905205&channel=6a2403&from=shared.php%3Fid%3D1079052-1275%26name%3D%E3%83%95%E3%82%A1%E3%83%93%E3%82%AA%E3%83%AB%E3%82%B9%E3%82%B3%E3%83%BC%E3%83%8B%E3%80%80FABIO+RUSCONI+%E3%82%B5%E3%83%B3%E3%83%80%E3%83%AB%E3%80%8038+%E3%83%94%E3%83%B3%E3%82%AF HTTP/1.1" 200 0 "-" "Mozilla/5.0 (Linux; Android 6.0.1; Nexus 5X Build/MMB29P) AppleWebKit/537.36 (KHTML, like Gecko) Chrome/135.0.7049.95 Mobile Safari/537.36 (compatible; GoogleOther)"
40.77.167.12 - - [30/Apr/2025:00:05:47 -0400] "GET /?k=73508136297102&channel=ca2124&from=info.php%3Fid%3D1362971-15966%26name%3D%EF%BC%88%EF%BC%9A20%E3%82%BB%E3%83%B3%E3%83%81%E3%83%A1%E3%83%BC%E3%83%88%E3%83%AB%E3%80%81%E6%9D%90%E8%B3%AA%EF%BC%9A%E3%83%97%E3%83%AC%E3%82%AD%E3%82%B7%E3%82%AC%E3%83%A9%E3%82%B9%E3%82%B5%E3%82%A4%E3%82%BA%EF%BC%89%E6%8E%98%E5%89%8A%E7%9C%81%E3%82%B9%E3%83%9A%E3%83%BC%E3%82%B9%E3%81%AA%E3%81%97%E3%83%88%E3%82%A4%E3%83%AC%E3%83%83%E3%83%88%E3%83%9A%E3%83%BC%E3%83%91%E3%83%BC%E3%83%9B%E3%83%AB%E3%83%80%E3%83%BC%E3%83%90%E3%82%B9%E3%83%AB%E3%83%BC%E3%83%A0%E3%82%A2%E3%82%AF%E3%82%BB%E3%82%B5%E3%83%AA%E3%83%BC%E3%82%A6%E3%82%A9%E3%83%BC%E3%83%AB%E3%83%9E%E3%82%A6%E3%83%B3 HTTP/1.1" 200 42100 "-" "Mozilla/5.0 AppleWebKit/537.36 (KHTML, like Gecko; compatible; bingbot/2.0; +http://www.bing.com/bingbot.htm) Chrome/116.0.1938.76 Safari/537.36"
66.249.74.103 - - [30/Apr/2025:00:05:47 -0400] "GET /?k=27018186413002&channel=51d8c1&from=blog.php%3Fid%3D1864130-25116%26name%3D%E3%80%90%E6%9C%AA%E4%BD%BF%E7%94%A8%E3%80%91%E6%97%A5%E6%9C%AC%E8%A3%BD%E3%80%80%E9%8C%A6%E7%89%A1%E4%B8%B9%E3%81%B5%E3%81%9F%E4%BB%98%E3%81%8D%E4%B8%BC%E3%80%80%E4%B8%80%E7%B5%84 HTTP/1.1" 200 52621 "-" "Mozilla/5.0 (Linux; Android 6.0.1; Nexus 5X Build/MMB29P) AppleWebKit/537.36 (KHTML, like Gecko) Chrome/135.0.7049.95 Mobile Safari/537.36 (compatible; Googlebot/2.1; +http://www.google.com/bot.html)"
52.167.144.159 - - [30/Apr/2025:00:05:51 -0400] "GET /?k=7082867210903&channel=2d5f6a&from=product.php%3Fid%3D672109-13147%26name%3D%E8%92%B8%E6%B0%97%E7%99%BA%E7%94%9F%E5%99%A8+%E5%95%86%E6%A5%AD%E3%82%B5%E3%82%A6%E3%83%8A%E3%82%B9%E3%83%81%E3%83%BC%E3%83%A0%E3%82%B7%E3%83%A3%E3%83%AF%E3%83%BC%E3%82%B8%E3%82%A7%E3%83%8D%E3%83%AC%E3%83%BC%E3%82%BF%E3%83%BC%E3%82%B5%E3%82%A6%E3%83%8A%E6%A9%9F%E5%99%A8%E3%82%A6%E3%82%A7%E3%83%83%E3%83%88%E3%82%B9%E3%83%81%E3%83%BC%E3%83%A0%E3%83%9E%E3%82%B7%E3%83%B3%E3%82%B9%E3%82%A6%E3%82%A7%E3%83%83%E3%83%88%E3%82%B5%E3%82%A6%E3%83%8A%E5%95%86%E7%94%A8%E5%AE%B6%E5%BA%AD%E7%94%A8%E4%B9%BE%E7%87%A5%E3%81%8A%E3%82%88%E3%81%B3%E3%82%A6%E3%82%A7%E3%83%83%E3%83%88%E3%82%B9%E3%83%81+%EF%BC%88Amazon.co.jp%3A+STARTIST+%E3%82%B5%E3%82%A6%E3%83%8A+%E8%92%B8%E3%81%97%E5%99%A8+%E3%83%9E%E3%82%B7%E3%83%B3%E3%83%92%E3%83%BC%E3%82%BF%E3%83%BC+%E3%82%B9%E3%83%81%E3%83%BC%E3%83%A0%E3%82%B5%E3%82%A6%E3%83%8A+%E3%82%B9%E3%83%81%E3%83%BC%E3%83%9E%E3%83%BC%E3%83%9D%E3%83%83%E3%83%88+%E8%92%B8%E6%B0%97%E7%87%BB%E8%92%B8%E5%99%A8%E5%85%B7+9%E6%AE%B5%E9%9A%8E%E3%81%AE%E6%B8%A9%E5%BA%A6%E3%83%AC%E3%83%99%E3%83%AB+%E3%82%B5%E3%82%A6%E3%83%8A++%E3%82%B5%E3%82%A6%E3%83%8A%E7%94%A8%E8%92%B8%E6%B0%97%E7%99%BA%E7%94%9F%E5%99%A8+%E7%87%BB%E8%92%B8%E5%99%A8+3L+%3A+DIY%E3%83%BB%E5%B7%A5%E5%85%B7%E3%83%BB%E3%82%AC%E3%83%BC%E3%83%87%E3%83%B3%EF%BC%89 HTTP/1.1" 200 40102 "-" "Mozilla/5.0 AppleWebKit/537.36 (KHTML, like Gecko; compatible; bingbot/2.0; +http://www.bing.com/bingbot.htm) Chrome/116.0.1938.76 Safari/537.36"
66.249.74.104 - - [30/Apr/2025:00:06:57 -0400] "GET /?k=86278193107300&channel=13122c&from=info.php%3Fid%3D1931073-25436%26name%3DSONGTAO-AUTO+PARTS%23+23350630+84246413+Rear+taillight+outer+R+1pack HTTP/1.1" 200 51715 "-" "Mozilla/5.0 (Linux; Android 6.0.1; Nexus 5X Build/MMB29P) AppleWebKit/537.36 (KHTML, like Gecko) Chrome/135.0.7049.95 Mobile Safari/537.36 (compatible; Googlebot/2.1; +http://www.google.com/bot.html)"
66.249.74.104 - - [30/Apr/2025:00:07:19 -0400] "GET /?k=03426127547401&channel=244730&from=news.php%3Fid%3D1275474-2628%26name%3D%E3%83%9E%E3%83%95%E3%83%A9%E3%83%BC+%E3%82%B5%E3%82%A4%E3%83%AC%E3%83%B3%E3%82%B5%E3%83%BC+%E3%83%8F%E3%83%BC%E3%83%AC%E3%83%BC+EVO+FXR+%E3%82%B9%E3%83%AA%E3%83%83%E3%83%97%E3%82%AA%E3%83%B3%E3%83%9E%E3%83%95%E3%83%A9%E3%83%BC HTTP/1.1" 200 50970 "-" "Mozilla/5.0 (Linux; Android 6.0.1; Nexus 5X Build/MMB29P) AppleWebKit/537.36 (KHTML, like Gecko) Chrome/135.0.7049.95 Mobile Safari/537.36 (compatible; Googlebot/2.1; +http://www.google.com/bot.html)"
66.249.74.104 - - [30/Apr/2025:00:08:17 -0400] "GET /?k=7744958415100&channel=8f9de2&from=form.php%3Fid%3D584151-2531%26name%3D%E6%96%B0%E4%BD%93%E6%93%8D%E3%83%AC%E3%82%AA%E3%82%BF%E3%83%BC%E3%83%89%E3%80%80%E3%82%BB%E3%83%9F%E3%82%AA%E3%83%BC%E3%83%80%E3%83%BC%E3%80%80%E3%80%80%E3%80%80668 HTTP/1.1" 200 51518 "-" "Mozilla/5.0 (Linux; Android 6.0.1; Nexus 5X Build/MMB29P) AppleWebKit/537.36 (KHTML, like Gecko) Chrome/135.0.7049.95 Mobile Safari/537.36 (compatible; Googlebot/2.1; +http://www.google.com/bot.html)"
66.249.74.103 - - [30/Apr/2025:00:08:45 -0400] "GET /?k=20220168385500&channel=bda1dd&from=jp.php%3Fid%3D1683855-14282%26name%3D%E3%82%B5%E3%83%B3%E3%83%90%E3%82%A4%E3%83%B3%E3%83%86%E3%83%AB%E3%83%BB%E3%83%9E%E3%82%A4%E3%82%A2%E3%83%9FCFIN+24.5cm HTTP/1.1" 200 50644 "-" "Mozilla/5.0 (Linux; Android 6.0.1; Nexus 5X Build/MMB29P) AppleWebKit/537.36 (KHTML, like Gecko) Chrome/135.0.7049.95 Mobile Safari/537.36 (compatible; Googlebot/2.1; +http://www.google.com/bot.html)"
52.167.144.156 - - [30/Apr/2025:00:09:12 -0400] "GET /?k=81783116469905&channel=a46af9&from=brands.php%3Fid%3D1164699-21485%26name%3D%E5%BA%AD%E3%81%AE%E6%B0%B4%E9%89%84%E7%A0%B2%E6%B4%97%E8%BB%8A%E3%83%A1%E3%83%B3%E3%83%86%E3%83%8A%E3%83%B3%E3%82%B9%E9%AB%98%E5%9C%A7%E3%83%91%E3%82%A4%E3%83%97%E3%82%B8%E3%82%A7%E3%83%83%E3%83%88%E9%9B%BB%E6%BA%90%E6%B0%B4%E6%B0%B4%E3%83%9B%E3%83%BC%E3%82%B9%E3%82%B9%E3%83%97%E3%83%AC%E3%83%BC%E3%83%AF%E3%83%B3%E3%83%89%E3%82%AF%E3%83%AA%E3%83%BC%E3%83%8B%E3%83%B3%E3%82%B0%E3%82%A6%E3%82%A9%E3%83%83%E3%82%B7%E3%83%A3%E3%83%BC%E3%83%8E%E3%82%BA%E3%83%AB+H2u0 HTTP/1.1" 200 40574 "-" "Mozilla/5.0 AppleWebKit/537.36 (KHTML, like Gecko; compatible; bingbot/2.0; +http://www.bing.com/bingbot.htm) Chrome/116.0.1938.76 Safari/537.36"
40.77.167.12 - - [30/Apr/2025:00:09:18 -0400] "GET /?k=178478216301&channel=744e39&from=jp.php%3Fid%3D82163-5561%26name%3D%E5%B1%8B%E5%A4%96%E7%94%A8%E3%83%AC%E3%82%A4%E3%83%B3%E3%83%81%E3%82%A7%E3%83%BC%E3%83%B3%E3%82%AB%E3%83%83%E3%83%97%E3%80%81%E8%BB%92%E5%85%88%E6%8E%92%E6%B0%B4%E7%94%A8%E3%82%A2%E3%83%AB%E3%83%9F%E5%90%88%E9%87%91%E3%83%AC%E3%82%A4%E3%83%B3%E3%83%81%E3%83%A3%E3%82%A4%E3%83%A0%E3%80%81%E4%B8%AD%E5%BA%AD%2F%E3%83%B4%E3%82%A3%E3%83%A9%2F%E3%83%91%E3%83%86%E3%82%A3%E3%82%AA%E7%94%A8%E9%9B%A8%E6%A8%8B%E3%83%81%E3%82%A7%E3%83%BC%E3%83%B3%E7%B8%A6%E6%A8%8B%E3%80%814.5m%2814.8%E3%83%95%E3%82%A3%E3%83%BC%E3%83%88 HTTP/1.1" 200 41169 "-" "Mozilla/5.0 AppleWebKit/537.36 (KHTML, like Gecko; compatible; bingbot/2.0; +http://www.bing.com/bingbot.htm) Chrome/116.0.1938.76 Safari/537.36"
66.249.74.105 - - [30/Apr/2025:00:09:22 -0400] "GET /?k=1625852171301&channel=caa202&from=article.php%3Fid%3D521713-4504%26name%3DW212+E260+E350+2013+2014+2015+A2128303154+%E3%83%95%E3%83%AD%E3%83%B3%E3%83%88%E3%83%80%E3%83%83%E3%82%B7%E3%83%A5%E3%82%BB%E3%83%B3%E3%82%BF%E3%83%BC%E5%B7%A6%E5%8F%B3AC%E3%83%99%E3%83%B3%E3%83%88%E3%82%B0%E3%83%AA%E3%83%AB%E4%BF%AE%E7%90%86 HTTP/1.1" 200 52232 "-" "Mozilla/5.0 (Linux; Android 6.0.1; Nexus 5X Build/MMB29P) AppleWebKit/537.36 (KHTML, like Gecko) Chrome/135.0.7049.95 Mobile Safari/537.36 (compatible; Googlebot/2.1; +http://www.google.com/bot.html)"
66.249.74.104 - - [30/Apr/2025:00:09:27 -0400] "GET /?k=91652164490103&channel=d53dd5&from=info.php%3Fid%3D1644901-6833%26name%3D%E9%BB%92%E6%AA%80%E8%A3%BD%E6%9C%A8%E8%A3%BD%E8%85%95%E6%99%82%E8%A8%88%E3%83%9C%E3%83%83%E3%82%AF%E3%82%B9%E3%82%AA%E3%83%BC%E3%82%AC%E3%83%8A%E3%82%A4%E3%82%B6%E3%83%BC+%E7%94%B7%E6%80%A7%E7%94%A8%E6%A9%9F%E6%A2%B0%E5%BC%8F%E8%85%95%E6%99%82%E8%A8%88%E3%83%87%E3%82%A3%E3%82%B9%E3%83%97%E3%83%AC%E3%82%A4%E3%83%9C%E3%83%83%E3%82%AF%E3%82%B9+%E6%9E%95%E3%82%B3%E3%83%AC%E3%82%AF%E3%82%B7%E3%83%A7%E3%83%B3%E5%8F%8E%E7%B4%8D%E3%83%9C%E3%83%83%E3%82%AF%E3%82%B9+%28%E8%89%B2%3A+%E3%83%96%E3%83%A9%E3%83%83%E3%82%AF%E3%80%81%E3%82%B5%E3%82%A4%E3%82%BA HTTP/1.1" 200 0 "-" "Mozilla/5.0 (Linux; Android 6.0.1; Nexus 5X Build/MMB29P) AppleWebKit/537.36 (KHTML, like Gecko) Chrome/135.0.7049.95 Mobile Safari/537.36 (compatible; GoogleOther)"
66.249.74.103 - - [30/Apr/2025:00:09:35 -0400] "GET /?k=79720199801600&channel=36cae5&from=category-info.php%3Fid%3D1998016-32%26name%3DRaybestos+Element3+%E4%BA%A4%E6%8F%9B%E7%94%A8%E3%83%95%E3%83%AD%E3%83%B3%E3%83%88%E3%83%87%E3%82%A3%E3%82%B9%E3%82%AF%E3%83%96%E3%83%AC%E3%83%BC%E3%82%AD%E3%83%AD%E3%83%BC%E3%82%BF%E3%83%BC+2014-2019+%E3%82%B7%E3%83%9C%E3%83%AC%E3%83%BC%E3%82%B3%E3%83%AB%E3%83%99%E3%83%83%E3%83%88%E3%83%A2%E3%83%87%E3%83%AB%E7%94%A8+%2858 HTTP/1.1" 200 53207 "-" "Mozilla/5.0 (Linux; Android 6.0.1; Nexus 5X Build/MMB29P) AppleWebKit/537.36 (KHTML, like Gecko) Chrome/135.0.7049.95 Mobile Safari/537.36 (compatible; Googlebot/2.1; +http://www.google.com/bot.html)"
40.77.167.12 - - [30/Apr/2025:00:09:37 -0400] "GET /?k=3757021041402&channel=5c8d5a&from=article.php%3Fid%3D210414-3340%26name%3D%E8%BB%8A%E3%81%AE%E8%8D%B7%E7%89%A9%E3%82%AD%E3%83%A3%E3%83%AA%E3%82%A2%E3%83%90+%E3%83%AB%E3%83%BC%E3%83%95%E3%83%A9%E3%83%83%E3%82%AF%E3%83%AC%E3%83%BC%E3%83%AB%E3%83%90%E3%83%BC%E8%8D%B7%E7%89%A9%E3%82%AD%E3%83%A3%E3%83%AA%E3%82%A2%E3%83%90%E3%83%BC%E3%83%A9%E3%83%83%E3%82%AF%E3%83%AC%E3%83%BC%E3%83%AB%E3%83%9C%E3%83%83%E3%82%AF%E3%82%B9%E5%9C%9F%E5%9C%B0%E7%94%A8%E3%83%AD%E3%83%BC%E3%83%90%E3%83%BC%E7%94%A8%E3%83%AC%E3%83%B3%E3%82%B8%E7%94%A8%E3%83%AD%E3%83%BC%E3%83%90%E3%83%BC%E7%94%A8%E3%82%A4%E3%83%B4%E3%82%A9%E3%83%BC%E3%82%AF+2011+%EF%BC%88%E3%82%AB%E3%83%BC%E3%82%AD%E3%83%A3%E3%83%AA%E3%82%A2+%E3%83%AC%E3%83%B3%E3%82%B8%E3%83%AD%E3%83%BC%E3%83%90%E3%83%BC%E3%81%AE%E4%BA%BA%E6%B0%97%E5%95%86%E5%93%81%E3%83%BB%E9%80%9A%E8%B2%A9%E3%83%BB%E4%BE%A1%E6%A0%BC%E6%AF%94%E8%BC%83+-+%E4%BE%A1%E6%A0%BC.com%EF%BC%89 HTTP/1.1" 200 40401 "-" "Mozilla/5.0 AppleWebKit/537.36 (KHTML, like Gecko; compatible; bingbot/2.0; +http://www.bing.com/bingbot.htm) Chrome/116.0.1938.76 Safari/537.36"
52.167.144.156 - - [30/Apr/2025:00:09:42 -0400] "GET /?k=5778527300906&channel=86f7d0&from=shop.php%3Fid%3D273009-11188%26name%3D%5BYIOCHOS%5D+%E6%89%8B%E6%8C%87%E3%83%AA%E3%83%8F%E3%83%93%E3%83%AA%E6%89%8B%E8%A2%8B%E3%80%81%E6%89%8B%E6%8C%87%E3%82%B9%E3%83%88%E3%83%AC%E3%83%83%E3%83%81%E7%94%A8%E5%93%81%E3%80%81%E9%9B%BB%E6%B0%97%E3%83%AA%E3%83%8F%E3%83%93%E3%83%AA%E3%83%86%E3%83%BC%E3%82%B7%E3%83%A7%E3%83%B3%E3%82%B0%E3%83%AD%E3%83%BC%E3%83%96%E3%80%81%E3%83%AA%E3%83%8F%E3%83%93%E3%83%AA%E3%83%86%E3%83%BC%E3%82%B7%E3%83%A7%E3%83%B3%E3%82%B0%E3%83%AD%E3%83%BC%E3%83%96%E3%80%81%E9%9B%BB%E5%8B%95%E3%83%AA%E3%83%8F%E3%83%93%E3%83%AA%E6%89%8B HTTP/1.1" 200 40206 "-" "Mozilla/5.0 AppleWebKit/537.36 (KHTML, like Gecko; compatible; bingbot/2.0; +http://www.bing.com/bingbot.htm) Chrome/116.0.1938.76 Safari/537.36"
52.167.144.156 - - [30/Apr/2025:00:09:43 -0400] "GET /?k=1747929607506&channel=d5dc6a&from=news.php%3Fid%3D296075-11475%26name%3DBoseA20%E3%83%9E%E3%82%A4%E3%82%AF%E6%90%AD%E8%BC%89%E4%B8%80%E8%88%AC%E8%88%AA%E7%A9%BA%E7%94%A8%E3%82%AF%E3%83%AA%E3%82%B9%E3%82%BF%E3%83%AB%E3%83%9E%E3%82%A4%E3%82%AF%E3%83%97%E3%83%AD%E3%83%95%E3%83%AB%E3%82%AF%E3%83%A9%E3%83%A0%E3%83%9C%E3%83%BC%E3%82%BAQC35%E5%AF%BE%E5%BF%9C HTTP/1.1" 200 40019 "-" "Mozilla/5.0 AppleWebKit/537.36 (KHTML, like Gecko; compatible; bingbot/2.0; +http://www.bing.com/bingbot.htm) Chrome/116.0.1938.76 Safari/537.36"
52.167.144.159 - - [30/Apr/2025:00:09:51 -0400] "GET /?k=587085367201&channel=2c4cb3&from=form.php%3Fid%3D53672-5013%26name%3D%E5%9B%9E%E8%BB%A2%E5%BC%8F%E7%89%A9%E5%B9%B2%E3%81%97%E3%83%A9%E3%83%83%E3%82%AF%E3%80%81%E5%90%8A%E3%82%8A%E4%B8%8B%E3%81%92%E3%83%8F%E3%83%B3%E3%82%AC%E3%83%BC%E3%80%81%E3%83%AF%E3%83%BC%E3%83%89%E3%83%AD%E3%83%BC%E3%83%96%E5%8F%8E%E7%B4%8D%E3%83%A9%E3%83%83%E3%82%AF%E3%80%81%E5%A3%81%E6%8E%9B%E3%81%91%E5%BC%8F%E7%89%A9%E5%B9%B2%E3%81%97%E3%83%AC%E3%83%BC%E3%83%AB%E3%80%81%E3%83%96%E3%83%A9%E3%83%83%E3%82%B7%E3%83%A5%E3%83%89%E3%82%B4%E3%83%BC%E3%83%AB%E3%83%89%2B%E3%83%9B%E3%83%AF%E3%82%A4%E3%83%88%E3%83%9E%E3%83%BC%E3%83%96%E3%83%AB%E3%80%81%E3%82%B7%E3%83%AB%E3%83%90%E3%83%BC HTTP/1.1" 200 39792 "-" "Mozilla/5.0 AppleWebKit/537.36 (KHTML, like Gecko; compatible; bingbot/2.0; +http://www.bing.com/bingbot.htm) Chrome/116.0.1938.76 Safari/537.36"
66.249.74.103 - - [30/Apr/2025:00:09:51 -0400] "GET /?k=2187484914403&channel=9aaced&from=goods.php%3Fid%3D849144-4356%26name%3D%EF%BC%BA%EF%BC%A5%EF%BC%B0%EF%BC%B0 HTTP/1.1" 200 53233 "-" "Mozilla/5.0 (Linux; Android 6.0.1; Nexus 5X Build/MMB29P) AppleWebKit/537.36 (KHTML, like Gecko) Chrome/135.0.7049.95 Mobile Safari/537.36 (compatible; Googlebot/2.1; +http://www.google.com/bot.html)"
66.249.74.105 - - [30/Apr/2025:00:10:09 -0400] "GET /?k=89743130669300&channel=4ece2c&from=article.php%3Fid%3D1306693-3538%26name%3D%E9%9A%8E%E6%AE%B5%E3%81%AE%E6%89%8B%E3%81%99%E3%82%8A%E6%89%8B%E6%8E%B4%E3%81%BF%E6%89%8B%E3%81%99%E3%82%8A HTTP/1.1" 200 54517 "-" "Mozilla/5.0 (Linux; Android 6.0.1; Nexus 5X Build/MMB29P) AppleWebKit/537.36 (KHTML, like Gecko) Chrome/135.0.7049.95 Mobile Safari/537.36 (compatible; Googlebot/2.1; +http://www.google.com/bot.html)"
66.249.74.103 - - [30/Apr/2025:00:10:38 -0400] "GET /?k=9169214708501&channel=9ae5c8&from=jp.php%3Fid%3D147085-8995%26name%3D%E3%80%90%E3%81%BE%E3%81%A8%E3%82%81%E5%A3%B2%E3%82%8A%E3%80%91%E3%83%8D%E3%82%A4%E3%83%AB%E3%82%B7%E3%83%BC%E3%83%AB%E3%80%80%E8%89%B2%E3%80%85%E2%98%858%E3%82%BB%E3%83%83%E3%83%88 HTTP/1.1" 200 50811 "-" "Mozilla/5.0 (Linux; Android 6.0.1; Nexus 5X Build/MMB29P) AppleWebKit/537.36 (KHTML, like Gecko) Chrome/135.0.7049.95 Mobile Safari/537.36 (compatible; Googlebot/2.1; +http://www.google.com/bot.html)"
66.249.74.104 - - [30/Apr/2025:00:11:04 -0400] "GET /?k=8829112037102&channel=de2aac&from=news.php%3Fid%3D120371-4505%26name%3D%E3%83%A1%E3%83%AB%E3%82%BB%E3%83%87%E3%82%B9+%E3%83%99%E3%83%B3%E3%83%84+%E3%83%AA%E3%82%A2+%E3%82%B9%E3%83%88%E3%83%A9%E3%83%83%E3%83%88%2F%E3%82%A8%E3%82%A2%E3%82%B5%E3%82%B9+%E5%8F%B3+W221%2FS350%2CS550%2CS600%2CS63AMG%2CS65AMG%2CS400Hybrid+ARNOTT%E8%A3%BD+2213205613 HTTP/1.1" 200 52833 "-" "Mozilla/5.0 (Linux; Android 6.0.1; Nexus 5X Build/MMB29P) AppleWebKit/537.36 (KHTML, like Gecko) Chrome/135.0.7049.95 Mobile Safari/537.36 (compatible; Googlebot/2.1; +http://www.google.com/bot.html)"
52.167.144.156 - - [30/Apr/2025:00:11:23 -0400] "GET /?k=0183792139006&channel=c5f601&from=brands.php%3Fid%3D921390-18766%26name%3DLi%E1%83%A6seek+%E5%A4%A7%E5%9E%8B%E8%B2%AF%E6%B0%B4%E3%82%BF%E3%83%B3%E3%82%AF+%E9%9B%A8%E6%B0%B4%E3%82%BF%E3%83%B3%E3%82%AF%E3%80%90%E9%9B%A8%E6%B0%B4%E3%82%92%E5%88%A9%E7%94%A8%E3%81%99%E3%82%8B%E3%80%91%E3%83%9D%E3%83%AA%E3%82%BF%E3%83%B3%E3%82%AF%E5%B1%8B%E5%A4%96%E6%8A%98%E3%82%8A%E3%81%9F%E3%81%9F%E3%81%BF%E5%BC%8F%E3%83%9D%E3%83%BC%E3%82%BF%E3%83%96%E3%83%AB%E9%9B%A8%E6%B0%B4%E8%B2%AF%E6%B0%B4%E3%82%BF%E3%83%B3%E3%82%AF+%E8%9B%87%E5%8F%A3%E4%BB%98%E3%82%A6%E3%82%A9%E3%83%BC%E3%82%BF%E3%83%BC%E3%83%90%E3%82%B1 HTTP/1.1" 200 40853 "-" "Mozilla/5.0 AppleWebKit/537.36 (KHTML, like Gecko; compatible; bingbot/2.0; +http://www.bing.com/bingbot.htm) Chrome/116.0.1938.76 Safari/537.36"
52.167.144.22 - - [30/Apr/2025:00:11:28 -0400] "GET /?k=7184555262703&channel=2edbc6&from=goods.php%3Fid%3D552627-9166%26name%3DPzuryhg+%E8%AA%BF%E7%AF%80%E5%8F%AF%E8%83%BD%E3%81%AA%E3%82%AD%E3%83%BC%E3%83%AB%E3%83%AD%E3%83%BC%E3%83%A9%E3%83%BC%E3%80%81%E3%82%B4%E3%83%A0%E8%A3%BD%E3%83%88%E3%83%AC%E3%83%BC%E3%83%A9%E3%83%BC%E3%83%AD%E3%83%BC%E3%83%A9%E3%83%BC%E3%80%815%E3%82%A4%E3%83%B3%E3%83%81%E3%83%A9%E3%83%90%E3%83%BC%E3%82%AD%E3%83%BC%E3%83%AB%E3%83%AD%E3%83%BC%E3%83%A9%E3%83%BC%E3%80%81%E3%83%A9%E3%83%90%E3%83%BC%E3%82%B9%E3%83%88%E3%83%83%E3%83%97%E3%83%AD%E3%83%BC%E3%83%A9%E3%83%BC%E3%80%81%E3%82%B9%E3%83%81%E3%83%BC%E3%83%AB%E3%83%91 HTTP/1.1" 200 41115 "-" "Mozilla/5.0 AppleWebKit/537.36 (KHTML, like Gecko; compatible; bingbot/2.0; +http://www.bing.com/bingbot.htm) Chrome/116.0.1938.76 Safari/537.36"
52.167.144.159 - - [30/Apr/2025:00:11:33 -0400] "GET /?k=0151233639103&channel=9c7603&from=news.php%3Fid%3D336391-7658%26name%3D%E3%83%90%E3%82%B9%E3%83%AB%E3%83%BC%E3%83%A0%E3%81%AE%E3%82%B7%E3%83%B3%E3%82%AF%E3%81%AE%E8%9B%87%E5%8F%A3%E3%80%81%E3%82%A2%E3%83%B3%E3%83%86%E3%82%A3%E3%83%BC%E3%82%AF%E3%82%B4%E3%83%BC%E3%83%AB%E3%83%89%E3%83%96%E3%83%A9%E3%83%83%E3%82%AF%E3%82%B7%E3%83%AB%E3%83%90%E3%83%BC%E6%B4%97%E9%9D%A2%E5%99%A8%E3%81%AE%E8%9B%87%E5%8F%A3%E3%83%9D%E3%83%AA%E3%83%83%E3%82%B7%E3%83%A5%E3%83%96%E3%83%A9%E3%82%B9%E3%82%BF%E3%83%83%E3%83%97%E3%83%90%E3%82%B9%E3%83%AB%E3%83%BC%E3%83%A0%E3%81%AE%E3%82%B7%E3%83%B3%E3%82%AF%E3%81%AE%E6%B4%97%E9%9D%A2%E5%99%A8%E3%81%AE%E3%83%9F%E3%82%AD%E3%82%B5%E3%83%BC HTTP/1.1" 200 42346 "-" "Mozilla/5.0 AppleWebKit/537.36 (KHTML, like Gecko; compatible; bingbot/2.0; +http://www.bing.com/bingbot.htm) Chrome/116.0.1938.76 Safari/537.36"
66.249.74.103 - - [30/Apr/2025:00:12:13 -0400] "GET /?k=7580571021401&channel=882e00&from=product.php%3Fid%3D710214-9097%26name%3D%E3%80%90%E6%9C%9D%E5%B8%82%E5%A0%B4%E7%9B%B4%E8%A1%8C%E3%80%91%E8%9F%B9+%E3%82%BA%E3%83%AF%E3%82%A4%E7%94%9F%E5%86%B7%E6%A3%92%E3%83%9D%E3%83%BC%E3%82%B7%E3%83%A7%E3%83%B3%EF%BC%884L%EF%BC%8940%E6%9C%AC%E7%AE%B1%E5%85%A5%E3%82%8A+%E3%83%AD%E3%82%B7%E3%82%A2%E3%81%BB%E3%81%8B+1000g%E4%BD%8D+%E3%80%90%E5%86%B7%E5%87%8D%E3%80%91 HTTP/1.1" 200 52402 "-" "Mozilla/5.0 (Linux; Android 6.0.1; Nexus 5X Build/MMB29P) AppleWebKit/537.36 (KHTML, like Gecko) Chrome/135.0.7049.95 Mobile Safari/537.36 (compatible; Googlebot/2.1; +http://www.google.com/bot.html)"
52.167.144.22 - - [30/Apr/2025:00:12:48 -0400] "GET /?k=2872692983800&channel=66eed2&from=goods.php%3Fid%3D929838-6262%26name%3DOEKBW-256+2pcs%E4%B8%8D%E8%A6%8F%E5%89%87%E3%81%AA%E6%B2%B9%E7%B5%B5%E3%81%AE%E5%85%B7%E3%83%95%E3%83%AC%E3%83%BC%E3%83%A0%E3%82%A2%E3%82%AF%E3%83%AA%E3%83%AB%E3%83%9D%E3%83%BC%E3%83%81%E5%9B%B3%E9%9D%A2%E6%9D%BF%E3%82%AD%E3%83%A3%E3%83%B3%E3%83%90%E3%82%B9%E5%AD%A6%E7%94%9F%E3%82%A2%E3%83%BC%E3%83%86%E3%82%A3%E3%82%B9%E3%83%88%E5%90%91%E3%81%91%E3%81%AE%E5%9B%B3%E9%9D%A2%E5%9B%B3%E9%9D%A2%E5%9B%B3%E9%9D%A2%E5%9B%B3 HTTP/1.1" 200 41300 "-" "Mozilla/5.0 AppleWebKit/537.36 (KHTML, like Gecko; compatible; bingbot/2.0; +http://www.bing.com/bingbot.htm) Chrome/116.0.1938.76 Safari/537.36"
66.249.74.104 - - [30/Apr/2025:00:13:14 -0400] "GET /?k=72680142706400&channel=80ee9b&from=shop.php%3Fid%3D1427064-549%26name%3DND+%E3%83%AD%E3%83%BC%E3%83%89%E3%82%B9%E3%82%BF%E3%83%BC%E3%80%80%E3%82%B7%E3%83%A7%E3%83%BC%E3%83%88%E3%83%9C%E3%82%B9 HTTP/1.1" 200 52453 "-" "Mozilla/5.0 (Linux; Android 6.0.1; Nexus 5X Build/MMB29P) AppleWebKit/537.36 (KHTML, like Gecko) Chrome/135.0.7049.95 Mobile Safari/537.36 (compatible; Googlebot/2.1; +http://www.google.com/bot.html)"
66.249.74.103 - - [30/Apr/2025:00:13:36 -0400] "GET /?k=87807155194000&channel=17b2df&from=goods.php%3Fid%3D1551940-15359%26name%3D%E3%82%A2%E3%83%B3%E3%83%9E%E3%82%B1%E9%99%90%E5%AE%9A+DRT+%E3%82%BF%E3%82%A4%E3%83%8B%E3%83%BC%E3%82%AF%E3%83%A9%E3%83%83%E3%82%B7%E3%83%A5+Low+%E3%83%94%E3%83%A9%E3%83%AB%E3%82%AF%E3%83%BC HTTP/1.1" 200 52329 "-" "Mozilla/5.0 (Linux; Android 6.0.1; Nexus 5X Build/MMB29P) AppleWebKit/537.36 (KHTML, like Gecko) Chrome/135.0.7049.95 Mobile Safari/537.36 (compatible; Googlebot/2.1; +http://www.google.com/bot.html)"
66.249.74.103 - - [30/Apr/2025:00:14:04 -0400] "GET /?k=1009118280901&channel=f43d8d&from=jp.php%3Fid%3D182809-9818%26name%3D%E3%83%95%E3%83%A9%E3%82%A4%E3%82%BF%E3%83%BC%E3%82%B0%E3%80%80%E3%83%9F%E3%83%8B%E3%83%A1%E3%83%83%E3%82%BB%E3%83%B3%E3%82%B8%E3%83%A3%E3%83%BC%E3%83%90%E3%83%83%E3%82%B0 HTTP/1.1" 200 51971 "-" "Mozilla/5.0 (Linux; Android 6.0.1; Nexus 5X Build/MMB29P) AppleWebKit/537.36 (KHTML, like Gecko) Chrome/135.0.7049.95 Mobile Safari/537.36 (compatible; Googlebot/2.1; +http://www.google.com/bot.html)"
66.249.74.103 - - [30/Apr/2025:00:14:26 -0400] "GET /?k=7162783709002&channel=949071&from=form.php%3Fid%3D837090-9355%26name%3DB%E6%9C%80%E9%AB%98%E7%B4%9A+%E3%83%81%E3%83%BC%E3%82%AF+%E7%84%A1%E5%9E%A2%E6%9D%90%E3%80%80%E3%83%80%E3%82%A4%E3%83%8B%E3%83%B3%E3%82%B0%E3%83%86%E3%83%BC%E3%83%96%E3%83%AB%E3%80%80%E3%82%AB%E3%83%95%E3%82%A7%E3%83%86%E3%83%BC%E3%83%96%E3%83%AB%E3%80%80%E3%83%96%E3%83%A9%E3%83%83%E3%82%AF%E3%82%A2%E3%82%A4%E3%82%A2%E3%83%B3%E8%84%9A HTTP/1.1" 200 51737 "-" "Mozilla/5.0 (Linux; Android 6.0.1; Nexus 5X Build/MMB29P) AppleWebKit/537.36 (KHTML, like Gecko) Chrome/135.0.7049.95 Mobile Safari/537.36 (compatible; Googlebot/2.1; +http://www.google.com/bot.html)"
66.249.74.104 - - [30/Apr/2025:00:15:11 -0400] "GET /?k=8738086962702&channel=de2aac&from=category-info.php%3Fid%3D869627-4505%26name%3D%E3%83%8F%E3%83%AA%E3%82%A2%E3%83%BC+%E3%82%A8%E3%82%A2%E3%83%95%E3%82%A3%E3%83%AB%E3%82%BF%E3%83%BC+AXUH85+20%2F06-+%E3%82%B9%E3%83%BC%E3%83%91%E3%83%BC%E3%82%A8%E3%82%A2%E3%83%95%E3%82%A3%E3%83%AB%E3%82%BF%E3%83%BC+HKS+70017-AT132 HTTP/1.1" 200 51821 "-" "Mozilla/5.0 (Linux; Android 6.0.1; Nexus 5X Build/MMB29P) AppleWebKit/537.36 (KHTML, like Gecko) Chrome/135.0.7049.95 Mobile Safari/537.36 (compatible; Googlebot/2.1; +http://www.google.com/bot.html)"
