40.77.167.235 - - [30/Apr/2025:13:30:23 -0400] "GET /?k=9219520270700&channel=924651&from=article.php%3Fid%3D202707-4620%26name%3D%E5%A5%B3%E6%80%A7%E7%94%A8%E3%83%A2%E3%83%BC%E3%83%8B%E3%83%B3%E3%82%B0%E3%82%B3%E3%83%BC%E3%83%88%E3%81%B5%E3%82%8F%E3%81%B5%E3%82%8F%E3%82%BD%E3%83%95%E3%83%88%E3%81%AC%E3%81%84%E3%81%90%E3%82%8B%E3%81%BF%E3%83%95%E3%83%A9%E3%83%B3%E3%83%8D%E3%83%AB%E3%83%95%E3%83%BC%E3%83%89%E4%BB%98%E3%81%8D%E3%83%90%E3%82%B9%E3%83%AD%E3%83%BC%E3%83%96%E5%A5%B3%E6%80%A7%E7%94%B7%E6%80%A7%E7%94%A8%E3%83%8F%E3%82%A6%E3%82%B9%E3%82%B3%E3%83%BC%E3%83%88%E3%83%8A%E3%82%A4%E3%83%88%E3%82%A6%E3%82%A7%E3%82%A2%E5%86%AC%E5%AD%A3%E3%83%A9%E3%82%A6%E3%83%B3%E3%82%B8%E3%82%A6%E3%82%A7%E3%82%A2%E5%A5%B3%E6%80%A7 HTTP/1.1" 200 42189 "-" "Mozilla/5.0 AppleWebKit/537.36 (KHTML, like Gecko; compatible; bingbot/2.0; +http://www.bing.com/bingbot.htm) Chrome/116.0.1938.76 Safari/537.36"
40.77.167.123 - - [30/Apr/2025:13:31:48 -0400] "GET /?k=18105185190700&channel=970d16&from=shared.php%3Fid%3D1851907-4514%26name%3D%E6%BA%B6%E8%9E%8D%E5%9C%A7%E5%8A%9B%E3%82%BB%E3%83%B3%E3%82%B5%E3%83%BC+%E9%AB%98%E6%B8%A9%E6%BA%B6%E8%9E%8D%E5%9C%A7%E5%8A%9B%E3%82%BB%E3%83%B3%E3%82%B5%E3%83%BC%2F%E4%BC%9D%E9%80%81%E5%99%A8+CN1-6-M-B35D-1-4-D+%E6%BA%B6%E8%9E%8D%E5%9C%A7%E5%8A%9B%E5%A4%89%E6%8F%9B%E5%99%A8 HTTP/1.1" 200 41589 "-" "Mozilla/5.0 AppleWebKit/537.36 (KHTML, like Gecko; compatible; bingbot/2.0; +http://www.bing.com/bingbot.htm) Chrome/116.0.1938.76 Safari/537.36"
40.77.167.235 - - [30/Apr/2025:13:33:04 -0400] "GET /?k=58951171016506&channel=0b5c22&from=brands.php%3Fid%3D1710165-21633%26name%3D%E9%9B%BB%E5%AD%90%E9%9F%B3%E6%A5%BD%E3%83%9C%E3%82%AF%E3%82%B7%E3%83%B3%E3%82%B0%E3%83%9E%E3%82%B7%E3%83%B3%E3%80%81%E3%82%B9%E3%83%9E%E3%83%BC%E3%83%88%E9%9F%B3%E6%A5%BD%E3%83%9C%E3%82%AF%E3%82%B7%E3%83%B3%E3%82%B0%E6%A9%9F%E5%99%A8%E3%80%81%E3%83%9C%E3%82%AF%E3%82%B7%E3%83%B3%E3%82%B0%E3%83%88%E3%83%AC%E3%83%BC%E3%83%8B%E3%83%B3%E3%82%B0%E3%81%AE%E6%89%8B%E3%81%A8%E7%9B%AE%E3%81%AE%E5%8D%94%E8%AA%BF%E3%81%A8%E7%B7%8A%E5%BC%B5%E7%B7%A9%E5%92%8C%E3%82%92%E6%94%B9%E5%96%84%E3%81%99%E3%82%8B%E3%81%9F%E3%82%81%E3%81%AE%E3%82%B9%E3%83%9E%E3%83%BC%E3%83%88%E9%9F%B3%E6%A5%BD%E3%83%9C%E3%82%AF HTTP/1.1" 200 41625 "-" "Mozilla/5.0 AppleWebKit/537.36 (KHTML, like Gecko; compatible; bingbot/2.0; +http://www.bing.com/bingbot.htm) Chrome/116.0.1938.76 Safari/537.36"
40.77.167.235 - - [30/Apr/2025:13:33:04 -0400] "GET /?k=35599195894600&channel=bf2cfb&from=shop.php%3Fid%3D1958946-27322%26name%3D%E6%82%A3%E8%80%85%E3%81%95%E3%82%93%E7%9B%AE%E7%B7%9A%E3%81%8B%E3%82%89%E8%80%83%E3%81%88%E3%82%8B%E3%81%8C%E3%82%93%E3%81%AE%E6%A0%84%E9%A4%8A%E3%83%BB%E9%A3%9F%E4%BA%8B%E3%82%AC%E3%82%A4%E3%83%89%E3%83%96%E3%83%83%E3%82%AF+%E6%9D%BE%E6%B5%A6%E6%88%90%E6%98%AD%2F%E7%9B%A3%E4%BF%AE+%E5%B7%A6%E8%BF%91%E8%B3%A2%E4%BA%BA%2F%E7%9B%A3%E4%BF%AE+%E7%9F%A2%E9%87%8E%E9%9B%85%E5%BD%A6%2F%E7%B7%A8%E9%9B%86+%E9%A3%AF%E5%B3%B6%E6%AD%A3%E5%B9%B3%2F%E7%B7%A8%E9%9B%86 HTTP/1.1" 200 40029 "-" "Mozilla/5.0 AppleWebKit/537.36 (KHTML, like Gecko; compatible; bingbot/2.0; +http://www.bing.com/bingbot.htm) Chrome/116.0.1938.76 Safari/537.36"
40.77.167.123 - - [30/Apr/2025:13:33:08 -0400] "GET /?k=0040422101900&channel=567eca&from=news.php%3Fid%3D221019-10501%26name%3D%E7%A9%BA%E6%B0%97%E5%9C%A7%E5%BC%8F%E3%82%AB%E3%83%BC%E3%83%88%E3%83%B3%E3%82%B9%E3%83%88%E3%83%AA%E3%83%83%E3%83%91%E3%83%BC%E3%80%81%E6%AE%B5%E3%83%9C%E3%83%BC%E3%83%AB%E3%82%B9%E3%83%88%E3%83%AA%E3%83%83%E3%83%94%E3%83%B3%E3%82%B0%E3%83%9E%E3%82%B7%E3%83%B3%E3%80%81%E5%8A%B9%E7%8E%87%E7%9A%84%E3%81%A7%E4%BE%BF%E5%88%A9%E3%80%81%E5%8D%B0%E5%88%B7%E4%BC%9A%E7%A4%BE%E5%90%91%E3%81%91%EF%BC%88%E5%A4%A7%E6%AD%AF%EF%BC%89 HTTP/1.1" 200 42500 "-" "Mozilla/5.0 AppleWebKit/537.36 (KHTML, like Gecko; compatible; bingbot/2.0; +http://www.bing.com/bingbot.htm) Chrome/116.0.1938.76 Safari/537.36"
40.77.167.235 - - [30/Apr/2025:13:33:43 -0400] "GET /?k=7107639523403&channel=428914&from=article.php%3Fid%3D395234-4017%26name%3D%E3%83%91%E3%83%8A%E3%82%BD%E3%83%8B%E3%83%83%E3%82%AF+%E5%85%85%E9%9B%BB%E5%85%A8%E3%83%8D%E3%82%B8%E3%82%AB%E3%83%83%E3%82%BF%E3%83%BC+18V+3.0Ah%E9%9B%BB%E6%B1%A0%E3%83%91%E3%83%83%E3%82%AF%C3%972%E5%80%8B%2F%E5%85%85%E9%9B%BB%E5%99%A8%2F%E3%82%B1%E3%83%BC%E3%82%B9%E4%BB%98%E3%81%8D+%E3%83%87%E3%83%A5%E3%82%A2%E3%83%AB+%2814.4V%2F18V%E5%AF%BE%E5%BF%9C%29+W3 HTTP/1.1" 200 40575 "-" "Mozilla/5.0 AppleWebKit/537.36 (KHTML, like Gecko; compatible; bingbot/2.0; +http://www.bing.com/bingbot.htm) Chrome/116.0.1938.76 Safari/537.36"
40.77.167.116 - - [30/Apr/2025:13:33:48 -0400] "GET /?k=0911994233000&channel=3de803&from=product.php%3Fid%3D942330-17083%26name%3D%E3%82%BD%E3%83%95%E3%83%88%E3%82%AF%E3%83%AD%E3%83%BC%E3%82%BA%E4%BE%BF%E5%BA%A7%E3%80%81%E7%B0%A1%E5%8D%98%E3%81%AB%E6%8E%83%E9%99%A4%E3%81%A7%E3%81%8D%E3%82%8B%E3%82%AF%E3%82%A4%E3%83%83%E3%82%AF%E3%83%AA%E3%83%AA%E3%83%BC%E3%82%B9%E4%BB%98%E3%81%8D%E4%BE%BF%E5%BA%A7%E3%80%81%E3%82%B7%E3%83%B3%E3%83%97%E3%83%AB%E3%81%AA%E3%83%88%E3%83%83%E3%83%97%E5%9B%BA%E5%AE%9A%E3%80%81%E6%A8%99%E6%BA%96%E4%BE%BF%E5%BA%A7%E3%80%81WC%E4%BE%BF%E5%BA%A72%E5%80%8B%E3%80%81%E3%82%BD%E3%83%95%E3%83%88%E3%82%AF%E3%83%AD%E3%83%BC%E3%82%BA%E8%93%8B%E4%BB%98%E3%81%8DMD HTTP/1.1" 200 42740 "-" "Mozilla/5.0 AppleWebKit/537.36 (KHTML, like Gecko; compatible; bingbot/2.0; +http://www.bing.com/bingbot.htm) Chrome/116.0.1938.76 Safari/537.36"
40.77.167.123 - - [30/Apr/2025:13:33:52 -0400] "GET /?k=11024193868305&channel=4b31d8&from=article.php%3Fid%3D1938683-8110%26name%3D90%E5%BA%A6%2F%E3%82%B9%E3%83%88%E3%83%AC%E3%83%BC%E3%83%88%E3%83%98%E3%83%83%E3%83%89USB+C%E3%81%8B%E3%82%892%E3%83%94%E3%83%B3%E3%83%99%E3%82%A2%E3%83%AF%E3%82%A4%E3%83%A4%E3%83%BC%E3%82%AA%E3%83%BC%E3%83%97%E3%83%B3%E3%82%A8%E3%83%B3%E3%83%89%E9%9B%BB%E6%BA%90%E3%82%B3%E3%83%BC%E3%83%89%E3%80%81%E3%82%BF%E3%82%A4%E3%83%97C%E3%82%AA%E3%82%B9%E3%83%97%E3%83%A9%E3%82%B0%E3%83%94%E3%82%B0%E3%83%86%E3%83%BC%E3%83%AB%E3%82%A8%E3%82%AF%E3%82%B9%E3%83%86%E3%83%B3%E3%82%B7%E3%83%A7%E3%83%B3%E3%82%B1%E3%83%BC%E3%83%96 HTTP/1.1" 200 41000 "-" "Mozilla/5.0 AppleWebKit/537.36 (KHTML, like Gecko; compatible; bingbot/2.0; +http://www.bing.com/bingbot.htm) Chrome/116.0.1938.76 Safari/537.36"
66.249.72.105 - - [30/Apr/2025:13:34:01 -0400] "GET /?k=8700846839603&channel=a323d1&from=form.php%3Fid%3D468396-5627%26name%3D%E7%87%83%E6%96%99%E5%99%B4%E5%B0%84%E3%83%8E%E3%82%BA%E3%83%AB+%E3%82%AA%E3%83%9A%E3%83%AB%E3%82%A2%E3%82%B9%E3%83%88%E3%83%A9+1.8+2.0+1999-2004+4%2F6%E5%80%8B+%E7%87%83%E6%96%99%E3%82%A4%E3%83%B3%E3%82%B8%E3%82%A7%E3%82%AF%E3%82%BF%E3%83%BC%E3%83%8E%E3%82%BA%E3%83%AB+0280155929+0+2 HTTP/1.1" 200 0 "-" "Mozilla/5.0 (Linux; Android 6.0.1; Nexus 5X Build/MMB29P) AppleWebKit/537.36 (KHTML, like Gecko) Chrome/135.0.7049.95 Mobile Safari/537.36 (compatible; GoogleOther)"
40.77.167.123 - - [30/Apr/2025:13:34:29 -0400] "GET /?k=7229144279904&channel=8e5725&from=blog.php%3Fid%3D442799-13238%26name%3D12%26%2334%3B%E3%83%AA%E3%82%A2%E3%82%A6%E3%82%A4%E3%83%B3%E3%83%89%E3%82%B9%E3%82%AF%E3%83%AA%E3%83%BC%E3%83%B3%E3%83%AF%E3%82%A4%E3%83%91%E3%83%BC%E3%83%96%E3%83%AC%E3%83%BC%E3%83%89%E3%82%A2%E3%83%BC%E3%83%A0%E3%82%BB%E3%83%83%E3%83%88%E3%82%AD%E3%83%83%E3%83%88%E3%81%AB%E3%81%A8%E3%81%A3%E3%81%A6Ho%EF%BC%86nda%E7%94%A8St%EF%BC%86ream%E7%94%A8+MK1+2001+20 HTTP/1.1" 200 40075 "-" "Mozilla/5.0 AppleWebKit/537.36 (KHTML, like Gecko; compatible; bingbot/2.0; +http://www.bing.com/bingbot.htm) Chrome/116.0.1938.76 Safari/537.36"
40.77.167.123 - - [30/Apr/2025:13:36:29 -0400] "GET /?k=1812179365500&channel=2464fe&from=shared.php%3Fid%3D793655-9948%26name%3D%5B%E8%A8%B3%E3%81%82%E3%82%8A%5D%E3%82%B9%E3%83%86%E3%82%A2%E3%83%AA%E3%83%B3%E3%82%B0%E3%82%A8%E3%83%B3%E3%83%96%E3%83%AC%E3%83%A0%E3%82%B7%E3%83%BC%E3%83%88%E3%82%AB%E3%83%BC%E3%83%9C%E3%83%B3%E8%AA%BF%E3%82%A4%E3%82%A8%E3%83%AD%E3%83%BC%E3%83%8F%E3%83%B3%E3%83%89%E3%83%AB%E7%94%A8%E6%A8%B9%E8%84%82%E7%9B%9B3D%E6%96%B0%E5%93%81 HTTP/1.1" 200 40756 "-" "Mozilla/5.0 AppleWebKit/537.36 (KHTML, like Gecko; compatible; bingbot/2.0; +http://www.bing.com/bingbot.htm) Chrome/116.0.1938.76 Safari/537.36"
40.77.167.123 - - [30/Apr/2025:13:36:30 -0400] "GET /?k=82233193779006&channel=9e2375&from=pin.php%3Fid%3D1937790-21700%26name%3D%E5%AE%89%E5%85%A8%E3%83%97%E3%83%BC%E3%83%AB%E3%83%AD%E3%83%BC%E3%83%97%E3%83%95%E3%83%AD%E3%83%BC%E3%83%88%E3%83%97%E3%83%BC%E3%83%AB%E3%83%87%E3%82%A3%E3%83%90%E3%82%A4%E3%83%80%E3%83%BC%E3%80%81%E6%B0%B4%E8%B7%AF%E5%AE%89%E5%85%A8%E3%83%96%E3%82%A4%E3%83%AD%E3%83%BC%E3%83%97%E3%80%81%E9%95%B7%E3%81%95%E8%AA%BF%E7%AF%80%E5%8F%AF%E8%83%BD%E3%81%AA%E3%83%97%E3%83%BC%E3%83%AB%E3%83%96%E3%83%AC%E3%82%A4%E3%82%AF%E6%B3%A2%E5%AE%89%E5%85%A8%E3%83%AD%E3%83%BC%E3%83%97%E3%80%81%E6%BB%91%E3%82%89%E3%81%8B%E3%81%AA%E8%A1%A8%E9%9D%A2%E6%B5%AE%E5%8A%9B%E5%AE%89%E5%AE%9A%E3%83%96%E3%82%A4%E3%83%A9 HTTP/1.1" 200 41283 "-" "Mozilla/5.0 AppleWebKit/537.36 (KHTML, like Gecko; compatible; bingbot/2.0; +http://www.bing.com/bingbot.htm) Chrome/116.0.1938.76 Safari/537.36"
40.77.167.123 - - [30/Apr/2025:13:36:31 -0400] "GET /?k=3007067824803&channel=0a086b&from=shop.php%3Fid%3D678248-1933%26name%3DChandelier%2C+%E5%90%8A%E3%82%8A%E4%B8%8B%E3%81%92%E3%83%A9%E3%83%B3%E3%83%97%E3%80%81%E3%82%AF%E3%83%AA%E3%82%B9%E3%82%BF%E3%83%AB%E3%82%B7%E3%83%A3%E3%83%B3%E3%83%87%E3%83%AA%E3%82%A2%E3%83%AC%E3%82%B9%E3%83%88%E3%83%A9%E3%83%B3%E3%82%B7%E3%83%A3%E3%83%B3%E3%83%87%E3%83%AA%E3%82%A2%E9%AB%98%E7%B4%9A%E3%83%9B%E3%83%86%E3%83%AB%E3%81%AE%E3%83%80%E3%82%A4%E3%83%8B%E3%83%B3%E3%82%B0%E3%83%86%E3%83%BC%E3%83%96%E3%83%AB%E3%82%AF%E3%83%AA%E3%82%B9%E3%82%BF%E3%83%AB%E3%83%9A%E3%83%B3%E3%83%80%E3%83%B3 HTTP/1.1" 200 42333 "-" "Mozilla/5.0 AppleWebKit/537.36 (KHTML, like Gecko; compatible; bingbot/2.0; +http://www.bing.com/bingbot.htm) Chrome/116.0.1938.76 Safari/537.36"
40.77.167.123 - - [30/Apr/2025:13:38:40 -0400] "GET /?k=62892171810000&channel=ce82a8&from=category-info.php%3Fid%3D1718100-11438%26name%3DOkiyakusama+%E8%87%AA%E5%8B%95%E8%BB%8A%E3%83%9C%E3%83%87%E3%82%A3%E3%81%AE%E3%81%B8%E3%81%93%E3%81%BF%E4%BF%AE%E7%90%86%E3%83%84%E3%83%BC%E3%83%AB+%E8%87%AA%E5%8B%95%E8%BB%8A%E5%A1%97%E8%A3%85%E4%B8%8D%E8%A6%81%E3%81%AE%E4%BF%AE%E7%90%86%E7%94%A8%E3%83%97%E3%83%BC%E3%83%A9%E3%83%BC+%E9%9B%B9%E3%81%AB%E3%82%88%E3%82%8B%E3%81%B8%E3%81%93%E3%81%BF%E3%81%AE%E9%99%A4%E5%8E%BB+%E8%87%AA%E5%8B%95%E8%BB%8A%E7%94%A8%E3%82%A8%E3%82%AD%E3%82%B9%E3%83%91%E3%83%B3%E3%83%80%E3%83%BC HTTP/1.1" 200 41192 "-" "Mozilla/5.0 AppleWebKit/537.36 (KHTML, like Gecko; compatible; bingbot/2.0; +http://www.bing.com/bingbot.htm) Chrome/116.0.1938.76 Safari/537.36"
40.77.167.116 - - [30/Apr/2025:13:39:45 -0400] "GET /?k=952011285010&channel=9d117f&from=pin.php%3Fid%3D12850-2173%26name%3D%E3%82%BD%E3%83%8B%E3%83%BC+%E3%83%AF%E3%82%A4%E3%83%A4%E3%83%AC%E3%82%B9%E3%82%A4%E3%83%A4%E3%83%9B%E3%83%B3+WI-C310+%3A+Bluetooth%E5%AF%BE%E5%BF%9C%2F%E6%9C%80%E5%A4%A715%E6%99%82%E9%96%93%E9%80%A3%E7%B6%9A%E5%86%8D%E7%94%9F%2F%E3%83%9E%E3%82%A4%E3%82%AF%E4%BB%98%E3%81%8D+%E3%83%95%E3%83%A9%E3%83%83%E3%83%88%E3%82%B1%E3%83%BC%E3%83%96%E3%83%AB%E6%8E%A1%E7%94%A8+20 HTTP/1.1" 200 38863 "-" "Mozilla/5.0 AppleWebKit/537.36 (KHTML, like Gecko; compatible; bingbot/2.0; +http://www.bing.com/bingbot.htm) Chrome/116.0.1938.76 Safari/537.36"
40.77.167.123 - - [30/Apr/2025:13:40:40 -0400] "GET /?k=2262678606000&channel=b1ed40&from=shop.php%3Fid%3D786060-14700%26name%3DDLAK%28%E3%83%87%E3%82%A3%E3%83%A9%E3%83%83%E3%82%AF%29+%E7%AD%86%E3%82%92%E4%BD%BF%E3%81%A3%E3%81%9F%E7%B5%B5%E7%94%BB%E3%81%A8%E6%9B%B8%E9%81%93+%E3%82%A2%E3%83%BC%E3%83%88%E3%83%84%E3%83%BC%E3%83%AB+%E5%88%9D%E5%BF%83%E8%80%85%E5%90%91%E3%81%91%E6%96%87%E5%85%B7+%E7%B5%B5%E7%AD%86%E3%83%9A%E3%82%A4%E3%83%B3%E3%82%BF%E3%83%BC HTTP/1.1" 200 42306 "-" "Mozilla/5.0 AppleWebKit/537.36 (KHTML, like Gecko; compatible; bingbot/2.0; +http://www.bing.com/bingbot.htm) Chrome/116.0.1938.76 Safari/537.36"
2a06:98c0:3600::103 - - [30/Apr/2025:13:42:01 -0400] "GET /wordpress/wp-admin/setup-config.php HTTP/1.1" 200 0 "-" "Mozilla/5.0 (Windows NT 10.0; Win64; x64) AppleWebKit/537.36 (KHTML, like Gecko) Chrome/135.0.0.0 Safari/537.36"
40.77.167.116 - - [30/Apr/2025:13:43:45 -0400] "GET /?k=711785297701&channel=2a3406&from=pin.php%3Fid%3D52977-4909%26name%3DPry+Bars++%E3%83%9F%E3%83%8B%E3%83%9D%E3%82%B1%E3%83%83%E3%83%88%E3%82%AF%E3%83%A9%E3%83%B3%E3%82%AF+%E3%82%AF%E3%83%AD%E3%83%BC%E3%83%90%E3%83%BC+%E3%82%AD%E3%83%BC%E3%83%81%E3%82%A7%E3%83%BC%E3%83%B3+%E3%82%B5%E3%83%90%E3%82%A4%E3%83%90%E3%83%AB%E3%82%B9%E3%82%AF%E3%83%AC%E3%83%BC%E3%83%91%E3%83%BC+%E3%82%B9%E3%83%86%E3%83%B3%E3%83%AC%E3%82%B9%E3%82%B9%E3%83%81%E3%83%BC%E3%83%AB+%E3%83%9E%E3%82%A4%E3%82%AF%E3%83%AD%E3%83%84%E3%83%BC%E3%83%AB%E3%80%81%E3%82%B9%E3%83%86%E3%83%B3%EF%BC%88%E3%82%B9%E3%83%86%E3%83%B3%E3%83%AC%E3%82%B9%E3%83%9C%E3%83%88%E3%83%AB+%E3%82%B9%E3%83%9D%E3%83%BC%E3%83%84%E3%83%89%E3%83%AA%E3%83%B3%E3%82%AF%E5%AF%BE%E5%BF%9C+AKE-R60%E3%83%BB80+%E9%80%9A%E8%B2%A9%E3%80%90%E3%83%8B%E3%83%83%E3%82%BB%E3%83%B3%E3%80%91%EF%BC%89 HTTP/1.1" 200 42002 "-" "Mozilla/5.0 AppleWebKit/537.36 (KHTML, like Gecko; compatible; bingbot/2.0; +http://www.bing.com/bingbot.htm) Chrome/116.0.1938.76 Safari/537.36"
2a06:98c0:3600::103 - - [30/Apr/2025:13:44:29 -0400] "GET /wp-admin/setup-config.php HTTP/1.1" 200 0 "-" "Mozilla/5.0 (Windows NT 10.0; Win64; x64) AppleWebKit/537.36 (KHTML, like Gecko) Chrome/135.0.0.0 Safari/537.36"
40.77.167.46 - - [30/Apr/2025:13:44:51 -0400] "GET /?k=8572190438902&channel=36a0a5&from=category-info.php%3Fid%3D904389-7965%26name%3D%E3%82%AB%E3%83%BC%E3%83%9C%E3%83%B3%E3%83%95%E3%82%A1%E3%82%A4%E3%83%90%E3%83%BC%E3%82%AB%E3%83%A1%E3%83%A9%E4%B8%89%E8%84%9A+3%E8%A7%92%E5%BA%A6%E8%AA%BF%E6%95%B4%E5%8F%AF%E8%83%BD+%E3%83%9C%E3%83%BC%E3%83%AB%E9%9B%B2%E5%8F%B0%E4%BB%98%E3%81%8D%E3%81%A7%E6%8C%81%E3%81%A1%E9%81%8B%E3%81%B3%E5%8F%AF%E8%83%BD+%E8%BB%BD%E9%87%8F+%E3%83%87%E3%82%B8%E3%82%AB%E3%83%A1%2F%E3%83%9E%E3%82%AF%E3%83%AD%E6%92%AE%E5%BD%B1%2F%E6%97%85%E8%A1%8C%E7%94%A8+%E8%80%90%E8%8D%B7%E9%87%8D5kg+%E3%82%AD%E3%83%A3%E3%83%AA HTTP/1.1" 200 40492 "-" "Mozilla/5.0 AppleWebKit/537.36 (KHTML, like Gecko; compatible; bingbot/2.0; +http://www.bing.com/bingbot.htm) Chrome/116.0.1938.76 Safari/537.36"
40.77.167.33 - - [30/Apr/2025:13:44:56 -0400] "GET /?k=03838171534305&channel=047a10&from=article.php%3Fid%3D1715343-6121%26name%3D%E9%9B%BB%E5%8B%95%E5%89%AA%E5%AE%9A%E3%83%90%E3%82%B5%E3%83%9F%E3%80%81+21V+%E3%82%B3%E3%83%BC%E3%83%89%E3%83%AC%E3%82%B9%E5%89%AA%E5%AE%9A%E3%81%B0%E3%81%95%E3%81%BF%E3%83%AA%E3%83%81%E3%82%A6%E3%83%A0%E3%82%A4%E3%82%AA%E3%83%B3%E5%89%AA%E5%AE%9A%E3%81%9B%E3%82%93%E6%96%AD%E5%8A%B9%E7%8E%87%E7%9A%84%E3%81%AA%E3%81%AF%E3%81%95%E3%81%BF%E7%9B%86%E6%A0%BD%E9%9B%BB%E6%B0%97%E6%9C%A8%E3%81%AE%E6%9E%9D%E3%82%AC%E3%83%BC%E3%83%87%E3%83%B3+%E3%83%84%E3%83%BC%E3%83%AB%E9%9B%BB%E6%B0%97+SC-860 HTTP/1.1" 200 41440 "-" "Mozilla/5.0 AppleWebKit/537.36 (KHTML, like Gecko; compatible; bingbot/2.0; +http://www.bing.com/bingbot.htm) Chrome/116.0.1938.76 Safari/537.36"
52.167.144.25 - - [30/Apr/2025:13:45:44 -0400] "GET /?k=8984233784803&channel=9c7603&from=category-info.php%3Fid%3D337848-7658%26name%3D%E3%82%AD%E3%83%83%E3%83%81%E3%83%B3%E3%82%BF%E3%83%83%E3%83%97%E3%82%B9%E3%83%86%E3%83%B3%E3%83%AC%E3%82%B9%E9%8B%BC%E3%81%AE%E8%9B%87%E5%8F%A3%E3%82%B7%E3%83%B3%E3%82%B0%E3%83%AB%E3%83%8F%E3%83%B3%E3%83%89%E3%83%AB%E5%8D%98%E7%A9%B4%E3%83%9B%E3%83%83%E3%83%88%E3%81%8A%E3%82%88%E3%81%B3%E3%82%B3%E3%83%BC%E3%83%AB%E3%83%89%E3%83%9A%E3%82%A4%E3%83%B3%E3%83%88%E6%B5%B4%E5%AE%A4%E6%B4%97%E9%9D%A2%E5%8F%B0%E6%B4%97%E9%9D%A2%E5%8F%B0%E3%81%AE%E8%9B%87%E5%8F%A3%E3%83%96%E3%83%A9%E3%83%83%E3%82%AF%E3%82%B9%E3%82%AF%E3%82%A8%E3%82%A2%E5%8D%98%E7%A9%B4%E8%9B%87%E5%8F%A3%E5%AE%B9%E5%99%A8%E3%81%AE HTTP/1.1" 200 40598 "-" "Mozilla/5.0 AppleWebKit/537.36 (KHTML, like Gecko; compatible; bingbot/2.0; +http://www.bing.com/bingbot.htm) Chrome/116.0.1938.76 Safari/537.36"
40.77.167.46 - - [30/Apr/2025:13:48:41 -0400] "GET /?k=7909874420902&channel=b1588e&from=goods.php%3Fid%3D744209-424%26name%3D%E5%AE%A4%E5%86%85%E7%8C%AB%E7%94%A8%E3%83%A9%E3%83%B3%E3%83%8B%E3%83%B3%E3%82%B0%E3%83%95%E3%83%AC%E3%83%BC%E3%83%A0+%E7%8C%AB%E3%81%AE%E5%A3%81%E7%84%A1%E5%9E%A2%E6%9D%90%E7%8C%AB%E3%82%AF%E3%83%A9%E3%82%A4%E3%83%9F%E3%83%B3%E3%82%B0%E3%83%95%E3%83%AC%E3%83%BC%E3%83%A0%E7%8C%AB%E5%A3%81%E3%83%95%E3%83%AC%E3%83%BC%E3%83%A0%E7%B5%84%E3%81%BF%E5%90%88%E3%82%8F%E3%81%9B%E7%8C%AB%E3%82%B8%E3%83%A3%E3%83%B3%E3%83%97%E3%83%97%E3%83%A9%E3%83%83%E3%83%88%E3%83%95%E3%82%A9%E3%83%BC%E3%83%A0%E7%8C%AB%E3%82%B9%E3%82%BF%E3%83%B3%E3%83%89%E7%8C%AB%E3%81%AE%E5%B7%A3+%E7%8C%AB%E3%81%AE HTTP/1.1" 200 40026 "-" "Mozilla/5.0 AppleWebKit/537.36 (KHTML, like Gecko; compatible; bingbot/2.0; +http://www.bing.com/bingbot.htm) Chrome/116.0.1938.76 Safari/537.36"
52.167.144.25 - - [30/Apr/2025:13:49:35 -0400] "GET /?k=9165923633607&channel=77b14b&from=pin.php%3Fid%3D236336-3985%26name%3D1+%E3%82%BB%E3%83%83%E3%83%88+SM7B+%E3%83%9C%E3%83%BC%E3%82%AB%E3%83%AB%E9%8C%B2%E9%9F%B3%E3%83%9E%E3%82%A4%E3%82%AF%E3%83%80%E3%82%A4%E3%83%8A%E3%83%9F%E3%83%83%E3%82%AF%E3%83%9E%E3%82%A4%E3%82%AF%E9%AB%98%E5%BA%A6%E3%81%AA%E3%83%96%E3%83%A9%E3%82%B1%E3%83%83%E3%83%88%E8%A8%AD%E8%A8%88%E3%81%AB%E3%82%88%E3%82%8A%E3%83%A9%E3%82%A4%E3%83%96%E3%83%93%E3%83%87%E3%82%AA%E3%81%AE%E5%AE%89%E5%AE%9A%E6%80%A7%E3%82%92%E5%90%91%E4%B8%8A HTTP/1.1" 200 41769 "-" "Mozilla/5.0 AppleWebKit/537.36 (KHTML, like Gecko; compatible; bingbot/2.0; +http://www.bing.com/bingbot.htm) Chrome/116.0.1938.76 Safari/537.36"
52.167.144.206 - - [30/Apr/2025:13:49:39 -0400] "GET /?k=08788112309802&channel=d90fe0&from=jp.php%3Fid%3D1123098-17622%26name%3D%E5%A3%81%E5%8F%96%E3%82%8A%E4%BB%98%E3%81%91%E3%82%B3%E3%83%BC%E3%83%88%E3%83%A9%E3%83%83%E3%82%AF%E5%A3%81%E6%8E%9B%E3%81%91%E3%83%8F%E3%83%B3%E3%82%AC%E3%83%BC%E3%83%91%E3%83%BC%E3%82%BD%E3%83%8A%E3%83%A9%E3%82%A4%E3%82%BA%E3%82%A2%E3%82%A4%E3%82%A2%E3%83%B3%E3%82%A2%E3%83%BC%E3%83%88%E3%83%87%E3%82%B8%E3%82%BF%E3%83%AB%E3%82%B3%E3%83%BC%E3%83%88%E3%83%95%E3%83%83%E3%82%AF%E3%82%AF%E3%83%AA%E3%82%A8%E3%82%A4%E3%83%86%E3%82%A3%E3%83%96%E3%83%AC%E3%82%B9%E3%83%88%E3%83%A9%E3%83%B3%E3%82%B3%E3%83%BC%E3%83%92%E3%83%BC%E3%82%B7%E3%83%A7%E3%83%83%E3%83%97%E3%82%AD%E3%83%BC%E3%83%9B%E3%83%AB HTTP/1.1" 200 43555 "-" "Mozilla/5.0 AppleWebKit/537.36 (KHTML, like Gecko; compatible; bingbot/2.0; +http://www.bing.com/bingbot.htm) Chrome/116.0.1938.76 Safari/537.36"
52.167.144.206 - - [30/Apr/2025:13:49:46 -0400] "GET /?k=672017564904&channel=2cfb10&from=news.php%3Fid%3D75649-5970%26name%3D%E9%9B%BB%E5%8B%95%E3%83%88%E3%83%AB%E3%82%AF%E3%83%AC%E3%83%B3%E3%83%81%E3%80%81%E5%9B%BA%E5%AE%9A%E3%83%88%E3%83%AB%E3%82%AF%E8%AA%BF%E6%95%B4%E5%8F%AF%E8%83%BD%E3%83%88%E3%83%AB%E3%82%AF%E3%83%AC%E3%83%B3%E3%83%81%E3%80%81%E9%89%84%E9%AA%A8%E6%A9%8B%E6%A2%81%E3%83%91%E3%82%A4%E3%83%97%E3%83%A9%E3%82%A4%E3%83%B3%E7%94%A8%E9%AB%98%E5%BC%B7%E5%BA%A6%E3%83%8D%E3%82%B8+%E9%89%84%E9%81%93%E6%A9%8B%E6%A2%81%E3%80%81%E5%BB%BA%E8%A8%AD%E6%A9%9F%E6%A2%B0%E3%81%A7%E3%81%AE%E4%BD%BF%E7%94%A8%28T180%29 HTTP/1.1" 200 41088 "-" "Mozilla/5.0 AppleWebKit/537.36 (KHTML, like Gecko; compatible; bingbot/2.0; +http://www.bing.com/bingbot.htm) Chrome/116.0.1938.76 Safari/537.36"
40.77.167.46 - - [30/Apr/2025:13:51:32 -0400] "GET /?k=08991180485700&channel=c5111c&from=shop.php%3Fid%3D1804857-8881%26name%3D%E3%83%8E%E3%83%BC%E3%83%96%E3%83%A9%E3%83%B3%E3%83%89%E5%93%81+%E5%BC%95%E3%81%8D%E5%87%BA%E3%81%97%E5%BC%8F%E3%82%B7%E3%83%A3%E3%83%AF%E3%83%BC%E4%BB%98%E3%81%8D%E3%81%AE%E6%B5%B4%E5%AE%A4%E3%81%AE%E6%B4%97%E9%9D%A2%E5%99%A8%E3%81%AE%E8%9B%87%E5%8F%A3%E3%80%81%E4%B8%80%E6%99%82%E5%81%9C%E6%AD%A2%E3%83%9C%E3%82%BF%E3%83%B3%E4%BB%98%E3%81%8D%E3%81%AE%E6%B4%97%E9%9D%A2%E5%8F%B0%E3%81%AE%E8%9B%87%E5%8F%A32%E3%81%A4%E3%81%AE%E3%82%B9%E3%83%97%E3%83%AC%E3%83%BC%E3%83%A2%E3%83%BC%E3%83%89%E3%82%B9%E3%83%86%E3%83%B3%E3%83%AC%E3%82%B9%E9%8B%BC%E3%81%AE%E7%9C%9F%E3%81%A1%E3%82%85 HTTP/1.1" 200 42483 "-" "Mozilla/5.0 AppleWebKit/537.36 (KHTML, like Gecko; compatible; bingbot/2.0; +http://www.bing.com/bingbot.htm) Chrome/116.0.1938.76 Safari/537.36"
40.77.167.46 - - [30/Apr/2025:13:51:42 -0400] "GET /?k=03275109347400&channel=8b98a1&from=shared.php%3Fid%3D1093474-5398%26name%3D18650+1500mah+3.7v+%E3%83%AA%E3%83%81%E3%82%A6%E3%83%A0%E9%9B%BB%E6%B1%A0%E3%80%81%E3%83%AA%E3%83%81%E3%82%A6%E3%83%A0%E3%82%A4%E3%82%AA%E3%83%B3%E5%85%85%E9%9B%BB%E5%BC%8F%E3%82%AB%E3%83%A1%E3%83%A9%E7%94%A8%E6%87%90%E4%B8%AD%E9%9B%BB%E7%81%AF%E3%83%AA%E3%83%A2%E3%83%BC%E3%83%88%E3%82%B3%E3%83%B3%E3%83%88%E3%83%AD%E3%83%BC%E3%83%AB%E5%A4%96%E9%83%A8%E3%83%90%E3%83%83%E3%83%86%E3%83%AA%E3%83%BC%E3%83%9E%E3%82%A4%E3%82%AF%E3%82%AB%E3%83%A1 HTTP/1.1" 200 42374 "-" "Mozilla/5.0 AppleWebKit/537.36 (KHTML, like Gecko; compatible; bingbot/2.0; +http://www.bing.com/bingbot.htm) Chrome/116.0.1938.76 Safari/537.36"
52.167.144.25 - - [30/Apr/2025:13:55:25 -0400] "GET /?k=69502169327006&channel=5a7f65&from=goods.php%3Fid%3D1693270-9753%26name%3D%E7%8A%AC%E7%94%A8%E8%BB%8A%E6%A4%85%E5%AD%90+%E8%BB%BD%E9%87%8F%E7%8A%AC%E7%94%A8%E8%BB%8A%E6%A4%85%E5%AD%90%E3%80%81+%E5%B0%8F%E5%9E%8B%E3%83%BB%E5%A4%A7%E5%9E%8B%E3%83%9A%E3%83%83%E3%83%88%E7%94%A8%E8%BB%8A%E6%A4%85%E5%AD%90%EF%BC%882%E8%BC%AA%EF%BC%89%E3%80%81+%E6%8E%92%E5%B0%BF%E3%83%BB%E6%8E%92%E4%BE%BF%E3%81%AB%E5%BD%B1%E9%9F%BF%E3%82%92%E4%B8%8E%E3%81%88%E3%81%AA%E3%81%84%E9%9A%9C%E5%AE%B3%E8%80%85%E7%94%A8%E3%83%9A%E3%83%83%E3%83%88%E3%83%A2%E3%83%93%E3%83%AA%E3%83%86%E3%82%A3%E3%82%A8%E3%82%A4%E3%83%89%28XL%29 HTTP/1.1" 200 42173 "-" "Mozilla/5.0 AppleWebKit/537.36 (KHTML, like Gecko; compatible; bingbot/2.0; +http://www.bing.com/bingbot.htm) Chrome/116.0.1938.76 Safari/537.36"
52.167.144.138 - - [30/Apr/2025:13:55:30 -0400] "GET /?k=2748728002805&channel=71c545&from=goods.php%3Fid%3D280028-6039%26name%3DKALELAISU+%E3%82%B9%E3%82%BF%E3%83%B3%E3%83%89%E3%83%9F%E3%82%AD%E3%82%B5%E3%83%BC+5.5L%E5%A4%A7%E5%AE%B9%E9%87%8F+3%E7%A8%AE%E9%A1%9E%E3%82%A2%E3%82%BF%E3%83%83%E3%83%81%E3%83%A1%E3%83%B3%E3%83%88%E4%BB%98%E3%81%8D+99%E5%88%86%E3%82%BF%E3%82%A4%E3%83%9E%E3%83%BC%E6%A9%9F%E8%83%BD+%E4%B8%83%E6%AE%B5%E9%9A%8E%E9%80%9F%E5%BA%A6%E8%AA%BF%E7%AF%80+%E9%9D%99%E9%9F%B3%E8%A8%AD%E8%A8%88+%E4%B8%80%E5%8F%B0%E4%B8%89%E5%BD%B9+%E3%80%8C%E7%B7%B4%E3%82%8B%E3%80%8D%E3%80%8C%E6%B7%B7%E3%81%9C%E3%82%8B%E3%80%8D%E3%80%8C%E6%B3%A1%E7%AB%8B%E3%81%A6%E3%82%8B%E3%80%8D+%E5%AE%B6%E5%BA%AD%E7%94%A8+%E6%A5%AD%E5%8B%99%E7%94%A8+1000W%E3%83%8F%E3%82%A4%E3%83%91%E3%83%AF%E3%83%BC%E3%83%A2%E3%83%BC%E3%82%BF%E3%83%BC+%E5%8D%93%E4%B8%8A%E5%9E%8B%E3%83%9F%E3%82%AD%E3%82%B5%E3%83%BC+%E6%A5%AD%E5%8B%99%E7%94%A8%E3%83%9F%E3%82%AD%E3%82%B5%E3%83%BC+%E3%82%AD%E3%83%83%E3%83%81%E3%83%B3%E3%82%A8+1 HTTP/1.1" 200 41508 "-" "Mozilla/5.0 AppleWebKit/537.36 (KHTML, like Gecko; compatible; bingbot/2.0; +http://www.bing.com/bingbot.htm) Chrome/116.0.1938.76 Safari/537.36"
52.167.144.184 - - [30/Apr/2025:13:57:46 -0400] "GET /?k=1091875028205&channel=3e9910&from=shared.php%3Fid%3D750282-3320%26name%3D%E7%A0%94%E7%A3%A8%E6%A9%9F+1%2F2%2F3+%E3%82%A4%E3%83%B3%E3%83%81%E3%83%A9%E3%83%B3%E3%83%80%E3%83%A0%E8%BB%8C%E9%81%93%E3%82%A8%E3%82%A2%E3%82%B5%E3%83%B3%E3%83%80%E3%83%BC%E3%83%9F%E3%83%8B%E7%A9%BA%E6%B0%97%E5%9C%A7%E7%A0%94%E5%89%8A%E7%9B%A4%E8%BB%8A%E7%A0%94%E7%A3%A8%E7%94%A8%E9%AB%98%E9%80%9F%E7%A9%BA%E6%B0%97%E5%8B%95%E5%8A%9B%E3%82%B5%E3%83%B3%E3%83%87%E3%82%A3%E3%83%B3%E3%82%B0%E3%83%9D%E3%83%AA%E3%83%83%E3%82%B7%E3%83%A3%E3%83%BC+%E3%83%90%E3%83%AA%E5%8F%96%E3%82%8A%E7%A0%94%E7%A3%A8%E3%83%84%E3%83%BC%E3%83%AB HTTP/1.1" 200 40827 "-" "Mozilla/5.0 AppleWebKit/537.36 (KHTML, like Gecko; compatible; bingbot/2.0; +http://www.bing.com/bingbot.htm) Chrome/116.0.1938.76 Safari/537.36"
52.167.144.184 - - [30/Apr/2025:14:00:06 -0400] "GET /?k=2102045793304&channel=220bff&from=product.php%3Fid%3D457933-6725%26name%3D%5B%E3%83%99%E3%82%B9%E3%83%88%E3%82%B5%E3%82%A4%E3%83%B3%5D+%E7%9C%8B%E6%9D%BF+%E7%AB%8B%E3%81%A6%E7%9C%8B%E6%9D%BF+%E3%82%B9%E3%82%BF%E3%83%B3%E3%83%89%E7%9C%8B%E6%9D%BF+%E5%B1%8B%E5%A4%96%E5%AF%BE%E5%BF%9C+%E3%82%A2%E3%83%AB%E3%83%9F%E8%A3%BD+A%E5%9E%8B%E7%9C%8B%E6%9D%BF+%E5%BA%97%E8%88%97%E7%94%A8%E7%9C%8B%E6%9D%BF+%E3%82%B0%E3%83%AA%E3%83%83%E3%83%97%E5%BC%8F%E7%9C%8B%E6%9D%BF+%E5%B1%8B%E5%A4%96%E7%9C%8B%E6%9D%BF%E3%82%B7%E3%83%AB%E3%83%90%E3%83%BC+%E3%82%B5%E3%82%A4%E3%82%BA%3A HTTP/1.1" 200 40686 "-" "Mozilla/5.0 AppleWebKit/537.36 (KHTML, like Gecko; compatible; bingbot/2.0; +http://www.bing.com/bingbot.htm) Chrome/116.0.1938.76 Safari/537.36"
52.167.144.184 - - [30/Apr/2025:14:00:07 -0400] "GET /?k=39161144074603&channel=0be0b7&from=article.php%3Fid%3D1440746-8761%26name%3D%E6%8A%98%E3%82%8A%E3%81%9F%E3%81%9F%E3%81%BF%E5%BC%8F%E5%B9%BC%E5%85%90%E7%94%A8%E3%83%99%E3%83%93%E3%83%BC%E3%82%AB%E3%83%BC%EF%BC%88%E3%82%AD%E3%83%A3%E3%83%8E%E3%83%94%E3%83%BC%E4%BB%98%E3%81%8D%EF%BC%89%E3%80%81%E8%A6%AA%E7%94%A8%E3%83%8F%E3%83%B3%E3%83%89%E3%83%AB%E4%BB%98%E3%81%8D%E5%AD%90%E4%BE%9B%E7%94%A8%E4%B9%B3%E6%AF%8D%E8%BB%8A%E3%80%81%E8%A6%AA%E7%94%A8%E3%83%97%E3%83%83%E3%82%B7%E3%83%A5%E4%B8%89%E8%BC%AA%E8%BB%8A%E3%80%81%E3%83%99%E3%83%AB%E3%83%88%E3%81%A8%E3%82%AC%E3%83%BC%E3%83%89%E3%83%AC%E3%83%BC%E3%83%AB%E4%BB%98%E3%81%8D%E3%82%B7%E3%83%BC%E3%83%88%E3%80%81%E3%83%81 HTTP/1.1" 200 41265 "-" "Mozilla/5.0 AppleWebKit/537.36 (KHTML, like Gecko; compatible; bingbot/2.0; +http://www.bing.com/bingbot.htm) Chrome/116.0.1938.76 Safari/537.36"
52.167.144.138 - - [30/Apr/2025:14:00:27 -0400] "GET /?k=5929193256500&channel=dedd8e&from=blog.php%3Fid%3D932565-2628%26name%3D%E3%83%9B%E3%83%B3%E3%83%80+%E7%B4%94%E6%AD%A3+%E3%82%B4%E3%83%BC%E3%83%AB%E3%83%89%E3%82%A6%E3%82%A3%E3%83%B3%E3%82%B0+%E3%83%AA%E3%82%A2%E3%83%96%E3%83%AC%E3%83%BC%E3%82%AD%E3%82%B9%E3%83%88%E3%83%83%E3%83%97+%E3%82%AF%E3%83%AB%E3%83%BC%E3%82%BA%E3%82%B9%E3%82%A4%E3%83%83%E3%83%81 HTTP/1.1" 200 39603 "-" "Mozilla/5.0 AppleWebKit/537.36 (KHTML, like Gecko; compatible; bingbot/2.0; +http://www.bing.com/bingbot.htm) Chrome/116.0.1938.76 Safari/537.36"
52.167.144.184 - - [30/Apr/2025:14:01:36 -0400] "GET /?k=20725114670600&channel=93d6aa&from=shop.php%3Fid%3D1146706-2521%26name%3D%E2%98%852025%E5%B9%B4%E2%98%85DM25-SP1%E3%83%BBSD1%EF%BC%9ASD2%E2%98%85%E3%83%91%E3%83%83%E3%82%B1%E3%83%BC%E3%82%B8%E9%96%8B%E5%B0%81%E5%93%81%E2%98%85%E3%83%89%E3%83%A9%E3%82%B4%E3%83%B3%E5%A8%98%E3%81%AB%E3%81%AA%E3%82%8A%E3%81%9F%E3%81%8F%E3%81%AA%E3%81%84%E3%81%A3%21%E3%83%BB%E6%8A%80%E3%81%AE%E7%8E%8B%E9%81%93%E3%83%BB%E5%8A%9B%E3%81%AE%E7%8E%8B%E9%81%93%E2%98%85%E6%96%B0%E5%93%81%E6%9C%AA%E4%BD%BF%E7%94%A8%E2%98%85%E5%90%841%E3%83%87%E3%83%83%E3%82%AD%E3%82%BB%E3%83%83%E3%83%88%E2%98%85 HTTP/1.1" 200 42345 "-" "Mozilla/5.0 AppleWebKit/537.36 (KHTML, like Gecko; compatible; bingbot/2.0; +http://www.bing.com/bingbot.htm) Chrome/116.0.1938.76 Safari/537.36"
52.167.144.184 - - [30/Apr/2025:14:01:37 -0400] "GET /?k=909206791706&channel=04d2fd&from=article.php%3Fid%3D67917-5712%26name%3D%E3%83%88%E3%82%A4%E3%83%AC%E4%BB%98%E3%81%8D%E9%AB%98%E7%B2%BE%E7%B4%B0%E9%80%8F%E6%98%8E%E3%82%AD%E3%83%A3%E3%83%83%E3%83%88%E3%83%B4%E3%82%A3%E3%83%A9%E3%80%81%E5%A4%9A%E5%B1%A4%E7%8C%AB%E3%82%B1%E3%83%BC%E3%82%B8%E3%80%81%E9%87%91%E5%B1%9E%E8%A3%BD%E7%8C%AB%E3%82%B1%E3%83%BC%E3%82%B8%E3%80%81%E9%A0%AD%E4%B8%8A%E3%81%AE%E9%89%84%E8%A3%BD%E3%83%A1%E3%83%83%E3%82%B7%E3%83%A5%E3%83%87%E3%82%B6%E3%82%A4%E3%83%B3%E3%80%81%E9%80%9A%E6%B0%97%E6%80%A7%E3%81%A8%E4%B8%80%E4%BD%93%E5%9E%8B%E7%8C%AB%E3%83%88%E3%82%A4%E3%83%AC%E3%80%81%E3%82%B1%E3%83%BC%E3%82%B8%E3%81%AE%E3%83%89%E3%82%A2%E3%82%92+%EF%BC%88%E5%B0%8F%E6%9E%97%E8%A3%BD%E8%96%AC+%E3%82%BF%E3%83%95%E3%83%87%E3%83%B3%E3%83%88%E3%82%AF%E3%83%AA%E3%82%A2%E9%99%A4%E8%8F%8C+%E9%9D%92%E3%81%84+108%E9%8C%A0%EF%BC%89 HTTP/1.1" 200 40980 "-" "Mozilla/5.0 AppleWebKit/537.36 (KHTML, like Gecko; compatible; bingbot/2.0; +http://www.bing.com/bingbot.htm) Chrome/116.0.1938.76 Safari/537.36"
52.167.144.138 - - [30/Apr/2025:14:01:41 -0400] "GET /?k=54800102747102&channel=959f37&from=shared.php%3Fid%3D1027471-19921%26name%3D%E3%81%9D%E3%81%B0%E9%8D%8B%2C+%E8%AA%BF%E7%90%86%E5%99%A8%E5%85%B7%2C+%E3%81%9D%E3%81%B0%E9%8D%8B%2C+%E3%82%AC%E3%82%B9%E7%81%AB%E5%AF%BE%E5%BF%9C%E7%89%87%E6%89%8B%E9%8D%8B%2C+%E3%82%B9%E3%83%86%E3%83%B3%E3%83%AC%E3%82%B9%E3%83%95%E3%82%A3%E3%83%AB%E3%82%BF%E3%83%BC%E4%BB%98%E3%81%8D%2C+%E9%BA%BA%E6%96%99%E7%90%86%E9%8D%8B%E3%82%BB%E3%83%83%E3%83%88%2C+%E6%A9%9F%E8%83%BD%E9%A3%B2%E9%A3%9F%E5%BA%97%E5%AE%B6%E5%BA%AD%E7%94%A8%2C+%E6%A9%9F%E8%83%BD%E9%A3%B2%E9%A3%9F%E5%BA%97%E5%AE%B6%E5%BA%AD HTTP/1.1" 200 39987 "-" "Mozilla/5.0 AppleWebKit/537.36 (KHTML, like Gecko; compatible; bingbot/2.0; +http://www.bing.com/bingbot.htm) Chrome/116.0.1938.76 Safari/537.36"
52.167.144.138 - - [30/Apr/2025:14:01:41 -0400] "GET /?k=4497491468100&channel=d41c1d&from=info.php%3Fid%3D914681-18843%26name%3DLOL-FUN+%E3%82%A4%E3%83%B3%E3%83%95%E3%83%AC%E3%83%BC%E3%82%BF%E3%83%96%E3%83%AB%E3%83%91%E3%82%A4%E3%83%97%E3%83%97%E3%83%A9%E3%82%B0%E3%83%90%E3%83%AB%E3%83%BC%E3%83%B3%E3%83%97%E3%83%AC%E3%83%9F%E3%83%B3%E3%82%B0%E3%83%90%E3%83%AB%E3%83%BC%E3%83%B3%E3%83%97%E3%83%A9%E3%82%B0%E5%A4%9A%E2%80%8B%E2%80%8B%E9%9D%A2%E7%9A%84%E3%81%AA%E9%A0%91%E4%B8%88%E3%81%AA%E4%B8%8B%E6%B0%B4%E9%81%93%E8%A9%A6%E9%A8%93%E3%83%97%E3%83%A9%E3%82%B0%E9%83%BD%E5%B8%82%E4%B8%8B%E6%B0%B4%E3%83%91%E3%82%A4%E3%83%97%E6%BC%8F%E3%82%8C%E4%BF%AE%E7%90%86 HTTP/1.1" 200 41100 "-" "Mozilla/5.0 AppleWebKit/537.36 (KHTML, like Gecko; compatible; bingbot/2.0; +http://www.bing.com/bingbot.htm) Chrome/116.0.1938.76 Safari/537.36"
2a06:98c0:3600::103 - - [30/Apr/2025:14:01:45 -0400] "GET /wp-admin/setup-config.php HTTP/1.1" 200 0 "-" "Mozilla/5.0 (Windows NT 10.0; Win64; x64) AppleWebKit/537.36 (KHTML, like Gecko) Chrome/135.0.0.0 Safari/537.36"
40.77.167.8 - - [30/Apr/2025:14:01:47 -0400] "GET /?k=91262171993603&channel=b60429&from=goods.php%3Fid%3D1719936-1925%26name%3D6%E6%AE%B5%E3%83%91%E3%83%B3%E3%83%88%E3%83%AA%E3%83%BC%E3%83%89%E3%82%A2%E3%81%AE%E6%95%B4%E7%90%86%E3%81%A8%E3%83%89%E3%82%A2%E4%B8%8A%E3%81%AE%E5%8F%8E%E7%B4%8D%E3%83%91%E3%83%B3%E3%83%88%E3%83%AA%E3%83%BC%E3%82%AA%E3%83%BC%E3%82%AC%E3%83%8A%E3%82%A4%E3%82%B6%E3%83%BC%E3%83%89%E3%82%A2%E4%B8%8A%E3%81%AB%E5%90%8A%E3%82%8B%E3%81%99%E9%87%91%E5%B1%9E%E8%A3%BD%E3%81%AE%E3%82%AA%E3%83%BC%E3%82%AC%E3%83%8A%E3%82%A4%E3%82%B6%E3%83%BC%E3%81%A8%E5%8F%8E%E7%B4%8D%E3%80%81%E3%82%B9%E3%83%91%E3%82%A4%E3%82%B9%E3%83%A9%E3%83%83%E3%82%AF%E3%82%AA%E3%83%BC%E3%82%AC%E3%83%8A%E3%82%A4%E3%82%B6+%EF%BC%88%E3%82%AD%E3%83%83%E3%83%81%E3%83%B3%E3%83%91%E3%83%B3%E3%83%88%E3%83%AA%E3%83%BC%E3%83%BB%E9%A3%9F%E5%93%81%E5%8F%8E%E7%B4%8D%E5%BA%AB%E5%8F%8E%E7%B4%8D%EF%BD%9C%E6%A3%9A%E3%81%A8%E6%89%89%E8%A3%8F%E3%82%92%E6%B4%BB%E7%94%A8%E3%81%97%E3%81%A6%E7%AB%8B%E3%81%A6%E3%82%8B%E3%83%BB%E5%90%8A%E3%82%8B%E3%81%99%E3%82%A2%E3%82%A4%E3%83%87%E3%82%A2+%7C+%E5%AE%B6%E3%81%8C%E3%81%A9%E3%82%93%E3%81%A9%E3%82%93%E5%A5%BD%E3%81%8D%E3%81%AB%E3%81%AA%E3%82%8B%EF%BC%89 HTTP/1.1" 200 40659 "-" "Mozilla/5.0 AppleWebKit/537.36 (KHTML, like Gecko; compatible; bingbot/2.0; +http://www.bing.com/bingbot.htm) Chrome/116.0.1938.76 Safari/537.36"
66.249.72.105 - - [30/Apr/2025:14:02:15 -0400] "GET /?k=9199890593900&channel=b33cc3&from=brands.php%3Fid%3D905939-18574%26name%3D%E2%99%A1%E3%81%AC%E3%81%84%E6%9C%8D%E3%80%8010%E3%80%9C12cm%E7%94%A8%E3%80%80%E3%83%9B%E3%83%AF%E3%82%A4%E3%83%88%C3%97%E3%83%91%E3%83%BC%E3%83%97%E3%83%AB%E3%80%80%E3%81%AD%E3%81%93%E3%80%80%E3%83%81%E3%82%A7%E3%83%BC%E3%83%B3%E3%83%95%E3%83%83%E3%82%AF%E4%BB%98%E3%81%8D%E2%99%A1 HTTP/1.1" 200 51890 "-" "Mozilla/5.0 (Linux; Android 6.0.1; Nexus 5X Build/MMB29P) AppleWebKit/537.36 (KHTML, like Gecko) Chrome/135.0.7049.95 Mobile Safari/537.36 (compatible; Googlebot/2.1; +http://www.google.com/bot.html)"
2a06:98c0:3600::103 - - [30/Apr/2025:14:02:33 -0400] "GET /wordpress/wp-admin/setup-config.php HTTP/1.1" 200 0 "-" "Mozilla/5.0 (Windows NT 10.0; Win64; x64) AppleWebKit/537.36 (KHTML, like Gecko) Chrome/135.0.0.0 Safari/537.36"
52.167.144.185 - - [30/Apr/2025:14:03:45 -0400] "GET /?k=75922178355306&channel=685e84&from=article.php%3Fid%3D1783553-1500%26name%3D%E5%A4%AA%E9%99%BD%E5%85%89%E7%99%BA%E9%9B%BB%E5%B1%8B%E5%A4%96%E7%85%A7%E6%98%8E%E3%80%81%E3%82%BD%E3%83%BC%E3%83%A9%E3%83%BC%E3%81%AE%E6%AD%A9%E9%81%93%E7%81%AF%2C%E7%85%A7%E6%98%8E%E5%A4%96%E3%81%AE%E5%A4%AA%E9%99%BD%E5%85%89%E7%99%BA%E9%9B%BB%E3%83%A9%E3%83%B3%E3%83%97%E3%81%AE%E9%98%B2%E6%B0%B4++-+%E3%83%86%E3%83%A9%E3%82%B9%E3%81%AE%E5%86%86%E7%AD%92%E5%BD%A2%E3%81%AE%E5%B1%8B%E5%A4%96%E3%83%A9%E3%83%B3%E3%83%97LED%E7%85%A7%E6%98%8E%E8%8A%9D%E7%94%9F%E3%81%AE%E3%83%B4%E3%82%A3%E3%83%A9%E3%82%B3%E3%83%BC%E3%83%88%E3%83%A4%E3%83%BC%EF%BC%88%E5%B1%8B%E5%A4%96+Led+%E3%82%BD%E3%83%BC%E3%83%A9%E3%83%BC%E3%83%A9%E3%82%A4%E3%83%88%E5%86%86%E7%AD%92%E7%85%A7%E6%98%8E%E5%BA%AD%E9%98%B2%E6%B0%B4%E3%83%97%E3%83%A9%E3%82%B0%E3%82%A4%E3%83%B3%E3%83%A9%E3%82%A4%E3%83%88%E5%BA%AD%E3%81%AE%E8%A3%85%E9%A3%BE%E5%A4%AA%E9%99%BD%E5%85%89%E7%99%BA%E9%9B%BB%E3%83%91%E3%82%B9%E3%83%A9%E3%82%A4%E3%83%88+-+AliExpress%EF%BC%89 HTTP/1.1" 200 41252 "-" "Mozilla/5.0 AppleWebKit/537.36 (KHTML, like Gecko; compatible; bingbot/2.0; +http://www.bing.com/bingbot.htm) Chrome/116.0.1938.76 Safari/537.36"
52.167.144.138 - - [30/Apr/2025:14:03:48 -0400] "GET /?k=29993174159106&channel=4fbf01&from=goods.php%3Fid%3D1741591-20243%26name%3D%E5%B1%8B%E5%A4%96%E3%82%B5%E3%83%B3%E3%82%B7%E3%82%A7%E3%83%BC%E3%83%89%E5%82%98%E3%80%81%E5%B1%8B%E5%A4%96%E3%83%86%E3%83%BC%E3%83%96%E3%83%AB%E3%83%9E%E3%83%BC%E3%82%B1%E3%83%83%E3%83%88%E3%83%A4%E3%83%BC%E3%83%89%E5%82%98%E3%80%81%E3%82%AF%E3%83%A9%E3%83%B3%E3%82%AF%E3%81%A8%E9%A0%91%E4%B8%88%E3%81%AA%E3%83%AA%E3%83%96%E3%81%AE%E7%B0%A1%E5%8D%98%E3%81%AA%E3%83%97%E3%83%83%E3%82%B7%E3%83%A5%E3%83%9C%E3%82%BF%E3%83%B3%E3%80%81%E8%80%90%E9%A2%A8%E6%80%A7%E3%80%81%E8%80%90%E4%B9%85%E6%80%A7%E3%80%81%E8%BB%BD%E9%87%8F HTTP/1.1" 200 41544 "-" "Mozilla/5.0 AppleWebKit/537.36 (KHTML, like Gecko; compatible; bingbot/2.0; +http://www.bing.com/bingbot.htm) Chrome/116.0.1938.76 Safari/537.36"
52.167.144.184 - - [30/Apr/2025:14:03:49 -0400] "GET /?k=3973118487105&channel=b08317&from=pin.php%3Fid%3D184871-2481%26name%3D%E3%82%AF%E3%83%AA%E3%82%A8%E3%82%A4%E3%83%86%E3%82%A3%E3%83%96%E3%81%AA%E8%8A%B1%E3%81%B3%E3%82%89%E3%81%AE%E5%BD%A2%E3%82%92%E3%81%97%E3%81%9F%E3%82%AC%E3%83%A9%E3%82%B9%E3%83%9A%E3%83%B3%E3%83%80%E3%83%B3%E3%83%88%E3%83%A9%E3%83%B3%E3%83%97%E3%83%A9%E3%83%B3%E3%83%97%E3%82%B7%E3%82%A7%E3%83%BC%E3%83%89%E3%80%81%E5%8C%97%E6%AC%A7%E3%82%B9%E3%82%BF%E3%82%A4%E3%83%AB%E3%81%AE%E3%82%AC%E3%83%A9%E3%82%B9%E5%90%8A%E3%82%8A%E4%B8%8B%E3%81%92%E3%83%A9%E3%82%A4%E3%83%88%E3%80%81E27%E3%82%B7%E3%83%B3%E3%82%B0%E3%83%AB%E3%83%98%E3%83%83%E3%83%89%E3%82%B7%E3%83%A3%E3%83%B3 HTTP/1.1" 200 41553 "-" "Mozilla/5.0 AppleWebKit/537.36 (KHTML, like Gecko; compatible; bingbot/2.0; +http://www.bing.com/bingbot.htm) Chrome/116.0.1938.76 Safari/537.36"
52.167.144.185 - - [30/Apr/2025:14:06:35 -0400] "GET /?k=82899184522803&channel=7d3dde&from=article.php%3Fid%3D1845228-14824%26name%3DFarigrut+%E9%89%84%E9%8D%8B%E5%9C%9F%E9%8D%8B+%E9%89%84%E9%8B%B3%E7%89%A9%E8%A3%BD+%E3%82%AC%E3%82%B9%E7%81%AB+IH+%E5%AF%BE%E5%BF%9C+%E9%8B%B3%E9%89%84%E9%8D%8B%E5%AE%B6%E5%BA%AD%E7%94%A8%E4%B8%A1%E8%80%B3%E5%A4%A7%E5%9E%8B%E9%89%84%E9%8D%8B%E6%98%94%E3%81%AA%E3%81%8C%E3%82%89%E3%81%AE%E4%B8%B8%E5%BA%95%E3%82%AC%E3%82%B9+%E5%A4%9A%E7%9B%AE%E7%9A%84%E9%8D%8B+%E6%9C%AC%E6%A0%BC%E7%9A%84%E3%81%AA%E9%89%84%E8%A3%BD%E3%81%AE%E3%81%8A%E9%8D%8B%E3%81%A7 HTTP/1.1" 200 41917 "-" "Mozilla/5.0 AppleWebKit/537.36 (KHTML, like Gecko; compatible; bingbot/2.0; +http://www.bing.com/bingbot.htm) Chrome/116.0.1938.76 Safari/537.36"
52.167.144.184 - - [30/Apr/2025:14:06:39 -0400] "GET /?k=13077163112100&channel=162b3e&from=article.php%3Fid%3D1631121-2413%26name%3D2x+10%E5%80%8B%E3%81%AE5mm%E3%82%B3%E3%82%A2%E3%83%AA%E3%83%B3%E3%82%B0%E5%BA%83%E3%81%8F%E4%BD%BF%E7%94%A8%E3%81%95%E3%82%8C%E3%81%A6%E3%81%84%E3%82%8B%E3%82%B9%E3%83%9A%E3%82%A2%E3%83%91%E3%83%BC%E3%83%84%E4%BE%BF%E5%88%A9 HTTP/1.1" 200 42372 "-" "Mozilla/5.0 AppleWebKit/537.36 (KHTML, like Gecko; compatible; bingbot/2.0; +http://www.bing.com/bingbot.htm) Chrome/116.0.1938.76 Safari/537.36"
52.167.144.184 - - [30/Apr/2025:14:06:40 -0400] "GET /?k=03219118109707&channel=b1b40b&from=shop.php%3Fid%3D1181097-9225%26name%3D%5BMhyang%5D+%E3%82%A8%E3%82%B9%E3%83%8B%E3%83%83%E3%82%AF%E3%83%8F%E3%83%B3%E3%83%89%E3%83%A1%E3%82%A4%E3%83%89%E3%83%91%E3%83%BC%E3%83%AB%E3%83%93%E3%83%BC%E3%82%BA%E3%83%8D%E3%83%83%E3%82%AF%E3%83%AC%E3%82%B9%E3%83%A6%E3%83%8B%E3%83%BC%E3%82%AF%E3%81%AA%E7%9C%9F%E7%8F%A0%E3%83%93%E3%83%BC%E3%82%BA%E3%83%8D%E3%83%83%E3%82%AF%E3%83%AC%E3%82%B9%E8%AA%BF%E6%95%B4%E5%8F%AF%E8%83%BD%E3%81%AA%E9%95%B7%E3%81%95%E3%82%BB%E3%83%BC%E3%82%BF%E3%83%BC%E3%83%8D%E3%83%83%E3%82%AF%E3%82%B8%E3%83%A5%E3%82%A8%E3%83%AA%E3%83%BC HTTP/1.1" 200 40679 "-" "Mozilla/5.0 AppleWebKit/537.36 (KHTML, like Gecko; compatible; bingbot/2.0; +http://www.bing.com/bingbot.htm) Chrome/116.0.1938.76 Safari/537.36"
52.167.144.16 - - [30/Apr/2025:14:09:17 -0400] "GET /?k=1223131696605&channel=162cdf&from=shared.php%3Fid%3D316966-11769%26name%3DABuff+%28%E3%82%A2%E3%83%90%E3%83%95%29+%E3%83%97%E3%83%A9%E3%82%B9%E3%83%81%E3%83%83%E3%82%AF%E5%B0%81%E7%AD%92+%E3%83%9D%E3%83%AA%E5%B0%81%E7%AD%92+%E3%82%AF%E3%83%AA%E3%82%A2%E3%83%95%E3%82%A1%E3%82%A4%E3%83%AB%E3%83%95%E3%82%A9%E3%83%AB%E3%83%80%E3%83%BC+%E6%9B%B8%E9%A1%9E%E7%94%A8+A4%E3%83%97%E3%83%A9%E3%82%B9%E3%83%81%E3%83%83%E3%82%AF%E5%B0%81%E7%AD%92+%E3%82%B9%E3%83%8A%E3%83%83%E3%83%97%E7%95%99%E3%82%81+8%E8%89%B2+%E3%83%97%E3%83%A9 HTTP/1.1" 200 39395 "-" "Mozilla/5.0 AppleWebKit/537.36 (KHTML, like Gecko; compatible; bingbot/2.0; +http://www.bing.com/bingbot.htm) Chrome/116.0.1938.76 Safari/537.36"
40.77.167.13 - - [30/Apr/2025:14:09:57 -0400] "GET /?k=587085367206&channel=2c4cb3&from=info.php%3Fid%3D53672-5013%26name%3D%E5%9B%9E%E8%BB%A2%E5%BC%8F%E7%89%A9%E5%B9%B2%E3%81%97%E3%83%A9%E3%83%83%E3%82%AF%E3%80%81%E5%90%8A%E3%82%8A%E4%B8%8B%E3%81%92%E3%83%8F%E3%83%B3%E3%82%AC%E3%83%BC%E3%80%81%E3%83%AF%E3%83%BC%E3%83%89%E3%83%AD%E3%83%BC%E3%83%96%E5%8F%8E%E7%B4%8D%E3%83%A9%E3%83%83%E3%82%AF%E3%80%81%E5%A3%81%E6%8E%9B%E3%81%91%E5%BC%8F%E7%89%A9%E5%B9%B2%E3%81%97%E3%83%AC%E3%83%BC%E3%83%AB%E3%80%81%E3%83%96%E3%83%A9%E3%83%83%E3%82%B7%E3%83%A5%E3%83%89%E3%82%B4%E3%83%BC%E3%83%AB%E3%83%89%2B%E3%83%9B%E3%83%AF%E3%82%A4%E3%83%88%E3%83%9E%E3%83%BC%E3%83%96%E3%83%AB%E3%80%81%E3%82%B7%E3%83%AB%E3%83%90%E3%83%BC HTTP/1.1" 200 39821 "-" "Mozilla/5.0 AppleWebKit/537.36 (KHTML, like Gecko; compatible; bingbot/2.0; +http://www.bing.com/bingbot.htm) Chrome/116.0.1938.76 Safari/537.36"
40.77.167.13 - - [30/Apr/2025:14:10:18 -0400] "GET /?k=8223698518104&channel=c3c4e8&from=news.php%3Fid%3D985181-8037%26name%3DGevrkjenp+%E7%9B%B4%E8%A7%92%E3%83%89%E3%83%AA%E3%83%AB%E3%82%A2%E3%83%80%E3%83%97%E3%82%BF%E3%83%BC%E3%80%81%E8%A7%92%E5%BA%A6%E3%83%89%E3%83%AA%E3%83%AB%E3%82%A2%E3%83%80%E3%83%97%E3%82%BF%E3%83%BC%2C+%E3%83%98%E3%83%83%E3%82%AF%E3%82%B9%E3%82%B7%E3%83%A3%E3%83%B3%E3%82%AF%E3%83%93%E3%83%83%E3%83%88%E3%83%9B%E3%83%AB%E3%83%80%E3%83%BC%E3%82%A2%E3%82%BF%E3%83%83%E3%83%81%E3%83%A1%E3%83%B3%E3%83%88%2C+%E3%82%BF%E3%82%A4%E3%83%88%E3%81%AA%E3%82%B9%E3%83%9A%E3%83%BC%E3%82%B9%E7%94%A8 HTTP/1.1" 200 40444 "-" "Mozilla/5.0 AppleWebKit/537.36 (KHTML, like Gecko; compatible; bingbot/2.0; +http://www.bing.com/bingbot.htm) Chrome/116.0.1938.76 Safari/537.36"
66.249.72.105 - - [30/Apr/2025:14:10:26 -0400] "GET /?k=7602730944800&channel=134cda&from=form.php%3Fid%3D309448-10125%26name%3Dold+mountain+kakemono HTTP/1.1" 200 0 "-" "Mozilla/5.0 (Linux; Android 6.0.1; Nexus 5X Build/MMB29P) AppleWebKit/537.36 (KHTML, like Gecko) Chrome/135.0.7049.95 Mobile Safari/537.36 (compatible; GoogleOther)"
40.77.167.13 - - [30/Apr/2025:14:11:38 -0400] "GET /?k=50196103293804&channel=baf5a3&from=info.php%3Fid%3D1032938-9747%26name%3D%5BRssdaaacz%5D+%E3%82%BF%E3%82%AD%E3%82%B7%E3%83%BC%E3%83%89%E7%94%B7%E6%80%A7%E3%82%AE%E3%83%95%E3%83%88%E7%94%A8%E3%83%A1%E3%83%B3%E3%82%BA%E3%82%BD%E3%83%AA%E3%83%83%E3%83%89%E3%83%9B%E3%83%AF%E3%82%A4%E3%83%88%E3%82%B9%E3%83%BC%E3%83%84%E3%83%99%E3%82%B9%E3%83%88%E3%82%B7%E3%83%AB%E3%82%AF%E3%83%81%E3%83%A7%E3%83%83%E3%82%AD%E3%83%95%E3%82%A9%E3%83%BC%E3%83%9E%E3%83%AB%E3%83%9A%E3%82%A4%E3%82%BA%E3%83%AA%E3%83%BC%E3%83%8D%E3%82%AF%E3%82%BF%E3%82%A4%E3%82%AB%E3%83%95%E3%82%B9%E3%83%9D%E3%82%B1 HTTP/1.1" 200 40835 "-" "Mozilla/5.0 AppleWebKit/537.36 (KHTML, like Gecko; compatible; bingbot/2.0; +http://www.bing.com/bingbot.htm) Chrome/116.0.1938.76 Safari/537.36"
52.167.144.185 - - [30/Apr/2025:14:11:47 -0400] "GET /?k=5300789046603&channel=d5e8e3&from=brands.php%3Fid%3D890466-6469%26name%3D%E6%B2%B9%E5%9C%A7%E9%8A%85%E7%AE%A1%E7%B6%99%E6%89%8B%E5%9C%A7%E7%9D%80%E5%B7%A5%E5%85%B7%E3%80%811%2F2%E3%80%813%2F4%E3%80%811%E3%82%A4%E3%83%B3%E3%83%81%E3%82%B8%E3%83%A7%E3%83%BC%E4%BB%98%E3%81%8D%E3%80%81%E9%8A%85%E7%AE%A1%E7%B6%99%E6%89%8B%E3%83%91%E3%82%A4%E3%83%97%E4%BF%AE%E7%90%86%E3%83%84%E3%83%BC%E3%83%AB HTTP/1.1" 200 40574 "-" "Mozilla/5.0 AppleWebKit/537.36 (KHTML, like Gecko; compatible; bingbot/2.0; +http://www.bing.com/bingbot.htm) Chrome/116.0.1938.76 Safari/537.36"
52.167.144.16 - - [30/Apr/2025:14:11:50 -0400] "GET /?k=14083178628601&channel=76c2f8&from=form.php%3Fid%3D1786286-5789%26name%3DXS8C4A4MPP20%E3%80%81%E8%AA%98%E5%B0%8E%E6%80%A7%E8%BF%91%E6%8E%A5%E3%82%BB%E3%83%B3%E3%82%B5%E3%83%BC%E3%80%812%E7%B7%9A%E9%85%8D%E7%B7%9A%E3%80%81%E9%9B%A2%E6%95%A3%E9%87%8F1NO%E3%81%BE%E3%81%9F%E3%81%AF1NC%E3%83%97%E3%83%AD%E3%82%B0%E3%83%A9%E3%83%9E%E3%83%96%E3%83%AB%E3%82%BD%E3%83%AA%E3%83%83%E3%83%89%E3%82%B9%E3%83%86%E3%83%BC%E3%83%88%E5%87%BA%E5%8A%9B%E3%80%81%E5%AE%9A%E6%A0%BC%E8%AA%98%E5%B0%8E%E8%B7%9D%E9%9B%A240 HTTP/1.1" 200 40793 "-" "Mozilla/5.0 AppleWebKit/537.36 (KHTML, like Gecko; compatible; bingbot/2.0; +http://www.bing.com/bingbot.htm) Chrome/116.0.1938.76 Safari/537.36"
52.167.144.185 - - [30/Apr/2025:14:13:37 -0400] "GET /?k=70176111922502&channel=666f0e&from=shared.php%3Fid%3D1119225-8111%26name%3D%E3%82%B8%E3%83%A5%E3%82%A8%E3%83%AA%E3%83%BC%E7%A0%94%E7%A3%A8%E6%A9%9F%E3%80%81%E3%83%9C%E3%82%A6%E3%83%AB%E8%93%8B%E4%BB%98%E3%81%8D%E3%81%AE%E7%A3%81%E6%B0%97%E3%82%BF%E3%83%B3%E3%83%96%E3%83%A9%E3%83%BC%E5%9B%9E%E8%BB%A2%E5%BC%8F%E3%83%9D%E3%83%AA%E3%83%83%E3%82%B7%E3%83%A3%E3%83%BC%E3%83%9E%E3%82%B7%E3%83%B3%E5%8D%98%E6%96%B9%E5%90%91%E5%9B%9E%E8%BB%A2%2F%E3%83%90%E3%82%A4%E3%83%AD%E3%83%BC%E3%83%AA%E3%83%B3%E3%82%B0%E3%80%81600g%2F1.3+Lbs%E5%AE%B9%E9%87%8F HTTP/1.1" 200 40247 "-" "Mozilla/5.0 AppleWebKit/537.36 (KHTML, like Gecko; compatible; bingbot/2.0; +http://www.bing.com/bingbot.htm) Chrome/116.0.1938.76 Safari/537.36"
52.167.144.185 - - [30/Apr/2025:14:13:38 -0400] "GET /?k=0412713480907&channel=f5c8c2&from=news.php%3Fid%3D134809-8738%26name%3DNSDSW+USB+3.2+PCIE+%E6%8B%A1%E5%BC%B5%E3%82%AB%E3%83%BC%E3%83%89+8%E3%83%9D%E3%83%BC%E3%83%88%E4%BB%98%E3%81%8D+%E9%AB%98%E9%80%9F%E3%83%87%E3%83%BC%E3%82%BF%E8%BB%A2%E9%80%81%E3%81%A7%E7%B4%A0%E6%97%A9%E3%81%8F%E7%B0%A1%E5%8D%98%E3%81%AA%E3%83%87%E3%83%90%E3%82%A4%E3%82%B9%E6%8E%A5%E7%B6%9A+%E9%AB%98%E6%80%A7%E8%83%BD HTTP/1.1" 200 40783 "-" "Mozilla/5.0 AppleWebKit/537.36 (KHTML, like Gecko; compatible; bingbot/2.0; +http://www.bing.com/bingbot.htm) Chrome/116.0.1938.76 Safari/537.36"
40.77.167.152 - - [30/Apr/2025:14:14:26 -0400] "GET /?k=2221164175107&channel=4487f9&from=goods.php%3Fid%3D641751-5748%26name%3D%E3%83%96%E3%83%A9%E3%82%A4%E3%83%B3%E3%83%89%E3%82%B9%E3%83%9D%E3%83%83%E3%83%88%E3%83%9F%E3%83%A9%E3%83%BC%E5%AE%89%E5%85%A8%E3%83%9F%E3%83%A9%E3%83%BC%E5%A4%9A%E6%A9%9F%E8%83%BD%E3%83%97%E3%83%A9%E3%82%B9%E3%83%81%E3%83%83%E3%82%AF%E5%BA%83%E8%A7%92%E3%83%AC%E3%83%B3%E3%82%BA%E3%80%81%E8%B5%A4%E3%81%84%E3%83%97%E3%83%A9%E3%82%B9%E3%83%81%E3%83%83%E3%82%AF%E7%90%83%E9%9D%A2%E3%83%9F%E3%83%A9%E3%83%BC%E3%83%9B%E3%83%86%E3%83%AB%E3%82%B9%E3%83%BC%E3%83%91%E3%83%BC%E3%83%9E%E3%83%BC%E3%82%B1%E3%83%83%E3%83%88%E4%BA%A4%E9%80%9A%E3%83%9F%E3%83%A9%E3%83%BC%E7%9B%B4%E5%BE%84%3A HTTP/1.1" 200 41001 "-" "Mozilla/5.0 AppleWebKit/537.36 (KHTML, like Gecko; compatible; bingbot/2.0; +http://www.bing.com/bingbot.htm) Chrome/116.0.1938.76 Safari/537.36"
52.167.144.16 - - [30/Apr/2025:14:14:31 -0400] "GET /?k=5313044920401&channel=b7a630&from=pin.php%3Fid%3D449204-10816%26name%3D%E3%83%9C%E3%82%A2%E3%82%B9%E3%82%B3%E3%83%BC%E3%83%97%E6%A4%9C%E6%9F%BB%E3%82%AB%E3%83%A1%E3%83%A9%E6%8E%92%E6%B0%B4%E3%82%AB%E3%83%A1%E3%83%A9%E3%80%81Type-C%E3%83%80%E3%82%A4%E3%83%AC%E3%82%AF%E3%83%88%E3%82%AB%E3%83%A1%E3%83%A9+100%E4%B8%87%E5%B7%A5%E6%A5%AD%E7%94%A8%E5%86%85%E8%A6%96%E9%8F%A1%E3%80%81Android%E3%83%95%E3%82%A9%E3%83%B3%E9%98%B2%E6%B0%B4%E5%B7%A5%E6%A5%AD%E7%94%A8%E5%86%85%E8%A6%96%E9%8F%A1 HTTP/1.1" 200 39809 "-" "Mozilla/5.0 AppleWebKit/537.36 (KHTML, like Gecko; compatible; bingbot/2.0; +http://www.bing.com/bingbot.htm) Chrome/116.0.1938.76 Safari/537.36"
52.167.144.180 - - [30/Apr/2025:14:17:29 -0400] "GET /?k=1771494329311&channel=d32ebd&from=article.php%3Fid%3D943293-504%26name%3D%E5%BB%BA%E8%A8%AD%E6%A9%9F%E6%A2%B0%E3%82%AB%E3%82%BF%E3%83%AD%E3%82%B0+P%EF%BC%86H%E5%A4%A7%E5%9E%8B%E3%82%AF%E3%83%AD%E3%83%BC%E3%83%A9%E3%82%AF%E3%83%AC%E3%83%BC%E3%83%B3%E3%82%BB%E3%83%BC%E3%83%AB%E3%82%B9%E3%83%9E%E3%83%8B%E3%83%A5%E3%82%A2%E3%83%AB%E3%82%AB%E3%82%BF%E3%83%AD%E3%82%B0 HTTP/1.1" 200 38702 "-" "Mozilla/5.0 AppleWebKit/537.36 (KHTML, like Gecko; compatible; bingbot/2.0; +http://www.bing.com/bingbot.htm) Chrome/116.0.1938.76 Safari/537.36"
66.249.72.103 - - [30/Apr/2025:14:18:43 -0400] "GET /?k=9199890593900&channel=b33cc3&from=brands.php%3Fid%3D905939-18574%26name%3D%E2%99%A1%E3%81%AC%E3%81%84%E6%9C%8D%E3%80%8010%E3%80%9C12cm%E7%94%A8%E3%80%80%E3%83%9B%E3%83%AF%E3%82%A4%E3%83%88%C3%97%E3%83%91%E3%83%BC%E3%83%97%E3%83%AB%E3%80%80%E3%81%AD%E3%81%93%E3%80%80%E3%83%81%E3%82%A7%E3%83%BC%E3%83%B3%E3%83%95%E3%83%83%E3%82%AF%E4%BB%98%E3%81%8D%E2%99%A1 HTTP/1.1" 200 0 "-" "Mozilla/5.0 (Linux; Android 6.0.1; Nexus 5X Build/MMB29P) AppleWebKit/537.36 (KHTML, like Gecko) Chrome/135.0.7049.95 Mobile Safari/537.36 (compatible; GoogleOther)"
2a06:98c0:3600::103 - - [30/Apr/2025:14:18:50 -0400] "GET /wordpress/wp-admin/setup-config.php HTTP/1.1" 200 0 "-" "Mozilla/5.0 (Windows NT 10.0; Win64; x64) AppleWebKit/537.36 (KHTML, like Gecko) Chrome/135.0.0.0 Safari/537.36"
40.77.167.152 - - [30/Apr/2025:14:18:58 -0400] "GET /?k=18105185190700&channel=970d16&from=shared.php%3Fid%3D1851907-4514%26name%3D%E6%BA%B6%E8%9E%8D%E5%9C%A7%E5%8A%9B%E3%82%BB%E3%83%B3%E3%82%B5%E3%83%BC+%E9%AB%98%E6%B8%A9%E6%BA%B6%E8%9E%8D%E5%9C%A7%E5%8A%9B%E3%82%BB%E3%83%B3%E3%82%B5%E3%83%BC%2F%E4%BC%9D%E9%80%81%E5%99%A8+CN1-6-M-B35D-1-4-D+%E6%BA%B6%E8%9E%8D%E5%9C%A7%E5%8A%9B%E5%A4%89%E6%8F%9B%E5%99%A8 HTTP/1.1" 200 41663 "-" "Mozilla/5.0 AppleWebKit/537.36 (KHTML, like Gecko; compatible; bingbot/2.0; +http://www.bing.com/bingbot.htm) Chrome/116.0.1938.76 Safari/537.36"
40.77.167.152 - - [30/Apr/2025:14:20:28 -0400] "GET /?k=7229144279904&channel=8e5725&from=blog.php%3Fid%3D442799-13238%26name%3D12%26%2334%3B%E3%83%AA%E3%82%A2%E3%82%A6%E3%82%A4%E3%83%B3%E3%83%89%E3%82%B9%E3%82%AF%E3%83%AA%E3%83%BC%E3%83%B3%E3%83%AF%E3%82%A4%E3%83%91%E3%83%BC%E3%83%96%E3%83%AC%E3%83%BC%E3%83%89%E3%82%A2%E3%83%BC%E3%83%A0%E3%82%BB%E3%83%83%E3%83%88%E3%82%AD%E3%83%83%E3%83%88%E3%81%AB%E3%81%A8%E3%81%A3%E3%81%A6Ho%EF%BC%86nda%E7%94%A8St%EF%BC%86ream%E7%94%A8+MK1+2001+20 HTTP/1.1" 200 40080 "-" "Mozilla/5.0 AppleWebKit/537.36 (KHTML, like Gecko; compatible; bingbot/2.0; +http://www.bing.com/bingbot.htm) Chrome/116.0.1938.76 Safari/537.36"
2a06:98c0:3600::103 - - [30/Apr/2025:14:20:51 -0400] "GET /wp-admin/setup-config.php HTTP/1.1" 200 0 "-" "Mozilla/5.0 (Windows NT 10.0; Win64; x64) AppleWebKit/537.36 (KHTML, like Gecko) Chrome/135.0.0.0 Safari/537.36"
40.77.167.152 - - [30/Apr/2025:14:20:58 -0400] "GET /?k=8560944817003&channel=5ac47a&from=article.php%3Fid%3D448170-10172%26name%3D%E8%96%AA+%E6%B0%B4%E5%88%86%E8%A8%88%E3%80%81++%E5%B7%9D%E3%81%AE%E7%A0%82%E3%81%AE%E6%B0%B4%E5%88%86%E3%83%A1%E3%83%BC%E3%82%BF%E3%83%BC%E3%82%BB%E3%83%A1%E3%83%B3%E3%83%88%E5%9C%9F%E5%A3%8C%E6%B0%B4%E5%88%86%E3%83%A1%E3%83%BC%E3%82%BF%E3%83%BC%E4%B9%BE%E7%87%A5%E3%81%A8%E6%B9%BF%E6%BD%A4%E6%B8%A9%E5%BA%A6%E3%81%A8%E6%B9%BF%E5%BA%A6%E8%A8%88%E3%81%AE%E3%83%8F%E3%83%B3%E3%83%89%E3%83%98%E3%83%AB%E3%83%89%E6%B0%B4%E6%B4%BB%E5%8B%95%E3%83%86%E3%82%B9%E3%82%BF%E3%83%BC+%E3%80%81%E6%9C%A8%E6%9D%90%2F%E5%BB%BA%E6%9D%90%E3%81%AE%E6%B0%B4%E5%88%86%E3%82%92%E6%B8%AC%EF%BC%88Amazon+%7C+%E6%B0%B4%E5%88%86%E8%A8%88+%E5%B7%9D%E3%81%AE%E7%A0%82%E3%81%AE%E6%B0%B4%E5%88%86%E3%83%A1%E3%83%BC%E3%82%BF%E3%83%BC%E3%82%BB%E3%83%A1%E3%83%B3%E3%83%88%E5%9C%9F%E5%A3%8C%E6%B0%B4%E5%88%86%E3%83%A1%E3%83%BC%E3%82%BF%E3%83%BC%E4%B9%BE%E7%87%A5%E3%81%A8%E6%B9%BF%E6%BD%A4%E6%B8%A9%E5%BA%A6%E3%81%A8%E6%B9%BF%E5%BA%A6%E8%A8%88%E3%81%AE%E3%83%8F%E3%83%B3%E3%83%89%E3%83%98%E3%83%AB%E3%83%89%E6%B0%B4%E6%B4%BB%E5%8B%95%E3%83%86%E3%82%B9%E3%82%BF%E3%83%BC+%E8%BB%BD%E9%87%8F%E3%81%A7%E6%90%BA%E5%B8%AF%E6%80%A7%E3%81%AB%E5%84%AA%E3%82%8C%E3%81%A6%E3%81%84%E3%81%BE%E3%81%99++%7C+%E6%B0%B4%E5%88%86%E8%A8%88+%7C+%E7%94%A3%E6%A5%AD%E3%83%BB%E7%A0%94%E7%A9%B6%E9%96%8B%E7%99%BA%E7%94%A8%E5%93%81+%E9%80%9A%E8%B2%A9%EF%BC%89 HTTP/1.1" 200 41964 "-" "Mozilla/5.0 AppleWebKit/537.36 (KHTML, like Gecko; compatible; bingbot/2.0; +http://www.bing.com/bingbot.htm) Chrome/116.0.1938.76 Safari/537.36"
