2a06:98c0:3600::103 - - [30/Apr/2025:08:28:17 -0400] "GET /wp-admin/setup-config.php HTTP/1.1" 200 0 "-" "Mozilla/5.0 (Windows NT 10.0; Win64; x64) AppleWebKit/537.36 (KHTML, like Gecko) Chrome/135.0.0.0 Safari/537.36"
52.167.144.232 - - [30/Apr/2025:08:32:56 -0400] "GET /?k=5929193256500&channel=dedd8e&from=blog.php%3Fid%3D932565-2628%26name%3D%E3%83%9B%E3%83%B3%E3%83%80+%E7%B4%94%E6%AD%A3+%E3%82%B4%E3%83%BC%E3%83%AB%E3%83%89%E3%82%A6%E3%82%A3%E3%83%B3%E3%82%B0+%E3%83%AA%E3%82%A2%E3%83%96%E3%83%AC%E3%83%BC%E3%82%AD%E3%82%B9%E3%83%88%E3%83%83%E3%83%97+%E3%82%AF%E3%83%AB%E3%83%BC%E3%82%BA%E3%82%B9%E3%82%A4%E3%83%83%E3%83%81 HTTP/1.1" 200 39605 "-" "Mozilla/5.0 AppleWebKit/537.36 (KHTML, like Gecko; compatible; bingbot/2.0; +http://www.bing.com/bingbot.htm) Chrome/116.0.1938.76 Safari/537.36"
66.249.72.104 - - [30/Apr/2025:08:34:49 -0400] "GET /?k=3580867780800&channel=67f08f&from=info.php%3Fid%3D677808-15577%26name%3DCD%E2%96%A0%E3%80%80YOU%26ME+%E3%80%80%E5%84%AA%EF%BC%86%E9%AD%85%E8%A1%A3+%E3%80%80%E3%81%82%E3%82%8D%E3%81%B2%E3%82%8D%E3%81%97%E5%8E%9F%E4%BD%9C+%2F%E3%80%80%E7%AC%A0%E5%8E%9F%E5%BC%98%E5%AD%90%E3%80%80%E3%81%AA%E3%81%8E%E3%82%89%E5%81%A5%E5%A3%B1%E3%80%80%E3%82%A2%E3%82%A4%E9%AB%98%E9%87%8E%E3%80%80%E8%8D%98%E7%9C%9F%E7%94%B1%E7%BE%8E%E3%80%80%E3%81%99%E3%81%8E%E3%82%84%E3%81%BE%E3%81%93%E3%81%86%E3%81%84%E3%81%A1+%E4%BB%96%E3%80%80%2F%E3%80%801987%E5%B9%B4%E7%89%A9%E3%80%8032XL-243 HTTP/1.1" 200 57393 "-" "Mozilla/5.0 (Linux; Android 6.0.1; Nexus 5X Build/MMB29P) AppleWebKit/537.36 (KHTML, like Gecko) Chrome/135.0.7049.95 Mobile Safari/537.36 (compatible; Googlebot/2.1; +http://www.google.com/bot.html)"
52.167.144.232 - - [30/Apr/2025:08:35:36 -0400] "GET /?k=29993174159106&channel=4fbf01&from=goods.php%3Fid%3D1741591-20243%26name%3D%E5%B1%8B%E5%A4%96%E3%82%B5%E3%83%B3%E3%82%B7%E3%82%A7%E3%83%BC%E3%83%89%E5%82%98%E3%80%81%E5%B1%8B%E5%A4%96%E3%83%86%E3%83%BC%E3%83%96%E3%83%AB%E3%83%9E%E3%83%BC%E3%82%B1%E3%83%83%E3%83%88%E3%83%A4%E3%83%BC%E3%83%89%E5%82%98%E3%80%81%E3%82%AF%E3%83%A9%E3%83%B3%E3%82%AF%E3%81%A8%E9%A0%91%E4%B8%88%E3%81%AA%E3%83%AA%E3%83%96%E3%81%AE%E7%B0%A1%E5%8D%98%E3%81%AA%E3%83%97%E3%83%83%E3%82%B7%E3%83%A5%E3%83%9C%E3%82%BF%E3%83%B3%E3%80%81%E8%80%90%E9%A2%A8%E6%80%A7%E3%80%81%E8%80%90%E4%B9%85%E6%80%A7%E3%80%81%E8%BB%BD%E9%87%8F HTTP/1.1" 200 41546 "-" "Mozilla/5.0 AppleWebKit/537.36 (KHTML, like Gecko; compatible; bingbot/2.0; +http://www.bing.com/bingbot.htm) Chrome/116.0.1938.76 Safari/537.36"
40.77.167.36 - - [30/Apr/2025:08:35:46 -0400] "GET /?k=10511149993503&channel=763dbf&from=article.php%3Fid%3D1499935-5771%26name%3DLED%E3%83%A9%E3%82%A4%E3%83%88%E4%BB%98%E3%81%8D%E3%83%87%E3%82%B9%E3%82%AF%E3%83%91%E3%83%BC%E3%83%86%E3%82%A3%E3%82%B7%E3%83%A7%E3%83%B3%E3%83%91%E3%83%8D%E3%83%AB+%E3%83%95%E3%83%AA%E3%83%BC%E3%82%B9%E3%82%BF%E3%83%B3%E3%83%87%E3%82%A3%E3%83%B3%E3%82%B0%E3%82%B9%E3%82%AF%E3%83%AA%E3%83%BC%E3%83%B3%E3%83%97%E3%83%A9%E3%82%A4%E3%83%90%E3%82%B7%E3%83%BC%E3%83%87%E3%82%B9%E3%82%AF%E3%83%87%E3%82%A3%E3%83%90%E3%82%A4%E3%83%80%E3%83%BC%E3%80%81+%E5%AE%B6%E5%BA%AD%E3%80%81%E3%82%AA%E3%83%95%E3%82%A3%E3%82%B9%E3%80%81%E3%83%AC%E3%82%B9%E3%83%88%E3%83%A9 HTTP/1.1" 200 41425 "-" "Mozilla/5.0 AppleWebKit/537.36 (KHTML, like Gecko; compatible; bingbot/2.0; +http://www.bing.com/bingbot.htm) Chrome/116.0.1938.76 Safari/537.36"
40.77.167.36 - - [30/Apr/2025:08:36:17 -0400] "GET /?k=76247193839601&channel=d82d92&from=news.php%3Fid%3D1938396-13659%26name%3D4%E3%81%A4%E3%81%AE%E6%9F%94%E8%BB%9F%E3%81%AA%E9%9D%9E%E6%8E%A5%E7%9D%80%E3%83%95%E3%83%83%E3%82%AF%E3%83%A6%E3%83%8B%E3%83%BC%E3%82%AF%E3%81%AA%E3%83%86%E3%83%BC%E3%83%96%E3%83%AB%E3%83%8F%E3%83%B3%E3%82%AC%E3%83%BC%E3%83%9B%E3%83%BC%E3%83%A0%E3%82%BA%E3%82%B9%E3%82%AF%E3%83%BC%E3%83%AB%E3%81%BE%E3%81%9F%E3%81%AF%E8%81%B7%E5%A0%B4%E3%81%A7%E5%8A%B9%E7%8E%87%E7%9A%84%E3%81%AA%E3%82%B9%E3%83%9A%E3%83%BC%E3%82%B9%E7%AE%A1%E7%90%86%E3%81%AE%E3%81%9F%E3%82%81%E3%81%AE%E3%83%8F%E3%83%B3%E3%82%AC%E3%83%BC HTTP/1.1" 200 40378 "-" "Mozilla/5.0 AppleWebKit/537.36 (KHTML, like Gecko; compatible; bingbot/2.0; +http://www.bing.com/bingbot.htm) Chrome/116.0.1938.76 Safari/537.36"
66.249.72.104 - - [30/Apr/2025:08:37:23 -0400] "GET /?k=5308829867500&channel=2249fe&from=goods.php%3Fid%3D298675-11503%26name%3D%E3%83%AB%E3%83%BB%E3%82%AB%E3%83%AB%E3%83%8D%E3%83%BB%E3%83%89%E3%83%BB%E3%83%95%E3%82%A1%E3%82%A6%E3%82%B9%E3%83%86%E3%82%A3%E3%83%8C+-+Lignes%E3%80%8196p%E3%80%81A5+-+Manette+%E3%82%B2%E3%83%BC%E3%83%A0+%E3%83%93%E3%83%87%E3%82%AA HTTP/1.1" 200 52467 "-" "Mozilla/5.0 (Linux; Android 6.0.1; Nexus 5X Build/MMB29P) AppleWebKit/537.36 (KHTML, like Gecko) Chrome/135.0.7049.95 Mobile Safari/537.36 (compatible; Googlebot/2.1; +http://www.google.com/bot.html)"
66.249.72.103 - - [30/Apr/2025:08:38:46 -0400] "GET /?k=7519021853305&channel=244730&from=brands.php%3Fid%3D218533-2628%26name%3DZERO+%E3%82%B7%E3%83%A3%E3%83%89%E3%83%BC+3KJ++3YK+4LV+%E3%83%81%E3%83%A3%E3%83%B3%E3%83%90%E3%83%BC HTTP/1.1" 200 50155 "-" "Mozilla/5.0 (Linux; Android 6.0.1; Nexus 5X Build/MMB29P) AppleWebKit/537.36 (KHTML, like Gecko) Chrome/135.0.7049.95 Mobile Safari/537.36 (compatible; Googlebot/2.1; +http://www.google.com/bot.html)"
52.167.144.209 - - [30/Apr/2025:08:39:08 -0400] "GET /?k=0940786081507&channel=a6dc64&from=info.php%3Fid%3D860815-9826%26name%3D%E3%82%B9%E3%83%86%E3%83%B3%E3%83%AC%E3%82%B9%E3%82%B9%E3%83%81%E3%83%BC%E3%83%AB%E8%A3%BD%E3%82%B3%E3%83%BC%E3%83%92%E3%83%BC%E8%A8%88%E9%87%8F%E3%82%BB%E3%83%83%E3%83%88+%E9%8A%85%E4%BB%95%E4%B8%8A%E3%81%92+%E6%8C%BD%E3%81%84%E3%81%9F%E3%82%B3%E3%83%BC%E3%83%92%E3%83%BC%E8%AA%BF%E5%91%B3%E6%96%99%E3%82%B9%E3%83%97%E3%83%BC%E3%83%B35%E7%82%B9%E3%82%AD%E3%83%83%E3%83%88 HTTP/1.1" 200 40602 "-" "Mozilla/5.0 AppleWebKit/537.36 (KHTML, like Gecko; compatible; bingbot/2.0; +http://www.bing.com/bingbot.htm) Chrome/116.0.1938.76 Safari/537.36"
52.167.144.216 - - [30/Apr/2025:08:39:19 -0400] "GET /?k=7255732012100&channel=02a873&from=form.php%3Fid%3D320121-11801%26name%3DE61-074+%E3%83%91%E3%83%BC%E3%82%B4%E3%83%AB%E3%83%95%E7%89%B9%E5%88%A5%E7%B7%A8%E9%9B%86+%E8%8A%B9%E6%B2%A2%E4%BF%A1%E9%9B%84%E3%81%AEK-RE%E3%82%B4%E3%83%AB%E3%83%95%E2%85%A1+K-RE%E3%82%8B%E3%82%B9%E3%82%A4%E3%83%B3%E3%82%B0%E3%81%A790%E3%82%92%E5%88%87%E3%82%8B1994%E5%B9%B49%E6%9C%881%E7%99%BA%E8%A1%8C+%E7%99%BA%E8%A1%8C%E4%BA%BA+%E7%A6%8F%E5%B4%8E%E5%BF%A0 HTTP/1.1" 200 41679 "-" "Mozilla/5.0 AppleWebKit/537.36 (KHTML, like Gecko; compatible; bingbot/2.0; +http://www.bing.com/bingbot.htm) Chrome/116.0.1938.76 Safari/537.36"
52.167.144.173 - - [30/Apr/2025:08:39:57 -0400] "GET /?k=82899184522803&channel=7d3dde&from=article.php%3Fid%3D1845228-14824%26name%3DFarigrut+%E9%89%84%E9%8D%8B%E5%9C%9F%E9%8D%8B+%E9%89%84%E9%8B%B3%E7%89%A9%E8%A3%BD+%E3%82%AC%E3%82%B9%E7%81%AB+IH+%E5%AF%BE%E5%BF%9C+%E9%8B%B3%E9%89%84%E9%8D%8B%E5%AE%B6%E5%BA%AD%E7%94%A8%E4%B8%A1%E8%80%B3%E5%A4%A7%E5%9E%8B%E9%89%84%E9%8D%8B%E6%98%94%E3%81%AA%E3%81%8C%E3%82%89%E3%81%AE%E4%B8%B8%E5%BA%95%E3%82%AC%E3%82%B9+%E5%A4%9A%E7%9B%AE%E7%9A%84%E9%8D%8B+%E6%9C%AC%E6%A0%BC%E7%9A%84%E3%81%AA%E9%89%84%E8%A3%BD%E3%81%AE%E3%81%8A%E9%8D%8B%E3%81%A7 HTTP/1.1" 200 41917 "-" "Mozilla/5.0 AppleWebKit/537.36 (KHTML, like Gecko; compatible; bingbot/2.0; +http://www.bing.com/bingbot.htm) Chrome/116.0.1938.76 Safari/537.36"
66.249.72.104 - - [30/Apr/2025:08:41:02 -0400] "GET /?k=1827038628102&channel=ecc5ca&from=info.php%3Fid%3D386281-11962%26name%3D%E3%82%AA%E3%83%BC%E3%83%88%E3%83%90%E3%82%A4%E3%82%AF%E3%83%A9%E3%83%83%E3%83%81%E3%82%AB%E3%83%90%E3%83%BC+%E3%81%AB%E9%81%A9%E5%90%88+%E3%82%B9%E3%82%BA%E3%82%AD+GSXR1000+GSXR+1000+2009-2016+2015+2014+2013+%E3%82%AA HTTP/1.1" 200 52472 "-" "Mozilla/5.0 (Linux; Android 6.0.1; Nexus 5X Build/MMB29P) AppleWebKit/537.36 (KHTML, like Gecko) Chrome/135.0.7049.95 Mobile Safari/537.36 (compatible; Googlebot/2.1; +http://www.google.com/bot.html)"
52.167.144.173 - - [30/Apr/2025:08:41:18 -0400] "GET /?k=0716798271002&channel=b3d7fa&from=pin.php%3Fid%3D982710-5401%26name%3D%E3%82%B7%E3%83%A3%E3%83%B3%E3%83%87%E3%83%AA%E3%82%A2%E5%A4%A9%E4%BA%95%E3%83%9A%E3%83%B3%E3%83%80%E3%83%B3%E3%83%88%E3%83%A9%E3%82%A4%E3%83%88%E3%80%81%E3%82%AF%E3%83%AA%E3%82%B9%E3%82%BF%E3%83%AB%E3%82%B7%E3%83%A3%E3%83%B3%E3%83%87%E3%83%AA%E3%82%A2%E3%83%87%E3%83%A5%E3%83%97%E3%83%AC%E3%83%83%E3%82%AF%E3%82%B9%E3%83%93%E3%83%AB%E3%83%87%E3%82%A3%E3%83%B3%E3%82%B0%E3%83%B4%E3%82%A3%E3%83%A9%E5%A4%A7%E5%9E%8B%E3%82%B7%E3%83%A3%E3%83%B3%E3%83%87%E3%83%AA%E3%82%A2%E3%82%AF%E3%83%AA%E3%82%B9%E3%82%BF%E3%83%AB%E3%83%AA%E3%83%93%E3%83%B3%E3%82%B0%E3%83%AB%E3%83%BC%E3%83%A0%E3%83%A9%E3%82%A4 HTTP/1.1" 200 41881 "-" "Mozilla/5.0 AppleWebKit/537.36 (KHTML, like Gecko; compatible; bingbot/2.0; +http://www.bing.com/bingbot.htm) Chrome/116.0.1938.76 Safari/537.36"
66.249.72.104 - - [30/Apr/2025:08:41:25 -0400] "GET /?k=50849103022701&channel=e82230&from=jp.php%3Fid%3D1030227-19957%26name%3DPORT+%26+COMPANY+%E3%83%96%E3%83%A9%E3%83%83%E3%82%AF+%E3%83%95%E3%83%BC%E3%83%89%E4%BB%98%E3%81%8D%E3%82%B9%E3%82%A6%E3%82%A7%E3%83%83%E3%83%88+S HTTP/1.1" 200 50880 "-" "Mozilla/5.0 (Linux; Android 6.0.1; Nexus 5X Build/MMB29P) AppleWebKit/537.36 (KHTML, like Gecko) Chrome/135.0.7049.95 Mobile Safari/537.36 (compatible; Googlebot/2.1; +http://www.google.com/bot.html)"
52.167.144.216 - - [30/Apr/2025:08:41:26 -0400] "GET /?k=820673011605&channel=0a086b&from=goods.php%3Fid%3D30116-1933%26name%3DLED%E5%A4%A9%E4%BA%95%E7%85%A7%E6%98%8E%2C+%E5%8C%97%E6%AC%A7%E3%83%80%E3%82%A4%E3%83%8B%E3%83%B3%E3%82%B0%E3%83%AB%E3%83%BC%E3%83%A0%E3%83%9A%E3%83%B3%E3%83%80%E3%83%B3%E3%83%88%E3%83%A9%E3%82%A4%E3%83%88%E3%82%B7%E3%83%B3%E3%82%B0%E3%83%AB%E3%83%98%E3%83%83%E3%83%89%E3%83%9E%E3%82%AB%E3%83%AD%E3%83%B3%E3%82%B7%E3%83%A3%E3%83%B3%E3%83%87%E3%83%AA%E3%82%A2%E3%82%AB%E3%83%A9%E3%83%95%E3%83%AB%E3%83%A2%E3%83%80%E3%83%B3%E3%83%A1%E3%82%BF%E3%83%AB%E3%83%A9%E3%83%B3%E3%83%97%E3%82%B7%E3%82%A7%E3%83%BC%E3%83%89%E3%82%B7%E3%83%B3%E3%83%97%E3%83%AB%E3%82%AF+%EF%BC%88Chandelier%2C+%E3%83%87%E3%82%B6%E3%82%A4%E3%83%8A%E3%83%BC%E3%83%A1%E3%82%BF%E3%83%AB%E3%82%B7%E3%83%A3%E3%83%B3%E3%83%87%E3%83%AA%E3%82%A2%E3%83%A2%E3%83%80%E3%83%B3%E3%81%A7%E3%82%B7%E3%83%B3%E3%83%97%E3%83%AB%E3%81%AA%E3%83%9E%E3%82%AB%E3%83%AD%E3%83%B3%E3%83%A9%E3%83%B3%E3%83%97%E3%82%B7%E3%82%A7%E3%83%BC%E3%83%89%E3%83%9A%E3%83%B3%E3%83%80%E3%83%B3%E3%83%88%E3%83%A9%E3%83%B3%E3%83%97%E6%9C%A8%E8%A3%BD%E3%82%B7%E3%83%B3%E3%82%B0%E3%83%AB%E3%83%98%E3%83%83%E3%83%89%E3%83%A9%E3%83%B3%E3%83%97+%EF%BC%88%E3%83%AD%E3%83%9E%E3%83%B3%E3%83%81%E3%83%83%E3%82%AF%E3%81%AA+%E3%83%9E%E3%82%AB%E3%83%AD%E3%83%B3%E5%90%8A%E3%82%8A%E3%83%A9%E3%83%B3%E3%83%97%E4%BB%98%E3%81%8D%E7%94%A3%E6%A5%AD%E3%83%9A%E3%83%B3%E3%83%80%E3%83%B3%E3%83%88%E3%83%A9%E3%82%A4%E3%83%88%E3%82%B9%E3%82%AB%E3%83%B3%E3%82%B8%E3%83%8A%E3%83%93%E3%82%A2%E3%81%AE%E9%87%91%E5%B1%9E%E8%89%B2%E5%A4%A9%E4%BA%95%E3%82%B7%E3%83%A3%E3%83%B3%E3%83%87%E3%83%AA%E3%82%A2%E3%82%B7%E3%83%B3%E3%83%97%E3%83%AB%E3%82%A2%E3%83%AB%E3%83%9F%E3%83%8B%E3%82%A6%E3%83%A0%E3%82%B5%E3%82%B9%E3%83%9A%E3%83%B3%E3%82%B7%E3%83%A7%E3%83%B3+...%EF%BC%89 HTTP/1.1" 200 41543 "-" "Mozilla/5.0 AppleWebKit/537.36 (KHTML, like Gecko; compatible; bingbot/2.0; +http://www.bing.com/bingbot.htm) Chrome/116.0.1938.76 Safari/537.36"
66.249.72.103 - - [30/Apr/2025:08:41:49 -0400] "GET /?k=09339195710101&channel=2f132f&from=jp.php%3Fid%3D1957101-6430%26name%3DNintendoDSi+%E3%82%BB%E3%83%83%E3%83%88%E5%A3%B2%E3%82%8A HTTP/1.1" 200 0 "-" "Mozilla/5.0 (Linux; Android 6.0.1; Nexus 5X Build/MMB29P) AppleWebKit/537.36 (KHTML, like Gecko) Chrome/135.0.7049.95 Mobile Safari/537.36 (compatible; GoogleOther)"
2a06:98c0:3600::103 - - [30/Apr/2025:08:41:56 -0400] "GET /wordpress/wp-admin/setup-config.php HTTP/1.1" 200 0 "-" "Mozilla/5.0 (Windows NT 10.0; Win64; x64) AppleWebKit/537.36 (KHTML, like Gecko) Chrome/135.0.0.0 Safari/537.36"
52.167.144.173 - - [30/Apr/2025:08:41:57 -0400] "GET /?k=6860167919500&channel=20efe5&from=blog.php%3Fid%3D679195-15617%26name%3D%E9%87%A3%E3%82%8A%E3%81%AE%E9%A6%99%E3%82%8A%E3%81%AE%E8%AA%98%E5%BC%95%E5%89%A4%E3%80%81%E8%B5%A4%E3%81%84%E9%87%A3%E3%82%8A%E3%81%AE%E3%83%AB%E3%82%A2%E3%83%BC+-+%E8%B5%A4%E3%81%84%E5%8C%82%E3%81%84%E3%81%AE%E9%A4%8C%E3%81%AE%E9%A3%9F%E3%81%B9%E7%89%A9+-+%E9%95%B7%E6%9C%9F%E3%81%AB%E3%82%8F%E3%81%9F%E3%82%8B%E9%87%A3%E3%82%8A%E3%81%AE%E3%83%AB%E3%82%A2%E3%83%BC%E3%83%91%E3%82%A6%E3%83%80%E3%83%BC%E3%80%81%E3%81%82%E3%82%89%E3%82%86%E3%82%8B%E7%A8%AE%E9%A1%9E%E3%81%AE%E5%B7%9D%E3%82%84%E6%B9%96%E3%81%AE%E9%87%A3%E3%82%8A%E3%82%A2%E3%82%AF HTTP/1.1" 200 42707 "-" "Mozilla/5.0 AppleWebKit/537.36 (KHTML, like Gecko; compatible; bingbot/2.0; +http://www.bing.com/bingbot.htm) Chrome/116.0.1938.76 Safari/537.36"
66.249.72.105 - - [30/Apr/2025:08:42:09 -0400] "GET /?k=82014114556402&channel=515ca5&from=news.php%3Fid%3D1145564-21366%26name%3D%E7%94%9A%E5%B9%B3%E3%80%80%E5%A5%B3%E3%81%AE%E5%AD%90%E3%80%80120 HTTP/1.1" 200 0 "-" "Mozilla/5.0 (Linux; Android 6.0.1; Nexus 5X Build/MMB29P) AppleWebKit/537.36 (KHTML, like Gecko) Chrome/135.0.7049.95 Mobile Safari/537.36 (compatible; GoogleOther)"
2a06:98c0:3600::103 - - [30/Apr/2025:08:42:38 -0400] "GET /wp-admin/setup-config.php HTTP/1.1" 200 0 "-" "Mozilla/5.0 (Windows NT 10.0; Win64; x64) AppleWebKit/537.36 (KHTML, like Gecko) Chrome/135.0.0.0 Safari/537.36"
52.167.144.209 - - [30/Apr/2025:08:44:17 -0400] "GET /?k=50196103293804&channel=baf5a3&from=info.php%3Fid%3D1032938-9747%26name%3D%5BRssdaaacz%5D+%E3%82%BF%E3%82%AD%E3%82%B7%E3%83%BC%E3%83%89%E7%94%B7%E6%80%A7%E3%82%AE%E3%83%95%E3%83%88%E7%94%A8%E3%83%A1%E3%83%B3%E3%82%BA%E3%82%BD%E3%83%AA%E3%83%83%E3%83%89%E3%83%9B%E3%83%AF%E3%82%A4%E3%83%88%E3%82%B9%E3%83%BC%E3%83%84%E3%83%99%E3%82%B9%E3%83%88%E3%82%B7%E3%83%AB%E3%82%AF%E3%83%81%E3%83%A7%E3%83%83%E3%82%AD%E3%83%95%E3%82%A9%E3%83%BC%E3%83%9E%E3%83%AB%E3%83%9A%E3%82%A4%E3%82%BA%E3%83%AA%E3%83%BC%E3%83%8D%E3%82%AF%E3%82%BF%E3%82%A4%E3%82%AB%E3%83%95%E3%82%B9%E3%83%9D%E3%82%B1 HTTP/1.1" 200 40824 "-" "Mozilla/5.0 AppleWebKit/537.36 (KHTML, like Gecko; compatible; bingbot/2.0; +http://www.bing.com/bingbot.htm) Chrome/116.0.1938.76 Safari/537.36"
66.249.72.104 - - [30/Apr/2025:08:44:21 -0400] "GET /?k=128132862904&channel=b06aa9&from=category-info.php%3Fid%3D28629-3314%26name%3D%E3%83%98%E3%82%A2%E3%83%94%E3%83%B3+%E3%82%B9%E3%82%BF%E3%83%BC+%E3%83%88%E3%83%A9%E3%83%83%E3%82%AF+%E3%82%B3%E3%82%B9%E3%83%9F%E3%83%83%E3%82%AF+%E3%83%98%E3%82%A2+%E3%82%B9%E3%83%86%E3%82%A3%E3%83%83%E3%82%AF+%E3%83%98%E3%82%A2+%E3%82%A2%E3%82%AF%E3%82%BB%E3%82%B5%E3%83%AA%E3%83%BC+%E3%83%95%E3%83%A5%E3%83%BC%E3%83%81%E3%83%A3%E3%83%AA%E3%82%B9%E3%83%86%E3%82%A3%E3%83%83%E3%82%AF+%E3%83%A1%E3%82%BF%E3%83%AB+%E3%83%98%E3%82%A2%E3%83%94%E3%83%B3+%E3%83%98%E3%82%A2%E3%83%94%E3%83%B3 HTTP/1.1" 200 51843 "-" "Mozilla/5.0 (Linux; Android 6.0.1; Nexus 5X Build/MMB29P) AppleWebKit/537.36 (KHTML, like Gecko) Chrome/135.0.7049.95 Mobile Safari/537.36 (compatible; Googlebot/2.1; +http://www.google.com/bot.html)"
52.167.144.216 - - [30/Apr/2025:08:44:56 -0400] "GET /?k=950286817705&channel=04d2fd&from=blog.php%3Fid%3D68177-5712%26name%3D%E3%83%88%E3%82%A4%E3%83%AC%E4%BB%98%E3%81%8D%E5%B1%8B%E5%86%85%E7%8C%AB%E3%82%B1%E3%83%BC%E3%82%B8%E3%80%81360%E5%BA%A6%E3%82%AD%E3%83%A3%E3%82%B9%E3%82%BF%E3%83%BC%E4%BB%98%E3%81%8D%E7%8C%AB%E3%82%B1%E3%83%BC%E3%82%B8%E3%80%81%E7%8C%AB%E3%83%95%E3%82%A7%E3%83%B3%E3%82%B9%E3%80%81%E6%8E%83%E9%99%A4%E3%81%8C%E7%B0%A1%E5%8D%98%E3%80%81%E8%87%AD%E3%81%84%E3%82%82%E5%8F%96%E3%82%8A%E9%99%A4%E3%81%8D%E3%80%81%E7%8C%AB%E5%88%A5%E8%8D%98%E3%80%81%E5%B0%8F%E5%9E%8B%E3%83%9A%E3%83%83%E3%83%88%E3%81%AB%E9%81%A9%E3%81%97%E3%80%81%E7%8C%AB%E3%81%8C%E4%B8%AD%E3%81%A7%E3%82%B8 HTTP/1.1" 200 42721 "-" "Mozilla/5.0 AppleWebKit/537.36 (KHTML, like Gecko; compatible; bingbot/2.0; +http://www.bing.com/bingbot.htm) Chrome/116.0.1938.76 Safari/537.36"
40.77.167.7 - - [30/Apr/2025:08:45:01 -0400] "GET /?k=39857179187001&channel=1d988a&from=pin.php%3Fid%3D1791870-26617%26name%3D%E5%B0%8F%E5%9E%8B%E8%96%AA%E3%82%B9%E3%83%88%E3%83%BC%E3%83%96%E3%80%81%E9%8B%B3%E9%89%84%E8%96%AA%E3%82%B9%E3%83%88%E3%83%BC%E3%83%96%E3%80%81%E5%B1%8B%E5%86%85%E8%96%AA%E3%82%B9%E3%83%88%E3%83%BC%E3%83%96%E3%80%81%E3%82%AD%E3%83%A3%E3%83%B3%E3%83%97%E3%82%B9%E3%83%88%E3%83%BC%E3%83%96%E6%9C%A8%E6%9D%90%E3%80%81%E5%AE%B6%E5%BA%AD%E7%94%A8%E6%9A%96%E6%88%BF%E3%81%A8%E8%AA%BF%E7%90%86%E7%94%A8%E3%81%AE%E7%92%B0%E5%A2%83%E3%81%AB%E5%84%AA%E3%81%97%E3%81%84%E3%83%92%E3%83%BC%E3%82%BF%E3%83%BC HTTP/1.1" 200 41081 "-" "Mozilla/5.0 AppleWebKit/537.36 (KHTML, like Gecko; compatible; bingbot/2.0; +http://www.bing.com/bingbot.htm) Chrome/116.0.1938.76 Safari/537.36"
66.249.72.104 - - [30/Apr/2025:08:45:01 -0400] "GET /?k=01760658902&channel=30419d&from=goods.php%3Fid%3D6589-1062%26name%3D%E3%83%90%E3%83%83%E3%82%B8+%E3%83%9C%E3%82%BF%E3%83%B3+%E3%83%A1%E3%83%BC%E3%82%AB%E3%83%BC+%E3%83%9E%E3%82%B7%E3%83%B3%E3%80%8175mm%2F58mm%2F56mm%2F50mm%2F44mm+%2F37mm%2F32mm%2F25mm+%E3%83%A2%E3%83%BC%E3%83%AB%E3%83%89+%E3%83%9C%E3%82%BF%E3%83%B3 HTTP/1.1" 200 51413 "-" "Mozilla/5.0 (Linux; Android 6.0.1; Nexus 5X Build/MMB29P) AppleWebKit/537.36 (KHTML, like Gecko) Chrome/135.0.7049.95 Mobile Safari/537.36 (compatible; Googlebot/2.1; +http://www.google.com/bot.html)"
66.249.72.103 - - [30/Apr/2025:08:42:57 -0400] "GET /?k=2882272483306&channel=7fea65&from=article.php%3Fid%3D724833-11914%26name%3D%E4%BB%98%E4%B8%8B%E3%81%92+%E4%B8%8A%E5%93%81%E3%81%AA%E6%9F%93%E3%82%81+%E7%B4%8B%E3%81%AA%E3%81%97+%E6%AD%A3%E7%B5%B9+MB-9137 HTTP/1.1" 200 51622 "-" "Mozilla/5.0 (Linux; Android 6.0.1; Nexus 5X Build/MMB29P) AppleWebKit/537.36 (KHTML, like Gecko) Chrome/135.0.7049.95 Mobile Safari/537.36 (compatible; Googlebot/2.1; +http://www.google.com/bot.html)"
52.167.144.216 - - [30/Apr/2025:08:43:16 -0400] "GET /?k=7067122831900&channel=de4048&from=goods.php%3Fid%3D228319-10564%26name%3D4X+%E5%9B%9E%E8%BB%A2%E5%B7%A5%E6%A5%AD%E7%94%A8%E3%82%AD%E3%83%A3%E3%82%B9%E3%82%BF%E3%83%BC%E3%83%9B%E3%82%A4%E3%83%BC%E3%83%AB%E3%80%81%E3%82%A4%E3%82%A8%E3%83%AD%E3%83%BC%E3%83%9D%E3%83%AA%E3%82%A6%E3%83%AC%E3%82%BF%E3%83%B3%E3%83%88%E3%83%AD%E3%83%AA%E3%83%BC%E5%AE%B6%E5%85%B7%E3%82%AD%E3%83%A3%E3%82%B9%E3%82%BF%E3%83%BC%E3%80%81%E5%AE%89%E5%85%A8%E3%83%87%E3%83%A5%E3%82%A2%E3%83%AB%E3%83%AD%E3%83%83%E3%82%AF%E4%BB%98%E3%81%8D%E3%80%81%E9%AB%98%E8%80%90%E4%B9%85%E3%80%81%E3%83%9F%E3%83%A5%E3%83%BC%E3%83%88%E3%83%99%E3%82%A2%E3%83%AA%E3%83%B3%E3%82%B0%E3%80%81 HTTP/1.1" 200 42152 "-" "Mozilla/5.0 AppleWebKit/537.36 (KHTML, like Gecko; compatible; bingbot/2.0; +http://www.bing.com/bingbot.htm) Chrome/116.0.1938.76 Safari/537.36"
52.167.144.173 - - [30/Apr/2025:08:43:18 -0400] "GET /?k=78824160182601&channel=80c253&from=news.php%3Fid%3D1601826-11862%26name%3D%5BAOMEIJIE%5D+1roll%E3%83%A1%E3%82%BF%E3%83%AB%E3%83%AF%E3%82%A4%E3%83%A4%E3%83%BC%E3%83%A1%E3%83%A2%E3%83%AA%E3%82%B9%E3%83%81%E3%83%BC%E3%83%AB%E3%83%AF%E3%82%A4%E3%83%A4%E3%83%BC%E7%94%A8%E3%83%93%E3%83%BC%E3%82%BA%E3%81%AE%E3%82%A4%E3%83%A4%E3%83%AA%E3%83%B3%E3%82%B0%E8%AA%BF%E6%9F%BB%E7%B5%90%E6%9E%9C%E3%83%90%E3%83%B3%E3%82%B0%E3%83%AB%E3%82%B9%E3%83%8D%E3%83%83%E3%82%AF%E3%83%AC%E3%82%B9%E3%82%A2%E3%82%AF%E3%82%BB%E3%82%B5%E3%83%AA%E3%83%BC%E3%82%92%E4%BD%9C HTTP/1.1" 200 41611 "-" "Mozilla/5.0 AppleWebKit/537.36 (KHTML, like Gecko; compatible; bingbot/2.0; +http://www.bing.com/bingbot.htm) Chrome/116.0.1938.76 Safari/537.36"
52.167.144.209 - - [30/Apr/2025:08:43:21 -0400] "GET /?k=0409396064304&channel=5b3ffa&from=product.php%3Fid%3D960643-19235%26name%3D%E3%82%AC%E3%82%B9%E3%82%B9%E3%83%88%E3%83%BC%E3%83%96+1+%E5%8F%B0%E3%80%815.2KW+%E9%BB%92%E5%BC%B7%E5%8C%96%E3%82%AC%E3%83%A9%E3%82%B9%E5%85%A8%E9%8A%85%E3%83%90%E3%83%BC%E3%83%8A%E3%83%BC%E3%80%81%E5%A4%A9%E7%84%B6%E3%82%AC%E3%82%B9%2F%E6%B6%B2%E5%8C%96%E3%82%AC%E3%82%B9%E5%A4%89%E6%8F%9B%E3%82%B9%E3%83%88%E3%83%BC%E3%83%96%E3%80%81%E7%82%8E%E4%B8%8A%E9%98%B2%E6%AD%A2%E6%A9%9F%E8%83%BD%E3%81%A8%E3%83%9E%E3%83%AB%E3%83%81%E3%82%B9%E3%83%94%E3%83%BC%E3%83%89%E8%AA%BF%E6%95%B4%E6%A9%9F%E8%83%BD%E4%BB%98%E3%81%8D HTTP/1.1" 200 40642 "-" "Mozilla/5.0 AppleWebKit/537.36 (KHTML, like Gecko; compatible; bingbot/2.0; +http://www.bing.com/bingbot.htm) Chrome/116.0.1938.76 Safari/537.36"
52.167.144.209 - - [30/Apr/2025:08:45:18 -0400] "GET /?k=6973054158705&channel=0a2d74&from=product.php%3Fid%3D541587-8785%26name%3D%E3%83%9F%E3%83%84%E3%83%90%E3%82%B5%E3%83%B3%E3%82%B3%E3%83%BC%E3%83%AF%E3%80%80%E3%83%90%E3%82%A4%E3%82%AF%E7%94%A8ETC+MSC-BE51+%E5%8B%95%E4%BD%9C%E7%A2%BA%E8%AA%8D%E6%B8%88%E3%81%BF HTTP/1.1" 200 39513 "-" "Mozilla/5.0 AppleWebKit/537.36 (KHTML, like Gecko; compatible; bingbot/2.0; +http://www.bing.com/bingbot.htm) Chrome/116.0.1938.76 Safari/537.36"
52.167.144.216 - - [30/Apr/2025:08:45:26 -0400] "GET /?k=71781136325502&channel=ca2124&from=product.php%3Fid%3D1363255-15966%26name%3D%E3%83%88%E3%82%A4%E3%83%AC%E3%83%83%E3%83%88%E3%83%9A%E3%83%BC%E3%83%91%E3%83%BC%E3%83%9B%E3%83%AB%E3%83%80%E3%83%BC%E3%81%AE%E8%87%AA%E5%B7%B1%E6%8E%A5%E7%9D%80%E5%89%A4%E3%81%AA%E3%81%97%E6%8E%98%E5%89%8A%E5%A3%81%E3%83%9E%E3%82%A6%E3%83%B3%E3%83%88%E8%B2%AF%E8%94%B5%E5%BC%B7%E3%81%84%E6%8E%A5%E7%9D%80%E5%8A%9B%E3%81%A8%E9%98%B2%E6%B0%B4%EF%BC%88%E3%82%B5%E3%82%A4%E3%82%BA%EF%BC%9A24cm%E3%80%81%E7%B4%A0%E6%9D%90%EF%BC%9AABS%EF%BC%89+%E5%AE%B6%E5%BA%AD%E7%94%A8%E3%82%B3%E3%83%9E%E3%83%BC%E3%82%B7%E3%83%A3%E3%83%AB%E3%83%9A HTTP/1.1" 200 41613 "-" "Mozilla/5.0 AppleWebKit/537.36 (KHTML, like Gecko; compatible; bingbot/2.0; +http://www.bing.com/bingbot.htm) Chrome/116.0.1938.76 Safari/537.36"
52.167.144.209 - - [30/Apr/2025:08:46:48 -0400] "GET /?k=7681712767400&channel=9315de&from=info.php%3Fid%3D127674-5294%26name%3DZAPYVET+2+%E5%80%8B%E3%81%AE%E8%87%AA%E8%BB%A2%E8%BB%8A%E9%83%A8%E5%93%81%E3%83%A1%E3%82%AB%E3%83%89%E3%83%AD%E3%83%83%E3%83%97%E3%82%A2%E3%82%A6%E3%83%88%E3%80%81CO-OP+CTY-E+2019%2B+%E3%82%AE%E3%82%A2%E3%83%AA%E3%82%A2%E3%83%87%E3%82%A3%E3%83%AC%E3%82%A4%E3%83%A9%E3%83%BC+Rd+%E3%83%8F%E3%83%B3%E3%82%AC%E3%83%BC%E7%A0%82%E5%88%A9%E3%82%AB HTTP/1.1" 200 42056 "-" "Mozilla/5.0 AppleWebKit/537.36 (KHTML, like Gecko; compatible; bingbot/2.0; +http://www.bing.com/bingbot.htm) Chrome/116.0.1938.76 Safari/537.36"
66.249.72.105 - - [30/Apr/2025:08:47:02 -0400] "GET /?k=6197030694900&channel=568b49&from=news.php%3Fid%3D306949-11590%26name%3D%E3%82%AB%E3%83%BC%E3%83%96%E3%82%BB%E3%83%8B%E3%83%B3%E3%82%B0%E3%82%B7%E3%82%B6%E3%83%BC%E3%82%AB%E3%83%BC%E3%83%96%E3%83%96%E3%83%AC%E3%83%B3%E3%83%80%E3%83%BC%E3%83%96%E3%83%AC%E3%83%B3%E3%83%87%E3%82%A3%E3%83%B3%E3%82%B0%E3%82%B7%E3%82%B6%E3%83%BC%E3%83%88%E3%83%AA%E3%83%9F%E3%83%B3%E3%82%B0%E3%83%9A%E3%83%83%E3%83%88%E4%B8%A1%E9%9D%A2%E4%BD%BF%E7%94%A8 HTTP/1.1" 200 0 "-" "Mozilla/5.0 (Linux; Android 6.0.1; Nexus 5X Build/MMB29P) AppleWebKit/537.36 (KHTML, like Gecko) Chrome/135.0.7049.95 Mobile Safari/537.36 (compatible; GoogleOther)"
66.249.72.103 - - [30/Apr/2025:08:47:16 -0400] "GET /?k=3850126422205&channel=c1df95&from=shop.php%3Fid%3D264222-6490%26name%3D%E3%82%B7%E3%83%BC%E3%83%A9%E3%82%B1%E3%83%BC%E3%82%B9++%E5%86%B7%E3%82%84%E3%81%97%E8%99%AB%E5%AE%B6%282%29 HTTP/1.1" 200 50618 "-" "Mozilla/5.0 (Linux; Android 6.0.1; Nexus 5X Build/MMB29P) AppleWebKit/537.36 (KHTML, like Gecko) Chrome/135.0.7049.95 Mobile Safari/537.36 (compatible; Googlebot/2.1; +http://www.google.com/bot.html)"
66.249.72.104 - - [30/Apr/2025:08:49:40 -0400] "GET /?k=91837151703301&channel=f7a6c8&from=product.php%3Fid%3D1517033-2291%26name%3DSUREFIRE+MODLITE+%E3%83%A9%E3%82%A4%E3%83%88%E3%83%9E%E3%82%A6%E3%83%B3%E3%83%88+%E3%83%9E%E3%83%AB%E3%82%A4+MWS+M-LOK HTTP/1.1" 200 52257 "-" "Mozilla/5.0 (Linux; Android 6.0.1; Nexus 5X Build/MMB29P) AppleWebKit/537.36 (KHTML, like Gecko) Chrome/135.0.7049.95 Mobile Safari/537.36 (compatible; Googlebot/2.1; +http://www.google.com/bot.html)"
66.249.72.104 - - [30/Apr/2025:08:51:11 -0400] "GET /?k=69528199051203&channel=ee3802&from=category-info.php%3Fid%3D1990512-6281%26name%3D%E3%82%B9%E3%83%91%E3%83%81%E3%83%A5%E3%83%A9+%E3%82%B7%E3%83%AA%E3%82%B3%E3%83%B3+%E3%83%98%E3%83%A9+%E3%82%B4%E3%83%A0%E3%81%B9%E3%83%A9+%E8%80%90%E7%86%B1+%E8%AA%BF%E7%90%86%E3%82%B9%E3%83%91%E3%83%81%E3%83%A5%E3%83%A9+%E3%83%9F%E3%83%8B+%E3%82%B9%E3%83%AA%E3%83%A0+%E3%82%AD%E3%83%83%E3%83%81%E3%83%B3%E7%94%A8%E5%93%81+%E8%A3%BD%E8%8F%93%E9%81%93%E5%85%B7+%E3%81%8A%E8%8F%93%E5%AD%90%E4%BD%9C%E3%82%8A+2%E6%9C%AC%E3%82%BB%E3%83%83%E3%83%88+3%E6%9C%AC%E3%82%BB%E3%83%83%E3%83%88%E9%BB%92+%E3%83%96%E3%83%A9%E3%83%83%E3%82%AF HTTP/1.1" 200 0 "-" "Mozilla/5.0 (Linux; Android 6.0.1; Nexus 5X Build/MMB29P) AppleWebKit/537.36 (KHTML, like Gecko) Chrome/135.0.7049.95 Mobile Safari/537.36 (compatible; GoogleOther)"
40.77.167.7 - - [30/Apr/2025:08:51:40 -0400] "GET /?k=18105185190700&channel=970d16&from=shared.php%3Fid%3D1851907-4514%26name%3D%E6%BA%B6%E8%9E%8D%E5%9C%A7%E5%8A%9B%E3%82%BB%E3%83%B3%E3%82%B5%E3%83%BC+%E9%AB%98%E6%B8%A9%E6%BA%B6%E8%9E%8D%E5%9C%A7%E5%8A%9B%E3%82%BB%E3%83%B3%E3%82%B5%E3%83%BC%2F%E4%BC%9D%E9%80%81%E5%99%A8+CN1-6-M-B35D-1-4-D+%E6%BA%B6%E8%9E%8D%E5%9C%A7%E5%8A%9B%E5%A4%89%E6%8F%9B%E5%99%A8 HTTP/1.1" 200 41663 "-" "Mozilla/5.0 AppleWebKit/537.36 (KHTML, like Gecko; compatible; bingbot/2.0; +http://www.bing.com/bingbot.htm) Chrome/116.0.1938.76 Safari/537.36"
66.249.72.104 - - [30/Apr/2025:08:51:41 -0400] "GET /?k=29582153833201&channel=8557aa&from=jp.php%3Fid%3D1538332-20428%26name%3DVSYSTO+%E3%83%90%E3%82%A4%E3%82%AF+%E3%83%89%E3%83%A9%E3%82%A4%E3%83%96%E3%83%AC%E3%82%B3%E3%83%BC%E3%83%80%E3%83%BC+%E5%89%8D%E5%BE%8C%E3%82%AB%E3%83%A1%E3%83%A9+200%E4%B8%87%E7%94%BB%E7%B4%A0+S-ONY+imx307+Starvis+%E3%82%AA%E3%83%BC%E3%83%AB%E3%82%B0%E3%83%A9%E3%82%B9+6G+1 HTTP/1.1" 200 51318 "-" "Mozilla/5.0 (Linux; Android 6.0.1; Nexus 5X Build/MMB29P) AppleWebKit/537.36 (KHTML, like Gecko) Chrome/135.0.7049.95 Mobile Safari/537.36 (compatible; Googlebot/2.1; +http://www.google.com/bot.html)"
66.249.72.105 - - [30/Apr/2025:08:52:39 -0400] "GET /?k=0908354685706&channel=407b29&from=shared.php%3Fid%3D546857-4742%26name%3DY%E2%98%85867+%E3%82%B9%E3%82%BF%E3%83%BC%E7%B2%BE%E5%AF%86++%E3%82%B5%E3%83%BC%E3%83%9E%E3%83%AB%E3%83%97%E3%83%AA%E3%83%B3%E3%82%BF%E3%83%BC%EF%BC%86%E3%83%89%E3%83%AD%E3%82%A2%E3%83%BC HTTP/1.1" 200 51078 "-" "Mozilla/5.0 (Linux; Android 6.0.1; Nexus 5X Build/MMB29P) AppleWebKit/537.36 (KHTML, like Gecko) Chrome/135.0.7049.95 Mobile Safari/537.36 (compatible; Googlebot/2.1; +http://www.google.com/bot.html)"
40.77.167.7 - - [30/Apr/2025:08:53:51 -0400] "GET /?k=7229144279904&channel=8e5725&from=blog.php%3Fid%3D442799-13238%26name%3D12%26%2334%3B%E3%83%AA%E3%82%A2%E3%82%A6%E3%82%A4%E3%83%B3%E3%83%89%E3%82%B9%E3%82%AF%E3%83%AA%E3%83%BC%E3%83%B3%E3%83%AF%E3%82%A4%E3%83%91%E3%83%BC%E3%83%96%E3%83%AC%E3%83%BC%E3%83%89%E3%82%A2%E3%83%BC%E3%83%A0%E3%82%BB%E3%83%83%E3%83%88%E3%82%AD%E3%83%83%E3%83%88%E3%81%AB%E3%81%A8%E3%81%A3%E3%81%A6Ho%EF%BC%86nda%E7%94%A8St%EF%BC%86ream%E7%94%A8+MK1+2001+20 HTTP/1.1" 200 40076 "-" "Mozilla/5.0 AppleWebKit/537.36 (KHTML, like Gecko; compatible; bingbot/2.0; +http://www.bing.com/bingbot.htm) Chrome/116.0.1938.76 Safari/537.36"
66.249.72.104 - - [30/Apr/2025:08:53:53 -0400] "GET /?k=99206194366903&channel=855a44&from=pin.php%3Fid%3D1943669-1974%26name%3D%E7%BE%8E%E5%93%81%E2%98%86%E3%83%9E%E3%83%83%E3%82%AD%E3%83%B3%E3%83%88%E3%83%83%E3%82%B7%E3%83%A5%E3%83%95%E3%82%A3%E3%83%AD%E3%82%BD%E3%83%95%E3%82%A3%E3%83%BC%E3%80%80%E3%82%B3%E3%83%BC%E3%83%88 HTTP/1.1" 200 51498 "-" "Mozilla/5.0 (Linux; Android 6.0.1; Nexus 5X Build/MMB29P) AppleWebKit/537.36 (KHTML, like Gecko) Chrome/135.0.7049.95 Mobile Safari/537.36 (compatible; Googlebot/2.1; +http://www.google.com/bot.html)"
40.77.167.64 - - [30/Apr/2025:08:50:07 -0400] "GET /?k=86276117482804&channel=74ea2e&from=form.php%3Fid%3D1174828-21639%26name%3DCSCDD+120A%E3%82%A2%E3%83%B3%E3%83%97%E6%95%B4%E6%B5%81%E5%99%A8%E3%83%95%E3%82%A3%E3%83%AB%E3%82%BF%E3%83%BC%E4%BE%9B%E7%B5%A6%E9%9B%BB%E6%BA%90%E3%83%9C%E3%83%BC%E3%83%89%E9%AB%98%E5%87%BA%E5%8A%9B%E3%82%B7%E3%83%A7%E3%83%83%E3%83%88%E3%82%AD%E3%83%BC%E6%95%B4%E6%B5%81%E5%99%A8%E3%83%95%E3%82%A3%E3%83%AB%E3%82%BF%E3%83%BC%E9%9B%BB%E6%BA%90%E3%83%9C%E3%83%BC%E3%83%8910000UF+125V HTTP/1.1" 200 41986 "-" "Mozilla/5.0 AppleWebKit/537.36 (KHTML, like Gecko; compatible; bingbot/2.0; +http://www.bing.com/bingbot.htm) Chrome/116.0.1938.76 Safari/537.36"
52.167.144.221 - - [30/Apr/2025:08:53:58 -0400] "GET /?k=6962065073702&channel=000b51&from=article.php%3Fid%3D650737-8587%26name%3D%E3%82%A6%E3%82%A9%E3%83%BC%E3%82%AD%E3%83%B3%E3%82%B0%E3%82%B9%E3%83%86%E3%82%A3%E3%83%83%E3%82%AF+%E9%AB%98%E9%BD%A2%E8%80%85%E3%82%84%E8%BA%AB%E4%BD%93%E9%9A%9C%E5%AE%B3%E8%80%85%E5%90%91%E3%81%91%E3%81%AE%E6%AD%A9%E8%A1%8C%E8%A3%9C%E5%8A%A9%E8%A3%85%E7%BD%AE+%E7%A7%BB%E5%8B%95%E8%A3%9C%E5%8A%A9%E5%85%B7+%E5%AE%89%E5%AE%9A%E6%80%A7%E3%81%A8%E3%82%B5%E3%83%9D%E3%83%BC%E3%83%88%E3%81%AE%E3%81%9F%E3%82%81%E3%81%AE%E8%AA%BF%E7%AF%80%E5%8F%AF%E8%83%BD%E3%81%AA%E6%9D%96+%E8%BB%BD%E9%87%8F%E3%82%A6%E3%82%A9%E3%83%BC%E3%82%AD%E3%83%B3%E3%82%B0%E3%82%B9%E3%83%86 HTTP/1.1" 200 41178 "-" "Mozilla/5.0 AppleWebKit/537.36 (KHTML, like Gecko; compatible; bingbot/2.0; +http://www.bing.com/bingbot.htm) Chrome/116.0.1938.76 Safari/537.36"
40.77.167.64 - - [30/Apr/2025:08:54:58 -0400] "GET /?k=67209159822906&channel=38942b&from=shop.php%3Fid%3D1598229-8873%26name%3D%E6%B5%B4%E6%A7%BD%E3%81%AE%E6%B3%A8%E3%81%8E%E5%8F%A3%E4%BB%98%E3%81%8D%E3%82%B7%E3%83%A3%E3%83%AF%E3%83%BC%E3%82%B7%E3%82%B9%E3%83%86%E3%83%A0%E3%80%81%E3%82%B7%E3%83%A3%E3%83%AF%E3%83%BC%E8%9B%87%E5%8F%A3%E3%82%BB%E3%83%83%E3%83%88%E5%A3%81%E5%8F%96%E3%82%8A%E4%BB%98%E3%81%91%E3%83%AC%E3%82%A4%E3%83%B3%E3%83%9F%E3%82%AD%E3%82%B5%E3%83%BC%E3%82%B7%E3%83%A3%E3%83%AF%E3%83%BC%E3%82%B3%E3%83%B3%E3%83%9C%E3%82%BB%E3%83%83%E3%83%88%E9%AB%98%E3%81%95%E8%AA%BF%E7%AF%80%E5%8F%AF%E8%83%BD%E3%81%AA%E3%82%B7%E3%83%A3%E3%83%AF%E3%83%BC%E5%99%A8%E5%85%B7%E3%80%8132++%2A%EF%BC%88%E3%83%96%E3%83%A9%E3%83%83%E3%82%AF+%E3%82%B7%E3%83%A3%E3%83%AF%E3%83%BC%E3%82%B7%E3%82%B9%E3%83%86%E3%83%A0+%E6%B5%B4%E6%A7%BD%E3%82%B9%E3%83%91%E3%82%A6%E3%83%88%E4%BB%98%E3%81%8D+%E5%A3%81%E5%8F%96%E3%82%8A%E4%BB%98%E3%81%91%E5%BC%8F%E3%83%90%E3%82%B9%E3%82%BF%E3%83%96%E8%9B%87%E5%8F%A3%E3%82%BB%E3%83%83%E3%83%88+%E7%BE%8E%E5%91%B3%E3%81%97%E3%82%85%E3%81%86+%E3%83%90%E3%82%B9%E3%83%AB%E3%83%BC%E3%83%A0%E7%94%A8%EF%BC%89 HTTP/1.1" 200 41332 "-" "Mozilla/5.0 AppleWebKit/537.36 (KHTML, like Gecko; compatible; bingbot/2.0; +http://www.bing.com/bingbot.htm) Chrome/116.0.1938.76 Safari/537.36"
66.249.72.105 - - [30/Apr/2025:08:55:42 -0400] "GET /?k=6306088672800&channel=ffce48&from=article.php%3Fid%3D886728-11056%26name%3DMICHAEL+KORS+%E3%82%B4%E3%83%BC%E3%83%AB%E3%83%89+%E3%82%B9%E3%83%9E%E3%83%BC%E3%83%88%E3%82%A6%E3%82%A9%E3%83%83%E3%83%81 HTTP/1.1" 200 53200 "-" "Mozilla/5.0 (Linux; Android 6.0.1; Nexus 5X Build/MMB29P) AppleWebKit/537.36 (KHTML, like Gecko) Chrome/135.0.7049.95 Mobile Safari/537.36 (compatible; Googlebot/2.1; +http://www.google.com/bot.html)"
66.249.72.104 - - [30/Apr/2025:08:56:54 -0400] "GET /?k=1591395907000&channel=5bfd43&from=brands.php%3Fid%3D959070-14723%26name%3D%E5%A4%A9%E7%84%B6%E5%A4%A7%E7%90%86%E7%9F%B3+%E3%83%A9%E3%82%A6%E3%83%B3%E3%83%89%E3%83%90%E3%83%8B%E3%83%86%E3%82%A3%E3%83%88%E3%83%AC%E3%82%A4+%E3%82%B8%E3%83%A5%E3%82%A8%E3%83%AA%E3%83%BC+%E3%83%A1%E3%82%A4%E3%82%AF%E3%82%A2%E3%83%83%E3%83%97%E3%83%87%E3%82%A3%E3%83%83%E3%82%B7%E3%83%A5+%E8%A3%85%E9%A3%BE%E3%83%88%E3%83%AC%E3%82%A4+%E3%82%B3%E3%83%BC%E3%83%92%E3%83%BC%E3%83%86%E3%83%BC%E3%83%96%E3%83%AB+%E3%83%90%E3%82%B9%E3%83%AB%E3%83%BC%E3%83%A0+%E5%AF%9D%E5%AE%A4%E7%94%A8+%28%E3%82%B3%E3%83%BC%E3%83%92%E3%83%BC HTTP/1.1" 200 52969 "-" "Mozilla/5.0 (Linux; Android 6.0.1; Nexus 5X Build/MMB29P) AppleWebKit/537.36 (KHTML, like Gecko) Chrome/135.0.7049.95 Mobile Safari/537.36 (compatible; Googlebot/2.1; +http://www.google.com/bot.html)"
40.77.167.64 - - [30/Apr/2025:08:57:27 -0400] "GET /?k=5498951986402&channel=76340e&from=form.php%3Fid%3D519864-2719%26name%3D%E3%83%A1%E3%82%A4%E3%82%AF%E3%83%9C%E3%83%83%E3%82%AF%E3%82%B9+%E3%82%B3%E3%82%B9%E3%83%A1%E5%8F%8E%E7%B4%8D+%E5%8C%96%E7%B2%A7%E5%93%81+%E5%8F%8E%E7%B4%8D+%E3%82%B9%E3%82%AD%E3%83%B3%E3%82%B1%E3%82%A2%E8%A3%BD%E5%93%81%E3%80%81%E5%8F%A3%E7%B4%85%E3%80%81%E5%8C%96%E7%B2%A7%E5%93%81%E7%94%A8%E3%81%AE%E6%9C%A8%E8%A3%BD%E3%83%87%E3%82%B9%E3%82%AF%E3%83%88%E3%83%83%E3%83%97%E5%8F%8E%E7%B4%8D%E5%BC%95%E3%81%8D%E5%87%BA%E3%81%97%E5%BC%8F%E5%8F%8E%E7%B4%8D%E3%83%9C%E3%83%83%E3%82%AF%E3%82%B9+%E3%83%A1%E3%82%A4%E3%82%AF%E5%8F%8E%E7%B4%8D+%E5%A5%B3 HTTP/1.1" 200 39657 "-" "Mozilla/5.0 AppleWebKit/537.36 (KHTML, like Gecko; compatible; bingbot/2.0; +http://www.bing.com/bingbot.htm) Chrome/116.0.1938.76 Safari/537.36"
40.77.167.64 - - [30/Apr/2025:08:57:28 -0400] "GET /?k=629798081100&channel=9af0de&from=pin.php%3Fid%3D80811-5746%26name%3D%E6%97%A5%E6%9C%AC%E6%AD%A6%E9%81%93%E5%8D%94%E8%AD%B0%E4%BC%9A%E8%A8%AD%E7%AB%8B40%E5%91%A8%E5%B9%B4%E8%A8%98%E5%BF%B5%E7%89%88.%E4%B8%AD%E5%AD%A6%E6%A0%A1%E6%AD%A6%E9%81%93%E5%BF%85%E4%BF%AE%E5%8C%96%E6%8C%87%E5%B0%8E%E6%9B%B810%E5%86%8A%26%E6%98%A0%E5%83%8F%E9%9B%86DVD3%E5%B7%BB HTTP/1.1" 200 41638 "-" "Mozilla/5.0 AppleWebKit/537.36 (KHTML, like Gecko; compatible; bingbot/2.0; +http://www.bing.com/bingbot.htm) Chrome/116.0.1938.76 Safari/537.36"
66.249.72.105 - - [30/Apr/2025:08:57:38 -0400] "GET /?k=24803130745401&channel=ee0cd8&from=news.php%3Fid%3D1307454-5733%26name%3DJEDirect+iPhone6s%2FiPhone6+%E3%82%B1%E3%83%BC%E3%82%B9+%284.7%E3%82%A4%E3%83%B3%E3%83%81%E5%B0%82%E7%94%A8%29+%E8%A1%9D%E6%92%83%E5%90%B8%E5%8F%8E+%E3%83%90%E3%83%B3%E3%83%91%E3%83%BC%E3%82%AB%E3%83%90%E3%83%BC+%E5%82%B7%E3%81%A4%E3%81%91%E9%98%B2%E6%AD%A2+%E3%82%AF%E3%83%AA%E3%82%A2%E3%83%90%E3%83%83%E3%82%AF+%28%E3%82%AF%E3%83%AA%E3%82%A2%29 HTTP/1.1" 200 52919 "-" "Mozilla/5.0 (Linux; Android 6.0.1; Nexus 5X Build/MMB29P) AppleWebKit/537.36 (KHTML, like Gecko) Chrome/135.0.7049.95 Mobile Safari/537.36 (compatible; Googlebot/2.1; +http://www.google.com/bot.html)"
66.249.72.103 - - [30/Apr/2025:08:57:47 -0400] "GET /?k=27242157868702&channel=2c78ef&from=brands.php%3Fid%3D1578687-7966%26name%3D%E7%87%83%E6%96%99%E3%83%9D%E3%83%B3%E3%83%97+%E7%87%83%E6%96%99%E3%83%9D%E3%83%B3%E3%83%97%E3%83%95%E3%83%A5%E3%83%BC%E3%82%A8%E3%83%AB%E3%83%9D%E3%83%B3+%E3%82%AA%E3%83%BC%E3%83%88%E3%83%90%E3%82%A4%E7%87%83%E6%96%99%E3%83%9D%E3%83%B3%E3%83%97%E3%83%99%E3%83%8D%E3%83%AA%E7%94%A8+TRK+702+702X+%E3%83%90%E3%82%A4%E3%82%AF%E7%87%83%E6%96%99%E3%83%9D%E3%83%B3%E3%83%97%E7%87%83%E6%96%99%E7%A7%BB%E9%80%81%E3%83%9D%E3%83%B3%E3%83%97 HTTP/1.1" 200 52102 "-" "Mozilla/5.0 (Linux; Android 6.0.1; Nexus 5X Build/MMB29P) AppleWebKit/537.36 (KHTML, like Gecko) Chrome/135.0.7049.95 Mobile Safari/537.36 (compatible; Googlebot/2.1; +http://www.google.com/bot.html)"
40.77.167.156 - - [30/Apr/2025:08:57:52 -0400] "GET /?k=62892171810000&channel=ce82a8&from=category-info.php%3Fid%3D1718100-11438%26name%3DOkiyakusama+%E8%87%AA%E5%8B%95%E8%BB%8A%E3%83%9C%E3%83%87%E3%82%A3%E3%81%AE%E3%81%B8%E3%81%93%E3%81%BF%E4%BF%AE%E7%90%86%E3%83%84%E3%83%BC%E3%83%AB+%E8%87%AA%E5%8B%95%E8%BB%8A%E5%A1%97%E8%A3%85%E4%B8%8D%E8%A6%81%E3%81%AE%E4%BF%AE%E7%90%86%E7%94%A8%E3%83%97%E3%83%BC%E3%83%A9%E3%83%BC+%E9%9B%B9%E3%81%AB%E3%82%88%E3%82%8B%E3%81%B8%E3%81%93%E3%81%BF%E3%81%AE%E9%99%A4%E5%8E%BB+%E8%87%AA%E5%8B%95%E8%BB%8A%E7%94%A8%E3%82%A8%E3%82%AD%E3%82%B9%E3%83%91%E3%83%B3%E3%83%80%E3%83%BC HTTP/1.1" 200 41231 "-" "Mozilla/5.0 AppleWebKit/537.36 (KHTML, like Gecko; compatible; bingbot/2.0; +http://www.bing.com/bingbot.htm) Chrome/116.0.1938.76 Safari/537.36"
40.77.167.156 - - [30/Apr/2025:08:58:02 -0400] "GET /?k=22084103061603&channel=e9739b&from=shared.php%3Fid%3D1030616-10660%26name%3DZoff%E8%BB%BD%E3%81%8F%E3%81%A6%E5%A3%8A%E3%82%8C%E3%81%AB%E3%81%8F%E3%81%84+%E3%83%A1%E3%82%AC%E3%83%8D%E7%9C%BC%E9%8F%A1+%E3%83%9C%E3%82%B9%E3%83%88%E3%83%B3%E5%BC%B7%E5%BA%A6%E8%BF%91%E8%A6%96%E5%BA%A6%E6%95%B0%E5%85%A5%E3%82%8A+%E3%82%B1%E3%83%BC%E3%82%B9%26%E3%82%AF%E3%83%AD%E3%82%B9 HTTP/1.1" 200 39868 "-" "Mozilla/5.0 AppleWebKit/537.36 (KHTML, like Gecko; compatible; bingbot/2.0; +http://www.bing.com/bingbot.htm) Chrome/116.0.1938.76 Safari/537.36"
2a06:98c0:3600::103 - - [30/Apr/2025:08:58:40 -0400] "GET /wp-admin/setup-config.php HTTP/1.1" 200 0 "-" "Mozilla/5.0 (Windows NT 10.0; Win64; x64) AppleWebKit/537.36 (KHTML, like Gecko) Chrome/135.0.0.0 Safari/537.36"
2a06:98c0:3600::103 - - [30/Apr/2025:08:58:41 -0400] "GET /wordpress/wp-admin/setup-config.php HTTP/1.1" 200 0 "-" "Mozilla/5.0 (Windows NT 10.0; Win64; x64) AppleWebKit/537.36 (KHTML, like Gecko) Chrome/135.0.0.0 Safari/537.36"
40.77.167.156 - - [30/Apr/2025:08:59:22 -0400] "GET /?k=6089133513401&channel=23f75d&from=brands.php%3Fid%3D335134-6944%26name%3DLhanel%E3%81%AE%E5%A4%9A%E6%A9%9F%E8%83%BD%E3%83%94%E3%83%A9%E3%83%86%E3%82%A3%E3%82%B9%E3%83%9C%E3%83%BC%E3%83%89%E3%82%BB%E3%83%83%E3%83%88+-+%E3%82%B3%E3%82%A2%E3%83%AF%E3%83%BC%E3%82%AF%E3%82%A2%E3%82%A6%E3%83%88%E3%80%81%E8%85%B9%E7%AD%8B%E3%83%AD%E3%83%BC%E3%83%A9%E3%83%BC%E3%80%81%E8%85%B9%E7%AD%8B%E3%83%88%E3%83%AC%E3%83%BC%E3%83%8A%E3%83%BC%E3%80%81%E5%8A%B9%E6%9E%9C%E7%9A%84%E3%81%AA%E6%8A%98%E3%82%8A%E3%81%9F%E3%81%9F%E3%81%BF%E5%BC%8F%E3%82%A8%E3%82%AF%E3%82%B5%E3%82%B5%E3%82%A4%E3%82%BA%E3%83%9C%E3%83%BC HTTP/1.1" 200 40982 "-" "Mozilla/5.0 AppleWebKit/537.36 (KHTML, like Gecko; compatible; bingbot/2.0; +http://www.bing.com/bingbot.htm) Chrome/116.0.1938.76 Safari/537.36"
66.249.72.105 - - [30/Apr/2025:08:59:37 -0400] "GET /?k=72111162440800&channel=73c67a&from=news.php%3Fid%3D1624408-25177%26name%3D%EF%BC%B3%EF%BC%A1%EF%BC%AE%EF%BC%A4%EF%BC%B6%EF%BC%A9%EF%BC%AB%EF%BC%88%E3%82%B5%E3%83%B3%E3%83%89%E3%83%93%E3%83%83%E3%82%AF%EF%BC%89+%E3%83%90%E3%82%A4%E3%83%88+DSBNL+2525M+12+1%E5%80%8B%E5%85%A5%E3%82%8A HTTP/1.1" 200 51196 "-" "Mozilla/5.0 (Linux; Android 6.0.1; Nexus 5X Build/MMB29P) AppleWebKit/537.36 (KHTML, like Gecko) Chrome/135.0.7049.95 Mobile Safari/537.36 (compatible; Googlebot/2.1; +http://www.google.com/bot.html)"
40.77.167.156 - - [30/Apr/2025:08:59:43 -0400] "GET /?k=2262678606000&channel=b1ed40&from=shop.php%3Fid%3D786060-14700%26name%3DDLAK%28%E3%83%87%E3%82%A3%E3%83%A9%E3%83%83%E3%82%AF%29+%E7%AD%86%E3%82%92%E4%BD%BF%E3%81%A3%E3%81%9F%E7%B5%B5%E7%94%BB%E3%81%A8%E6%9B%B8%E9%81%93+%E3%82%A2%E3%83%BC%E3%83%88%E3%83%84%E3%83%BC%E3%83%AB+%E5%88%9D%E5%BF%83%E8%80%85%E5%90%91%E3%81%91%E6%96%87%E5%85%B7+%E7%B5%B5%E7%AD%86%E3%83%9A%E3%82%A4%E3%83%B3%E3%82%BF%E3%83%BC HTTP/1.1" 200 42306 "-" "Mozilla/5.0 AppleWebKit/537.36 (KHTML, like Gecko; compatible; bingbot/2.0; +http://www.bing.com/bingbot.htm) Chrome/116.0.1938.76 Safari/537.36"
66.249.72.104 - - [30/Apr/2025:09:00:45 -0400] "GET /?k=9298230497700&channel=cccb84&from=blog.php%3Fid%3D304977-5012%26name%3D%E3%83%96%E3%83%AB%E3%83%AD+%E3%82%A2%E3%82%AF%E3%83%AA%E3%83%AB%E3%82%B9%E3%82%BF%E3%83%B3%E3%83%89+TSUTAYA+%E9%99%90%E5%AE%9A+%E9%BB%92%E3%82%B9%E3%83%BC%E3%83%84+%E5%8D%83%E5%88%87+%E8%B1%B9%E9%A6%AC+R HTTP/1.1" 200 51742 "-" "Mozilla/5.0 (Linux; Android 6.0.1; Nexus 5X Build/MMB29P) AppleWebKit/537.36 (KHTML, like Gecko) Chrome/135.0.7049.95 Mobile Safari/537.36 (compatible; Googlebot/2.1; +http://www.google.com/bot.html)"
66.249.72.104 - - [30/Apr/2025:09:00:59 -0400] "GET /?k=9263683044002&channel=b1364c&from=shop.php%3Fid%3D830440-10131%26name%3D%5Bmou+Studio+%E7%A7%81%E3%81%AE%E3%82%B9%E3%82%BF%E3%82%B8%E3%82%AA%5D+%E3%82%B0%E3%83%AC%E3%83%BC+%E5%8E%9A%E6%89%8B+%E3%83%AC%E3%83%87%E3%82%A3%E3%83%BC%E3%82%B9+%E3%83%90%E3%82%B9%E3%83%AD%E3%83%BC%E3%83%96+%E3%83%95%E3%83%BC%E3%83%89%E4%BB%98%E3%81%8D+%E6%9A%96%E3%81%8B%E3%81%84+%E9%95%B7%E8%A2%96+%E3%83%9D%E3%82%B1%E3%83%83%E3%83%88%E4%BB%98%E3%81%8D+%E3%83%95%E3%83%A9%E3%83%B3%E3%82%B8%E3%83%95%E3%82%A7%E3%82%A4 HTTP/1.1" 200 53592 "-" "Mozilla/5.0 (Linux; Android 6.0.1; Nexus 5X Build/MMB29P) AppleWebKit/537.36 (KHTML, like Gecko) Chrome/135.0.7049.95 Mobile Safari/537.36 (compatible; Googlebot/2.1; +http://www.google.com/bot.html)"
2a06:98c0:3600::103 - - [30/Apr/2025:09:01:36 -0400] "GET /wordpress/wp-admin/setup-config.php HTTP/1.1" 200 0 "-" "Mozilla/5.0 (Windows NT 10.0; Win64; x64) AppleWebKit/537.36 (KHTML, like Gecko) Chrome/135.0.0.0 Safari/537.36"
66.249.72.103 - - [30/Apr/2025:09:01:53 -0400] "GET /?k=38541134694200&channel=2cdd3b&from=product.php%3Fid%3D1346942-195%26name%3D%E3%80%90%E5%BF%9C%E5%8B%9F%E8%A4%87%E6%95%B0%E3%81%AE%E7%82%BA%E3%80%813%2F23%E3%81%BE%E3%81%A7%E3%80%91Lenovo%E3%80%80thinkpad+x280 HTTP/1.1" 200 52082 "-" "Mozilla/5.0 (Linux; Android 6.0.1; Nexus 5X Build/MMB29P) AppleWebKit/537.36 (KHTML, like Gecko) Chrome/135.0.7049.95 Mobile Safari/537.36 (compatible; Googlebot/2.1; +http://www.google.com/bot.html)"
66.249.72.105 - - [30/Apr/2025:09:03:20 -0400] "GET /?k=6017827331502&channel=a04755&from=shared.php%3Fid%3D273315-5543%26name%3Dshiwh%5B%E3%82%B7%E3%82%A6%E3%81%A7%E3%81%99%29+%E3%83%A1%E3%83%AB%E3%82%BB%E3%83%87%E3%82%B9+E+%E3%82%AF%E3%83%A9%E3%82%B9+W213+E200+E300+2016-2021+ABS+%E3%82%AB%E3%83%BC%E3%83%9C%E3%83%B3%E3%83%95%E3%82%A1%E3%82%A4%E3%83%90%E3%83%BC%E3%83%86%E3%82%AF%E3%82%B9%E3%83%81 HTTP/1.1" 200 0 "-" "Mozilla/5.0 (Linux; Android 6.0.1; Nexus 5X Build/MMB29P) AppleWebKit/537.36 (KHTML, like Gecko) Chrome/135.0.7049.95 Mobile Safari/537.36 (compatible; GoogleOther)"
52.167.144.167 - - [30/Apr/2025:09:03:29 -0400] "GET /?k=711785297701&channel=2a3406&from=pin.php%3Fid%3D52977-4909%26name%3DPry+Bars++%E3%83%9F%E3%83%8B%E3%83%9D%E3%82%B1%E3%83%83%E3%83%88%E3%82%AF%E3%83%A9%E3%83%B3%E3%82%AF+%E3%82%AF%E3%83%AD%E3%83%BC%E3%83%90%E3%83%BC+%E3%82%AD%E3%83%BC%E3%83%81%E3%82%A7%E3%83%BC%E3%83%B3+%E3%82%B5%E3%83%90%E3%82%A4%E3%83%90%E3%83%AB%E3%82%B9%E3%82%AF%E3%83%AC%E3%83%BC%E3%83%91%E3%83%BC+%E3%82%B9%E3%83%86%E3%83%B3%E3%83%AC%E3%82%B9%E3%82%B9%E3%83%81%E3%83%BC%E3%83%AB+%E3%83%9E%E3%82%A4%E3%82%AF%E3%83%AD%E3%83%84%E3%83%BC%E3%83%AB%E3%80%81%E3%82%B9%E3%83%86%E3%83%B3%EF%BC%88%E3%82%B9%E3%83%86%E3%83%B3%E3%83%AC%E3%82%B9%E3%83%9C%E3%83%88%E3%83%AB+%E3%82%B9%E3%83%9D%E3%83%BC%E3%83%84%E3%83%89%E3%83%AA%E3%83%B3%E3%82%AF%E5%AF%BE%E5%BF%9C+AKE-R60%E3%83%BB80+%E9%80%9A%E8%B2%A9%E3%80%90%E3%83%8B%E3%83%83%E3%82%BB%E3%83%B3%E3%80%91%EF%BC%89 HTTP/1.1" 200 42038 "-" "Mozilla/5.0 AppleWebKit/537.36 (KHTML, like Gecko; compatible; bingbot/2.0; +http://www.bing.com/bingbot.htm) Chrome/116.0.1938.76 Safari/537.36"
66.249.72.103 - - [30/Apr/2025:09:03:59 -0400] "GET /?k=2298377393000&channel=b38be2&from=info.php%3Fid%3D773930-12896%26name%3D%E3%82%BD%E3%83%95%E3%82%A1%E3%82%AB%E3%83%90%E3%83%BC+%E3%83%99%E3%83%83%E3%83%89%E3%82%AB%E3%83%90%E3%83%BC+%E5%A4%9A%E7%9B%AE%E7%9A%84%E3%82%AB%E3%83%90%E3%83%BC+230+%2A+250cm+%E3%82%AD%E3%83%AB%E3%83%88+%E3%82%B9%E3%82%BF%E3%82%A4%E3%83%AA%E3%83%83%E3%82%B7%E3%83%A5+%E8%8A%B1%E6%9F%84+%E3%83%99%E3%83%83%E3%83%89%E3%82%AB%E3%83%90%E3%83%BC+%28%E3%82%AB%E3%83%A9%E3%83%BC+42+250 HTTP/1.1" 200 52896 "-" "Mozilla/5.0 (Linux; Android 6.0.1; Nexus 5X Build/MMB29P) AppleWebKit/537.36 (KHTML, like Gecko) Chrome/135.0.7049.95 Mobile Safari/537.36 (compatible; Googlebot/2.1; +http://www.google.com/bot.html)"
66.249.72.103 - - [30/Apr/2025:09:04:25 -0400] "GET /?k=07719152199000&channel=53d90a&from=shop.php%3Fid%3D1521990-9857%26name%3Dadidas+messi16.1+%E3%83%A1%E3%83%83%E3%82%B716.1++%E3%82%B5%E3%82%A4%E3%82%BA25.5 HTTP/1.1" 200 50487 "-" "Mozilla/5.0 (Linux; Android 6.0.1; Nexus 5X Build/MMB29P) AppleWebKit/537.36 (KHTML, like Gecko) Chrome/135.0.7049.95 Mobile Safari/537.36 (compatible; Googlebot/2.1; +http://www.google.com/bot.html)"
40.77.167.156 - - [30/Apr/2025:09:04:55 -0400] "GET /?k=3420412027701&channel=b99df6&from=shop.php%3Fid%3D120277-7226%26name%3D%E2%96%A0CRS%E3%82%AA%E3%82%A4%E3%83%AB%E3%83%95%E3%82%A3%E3%83%AB%E3%82%BF%E3%83%BC%3Cbr%3E%E2%96%A0%E3%83%8F%E3%82%A4%E3%82%A8%E3%83%BC%E3%82%B9KDH%E7%94%A8+TRH%E7%94%A8+GDH%E7%94%A8%3Cbr%3E%E2%96%A0%E3%82%B9%E3%83%86%E3%83%B3%E3%83%AC%E3%82%B9%E3%81%A7%E5%8D%8A%E6%B0%B8%E4%B9%85%E7%9A%84%E3%81%AB%E4%BA%A4%E6%8F%9B%E3%81%AA%E3%81%97%E3%81%A7%E4%BD%BF%E7%94%A8%E5%8F%AF%E8%83%BD%3Cbr%3E%E2%96%A0K%26P%C3%97CRS%E3%82%B3%E3%83%A9%E3%83%9C%3Cbr%3E%E2%96%A0%E3%83%87%E3%82%A3%E3%83%BC%E3%82%BC%E3%83%AB%E7%94%A8+%E3%82%AC%E3%82%BD%E3%83%AA%E3%83%B3%E7%94%A8+%E7%87%83%E8%B2%BB%E3%83%BB%E3%83%91%E3%83%AF%E3%83%BC%E3%83%BB%E3%83%88%E3%83%AB%E3%82%AF%E3%82%92%E5%90%91%E4%B8%8A HTTP/1.1" 200 40221 "-" "Mozilla/5.0 AppleWebKit/537.36 (KHTML, like Gecko; compatible; bingbot/2.0; +http://www.bing.com/bingbot.htm) Chrome/116.0.1938.76 Safari/537.36"
40.77.167.156 - - [30/Apr/2025:09:04:55 -0400] "GET /?k=45587180576705&channel=2cfb10&from=category-info.php%3Fid%3D1805767-5970%26name%3D%E3%83%87%E3%82%B8%E3%82%BF%E3%83%AB%E3%83%88%E3%83%AB%E3%82%AF%E3%83%AC%E3%83%B3%E3%83%81+%E3%83%87%E3%82%B8%E3%82%BF%E3%83%AB%E3%83%88%E3%83%AB%E3%82%AF%E3%82%A2%E3%83%80%E3%83%97%E3%82%BF%E3%83%BC%E3%80%81%E3%83%87%E3%82%B8%E3%82%BF%E3%83%AB%E3%83%88%E3%83%AB%E3%82%AF%E3%83%AC%E3%83%B3%E3%83%81%E3%82%A2%E3%83%80%E3%83%97%E3%82%BF%E3%83%BC%E9%AB%98%E7%B2%BE%E5%BA%A6%E8%87%AA%E8%BB%A2%E8%BB%8A%E4%BF%AE%E7%90%86%E3%82%B9%E3%83%91%E3%83%8A%E3%82%BB%E3%83%B3%E3%82%B5%E3%83%BCLED%E3%83%87%E3%82%A3%E3%82%B9%E3%83%97%E3%83%AC%E3%82%A4%E3%81%A8%E3%83%88%E3%83%AB HTTP/1.1" 200 41313 "-" "Mozilla/5.0 AppleWebKit/537.36 (KHTML, like Gecko; compatible; bingbot/2.0; +http://www.bing.com/bingbot.htm) Chrome/116.0.1938.76 Safari/537.36"
66.249.72.103 - - [30/Apr/2025:09:04:56 -0400] "GET /?k=0967345075504&channel=5e5b55&from=blog.php%3Fid%3D450755-13306%26name%3DValve+group+Replace%23+A0993200258+0993200258+AUTO-MOHITO+1pack HTTP/1.1" 200 51044 "-" "Mozilla/5.0 (Linux; Android 6.0.1; Nexus 5X Build/MMB29P) AppleWebKit/537.36 (KHTML, like Gecko) Chrome/135.0.7049.95 Mobile Safari/537.36 (compatible; Googlebot/2.1; +http://www.google.com/bot.html)"
52.167.144.167 - - [30/Apr/2025:09:05:49 -0400] "GET /?k=6322886100500&channel=d8b485&from=shop.php%3Fid%3D861005-18469%26name%3D%E3%82%AC%E3%82%B9%E8%AD%A6%E5%A0%B1%E5%99%A8+%E7%AA%92%E7%B4%A0%E6%BF%83%E5%BA%A6%E3%83%AA%E3%83%BC%E3%82%AF%E6%A4%9C%E5%87%BA%E5%99%A8%E3%83%9D%E3%83%BC%E3%82%BF%E3%83%96%E3%83%AB%E3%82%AC%E3%82%B9%E6%BF%83%E5%BA%A6%E3%82%A2%E3%83%A9%E3%83%BC%E3%83%A0N2%E6%8B%A1%E6%95%A3+LCD%E9%AB%98%E7%B2%BE%E5%BA%A6%E3%82%92%E8%A1%A8%E7%A4%BA%E3%81%97%E3%81%BE%E3%81%99+%E7%94%A3%E6%A5%AD%E3%82%B0%E3%83%AC%E3%83%BC%E3%83%89%E3%81%AE%E3%82%BB%E3%83%B3%E3%82%B5%E3%83%BC HTTP/1.1" 200 41817 "-" "Mozilla/5.0 AppleWebKit/537.36 (KHTML, like Gecko; compatible; bingbot/2.0; +http://www.bing.com/bingbot.htm) Chrome/116.0.1938.76 Safari/537.36"
52.167.144.167 - - [30/Apr/2025:09:05:50 -0400] "GET /?k=89737190328901&channel=a0e5c5&from=product.php%3Fid%3D1903289-6717%26name%3D3M+%E3%83%95%E3%82%A3%E3%83%AB%E3%82%BF%E3%83%AC%E3%83%83%E3%83%88+%E7%A9%BA%E6%B0%97%E6%B8%85%E6%B5%84%E3%83%95%E3%82%A3%E3%83%AB%E3%82%BF%E3%83%BC+%5B%E3%82%A8%E3%82%A2%E3%82%B3%E3%83%B3%E7%94%A8%5D+%E3%83%97%E3%83%AC%E3%83%9F%E3%82%A2%E3%83%A0%E3%82%B0%E3%83%AC%E3%83%BC%E3%83%89 HTTP/1.1" 200 40216 "-" "Mozilla/5.0 AppleWebKit/537.36 (KHTML, like Gecko; compatible; bingbot/2.0; +http://www.bing.com/bingbot.htm) Chrome/116.0.1938.76 Safari/537.36"
66.249.72.105 - - [30/Apr/2025:09:05:56 -0400] "GET /?k=10445176523101&channel=0b6c16&from=info.php%3Fid%3D1765231-23697%26name%3D%E3%83%95%E3%82%A9%E3%83%BC%E3%83%9E%E3%83%AB%E3%83%8D%E3%82%A4%E3%83%93%E3%83%BC+%E3%83%AF%E3%83%B3%E3%83%94%E3%83%BC%E3%82%B9+130cm HTTP/1.1" 200 53919 "-" "Mozilla/5.0 (Linux; Android 6.0.1; Nexus 5X Build/MMB29P) AppleWebKit/537.36 (KHTML, like Gecko) Chrome/135.0.7049.95 Mobile Safari/537.36 (compatible; Googlebot/2.1; +http://www.google.com/bot.html)"
40.77.167.46 - - [30/Apr/2025:09:06:18 -0400] "GET /?k=0788895588001&channel=8b8b29&from=jp.php%3Fid%3D955880-14684%26name%3DJlin+4%E5%80%8B%E3%80%81KP08%E3%83%94%E3%83%AD%E3%83%BC%E3%83%96%E3%83%AD%E3%83%83%E3%82%AF%E3%81%AE%E5%8F%96%E3%82%8A%E4%BB%98%E3%81%91%E3%83%9C%E3%83%BC%E3%83%AB%E3%83%99%E3%82%A2%E3%83%AA%E3%83%B3%E3%82%B0%EF%BC%88%E7%9B%B4%E5%BE%848mm%E3%81%AE%E3%83%9C%E3%82%A2%EF%BC%89%E4%BA%9C%E9%89%9B%E5%90%88%E9%87%91%E8%A3%BD%E3%83%94%E3%83%AD%E3%83%BC%E3%83%96%E3%83%AD%E3%83%83%E3%82%AF%E3%81%AE%E3%83%99%E3%82%A2%E3%83%AA%E3%83%B3%E3%82%B0 HTTP/1.1" 200 40144 "-" "Mozilla/5.0 AppleWebKit/537.36 (KHTML, like Gecko; compatible; bingbot/2.0; +http://www.bing.com/bingbot.htm) Chrome/116.0.1938.76 Safari/537.36"
40.77.167.46 - - [30/Apr/2025:09:06:28 -0400] "GET /?k=6071225000205&channel=0215ff&from=jp.php%3Fid%3D250002-10861%26name%3DYouluck%E3%83%87%E3%83%83%E3%83%89%E3%83%AA%E3%83%95%E3%83%88%E3%83%90%E3%83%83%E3%83%95%E3%82%A1%E3%83%BC%E3%82%B9%E3%82%BF%E3%83%B3%E3%83%89%E3%80%81%E5%AE%89%E5%85%A8%E3%82%B9%E3%82%BF%E3%83%B3%E3%83%89%E3%80%81%E8%AA%BF%E6%95%B4%E5%8F%AF%E8%83%BD%E3%81%AA%E9%AB%98%E3%81%95%E3%80%811763%E3%83%9D%E3%83%B3%E3%83%89%E3%81%AE%E5%AE%B9%E9%87%8F%E3%80%81%E7%AD%8B%E5%8A%9B%E3%83%88%E3%83%AC%E3%83%BC%E3%83%8B%E3%83%B3%E3%82%B0%E3%82%A2%E3%82%AF%E3%82%BB%E3%82%B5%E3%83%AA%E3%83%BC%E3%80%81%E3%82%B9%E3%82%AF HTTP/1.1" 200 41705 "-" "Mozilla/5.0 AppleWebKit/537.36 (KHTML, like Gecko; compatible; bingbot/2.0; +http://www.bing.com/bingbot.htm) Chrome/116.0.1938.76 Safari/537.36"
52.167.144.167 - - [30/Apr/2025:09:06:39 -0400] "GET /?k=2205584810504&channel=e41dcd&from=shop.php%3Fid%3D848105-14627%26name%3D%E6%9F%94%E3%82%89%E3%81%8B%E3%81%8F%E3%81%A6%E5%AE%89%E5%85%A8%E3%81%AA%E4%BA%BA%E5%B7%A5%E3%82%A6%E3%82%B5%E3%82%AE%E3%81%AE%E3%81%8A%E3%82%82%E3%81%A1%E3%82%83%E6%84%9F%E8%A6%9A%E6%88%90%E9%95%B7%E3%82%92%E4%BF%83%E9%80%B2%E3%81%99%E3%82%8B%E5%B9%BC%E5%85%90%E3%82%84%E7%89%B9%E5%88%A5%E3%81%AA%E3%83%8B%E3%83%BC%E3%82%BA%E3%81%AE%E5%AD%90%E4%BE%9B%E3%81%AE%E3%81%9F%E3%82%81%E3%81%AB%E3%83%9A%E3%83%83%E3%83%88%E3%81%AE%E3%82%A6%E3%82%B5%E3%82%AE%E4%BA%BA%E5%BD%A2%E3%82%92%E4%B8%8A%E3%81%92%E3%82%8B HTTP/1.1" 200 39397 "-" "Mozilla/5.0 AppleWebKit/537.36 (KHTML, like Gecko; compatible; bingbot/2.0; +http://www.bing.com/bingbot.htm) Chrome/116.0.1938.76 Safari/537.36"
