52.167.144.193 - - [30/Apr/2025:15:44:37 -0400] "GET /?k=8951134361905&channel=b3d7fa&from=brands.php%3Fid%3D343619-5401%26name%3D%E3%82%B4%E3%83%BC%E3%83%AB%E3%83%89%E3%82%AD%E3%83%A3%E3%83%B3%E3%83%89%E3%83%AB%E3%82%AF%E3%83%AA%E3%82%B9%E3%82%BF%E3%83%AB%E3%82%B7%E3%83%A3%E3%83%B3%E3%83%87%E3%83%AA%E3%82%A2%E3%83%A8%E3%83%BC%E3%83%AD%E3%83%94%E3%82%A2%E3%83%B3%E3%83%AC%E3%82%B9%E3%83%88%E3%83%A9%E3%83%B3%E5%AF%9D%E5%AE%A4%E3%83%AA%E3%83%93%E3%83%B3%E3%82%B0%E3%83%AB%E3%83%BC%E3%83%A0%E5%A4%A9%E4%BA%95%E3%83%A9%E3%82%A4%E3%83%88%E3%82%AF%E3%83%AA%E3%82%B9%E3%82%BF%E3%83%AB%E3%82%B7%E3%83%A3%E3%83%B3%E3%83%87%E3%83%AA%E3%82%A2%E3%80%81%E3%82%B7%E3%83%A3%E3%83%B3%E3%83%87%E3%83%AA%E3%82%A2 HTTP/1.1" 200 40289 "-" "Mozilla/5.0 AppleWebKit/537.36 (KHTML, like Gecko; compatible; bingbot/2.0; +http://www.bing.com/bingbot.htm) Chrome/116.0.1938.76 Safari/537.36"
52.167.144.193 - - [30/Apr/2025:15:44:38 -0400] "GET /?k=2378844901602&channel=b7a630&from=article.php%3Fid%3D449016-10816%26name%3D%E4%B8%8B%E6%B0%B4%E9%81%93%E3%82%AB%E3%83%A1%E3%83%A9%E3%80%816.5mm%E3%83%91%E3%82%A4%E3%83%97%E5%86%85%E8%A6%96%E9%8F%A1%E8%80%90%E4%B9%85%E6%80%A7%E6%9D%90%E6%96%99%E3%83%9C%E3%82%A2%E3%82%B9%E3%82%B3%E3%83%BC%E3%83%97%E6%A4%9C%E6%9F%BB%E3%82%AB%E3%83%A1%E3%83%A9%E6%A4%9C%E6%9F%BB%E6%A9%9F%E8%83%BD%E7%B1%B3%E5%9B%BD%E3%81%AE%E8%A6%8F%E5%88%B6-30M HTTP/1.1" 200 40060 "-" "Mozilla/5.0 AppleWebKit/537.36 (KHTML, like Gecko; compatible; bingbot/2.0; +http://www.bing.com/bingbot.htm) Chrome/116.0.1938.76 Safari/537.36"
52.167.144.163 - - [30/Apr/2025:15:45:27 -0400] "GET /?k=50196103293804&channel=baf5a3&from=info.php%3Fid%3D1032938-9747%26name%3D%5BRssdaaacz%5D+%E3%82%BF%E3%82%AD%E3%82%B7%E3%83%BC%E3%83%89%E7%94%B7%E6%80%A7%E3%82%AE%E3%83%95%E3%83%88%E7%94%A8%E3%83%A1%E3%83%B3%E3%82%BA%E3%82%BD%E3%83%AA%E3%83%83%E3%83%89%E3%83%9B%E3%83%AF%E3%82%A4%E3%83%88%E3%82%B9%E3%83%BC%E3%83%84%E3%83%99%E3%82%B9%E3%83%88%E3%82%B7%E3%83%AB%E3%82%AF%E3%83%81%E3%83%A7%E3%83%83%E3%82%AD%E3%83%95%E3%82%A9%E3%83%BC%E3%83%9E%E3%83%AB%E3%83%9A%E3%82%A4%E3%82%BA%E3%83%AA%E3%83%BC%E3%83%8D%E3%82%AF%E3%82%BF%E3%82%A4%E3%82%AB%E3%83%95%E3%82%B9%E3%83%9D%E3%82%B1 HTTP/1.1" 200 40836 "-" "Mozilla/5.0 AppleWebKit/537.36 (KHTML, like Gecko; compatible; bingbot/2.0; +http://www.bing.com/bingbot.htm) Chrome/116.0.1938.76 Safari/537.36"
20.15.133.175 - - [30/Apr/2025:15:45:48 -0400] "GET /?k=02209153258005&channel=d06ddf&from=shop.php%3Fid%3D1532580-2524%26name%3Dsunuo110%E6%A7%98%E5%B0%88%E7%94%A8 HTTP/1.1" 200 38694 "-" "Mozilla/5.0 AppleWebKit/537.36 (KHTML, like Gecko; compatible; bingbot/2.0; +http://www.bing.com/bingbot.htm) Chrome/116.0.1938.76 Safari/537.36"
40.77.167.64 - - [30/Apr/2025:15:46:04 -0400] "GET /?k=14936112263608&channel=ff635d&from=pin.php%3Fid%3D1122636-18707%26name%3DTVT+%E3%82%AD%E3%83%83%E3%82%AF%E3%83%90%E3%82%A4%E3%82%AF+%E3%82%B9%E3%83%88%E3%83%A9%E3%82%A4%E3%83%80%E3%83%BC+%E5%A4%9A%E6%A9%9F%E8%83%BD%E5%AD%90%E4%BE%9B%E7%94%A8%E8%87%AA%E8%BB%A2%E8%BB%8A+3-in-1+%E3%83%9A%E3%83%80%E3%83%AB%E8%87%AA%E8%BB%A2%E8%BB%8A+%E3%83%9A%E3%83%80%E3%83%AB%E3%81%AA%E3%81%97+%E8%87%AA%E8%BB%A2%E8%BB%8A+%E5%8F%96%E3%82%8A%E5%A4%96%E3%81%97%E5%8F%AF%E8%83%BD+%E3%81%8A%E3%81%97%E3%82%83%E3%82%8C+%E8%A3%9C%E5%8A%A9 HTTP/1.1" 200 38618 "-" "Mozilla/5.0 AppleWebKit/537.36 (KHTML, like Gecko; compatible; bingbot/2.0; +http://www.bing.com/bingbot.htm) Chrome/116.0.1938.76 Safari/537.36"
2a06:98c0:3600::103 - - [30/Apr/2025:15:46:13 -0400] "GET /wp-admin/setup-config.php HTTP/1.1" 200 0 "-" "Mozilla/5.0 (Windows NT 10.0; Win64; x64) AppleWebKit/537.36 (KHTML, like Gecko) Chrome/135.0.0.0 Safari/537.36"
40.77.167.159 - - [30/Apr/2025:15:46:16 -0400] "GET /?k=13836166595101&channel=8877b3&from=shop.php%3Fid%3D1665951-4148%26name%3D5%E3%82%AC%E3%83%AD%E3%83%B3%2F20L%E8%87%AA%E5%8B%95%E3%83%AA%E3%83%95%E3%83%88%E3%83%9A%E3%82%A4%E3%83%B3%E3%83%88%E3%82%B9%E3%82%BF%E3%83%BC%E3%83%A9%E3%83%BC%E3%80%81%E7%A9%BA%E6%B0%97%E5%9C%A7%E3%83%9F%E3%82%AD%E3%82%B5%E3%83%BC%E3%80%81%E3%83%87%E3%82%B9%E3%82%AF%E3%83%88%E3%83%83%E3%83%97%E5%9E%82%E7%9B%B4%E7%A9%BA%E6%B0%97%E6%92%B9%E6%8B%8C%E6%A9%9F%E3%80%81%E9%A3%BC%E6%96%99%E3%80%81%E7%9F%B3%E8%86%8F%E3%80%81%E5%A1%97%E6%96%99%E3%80%81%E3%82%BB%E3%83%A1%E3%83%B3%E3%83%88%E3%80%81%E3%83%A2%E3%83%AB%E3%82%BF%E3%83%AB%E3%81%AA%E3%81%A9%E3%82%92 HTTP/1.1" 200 41083 "-" "Mozilla/5.0 AppleWebKit/537.36 (KHTML, like Gecko; compatible; bingbot/2.0; +http://www.bing.com/bingbot.htm) Chrome/116.0.1938.76 Safari/537.36"
20.15.133.175 - - [30/Apr/2025:15:46:39 -0400] "GET /?k=8370351625404&channel=722879&from=shop.php%3Fid%3D516254-13931%26name%3DF96%E3%80%90%E7%88%86%E9%80%9F%E3%81%A7%E5%BF%AB%E9%81%A9SSD%E3%80%91%E7%AC%AC6%E4%B8%96%E4%BB%A3NEC%E3%81%AE%E3%83%8E%E3%83%BC%E3%83%88%E3%83%91%E3%82%BD%E3%82%B3%E3%83%B3+Windows11 HTTP/1.1" 200 39464 "-" "Mozilla/5.0 AppleWebKit/537.36 (KHTML, like Gecko; compatible; bingbot/2.0; +http://www.bing.com/bingbot.htm) Chrome/116.0.1938.76 Safari/537.36"
52.167.144.163 - - [30/Apr/2025:15:46:47 -0400] "GET /?k=27123145476301&channel=0146a5&from=product.php%3Fid%3D1454763-24348%26name%3D%E3%80%90%E6%BF%80%E5%AE%89%EF%BC%81%E3%80%91%E5%B0%BE%E4%B8%8A%E8%A3%BD%E4%BD%9C%E6%89%80%28ONOE%29+%E6%8A%98%E3%82%8A%E7%95%B3%E3%81%BF%E5%BC%8F+%E3%83%95%E3%82%A9%E3%83%BC%E3%83%AB%E3%83%87%E3%82%A3%E3%83%B3%E3%82%B0%E3%83%A9%E3%83%83%E3%82%AF+FR-3035+%E3%82%A2%E3%82%A6%E3%83%88%E3%83%89%E3%82%A2%E7%94%A8%E5%93%81%E3%82%92%E3%81%99%E3%81%A3%E3%81%8D%E3%82%8A%E6%95%B4%E9%A0%93+%E4%B8%88%E5%A4%AB%E3%81%A7%E7%86%B1%E3%81%AB%E5%BC%B7%E3%81%84+%E3%83%90%E3%83%BC%E3%83%99%E3%82%AD%E3%83%A5%E3%83%BC%E3%82%84%E3%82%A2%E3%82%A6%E3%83%88%E3%83%89%E3%82%A2%E3%81%AA%E3%81%A9%E3%81%AE%E3%82%B7%E3%83%BC%E3%83%B3%E3%81%A7%E4%BD%BF%E7%94%A8%E5%8F%AF%E8%83%BD+%E6%8A%98%E3%82%8A%E7%95%B3%E3%81%BF%E5%BC%8F%E3%81%A7%E3%82%B3%E3%83%B3%E3%83%91%E3%82%AF%E3%83%88%E3%81%AB%E5%8F%8E%E7%B4%8D+%E7%B0%A1%E5%8D%98%E7%B5%84%E7%AB%8B%E3%81%A6+%E5%85%89%E6%B2%A2%E4%BB%95%E4%B8%8A%E3%81%92+%E3%83%A9%E3%83%B3%E3%82%BF%E3%83%B3+%E3%83%86%E3%83%BC%E3%83%96%E3%83%AB%E3%82%A2%E3%82%AF%E3%82%BB%E3%82%B5 HTTP/1.1" 200 42367 "-" "Mozilla/5.0 AppleWebKit/537.36 (KHTML, like Gecko; compatible; bingbot/2.0; +http://www.bing.com/bingbot.htm) Chrome/116.0.1938.76 Safari/537.36"
52.167.144.163 - - [30/Apr/2025:15:46:48 -0400] "GET /?k=1091875028201&channel=3e9910&from=info.php%3Fid%3D750282-3320%26name%3D%E7%A0%94%E7%A3%A8%E6%A9%9F+1%2F2%2F3+%E3%82%A4%E3%83%B3%E3%83%81%E3%83%A9%E3%83%B3%E3%83%80%E3%83%A0%E8%BB%8C%E9%81%93%E3%82%A8%E3%82%A2%E3%82%B5%E3%83%B3%E3%83%80%E3%83%BC%E3%83%9F%E3%83%8B%E7%A9%BA%E6%B0%97%E5%9C%A7%E7%A0%94%E5%89%8A%E7%9B%A4%E8%BB%8A%E7%A0%94%E7%A3%A8%E7%94%A8%E9%AB%98%E9%80%9F%E7%A9%BA%E6%B0%97%E5%8B%95%E5%8A%9B%E3%82%B5%E3%83%B3%E3%83%87%E3%82%A3%E3%83%B3%E3%82%B0%E3%83%9D%E3%83%AA%E3%83%83%E3%82%B7%E3%83%A3%E3%83%BC+%E3%83%90%E3%83%AA%E5%8F%96%E3%82%8A%E7%A0%94%E7%A3%A8%E3%83%84%E3%83%BC%E3%83%AB HTTP/1.1" 200 40446 "-" "Mozilla/5.0 AppleWebKit/537.36 (KHTML, like Gecko; compatible; bingbot/2.0; +http://www.bing.com/bingbot.htm) Chrome/116.0.1938.76 Safari/537.36"
20.15.133.164 - - [30/Apr/2025:15:47:15 -0400] "GET /robots.txt HTTP/1.1" 200 66 "-" "Mozilla/5.0 AppleWebKit/537.36 (KHTML, like Gecko; compatible; bingbot/2.0; +http://www.bing.com/bingbot.htm) Chrome/116.0.1938.76 Safari/537.36"
40.77.167.159 - - [30/Apr/2025:15:47:16 -0400] "GET /?k=2378844901603&channel=b7a630&from=product.php%3Fid%3D449016-10816%26name%3D%E4%B8%8B%E6%B0%B4%E9%81%93%E3%82%AB%E3%83%A1%E3%83%A9%E3%80%816.5mm%E3%83%91%E3%82%A4%E3%83%97%E5%86%85%E8%A6%96%E9%8F%A1%E8%80%90%E4%B9%85%E6%80%A7%E6%9D%90%E6%96%99%E3%83%9C%E3%82%A2%E3%82%B9%E3%82%B3%E3%83%BC%E3%83%97%E6%A4%9C%E6%9F%BB%E3%82%AB%E3%83%A1%E3%83%A9%E6%A4%9C%E6%9F%BB%E6%A9%9F%E8%83%BD%E7%B1%B3%E5%9B%BD%E3%81%AE%E8%A6%8F%E5%88%B6-30M+%EF%BC%88%E5%85%88%E7%AB%AF%E5%8F%AF%E5%8B%95%E5%9E%8B%E9%85%8D%E7%AE%A1%E6%A4%9C%E6%9F%BB%E3%82%AB%E3%83%A1%E3%83%A9+VIS350PLUS%E3%81%AE%E6%AD%A3%E8%A6%8F%E4%BB%A3%E7%90%86%E5%BA%97%EF%BD%9C%E6%A0%AA%E5%BC%8F%E4%BC%9A%E7%A4%BE%E4%BD%90%E8%97%A4%E5%95%86%E4%BA%8B%EF%BC%89 HTTP/1.1" 200 40028 "-" "Mozilla/5.0 AppleWebKit/537.36 (KHTML, like Gecko; compatible; bingbot/2.0; +http://www.bing.com/bingbot.htm) Chrome/116.0.1938.76 Safari/537.36"
20.15.133.175 - - [30/Apr/2025:15:47:19 -0400] "GET /?k=69601123009607&channel=6a857b&from=jp.php%3Fid%3D1230096-9473%26name%3DQuxxuol%E3%82%B5%E3%82%A4%E3%83%89%E3%83%86%E3%83%BC%E3%83%96%E3%83%AB%E3%80%81%E3%83%A9%E3%82%A6%E3%83%B3%E3%83%89%E3%82%B3%E3%83%BC%E3%83%92%E3%83%BC%E3%83%86%E3%83%BC%E3%83%96%E3%83%AB%E3%80%81%E3%82%BD%E3%83%95%E3%82%A1%E3%82%B5%E3%82%A4%E3%83%89%E3%83%86%E3%83%BC%E3%83%96%E3%83%AB%E3%80%81%E3%83%A9%E3%82%A6%E3%83%B3%E3%83%89%E3%83%86%E3%83%BC%E3%83%96%E3%83%AB%E3%80%81%E3%83%80%E3%82%A4%E3%83%8B%E3%83%B3%E3%82%B0%E3%82%B5%E3%82%A4%E3%83%89%E3%83%86%E3%83%BC%E3%83%96%E3%83%AB%E3%80%81%E3%82%B3%E3%83%BC%E3%83%92%E3%83%BC%E3%83%86 HTTP/1.1" 200 40924 "-" "Mozilla/5.0 AppleWebKit/537.36 (KHTML, like Gecko; compatible; bingbot/2.0; +http://www.bing.com/bingbot.htm) Chrome/116.0.1938.76 Safari/537.36"
2a06:98c0:3600::103 - - [30/Apr/2025:15:47:33 -0400] "GET /wordpress/wp-admin/setup-config.php HTTP/1.1" 200 0 "-" "Mozilla/5.0 (Windows NT 10.0; Win64; x64) AppleWebKit/537.36 (KHTML, like Gecko) Chrome/135.0.0.0 Safari/537.36"
20.15.133.175 - - [30/Apr/2025:15:49:09 -0400] "GET /?k=9031499566601&channel=a6858a&from=blog.php%3Fid%3D995666-2229%26name%3D65%E3%82%A4%E3%83%B3%E3%83%81+20%E3%82%BF%E3%83%83%E3%83%81%E3%83%9D%E3%82%A4%E3%83%B3%E3%83%88+%E8%B5%A4%E5%A4%96%E7%B7%9A%E3%82%BF%E3%83%83%E3%83%81%E3%83%91%E3%83%8D%E3%83%AB+%E3%82%BF%E3%83%83%E3%83%81%E3%83%95%E3%83%AC%E3%83%BC%E3%83%A0+%E3%82%AE%E3%83%A3%E3%83%AB%E3%81%AA%E3%81%97+%E3%83%97%E3%83%A9%E3%82%B0%E3%82%A2%E3%83%B3%E3%83%89%E3%83%97%E3%83%AC%E3%82%A4 HTTP/1.1" 200 39980 "-" "Mozilla/5.0 AppleWebKit/537.36 (KHTML, like Gecko; compatible; bingbot/2.0; +http://www.bing.com/bingbot.htm) Chrome/116.0.1938.76 Safari/537.36"
20.15.133.175 - - [30/Apr/2025:15:49:10 -0400] "GET /?k=6901282945603&channel=ce8a38&from=category-info.php%3Fid%3D829456-17882%26name%3D%E3%82%AB%E3%83%BC%E3%82%B7%E3%83%BC%E3%83%88%E3%82%AA%E3%83%BC%E3%82%AC%E3%83%8A%E3%82%A4%E3%82%B6%E3%83%BC%E3%80%81%E5%BE%8C%E9%83%A8%E5%BA%A7%E5%B8%AD%E3%82%B9%E3%83%88%E3%83%AC%E3%83%BC%E3%82%B8%E3%82%AA%E3%83%BC%E3%82%AC%E3%83%8A%E3%82%A4%E3%82%B6%E3%83%BC%2C+%E6%8A%98%E3%82%8A%E3%81%9F%E3%81%9F%E3%81%BF%E5%8F%AF%E8%83%BD%E3%81%AA%E8%BB%8A%E3%81%AE%E5%BE%8C%E9%83%A8%E5%BA%A7%E5%B8%AD%E3%83%88%E3%83%AC%E3%82%A4%E3%83%86%E3%83%BC%E3%83%96%E3%83%AB%E3%82%B9%E3%83%88%E3%83%AC%E3%83%BC%E3%82%B8%E3%83%90%E3%83%83%E3%82%B0%2C+%E8%BB%8A%E3%81%AE%E3%82%A4%E3%83%B3 HTTP/1.1" 200 42075 "-" "Mozilla/5.0 AppleWebKit/537.36 (KHTML, like Gecko; compatible; bingbot/2.0; +http://www.bing.com/bingbot.htm) Chrome/116.0.1938.76 Safari/537.36"
20.15.133.175 - - [30/Apr/2025:15:49:14 -0400] "GET /?k=9209181480901&channel=4629aa&from=form.php%3Fid%3D814809-10888%26name%3DPhysical+life+%E3%83%89%E3%83%83%E3%82%B0%E3%83%95%E3%83%BC%E3%83%89+40g+%E3%82%B5%E3%83%B3%E3%83%97%E3%83%AB HTTP/1.1" 200 40449 "-" "Mozilla/5.0 AppleWebKit/537.36 (KHTML, like Gecko; compatible; bingbot/2.0; +http://www.bing.com/bingbot.htm) Chrome/116.0.1938.76 Safari/537.36"
40.77.167.159 - - [30/Apr/2025:15:49:27 -0400] "GET /?k=8167686467805&channel=baddd8&from=info.php%3Fid%3D864678-10774%26name%3D%E5%8C%BB%E5%AD%A6%E6%95%99%E8%82%B2%E3%81%AE%E3%81%9F%E3%82%81%E3%81%AB+%E7%AD%89%E8%BA%AB%E5%A4%A7%E3%81%AE%E4%BA%BA%E4%BD%93%E9%AA%A8%E6%A0%BC%E9%A0%AD%E8%93%8B%E9%AA%A8%E8%A7%A3%E5%89%96%E3%83%A2%E3%83%87%E3%83%AB%E5%8C%BB%E5%AD%A6%E7%94%9F%E3%81%AE%E4%BA%BA%E4%BD%93%E8%A7%A3%E5%89%96%E5%AD%A6%E5%AD%A6%E7%BF%92%E3%82%B3%E3%83%BC%E3%82%B9%E7%A7%91%E5%AD%A6%E4%BA%BA%E9%96%93%E3%81%AE%E9%A0%AD%E8%93%8B%E9%AA%A8%E3%83%A2%E3%83%87%E3%83%AB+%E6%8E%88%E6%A5%AD%E7%A0%94%E7%A9%B6 HTTP/1.1" 200 40419 "-" "Mozilla/5.0 AppleWebKit/537.36 (KHTML, like Gecko; compatible; bingbot/2.0; +http://www.bing.com/bingbot.htm) Chrome/116.0.1938.76 Safari/537.36"
52.167.144.163 - - [30/Apr/2025:15:49:31 -0400] "GET /?k=8877172979307&channel=ba297b&from=news.php%3Fid%3D729793-16294%26name%3D5V%E3%80%9C24V+3a+5.5x2.1mm%E5%8F%AF%E5%A4%89%E3%83%95%E3%82%A1%E3%83%B3%E9%80%9F%E5%BA%A6%E3%82%B3%E3%83%B3%E3%83%88%E3%83%AD%E3%83%BC%E3%83%A9%E3%83%BC%E6%8F%9B%E6%B0%97%E3%82%B7%E3%82%B9%E3%83%86%E3%83%A0%E3%81%AE%E3%83%80%E3%82%AF%E3%83%88%E3%83%95%E3%82%A1%E3%83%B3%E3%81%AE%E9%80%9F%E5%BA%A6%E3%82%A2%E3%82%B8%E3%83%A3%E3%82%B9%E3%82%BF%E3%83%BC HTTP/1.1" 200 40264 "-" "Mozilla/5.0 AppleWebKit/537.36 (KHTML, like Gecko; compatible; bingbot/2.0; +http://www.bing.com/bingbot.htm) Chrome/116.0.1938.76 Safari/537.36"
40.77.167.64 - - [30/Apr/2025:15:52:45 -0400] "GET /?k=18105185190700&channel=970d16&from=shared.php%3Fid%3D1851907-4514%26name%3D%E6%BA%B6%E8%9E%8D%E5%9C%A7%E5%8A%9B%E3%82%BB%E3%83%B3%E3%82%B5%E3%83%BC+%E9%AB%98%E6%B8%A9%E6%BA%B6%E8%9E%8D%E5%9C%A7%E5%8A%9B%E3%82%BB%E3%83%B3%E3%82%B5%E3%83%BC%2F%E4%BC%9D%E9%80%81%E5%99%A8+CN1-6-M-B35D-1-4-D+%E6%BA%B6%E8%9E%8D%E5%9C%A7%E5%8A%9B%E5%A4%89%E6%8F%9B%E5%99%A8 HTTP/1.1" 200 41663 "-" "Mozilla/5.0 AppleWebKit/537.36 (KHTML, like Gecko; compatible; bingbot/2.0; +http://www.bing.com/bingbot.htm) Chrome/116.0.1938.76 Safari/537.36"
52.167.144.174 - - [30/Apr/2025:15:52:55 -0400] "GET /?k=0624890423405&channel=36a0a5&from=article.php%3Fid%3D904234-7965%26name%3D%E3%83%9D%E3%83%BC%E3%82%BF%E3%83%96%E3%83%AB%E4%B8%89%E8%84%9A+%E3%82%AB%E3%83%BC%E3%83%9C%E3%83%B3%E3%83%95%E3%82%A1%E3%82%A4%E3%83%90%E3%83%BC%E3%81%AE%E4%B8%89%E8%84%9ASLR%E3%82%AB%E3%83%A1%E3%83%A9%E3%81%AE%E4%B8%89%E8%84%9A%E5%86%99%E7%9C%9F%E8%A3%85%E7%BD%AE%E3%81%AE%E4%B8%89%E8%84%9A+%E3%83%87%E3%82%B8%E3%82%BF%E3%83%AB%E4%B8%80%E7%9C%BC%E3%83%AC%E3%83%95%E3%82%AB%E3%83%A1%E3%83%A9%E7%94%A8+%28%E8%89%B2+%3A+Black%2C+Size HTTP/1.1" 200 41760 "-" "Mozilla/5.0 AppleWebKit/537.36 (KHTML, like Gecko; compatible; bingbot/2.0; +http://www.bing.com/bingbot.htm) Chrome/116.0.1938.76 Safari/537.36"
40.77.167.159 - - [30/Apr/2025:15:53:00 -0400] "GET /?k=75080171940201&channel=edbfe4&from=blog.php%3Fid%3D1719402-8504%26name%3D%E8%93%8B%E4%BB%98%E3%81%8D2%E6%AE%B5%E9%A3%9F%E5%99%A8%E4%B9%BE%E7%87%A5%E3%83%A9%E3%83%83%E3%82%AF%E3%80%81+%E3%82%B9%E3%83%86%E3%83%B3%E3%83%AC%E3%82%B9%E9%8B%BC%E3%81%AE%E7%9A%BF%E3%81%AE%E6%B0%B4%E5%88%87%E3%82%8A%E3%83%A9%E3%83%83%E3%82%AF%E3%80%81%E5%8F%B0%E6%89%80%E4%BB%98%E5%B1%9E%E5%93%81%E3%81%AE%E3%81%9F%E3%82%81%E3%81%AE%E6%B0%B4%E5%88%87%E3%82%8A%E5%8F%B0%E3%81%8C%E4%BB%98%E3%81%84%E3%81%A6%E3%81%84%E3%82%8B%E7%9A%BF%E3%81%AE%E4%B9%BE%E7%87%A5%E7%AE%B1%E5%A4%9A%E6%A9%9F%E8%83%BD%E3%81%AE%E3%82%B9%E3%83%9A%E3%83%BC%E3%82%B9+%E3%82%BB%E3%83%BC%E3%83%93 HTTP/1.1" 200 41741 "-" "Mozilla/5.0 AppleWebKit/537.36 (KHTML, like Gecko; compatible; bingbot/2.0; +http://www.bing.com/bingbot.htm) Chrome/116.0.1938.76 Safari/537.36"
52.167.144.163 - - [30/Apr/2025:15:53:18 -0400] "GET /?k=19229136303402&channel=ca2124&from=product.php%3Fid%3D1363034-15966%26name%3D%E3%83%88%E3%82%A4%E3%83%AC%E3%83%83%E3%83%88%E3%83%9A%E3%83%BC%E3%83%91%E3%83%BC%E3%83%9B%E3%83%AB%E3%83%80%E3%83%BC%E3%81%AE%E5%B1%A5%E7%89%A9%E7%94%A8%E3%83%90%E3%82%B9%E3%83%AB%E3%83%BC%E3%83%A0%E3%82%A2%E3%82%AF%E3%82%BB%E3%82%B5%E3%83%AA%E3%83%BC%E8%B2%AF%E8%94%B5%E6%A3%9A%E3%81%AE%E6%8E%98%E5%89%8A%E3%81%95%E3%82%8C%E3%81%AA%E3%81%84%E6%8E%98%E5%89%8A%E3%81%95%E3%82%8C%E3%81%A6%E3%81%84%E3%81%AA%E3%81%84%E9%98%B2%E6%B0%B4%EF%BC%88%E3%82%B5%E3%82%A4%E3%82%BA%EF%BC%9A218mm%E3%80%81%E7%B4%A0%E6%9D%90%EF%BC%9AABS%EF%BC%89 HTTP/1.1" 200 42296 "-" "Mozilla/5.0 AppleWebKit/537.36 (KHTML, like Gecko; compatible; bingbot/2.0; +http://www.bing.com/bingbot.htm) Chrome/116.0.1938.76 Safari/537.36"
52.167.144.174 - - [30/Apr/2025:15:54:15 -0400] "GET /?k=9124171191901&channel=1e970c&from=info.php%3Fid%3D711919-15989%26name%3D%E3%82%A8%E3%83%9D%E3%82%AD%E3%82%B7%E6%A8%B9%E8%84%82%E3%82%8D%E3%81%86%E3%81%9D%E3%81%8F%E3%81%AE%E7%9F%B3%E8%86%8F%E5%9E%8B%E7%9F%B3%E8%86%8F%E5%9E%8B%E3%82%B7%E3%83%AA%E3%82%B3%E3%83%B3%E5%9E%8B%E3%81%AE%E3%81%9F%E3%82%81%E3%81%AE3%E3%81%A4%E3%81%AE%E5%BD%AB%E5%83%8F%E3%82%B7%E3%83%AA%E3%82%B3%E3%83%B3%E3%82%AD%E3%83%A3%E3%83%B3%E3%83%89%E3%83%AB%E5%9E%8B%E3%81%AE%E5%AE%B6%E6%97%8F HTTP/1.1" 200 40157 "-" "Mozilla/5.0 AppleWebKit/537.36 (KHTML, like Gecko; compatible; bingbot/2.0; +http://www.bing.com/bingbot.htm) Chrome/116.0.1938.76 Safari/537.36"
52.167.144.163 - - [30/Apr/2025:15:54:18 -0400] "GET /?k=02422190434106&channel=78e7ae&from=pin.php%3Fid%3D1904341-13164%26name%3D%5B%E6%AD%A3%E8%A6%8F%E8%BC%B8%E5%85%A5%5D%5B%E3%83%87%E3%83%AB%E3%82%BB%E3%83%BC%E5%85%AC%E5%BC%8F+DELSEY%5D+%E3%82%B9%E3%83%BC%E3%83%84%E3%82%B1%E3%83%BC%E3%82%B9+%E3%82%AD%E3%83%A3%E3%83%AA%E3%83%BC%E3%82%B1%E3%83%BC%E3%82%B9+%E3%82%B7%E3%83%A3%E3%83%89%E3%83%BC+SHADOW+5.0+TSA%E3%83%AD%E3%83%83%E3%82%AF+8%E8%BC%AA+%E3%83%80%E3%83%96%E3%83%AB HTTP/1.1" 200 41531 "-" "Mozilla/5.0 AppleWebKit/537.36 (KHTML, like Gecko; compatible; bingbot/2.0; +http://www.bing.com/bingbot.htm) Chrome/116.0.1938.76 Safari/537.36"
40.77.167.159 - - [30/Apr/2025:15:54:20 -0400] "GET /?k=2003267864702&channel=0a086b&from=blog.php%3Fid%3D678647-1933%26name%3D%E3%82%B7%E3%83%A3%E3%83%B3%E3%83%87%E3%83%AA%E3%82%A2%2C+%E3%83%9F%E3%83%8B%E3%83%9E%E3%83%AA%E3%82%B9%E3%83%88%E4%B8%AD%E7%A9%BA%E3%83%A9%E3%83%B3%E3%83%97%E3%82%B7%E3%82%A7%E3%83%BC%E3%83%89%E3%82%B9%E3%82%BF%E3%82%A4%E3%83%AB%E3%82%B7%E3%83%A3%E3%83%B3%E3%83%87%E3%83%AA%E3%82%A2%E3%82%A2%E3%83%AB%E3%83%9F%E3%83%8B%E3%82%A6%E3%83%A0%E3%82%A4%E3%83%B3%E3%83%80%E3%82%B9%E3%83%88%E3%83%AA%E3%82%A2%E3%83%AB%E3%82%B9%E3%82%BF%E3%82%A4%E3%83%AB%E5%A4%A9%E4%BA%95%E5%90%8A%E3%82%8A%E3%83%A9%E3%83%B3%E3%83%97%E9%87%91%E5%B1%9E%E4%B8%AD%E7%A9%BA%E5%A4%A9%E4%BA%95%E8%A3%85%E9%A3%BE HTTP/1.1" 200 42756 "-" "Mozilla/5.0 AppleWebKit/537.36 (KHTML, like Gecko; compatible; bingbot/2.0; +http://www.bing.com/bingbot.htm) Chrome/116.0.1938.76 Safari/537.36"
52.167.144.174 - - [30/Apr/2025:15:54:26 -0400] "GET /?k=7229144279904&channel=8e5725&from=blog.php%3Fid%3D442799-13238%26name%3D12%26%2334%3B%E3%83%AA%E3%82%A2%E3%82%A6%E3%82%A4%E3%83%B3%E3%83%89%E3%82%B9%E3%82%AF%E3%83%AA%E3%83%BC%E3%83%B3%E3%83%AF%E3%82%A4%E3%83%91%E3%83%BC%E3%83%96%E3%83%AC%E3%83%BC%E3%83%89%E3%82%A2%E3%83%BC%E3%83%A0%E3%82%BB%E3%83%83%E3%83%88%E3%82%AD%E3%83%83%E3%83%88%E3%81%AB%E3%81%A8%E3%81%A3%E3%81%A6Ho%EF%BC%86nda%E7%94%A8St%EF%BC%86ream%E7%94%A8+MK1+2001+20 HTTP/1.1" 200 40080 "-" "Mozilla/5.0 AppleWebKit/537.36 (KHTML, like Gecko; compatible; bingbot/2.0; +http://www.bing.com/bingbot.htm) Chrome/116.0.1938.76 Safari/537.36"
52.167.144.174 - - [30/Apr/2025:15:55:26 -0400] "GET /?k=1925129608201&channel=d5dc6a&from=brands.php%3Fid%3D296082-11475%26name%3DMAXHUB+%E3%82%AB%E3%82%B9%E3%82%B1%E3%83%BC%E3%83%89%E3%83%9E%E3%82%A4%E3%82%AF%E3%82%B9%E3%83%94%E3%83%BC%E3%82%AB%E3%83%BC+%E4%BC%9A%E8%AD%B0%E7%94%A8+%E3%83%9E%E3%82%A4%E3%82%AF%E3%82%B9%E3%83%94%E3%83%BC%E3%82%AB%E3%83%BC+%E5%A4%A7%E4%BC%9A%E8%AD%B0%E5%AE%A4%E5%AF%BE%E5%BF%9C+USB%2FPOE%E6%8E%A5%E7%B6%9A+%E6%9C%89%E7%B7%9A%E6%8E%A5%E7%B6%9A+%E6%9C%80%E5%A4%A78%E5%8F%B0%E9%80%A3%E7%B5%90+%E9%9B%86%E9%9F%B3%E8%B7%9D HTTP/1.1" 200 40670 "-" "Mozilla/5.0 AppleWebKit/537.36 (KHTML, like Gecko; compatible; bingbot/2.0; +http://www.bing.com/bingbot.htm) Chrome/116.0.1938.76 Safari/537.36"
52.167.144.174 - - [30/Apr/2025:15:55:27 -0400] "GET /?k=29250198836000&channel=3ac28a&from=blog.php%3Fid%3D1988360-10612%26name%3D%E3%82%A2%E3%83%AB%E3%83%9F%E3%83%9D%E3%82%B1%E3%83%83%E3%83%88%E7%A9%B4%E3%82%B8%E3%82%B0%E3%82%B7%E3%82%B9%E3%83%86%E3%83%A0%E3%80%81%E3%83%9D%E3%82%B1%E3%83%83%E3%83%88%E3%82%B9%E3%82%AF%E3%83%AA%E3%83%A5%E3%83%BC%E3%82%B8%E3%82%B0%E3%82%B8%E3%83%A7%E3%82%A4%E3%83%8B%E3%83%B3%E3%82%B0%E6%9C%A8%E5%B7%A5%E3%83%84%E3%83%BC%E3%83%AB%E3%80%81%E5%A4%A7%E5%B7%A5%E7%94%A8%E8%A7%92%E5%BA%A6%E4%BB%98%E3%81%8D%E3%83%89%E3%83%AA%E3%83%AB%E3%82%AC%E3%82%A4%E3%83%89%E3%80%81%E3%83%89%E3%83%AA%E3%83%AB%E3%83%93%E3%83%83%E3%83%88%E3%83%9B%E3%83%BC%E3%83%AB%E3%83%91%E3%83%B3%E3%83%81%E3%83%A3%E3%83%BC HTTP/1.1" 200 42389 "-" "Mozilla/5.0 AppleWebKit/537.36 (KHTML, like Gecko; compatible; bingbot/2.0; +http://www.bing.com/bingbot.htm) Chrome/116.0.1938.76 Safari/537.36"
66.249.72.103 - - [30/Apr/2025:15:56:11 -0400] "GET /?k=2621087076103&channel=7a0fb8&from=article.php%3Fid%3D870761-14061%26name%3DArtemis+%E3%83%80%E3%82%A4%E3%82%A2%E3%83%8A%E3%80%80%E3%83%93%E3%82%B8%E3%83%A5%E3%83%BC%E3%83%91%E3%83%B3%E3%83%97%E3%82%B9%E3%80%80%E3%83%AD%E3%83%BC%E3%83%92%E3%83%BC%E3%83%AB%E3%80%8022cm%E6%9C%AA%E4%BD%BF%E7%94%A8 HTTP/1.1" 200 52039 "-" "Mozilla/5.0 (Linux; Android 6.0.1; Nexus 5X Build/MMB29P) AppleWebKit/537.36 (KHTML, like Gecko) Chrome/135.0.7049.95 Mobile Safari/537.36 (compatible; Googlebot/2.1; +http://www.google.com/bot.html)"
91.134.91.17 - - [30/Apr/2025:15:56:46 -0400] "GET / HTTP/1.1" 200 0 "-" "Mozilla/5.0 (Linux; Android 15) AppleWebKit/537.36 (KHTML, like Gecko) Chrome/135.0.7049.79 Mobile Safari/537.36"
40.77.167.159 - - [30/Apr/2025:15:56:47 -0400] "GET /?k=8211955895603&channel=f66d97&from=article.php%3Fid%3D558956-12607%26name%3DSUNKEAN+%E3%82%BD%E3%83%BC%E3%83%A9%E3%83%BC%E3%82%B1%E3%83%BC%E3%83%96%E3%83%AB+QC4.1+1500V+%E3%82%BD%E3%83%BC%E3%83%A9%E3%83%BC%E5%BB%B6%E9%95%B7%E3%82%B1%E3%83%BC%E3%83%96%E3%83%AB+%E3%82%BD%E3%83%BC%E3%83%A9%E3%83%BC%E3%83%91%E3%83%8D%E3%83%AB%E6%8E%A5%E7%B6%9A%E7%94%A8+%E3%82%BD%E3%83%BC%E3%83%A9%E3%83%BC%E3%83%91%E3%83%8D%E3%83%AB+%E4%B8%A6%E5%88%97%E6%8E%A5%E7%B6%9A%E3%82%B1%E3%83%BC%E3%83%96 HTTP/1.1" 200 40747 "-" "Mozilla/5.0 AppleWebKit/537.36 (KHTML, like Gecko; compatible; bingbot/2.0; +http://www.bing.com/bingbot.htm) Chrome/116.0.1938.76 Safari/537.36"
40.77.167.116 - - [30/Apr/2025:15:56:52 -0400] "GET /?k=50020102561301&channel=a67069&from=shared.php%3Fid%3D1025613-3810%26name%3D%E6%96%B0%E3%81%97%E3%81%84%E3%83%9D%E3%82%B9%E3%83%88%E5%89%AF%E3%82%AF%E3%83%A9%E3%83%B3%E3%83%97%E3%80%81%E3%82%A2%E3%83%AB%E3%83%9F%E3%83%8B%E3%82%A6%E3%83%A0Mg%E5%90%88%E9%87%91%E6%97%8B%E7%9B%A4%E5%B7%A5%E5%85%B7%E3%83%9B%E3%83%AB%E3%83%80%E3%83%BC%E3%80%81%E3%82%B9%E3%83%A9%E3%82%A4%E3%83%89%E5%89%AF%E3%82%AF%E3%83%A9%E3%83%B3%E3%83%97%E3%80%81%E3%83%9D%E3%82%B9%E3%83%88%E5%89%AF%E3%83%9B%E3%83%AB%E3%83%80%E3%83%BC%E3%80%81%E6%97%8B%E7%9B%A4%E7%94%A8%E3%83%9D%E3%82%B9%E3%83%88%E5%B7%A5%E5%85%B7%E5%89%AF%E3%82%A2%E3%82%BF%E3%83%83%E3%83%81%E3%83%A1%E3%83%B3%E3%83%88 HTTP/1.1" 200 40227 "-" "Mozilla/5.0 AppleWebKit/537.36 (KHTML, like Gecko; compatible; bingbot/2.0; +http://www.bing.com/bingbot.htm) Chrome/116.0.1938.76 Safari/537.36"
52.167.144.174 - - [30/Apr/2025:15:58:56 -0400] "GET /?k=62892171810000&channel=ce82a8&from=category-info.php%3Fid%3D1718100-11438%26name%3DOkiyakusama+%E8%87%AA%E5%8B%95%E8%BB%8A%E3%83%9C%E3%83%87%E3%82%A3%E3%81%AE%E3%81%B8%E3%81%93%E3%81%BF%E4%BF%AE%E7%90%86%E3%83%84%E3%83%BC%E3%83%AB+%E8%87%AA%E5%8B%95%E8%BB%8A%E5%A1%97%E8%A3%85%E4%B8%8D%E8%A6%81%E3%81%AE%E4%BF%AE%E7%90%86%E7%94%A8%E3%83%97%E3%83%BC%E3%83%A9%E3%83%BC+%E9%9B%B9%E3%81%AB%E3%82%88%E3%82%8B%E3%81%B8%E3%81%93%E3%81%BF%E3%81%AE%E9%99%A4%E5%8E%BB+%E8%87%AA%E5%8B%95%E8%BB%8A%E7%94%A8%E3%82%A8%E3%82%AD%E3%82%B9%E3%83%91%E3%83%B3%E3%83%80%E3%83%BC HTTP/1.1" 200 41191 "-" "Mozilla/5.0 AppleWebKit/537.36 (KHTML, like Gecko; compatible; bingbot/2.0; +http://www.bing.com/bingbot.htm) Chrome/116.0.1938.76 Safari/537.36"
66.249.72.104 - - [30/Apr/2025:15:58:58 -0400] "GET /?k=65977198003003&channel=766604&from=pin.php%3Fid%3D1980030-27865%26name%3DPRISTINE+%E3%83%97%E3%83%AA%E3%82%B9%E3%83%86%E3%82%A3%E3%83%B3%E3%83%99%E3%83%93%E3%83%BC+%E3%82%B9%E3%83%AA%E3%83%BC%E3%83%91%E3%83%BC HTTP/1.1" 200 51230 "-" "Mozilla/5.0 (Linux; Android 6.0.1; Nexus 5X Build/MMB29P) AppleWebKit/537.36 (KHTML, like Gecko) Chrome/135.0.7049.95 Mobile Safari/537.36 (compatible; Googlebot/2.1; +http://www.google.com/bot.html)"
40.77.167.116 - - [30/Apr/2025:15:59:00 -0400] "GET /?k=8939993251005&channel=ad0a85&from=product.php%3Fid%3D932510-3508%26name%3DRC+%E3%82%AB%E3%83%BC+4WD+2.4GHz+%E3%82%AF%E3%83%A9%E3%82%A4%E3%83%9F%E3%83%B3%E3%82%B0%E3%82%AB%E3%83%BC+1%2F12+%E3%82%B9%E3%82%B1%E3%83%BC%E3%83%AB%E5%85%85%E9%9B%BB%E5%BC%8F%E3%82%AF%E3%83%A9%E3%82%A4%E3%83%9F%E3%83%B3%E3%82%B0%E3%82%AB%E3%83%BC%E5%90%88%E9%87%91%E5%9B%9B%E8%BC%AA%E3%82%AF%E3%83%A9%E3%82%A4%E3%83%9F%E3%83%B3%E3%82%B0%E8%BB%8A%E4%B8%A1%E3%83%AA%E3%83%A2%E3%83%BC%E3%83%88%E3%82%B3%E3%83%B3%E3%83%88%E3%83%AD HTTP/1.1" 200 40537 "-" "Mozilla/5.0 AppleWebKit/537.36 (KHTML, like Gecko; compatible; bingbot/2.0; +http://www.bing.com/bingbot.htm) Chrome/116.0.1938.76 Safari/537.36"
52.167.144.174 - - [30/Apr/2025:16:00:36 -0400] "GET /?k=2262678606000&channel=b1ed40&from=shop.php%3Fid%3D786060-14700%26name%3DDLAK%28%E3%83%87%E3%82%A3%E3%83%A9%E3%83%83%E3%82%AF%29+%E7%AD%86%E3%82%92%E4%BD%BF%E3%81%A3%E3%81%9F%E7%B5%B5%E7%94%BB%E3%81%A8%E6%9B%B8%E9%81%93+%E3%82%A2%E3%83%BC%E3%83%88%E3%83%84%E3%83%BC%E3%83%AB+%E5%88%9D%E5%BF%83%E8%80%85%E5%90%91%E3%81%91%E6%96%87%E5%85%B7+%E7%B5%B5%E7%AD%86%E3%83%9A%E3%82%A4%E3%83%B3%E3%82%BF%E3%83%BC HTTP/1.1" 200 42312 "-" "Mozilla/5.0 AppleWebKit/537.36 (KHTML, like Gecko; compatible; bingbot/2.0; +http://www.bing.com/bingbot.htm) Chrome/116.0.1938.76 Safari/537.36"
52.167.144.174 - - [30/Apr/2025:16:01:36 -0400] "GET /?k=9503143089107&channel=846ce6&from=goods.php%3Fid%3D430891-7897%26name%3D%5B%E3%81%82%E3%81%97%E3%81%AA%E3%81%8C%E3%81%8A%E3%81%98%E3%81%95%E3%82%93%5D+%E8%BB%BD%E9%87%8F+%E5%8E%9A%E5%BA%95%E3%83%AC%E3%83%BC%E3%82%B9%E3%82%A2%E3%83%83%E3%83%97%E3%82%B7%E3%83%A5%E3%83%BC%E3%82%BA%EF%BC%88AS_7210119%EF%BC%89%2F%E3%81%82%E3%81%97%E3%81%AA%E3%81%8C%E3%81%8A%E3%81%98%E3%81%95%E3%82%93%2F%E3%82%A2%E3%82%B7%E3%83%8A%E3%82%AC%E3%82%AA%E3%82%B8%E3%82%B5%E3%83%B3+%EF%BC%88%E3%81%82%E3%81%97%E3%81%AA%E3%81%8C%E3%81%8A%E3%81%98%E3%81%95%E3%82%93%EF%BC%88%E3%82%A2%E3%82%B7%E3%83%8A%E3%82%AC%E3%82%AA%E3%82%B8%E3%82%B5%E3%83%B3%EF%BC%89%E3%81%AE%E3%80%8C%E5%8E%9A%E5%BA%95%E3%83%AC%E3%83%BC%E3%82%B9%E3%82%A2%E3%83%83%E3%83%97%E3%82%B7%E3%83%A5%E3%83%BC%E3%82%BA+1310211%EF%BC%88%E3%83%91%E3%83%B3%E3%83%97%E3%82%B9%EF%BC%89%E3%80%8D+-+WEAR%EF%BC%89 HTTP/1.1" 200 40124 "-" "Mozilla/5.0 AppleWebKit/537.36 (KHTML, like Gecko; compatible; bingbot/2.0; +http://www.bing.com/bingbot.htm) Chrome/116.0.1938.76 Safari/537.36"
2a06:98c0:3600::103 - - [30/Apr/2025:16:02:15 -0400] "GET /wp-admin/setup-config.php HTTP/1.1" 200 0 "-" "Mozilla/5.0 (Windows NT 10.0; Win64; x64) AppleWebKit/537.36 (KHTML, like Gecko) Chrome/135.0.0.0 Safari/537.36"
2a06:98c0:3600::103 - - [30/Apr/2025:16:02:34 -0400] "GET /wordpress/wp-admin/setup-config.php HTTP/1.1" 200 0 "-" "Mozilla/5.0 (Windows NT 10.0; Win64; x64) AppleWebKit/537.36 (KHTML, like Gecko) Chrome/135.0.0.0 Safari/537.36"
40.77.167.149 - - [30/Apr/2025:16:02:57 -0400] "GET /?k=5807433605905&channel=9c7603&from=info.php%3Fid%3D336059-7658%26name%3D%E3%83%90%E3%82%B9%E3%83%AB%E3%83%BC%E3%83%A0%E3%81%AE%E3%82%B7%E3%83%B3%E3%82%AF%E3%81%AE%E8%9B%87%E5%8F%A3%E3%80%81%E6%B4%97%E9%9D%A2%E5%99%A8%E3%81%AE%E8%9B%87%E5%8F%A3%E3%82%A2%E3%83%B3%E3%83%86%E3%82%A3%E3%83%BC%E3%82%AF%E3%83%96%E3%83%AD%E3%83%B3%E3%82%BA%E3%81%AE%E3%83%90%E3%82%B9%E3%83%AB%E3%83%BC%E3%83%A0%E3%81%AE%E3%82%B7%E3%83%B3%E3%82%AF%E3%81%AE%E8%9B%87%E5%8F%A33%E7%A9%B4%E3%83%AF%E3%82%A4%E3%83%89%E3%82%B9%E3%83%97%E3%83%AC%E3%83%83%E3%83%89%E3%82%B4%E3%83%BC%E3%83%AB%E3%83%89%2F%E3%83%96%E3%83%A9%E3%83%83%E3%82%AF%2F%E3%82%AF%E3%83%AD%E3%83%BC%E3%83%A0 HTTP/1.1" 200 41745 "-" "Mozilla/5.0 AppleWebKit/537.36 (KHTML, like Gecko; compatible; bingbot/2.0; +http://www.bing.com/bingbot.htm) Chrome/116.0.1938.76 Safari/537.36"
40.77.167.149 - - [30/Apr/2025:16:02:58 -0400] "GET /?k=1521163788401&channel=d70d59&from=info.php%3Fid%3D637884-5424%26name%3D%5B%E3%83%AA%E3%83%B3%E3%82%AD%E3%82%A8%E3%83%B3%5D+%E5%A5%B3%E8%A3%85++%E9%9D%B4+%E3%83%95%E3%82%A1%E3%83%83%E3%82%B7%E3%83%A7%E3%83%B3%E5%A5%B3%E6%80%A7%E3%83%95%E3%83%A9%E3%83%83%E3%83%88%E3%82%AB%E3%82%B8%E3%83%A5%E3%82%A2%E3%83%AB%E3%83%AD%E3%83%BC%E3%83%95%E3%82%A1%E3%83%BC%E3%81%AE%E5%A5%B3%E6%80%A7%E3%81%AE%E9%9D%B4%E3%83%97%E3%83%A9%E3%82%B9%E3%82%B5%E3%82%A4%E3%82%BA%E3%81%AE%E5%A5%B3%E6%80%A7%E3%81%AE%E9%9D%B4%E3%83%8A%E3%83%BC%E3%82%B9%E5%A5%B3%E6%80%A7%EF%BC%88%E3%83%95%E3%83%AA%E3%83%B3%E3%82%B8+%E3%83%AD%E3%83%BC%E3%83%95%E3%82%A1%E3%83%BC+%E3%83%AC%E3%83%87%E3%82%A3%E3%83%BC%E3%82%B9+%E5%8E%9A%E5%BA%95+%E3%83%AD%E3%83%BC%E3%83%95%E3%82%A1%E3%83%BC%E3%82%B7%E3%83%A5%E3%83%BC%E3%82%BA+%E3%82%BF%E3%83%83%E3%82%BB%E3%83%AB+%E3%81%BA%E3%81%9F%E3%82%93%E3%81%93+%E3%83%9A%E3%82%BF%E3%83%B3%E3%82%B3+%E3%83%95%E3%83%A9%E3%83%83%E3%83%88%E3%82%B7%E3%83%A5%E3%83%BC%E3%82%BA+%E5%A4%A7%E4%BA%BA+%E3%82%AB%E3%82%B8%E3%83%A5%E3%82%A2%E3%83%AB+%E3%82%A8%E3%83%8A%E3%83%A1%E3%83%AB%E8%AA%BF+%E9%BB%92+%E3%82%BB%E3%83%BC%E3%83%AB++%2F%E3%80%90Buyee%E3%80%91%EF%BC%89 HTTP/1.1" 200 41681 "-" "Mozilla/5.0 AppleWebKit/537.36 (KHTML, like Gecko; compatible; bingbot/2.0; +http://www.bing.com/bingbot.htm) Chrome/116.0.1938.76 Safari/537.36"
40.77.167.116 - - [30/Apr/2025:16:03:02 -0400] "GET /?k=13009141503105&channel=3c6900&from=product.php%3Fid%3D1415031-15926%26name%3D24++%E3%83%9C%E3%83%83%E3%82%AF%E3%82%B9%E5%A4%A9%E7%84%B6%E7%B2%89%E6%9C%AB%E9%A1%94%E6%96%99%E3%82%B9%E3%83%A9%E3%82%A4%E3%83%A0%E3%83%9E%E3%82%A4%E3%82%AB%E7%9F%B3%E9%B9%B8%E7%9D%80%E8%89%B2%E5%89%A4%E7%B2%89%E6%9C%AB%E3%83%9E%E3%82%A4%E3%82%AB%E3%83%91%E3%82%A6%E3%83%80%E3%83%BC%E3%82%A8%E3%83%9D%E3%82%AD%E3%82%B7%E6%A8%B9%E8%84%82%E6%9F%93%E6%96%99%E3%83%91%E3%83%BC%E3%83%AB%E9%A1%94%E6%96%99%E7%9F%B3%E9%B9%B8%E6%9F%93%E6%96%99%EF%BC%8812+%E3%83%9C%E3%83%83%E3%82%AF%E3%82%B9%E5%A4%A9%E7%84%B6%E7%B2%89%E6%9C%AB%E9%A1%94%E6%96%99%E3%82%B9%E3%83%A9%E3%82%A4%E3%83%A0%E3%83%9E%E3%82%A4%E3%82%AB%E7%9F%B3%E9%B9%B8%E7%9D%80%E8%89%B2%E5%89%A4%E7%B2%89%E6%9C%AB%E3%83%9E%E3%82%A4%E3%82%AB%E3%83%91%E3%82%A6%E3%83%80%E3%83%BC%E3%82%A8%E3%83%9D%E3%82%AD%E3%82%B7%E6%A8%B9%E8%84%82%E6%9F%93%E6%96%99%E3%83%91%E3%83%BC%E3%83%AB%E9%A1%94%E6%96%99%E7%9F%B3%E9%B9%B8%E6%9F%93%E6%96%99+%EF%BC%88%E3%83%9E%E3%82%A4%E3%82%AB%E3%83%91%E3%82%A6%E3%83%80%E3%83%BC%E6%89%8B%E4%BD%9C%E3%82%8A%E5%8C%96%E7%B2%A7%E5%93%81%E3%81%AE%E8%89%B2%E6%9D%90%E6%96%99%E3%81%AE%E8%B2%A9%E5%A3%B2%E5%BA%97++-+%E3%82%AA%E3%83%AC%E3%83%B3%E3%82%B8%E3%83%95%E3%83%A9%E3%83%AF%E3%83%BC%EF%BC%89%EF%BC%89 HTTP/1.1" 200 40543 "-" "Mozilla/5.0 AppleWebKit/537.36 (KHTML, like Gecko; compatible; bingbot/2.0; +http://www.bing.com/bingbot.htm) Chrome/116.0.1938.76 Safari/537.36"
20.15.133.174 - - [30/Apr/2025:16:03:10 -0400] "GET /?k=8220033749400&channel=fef6d4&from=info.php%3Fid%3D337494-12011%26name%3DABS%E3%83%96%E3%83%A9%E3%83%83%E3%82%AF%E3%83%97%E3%83%A9%E3%82%B9%E3%83%81%E3%83%83%E3%82%AF%E3%82%B7%E3%83%BC%E3%83%88+1%2F4%E3%82%A4%E3%83%B3%E3%83%81+x+12%E3%82%A4%E3%83%B3%E3%83%81+x+12%E3%82%A4%E3%83%B3%E3%83%81+%E3%83%86%E3%82%AF%E3%82%B9%E3%83%81%E3%83%A3%E3%83%BC%E3%83%89%E5%8A%A0%E5%B7%A5+%E7%89%87%E9%9D%A2%E7%9C%9F%E7%A9%BA%E5%BD%A2%E6%88%90%288%E6%9E%9A%E3%83%91%E3%83%83%E3%82%AF%29 HTTP/1.1" 200 42067 "-" "Mozilla/5.0 AppleWebKit/537.36 (KHTML, like Gecko; compatible; bingbot/2.0; +http://www.bing.com/bingbot.htm) Chrome/116.0.1938.76 Safari/537.36"
20.15.133.175 - - [30/Apr/2025:16:03:41 -0400] "GET /?k=78956184686100&channel=2b9727&from=pin.php%3Fid%3D1846861-1524%26name%3D%E9%87%91%E5%B1%9E%E6%8E%A2%E7%9F%A5%E6%A9%9F%E3%80%81+%E5%9C%B0%E4%B8%8B%E9%87%91%E3%81%A8%E9%8A%80%E3%81%AE%E9%87%91%E5%B1%9E%E6%8E%A2%E7%9F%A5%E6%A9%9F+MD-6350+%E3%83%AD%E3%82%B1%E3%83%BC%E3%82%BF%E3%83%BC%E3%82%B8%E3%83%A5%E3%82%A8%E3%83%AA%E3%83%BC%E3%82%AB%E3%82%B9%E3%82%BF%E3%83%A0%E9%81%BA%E7%89%A9%E3%82%B3%E3%82%A4%E3%83%B3%E3%83%94%E3%83%B3%E3%83%9D%E3%82%A4%E3%83%B3%E3%82%BF%E3%83%BC%E9%98%B2%E6%B0%B4%E6%A4%9C%E7%B4%A2+%E7%B0%A1%E5%8D%98%E6%93%8D%E4%BD%9C%E6%90%BA%E5%B8%AF%E4%BE%BF%E5%88%A9 HTTP/1.1" 200 42550 "-" "Mozilla/5.0 AppleWebKit/537.36 (KHTML, like Gecko; compatible; bingbot/2.0; +http://www.bing.com/bingbot.htm) Chrome/116.0.1938.76 Safari/537.36"
40.77.167.116 - - [30/Apr/2025:16:04:19 -0400] "GET /?k=711785297701&channel=2a3406&from=pin.php%3Fid%3D52977-4909%26name%3DPry+Bars++%E3%83%9F%E3%83%8B%E3%83%9D%E3%82%B1%E3%83%83%E3%83%88%E3%82%AF%E3%83%A9%E3%83%B3%E3%82%AF+%E3%82%AF%E3%83%AD%E3%83%BC%E3%83%90%E3%83%BC+%E3%82%AD%E3%83%BC%E3%83%81%E3%82%A7%E3%83%BC%E3%83%B3+%E3%82%B5%E3%83%90%E3%82%A4%E3%83%90%E3%83%AB%E3%82%B9%E3%82%AF%E3%83%AC%E3%83%BC%E3%83%91%E3%83%BC+%E3%82%B9%E3%83%86%E3%83%B3%E3%83%AC%E3%82%B9%E3%82%B9%E3%83%81%E3%83%BC%E3%83%AB+%E3%83%9E%E3%82%A4%E3%82%AF%E3%83%AD%E3%83%84%E3%83%BC%E3%83%AB%E3%80%81%E3%82%B9%E3%83%86%E3%83%B3%EF%BC%88%E3%82%B9%E3%83%86%E3%83%B3%E3%83%AC%E3%82%B9%E3%83%9C%E3%83%88%E3%83%AB+%E3%82%B9%E3%83%9D%E3%83%BC%E3%83%84%E3%83%89%E3%83%AA%E3%83%B3%E3%82%AF%E5%AF%BE%E5%BF%9C+AKE-R60%E3%83%BB80+%E9%80%9A%E8%B2%A9%E3%80%90%E3%83%8B%E3%83%83%E3%82%BB%E3%83%B3%E3%80%91%EF%BC%89 HTTP/1.1" 200 41997 "-" "Mozilla/5.0 AppleWebKit/537.36 (KHTML, like Gecko; compatible; bingbot/2.0; +http://www.bing.com/bingbot.htm) Chrome/116.0.1938.76 Safari/537.36"
40.77.167.116 - - [30/Apr/2025:16:04:20 -0400] "GET /?k=83492141623701&channel=d8b485&from=shared.php%3Fid%3D1416237-18469%26name%3D%E3%82%AC%E3%82%B9%E8%AD%A6%E5%A0%B1%E5%99%A8+NH3%E3%82%A2%E3%83%B3%E3%83%A2%E3%83%8B%E3%82%A2%E3%83%9D%E3%83%B3%E3%83%97%E5%90%B8%E5%BC%95%E3%82%AC%E3%82%B9%E6%A4%9C%E5%87%BA%E5%99%A8%E3%80%81%E9%98%B2%E7%88%86%E5%9E%8B%E3%80%81%E3%82%A2%E3%83%B3%E3%83%A2%E3%83%8B%E3%82%A2%E3%82%BB%E3%83%B3%E3%82%B5%E3%83%BC%E3%80%81%E3%82%A2%E3%83%B3%E3%83%A2%E3%83%8B%E3%82%A2%E6%A4%9C%E5%87%BA%E5%99%A8+%E7%94%A3%E6%A5%AD%E3%82%B0%E3%83%AC%E3%83%BC%E3%83%89%E3%81%AE%E3%82%BB%E3%83%B3%E3%82%B5%E3%83%BC HTTP/1.1" 200 42042 "-" "Mozilla/5.0 AppleWebKit/537.36 (KHTML, like Gecko; compatible; bingbot/2.0; +http://www.bing.com/bingbot.htm) Chrome/116.0.1938.76 Safari/537.36"
40.77.167.116 - - [30/Apr/2025:16:04:20 -0400] "GET /?k=4065115419900&channel=ffdee9&from=news.php%3Fid%3D154199-9179%26name%3D%E3%83%9E%E3%83%AB%E3%83%81%E3%82%AB%E3%83%A9%E3%83%BC%E3%82%BD%E3%83%BC%E3%83%A9%E3%83%BC%E3%82%AF%E3%83%AA%E3%82%B9%E3%83%9E%E3%82%B9%E3%82%AC%E3%83%BC%E3%83%87%E3%83%B3%E3%82%B9%E3%83%86%E3%83%BC%E3%82%AF%E3%83%A9%E3%82%A4%E3%83%88%E3%80%81%E3%82%BD%E3%83%BC%E3%83%A9%E3%83%BC%E3%83%90%E3%82%BF%E3%83%95%E3%83%A9%E3%82%A4%E3%83%91%E3%82%A4%E3%83%B3%E3%83%84%E3%83%AA%E3%83%BC%E3%82%BD%E3%83%BC%E3%83%A9%E3%83%BC%E3%82%AF%E3%83%AA%E3%82%B9%E3%83%9E%E3%82%B9%E3%83%A4%E3%83%BC%E3%83%89%E3%82%B9%E3%83%86%E3%83%BC%E3%82%AF%E5%B1%8B%E5%A4%96%E9%98%B2%E6%B0%B4%E3%80%81%E3%82%AF%E3%83%AA%E3%82%B9 HTTP/1.1" 200 41837 "-" "Mozilla/5.0 AppleWebKit/537.36 (KHTML, like Gecko; compatible; bingbot/2.0; +http://www.bing.com/bingbot.htm) Chrome/116.0.1938.76 Safari/537.36"
52.167.144.204 - - [30/Apr/2025:16:04:27 -0400] "GET /?k=1954781940700&channel=bf894f&from=jp.php%3Fid%3D819407-17865%26name%3DSOZOKI+2%E3%83%A9%E3%82%A4%E3%83%B3+%E3%82%B0%E3%83%AA%E3%83%BC%E3%83%B3%E3%83%AC%E3%83%BC%E3%82%B6%E3%83%BC%E5%A2%A8%E5%87%BA%E3%81%97%E5%99%A8+SL-32GD+%E9%AB%98%E8%BC%9D%E5%BA%A6+%E3%83%AA%E3%83%81%E3%82%A6%E3%83%A0%E9%9B%BB%E6%B1%A0%2B%E4%B9%BE%E9%9B%BB%E6%B1%A0%2BACC%E3%82%A2%E3%83%80%E3%83%97%E3%82%BF%E3%83%BC%E7%B5%A6%E9%9B%BB+%E3%83%80%E3%82%A4%E3%83%AC%E3%82%AF%E3%83%88%E3%82%B0%E3%83%AA HTTP/1.1" 200 41561 "-" "Mozilla/5.0 AppleWebKit/537.36 (KHTML, like Gecko; compatible; bingbot/2.0; +http://www.bing.com/bingbot.htm) Chrome/116.0.1938.76 Safari/537.36"
20.15.133.174 - - [30/Apr/2025:16:04:51 -0400] "GET /?k=59794108094802&channel=0f03ca&from=goods.php%3Fid%3D1080948-20324%26name%3DSTYLE+EYES+%E3%82%B9%E3%82%BF%E3%82%A4%E3%83%AB%E3%82%A2%E3%82%A4%E3%82%BA%E3%82%B9%E3%82%BF%E3%82%B8%E3%83%A3%E3%83%B3+%E6%9D%B1%E6%B4%8B%E3%82%A8%E3%83%B3%E3%82%BF%E3%83%BC%E3%83%97%E3%83%A9%E3%82%A4%E3%82%BA HTTP/1.1" 200 40226 "-" "Mozilla/5.0 AppleWebKit/537.36 (KHTML, like Gecko; compatible; bingbot/2.0; +http://www.bing.com/bingbot.htm) Chrome/116.0.1938.76 Safari/537.36"
20.15.133.175 - - [30/Apr/2025:16:05:24 -0400] "GET /?k=2854344633508&channel=44f1d1&from=info.php%3Fid%3D446335-606%26name%3D%E3%83%AB%E3%82%A4%E3%83%B4%E3%82%A3%E3%83%88%E3%83%B3+%E3%83%91%E3%83%B3%E3%82%B9+%E3%82%A2+%E3%82%AF%E3%83%A9%E3%83%B4%E3%82%A1%E3%83%83%E3%83%88+%E3%83%80%E3%83%9F%E3%82%A8+%E3%83%8D%E3%82%AF%E3%82%BF%E3%82%A4%E3%83%94%E3%83%B3+%E3%82%B9%E3%83%BC%E3%83%84+%E3%83%96%E3%83%A9%E3%83%B3%E3%83%89 HTTP/1.1" 200 40485 "-" "Mozilla/5.0 AppleWebKit/537.36 (KHTML, like Gecko; compatible; bingbot/2.0; +http://www.bing.com/bingbot.htm) Chrome/116.0.1938.76 Safari/537.36"
20.15.133.174 - - [30/Apr/2025:16:05:50 -0400] "GET /?k=1831859373704&channel=cc7839&from=shared.php%3Fid%3D593737-1568%26name%3D%5B%E3%82%B9%E3%83%8A%E3%82%A4%E3%83%87%E3%83%AB%5D+%E8%82%A9%E3%83%AA%E3%83%9C%E3%83%B3JQ%E3%82%AD%E3%83%A3%E3%83%9F%E3%83%AF%E3%83%B3%E3%83%94+SWFO241095+%E3%83%AC%E3%83%87%E3%82%A3%E3%83%BC%E3%82%B9 HTTP/1.1" 200 40367 "-" "Mozilla/5.0 AppleWebKit/537.36 (KHTML, like Gecko; compatible; bingbot/2.0; +http://www.bing.com/bingbot.htm) Chrome/116.0.1938.76 Safari/537.36"
52.167.144.204 - - [30/Apr/2025:16:06:18 -0400] "GET /?k=45271131756400&channel=b036ea&from=info.php%3Fid%3D1317564-23121%26name%3D%E3%82%B7%E3%83%A5%E3%83%BC%E3%82%BA%E3%83%A9%E3%83%83%E3%82%AF+%E3%83%9B%E3%83%BC%E3%83%A0%E3%83%91%E3%83%B3%E3%83%81%E3%83%95%E3%83%AA%E3%83%BC%E3%82%B7%E3%83%A5%E3%83%BC%E3%82%BA%E3%83%A9%E3%83%83%E3%82%AF%E3%83%AA%E3%83%93%E3%83%B3%E3%82%B0%E3%83%AB%E3%83%BC%E3%83%A0%E3%81%AB%E9%81%A9%E3%81%97%E3%81%9F%E7%B5%84%E3%81%BF%E5%90%88%E3%82%8F%E3%81%9B%E5%8F%8E%E7%B4%8D%E3%83%A9%E3%83%83%E3%82%AF%E3%82%B7%E3%83%B3%E3%83%97%E3%83%AB%E3%82%AF%E3%83%AA%E3%82%A8%E3%82%A4%E3%83%86%E3%82%A3%E3%83%96%E3%82%A2%E3%82%A4%E3%82%A2%E3%83%B3%E3%82%B7%E3%83%A5%E3%83%BC%E3%82%BA%E5%8F%8E%E7%B4%8D HTTP/1.1" 200 41323 "-" "Mozilla/5.0 AppleWebKit/537.36 (KHTML, like Gecko; compatible; bingbot/2.0; +http://www.bing.com/bingbot.htm) Chrome/116.0.1938.76 Safari/537.36"
52.167.144.204 - - [30/Apr/2025:16:06:18 -0400] "GET /?k=4072014697505&channel=3a4b17&from=shop.php%3Fid%3D146975-5238%26name%3D%E5%B1%8B%E5%A4%96%E3%83%9D%E3%83%BC%E3%82%BF%E3%83%96%E3%83%AB%E8%96%AA%E3%82%B9%E3%83%88%E3%83%BC%E3%83%96%E3%80%81%E3%82%AD%E3%83%A3%E3%83%B3%E3%83%97%E8%96%AA%E3%82%B9%E3%83%88%E3%83%BC%E3%83%96%E3%80%81%E7%81%AB%E3%82%92%E8%A6%8B%E3%82%8B%E3%81%9F%E3%82%81%E3%81%AE%E3%83%87%E3%83%A5%E3%82%A2%E3%83%AB%E3%82%B5%E3%82%A4%E3%83%89%E3%82%A6%E3%82%A3%E3%83%B3%E3%83%89%E3%82%A6%E3%80%814%E3%82%B9%E3%83%86%E3%83%B3%E3%83%AC%E3%82%B9%E9%8B%BC%E7%85%99%E7%AA%81%E3%83%91%E3%82%A4%E3%83%97%E4%BB%98%E3%81%8D%E8%96%AA%E3%82%B9%E3%83%88%E3%83%BC%E3%83%96%E3%80%81%E5%B1%8B%E5%A4%96%E3%82%AD HTTP/1.1" 200 42907 "-" "Mozilla/5.0 AppleWebKit/537.36 (KHTML, like Gecko; compatible; bingbot/2.0; +http://www.bing.com/bingbot.htm) Chrome/116.0.1938.76 Safari/537.36"
52.167.144.204 - - [30/Apr/2025:16:07:28 -0400] "GET /?k=59257121919701&channel=fc6b7e&from=news.php%3Fid%3D1219197-18731%26name%3D1%3A72%E5%90%88%E9%87%91%E4%B8%AD%E5%9B%BDJ-15%E3%83%95%E3%83%A9%E3%82%A4%E3%83%B3%E3%82%B0%E3%82%B7%E3%83%A3%E3%83%BC%E3%82%AF%E6%88%A6%E9%97%98%E6%A9%9F%E3%83%A2%E3%83%87%E3%83%AB%E8%88%AA%E7%A9%BA%E6%A9%9F%E3%83%A2%E3%83%87%E3%83%AB%E3%82%B7%E3%83%9F%E3%83%A5%E3%83%AC%E3%83%BC%E3%82%B7%E3%83%A7%E3%83%B3%E8%88%AA%E7%A9%BA%E7%A7%91%E5%AD%A6%E5%B1%95%E7%A4%BA%E3%83%A2%E3%83%87%E3%83%AB HTTP/1.1" 200 40737 "-" "Mozilla/5.0 AppleWebKit/537.36 (KHTML, like Gecko; compatible; bingbot/2.0; +http://www.bing.com/bingbot.htm) Chrome/116.0.1938.76 Safari/537.36"
52.167.144.204 - - [30/Apr/2025:16:08:07 -0400] "GET /?k=10798194710801&channel=9ae0c6&from=brands.php%3Fid%3D1947108-3551%26name%3D%E3%82%B7%E3%83%B3%E3%82%AF+%E6%B5%81%E3%81%97%E5%8F%B0%E3%83%97%E3%83%AD%E3%83%95%E3%82%A7%E3%83%83%E3%82%B7%E3%83%A7%E3%83%8A%E3%83%AB%E5%A3%81%E6%8E%9B%E3%81%91%E3%83%8F%E3%83%B3%E3%83%89%E3%82%B7%E3%83%B3%E3%82%AF%E3%82%B9%E3%83%86%E3%83%B3%E3%83%AC%E3%82%B9%E9%8B%BC%E5%95%86%E6%A5%AD%E3%83%AC%E3%82%B9%E3%83%88%E3%83%A9%E3%83%B3%E3%82%AD%E3%83%83%E3%83%81%E3%83%B3%E3%82%B7%E3%83%B3%E3%82%AF%E3%82%BB%E3%83%83%E3%83%88%E5%B7%A5%E6%A5%AD%E7%94%A8%E6%B4%97%E9%9D%A2%E5%8F%B0%E6%B4%97%E9%9D%A2%E5%8F%B0%E3%82%B7%E3%83%B3%E3%82%AF%E3%82%AD%E3%83%83%E3%83%81%E3%83%B3%E3%83%AC%E3%82%B9 HTTP/1.1" 200 41282 "-" "Mozilla/5.0 AppleWebKit/537.36 (KHTML, like Gecko; compatible; bingbot/2.0; +http://www.bing.com/bingbot.htm) Chrome/116.0.1938.76 Safari/537.36"
52.167.144.173 - - [30/Apr/2025:16:08:09 -0400] "GET /?k=01470181056604&channel=ec39cf&from=brands.php%3Fid%3D1810566-7053%26name%3D%5B%E3%83%89%E3%82%A4%E3%83%84%5D+%E6%9C%AC%E7%89%A9%E3%81%AE%E9%9D%A9%E9%87%8E%E7%90%83%E5%B8%BD%E3%81%AE%E5%B8%BD%E5%AD%90%E5%86%AC%E3%81%AE%E6%9A%96%E3%81%8B%E3%81%84%E3%83%AD%E3%82%B7%E3%82%A2%E3%81%AE%E8%80%81%E4%BA%BA%E7%94%B7%E6%80%A7%E3%81%AE%E3%83%99%E3%83%AC%E3%83%BC%E5%B8%BD%E3%81%AE%E3%83%8B%E3%83%A5%E3%83%BC%E3%82%B9%E3%83%9C%E3%83%BC%E3%82%A4%E3%81%AE%E8%80%B3%E3%81%AE%E7%9A%AE%E5%BC%81%E5%B8%BD%E3%81%AE%E5%B8%BD%E5%AD%90%E3%81%8C%E6%9C%AC%E7%89%A9%E3%81%AEfu-r%E3%81%8C%E4%BB%98%E3%81%84%E3%81%A6%E3%81%84%E3%82%8B%E5%B8%BD HTTP/1.1" 200 41220 "-" "Mozilla/5.0 AppleWebKit/537.36 (KHTML, like Gecko; compatible; bingbot/2.0; +http://www.bing.com/bingbot.htm) Chrome/116.0.1938.76 Safari/537.36"
40.77.167.149 - - [30/Apr/2025:16:08:12 -0400] "GET /?k=88091195237101&channel=f8e0d6&from=news.php%3Fid%3D1952371-7631%26name%3D%E3%82%B2%E3%83%BC%E3%83%9F%E3%83%B3%E3%82%B0%E3%83%81%E3%82%A7%E3%82%A2++%E6%A4%85%E5%AD%90+140%C2%B0%E3%83%AA%E3%82%AF%E3%83%A9%E3%82%A4%E3%83%8B%E3%83%B3%E3%82%B0%E3%82%B9%E3%83%81%E3%83%BC%E3%83%AB%E7%A9%BA%E6%B0%97%E5%9C%A7%E3%83%AD%E3%83%83%E3%83%89%E3%83%A6%E3%83%8B%E3%83%90%E3%83%BC%E3%82%B5%E3%83%AB%E3%83%9B%E3%82%A4%E3%83%BC%E3%83%AB%E9%AB%98%E5%BC%BE%E6%80%A7%E3%82%B9%E3%83%9D%E3%83%B3%E3%82%B8%E8%AA%BF%E6%95%B4%E5%8F%AF%E8%83%BD%E3%81%AA%E3%83%98%E3%83%83%E3%83%89%E3%83%AC%E3%82%B9%E3%83%88%E3%81%A8%E3%82%A6%E3%82%A8%E3%82%B9%E3%83%88%EF%BC%88%E3%83%AC%E3%82%B6%E3%83%BC%E3%83%81%E3%82%A7%E3%82%A2%EF%BC%88%E3%82%B2%E3%83%BC%E3%83%9F%E3%83%B3%E3%82%B0%E3%83%81%E3%82%A7%E3%82%A2%E3%83%BB%E3%83%AA%E3%82%AF%E3%83%A9%E3%82%A4%E3%83%8B%E3%83%B3%E3%82%B0%E3%83%BB%E5%82%BE%E6%96%9C%E8%A7%92%E5%BA%A6170%C2%B0%E3%83%BB%E7%89%B9%E6%AE%8A%E3%82%A2%E3%83%BC%E3%83%A0%E3%83%AC%E3%82%B9%E3%83%88%E3%83%BB%E5%A4%A7%E5%9E%8B%E3%83%A9%E3%83%B3%E3%83%90%E3%83%BC%E3%82%B5%E3%83%9D%E3%83%BC%E3%83%88%E3%83%BB%E3%81%82%E3%81%90%E3%82%89%E5%AF%BE%E5%BF%9C%E3%83%BB%E3%83%8F%E3%82%A4%E3%83%90%E3%83%83%E3%82%AF%E3%83%BB%E8%80%90%E8%8D%B7%E9%87%8D100kg%EF%BC%89++EZ15-SNCL12+%7C+%E6%BF%80%E5%AE%89%E9%80%9A%E8%B2%A9%E3%81%AE%E3%82%A4%E3%83%BC%E3%82%B5%E3%83%97%E3%83%A9%E3%82%A4%EF%BC%89 HTTP/1.1" 200 41661 "-" "Mozilla/5.0 AppleWebKit/537.36 (KHTML, like Gecko; compatible; bingbot/2.0; +http://www.bing.com/bingbot.htm) Chrome/116.0.1938.76 Safari/537.36"
52.167.144.173 - - [30/Apr/2025:16:08:19 -0400] "GET /?k=19252184683603&channel=6ff7f6&from=category-info.php%3Fid%3D1846836-27150%26name%3DAeroor%E6%89%8B%E5%8B%95%E7%A8%AE%E3%81%BE%E3%81%8D%E6%A9%9F+%E9%87%8E%E8%8F%9C%E6%92%AD%E7%A8%AE%E6%A9%9F+%E6%89%8B%E6%8A%BC%E3%81%97%E5%BC%8F%E7%A8%AE%E5%AD%90%E6%95%A3%E5%B8%83%E6%A9%9F+%E5%B0%8F%E5%9E%8B%E7%B2%BE%E5%AF%86%E3%83%97%E3%83%A9%E3%83%B3%E3%82%BF%E3%83%BC%E5%A4%9A%E6%A9%9F%E8%83%BD%E8%BE%B2%E6%A5%AD%E3%83%84%E3%83%BC%E3%83%AB%E3%83%AC%E3%82%A4%E3%83%97%E3%83%8B%E3%83%B3%E3%82%B8%E3%83%B3%E9%AB%98%E9%BA%97%E4%BA%BA%E5%8F%82%E3%81%BB%E3%81%86%E3%82%8C%E3%82%93%E8%8D%89%E3%82%AD%E3%83%A3%E3%83%99%E3%83%84 HTTP/1.1" 200 40083 "-" "Mozilla/5.0 AppleWebKit/537.36 (KHTML, like Gecko; compatible; bingbot/2.0; +http://www.bing.com/bingbot.htm) Chrome/116.0.1938.76 Safari/537.36"
52.167.144.216 - - [30/Apr/2025:16:08:58 -0400] "GET /?k=97738164900800&channel=309869&from=blog.php%3Fid%3D1649008-13087%26name%3D1000W%E3%83%9D%E3%83%BC%E3%82%BF%E3%83%96%E3%83%AB%E8%87%AA%E5%8B%95%E3%82%B9%E3%83%81%E3%83%BC%E3%83%A0%E3%82%A2%E3%82%A4%E3%83%AD%E3%83%B3%E3%80%81%E3%82%B9%E3%83%81%E3%83%BC%E3%83%A0%E3%83%89%E3%83%A9%E3%82%A4%E3%83%A4%E3%83%BC%E3%80%81%E3%83%8F%E3%83%B3%E3%82%AE%E3%83%B3%E3%82%B0%E3%82%AC%E3%83%BC%E3%83%A1%E3%83%B3%E3%83%88%E3%82%B9%E3%83%81%E3%83%BC%E3%83%9E%E3%83%BC%E3%80%81%E6%8A%98%E3%82%8A%E3%81%9F%E3%81%9F%E3%81%BF%E5%BC%8F%E3%82%B9%E3%83%81%E3%83%BC%E3%83%9E%E3%83%BC%E3%81%A8%E5%9B%9E%E8%BB%A2%E5%BC%8F%E3%83%89%E3%83%A9%E3%82%A4%E3%83%A4 HTTP/1.1" 200 42874 "-" "Mozilla/5.0 AppleWebKit/537.36 (KHTML, like Gecko; compatible; bingbot/2.0; +http://www.bing.com/bingbot.htm) Chrome/116.0.1938.76 Safari/537.36"
66.249.72.103 - - [30/Apr/2025:16:09:45 -0400] "GET /?k=85918124809300&channel=04ba3a&from=shop.php%3Fid%3D1248093-5969%26name%3D1%2F700+%E3%82%A2%E3%82%AA%E3%82%B7%E3%83%9E+WL353+%E6%97%A5%E6%9C%AC%E6%B5%B7%E8%BB%8D+%E8%BB%BD%E5%B7%A1%E6%B4%8B%E8%89%A6+%E5%A4%A7%E6%B7%80 HTTP/1.1" 200 51753 "-" "Mozilla/5.0 (Linux; Android 6.0.1; Nexus 5X Build/MMB29P) AppleWebKit/537.36 (KHTML, like Gecko) Chrome/135.0.7049.95 Mobile Safari/537.36 (compatible; Googlebot/2.1; +http://www.google.com/bot.html)"
20.15.133.175 - - [30/Apr/2025:16:11:11 -0400] "GET /?k=15847194512905&channel=369454&from=form.php%3Fid%3D1945129-21813%26name%3D%E3%82%B9%E3%82%B1%E3%83%BC%E3%83%AB%E3%82%AB%E3%83%BC%E3%83%A2%E3%83%87%E3%83%AB+1%3A24+%E6%96%B0%E3%81%97%E3%81%84%E3%82%B8%E3%82%A7%E3%83%83%E3%82%BF%E3%82%AD%E3%83%B3%E3%82%B0%E3%83%80%E3%82%A4%E3%82%AD%E3%83%A3%E3%82%B9%E3%83%88%E5%90%88%E9%87%91%E5%8F%A4%E3%81%84%E3%82%B9%E3%82%BF%E3%82%A4%E3%83%AB%E3%81%AE%E8%BB%8A%E3%83%A2%E3%83%87%E3%83%AB%E3%82%B3%E3%83%AC%E3%82%AF%E3%82%B7%E3%83%A7%E3%83%B3%E8%A3%85%E2%80%8B%E2%80%8B%E9%A3%BE%E3%82%B9%E3%82%B1%E3%83%BC%E3%83%AB%E8%BB%8A%E3%83%A2%E3%83%87%E3%83%AB+%E3%83%87%E3%82%A3%E3%82%B9 HTTP/1.1" 200 40483 "-" "Mozilla/5.0 AppleWebKit/537.36 (KHTML, like Gecko; compatible; bingbot/2.0; +http://www.bing.com/bingbot.htm) Chrome/116.0.1938.76 Safari/537.36"
20.15.133.175 - - [30/Apr/2025:16:13:31 -0400] "GET /?k=74808125825105&channel=0ecf68&from=product.php%3Fid%3D1258251-821%26name%3D%E3%83%90%E3%83%BC%E3%82%B9%E3%83%84%E3%83%BC%E3%83%AB+%E3%83%AC%E3%82%B8%E3%83%A3%E3%83%BC%E3%83%AA%E3%83%95%E3%83%88%E3%83%90%E3%83%BC%E3%83%81%E3%82%A7%E3%82%A2%E5%B0%8F%E3%81%95%E3%81%AA%E3%82%A2%E3%83%91%E3%83%BC%E3%83%88%E3%83%A2%E3%83%80%E3%83%B3%E3%81%AA%E3%83%8F%E3%82%A4%E3%82%B9%E3%83%84%E3%83%BC%E3%83%AB%E3%83%9B%E3%83%BC%E3%83%A0360%E5%9B%9E%E8%BB%A2%E3%83%90%E3%83%BC%E3%83%81%E3%82%A7%E3%82%A2%E3%82%B7%E3%83%B3%E3%83%97%E3%83%AB%E3%81%AA%E3%83%8F%E3%82%A4%E3%83%81%E3%82%A7%E3%82%A2+%E3%82%AB%E3%82%A6%E3%83%B3%E3%82%BF%E3%83%BC%E3%83%8F HTTP/1.1" 200 40108 "-" "Mozilla/5.0 AppleWebKit/537.36 (KHTML, like Gecko; compatible; bingbot/2.0; +http://www.bing.com/bingbot.htm) Chrome/116.0.1938.76 Safari/537.36"
20.15.133.175 - - [30/Apr/2025:16:14:05 -0400] "GET /?k=0242753940003&channel=fcc721&from=category-info.php%3Fid%3D539400-6978%26name%3D%E3%82%A6%E3%82%A7%E3%82%A2%E3%83%8F%E3%82%A6%E3%82%B9%E3%80%80%E3%82%AA%E3%83%BC%E3%83%97%E3%83%B3%E3%82%AB%E3%83%A9%E3%83%BC%E3%83%81%E3%82%A7%E3%83%83%E3%82%AF%E3%82%B7%E3%83%A3%E3%83%84 HTTP/1.1" 200 40060 "-" "Mozilla/5.0 AppleWebKit/537.36 (KHTML, like Gecko; compatible; bingbot/2.0; +http://www.bing.com/bingbot.htm) Chrome/116.0.1938.76 Safari/537.36"
20.15.133.175 - - [30/Apr/2025:16:14:31 -0400] "GET /?k=71188124750107&channel=774e09&from=shop.php%3Fid%3D1247501-22377%26name%3DBONLECILL+%E3%82%B5%E3%83%86%E3%83%B3%E3%82%B8%E3%83%A3%E3%82%AC%E3%83%BC%E3%83%89%E3%82%AA%E3%83%BC%E3%83%AB%E3%82%A4%E3%83%B3%E3%83%AF%E3%83%B3%E3%83%89%E3%83%AC%E3%82%B9+%E3%82%B5%E3%83%AD%E3%83%9A%E3%83%83%E3%83%88%E3%80%80%E7%B5%90%E5%A9%9A%E5%BC%8F HTTP/1.1" 200 39392 "-" "Mozilla/5.0 AppleWebKit/537.36 (KHTML, like Gecko; compatible; bingbot/2.0; +http://www.bing.com/bingbot.htm) Chrome/116.0.1938.76 Safari/537.36"
66.249.72.103 - - [30/Apr/2025:16:14:39 -0400] "GET /?k=5828762430600&channel=2fc753&from=category-info.php%3Fid%3D624306-5970%26name%3D%E6%B2%B9%E5%9C%A7%E3%83%88%E3%83%AB%E3%82%AF%E3%83%AC%E3%83%B3%E3%83%81+MXTA+%E9%A7%86%E5%8B%95%E5%BC%8F%E6%89%8B%E5%8B%95%E8%AA%BF%E6%95%B4%E5%BC%8F%E6%B2%B9%E5%9C%A7%E3%83%88%E3%83%AB%E3%82%AF%E3%83%AC%E3%83%B3%E3%83%81+%E9%80%A0%E8%88%B9%E3%80%81%E7%9F%B3%E6%B2%B9%E5%8C%96%E5%AD%A6%E3%80%81%E9%A2%A8%E5%8A%9B%E7%99%BA%E9%9B%BB%E3%80%81%E6%B0%B4%E5%8A%9B%E7%99%BA%E9%9B%BB%E5%90%91%E3%81%91 HTTP/1.1" 200 51912 "-" "Mozilla/5.0 (Linux; Android 6.0.1; Nexus 5X Build/MMB29P) AppleWebKit/537.36 (KHTML, like Gecko) Chrome/135.0.7049.95 Mobile Safari/537.36 (compatible; Googlebot/2.1; +http://www.google.com/bot.html)"
20.15.133.174 - - [30/Apr/2025:16:14:45 -0400] "GET /?k=7376878440508&channel=e664a0&from=news.php%3Fid%3D784405-600%26name%3D%E3%83%A2%E3%83%B3%E3%82%AF%E3%83%AC%E3%83%BC%E3%83%AB%28MONCLER%29%E3%83%96%E3%83%AB%E3%82%BE%E3%83%B3 HTTP/1.1" 200 40176 "-" "Mozilla/5.0 AppleWebKit/537.36 (KHTML, like Gecko; compatible; bingbot/2.0; +http://www.bing.com/bingbot.htm) Chrome/116.0.1938.76 Safari/537.36"
20.15.133.174 - - [30/Apr/2025:16:14:47 -0400] "GET /?k=00708181182605&channel=4c4841&from=brands.php%3Fid%3D1811826-20003%26name%3D%E3%83%A9%E3%83%AB%E3%83%95%E3%83%AD%E3%83%BC%E3%83%AC%E3%83%B3+%E3%83%8B%E3%83%83%E3%83%88+%E3%82%AB%E3%83%BC%E3%83%87%E3%82%A3%E3%82%AC%E3%83%B3+%E3%82%B5%E3%82%A4%E3%82%BA24M%2890%29 HTTP/1.1" 200 41491 "-" "Mozilla/5.0 AppleWebKit/537.36 (KHTML, like Gecko; compatible; bingbot/2.0; +http://www.bing.com/bingbot.htm) Chrome/116.0.1938.76 Safari/537.36"
