52.167.144.203 - - [30/Apr/2025:11:11:40 -0400] "GET /?k=3659070206108&channel=a9b246&from=jp.php%3Fid%3D702061-5701%26name%3DHomoyoyo+%E9%9B%BB%E5%8B%95%E8%87%AA%E8%BB%A2%E8%BB%8A%E3%83%86%E3%83%BC%E3%83%AB%E3%83%88%E3%83%A9%E3%83%B3%E3%82%AF%E8%8D%B7%E7%89%A9%E3%82%B1%E3%83%BC%E3%82%B9%E9%9B%BB%E5%8B%95%E8%87%AA%E8%BB%A2%E8%BB%8A%E3%83%AA%E3%82%A2%E3%83%9C%E3%83%83%E3%82%AF%E3%82%B9%E9%9B%BB%E5%8B%95%E8%87%AA%E8%BB%A2%E8%BB%8A%E3%83%88%E3%83%A9%E3%83%B3%E3%82%AF%E3%83%9E%E3%82%A6%E3%83%B3%E3%83%88%E9%9B%BB%E5%8B%95%E8%87%AA%E8%BB%A2%E8%BB%8A%E3%83%90%E3%83%83%E3%82%AF%E3%83%AC%E3%82%B9%E3%83%88%E5%8F%8E%E7%B4%8D%E9%9B%BB%E5%8B%95%E8%87%AA HTTP/1.1" 200 39955 "-" "Mozilla/5.0 AppleWebKit/537.36 (KHTML, like Gecko; compatible; bingbot/2.0; +http://www.bing.com/bingbot.htm) Chrome/116.0.1938.76 Safari/537.36"
52.167.144.183 - - [30/Apr/2025:11:11:44 -0400] "GET /?k=6802259079703&channel=5146d9&from=shop.php%3Fid%3D590797-3396%26name%3D%5BUSB%E3%81%A7%E9%8C%B2%E7%94%BB%E3%82%84%E5%86%8D%E7%94%9F%E5%8F%AF%E8%83%BD%5D%E3%83%9D%E3%83%BC%E3%82%BF%E3%83%96%E3%83%AB%E3%83%86%E3%83%AC%E3%83%93++%E3%83%86%E3%83%AC%E3%83%93%E5%B0%8F%E5%9E%8B+14.1%E3%82%A4%E3%83%B3%E3%83%81%EF%BC%88%E3%83%95%E3%82%A1%E3%83%9F%E3%83%A9+DVD%E3%83%97%E3%83%AC%E3%83%BC%E3%83%A4%E3%83%BC+%E3%83%AF%E3%82%A4%E3%83%8914.1%E3%82%A4%E3%83%B3%E3%83%81+%E3%83%86%E3%83%AC%E3%83%93%E9%8C%B2%E7%94%BB%E6%A9%9F%E8%83%BD%E4%BB%98%E3%81%8D+DVD%E3%83%97%E3%83%AC%E3%83%BC%E3%83%A4%E3%83%BC+-+%E3%83%95%E3%82%A1%E3%83%9F%E3%83%AA%E3%83%BC%E3%83%BB%E3%83%A9%E3%82%A4%E3%83%95+%E3%82%AA%E3%83%B3%E3%83%A9%E3%82%A4%E3%83%B3%E3%82%B7%E3%83%A7%E3%83%83%E3%83%97%EF%BC%89 HTTP/1.1" 200 38907 "-" "Mozilla/5.0 AppleWebKit/537.36 (KHTML, like Gecko; compatible; bingbot/2.0; +http://www.bing.com/bingbot.htm) Chrome/116.0.1938.76 Safari/537.36"
52.167.144.190 - - [30/Apr/2025:11:12:10 -0400] "GET /?k=02899173356401&channel=d13572&from=shop.php%3Fid%3D1733564-2419%26name%3D%E8%87%AA%E5%8B%95%E3%83%96%E3%83%83%E3%82%AF%E3%83%9E%E3%83%BC%E3%82%AF%E3%82%B7%E3%83%AA%E3%82%B3%E3%83%B3%E3%80%81%E6%A5%BD%E3%81%97%E3%81%84%E3%83%96%E3%83%83%E3%82%AF%E3%83%9E%E3%83%BC%E3%82%AF+%7C+%E7%8C%AB%E3%81%AE+%E3%83%9E%E3%83%BC%E3%82%AF%E3%82%BB%E3%83%83%E3%83%88%E8%87%AA%E5%8B%95+%E3%83%9E%E3%83%BC%E3%82%AF+-+6%E5%80%8D%E3%81%AE%E3%82%B7%E3%83%AA%E3%82%B3%E3%83%B3%E3%83%9A%E3%83%BC%E3%82%B8%E3%83%9B%E3%83%AB%E3%83%80%E3%83%BC%E3%83%AA%E3%83%BC%E3%83%87%E3%82%A3%E3%83%B3%E3%82%B0%E3%82%A2%E3%82%AF%E3%82%BB HTTP/1.1" 200 41932 "-" "Mozilla/5.0 AppleWebKit/537.36 (KHTML, like Gecko; compatible; bingbot/2.0; +http://www.bing.com/bingbot.htm) Chrome/116.0.1938.76 Safari/537.36"
2a06:98c0:3600::103 - - [30/Apr/2025:11:12:36 -0400] "GET /wordpress/wp-admin/setup-config.php HTTP/1.1" 200 0 "-" "Mozilla/5.0 (Windows NT 10.0; Win64; x64) AppleWebKit/537.36 (KHTML, like Gecko) Chrome/135.0.0.0 Safari/537.36"
52.167.144.190 - - [30/Apr/2025:11:12:51 -0400] "GET /?k=18105185190700&channel=970d16&from=shared.php%3Fid%3D1851907-4514%26name%3D%E6%BA%B6%E8%9E%8D%E5%9C%A7%E5%8A%9B%E3%82%BB%E3%83%B3%E3%82%B5%E3%83%BC+%E9%AB%98%E6%B8%A9%E6%BA%B6%E8%9E%8D%E5%9C%A7%E5%8A%9B%E3%82%BB%E3%83%B3%E3%82%B5%E3%83%BC%2F%E4%BC%9D%E9%80%81%E5%99%A8+CN1-6-M-B35D-1-4-D+%E6%BA%B6%E8%9E%8D%E5%9C%A7%E5%8A%9B%E5%A4%89%E6%8F%9B%E5%99%A8 HTTP/1.1" 200 41664 "-" "Mozilla/5.0 AppleWebKit/537.36 (KHTML, like Gecko; compatible; bingbot/2.0; +http://www.bing.com/bingbot.htm) Chrome/116.0.1938.76 Safari/537.36"
52.167.144.190 - - [30/Apr/2025:11:13:01 -0400] "GET /?k=7229144279904&channel=8e5725&from=blog.php%3Fid%3D442799-13238%26name%3D12%26%2334%3B%E3%83%AA%E3%82%A2%E3%82%A6%E3%82%A4%E3%83%B3%E3%83%89%E3%82%B9%E3%82%AF%E3%83%AA%E3%83%BC%E3%83%B3%E3%83%AF%E3%82%A4%E3%83%91%E3%83%BC%E3%83%96%E3%83%AC%E3%83%BC%E3%83%89%E3%82%A2%E3%83%BC%E3%83%A0%E3%82%BB%E3%83%83%E3%83%88%E3%82%AD%E3%83%83%E3%83%88%E3%81%AB%E3%81%A8%E3%81%A3%E3%81%A6Ho%EF%BC%86nda%E7%94%A8St%EF%BC%86ream%E7%94%A8+MK1+2001+20 HTTP/1.1" 200 40080 "-" "Mozilla/5.0 AppleWebKit/537.36 (KHTML, like Gecko; compatible; bingbot/2.0; +http://www.bing.com/bingbot.htm) Chrome/116.0.1938.76 Safari/537.36"
52.167.144.190 - - [30/Apr/2025:11:13:01 -0400] "GET /?k=61210146360103&channel=694d98&from=product.php%3Fid%3D1463601-24258%26name%3D12+V+%E3%83%97%E3%83%AD%E3%83%95%E3%82%A7%E3%83%83%E3%82%B7%E3%83%A7%E3%83%8A%E3%83%AB%E3%83%87%E3%82%B8%E3%82%BF%E3%83%AB%E3%83%87%E3%82%A3%E3%82%B9%E3%83%97%E3%83%AC%E3%82%A4%E8%AA%98%E5%B0%8E%E3%82%BF%E3%82%A4%E3%83%9F%E3%83%B3%E3%82%B0%E3%83%A9%E3%82%A4%E3%83%88%E8%BB%8A%E3%82%AA%E3%83%BC%E3%83%88%E3%83%90%E3%82%A4%E3%82%AC%E3%82%BD%E3%83%AA%E3%83%B3%E3%82%A8%E3%83%B3%E3%82%B8%E3%83%B3%E7%82%B9%E7%81%AB%E3%82%BF%E3%82%A4%E3%83%9F%E3%83%B3%E3%82%B0%E3%82%B9%E3%83%88%E3%83%AD%E3%83%9C%E3%83%A9%E3%83%B3%E3%83%97%E6%A4%9C%E5%87%BA%E5%99%A8%2C HTTP/1.1" 200 41565 "-" "Mozilla/5.0 AppleWebKit/537.36 (KHTML, like Gecko; compatible; bingbot/2.0; +http://www.bing.com/bingbot.htm) Chrome/116.0.1938.76 Safari/537.36"
52.167.144.183 - - [30/Apr/2025:11:13:06 -0400] "GET /?k=57915152361903&channel=c01320&from=form.php%3Fid%3D1523619-12351%26name%3D%E9%88%B4%E6%9C%A8%E5%B0%9A%E5%85%B8+%E3%83%8F%E3%83%9E%E3%82%B9%E3%82%BF%E3%83%AC%E3%82%B8%E3%82%A7%E3%83%B3%E3%83%89%E3%83%9E%E3%83%83%E3%83%81%E9%81%B8%E6%89%8B%E5%90%8D%E3%83%95%E3%82%A7%E3%82%A4%E3%82%B9%E3%82%BF%E3%82%AA%E3%83%AB+%E6%A8%AA%E6%B5%9CDeNA%E3%83%99%E3%82%A4%E3%82%B9%E3%82%BF%E3%83%BC%E3%82%BA+%E3%82%BF%E3%82%AA%E3%83%AB%E6%A8%AA%E6%B5%9C%E3%82%B9%E3%82%BF%E3%82%B8%E3%82%A2%E3%83%A0%E9%88%B4%E6%9C%A8%E5%B0%9A%E3%83%A6%E3%83%8B%E3%83%95%E3%82%A9%E3%83%BC%E3%83%A0%E9%88%B4%E6%9C%A8%E3%83%8F%E3%83%9E%E3%82%B9%E3%82%BF HTTP/1.1" 200 42371 "-" "Mozilla/5.0 AppleWebKit/537.36 (KHTML, like Gecko; compatible; bingbot/2.0; +http://www.bing.com/bingbot.htm) Chrome/116.0.1938.76 Safari/537.36"
52.167.144.190 - - [30/Apr/2025:11:14:41 -0400] "GET /?k=52131173742306&channel=a913a5&from=shared.php%3Fid%3D1737423-8932%26name%3D%E3%83%8F%E3%83%B3%E3%82%AC%E3%83%BC%E3%83%A9%E3%83%83%E3%82%AF+%E3%83%88%E3%83%AD%E3%83%BC%E3%83%AA%E3%83%BC%E3%83%8F%E3%83%B3%E3%82%AC%E3%83%BC+%E3%83%91%E3%82%A4%E3%83%97%E3%83%8F%E3%83%B3%E3%82%AC%E3%83%BC+%E8%A1%A3%E9%A1%9E%E5%8F%8E%E7%B4%8D+%E6%B4%97%E6%BF%AF%E7%89%A9%E5%B9%B2%E3%81%97+%E3%82%AD%E3%83%A3%E3%82%B9%E3%82%BF%E3%83%BC%E4%BB%98%E3%81%8D+%E5%8F%8E%E7%B4%8D%E4%BB%98%E3%81%8D+%E3%83%90%E3%82%B9%E3%82%B1%E3%83%83%E3%83%88%E3%83%AF%E3%82%B4%E3%83%B3+%E5%A4%A7%E5%AE%B9%E9%87%8F+%E5%8F%8E%E7%B4%8D%E5%AE%B6%E5%85%B7+%E7%B5%84%E3%81%BF%E7%AB%8B%E3%81%A6+%E6%97%A5%E6%9C%AC%E8%AA%9E%E8%AA%AC%E6%98%8E%E6%9B%B8 HTTP/1.1" 200 41292 "-" "Mozilla/5.0 AppleWebKit/537.36 (KHTML, like Gecko; compatible; bingbot/2.0; +http://www.bing.com/bingbot.htm) Chrome/116.0.1938.76 Safari/537.36"
52.167.144.183 - - [30/Apr/2025:11:18:22 -0400] "GET /?k=300786143606&channel=cab244&from=jp.php%3Fid%3D61436-5399%26name%3D%E3%83%97%E3%83%A9%E3%82%B9%E3%83%81%E3%83%83%E3%82%AF%E3%82%B7%E3%83%BC%E3%83%88%E3%80%81%E3%83%9D%E3%83%AA%E3%82%AB%E3%83%BC%E3%83%9C%E3%83%8D%E3%83%BC%E3%83%88%E5%B1%8B%E6%A0%B9%E3%82%B7%E3%83%BC%E3%83%88%E3%80%81%E6%9B%B2%E3%81%92%E3%82%84%E3%81%99%E3%81%8F%E5%88%87%E6%96%AD%E3%81%97%E3%82%84%E3%81%99%E3%81%84%E3%82%AC%E3%83%A9%E3%82%B9%E3%83%95%E3%82%A1%E3%82%A4%E3%83%90%E3%83%BC%E3%83%91%E3%83%8D%E3%83%AB%E3%80%81%E7%B4%AB%E5%A4%96%E7%B7%9A%E9%98%B2%E6%AD%A2%E9%80%8F%E6%98%8E%E9%98%B2%E9%9B%A8%E3%83%9C%E3%83%BC%E3%83%89%E3%80%81%E5%9C%92%E8%8A%B8%E3%80%81%E8%BE%B2%E6%A5%AD%E3%80%81 HTTP/1.1" 200 40438 "-" "Mozilla/5.0 AppleWebKit/537.36 (KHTML, like Gecko; compatible; bingbot/2.0; +http://www.bing.com/bingbot.htm) Chrome/116.0.1938.76 Safari/537.36"
52.167.144.196 - - [30/Apr/2025:11:18:52 -0400] "GET /?k=62892171810000&channel=ce82a8&from=category-info.php%3Fid%3D1718100-11438%26name%3DOkiyakusama+%E8%87%AA%E5%8B%95%E8%BB%8A%E3%83%9C%E3%83%87%E3%82%A3%E3%81%AE%E3%81%B8%E3%81%93%E3%81%BF%E4%BF%AE%E7%90%86%E3%83%84%E3%83%BC%E3%83%AB+%E8%87%AA%E5%8B%95%E8%BB%8A%E5%A1%97%E8%A3%85%E4%B8%8D%E8%A6%81%E3%81%AE%E4%BF%AE%E7%90%86%E7%94%A8%E3%83%97%E3%83%BC%E3%83%A9%E3%83%BC+%E9%9B%B9%E3%81%AB%E3%82%88%E3%82%8B%E3%81%B8%E3%81%93%E3%81%BF%E3%81%AE%E9%99%A4%E5%8E%BB+%E8%87%AA%E5%8B%95%E8%BB%8A%E7%94%A8%E3%82%A8%E3%82%AD%E3%82%B9%E3%83%91%E3%83%B3%E3%83%80%E3%83%BC HTTP/1.1" 200 41225 "-" "Mozilla/5.0 AppleWebKit/537.36 (KHTML, like Gecko; compatible; bingbot/2.0; +http://www.bing.com/bingbot.htm) Chrome/116.0.1938.76 Safari/537.36"
52.167.144.196 - - [30/Apr/2025:11:20:43 -0400] "GET /?k=2262678606000&channel=b1ed40&from=shop.php%3Fid%3D786060-14700%26name%3DDLAK%28%E3%83%87%E3%82%A3%E3%83%A9%E3%83%83%E3%82%AF%29+%E7%AD%86%E3%82%92%E4%BD%BF%E3%81%A3%E3%81%9F%E7%B5%B5%E7%94%BB%E3%81%A8%E6%9B%B8%E9%81%93+%E3%82%A2%E3%83%BC%E3%83%88%E3%83%84%E3%83%BC%E3%83%AB+%E5%88%9D%E5%BF%83%E8%80%85%E5%90%91%E3%81%91%E6%96%87%E5%85%B7+%E7%B5%B5%E7%AD%86%E3%83%9A%E3%82%A4%E3%83%B3%E3%82%BF%E3%83%BC HTTP/1.1" 200 42306 "-" "Mozilla/5.0 AppleWebKit/537.36 (KHTML, like Gecko; compatible; bingbot/2.0; +http://www.bing.com/bingbot.htm) Chrome/116.0.1938.76 Safari/537.36"
52.167.144.196 - - [30/Apr/2025:11:21:02 -0400] "GET /?k=47732134234103&channel=1625ec&from=pin.php%3Fid%3D1342341-20140%26name%3D%5BWJW%5D+%E9%98%B2%E5%88%83%E6%9C%8D%E3%80%815%E3%83%AC%E3%83%99%E3%83%AB%E9%98%B2%E5%88%83%E6%9C%8D%E3%80%81%E5%AE%89%E5%85%A8%E3%83%99%E3%82%B9%E3%83%88%E3%80%81%E3%82%BF%E3%82%AF%E3%83%86%E3%82%A3%E3%82%AB%E3%83%AB%E3%82%B8%E3%83%A3%E3%82%B1%E3%83%83%E3%83%88%E3%80%81%E8%80%90%E5%88%87%E5%89%B5%E3%82%BB%E3%82%AD%E3%83%A5%E3%83%AA%E3%83%86%E3%82%A3%E6%9C%8D%E3%80%81%E8%80%90%E5%88%87%E5%89%B5%E6%9C%8D%E3%80%81%E8%AD%A6%E5%AF%9F%E3%81%8A%E3%82%88%E3%81%B3%E8%AD%A6%E5%82%99%E5%93%A1%E7%94%A8 HTTP/1.1" 200 40776 "-" "Mozilla/5.0 AppleWebKit/537.36 (KHTML, like Gecko; compatible; bingbot/2.0; +http://www.bing.com/bingbot.htm) Chrome/116.0.1938.76 Safari/537.36"
52.167.144.183 - - [30/Apr/2025:11:21:22 -0400] "GET /?k=40040167225102&channel=78f740&from=article.php%3Fid%3D1672251-5823%26name%3D%E3%81%A1%E3%81%84%E3%81%8B%E3%82%8F%EF%BC%88Chiikawa%EF%BC%89%3Cbr%3E%E3%83%87%E3%82%B6%E3%82%B3%E3%83%AC%EF%BC%88%E3%83%88%E3%83%B3%E3%83%9C%E3%82%B3%E3%83%A9%E3%83%9C%EF%BC%89%EF%BC%88%E5%8F%A4%E6%9C%AC%E5%B1%8B%EF%BC%89%3Cbr%3E%EF%BC%AF%EF%BD%90%EF%BD%94.%E3%82%B7%E3%83%A3%E3%83%BC%E3%83%97%E3%83%9A%E3%83%B3%E3%82%B7%E3%83%AB0.5mm%3Cbr%3E%EF%BC%88S4484819%EF%BC%89 HTTP/1.1" 200 43217 "-" "Mozilla/5.0 AppleWebKit/537.36 (KHTML, like Gecko; compatible; bingbot/2.0; +http://www.bing.com/bingbot.htm) Chrome/116.0.1938.76 Safari/537.36"
52.167.144.196 - - [30/Apr/2025:11:21:26 -0400] "GET /?k=9878520321004&channel=cc2567&from=article.php%3Fid%3D203210-1974%26name%3DLE+GLAZIK%EF%BC%88%E3%83%AB+%E3%82%B0%E3%83%A9%E3%82%B8%E3%83%83%E3%82%AF%EF%BC%89%E3%82%A6%E3%83%BC%E3%83%AB+%E3%83%80%E3%83%96%E3%83%AB%E3%83%96%E3%83%AC%E3%82%B9%E3%83%88%E3%82%B3%E3%83%BC%E3%83%88%EF%BC%8F%E3%82%B0%E3%83%AC%E3%83%BC+%E7%BE%8E%E5%93%81 HTTP/1.1" 200 40318 "-" "Mozilla/5.0 AppleWebKit/537.36 (KHTML, like Gecko; compatible; bingbot/2.0; +http://www.bing.com/bingbot.htm) Chrome/116.0.1938.76 Safari/537.36"
52.167.144.196 - - [30/Apr/2025:11:21:27 -0400] "GET /?k=72273150893906&channel=5d7388&from=form.php%3Fid%3D1508939-8875%26name%3D%E9%AB%98%E5%9C%A7%E3%82%B7%E3%83%A3%E3%83%AF%E3%83%BC%E3%83%98%E3%83%83%E3%83%89%E6%89%8B%E6%8C%81%E3%81%A1%E5%BC%8FON%2FOFF%E3%82%B9%E3%82%A4%E3%83%83%E3%83%81%E4%BB%98%E3%81%8D%E3%80%81%E6%89%8B%E6%8C%81%E3%81%A1%E5%BC%8F%E3%82%B7%E3%83%A3%E3%83%AF%E3%83%BC%E3%83%98%E3%83%83%E3%83%89%E3%80%813%E3%83%A2%E3%83%BC%E3%83%89%E6%89%8B%E6%8C%81%E3%81%A1%E5%BC%8F%E3%82%B7%E3%83%A3%E3%83%AF%E3%83%BC%E3%83%98%E3%83%83%E3%83%89 HTTP/1.1" 200 40706 "-" "Mozilla/5.0 AppleWebKit/537.36 (KHTML, like Gecko; compatible; bingbot/2.0; +http://www.bing.com/bingbot.htm) Chrome/116.0.1938.76 Safari/537.36"
40.77.167.116 - - [30/Apr/2025:11:22:51 -0400] "GET /?k=70602169794601&channel=91b264&from=jp.php%3Fid%3D1697946-7177%26name%3D%E7%A0%82%E5%88%A9+%E4%BF%9D%E8%AD%B7%E6%9D%90+%E3%83%9E%E3%83%83%E3%83%88+%E3%82%8F%E3%81%9A%E3%81%8B%E3%81%AA%E6%96%9C%E9%9D%A2%E3%81%AE%E5%AE%89%E5%AE%9A%E8%A3%85%E7%BD%AE%E3%81%AE%E7%B6%B2%E3%81%AE%E9%80%8F%E9%81%8E%E6%80%A7%E3%81%AE%E8%88%97%E8%A3%85%E3%80%81%E9%87%8D%E3%81%84%E8%B2%A0%E8%8D%B7%E6%8A%B5%E6%8A%97%E3%81%AE+Geo+%E3%81%AE%E6%A0%BC%E5%AD%90%E3%80%81%E9%80%A0%E5%9C%92%E3%81%AE%E7%A7%81%E9%81%93%E3%81%AE%E3%81%9F%E3%82%81%E3%81%AE%E3%83%9D%E3%83%AA%E3%82%A8%E3%83%81%E3%83%AC%E3%83%B3%E3%81%AE%E8%8D%89%E3%81%AE HTTP/1.1" 200 41225 "-" "Mozilla/5.0 AppleWebKit/537.36 (KHTML, like Gecko; compatible; bingbot/2.0; +http://www.bing.com/bingbot.htm) Chrome/116.0.1938.76 Safari/537.36"
40.77.167.116 - - [30/Apr/2025:11:22:52 -0400] "GET /?k=8240774630402&channel=b1588e&from=shop.php%3Fid%3D746304-424%26name%3D%E5%AE%A4%E5%86%85%E7%8C%AB%E7%94%A8%E3%83%A9%E3%83%B3%E3%83%8B%E3%83%B3%E3%82%B0%E3%83%95%E3%83%AC%E3%83%BC%E3%83%A0+%E7%8C%AB%E3%82%AF%E3%83%A9%E3%82%A4%E3%83%9F%E3%83%B3%E3%82%B0%E3%83%95%E3%83%AC%E3%83%BC%E3%83%A0%E7%8C%AB%E3%81%AE%E5%B7%A3%E7%8C%AB%E3%83%84%E3%83%AA%E3%83%BC%E7%8C%AB%E6%A3%9A%E3%83%8F%E3%83%B3%E3%83%A2%E3%83%83%E3%82%AF%E5%A4%9A%E5%B1%A4%E7%8C%AB%E3%82%AF%E3%83%A9%E3%82%A4%E3%83%9F%E3%83%B3%E3%82%B0%E3%82%B3%E3%83%A9%E3%83%A0%E7%8C%AB%E3%82%B8%E3%83%A3%E3%83%B3%E3%83%97%E5%8F%B0+%E7%8C%AB%E3%81%AE%E3%83%A9%E3%83%B3%E3%83%8B%E3%83%B3%E3%82%B0%E3%83%95 HTTP/1.1" 200 41687 "-" "Mozilla/5.0 AppleWebKit/537.36 (KHTML, like Gecko; compatible; bingbot/2.0; +http://www.bing.com/bingbot.htm) Chrome/116.0.1938.76 Safari/537.36"
40.77.167.116 - - [30/Apr/2025:11:24:22 -0400] "GET /atom.xml HTTP/1.1" 200 95547 "-" "Mozilla/5.0 AppleWebKit/537.36 (KHTML, like Gecko; compatible; bingbot/2.0; +http://www.bing.com/bingbot.htm) Chrome/116.0.1938.76 Safari/537.36"
52.167.144.167 - - [30/Apr/2025:11:24:26 -0400] "GET /?k=711785297701&channel=2a3406&from=pin.php%3Fid%3D52977-4909%26name%3DPry+Bars++%E3%83%9F%E3%83%8B%E3%83%9D%E3%82%B1%E3%83%83%E3%83%88%E3%82%AF%E3%83%A9%E3%83%B3%E3%82%AF+%E3%82%AF%E3%83%AD%E3%83%BC%E3%83%90%E3%83%BC+%E3%82%AD%E3%83%BC%E3%83%81%E3%82%A7%E3%83%BC%E3%83%B3+%E3%82%B5%E3%83%90%E3%82%A4%E3%83%90%E3%83%AB%E3%82%B9%E3%82%AF%E3%83%AC%E3%83%BC%E3%83%91%E3%83%BC+%E3%82%B9%E3%83%86%E3%83%B3%E3%83%AC%E3%82%B9%E3%82%B9%E3%83%81%E3%83%BC%E3%83%AB+%E3%83%9E%E3%82%A4%E3%82%AF%E3%83%AD%E3%83%84%E3%83%BC%E3%83%AB%E3%80%81%E3%82%B9%E3%83%86%E3%83%B3%EF%BC%88%E3%82%B9%E3%83%86%E3%83%B3%E3%83%AC%E3%82%B9%E3%83%9C%E3%83%88%E3%83%AB+%E3%82%B9%E3%83%9D%E3%83%BC%E3%83%84%E3%83%89%E3%83%AA%E3%83%B3%E3%82%AF%E5%AF%BE%E5%BF%9C+AKE-R60%E3%83%BB80+%E9%80%9A%E8%B2%A9%E3%80%90%E3%83%8B%E3%83%83%E3%82%BB%E3%83%B3%E3%80%91%EF%BC%89 HTTP/1.1" 200 42002 "-" "Mozilla/5.0 AppleWebKit/537.36 (KHTML, like Gecko; compatible; bingbot/2.0; +http://www.bing.com/bingbot.htm) Chrome/116.0.1938.76 Safari/537.36"
40.77.167.116 - - [30/Apr/2025:11:25:11 -0400] "GET /?k=1601639061800&channel=8ecd9c&from=category-info.php%3Fid%3D390618-6662%26name%3D2%E6%AE%B5%E5%BC%8F%E3%82%B3%E3%83%B3%E3%83%94%E3%83%A5%E3%83%BC%E3%82%BF%E3%83%87%E3%82%B9%E3%82%AF%E3%83%88%E3%83%83%E3%83%97%E6%9C%AC%E6%A3%9A%E3%80%81%E5%A4%9A%E7%9B%AE%E7%9A%84%E3%82%AB%E3%82%A6%E3%83%B3%E3%82%BF%E3%83%BC%E3%83%88%E3%83%83%E3%83%97%E3%83%87%E3%82%A3%E3%82%B9%E3%83%97%E3%83%AC%E3%82%A4%E6%A3%9A%E3%80%81%E3%82%AA%E3%83%95%E3%82%A3%E3%82%B9%E3%80%81%E8%87%AA%E5%AE%85%E3%80%81%E5%AF%AE%E3%80%81%E3%83%87%E3%82%B9%E3%82%AF%E3%83%8F%E3%83%83%E3%83%81%E3%82%AA%E3%83%BC%E3%82%AC%E3%83%8A%E3%82%A4%E3%82%B6%E3%83%BC HTTP/1.1" 200 41863 "-" "Mozilla/5.0 AppleWebKit/537.36 (KHTML, like Gecko; compatible; bingbot/2.0; +http://www.bing.com/bingbot.htm) Chrome/116.0.1938.76 Safari/537.36"
66.249.72.103 - - [30/Apr/2025:11:31:14 -0400] "GET /?k=51792180537707&channel=efa1d9&from=form.php%3Fid%3D1805377-10965%26name%3DIBOSAD+%E3%82%A2%E3%83%AB%E3%83%9F%E3%83%8B%E3%82%A6%E3%83%A0%E5%90%88%E9%87%91%E6%B2%B9%E5%9C%A7%E3%83%8E%E3%83%83%E3%82%AF%E3%82%A2%E3%82%A6%E3%83%88%E3%83%9B%E3%83%BC%E3%83%AB%E3%83%91%E3%83%B3%E3%83%81%E3%83%89%E3%83%A9%E3%82%A4%E3%83%90%E3%83%BC%E3%82%AD%E3%83%83%E3%83%88+1%2F2%7E2%E3%82%A4%E3%83%B3%E3%83%81+%E9%9B%BB%E6%B0%97%E3%82%B3%E3%83%B3%E3%82%B8%E3%83%83%E3%83%88%E3%83%9B%E3%83%BC%E3%83%AB%E3%82%AB%E3%83%83%E3%82%BF%E3%83%BC%E3%82%BB%E3%83%83%E3%83%88+K HTTP/1.1" 200 52025 "-" "Mozilla/5.0 (Linux; Android 6.0.1; Nexus 5X Build/MMB29P) AppleWebKit/537.36 (KHTML, like Gecko) Chrome/135.0.7049.95 Mobile Safari/537.36 (compatible; Googlebot/2.1; +http://www.google.com/bot.html)"
2a06:98c0:3600::103 - - [30/Apr/2025:11:32:11 -0400] "GET /wordpress/wp-admin/setup-config.php HTTP/1.1" 200 0 "-" "Mozilla/5.0 (Windows NT 10.0; Win64; x64) AppleWebKit/537.36 (KHTML, like Gecko) Chrome/135.0.0.0 Safari/537.36"
66.249.72.104 - - [30/Apr/2025:11:32:21 -0400] "GET /?k=9850843264103&channel=22c54e&from=jp.php%3Fid%3D432641-6296%26name%3D32GB+%E4%BA%A4%E6%8F%9B%E7%94%A8%E3%83%A1%E3%83%A2%E3%83%AA+RAM+%E3%82%A2%E3%83%83%E3%83%97%E3%82%B0%E3%83%AC%E3%83%BC%E3%83%89+SuperMicro+SuperServer+6017R-TDF%2B+%28DDR3-14 HTTP/1.1" 200 52022 "-" "Mozilla/5.0 (Linux; Android 6.0.1; Nexus 5X Build/MMB29P) AppleWebKit/537.36 (KHTML, like Gecko) Chrome/135.0.7049.95 Mobile Safari/537.36 (compatible; Googlebot/2.1; +http://www.google.com/bot.html)"
2a06:98c0:3600::103 - - [30/Apr/2025:11:33:38 -0400] "GET /wp-admin/setup-config.php HTTP/1.1" 200 0 "-" "Mozilla/5.0 (Windows NT 10.0; Win64; x64) AppleWebKit/537.36 (KHTML, like Gecko) Chrome/135.0.0.0 Safari/537.36"
66.249.72.103 - - [30/Apr/2025:11:33:40 -0400] "GET /?k=48121149973107&channel=b0c144&from=news.php%3Fid%3D1499731-14473%26name%3D%281%E6%99%82%E9%96%93%E9%99%90%E5%AE%9A%E2%80%BC%EF%B8%8F%292ne1+%E3%83%9A%E3%83%B3%E3%83%A9%E3%82%A4%E3%83%88%E3%80%80%E3%80%80%EF%BC%8A%E7%AE%B1%E7%84%A1%E3%81%97 HTTP/1.1" 200 51341 "-" "Mozilla/5.0 (Linux; Android 6.0.1; Nexus 5X Build/MMB29P) AppleWebKit/537.36 (KHTML, like Gecko) Chrome/135.0.7049.95 Mobile Safari/537.36 (compatible; Googlebot/2.1; +http://www.google.com/bot.html)"
66.249.72.103 - - [30/Apr/2025:11:34:16 -0400] "GET /?k=26909150617102&channel=f1093d&from=news.php%3Fid%3D1506171-6066%26name%3D%E3%83%80%E3%82%A6%E3%83%B3%E3%82%B8%E3%83%A3%E3%82%B1%E3%83%83%E3%83%88+%E3%83%A1%E3%83%B3%E3%82%BA+%E5%86%AC+5Xl+%E3%83%9E%E3%83%88+%E3%83%8F%E3%83%83%E3%83%88+%E9%98%B2%E5%AF%92%E4%B8%8A%E4%B8%8B+%E3%82%A2%E3%82%A4%E3%82%BA%E3%83%95%E3%83%AD%E3%83%B3%E3%83%86%E3%82%A3%E3%82%A2+%E9%98%B2%E5%AF%92%E7%9D%80+%E4%B8%8A%E4%B8%8B+%E7%A7%8B%E5%86%AC%E3%82%B8%E3%83%A3%E3%82%B1%E3%83%83%E3%83%88+%E3%82%A2%E3%82%A6%E3%82%BF%E3%83%BC%E6%98%A5%E7%89%A9%E3%83%A1%E3%83%B3%E3%82%BA HTTP/1.1" 200 53362 "-" "Mozilla/5.0 (Linux; Android 6.0.1; Nexus 5X Build/MMB29P) AppleWebKit/537.36 (KHTML, like Gecko) Chrome/135.0.7049.95 Mobile Safari/537.36 (compatible; Googlebot/2.1; +http://www.google.com/bot.html)"
40.77.167.74 - - [30/Apr/2025:11:35:34 -0400] "GET /?k=5691038500303&channel=2c5d17&from=article.php%3Fid%3D385003-9056%26name%3D%E9%9B%BB%E6%B0%97%E5%A0%86%E8%82%A5%E7%AE%B1%E3%80%814L+%E3%82%B9%E3%83%9E%E3%83%BC%E3%83%88%E5%BB%83%E6%A3%84%E7%89%A9%E3%82%AD%E3%83%83%E3%83%81%E3%83%B3%E3%82%B3%E3%83%B3%E3%83%9D%E3%82%B9%E3%82%BF%E3%83%BC%E3%80%81%E7%84%A1%E8%87%AD%E5%B1%8B%E5%86%85%E5%A0%86%E8%82%A5%E7%AE%B1%E3%80%81%E9%A3%9F%E5%93%81%E3%82%92%E3%83%97%E3%83%AC%E5%A0%86%E8%82%A5%E3%81%AB%E5%A4%89%E6%8F%9B%E3%80%81%E8%87%AA%E5%8B%95%E6%B4%97%E6%B5%84%E3%82%B5%E3%82%A4%E3%82%AF%E3%83%AB%E6%A9%9F%E8%83%BD%E3%80%81%E3%82%AD%E3%83%83%E3%83%81%E3%83%B3%E3%82%B9%E3%82%AF%E3%83%A9%E3%83%83%E3%83%97 HTTP/1.1" 200 41921 "-" "Mozilla/5.0 AppleWebKit/537.36 (KHTML, like Gecko; compatible; bingbot/2.0; +http://www.bing.com/bingbot.htm) Chrome/116.0.1938.76 Safari/537.36"
40.77.167.74 - - [30/Apr/2025:11:36:13 -0400] "GET /?k=7726986729000&channel=cf2400&from=brands.php%3Fid%3D867290-15698%26name%3D%E3%82%B9%E3%83%86%E3%83%B3%E3%83%AC%E3%82%B9%E3%83%A1%E3%83%83%E3%82%B7%E3%83%A5+%E9%87%91%E7%B6%B2%E3%83%A1%E3%83%83%E3%82%B7%E3%83%A5+SUS%EF%BC%9A316+%E3%83%A1%E3%83%83%E3%82%B7%E3%83%A5%EF%BC%9A130%EF%BD%9C%E7%B7%9A%E5%BE%84%EF%BC%88mm%EF%BC%89%EF%BC%9A0.08%EF%BD%9C%E7%9B%AE%E9%96%8B%E3%81%8D%EF%BC%88mm%EF%BC%89%EF%BC%9A0.115%EF%BD%9C%E5%A4%A7%E3%81%8D%E3%81%95%EF%BC%9A10 HTTP/1.1" 200 41387 "-" "Mozilla/5.0 AppleWebKit/537.36 (KHTML, like Gecko; compatible; bingbot/2.0; +http://www.bing.com/bingbot.htm) Chrome/116.0.1938.76 Safari/537.36"
52.167.144.142 - - [30/Apr/2025:11:36:28 -0400] "GET /?k=722955731600&channel=9e63d7&from=product.php%3Fid%3D57316-5229%26name%3D%E3%82%AD%E3%83%A3%E3%83%B3%E3%83%97%E7%94%A8%E8%AA%BF%E7%90%86%E5%99%A8%E5%85%B7+%E7%A1%AC%E8%B3%AA%E9%99%BD%E6%A5%B5%E9%85%B8%E5%8C%96%E3%82%A2%E3%83%AB%E3%83%9F%E3%83%8B%E3%82%A6%E3%83%A0%E5%90%88%E9%87%91%E3%82%92%E4%BD%BF%E7%94%A8%E3%81%97%E3%81%9F%E3%82%AD%E3%83%A3%E3%83%B3%E3%83%97%E7%94%A8%E8%AA%BF%E7%90%86%E5%99%A8%E5%85%B7+%E3%82%A2%E3%82%A6%E3%83%88%E3%83%89%E3%82%A2%E3%82%AD%E3%83%A3%E3%83%B3%E3%83%97%E7%94%A8%E8%AA%BF%E7%90%86%E5%99%A8%E5%85%B7%E3%83%9D%E3%83%83%E3%83%88+%E3%83%AF%E3%83%B3%E3%83%94%E3%83%BC%E3%82%B9+%E3%83%80%E3%82%A4%E3%82%AB HTTP/1.1" 200 42308 "-" "Mozilla/5.0 AppleWebKit/537.36 (KHTML, like Gecko; compatible; bingbot/2.0; +http://www.bing.com/bingbot.htm) Chrome/116.0.1938.76 Safari/537.36"
40.77.167.74 - - [30/Apr/2025:11:38:23 -0400] "GET /?k=3809073034404&channel=814c79&from=brands.php%3Fid%3D730344-4594%26name%3D%E3%82%B9%E3%83%88%E3%83%AA%E3%83%B3%E3%82%B0%E3%83%88%E3%83%AA%E3%83%9E%E3%83%BC%E4%BA%A4%E6%8F%9B%E7%94%A8%E3%82%B9%E3%83%97%E3%83%BC%E3%83%AB%E3%83%A9%E3%82%A4%E3%83%B3%E3%80%810.06%E3%82%A4%E3%83%B3%E3%83%81%E8%87%AA%E5%8B%95%E3%83%95%E3%82%A3%E3%83%BC%E3%83%89%E3%82%B9%E3%83%97%E3%83%BC%E3%83%AB%E3%81%A8%E3%83%A9%E3%82%A4%E3%83%B3%E4%BA%A4%E6%8F%9B%E7%94%A8%E3%82%B9%E3%83%97%E3%83%BC%E3%83%AB%E3%80%81%E3%83%80%E3%83%96%E3%83%AB%E3%83%A9%E3%82%A4%E3%83%B3%E3%82%B9%E3%83%88%E3%83%AA%E3%83%B3%E3%82%B0%E3%83%88%E3%83%AA%E3%83%9E%E3%83%BC%E3%82%A6%E3%82%A3 HTTP/1.1" 200 41478 "-" "Mozilla/5.0 AppleWebKit/537.36 (KHTML, like Gecko; compatible; bingbot/2.0; +http://www.bing.com/bingbot.htm) Chrome/116.0.1938.76 Safari/537.36"
40.77.167.74 - - [30/Apr/2025:11:39:43 -0400] "GET /?k=97524125700106&channel=de5075&from=article.php%3Fid%3D1257001-9734%26name%3D%E7%B2%98%E5%9C%9F%E3%82%AD%E3%83%A3%E3%82%BB%E3%83%AD%E3%83%BC%E3%83%AB%E3%83%9D%E3%83%83%E3%83%88%E3%83%86%E3%83%A9%E3%82%B3%E3%83%83%E3%82%BF%E3%82%B7%E3%83%81%E3%83%A5%E3%83%BC%E3%83%9D%E3%83%83%E3%83%88%E3%82%BB%E3%83%A9%E3%83%9F%E3%83%83%E3%82%AF%E3%82%AD%E3%83%A3%E3%82%BB%E3%83%AD%E3%83%BC%E3%83%AB-%E8%80%90%E7%86%B1%E6%80%A7%E3%80%81%E4%BF%9D%E6%B8%A9%E6%80%A7%E3%81%A8%E4%BF%9D%E6%B8%A9%E6%80%A7%E3%80%81%E9%80%80%E8%89%B2%E3%81%97%E3%81%AA%E3%81%84%E3%80%81%E3%81%8A%E6%89%8B%E5%85%A5%E3%82%8C%E3%81%8C%E7%B0%A1%E5%8D%98-%E5%AE%B9%E9%87%8F3L_ HTTP/1.1" 200 41360 "-" "Mozilla/5.0 AppleWebKit/537.36 (KHTML, like Gecko; compatible; bingbot/2.0; +http://www.bing.com/bingbot.htm) Chrome/116.0.1938.76 Safari/537.36"
40.77.167.74 - - [30/Apr/2025:11:40:04 -0400] "GET /?k=7610068379305&channel=f7ab1a&from=article.php%3Fid%3D683793-13776%26name%3D%E8%87%AA%E5%8B%95%E3%82%AB%E3%83%BC%E3%83%89%E3%82%AB%E3%83%83%E3%82%BF%E3%83%BC%E8%A3%BD%E6%9C%AC%E6%A9%9F%E9%9B%BB%E5%8B%95%E3%82%AB%E3%83%83%E3%82%BF%E3%83%BC%E5%90%8D%E5%88%BA%E3%82%AB%E3%83%83%E3%82%BF%E3%83%BC%E3%82%AB%E3%83%83%E3%83%88120-350g%E5%90%8D%E5%88%BA%E7%94%A8%E7%B4%99 HTTP/1.1" 200 40689 "-" "Mozilla/5.0 AppleWebKit/537.36 (KHTML, like Gecko; compatible; bingbot/2.0; +http://www.bing.com/bingbot.htm) Chrome/116.0.1938.76 Safari/537.36"
40.77.167.74 - - [30/Apr/2025:11:40:33 -0400] "GET /?k=5929193256500&channel=dedd8e&from=blog.php%3Fid%3D932565-2628%26name%3D%E3%83%9B%E3%83%B3%E3%83%80+%E7%B4%94%E6%AD%A3+%E3%82%B4%E3%83%BC%E3%83%AB%E3%83%89%E3%82%A6%E3%82%A3%E3%83%B3%E3%82%B0+%E3%83%AA%E3%82%A2%E3%83%96%E3%83%AC%E3%83%BC%E3%82%AD%E3%82%B9%E3%83%88%E3%83%83%E3%83%97+%E3%82%AF%E3%83%AB%E3%83%BC%E3%82%BA%E3%82%B9%E3%82%A4%E3%83%83%E3%83%81 HTTP/1.1" 200 39610 "-" "Mozilla/5.0 AppleWebKit/537.36 (KHTML, like Gecko; compatible; bingbot/2.0; +http://www.bing.com/bingbot.htm) Chrome/116.0.1938.76 Safari/537.36"
40.77.167.74 - - [30/Apr/2025:11:42:04 -0400] "GET /?k=2708143599405&channel=20344a&from=shared.php%3Fid%3D435994-9451%26name%3DAuyyhui++%E6%9C%AC%E6%A3%9A5%E3%81%A4%E3%81%AE%E5%B1%A4%E3%81%AE%E5%AE%B6%E3%81%AE%E5%B1%85%E9%96%93%E3%81%AE%E3%81%9F%E3%82%81%E6%81%AF%E3%81%AE%E7%94%A3%E6%A5%AD%E6%9C%AC%E6%A3%9A%E3%80%81%E5%A4%A7%E3%81%8D%E3%81%84%E7%8F%BE%E4%BB%A3%E6%9C%A8%E3%81%AE%E6%9C%AC%E6%A3%9A%E3%81%AE%E9%96%8B%E3%81%84%E3%81%9F%E3%81%84%E8%AA%BF%E7%AF%80%E5%8F%AF%E8%83%BD%E3%81%AA%E6%9C%AC%E7%AE%B1%E3%81%A8%E3%82%AA%E3%83%95%E3%82%A3%E3%82%B9%E3%82%BF%E3%82%A4%E3%83%97%E3%81%AE%E5%8F%8E%E7%B4%8D%E3%82%AD%E3%83%A3%E3%83%93%E3%83%8D%E3%83%83%EF%BC%88Auyyhui+%E6%9C%AC%E6%A3%9A5%E3%81%A4%E3%81%AE%E5%B1%A4%E3%81%AE%E5%AE%B6%E3%81%AE%E5%B1%85%E9%96%93%E3%81%AE%E3%81%9F%E3%82%81%E6%81%AF%E3%81%AE%E7%94%A3%E6%A5%AD%E6%9C%AC%E6%A3%9A%E3%80%81%E5%A4%A7%E3%81%8D%E3%81%84%E7%8F%BE%E4%BB%A3%E6%9C%A8%E3%81%AE%E6%9C%AC%E6%A3%9A%E3%81%AE%E9%96%8B%E3%81%84%E3%81%9F%E3%81%84%E8%AA%BF%E7%AF%80%E5%8F%AF%E8%83%BD%E3%81%AA%E6%9C%AC%E7%AE%B1%E3%81%A8%E3%82%AA%E3%83%95%E3%82%A3%E3%82%B9%E3%82%BF%E3%82%A4%E3%83%97%E3%81%AE%E5%8F%8E%E7%B4%8D%E3%82%AD%E3%83%A3%E3%83%93%E3%83%8D%E3%83%83%EF%BC%88Amazon%EF%BD%9C%E8%83%8C%E3%81%AE%E9%AB%98%E3%81%84++5+%E3%81%A4%E3%81%AE%E6%A3%9A%E3%81%AE%E6%9C%AC%E6%A3%9A%E3%80%81%E5%9B%B3%E6%9B%B8%E5%AE%A4%E3%80%81%E5%B1%85%E9%96%93%E3%81%8A%E3%82%88%E3%81%B3%E3%83%9B%E3%83%BC%E3%83%A0+%E3%82%AA%E3%83%95%E3%82%A3%E3%82%B9%E3%81%AE%E3%81%9F%E3%82%81%E3%81%AE%E4%B8%88%E5%A4%AB%E3%81%AA%E8%A1%A8%E7%A4%BA%E3%82%AD%E3%83%A3%E3%83%93%E3%83%8D%E3%83%83%E3%83%88%E3%80%81%E5%A4%A7%E3%81%8D%E3%81%84%E9%96%8B%E3%81%84%E3%81%9F%E6%9C%AC%E6%A3%9A%E3%80%81%E6%94%AF%E3%81%88%E3%81%8C%E3%81%AA%E3%81%84+...%EF%BC%89 HTTP/1.1" 200 41637 "-" "Mozilla/5.0 AppleWebKit/537.36 (KHTML, like Gecko; compatible; bingbot/2.0; +http://www.bing.com/bingbot.htm) Chrome/116.0.1938.76 Safari/537.36"
52.167.144.22 - - [30/Apr/2025:11:43:13 -0400] "GET /?k=7167082210105&channel=eb40dd&from=product.php%3Fid%3D822101-17900%26name%3D%E3%83%9B%E3%83%BC%E3%82%B9%E3%83%A9%E3%83%83%E3%82%AF%E3%80%81%E5%A4%96%E9%83%A8%E3%81%AE%E6%B0%B4%E3%83%9B%E3%83%BC%E3%82%B9%E3%83%9B%E3%83%AB%E3%83%80%E3%83%BC+-+%E3%83%91%E3%82%A4%E3%83%97%E5%B7%BB%E7%B7%9A%E3%82%B9%E3%83%88%E3%83%AC%E3%83%BC%E3%82%B8%E3%83%95%E3%83%AC%E3%83%BC%E3%83%A0%2C%E3%83%98%E3%83%93%E3%83%BC%E3%83%87%E3%83%A5%E3%83%BC%E3%83%86%E3%82%A3%E3%82%AC%E3%83%BC%E3%83%87%E3%83%B3%EF%BC%86%E3%83%A4%E3%83%BC%E3%83%89%E3%82%A6%E3%82%A9%E3%83%BC%E3%83%AB%E3%83%9E%E3%82%A6%E3%83%B3%E3%83%88%E3%83%9B%E3%83%BC%E3%82%B9%E3%83%90%E3%83%88%E3%83%A9 HTTP/1.1" 200 40599 "-" "Mozilla/5.0 AppleWebKit/537.36 (KHTML, like Gecko; compatible; bingbot/2.0; +http://www.bing.com/bingbot.htm) Chrome/116.0.1938.76 Safari/537.36"
52.167.144.22 - - [30/Apr/2025:11:43:14 -0400] "GET /?k=84851113315304&channel=780964&from=product.php%3Fid%3D1133153-7474%26name%3D%E3%81%AD%E3%81%98%E4%BF%AE%E7%90%86%E3%82%AD%E3%83%83%E3%83%88%E3%80%81%E3%81%AD%E3%81%98%E4%BF%AE%E7%90%86%E3%83%84%E3%83%BC%E3%83%AB%E3%80%8110PCS%E3%82%A4%E3%83%B3%E3%82%B8%E3%82%A7%E3%82%AF%E3%82%BF%E3%83%BC%E3%82%AF%E3%83%A9%E3%83%B3%E3%83%97%E3%83%9C%E3%83%AB%E3%83%88%E3%81%AD%E3%81%98%E4%BF%AE%E7%90%86%E3%82%AD%E3%83%83%E3%83%88%E9%AB%98%E5%BC%B7%E5%BA%A6%E4%BA%A4%E6%8F%9B%E7%94%A8%E3%83%99%E3%83%B3%E3%83%84CDI%E3%82%A8%E3%83%B3%E3%82%B8%E3%83%B3%E7%94%A8 HTTP/1.1" 200 41361 "-" "Mozilla/5.0 AppleWebKit/537.36 (KHTML, like Gecko; compatible; bingbot/2.0; +http://www.bing.com/bingbot.htm) Chrome/116.0.1938.76 Safari/537.36"
40.77.167.74 - - [30/Apr/2025:11:43:17 -0400] "GET /?k=8788764372404&channel=047a10&from=category-info.php%3Fid%3D643724-6121%26name%3D%E7%9B%86%E6%A0%BD%E5%88%88%E8%BE%BC%E3%81%BF%E3%82%BB%E3%83%83%E3%83%88+%E3%82%B9%E3%83%86%E3%83%B3%E3%83%AC%E3%82%B9%E8%A3%BD%E3%83%8E%E3%83%96%E3%82%AB%E3%83%83%E3%82%BF%E3%83%BC+%E5%89%AA%E5%AE%9A%E7%94%A8%E3%81%AF%E3%81%95%E3%81%BF%2C+%E8%8A%B1%E3%81%AE%E3%82%A2%E3%83%AC%E3%83%B3%E3%82%B8%E3%83%A1%E3%83%B3%E3%83%88%E3%82%84%E5%BA%AD%E5%9C%92%E4%BD%9C%E6%A5%AD%E3%81%AB%E6%9C%80%E9%81%A9%2C+%E9%AB%98%E7%A1%AC%E5%BA%A6%E3%81%A7%E8%80%90%E4%B9%85%E6%80%A7%E3%81%AE%E3%81%82%E3%82%8B%E6%9D%90%E6%96%99%2C+%E3%82%B9%E3%83%86%E3%83%B3 HTTP/1.1" 200 40684 "-" "Mozilla/5.0 AppleWebKit/537.36 (KHTML, like Gecko; compatible; bingbot/2.0; +http://www.bing.com/bingbot.htm) Chrome/116.0.1938.76 Safari/537.36"
40.77.167.74 - - [30/Apr/2025:11:43:18 -0400] "GET /?k=09004148356101&channel=92710e&from=shop.php%3Fid%3D1483561-12160%26name%3DAuyyhui%E8%A1%A3%E9%A1%9E%E4%B9%BE%E7%87%A5%E6%A9%9F+4kg%EF%BD%9C%E5%B0%8F%E5%9E%8B%E3%83%BB%E3%82%B3%E3%83%B3%E3%83%91%E3%82%AF%E3%83%88%EF%BD%9C%E5%AE%B6%E5%BA%AD%E7%94%A8%EF%BD%9C%E5%B8%83%E5%9B%A3%E4%B9%BE%E7%87%A5%E3%83%BB%E9%99%A4%E6%B9%BF%EF%BD%9C%E9%AB%98%E6%B8%A9%E9%99%A4%E8%8F%8C%EF%BD%9C%E9%9D%99%E9%9F%B3%EF%BD%9C%E5%A3%81%E6%8E%9B%E3%81%91%E5%8F%AF%EF%BD%9C%E4%B8%80%E4%BA%BA%E6%9A%AE%E3%82%89%E3%81%97%E5%AF%BE%E5%BF%9C%EF%BD%9C%E6%A2%85%E9%9B%A8%E3%83%BB%E3%82%AB%E3%83%93%E3%83%BB%E8%8A%B1 HTTP/1.1" 200 40678 "-" "Mozilla/5.0 AppleWebKit/537.36 (KHTML, like Gecko; compatible; bingbot/2.0; +http://www.bing.com/bingbot.htm) Chrome/116.0.1938.76 Safari/537.36"
40.77.167.70 - - [30/Apr/2025:11:43:29 -0400] "GET /?k=92220138274205&channel=4f0e6f&from=shop.php%3Fid%3D1382742-23863%26name%3D40%E3%82%A4%E3%83%B3%E3%83%81%EF%BD%9E70%E3%82%A4%E3%83%B3%E3%83%81%E3%81%AELED%E3%83%86%E3%83%AC%E3%83%93%E3%83%9E%E3%82%A6%E3%83%B3%E3%83%88%E3%80%81%E8%B6%85%E8%96%84%E5%9E%8B%E3%83%86%E3%83%AC%E3%83%93%E5%A4%A9%E4%BA%95%E3%83%9E%E3%82%A6%E3%83%B3%E3%83%88%E3%83%96%E3%83%A9%E3%82%B1%E3%83%83%E3%83%88%E3%80%81%E4%BC%B8%E7%B8%AE%E5%BC%8F%E9%AB%98%E3%81%95%E8%AA%BF%E6%95%B4%E3%80%81%E7%B4%8430%C2%B0%E5%9B%9E%E8%BB%A2%E3%80%81%E6%9C%80%E5%A4%A740kg%E3%81%AE%E3%83%86%E3%83%AC%E3%83%93 HTTP/1.1" 200 42016 "-" "Mozilla/5.0 AppleWebKit/537.36 (KHTML, like Gecko; compatible; bingbot/2.0; +http://www.bing.com/bingbot.htm) Chrome/116.0.1938.76 Safari/537.36"
52.167.144.217 - - [30/Apr/2025:11:44:34 -0400] "GET /?k=29993174159106&channel=4fbf01&from=goods.php%3Fid%3D1741591-20243%26name%3D%E5%B1%8B%E5%A4%96%E3%82%B5%E3%83%B3%E3%82%B7%E3%82%A7%E3%83%BC%E3%83%89%E5%82%98%E3%80%81%E5%B1%8B%E5%A4%96%E3%83%86%E3%83%BC%E3%83%96%E3%83%AB%E3%83%9E%E3%83%BC%E3%82%B1%E3%83%83%E3%83%88%E3%83%A4%E3%83%BC%E3%83%89%E5%82%98%E3%80%81%E3%82%AF%E3%83%A9%E3%83%B3%E3%82%AF%E3%81%A8%E9%A0%91%E4%B8%88%E3%81%AA%E3%83%AA%E3%83%96%E3%81%AE%E7%B0%A1%E5%8D%98%E3%81%AA%E3%83%97%E3%83%83%E3%82%B7%E3%83%A5%E3%83%9C%E3%82%BF%E3%83%B3%E3%80%81%E8%80%90%E9%A2%A8%E6%80%A7%E3%80%81%E8%80%90%E4%B9%85%E6%80%A7%E3%80%81%E8%BB%BD%E9%87%8F HTTP/1.1" 200 41546 "-" "Mozilla/5.0 AppleWebKit/537.36 (KHTML, like Gecko; compatible; bingbot/2.0; +http://www.bing.com/bingbot.htm) Chrome/116.0.1938.76 Safari/537.36"
52.167.144.217 - - [30/Apr/2025:11:45:04 -0400] "GET /?k=70077164567401&channel=9ed739&from=shared.php%3Fid%3D1645674-17558%26name%3D%E9%87%91%E5%B1%9E%E3%83%97%E3%83%AD%E3%82%B8%E3%82%A7%E3%82%AF%E3%83%88%E7%94%A8%E6%B1%8E%E7%94%A8%E6%BA%B6%E6%8E%A5%E3%82%AD%E3%83%83%E3%83%88+-+%E5%A4%9A%E6%A9%9F%E8%83%BD%E6%BA%B6%E6%8E%A5%E7%B7%B4%E7%BF%92%E3%83%84%E3%83%BC%E3%83%AB%E3%82%BB%E3%83%83%E3%83%88+%7C+%E9%87%91%E5%B1%9E%E6%BA%B6%E6%8E%A5%E7%B7%B4%E7%BF%92%E3%82%AD%E3%83%83%E3%83%88%E3%80%81%E5%88%9D%E5%BF%83%E8%80%85%E3%81%AB%E6%9C%80%E9%81%A9%E3%80%81%E6%BA%B6%E6%8E%A5%E3%82%B9%E3%82%AD%E3%83%AB%E5%90%91%E4%B8%8A%E3%83%88%E3%83%AC%E3%83%BC%E3%83%8B%E3%83%B3%E3%82%B0%E3%82%AD HTTP/1.1" 200 39953 "-" "Mozilla/5.0 AppleWebKit/537.36 (KHTML, like Gecko; compatible; bingbot/2.0; +http://www.bing.com/bingbot.htm) Chrome/116.0.1938.76 Safari/537.36"
2a06:98c0:3600::103 - - [30/Apr/2025:11:45:15 -0400] "GET /wp-admin/setup-config.php HTTP/1.1" 200 0 "-" "Mozilla/5.0 (Windows NT 10.0; Win64; x64) AppleWebKit/537.36 (KHTML, like Gecko) Chrome/135.0.0.0 Safari/537.36"
52.167.144.147 - - [30/Apr/2025:11:47:23 -0400] "GET /?k=74533127349202&channel=36cdae&from=info.php%3Fid%3D1273492-3266%26name%3DLED%E3%82%B5%E3%82%A6%E3%82%A4%E3%83%B3%E3%82%AB%E3%83%BC+%E8%BB%8A%E3%81%AE%E3%83%90%E3%83%83%E3%82%AF%E3%83%9F%E3%83%A9%E3%83%BC%E3%82%B5%E3%82%A4%E3%83%89%E3%83%9F%E3%83%A9%E3%83%BC+LED+%E3%82%BF%E3%83%BC%E3%83%B3%E3%82%B7%E3%82%B0%E3%83%8A%E3%83%AB%E3%83%A9%E3%82%A4%E3%83%88%E3%82%A6%E3%82%A4%E3%83%B3%E3%82%AB%E3%83%BC%E3%82%B5%E3%82%A4%E3%83%89%E3%82%A6%E3%82%A4%E3%83%B3%E3%82%B0%E3%83%AA%E3%83%94%E3%83%BC%E3%82%BF%E3%83%BC%E5%8F%8D%E8%BB%A2%E3%82%A4%E3%83%B3%E3%82%B8%E3%82%B1%E3%83%BC%E3%82%BF%E3%83%A9%E3%83%B3 HTTP/1.1" 200 40725 "-" "Mozilla/5.0 AppleWebKit/537.36 (KHTML, like Gecko; compatible; bingbot/2.0; +http://www.bing.com/bingbot.htm) Chrome/116.0.1938.76 Safari/537.36"
40.77.167.70 - - [30/Apr/2025:11:47:30 -0400] "GET /?k=82899184522803&channel=7d3dde&from=article.php%3Fid%3D1845228-14824%26name%3DFarigrut+%E9%89%84%E9%8D%8B%E5%9C%9F%E9%8D%8B+%E9%89%84%E9%8B%B3%E7%89%A9%E8%A3%BD+%E3%82%AC%E3%82%B9%E7%81%AB+IH+%E5%AF%BE%E5%BF%9C+%E9%8B%B3%E9%89%84%E9%8D%8B%E5%AE%B6%E5%BA%AD%E7%94%A8%E4%B8%A1%E8%80%B3%E5%A4%A7%E5%9E%8B%E9%89%84%E9%8D%8B%E6%98%94%E3%81%AA%E3%81%8C%E3%82%89%E3%81%AE%E4%B8%B8%E5%BA%95%E3%82%AC%E3%82%B9+%E5%A4%9A%E7%9B%AE%E7%9A%84%E9%8D%8B+%E6%9C%AC%E6%A0%BC%E7%9A%84%E3%81%AA%E9%89%84%E8%A3%BD%E3%81%AE%E3%81%8A%E9%8D%8B%E3%81%A7 HTTP/1.1" 200 41917 "-" "Mozilla/5.0 AppleWebKit/537.36 (KHTML, like Gecko; compatible; bingbot/2.0; +http://www.bing.com/bingbot.htm) Chrome/116.0.1938.76 Safari/537.36"
40.77.167.70 - - [30/Apr/2025:11:47:30 -0400] "GET /?k=2528660875703&channel=45d91d&from=form.php%3Fid%3D608757-14495%26name%3D%E3%83%97%E3%83%AD%E3%81%AE%E3%82%AB%E3%83%A9%E3%83%BC%E3%82%A2%E3%83%8A%E3%83%A9%E3%82%A4%E3%82%B6%E3%83%BC%E5%88%86%E5%85%89%E5%85%89%E5%BA%A6%E8%A8%88%E3%83%87%E3%82%B8%E3%82%BF%E3%83%AB%E6%AD%A3%E7%A2%BA%E3%81%AA%E3%82%AB%E3%83%AA%E3%83%A1%E3%83%BC%E3%82%BF%E3%83%BC%E3%82%AB%E3%83%A9%E3%83%BC%E5%B7%AE%E3%83%A1%E3%83%BC%E3%83%88%E3%83%AB%E9%AB%98%E7%B2%BE%E5%BA%A6%E3%81%AE%E3%83%9D%E3%83%BC%E3%82%BF%E3%83%96%E3%83%ABNS800+%E8%89%B2%E8%A8%88%E3%82%AB%E3%83%A9%E3%83%BC%E3%83%A1%E3%83%BC%E3%82%BF%E3%83%BC HTTP/1.1" 200 41894 "-" "Mozilla/5.0 AppleWebKit/537.36 (KHTML, like Gecko; compatible; bingbot/2.0; +http://www.bing.com/bingbot.htm) Chrome/116.0.1938.76 Safari/537.36"
2a06:98c0:3600::103 - - [30/Apr/2025:11:47:39 -0400] "GET /wordpress/wp-admin/setup-config.php HTTP/1.1" 200 0 "-" "Mozilla/5.0 (Windows NT 10.0; Win64; x64) AppleWebKit/537.36 (KHTML, like Gecko) Chrome/135.0.0.0 Safari/537.36"
40.77.167.70 - - [30/Apr/2025:11:50:41 -0400] "GET /?k=1124794255509&channel=886206&from=product.php%3Fid%3D942555-19053%26name%3D%E3%83%AF%E3%82%A4%E3%83%A4%E3%83%AC%E3%82%B9%E3%83%89%E3%82%A2%E3%83%99%E3%83%AB%E3%82%AD%E3%83%83%E3%83%88-%E3%83%90%E3%83%83%E3%83%86%E3%83%AA%E3%83%BC%E4%B8%8D%E8%A6%81%E3%81%AE%E9%98%B2%E6%B0%B4%401%E9%80%81%E4%BF%A1%E6%A9%9F%2B1%E5%8F%97%E4%BF%A1%E6%A9%9F%E3%80%81150M%E5%8B%95%E4%BD%9C%E7%AF%84%E5%9B%B2%E3%80%8158%E9%9F%B3%E6%A5%BD%E3%80%814%E9%9F%B3%E9%87%8F%E8%AA%BF%E6%95%B4%E5%8F%AF%E8%83%BD-%E7%99%BD%EF%BC%882%EF%BC%89 HTTP/1.1" 200 40917 "-" "Mozilla/5.0 AppleWebKit/537.36 (KHTML, like Gecko; compatible; bingbot/2.0; +http://www.bing.com/bingbot.htm) Chrome/116.0.1938.76 Safari/537.36"
52.167.144.147 - - [30/Apr/2025:11:50:46 -0400] "GET /?k=03379172688507&channel=763dbf&from=article.php%3Fid%3D1726885-5771%26name%3D%23%E8%A1%9D%E7%AB%8B%E5%92%8C%E9%A2%A8%E3%83%91%E3%83%BC%E3%83%86%E3%83%BC%E3%82%B7%E3%83%A7%E3%83%B3%E3%83%81%E3%83%A7%E3%82%A4%E5%B0%8F%E3%81%95%E3%82%81%E8%A1%9D%E7%AB%8B%E7%B5%90%E7%95%8C1%E6%9E%9A%E5%BC%8F%E5%B1%8F%E9%A2%A8%E9%96%93%E4%BB%95%E5%88%87%E3%82%8A%E5%92%8C%E9%A2%A8%E3%82%B9%E3%83%80%E3%83%AC%E8%AA%BF%E5%B1%8F%E9%A2%A8 HTTP/1.1" 200 40424 "-" "Mozilla/5.0 AppleWebKit/537.36 (KHTML, like Gecko; compatible; bingbot/2.0; +http://www.bing.com/bingbot.htm) Chrome/116.0.1938.76 Safari/537.36"
52.167.144.217 - - [30/Apr/2025:11:51:06 -0400] "GET /?k=50196103293804&channel=baf5a3&from=info.php%3Fid%3D1032938-9747%26name%3D%5BRssdaaacz%5D+%E3%82%BF%E3%82%AD%E3%82%B7%E3%83%BC%E3%83%89%E7%94%B7%E6%80%A7%E3%82%AE%E3%83%95%E3%83%88%E7%94%A8%E3%83%A1%E3%83%B3%E3%82%BA%E3%82%BD%E3%83%AA%E3%83%83%E3%83%89%E3%83%9B%E3%83%AF%E3%82%A4%E3%83%88%E3%82%B9%E3%83%BC%E3%83%84%E3%83%99%E3%82%B9%E3%83%88%E3%82%B7%E3%83%AB%E3%82%AF%E3%83%81%E3%83%A7%E3%83%83%E3%82%AD%E3%83%95%E3%82%A9%E3%83%BC%E3%83%9E%E3%83%AB%E3%83%9A%E3%82%A4%E3%82%BA%E3%83%AA%E3%83%BC%E3%83%8D%E3%82%AF%E3%82%BF%E3%82%A4%E3%82%AB%E3%83%95%E3%82%B9%E3%83%9D%E3%82%B1 HTTP/1.1" 200 40839 "-" "Mozilla/5.0 AppleWebKit/537.36 (KHTML, like Gecko; compatible; bingbot/2.0; +http://www.bing.com/bingbot.htm) Chrome/116.0.1938.76 Safari/537.36"
52.167.144.217 - - [30/Apr/2025:11:51:06 -0400] "GET /?k=08008180526201&channel=b0c622&from=shared.php%3Fid%3D1805262-5958%26name%3DWETT+3%2F8%E3%82%A4%E3%83%B3%E3%83%81+%E3%83%89%E3%83%A9%E3%82%A4%E3%83%96+%E6%B5%85%E3%81%84+%E3%83%A6%E3%83%8B%E3%83%90%E3%83%BC%E3%82%B5%E3%83%AB+%E3%82%A4%E3%83%B3%E3%83%91%E3%82%AF%E3%83%88%E3%82%BD%E3%82%B1%E3%83%83%E3%83%88%E3%82%BB%E3%83%83%E3%83%88+15%E3%83%94%E3%83%BC%E3%82%B9+%E3%82%B9%E3%82%A4%E3%83%99%E3%83%AB%E3%82%BD%E3%82%B1%E3%83%83%E3%83%88+%E6%9F%94%E8%BB%9F%E3%81%AA%E3%82%A6%E3%82%A9%E3%83%96%E3%83%AB%E4%BB%98%E3%81%8D+%E3%83%A1 HTTP/1.1" 200 40828 "-" "Mozilla/5.0 AppleWebKit/537.36 (KHTML, like Gecko; compatible; bingbot/2.0; +http://www.bing.com/bingbot.htm) Chrome/116.0.1938.76 Safari/537.36"
66.249.72.104 - - [30/Apr/2025:11:52:56 -0400] "GET /?k=4572165501100&channel=dd7b92&from=news.php%3Fid%3D655011-12141%26name%3D%E3%82%A2%E3%83%AB%E3%83%9F+AP2000+%E5%88%87%E6%9D%BF+%E6%9D%BF%E5%8E%9A+10%EF%BD%8D%EF%BD%8D+690mm%C3%97340mm HTTP/1.1" 200 0 "-" "Mozilla/5.0 (Linux; Android 6.0.1; Nexus 5X Build/MMB29P) AppleWebKit/537.36 (KHTML, like Gecko) Chrome/135.0.7049.95 Mobile Safari/537.36 (compatible; GoogleOther)"
66.249.72.104 - - [30/Apr/2025:11:53:07 -0400] "GET /?k=1807642932902&channel=6a2403&from=news.php%3Fid%3D429329-1275%26name%3D%E3%82%BF%E3%82%A4%E3%83%A0%E3%82%BB%E3%83%BC%E3%83%ABrepetto+CENDRILLON+%E3%83%95%E3%83%A9%E3%83%83%E3%83%88%E3%82%B7%E3%83%A5 HTTP/1.1" 200 0 "-" "Mozilla/5.0 (Linux; Android 6.0.1; Nexus 5X Build/MMB29P) AppleWebKit/537.36 (KHTML, like Gecko) Chrome/135.0.7049.95 Mobile Safari/537.36 (compatible; GoogleOther)"
52.167.144.147 - - [30/Apr/2025:11:55:04 -0400] "GET /?k=3228044410200&channel=253ad8&from=form.php%3Fid%3D444102-13239%26name%3D%E9%9B%BB%E5%8B%95%E3%82%B9%E3%82%AF%E3%83%BC%E3%82%BF%E3%83%BC%E3%82%BF%E3%82%A4%E3%83%A4+%E9%9B%BB%E5%8B%95%E3%82%B9%E3%82%AF%E3%83%BC%E3%82%BF%E3%83%BC%E3%82%BF%E3%82%A4%E3%83%A4%E3%80%81%E9%98%B2%E7%88%86%E8%80%90%E6%91%A9%E8%80%97%E6%80%A7%E3%82%BD%E3%83%AA%E3%83%83%E3%83%89%E3%82%BF%E3%82%A4%E3%83%A4%E3%80%81%E3%83%A1%E3%83%B3%E3%83%86%E3%83%8A%E3%83%B3%E3%82%B9%E3%83%95%E3%83%AA%E3%83%BC%E9%9D%9E%E8%86%A8%E5%BC%B5%E3%82%A2%E3%83%B3%E3%83%81%E3%83%91%E3%83%B3%E3%82%AF%E3%80%81%E3%82%B9%E3%82%AF%E3%83%BC%E3%82%BF%E3%83%BC%2F%E3%83%90%E3%83%A9%E3%83%B3%E3%82%B9%E3%82%AB HTTP/1.1" 200 43476 "-" "Mozilla/5.0 AppleWebKit/537.36 (KHTML, like Gecko; compatible; bingbot/2.0; +http://www.bing.com/bingbot.htm) Chrome/116.0.1938.76 Safari/537.36"
40.77.167.247 - - [30/Apr/2025:11:55:08 -0400] "GET /?k=123081101303&channel=faf175&from=shared.php%3Fid%3D11013-1846%26name%3D%E5%B1%8B%E5%A4%96%E7%94%A8IP65%E9%98%B2%E6%B0%B4%E9%98%B2%E9%9B%A8%E5%B1%8B%E5%A4%96%E3%82%BD%E3%83%BC%E3%83%A9%E3%83%BC%E3%82%A8%E3%83%8D%E3%83%AB%E3%82%AE%E3%83%BC%E3%83%94%E3%83%A9%E3%83%BC%E3%83%9D%E3%82%B9%E3%83%88%E3%83%A9%E3%82%A4%E3%83%88%E9%87%91%E5%B1%9E%E3%82%BD%E3%83%BC%E3%83%A9%E3%83%BC%E3%82%AB%E3%83%A9%E3%83%A0%E3%83%A9%E3%83%B3%E3%83%97%E3%83%95%E3%82%A3%E3%82%AF%E3%82%B9%E3%83%81%E3%83%A3%E3%83%BC%E3%83%AC%E3%83%88%E3%83%AD%E3%83%B4%E3%82%A3%E3%83%B3%E3%83%86%E3%83%BC%E3%82%B8%E3%83%93%E3%83%A9%E3%82%AC%E3%83%BC%E3%83%87%E3%83%B3%E3%83%A9 HTTP/1.1" 200 42713 "-" "Mozilla/5.0 AppleWebKit/537.36 (KHTML, like Gecko; compatible; bingbot/2.0; +http://www.bing.com/bingbot.htm) Chrome/116.0.1938.76 Safari/537.36"
40.77.167.247 - - [30/Apr/2025:11:55:55 -0400] "GET /?k=8898226764001&channel=dcb875&from=blog.php%3Fid%3D267640-9770%26name%3D%E3%82%AD%E3%83%83%E3%83%81%E3%83%B3%E3%82%AB%E3%82%A6%E3%83%B3%E3%82%BF%E3%83%BC%E3%83%86%E3%83%BC%E3%83%96%E3%83%AB+%E3%82%AD%E3%83%83%E3%83%81%E3%83%B3%E3%82%AB%E3%82%A6%E3%83%B3%E3%82%BF%E3%83%BC+%E3%82%AD%E3%83%83%E3%83%81%E3%83%B3%E3%83%A9%E3%83%83%E3%82%AF+%E3%82%AB%E3%82%A6%E3%83%B3%E3%82%BF%E3%83%BC%E3%83%86%E3%83%BC%E3%83%96%E3%83%AB+%E3%82%B4%E3%83%9F%E7%AE%B1%E5%8F%8E%E7%B4%8D+%E6%9C%A8%E7%9B%AE%E3%83%87%E3%82%B6%E3%82%A4%E3%83%B3+%E3%81%8A%E3%81%97%E3%82%83%E3%82%8C+%E5%8F%8E%E7%B4%8D+%E5%8F%AF%E5%8B%95%E6%A3%9A%E3%83%A9%E3%83%83%E3%82%AF+%E5%8F%8E%E7%B4%8D%E3%83%A9%E3%83%83%E3%82%AF+%E4%BD%9C%E6%A5%AD%E3%82%B9%E3%83%9A%E3%83%BC%E3%82%B9+%E3%82%B9%E3%82%BF%E3%83%B3%E3%83%87%E3%82%A3%E3%83%B3%E3%82%B0%E3%83%87%E3%82%B9%E3%82%AF+%E3%83%AA%E3%83%A2%E3%83%BC%E3%83%88%E3%83%AF%E3%83%BC%E3%82%AF+%E9%96%93%E4%BB%95%E5%88%87%E3%82%8A%E3%82%AB%E3%82%A6%E3%83%B3%E3%82%BF%E3%83%BC+Salus+CHKNT-1260 HTTP/1.1" 200 40437 "-" "Mozilla/5.0 AppleWebKit/537.36 (KHTML, like Gecko; compatible; bingbot/2.0; +http://www.bing.com/bingbot.htm) Chrome/116.0.1938.76 Safari/537.36"
52.167.144.180 - - [30/Apr/2025:11:56:04 -0400] "GET /?k=274207562703&channel=2cfb10&from=form.php%3Fid%3D75627-5970%26name%3DPIB-DV-20C+%E6%AD%A3%E9%80%86%E9%9B%BB%E5%8B%95%E3%82%A4%E3%83%B3%E3%83%91%E3%82%AF%E3%83%88%E3%83%AC%E3%83%B3%E3%83%81%2F%E3%83%9C%E3%83%AB%E3%83%88%E5%8F%96%E3%82%8A%E5%A4%96%E3%81%97%E3%83%88%E3%83%AB%E3%82%AF%E3%83%AC%E3%83%B3%E3%83%81++M12-M20+%E9%89%84%E9%81%93%E6%A9%8B%E6%A2%81%E3%80%81%E5%BB%BA%E8%A8%AD%E6%A9%9F%E6%A2%B0%E3%81%A7%E3%81%AE%E4%BD%BF%E7%94%A8%EF%BC%88CKS500+%7C+%E7%B7%8F%E5%90%88%E5%B7%A5%E5%85%B7%E3%83%A1%E3%83%BC%E3%82%AB%E3%83%BC%E3%80%81TONE%E6%A0%AA%E5%BC%8F%E4%BC%9A%E7%A4%BE%EF%BC%89 HTTP/1.1" 200 41486 "-" "Mozilla/5.0 AppleWebKit/537.36 (KHTML, like Gecko; compatible; bingbot/2.0; +http://www.bing.com/bingbot.htm) Chrome/116.0.1938.76 Safari/537.36"
40.77.167.12 - - [30/Apr/2025:11:56:33 -0400] "GET /?k=00217165491100&channel=488194&from=article.php%3Fid%3D1654911-6770%26name%3D%E3%80%90%E7%AC%AC1%E9%A1%9E%E5%8C%BB%E8%96%AC%E5%93%81%E3%80%91++2%E5%80%8B%E3%80%8E%E3%82%AA%E3%83%83%E3%83%88%E3%83%94%E3%83%B3S+5g%E3%80%8F+%E7%94%B7%E6%80%A7%E3%83%9B%E3%83%AB%E3%83%A2%E3%83%B3%E3%81%AE%E8%A3%9C%E5%85%85+%E8%96%AC%E5%89%A4%E5%B8%AB%E5%AF%BE%E5%BF%9C+%E5%8B%83%E8%B5%B7%E5%8A%9B%E4%B8%8D%E5%85%A8%E3%82%84%E6%97%A9%E6%BC%8F%E3%81%AE%E6%80%A7%E6%A9%9F%E8%83%BD%E9%9A%9C%E5%AE%B3+%E9%A0%AD%E7%97%9B+%E5%80%A6%E6%80%A0+%E8%A8%98%E6%86%B6%E5%8A%9B%E6%B8%9B%E9%80%80%E3%81%AE%E6%9B%B4%E5%B9%B4%E6%9C%9F%E9%9A%9C%E5%AE%B3 HTTP/1.1" 200 44283 "-" "Mozilla/5.0 AppleWebKit/537.36 (KHTML, like Gecko; compatible; bingbot/2.0; +http://www.bing.com/bingbot.htm) Chrome/116.0.1938.76 Safari/537.36"
52.167.144.180 - - [30/Apr/2025:11:57:55 -0400] "GET /?k=4090297088106&channel=3de803&from=brands.php%3Fid%3D970881-17083%26name%3D%E6%8A%97%E8%8F%8C%E3%82%B9%E3%82%AF%E3%82%A8%E3%82%A2%E3%83%9B%E3%83%AF%E3%82%A4%E3%83%88%E3%83%88%E3%82%A4%E3%83%AC%E3%82%B7%E3%83%BC%E3%83%88%E8%93%8B%E3%82%BD%E3%83%95%E3%83%88%E3%82%AF%E3%83%AD%E3%83%BC%E3%82%BA%E3%82%AF%E3%82%A4%E3%83%83%E3%82%AF%E3%83%AA%E3%83%AA%E3%83%BC%E3%82%B9%E3%82%AB%E3%83%90%E3%83%BC%E4%B8%8A%E9%83%A8%E5%9B%BA%E5%AE%9A%E3%83%92%E3%83%B3%E3%82%B8%E4%BB%98%E3%81%8D%E7%B0%A1%E5%8D%98%E5%8F%96%E3%82%8A%E4%BB%98%E3%81%91WC%E3%83%88%E3%82%A4%E3%83%AC%E3%82%B7%E3%83%BC%E3%83%88%E7%94%A840%E3%80%9C45+%2A HTTP/1.1" 200 41763 "-" "Mozilla/5.0 AppleWebKit/537.36 (KHTML, like Gecko; compatible; bingbot/2.0; +http://www.bing.com/bingbot.htm) Chrome/116.0.1938.76 Safari/537.36"
40.77.167.12 - - [30/Apr/2025:11:58:03 -0400] "GET /?k=96129183510402&channel=7fac66&from=goods.php%3Fid%3D1835104-27107%26name%3D%E3%83%9F%E3%83%8B%E8%B2%A1%E5%B8%83+%E3%83%9F%E3%83%8B+%E4%BD%BF%E3%81%84%E3%82%84%E3%81%99%E3%81%84+%E3%82%B3%E3%82%A4%E3%83%B3%E3%82%B1%E3%83%BC%E3%82%B9+%E3%83%AC%E3%83%87%E3%82%A3%E3%83%BC%E3%82%B9+%E3%83%95%E3%82%A7%E3%82%A4%E3%82%AF%E3%83%AC%E3%82%B6%E3%83%BC+%E3%82%B3%E3%83%B3%E3%83%91%E3%82%AF%E3%83%88+%E3%82%B9%E3%83%AA%E3%83%A0+%E4%BA%8C%E3%81%A4%E6%8A%98%E3%82%8A+%E8%96%84%E3%81%84+%E5%B0%8F%E3%81%95%E3%81%84%E8%B2%A1%E5%B8%83+%E3%82%B7%E3%83%B3%E3%83%97%E3%83%AB+%E3%81%8A%E6%9C%AD%E6%8A%98%E3%82%89%E3%81%AA%E3%81%84+%E3%82%AB%E3%83%BC%E3%83%89%E5%85%A5%E3%82%8C+%E5%B0%8F%E9%8A%AD%E5%85%A5%E3%82%8C+%E6%9C%AD%E5%85%A5%E3%82%8C+%E3%83%9F%E3%83%8B%E3%82%A6%E3%82%A9%E3%83%AC%E3%83%83%E3%83%88+%E3%83%9C%E3%82%BF%E3%83%B3%E7%95%99%E3%82%81++3yDK869 HTTP/1.1" 200 41921 "-" "Mozilla/5.0 AppleWebKit/537.36 (KHTML, like Gecko; compatible; bingbot/2.0; +http://www.bing.com/bingbot.htm) Chrome/116.0.1938.76 Safari/537.36"
40.77.167.247 - - [30/Apr/2025:11:58:35 -0400] "GET /?k=4600851977901&channel=036ef0&from=info.php%3Fid%3D519779-13961%26name%3D%E3%83%90%E3%82%B9%E3%82%BF%E3%83%96%E3%81%AE%E8%9B%87%E5%8F%A3%E3%81%AE%E3%82%B7%E3%83%A3%E3%83%AF%E3%83%BC%E3%82%BB%E3%83%83%E3%83%88%E3%82%B7%E3%83%A3%E3%83%AF%E3%83%BC%E3%83%98%E3%83%83%E3%83%89%E3%83%90%E3%82%B9%E3%83%AB%E3%83%BC%E3%83%A0%E3%81%AE%E3%83%90%E3%82%B9%E3%83%AB%E3%83%BC%E3%83%A0%E3%81%AE%E3%83%87%E3%83%A5%E3%82%A2%E3%83%AB%E3%83%9B%E3%83%AB%E3%83%80%E3%83%BC%E3%83%87%E3%83%A5%E3%82%A2%E3%83%AB%E3%82%B3%E3%83%B3%E3%83%88%E3%83%AD%E3%83%BC%E3%83%AB%E3%82%B7%E3%83%A3%E3%83%AF%E3%83%BC%E6%B5%B4%E6%A7%BD%E8%9B%87%E5%8F%A3%E3%83%90%E3%82%B9%E8%9B%87%E5%8F%A3+%E8%9B%87 HTTP/1.1" 200 42780 "-" "Mozilla/5.0 AppleWebKit/537.36 (KHTML, like Gecko; compatible; bingbot/2.0; +http://www.bing.com/bingbot.htm) Chrome/116.0.1938.76 Safari/537.36"
40.77.167.12 - - [30/Apr/2025:11:59:24 -0400] "GET /?k=18105185190700&channel=970d16&from=shared.php%3Fid%3D1851907-4514%26name%3D%E6%BA%B6%E8%9E%8D%E5%9C%A7%E5%8A%9B%E3%82%BB%E3%83%B3%E3%82%B5%E3%83%BC+%E9%AB%98%E6%B8%A9%E6%BA%B6%E8%9E%8D%E5%9C%A7%E5%8A%9B%E3%82%BB%E3%83%B3%E3%82%B5%E3%83%BC%2F%E4%BC%9D%E9%80%81%E5%99%A8+CN1-6-M-B35D-1-4-D+%E6%BA%B6%E8%9E%8D%E5%9C%A7%E5%8A%9B%E5%A4%89%E6%8F%9B%E5%99%A8 HTTP/1.1" 200 41664 "-" "Mozilla/5.0 AppleWebKit/537.36 (KHTML, like Gecko; compatible; bingbot/2.0; +http://www.bing.com/bingbot.htm) Chrome/116.0.1938.76 Safari/537.36"
40.77.167.12 - - [30/Apr/2025:11:59:24 -0400] "GET /?k=20155114838100&channel=803f1f&from=goods.php%3Fid%3D1148381-2441%26name%3D%5B%E4%B8%89%E4%B8%8A%E6%82%A0%E4%BA%9C%E7%9D%80%E7%94%A8%5D+%E3%83%80%E3%82%B9%E3%83%86%E3%82%A3%E3%83%BC%E3%82%AF%E3%83%A9%E3%82%B7%E3%83%83%E3%82%AF%E3%83%96%E3%83%AB%E3%83%BC%E3%83%A0%E8%82%B2%E4%B9%B3%E8%84%87%E9%AB%98%E3%83%96%E3%83%A9%E3%82%B8%E3%83%A3%E3%83%BC%26%E3%82%B5%E3%82%A4%E3%83%89%E7%B4%90%E3%83%90%E3%83%83%E3%82%AF%E9%80%8F%E3%81%91T%E3%83%90%E3%83%83%E3%82%AF%E3%82%B7%E3%83%A7%E3%83%BC%E3%83%84 HTTP/1.1" 200 42923 "-" "Mozilla/5.0 AppleWebKit/537.36 (KHTML, like Gecko; compatible; bingbot/2.0; +http://www.bing.com/bingbot.htm) Chrome/116.0.1938.76 Safari/537.36"
40.77.167.12 - - [30/Apr/2025:12:00:54 -0400] "GET /?k=8190134729002&channel=6ec571&from=blog.php%3Fid%3D347290-549%26name%3DTEZZO%E3%82%B9%E3%83%AD%E3%83%83%E3%83%88%E3%83%AB%E3%82%B3%E3%83%B3%E3%83%88%E3%83%AD%E3%83%BC%E3%83%A9%E3%83%BC+%EF%BC%88%E3%82%A2%E3%83%AB%E3%83%95%E3%82%A1%E3%83%96%E3%83%AC%E3%83%A9%E3%81%AE%E3%82%B9%E3%83%AD%E3%82%B3%E3%83%B3%E3%83%BBTEZZO%E3%83%BB%E3%83%81%E3%83%A7%E3%83%BC%E3%83%A4%E3%83%90%E3%81%99%E3%81%AB%E9%96%A2%E3%81%99%E3%82%8B%E3%82%AB%E3%82%B9%E3%82%BF%E3%83%A0%E4%BA%8B%E4%BE%8B%EF%BD%9C%E8%BB%8A%E3%81%AE%E3%82%AB%E3%82%B9%E3%82%BF%E3%83%A0%E6%83%85%E5%A0%B1%E3%81%AFCARTUNE%EF%BC%89 HTTP/1.1" 200 39548 "-" "Mozilla/5.0 AppleWebKit/537.36 (KHTML, like Gecko; compatible; bingbot/2.0; +http://www.bing.com/bingbot.htm) Chrome/116.0.1938.76 Safari/537.36"
40.77.167.12 - - [30/Apr/2025:12:01:44 -0400] "GET /?k=7229144279904&channel=8e5725&from=blog.php%3Fid%3D442799-13238%26name%3D12%26%2334%3B%E3%83%AA%E3%82%A2%E3%82%A6%E3%82%A4%E3%83%B3%E3%83%89%E3%82%B9%E3%82%AF%E3%83%AA%E3%83%BC%E3%83%B3%E3%83%AF%E3%82%A4%E3%83%91%E3%83%BC%E3%83%96%E3%83%AC%E3%83%BC%E3%83%89%E3%82%A2%E3%83%BC%E3%83%A0%E3%82%BB%E3%83%83%E3%83%88%E3%82%AD%E3%83%83%E3%83%88%E3%81%AB%E3%81%A8%E3%81%A3%E3%81%A6Ho%EF%BC%86nda%E7%94%A8St%EF%BC%86ream%E7%94%A8+MK1+2001+20 HTTP/1.1" 200 40075 "-" "Mozilla/5.0 AppleWebKit/537.36 (KHTML, like Gecko; compatible; bingbot/2.0; +http://www.bing.com/bingbot.htm) Chrome/116.0.1938.76 Safari/537.36"
40.77.167.247 - - [30/Apr/2025:12:02:46 -0400] "GET /?k=88931131793506&channel=de3eac&from=info.php%3Fid%3D1317935-2549%26name%3D%E9%9B%BB%E8%A9%B1%E3%83%86%E3%82%B6%E3%83%BC+-+%E9%9B%BB%E8%A9%B1%E3%83%86%E3%82%B6%E3%83%BC%E3%80%81%E9%9B%BB%E8%A9%B1%E7%94%A8%E3%81%AE%E4%BC%B8%E7%B8%AE%E6%80%A7%E3%81%AE%E3%81%82%E3%82%8B%E5%AE%89%E5%85%A8%E3%82%B9%E3%83%88%E3%83%A9%E3%83%83%E3%83%97%7C%E3%82%A2%E3%83%B3%E3%83%81%E3%83%89%E3%83%AD%E3%83%83%E3%83%97%E9%9B%BB%E8%A9%B1%E3%81%AE%E3%83%AA%E3%83%BC%E3%82%B7%E3%83%A5%E3%80%81%E6%97%85%E8%A1%8C%E3%81%AE%E5%B1%8B%E5%A4%96%E3%81%A7%E4%BD%BF%E7%94%A8%E3%81%99%E3%82%8B%E3%81%9F%E3%82%81%E3%81%AE%E5%AE%89%E5%85%A8%E3%81%AA%E3%82%B9%E3%83%88%E3%83%A9 HTTP/1.1" 200 39935 "-" "Mozilla/5.0 AppleWebKit/537.36 (KHTML, like Gecko; compatible; bingbot/2.0; +http://www.bing.com/bingbot.htm) Chrome/116.0.1938.76 Safari/537.36"
2a06:98c0:3600::103 - - [30/Apr/2025:12:03:03 -0400] "GET /wordpress/wp-admin/setup-config.php HTTP/1.1" 200 0 "-" "Mozilla/5.0 (Windows NT 10.0; Win64; x64) AppleWebKit/537.36 (KHTML, like Gecko) Chrome/135.0.0.0 Safari/537.36"
2a06:98c0:3600::103 - - [30/Apr/2025:12:03:08 -0400] "GET /wp-admin/setup-config.php HTTP/1.1" 200 0 "-" "Mozilla/5.0 (Windows NT 10.0; Win64; x64) AppleWebKit/537.36 (KHTML, like Gecko) Chrome/135.0.0.0 Safari/537.36"
