52.167.144.168 - - [30/Apr/2025:09:43:12 -0400] "GET /?k=47984155605502&channel=72b32e&from=form.php%3Fid%3D1556055-18859%26name%3D%E3%83%9C%E3%83%BC%E3%83%AB%E5%8F%8E%E7%B4%8D%E3%83%A9%E3%83%83%E3%82%AF%E3%82%AA%E3%83%BC%E3%82%AC%E3%83%8A%E3%82%A4%E3%82%B6%E3%83%BC+%E3%82%B9%E3%83%9D%E3%83%BC%E3%83%84%E7%94%A8%E5%85%B7%E5%8F%8E%E7%B4%8D%E3%83%9B%E3%83%AB%E3%83%80%E3%83%BC%E3%83%A9%E3%83%83%E3%82%AF%E3%80%81%E3%83%9B%E3%83%BC%E3%83%A0%E3%82%B8%E3%83%A0%E3%82%B9%E3%82%BF%E3%82%B8%E3%82%A2%E3%83%A0%E7%94%A8%E5%9E%82%E7%9B%B4%E9%87%91%E5%B1%9E%E8%A3%BD%E3%83%90%E3%82%B9%E3%82%B1%E3%83%83%E3%83%88%E3%83%9C%E3%83%BC%E3%83%AB%2F%E3%83%95%E3%83%83%E3%83%88%E3%83%9C%E3%83%BC%E3%83%AB%E3%82%AA%E3%83%BC%E3%82%AC+%EF%BC%88%E3%83%9C%E3%83%BC%E3%83%AB%E3%83%A9%E3%83%83%E3%82%AF+12+6864SP+%7C+%E3%82%B9%E3%83%9D%E3%83%AB%E3%83%87%E3%82%A3%E3%83%B3%E3%82%B0%E3%82%B8%E3%83%A3%E3%83%91%E3%83%B3%E5%85%AC%E5%BC%8F%E3%82%B5%E3%82%A4%E3%83%88%EF%BC%89 HTTP/1.1" 200 41587 "-" "Mozilla/5.0 AppleWebKit/537.36 (KHTML, like Gecko; compatible; bingbot/2.0; +http://www.bing.com/bingbot.htm) Chrome/116.0.1938.76 Safari/537.36"
52.167.144.168 - - [30/Apr/2025:09:44:42 -0400] "GET /?k=3757021037700&channel=5c8d5a&from=article.php%3Fid%3D210377-3340%26name%3D%E8%BB%8A%E3%81%AE%E8%8D%B7%E7%89%A9%E3%82%AD%E3%83%A3%E3%83%AA%E3%82%A2%E3%83%90+%E3%83%AB%E3%83%BC%E3%83%95%E3%83%A9%E3%83%83%E3%82%AF%E3%83%AC%E3%83%BC%E3%83%AB%E3%83%90%E3%83%BC%E8%8D%B7%E7%89%A9%E3%82%AD%E3%83%A3%E3%83%AA%E3%82%A2%E3%83%90%E3%83%BC%E3%83%A9%E3%83%83%E3%82%AF%E3%83%AC%E3%83%BC%E3%83%AB%E3%83%9C%E3%83%83%E3%82%AF%E3%82%B9%E5%9C%9F%E5%9C%B0%E7%94%A8%E3%83%AD%E3%83%BC%E3%83%90%E3%83%BC%E7%94%A8%E3%83%AC%E3%83%B3%E3%82%B8%E7%94%A8%E3%83%AD%E3%83%BC%E3%83%90%E3%83%BC%E7%94%A8%E3%82%A4%E3%83%B4%E3%82%A9%E3%83%BC%E3%82%AF++2011%EF%BC%88Amazon.co.jp%3A+%E3%83%AB%E3%83%BC%E3%83%95%E3%83%A9%E3%83%83%E3%82%AF%E3%82%AF%E3%83%AD%E3%82%B9%E3%83%90%E3%83%BC+%E5%9C%9F%E5%9C%B0%E7%94%A8%E3%83%AD%E3%83%BC%E3%83%90%E3%83%BC%E7%94%A8%E3%83%AC%E3%83%B3%E3%82%B8%E7%94%A8%E3%83%AD%E3%83%BC%E3%83%90%E3%83%BC%E3%82%A4%E3%83%B4%E3%82%A9%E3%83%BC%E3%82%AF+2011-2022++%E8%8D%B7%E7%89%A9%E3%83%A9%E3%83%83%E3%82%AF%E3%83%90%E3%83%BC%E3%83%AC%E3%83%BC%E3%83%AB%E3%82%AD%E3%83%A3%E3%83%AA%E3%82%A2%E3%83%88%E3%83%83%E3%83%97%E3%83%AB%E3%83%BC%E3%83%95%E3%83%A9%E3%83%83%E3%82%AF%E8%87%AA%E5%8B%95%E8%BB%8A%E3%81%AE%E4%BB%98%E5%B1%9E%E5%93%81+%E3%83%AB%E3%83%BC%E3%83%95%E3%83%AC%E3%83%BC%E3%83%AB%E3%83%A9%E3%83%83%E3%82%AF+%28%E8%89%B2+%3A+%E9%8A%80%29+%3A+%E8%BB%8A%EF%BC%86%E3%83%90%E3%82%A4%E3%82%AF%EF%BC%89 HTTP/1.1" 200 40713 "-" "Mozilla/5.0 AppleWebKit/537.36 (KHTML, like Gecko; compatible; bingbot/2.0; +http://www.bing.com/bingbot.htm) Chrome/116.0.1938.76 Safari/537.36"
52.167.144.180 - - [30/Apr/2025:09:44:46 -0400] "GET /?k=62892171810000&channel=ce82a8&from=category-info.php%3Fid%3D1718100-11438%26name%3DOkiyakusama+%E8%87%AA%E5%8B%95%E8%BB%8A%E3%83%9C%E3%83%87%E3%82%A3%E3%81%AE%E3%81%B8%E3%81%93%E3%81%BF%E4%BF%AE%E7%90%86%E3%83%84%E3%83%BC%E3%83%AB+%E8%87%AA%E5%8B%95%E8%BB%8A%E5%A1%97%E8%A3%85%E4%B8%8D%E8%A6%81%E3%81%AE%E4%BF%AE%E7%90%86%E7%94%A8%E3%83%97%E3%83%BC%E3%83%A9%E3%83%BC+%E9%9B%B9%E3%81%AB%E3%82%88%E3%82%8B%E3%81%B8%E3%81%93%E3%81%BF%E3%81%AE%E9%99%A4%E5%8E%BB+%E8%87%AA%E5%8B%95%E8%BB%8A%E7%94%A8%E3%82%A8%E3%82%AD%E3%82%B9%E3%83%91%E3%83%B3%E3%83%80%E3%83%BC HTTP/1.1" 200 41191 "-" "Mozilla/5.0 AppleWebKit/537.36 (KHTML, like Gecko; compatible; bingbot/2.0; +http://www.bing.com/bingbot.htm) Chrome/116.0.1938.76 Safari/537.36"
124.222.8.47 - - [30/Apr/2025:09:46:21 -0400] "GET / HTTP/1.1" 200 0 "-" "Mozilla/5.0 (Linux; Android 10; LIO-AN00 Build/HUAWEILIO-AN00; wv) MicroMessenger Weixin QQ AppleWebKit/537.36 (KHTML, like Gecko) Version/4.0 Chrome/78.0.3904.62 XWEB/2692 MMWEBSDK/200901 Mobile Safari/537.36"
52.167.144.180 - - [30/Apr/2025:09:46:36 -0400] "GET /?k=2262678606000&channel=b1ed40&from=shop.php%3Fid%3D786060-14700%26name%3DDLAK%28%E3%83%87%E3%82%A3%E3%83%A9%E3%83%83%E3%82%AF%29+%E7%AD%86%E3%82%92%E4%BD%BF%E3%81%A3%E3%81%9F%E7%B5%B5%E7%94%BB%E3%81%A8%E6%9B%B8%E9%81%93+%E3%82%A2%E3%83%BC%E3%83%88%E3%83%84%E3%83%BC%E3%83%AB+%E5%88%9D%E5%BF%83%E8%80%85%E5%90%91%E3%81%91%E6%96%87%E5%85%B7+%E7%B5%B5%E7%AD%86%E3%83%9A%E3%82%A4%E3%83%B3%E3%82%BF%E3%83%BC HTTP/1.1" 200 42312 "-" "Mozilla/5.0 AppleWebKit/537.36 (KHTML, like Gecko; compatible; bingbot/2.0; +http://www.bing.com/bingbot.htm) Chrome/116.0.1938.76 Safari/537.36"
52.167.144.168 - - [30/Apr/2025:09:48:32 -0400] "GET /?k=4600851976002&channel=036ef0&from=form.php%3Fid%3D519760-13961%26name%3D%E3%83%90%E3%82%B9%E3%82%BF%E3%83%96%E3%81%AE%E8%9B%87%E5%8F%A3%E3%81%AE%E3%82%B7%E3%83%A3%E3%83%AF%E3%83%BC%E3%82%BB%E3%83%83%E3%83%88%E3%82%B7%E3%83%A3%E3%83%AF%E3%83%BC%E3%83%98%E3%83%83%E3%83%89%E3%83%90%E3%82%B9%E3%83%AB%E3%83%BC%E3%83%A0%E3%81%AE%E3%83%90%E3%82%B9%E3%83%AB%E3%83%BC%E3%83%A0%E3%81%AE%E3%83%87%E3%83%A5%E3%82%A2%E3%83%AB%E3%83%9B%E3%83%AB%E3%83%80%E3%83%BC%E3%83%87%E3%83%A5%E3%82%A2%E3%83%AB%E3%82%B3%E3%83%B3%E3%83%88%E3%83%AD%E3%83%BC%E3%83%AB%E3%82%B7%E3%83%A3%E3%83%AF%E3%83%BC%E6%B5%B4%E6%A7%BD%E8%9B%87%E5%8F%A3%E3%83%90%E3%82%B9%E8%9B%87%E5%8F%A3++%E8%9B%87%EF%BC%88%E5%A3%81%E5%8F%96%E3%82%8A%E4%BB%98%E3%81%91%E5%BC%8F%E3%83%90%E3%82%B9%E3%83%AB%E3%83%BC%E3%83%A0%E3%82%B7%E3%83%A3%E3%83%AF%E3%83%BC%E8%9B%87%E5%8F%A3%E3%82%BB%E3%83%83%E3%83%88+2%E3%83%8E%E3%83%96%E3%83%9F%E3%83%83%E3%82%AF%E3%82%B9+%E3%81%8A%E3%82%82%E3%81%97%E3%82%8D+8%E3%82%A4%E3%83%B3%E3%83%81+%E3%83%AC%E3%82%A4%E3%83%B3%E3%83%95%E3%82%A9%E3%83%BC%E3%83%AB%EF%BC%89 HTTP/1.1" 200 41766 "-" "Mozilla/5.0 AppleWebKit/537.36 (KHTML, like Gecko; compatible; bingbot/2.0; +http://www.bing.com/bingbot.htm) Chrome/116.0.1938.76 Safari/537.36"
40.77.167.72 - - [30/Apr/2025:09:48:36 -0400] "GET /?k=8709087714106&channel=d5e8e3&from=article.php%3Fid%3D877141-6469%26name%3D%E5%9C%A7%E7%9D%80%E5%B7%A5%E5%85%B7%E3%82%AD%E3%83%83%E3%83%88%E3%80%81%E3%83%A9%E3%83%81%E3%82%A7%E3%83%83%E3%83%88%E5%9C%A7%E7%9D%80%E6%A9%9F%E3%80%81%E3%83%AF%E3%82%A4%E3%83%A4%E3%83%BC%E5%9C%A7%E7%9D%80%E5%B7%A5%E5%85%B7%E3%80%81%E9%9B%BB%E6%B0%97%E5%9C%A7%E7%9D%80%E5%B7%A5%E5%85%B7%E3%80%81%E5%9C%A7%E7%9D%80%E3%83%9A%E3%83%B3%E3%83%81%E3%80%81%E3%83%AF%E3%82%A4%E3%83%A4%E3%83%BC%E3%82%B3%E3%83%8D%E3%82%AF%E3%82%BF%E3%80%81%E5%9C%A7%E7%9D%80%E3%82%AD%E3%83%83%E3%83%88%E3%80%81%E7%B5%B6%E7%B8%81%E3%82%B3%E3%83%8D%E3%82%AF%E3%82%BF%E3%80%81%E9%9B%BB%E6%B0%97%E3%82%B3%E3%83%8D%E3%82%AF HTTP/1.1" 200 40423 "-" "Mozilla/5.0 AppleWebKit/537.36 (KHTML, like Gecko; compatible; bingbot/2.0; +http://www.bing.com/bingbot.htm) Chrome/116.0.1938.76 Safari/537.36"
52.167.144.168 - - [30/Apr/2025:09:49:12 -0400] "GET /?k=5878080950804&channel=1bd6cd&from=shop.php%3Fid%3D809508-8870%26name%3DLED%E3%83%A9%E3%82%A4%E3%83%88%E3%81%A8%E3%83%87%E3%83%9F%E3%82%B9%E3%82%BF%E3%83%BC%E3%83%91%E3%83%83%E3%83%89%E4%BB%98%E3%81%8D%E3%81%AE%E7%85%A7%E3%82%89%E3%81%95%E3%82%8C%E3%81%9F%E3%83%90%E3%82%B9%E3%83%AB%E3%83%BC%E3%83%A0%E3%83%9F%E3%83%A9%E3%83%BC%E3%80%81%E5%A3%81%E3%81%AB%E5%8F%96%E3%82%8A%E4%BB%98%E3%81%91%E3%82%89%E3%82%8C%E3%81%9F%E6%A5%95%E5%86%86%E5%BD%A2%E3%81%AE%E5%8C%96%E7%B2%A7%E3%82%B7%E3%82%A7%E3%83%BC%E3%83%93%E3%83%B3%E3%82%B0%E3%83%9F%E3%83%A9%E3%83%BC%E3%80%812%E3%81%A4%E3%81%AE%E7%85%A7%E6%98%8E%E3%83%A2%E3%83%BC%E3%83%89%E3%80%81 HTTP/1.1" 200 41743 "-" "Mozilla/5.0 AppleWebKit/537.36 (KHTML, like Gecko; compatible; bingbot/2.0; +http://www.bing.com/bingbot.htm) Chrome/116.0.1938.76 Safari/537.36"
40.77.167.72 - - [30/Apr/2025:09:49:17 -0400] "GET /?k=7103011928506&channel=4b31d8&from=pin.php%3Fid%3D119285-8110%26name%3D%E3%83%9D%E3%83%BC%E3%82%BF%E3%83%96%E3%83%AB%E3%82%AD%E3%83%A3%E3%83%B3%E3%83%97%E3%83%95%E3%82%A1%E3%83%B3%E5%85%85%E9%9B%BB%E5%BC%8F%E5%A4%9A%E6%A9%9F%E8%83%BD%E3%83%95%E3%82%A1%E3%83%B3%E5%B1%8B%E5%A4%96%E3%82%AD%E3%83%A3%E3%83%B3%E3%83%97%E5%A4%A9%E4%BA%95%E3%83%95%E3%82%A1%E3%83%B3LED%E3%83%A9%E3%82%A4%E3%83%88%E3%83%87%E3%82%B9%E3%83%9D%E3%83%89%E3%83%87%E3%82%B9%E3%82%AF%E3%83%88%E3%83%83%E3%83%97%E3%83%95%E3%82%A1%E3%83%B3 HTTP/1.1" 200 39108 "-" "Mozilla/5.0 AppleWebKit/537.36 (KHTML, like Gecko; compatible; bingbot/2.0; +http://www.bing.com/bingbot.htm) Chrome/116.0.1938.76 Safari/537.36"
40.77.167.72 - - [30/Apr/2025:09:49:53 -0400] "GET /?k=3663927457303&channel=2b8a8f&from=pin.php%3Fid%3D274573-11212%26name%3DBPS+%E3%83%8B%E3%83%A5%E3%83%BC%E3%82%B8%E3%83%BC%E3%83%A9%E3%83%B3%E3%83%89%E3%81%AE%E3%80%8C%E7%82%8E%E3%80%8D+-+%E5%86%8D%E7%94%9F%E3%83%97%E3%83%A9%E3%82%B9%E3%83%81%E3%83%83%E3%82%AF%E3%81%A7%E4%BD%9C%E3%82%89%E3%82%8C%E3%81%9F%E3%83%91%E3%83%83%E3%83%89%E5%85%A5%E3%82%8A%E3%82%AD%E3%83%A3%E3%83%AA%E3%83%BC%E3%83%90%E3%83%83%E3%82%B0%E4%BB%98%E3%81%8D%E9%AB%98%E6%80%A7%E8%83%BD%E6%9C%A8%E8%A3%BD%E3%82%B9%E3%82%AD%E3%83%A0%E3%83%9C%E3%83%BC%E3%83%89+%E2%80%93+%E5%AD%90%E4%BE%9B%E3%81%BE%E3%81%9F%E3%81%AF%E5%A4%A7 HTTP/1.1" 200 40221 "-" "Mozilla/5.0 AppleWebKit/537.36 (KHTML, like Gecko; compatible; bingbot/2.0; +http://www.bing.com/bingbot.htm) Chrome/116.0.1938.76 Safari/537.36"
2a06:98c0:3600::103 - - [30/Apr/2025:09:50:11 -0400] "GET /wordpress/wp-admin/setup-config.php HTTP/1.1" 200 0 "-" "Mozilla/5.0 (Windows NT 10.0; Win64; x64) AppleWebKit/537.36 (KHTML, like Gecko) Chrome/135.0.0.0 Safari/537.36"
40.77.167.48 - - [30/Apr/2025:09:50:28 -0400] "GET /?k=2014022044204&channel=c4d168&from=shared.php%3Fid%3D220442-10474%26name%3D%E5%95%86%E6%A5%AD%E7%94%A8%E5%A3%81%E3%82%BF%E3%82%A4%E3%83%AB%E6%9C%A8%E8%A3%BD%E5%BA%8A%E3%82%B5%E3%83%B3%E3%83%97%E3%83%AB%E3%83%87%E3%82%A3%E3%82%B9%E3%83%97%E3%83%AC%E3%82%A4%E3%82%B9%E3%82%BF%E3%83%B3%E3%83%89%E3%83%A9%E3%83%83%E3%82%AF%E5%A4%A7%E5%AE%B9%E9%87%8F%E3%80%81%E4%B8%A1%E9%9D%A2%E9%A0%91%E4%B8%88%E7%9B%B4%E7%AB%8B%E5%A4%9A%E6%A9%9F%E8%83%BD%E5%BB%BA%E7%AF%89%E6%9D%90%E6%96%99%E3%82%B5%E3%83%B3%E3%83%97%E3%83%AB%E3%82%AA%E3%83%BC%E3%82%AC%E3%83%8A%E3%82%A4%E3%82%B6%E3%83%BC%E6%A3%9A%E3%80%81%E3%83%96%E3%83%A9%E3%83%83%E3%82%AF%E4%BB%95%E4%B8%8A%E3%81%92+%28 HTTP/1.1" 200 41229 "-" "Mozilla/5.0 AppleWebKit/537.36 (KHTML, like Gecko; compatible; bingbot/2.0; +http://www.bing.com/bingbot.htm) Chrome/116.0.1938.76 Safari/537.36"
40.77.167.48 - - [30/Apr/2025:09:50:47 -0400] "GET /?k=4174343585806&channel=20344a&from=goods.php%3Fid%3D435858-9451%26name%3DFUKEFUZ+%E9%AB%98%E3%81%95%E3%81%AE%E3%81%82%E3%82%8B%E3%83%99%E3%83%BC%E3%82%B9%E4%BB%98%E3%81%8D%E6%9C%AC%E6%A3%9A%E3%80%81%E6%9C%AC%E6%A3%9A%E3%80%81%E6%A3%9A%E3%80%81%E3%82%AB%E3%83%A9%E3%83%BC%E3%83%9C%E3%83%83%E3%82%AF%E3%82%B9%E3%80%81%E5%8F%8E%E7%B4%8D%E3%80%81%E6%A3%9A+%E3%83%A9%E3%83%83%E3%82%AF%E3%80%81%E3%83%A9%E3%83%83%E3%82%AF+%E6%A3%9A%E3%80%81%E5%AE%B6%E5%BA%AD%E7%94%A8%E3%82%B3%E3%83%BC%E3%83%8A%E3%83%BC%E5%8F%8E%E7%B4%8D%E6%A3%9A%E3%80%81%E6%9C%AC%E6%A3%9A%E3%81%95%E3%81%BE%E3%81%96%E3%81%BE HTTP/1.1" 200 40628 "-" "Mozilla/5.0 AppleWebKit/537.36 (KHTML, like Gecko; compatible; bingbot/2.0; +http://www.bing.com/bingbot.htm) Chrome/116.0.1938.76 Safari/537.36"
124.222.8.47 - - [30/Apr/2025:09:51:42 -0400] "GET / HTTP/1.1" 200 0 "-" "Mozilla/5.0 (Linux; Android 10; LIO-AN00 Build/HUAWEILIO-AN00; wv) MicroMessenger Weixin QQ AppleWebKit/537.36 (KHTML, like Gecko) Version/4.0 Chrome/78.0.3904.62 XWEB/2692 MMWEBSDK/200901 Mobile Safari/537.36"
40.77.167.72 - - [30/Apr/2025:09:51:54 -0400] "GET /?k=711785297701&channel=2a3406&from=pin.php%3Fid%3D52977-4909%26name%3DPry+Bars++%E3%83%9F%E3%83%8B%E3%83%9D%E3%82%B1%E3%83%83%E3%83%88%E3%82%AF%E3%83%A9%E3%83%B3%E3%82%AF+%E3%82%AF%E3%83%AD%E3%83%BC%E3%83%90%E3%83%BC+%E3%82%AD%E3%83%BC%E3%83%81%E3%82%A7%E3%83%BC%E3%83%B3+%E3%82%B5%E3%83%90%E3%82%A4%E3%83%90%E3%83%AB%E3%82%B9%E3%82%AF%E3%83%AC%E3%83%BC%E3%83%91%E3%83%BC+%E3%82%B9%E3%83%86%E3%83%B3%E3%83%AC%E3%82%B9%E3%82%B9%E3%83%81%E3%83%BC%E3%83%AB+%E3%83%9E%E3%82%A4%E3%82%AF%E3%83%AD%E3%83%84%E3%83%BC%E3%83%AB%E3%80%81%E3%82%B9%E3%83%86%E3%83%B3%EF%BC%88%E3%82%B9%E3%83%86%E3%83%B3%E3%83%AC%E3%82%B9%E3%83%9C%E3%83%88%E3%83%AB+%E3%82%B9%E3%83%9D%E3%83%BC%E3%83%84%E3%83%89%E3%83%AA%E3%83%B3%E3%82%AF%E5%AF%BE%E5%BF%9C+AKE-R60%E3%83%BB80+%E9%80%9A%E8%B2%A9%E3%80%90%E3%83%8B%E3%83%83%E3%82%BB%E3%83%B3%E3%80%91%EF%BC%89 HTTP/1.1" 200 41993 "-" "Mozilla/5.0 AppleWebKit/537.36 (KHTML, like Gecko; compatible; bingbot/2.0; +http://www.bing.com/bingbot.htm) Chrome/116.0.1938.76 Safari/537.36"
40.77.167.72 - - [30/Apr/2025:09:51:55 -0400] "GET /?k=3788882181203&channel=b0ef53&from=category-info.php%3Fid%3D821812-10384%26name%3D%E5%A4%96%E9%83%A8%E3%82%A2%E3%83%AC%E3%82%A4%E3%82%AB%E3%83%BC%E3%83%896GB%2F%E7%A7%92%E4%BC%9D%E9%80%81%E9%80%9F%E5%BA%A6512MB%E3%82%AD%E3%83%A3%E3%83%83%E3%82%B7%E3%83%A5PCIe%E3%83%8D%E3%83%83%E3%83%88%E3%83%AF%E3%83%BC%E3%82%AF%E3%82%B3%E3%83%B3%E3%83%88%E3%83%AD%E3%83%BC%E3%83%A9%E3%83%BC%E3%82%A2%E3%83%80%E3%83%97%E3%82%BF%E3%83%BC%E3%83%A2%E3%82%B8%E3%83%A5%E3%83%BC%E3%83%AB%E3%80%82 HTTP/1.1" 200 38996 "-" "Mozilla/5.0 AppleWebKit/537.36 (KHTML, like Gecko; compatible; bingbot/2.0; +http://www.bing.com/bingbot.htm) Chrome/116.0.1938.76 Safari/537.36"
40.77.167.48 - - [30/Apr/2025:09:51:58 -0400] "GET /?k=6832556094302&channel=fd79f4&from=brands.php%3Fid%3D560943-837%26name%3D%E3%83%AF%E3%83%BC%E3%83%89%E3%83%AD%E3%83%BC%E3%83%96+%E3%83%9D%E3%83%BC%E3%82%BF%E3%83%96%E3%83%AB%E3%82%AD%E3%83%A3%E3%83%B3%E3%83%90%E3%82%B9%E3%83%AF%E3%83%BC%E3%83%89%E3%83%AD%E3%83%BC%E3%83%96%E3%80%81%E6%8A%98%E3%82%8A%E3%81%9F%E3%81%9F%E3%81%BF%E5%BC%8F%E8%A1%A3%E9%A1%9E%E3%82%AF%E3%83%AD%E3%83%BC%E3%82%BC%E3%83%83%E3%83%88%E3%82%B9%E3%83%88%E3%83%AC%E3%83%BC%E3%82%B8%E3%82%AA%E3%83%BC%E3%82%AC%E3%83%8A%E3%82%A4%E3%82%B6%E3%83%BC%E3%80%81%E5%90%8A%E3%82%8A%E4%B8%8B%E3%81%92%E3%83%AC%E3%83%BC%E3%83%AB%E4%BB%98%E3%81%8D%E3%80%81%E5%BC%95%E3%81%8D%E5%87%BA%E3%81%973 HTTP/1.1" 200 41815 "-" "Mozilla/5.0 AppleWebKit/537.36 (KHTML, like Gecko; compatible; bingbot/2.0; +http://www.bing.com/bingbot.htm) Chrome/116.0.1938.76 Safari/537.36"
52.167.144.168 - - [30/Apr/2025:09:52:52 -0400] "GET /?k=2014022044206&channel=c4d168&from=category-info.php%3Fid%3D220442-10474%26name%3D%E5%95%86%E6%A5%AD%E7%94%A8%E5%A3%81%E3%82%BF%E3%82%A4%E3%83%AB%E6%9C%A8%E8%A3%BD%E5%BA%8A%E3%82%B5%E3%83%B3%E3%83%97%E3%83%AB%E3%83%87%E3%82%A3%E3%82%B9%E3%83%97%E3%83%AC%E3%82%A4%E3%82%B9%E3%82%BF%E3%83%B3%E3%83%89%E3%83%A9%E3%83%83%E3%82%AF%E5%A4%A7%E5%AE%B9%E9%87%8F%E3%80%81%E4%B8%A1%E9%9D%A2%E9%A0%91%E4%B8%88%E7%9B%B4%E7%AB%8B%E5%A4%9A%E6%A9%9F%E8%83%BD%E5%BB%BA%E7%AF%89%E6%9D%90%E6%96%99%E3%82%B5%E3%83%B3%E3%83%97%E3%83%AB%E3%82%AA%E3%83%BC%E3%82%AC%E3%83%8A%E3%82%A4%E3%82%B6%E3%83%BC%E6%A3%9A%E3%80%81%E3%83%96%E3%83%A9%E3%83%83%E3%82%AF%E4%BB%95%E4%B8%8A%E3%81%92+%28 HTTP/1.1" 200 41123 "-" "Mozilla/5.0 AppleWebKit/537.36 (KHTML, like Gecko; compatible; bingbot/2.0; +http://www.bing.com/bingbot.htm) Chrome/116.0.1938.76 Safari/537.36"
52.167.144.168 - - [30/Apr/2025:09:52:53 -0400] "GET /?k=90599198825004&channel=252acd&from=brands.php%3Fid%3D1988250-18488%26name%3D%E3%82%AA%E3%82%A4%E3%83%AB%E6%91%A9%E8%80%97%E8%A9%A6%E9%A8%93%E6%A9%9F%E3%80%81%E6%B8%9B%E6%91%A9%E6%91%A9%E8%80%97%E8%A9%A6%E9%A8%93%E6%A9%9F%E3%80%81%E3%82%AA%E3%82%A4%E3%83%AB%E3%81%8A%E3%82%88%E3%81%B3%E6%BD%A4%E6%BB%91%E6%B2%B9%E3%81%AE%E8%80%90%E6%91%A9%E8%80%97%E6%80%A7%E6%AF%94%E8%BC%83%E8%A9%A6%E9%A8%93%E6%A9%9F%2C%E5%BC%B7%E3%82%A2%E3%83%AB%E3%82%AB%E3%83%AA%E8%80%90%E6%80%A7 HTTP/1.1" 200 40620 "-" "Mozilla/5.0 AppleWebKit/537.36 (KHTML, like Gecko; compatible; bingbot/2.0; +http://www.bing.com/bingbot.htm) Chrome/116.0.1938.76 Safari/537.36"
52.167.144.168 - - [30/Apr/2025:09:52:53 -0400] "GET /?k=8651358018601&channel=5158e2&from=blog.php%3Fid%3D580186-11891%26name%3DHOLGVE+%E4%BA%A4%E6%B8%89%E3%83%86%E3%83%BC%E3%83%96%E3%83%AB%E3%81%A8%E6%A4%85%E5%AD%90%E3%82%BB%E3%83%83%E3%83%88%E3%80%81%E3%82%AA%E3%83%95%E3%82%A3%E3%82%B9%E5%BF%9C%E6%8E%A5%E5%AE%A4%E3%82%AF%E3%83%A9%E3%83%96%E3%83%86%E3%83%BC%E3%83%96%E3%83%AB%E3%82%BB%E3%83%83%E3%83%88%E3%80%81%E4%BC%9A%E8%AD%B0%E3%83%9F%E3%83%BC%E3%83%86%E3%82%A3%E3%83%B3%E3%82%B0%E3%82%A8%E3%83%AA%E3%82%A2%E3%80%81%E5%9B%B3%E6%9B%B8%E9%A4%A8%E7%94%A8%E3%82%B3%E3%83%BC%E3%83%92%E3%83%BC%E3%82%AD%E3%83%83%E3%83%81%E3%83%B3%E3%83%80%E3%82%A4%E3%83%8B%E3%83%B3 HTTP/1.1" 200 41285 "-" "Mozilla/5.0 AppleWebKit/537.36 (KHTML, like Gecko; compatible; bingbot/2.0; +http://www.bing.com/bingbot.htm) Chrome/116.0.1938.76 Safari/537.36"
40.77.167.72 - - [30/Apr/2025:09:52:56 -0400] "GET /?k=74962111346800&channel=82a2b0&from=shared.php%3Fid%3D1113468-17621%26name%3DAcnivko%E4%BD%9C%E6%A5%AD%E5%8F%B0%E3%83%87%E3%82%B9%E3%82%AF%E3%82%B3%E3%83%B3%E3%83%94%E3%83%A5%E3%83%BC%E3%82%BF%E3%83%87%E3%82%B9%E3%82%AF%E5%AD%A6%E7%BF%92%E3%83%86%E3%83%BC%E3%83%96%E3%83%AB%E5%8F%8E%E7%B4%8D%E3%83%A9%E3%83%83%E3%82%AF%E4%BB%98%E3%81%8D%E5%AD%A6%E7%BF%92%E3%83%86%E3%83%BC%E3%83%96%E3%83%AB%E5%AD%90%E4%BE%9B%E7%94%A8%E3%83%87%E3%82%B9%E3%82%AF%E6%AD%A3%E6%96%B9%E5%BD%A2%E6%96%87%E5%85%B7%E5%8F%8E%E7%B4%8D%E5%A4%9A%E6%A9%9F%E5%AE%B6%E5%BA%AD%E7%94%A8%E5%AD%A6%E7%94%9F%E3%83%87%E3%82%B9%E3%82%AF%E6%9C%AC%E6%A3%9A HTTP/1.1" 200 43172 "-" "Mozilla/5.0 AppleWebKit/537.36 (KHTML, like Gecko; compatible; bingbot/2.0; +http://www.bing.com/bingbot.htm) Chrome/116.0.1938.76 Safari/537.36"
40.77.167.72 - - [30/Apr/2025:09:52:57 -0400] "GET /?k=227236137901&channel=94ca7d&from=category-info.php%3Fid%3D61379-5400%26name%3DRFMHT+%E3%82%BF%E3%83%BC%E3%83%90%E3%83%B3%E3%82%AC%E3%83%A9%E3%82%B9%E3%82%92%E6%8E%A2%E3%81%97%E3%81%A6%E7%9C%BC%E9%8F%A1%E3%82%AC%E3%83%A9%E3%82%B9%E3%82%92%E7%9D%80%E7%94%A8%E3%81%97%E3%81%A6%E8%99%AB%E7%9C%BC%E9%8F%A1%E3%81%AE%E8%99%AB%E7%9C%BC%E9%8F%A1%E3%81%AE%E4%BF%AE%E7%90%863%E8%BA%AB%E9%95%B7%E3%81%AE%E3%83%98%E3%83%AB%E3%83%A1%E3%83%83%E3%83%88%E8%99%AB%E7%9C%BC%E9%8F%A1%E3%82%92%E4%BF%AE%E7%90%86 HTTP/1.1" 200 41381 "-" "Mozilla/5.0 AppleWebKit/537.36 (KHTML, like Gecko; compatible; bingbot/2.0; +http://www.bing.com/bingbot.htm) Chrome/116.0.1938.76 Safari/537.36"
2a06:98c0:3600::103 - - [30/Apr/2025:09:53:01 -0400] "GET /wp-admin/setup-config.php HTTP/1.1" 200 0 "-" "Mozilla/5.0 (Windows NT 10.0; Win64; x64) AppleWebKit/537.36 (KHTML, like Gecko) Chrome/135.0.0.0 Safari/537.36"
40.77.167.48 - - [30/Apr/2025:09:53:02 -0400] "GET /?k=90835114989202&channel=5a7f65&from=shared.php%3Fid%3D1149892-9753%26name%3D%E7%8A%AC%E7%94%A8%E8%BB%8A%E6%A4%85%E5%AD%90+4%E8%BC%AA%E7%8A%AC%E7%94%A8%E8%BB%8A%E6%A4%85%E5%AD%90%E3%80%81+%E8%80%81%E7%8A%AC%E3%80%81%E9%9A%9C%E5%AE%B3%E7%8A%AC%E3%80%81%E9%BA%BB%E7%97%BA%E7%8A%AC%E3%81%AE%E3%81%9F%E3%82%81%E3%81%AE%E7%8D%A3%E5%8C%BB%E5%B8%AB%E5%85%AC%E8%AA%8D%E7%8A%AC%E7%94%A8%E8%BB%8A%E6%A4%85%E5%AD%90%E3%80%81+%E5%B0%8F%E5%9E%8B%E7%8A%AC%2F%E4%B8%AD%E5%9E%8B%E7%8A%AC%2F%E5%A4%A7%E5%9E%8B%E7%8A%AC%E7%94%A8%E3%82%A2%E3%83%AB%E3%83%9F%E8%A3%BD%E7%8A%AC%E7%94%A8%E8%BB%8A%E8%BC%AA%28S%29 HTTP/1.1" 200 41423 "-" "Mozilla/5.0 AppleWebKit/537.36 (KHTML, like Gecko; compatible; bingbot/2.0; +http://www.bing.com/bingbot.htm) Chrome/116.0.1938.76 Safari/537.36"
40.77.167.48 - - [30/Apr/2025:09:53:28 -0400] "GET /?k=19252184683607&channel=6ff7f6&from=article.php%3Fid%3D1846836-27150%26name%3DAeroor%E6%89%8B%E5%8B%95%E7%A8%AE%E3%81%BE%E3%81%8D%E6%A9%9F+%E9%87%8E%E8%8F%9C%E6%92%AD%E7%A8%AE%E6%A9%9F+%E6%89%8B%E6%8A%BC%E3%81%97%E5%BC%8F%E7%A8%AE%E5%AD%90%E6%95%A3%E5%B8%83%E6%A9%9F+%E5%B0%8F%E5%9E%8B%E7%B2%BE%E5%AF%86%E3%83%97%E3%83%A9%E3%83%B3%E3%82%BF%E3%83%BC%E5%A4%9A%E6%A9%9F%E8%83%BD%E8%BE%B2%E6%A5%AD%E3%83%84%E3%83%BC%E3%83%AB%E3%83%AC%E3%82%A4%E3%83%97%E3%83%8B%E3%83%B3%E3%82%B8%E3%83%B3%E9%AB%98%E9%BA%97%E4%BA%BA%E5%8F%82%E3%81%BB%E3%81%86%E3%82%8C%E3%82%93%E8%8D%89%E3%82%AD%E3%83%A3%E3%83%99%E3%83%84 HTTP/1.1" 200 39203 "-" "Mozilla/5.0 AppleWebKit/537.36 (KHTML, like Gecko; compatible; bingbot/2.0; +http://www.bing.com/bingbot.htm) Chrome/116.0.1938.76 Safari/537.36"
52.167.144.168 - - [30/Apr/2025:09:53:43 -0400] "GET /?k=2097243401100&channel=20344a&from=news.php%3Fid%3D434011-9451%26name%3D%E6%9C%AC%E6%A3%9A+%E6%9C%A8%E8%A3%BD%E3%83%87%E3%82%B9%E3%82%AF%E3%83%88%E3%83%83%E3%83%97%E3%83%95%E3%82%A1%E3%82%A4%E3%83%AB%E3%82%AA%E3%83%BC%E3%82%AC%E3%83%8A%E3%82%A4%E3%82%B6%E3%83%BC%E3%80%81%E3%82%B7%E3%83%B3%E3%82%B0%E3%83%AB%E5%BC%95%E3%81%8D%E5%87%BA%E3%81%97%E5%8F%8E%E7%B4%8D%E3%83%A9%E3%83%83%E3%82%AF%E4%BB%98%E3%81%8D%E3%80%81%E5%A4%9A%E7%9B%AE%E7%9A%84%E7%A9%8D%E3%81%BF%E9%87%8D%E3%81%AD%E5%8F%AF%E8%83%BD%E3%81%AA%E3%82%AA%E3%83%BC%E3%82%AC%E3%83%8A%E3%82%A4%E3%82%B6%E3%83%BC%E3%80%81%E3%83%9B%E3%83%BC%E3%83%A0%E3%82%B9%E3%82%AF%E3%83%BC%E3%83%AB%E3%82%AA%E3%83%95 HTTP/1.1" 200 41899 "-" "Mozilla/5.0 AppleWebKit/537.36 (KHTML, like Gecko; compatible; bingbot/2.0; +http://www.bing.com/bingbot.htm) Chrome/116.0.1938.76 Safari/537.36"
40.77.167.159 - - [30/Apr/2025:09:56:13 -0400] "GET /?k=7797086185102&channel=490724&from=shared.php%3Fid%3D861851-2498%26name%3D8F35+%E3%83%88%E3%83%A9%E3%83%B3%E3%82%B9%E3%83%9F%E3%83%83%E3%82%B7%E3%83%A7%E3%83%B3%E3%82%BD%E3%83%AC%E3%83%8E%E3%82%A4%E3%83%89%E9%85%8D%E7%B7%9A%E3%83%8F%E3%83%BC%E3%83%8D%E3%82%B9%E3%83%90%E3%83%AB%E3%83%96%E6%9C%AC%E4%BD%93%E4%BA%92%E6%8F%9B%E3%83%95%E3%82%A9%E3%83%BC%E3%83%89+8+%E3%82%B9%E3%83%94%E3%83%BC%E3%83%89 HTTP/1.1" 200 41384 "-" "Mozilla/5.0 AppleWebKit/537.36 (KHTML, like Gecko; compatible; bingbot/2.0; +http://www.bing.com/bingbot.htm) Chrome/116.0.1938.76 Safari/537.36"
40.77.167.159 - - [30/Apr/2025:09:58:53 -0400] "GET /?k=797206811905&channel=04d2fd&from=jp.php%3Fid%3D68119-5712%26name%3D%E5%A4%A7%E5%9E%8B%E7%8C%AB%E3%83%95%E3%82%A7%E3%83%B3%E3%82%B9%E3%80%81%E5%B1%8B%E5%86%85%E7%8C%AB%E3%82%B1%E3%83%BC%E3%82%B8%E3%80%81%E3%83%97%E3%83%AD%E3%83%95%E3%82%A7%E3%83%83%E3%82%B7%E3%83%A7%E3%83%8A%E3%83%AB%E3%83%9A%E3%83%83%E3%83%88%E3%82%B1%E3%83%BC%E3%82%B8%E3%80%81%E7%8C%AB%E3%82%B1%E3%83%BC%E3%82%B8%E3%83%B4%E3%82%A3%E3%83%A9%E3%80%81%E7%8C%AB%E3%81%8A%E3%82%82%E3%81%A1%E3%82%83%E3%83%8F%E3%82%A6%E3%82%B9%E3%80%81%E5%A4%A7%E5%9E%8B%E3%83%9A%E3%83%83%E3%83%88%E3%82%B1%E3%83%BC%E3%82%B8%E3%80%81%E5%AD%90%E7%8C%AB%E7%8C%AB%E3%82%B1%E3%83%BC%E3%82%B8%E3%80%81%E3%83%88%E3%82%A4 HTTP/1.1" 200 41821 "-" "Mozilla/5.0 AppleWebKit/537.36 (KHTML, like Gecko; compatible; bingbot/2.0; +http://www.bing.com/bingbot.htm) Chrome/116.0.1938.76 Safari/537.36"
52.167.144.206 - - [30/Apr/2025:09:59:04 -0400] "GET /?k=909206791706&channel=04d2fd&from=article.php%3Fid%3D67917-5712%26name%3D%E3%83%88%E3%82%A4%E3%83%AC%E4%BB%98%E3%81%8D%E9%AB%98%E7%B2%BE%E7%B4%B0%E9%80%8F%E6%98%8E%E3%82%AD%E3%83%A3%E3%83%83%E3%83%88%E3%83%B4%E3%82%A3%E3%83%A9%E3%80%81%E5%A4%9A%E5%B1%A4%E7%8C%AB%E3%82%B1%E3%83%BC%E3%82%B8%E3%80%81%E9%87%91%E5%B1%9E%E8%A3%BD%E7%8C%AB%E3%82%B1%E3%83%BC%E3%82%B8%E3%80%81%E9%A0%AD%E4%B8%8A%E3%81%AE%E9%89%84%E8%A3%BD%E3%83%A1%E3%83%83%E3%82%B7%E3%83%A5%E3%83%87%E3%82%B6%E3%82%A4%E3%83%B3%E3%80%81%E9%80%9A%E6%B0%97%E6%80%A7%E3%81%A8%E4%B8%80%E4%BD%93%E5%9E%8B%E7%8C%AB%E3%83%88%E3%82%A4%E3%83%AC%E3%80%81%E3%82%B1%E3%83%BC%E3%82%B8%E3%81%AE%E3%83%89%E3%82%A2%E3%82%92 HTTP/1.1" 200 41003 "-" "Mozilla/5.0 AppleWebKit/537.36 (KHTML, like Gecko; compatible; bingbot/2.0; +http://www.bing.com/bingbot.htm) Chrome/116.0.1938.76 Safari/537.36"
52.167.144.206 - - [30/Apr/2025:09:59:05 -0400] "GET /?k=7128064781806&channel=8539d9&from=brands.php%3Fid%3D647818-14893%26name%3DLOL-FUN+%E3%83%89%E3%83%AA%E3%83%B3%E3%82%AF%E3%82%B3%E3%83%AB%E3%82%AF%E6%89%93%E6%A0%93%E6%A9%9F%E3%80%81%E3%83%95%E3%83%AD%E3%82%A2%E3%82%B3%E3%83%AB%E3%82%AF%E6%89%93%E6%A0%93%E6%A9%9F%E3%80%81%E6%A8%99%E6%BA%96%E3%83%AF%E3%82%A4%E3%83%B3%E7%94%A8%E3%82%B3%E3%83%AB%E3%82%AF%E6%89%93%E6%A0%93%E6%A9%9F HTTP/1.1" 200 40371 "-" "Mozilla/5.0 AppleWebKit/537.36 (KHTML, like Gecko; compatible; bingbot/2.0; +http://www.bing.com/bingbot.htm) Chrome/116.0.1938.76 Safari/537.36"
52.167.144.206 - - [30/Apr/2025:10:00:04 -0400] "GET /?k=6698964330404&channel=4487f9&from=pin.php%3Fid%3D643304-5748%26name%3D%E3%83%96%E3%83%A9%E3%82%A4%E3%83%B3%E3%83%89%E3%82%B9%E3%83%9D%E3%83%83%E3%83%88%E3%83%9F%E3%83%A9%E3%83%BC%E6%AD%A9%E9%81%93%E4%BA%A4%E9%80%9A%E5%AE%89%E5%85%A8%E3%83%9F%E3%83%A9%E3%83%BC%E3%80%81%E8%80%90%E5%80%99%E6%80%A7%E7%B0%A1%E5%8D%98%E3%81%AB%E3%82%A4%E3%83%B3%E3%82%B9%E3%83%88%E3%83%BC%E3%83%AB%E3%81%A7%E3%81%8D%E3%82%8B%E5%87%B8%E9%9D%A2%E3%83%9F%E3%83%A9%E3%83%BC%E3%83%AD%E3%83%BC%E3%83%89%E3%83%A2%E3%83%8B%E3%82%BF%E3%83%BC%E3%81%AE%E5%AE%89%E5%85%A8%E3%81%AB%E9%81%A9%E3%81%97%E3%81%A6%E3%81%84%E3%81%BE%E3%81%99%E3%82%B5%E3%82%A4%E3%82%BA%3A60C HTTP/1.1" 200 42833 "-" "Mozilla/5.0 AppleWebKit/537.36 (KHTML, like Gecko; compatible; bingbot/2.0; +http://www.bing.com/bingbot.htm) Chrome/116.0.1938.76 Safari/537.36"
40.77.167.159 - - [30/Apr/2025:10:00:24 -0400] "GET /?k=019272395200&channel=df9317&from=news.php%3Fid%3D23952-2624%26name%3D%E3%80%90%E4%BB%A3%E5%BC%95%E4%B8%8D%E5%8F%AF%E3%83%BB%E9%85%8D%E9%81%94%E6%97%A5%E3%83%BB%E9%85%8D%E9%81%94%E6%99%82%E9%96%93%E5%B8%AF%E6%8C%87%E5%AE%9A%E4%B8%8D%E5%8F%AF%E3%80%91%EF%BC%B4%EF%BC%B2%EF%BC%B5%EF%BC%B3%EF%BC%A3%EF%BC%AF%E3%80%80%EF%BC%B5%EF%BC%B0%EF%BC%B2%E5%9E%8B%E3%83%91%E3%83%B3%E3%83%81%E3%83%B3%E3%82%B0%E3%83%A9%E3%83%83%E3%82%AF%E7%94%A8%E3%83%91%E3%83%8D%E3%83%AB%E3%80%80%EF%BC%99%EF%BC%90%EF%BC%90%EF%BC%B8%EF%BC%94%EF%BC%95%EF%BC%90 HTTP/1.1" 200 42501 "-" "Mozilla/5.0 AppleWebKit/537.36 (KHTML, like Gecko; compatible; bingbot/2.0; +http://www.bing.com/bingbot.htm) Chrome/116.0.1938.76 Safari/537.36"
52.167.144.206 - - [30/Apr/2025:10:00:27 -0400] "GET /?k=02711143001500&channel=5bf214&from=shop.php%3Fid%3D1430015-11729%26name%3D%E9%99%B8%E4%B8%8A%E8%87%AA%E8%A1%9B%E9%9A%8A+%E3%83%9E%E3%83%83%E3%83%97%E3%82%B1%E3%83%BC%E3%82%B9%EF%BC%88PX%E5%93%81%E3%80%81+%E9%99%B8%E8%87%AA%E7%A9%BA%E8%87%AA%E6%B5%B7%E8%87%AA%E5%88%B6%E6%9C%8D%E5%88%B6%E5%B8%BD%E6%97%A7%E5%9E%8B%E8%BF%B7%E5%BD%A9%E6%9C%8D%EF%BC%98%EF%BC%99%E5%BC%8F%E5%B0%8F%E9%8A%83%EF%BC%96%EF%BC%94%E5%BC%8F%E5%B0%8F%E9%8A%83%E5%89%A3%E6%99%AE%E9%80%9A%E7%A7%91%E7%A9%BA%E6%8C%BA%E3%83%AC%E3%83%B3%E3%82%B8%E3%83%A3%E3%83%BC%E5%9B%B3%E5%9A%A2%E9%87%8E%E6%88%A6%E8%A3%85%E5%82%99 HTTP/1.1" 200 40305 "-" "Mozilla/5.0 AppleWebKit/537.36 (KHTML, like Gecko; compatible; bingbot/2.0; +http://www.bing.com/bingbot.htm) Chrome/116.0.1938.76 Safari/537.36"
52.167.144.206 - - [30/Apr/2025:10:00:28 -0400] "GET /?k=8370096673801&channel=d5e76e&from=category-info.php%3Fid%3D966738-8812%26name%3DJGA25-370%E6%AD%AF%E8%BB%8A%E3%83%A2%E3%83%BC%E3%82%BF%E3%83%BC+DC+6-24V%E4%BD%8E%E9%80%9F%E9%9B%BB%E5%8B%95%E6%A9%9F%E3%83%9E%E3%82%A4%E3%82%AF%E3%83%AD%E3%82%AE%E3%82%A2%E3%83%9C%E3%83%83%E3%82%AF%E3%82%B9%E4%BD%8E%E6%B8%9B%E7%94%A8%E6%B8%9B%E9%80%9F%E6%AD%AF%E8%BB%8A%E3%83%A2%E3%83%BC%E3%82%BF%E3%83%BC+DINGGUANGHE+%28Sp HTTP/1.1" 200 42099 "-" "Mozilla/5.0 AppleWebKit/537.36 (KHTML, like Gecko; compatible; bingbot/2.0; +http://www.bing.com/bingbot.htm) Chrome/116.0.1938.76 Safari/537.36"
40.77.167.159 - - [30/Apr/2025:10:00:43 -0400] "GET /?k=6622037817002&channel=9ae0c6&from=shop.php%3Fid%3D378170-3551%26name%3D%E8%87%AA%E7%AB%8B%E5%9E%8B%E3%82%B7%E3%83%B3%E3%82%B0%E3%83%AB%E3%83%9C%E3%82%A6%E3%83%AB%E3%82%B7%E3%83%B3%E3%82%AF%E3%80%81%E3%82%B9%E3%83%86%E3%83%B3%E3%83%AC%E3%82%B9%E8%A3%BD%E3%83%A6%E3%83%BC%E3%83%86%E3%82%A3%E3%83%AA%E3%83%86%E3%82%A3%E3%82%B7%E3%83%B3%E3%82%AF%E3%80%81%E8%9B%87%E5%8F%A3%E3%81%A8%E6%A3%9A%E4%BB%98%E3%81%8D%E6%B4%97%E9%9D%A2%E5%8F%B0%E3%80%81%E6%B4%97%E6%BF%AF%E3%82%B7%E3%83%B3%E3%82%AF%E3%80%81%E3%82%AC%E3%83%AC%E3%83%BC%E3%82%B8%E7%94%A8%E9%AD%9A%E6%B4%97%E6%B5%84%E3%82%B9%E3%83%86%E3%83%BC%E3%82%B7%E3%83%A7%E3%83%B3%E3%80%81%E3%82%AD%E3%83%83%E3%83%81%E3%83%B3 HTTP/1.1" 200 40654 "-" "Mozilla/5.0 AppleWebKit/537.36 (KHTML, like Gecko; compatible; bingbot/2.0; +http://www.bing.com/bingbot.htm) Chrome/116.0.1938.76 Safari/537.36"
52.167.144.206 - - [30/Apr/2025:10:00:47 -0400] "GET /?k=98922147211904&channel=fed14e&from=pin.php%3Fid%3D1472119-13439%26name%3Dshjxi+%E3%83%9D%E3%83%BC%E3%82%BF%E3%83%96%E3%83%AB%E3%82%B9%E3%83%88%E3%83%AC%E3%83%BC%E3%82%B8%E3%83%A9%E3%83%83%E3%82%AF%E3%80%81%E6%8A%98%E3%82%8A%E3%81%9F%E3%81%9F%E3%81%BF%E5%BC%8F%E3%82%AD%E3%83%A3%E3%83%B3%E3%83%97%E3%83%A9%E3%83%83%E3%82%AF%E3%80%813%E5%B1%A4%E6%8A%98%E3%82%8A%E3%81%9F%E3%81%9F%E3%81%BF%E5%BC%8F%E5%8F%8E%E7%B4%8D%E3%83%A9%E3%83%83%E3%82%AF%E3%80%81%E3%82%B3%E3%83%B3%E3%83%91%E3%82%AF%E3%83%88%E3%82%AD%E3%83%A3%E3%83%B3%E3%83%97%E3%82%B7%E3%82%A7%E3%83%AB%E3%83%95%E3%82%AA%E3%83%BC%E3%82%AC%E3%83%8A%E3%82%A4 HTTP/1.1" 200 40335 "-" "Mozilla/5.0 AppleWebKit/537.36 (KHTML, like Gecko; compatible; bingbot/2.0; +http://www.bing.com/bingbot.htm) Chrome/116.0.1938.76 Safari/537.36"
52.167.144.206 - - [30/Apr/2025:10:00:48 -0400] "GET /?k=1991279900700&channel=da31e6&from=info.php%3Fid%3D799007-14494%26name%3D%E7%AA%93%E6%8E%83%E9%99%A4%E3%83%96%E3%83%A9%E3%82%B7%E6%B0%B4%E4%BE%9B%E7%B5%A6%E3%83%86%E3%83%AC%E3%83%9D%E3%83%BC%E3%83%AB%E7%AA%93%E6%8E%83%E9%99%A4%E3%83%96%E3%83%A9%E3%82%B7%E6%B0%B4%2F%E3%83%9B%E3%83%BC%E3%82%B9%E4%BE%9B%E7%B5%A6%E3%83%9D%E3%83%BC%E3%83%AB%E3%82%AF%E3%83%AA%E3%83%BC%E3%83%8B%E3%83%B3%E3%82%B0%E5%A4%AA%E9%99%BD%E5%85%89%E7%99%BA%E9%9B%BB%E3%81%8A%E3%82%88%E3%81%B3%E3%82%BD%E3%83%BC%E3%83%A9%E3%83%BC%E3%83%91%E3%83%8D%E3%83%AB%2F%E3%82%B9%E3%82%AF%E3%83%AC%E3%83%BC%E3%83%91%E3%83%BC%E4%BB%98%E3%81%8D%2F9++%E3%83%A1%E3%83%BC%E3%83%88%EF%BC%88%E3%82%B9%E3%82%AF%E3%82%A4%E3%83%BC%E3%82%B8%E3%83%BC%E4%BB%98%E3%81%8D%E6%B0%B4%E4%BE%9B%E7%B5%A6%E3%83%96%E3%83%A9%E3%82%B7%E3%80%81%E5%A4%AA%E9%99%BD%E5%85%89%E7%99%BA%E9%9B%BB%E3%83%91%E3%83%8D%E3%83%AB%E6%B4%97%E6%B5%84%E8%A3%85%E7%BD%AE%E3%82%AF%E3%83%AA%E3%83%BC%E3%83%8B%E3%83%B3%E3%82%B0%E3%83%84%E3%83%BC%E3%83%AB%E3%80%813.6m-%EF%BC%89 HTTP/1.1" 200 41439 "-" "Mozilla/5.0 AppleWebKit/537.36 (KHTML, like Gecko; compatible; bingbot/2.0; +http://www.bing.com/bingbot.htm) Chrome/116.0.1938.76 Safari/537.36"
40.77.167.159 - - [30/Apr/2025:10:01:33 -0400] "GET /?k=2196846763800&channel=fcc3ac&from=shop.php%3Fid%3D467638-6961%26name%3D%E5%B1%8B%E5%A4%96+%E3%83%86%E3%83%BC%E3%83%96%E3%83%AB%E3%82%BB%E3%83%83%E3%83%88+%E5%B1%8B%E5%A4%96%E6%8A%98%E3%82%8A%E3%81%9F%E3%81%9F%E3%81%BF%E3%83%86%E3%83%BC%E3%83%96%E3%83%AB%E3%81%A8%E6%A4%85%E5%AD%90%E3%82%BB%E3%83%83%E3%83%88%E3%82%AD%E3%83%A3%E3%83%B3%E3%83%97%E3%83%94%E3%82%AF%E3%83%8B%E3%83%83%E3%82%AF%E3%83%86%E3%83%BC%E3%83%96%E3%83%AB%E3%81%A8%E6%A4%85%E5%AD%90%E3%81%AE%E7%B5%84%E3%81%BF%E5%90%88%E3%82%8F%E3%81%9B%E3%83%AC%E3%82%B8%E3%83%A3%E3%83%BC%E6%8A%98%E3%82%8A%E3%81%9F%E3%81%9F%E3%81%BF%E3%83%86%E3%83%BC%E3%83%96%E3%83%AB%E3%81%A8%E6%A4%85%E5%AD%90 HTTP/1.1" 200 41298 "-" "Mozilla/5.0 AppleWebKit/537.36 (KHTML, like Gecko; compatible; bingbot/2.0; +http://www.bing.com/bingbot.htm) Chrome/116.0.1938.76 Safari/537.36"
52.167.144.206 - - [30/Apr/2025:10:02:35 -0400] "GET /?k=70982172394102&channel=b1588e&from=goods.php%3Fid%3D1723941-424%26name%3D%E5%AE%A4%E5%86%85%E7%8C%AB%E7%94%A8%E3%83%A9%E3%83%B3%E3%83%8B%E3%83%B3%E3%82%B0%E3%83%95%E3%83%AC%E3%83%BC%E3%83%A0+%E5%AE%89%E5%AE%9A%E3%81%97%E3%81%9F%E7%8C%AB%E3%82%AF%E3%83%A9%E3%82%A4%E3%83%9F%E3%83%B3%E3%82%B0%E3%83%95%E3%83%AC%E3%83%BC%E3%83%A0%E7%88%AA%E3%81%A8%E3%81%8E%E7%8C%AB%E3%82%B9%E3%82%AF%E3%83%A9%E3%83%83%E3%83%81%E3%83%9D%E3%82%B9%E3%83%88%E3%82%B3%E3%83%A9%E3%83%A0%E3%82%AD%E3%83%A3%E3%83%83%E3%83%88%E3%82%BF%E3%83%AF%E3%83%BC%E7%8C%AB%E3%81%AE%E5%B7%A3%E7%8C%AB%E3%81%AE%E6%9C%A8%E7%8C%AB%E3%81%AE%E3%81%8A%E3%82%82%E3%81%A1%E3%82%83+%E7%8C%AB%E3%81%AE HTTP/1.1" 200 41198 "-" "Mozilla/5.0 AppleWebKit/537.36 (KHTML, like Gecko; compatible; bingbot/2.0; +http://www.bing.com/bingbot.htm) Chrome/116.0.1938.76 Safari/537.36"
2a06:98c0:3600::103 - - [30/Apr/2025:10:04:02 -0400] "GET /wp-admin/setup-config.php HTTP/1.1" 200 0 "-" "Mozilla/5.0 (Windows NT 10.0; Win64; x64) AppleWebKit/537.36 (KHTML, like Gecko) Chrome/135.0.0.0 Safari/537.36"
2a06:98c0:3600::103 - - [30/Apr/2025:10:05:15 -0400] "GET /wordpress/wp-admin/setup-config.php HTTP/1.1" 200 0 "-" "Mozilla/5.0 (Windows NT 10.0; Win64; x64) AppleWebKit/537.36 (KHTML, like Gecko) Chrome/135.0.0.0 Safari/537.36"
40.77.167.60 - - [30/Apr/2025:10:07:05 -0400] "GET /?k=5929193256500&channel=dedd8e&from=blog.php%3Fid%3D932565-2628%26name%3D%E3%83%9B%E3%83%B3%E3%83%80+%E7%B4%94%E6%AD%A3+%E3%82%B4%E3%83%BC%E3%83%AB%E3%83%89%E3%82%A6%E3%82%A3%E3%83%B3%E3%82%B0+%E3%83%AA%E3%82%A2%E3%83%96%E3%83%AC%E3%83%BC%E3%82%AD%E3%82%B9%E3%83%88%E3%83%83%E3%83%97+%E3%82%AF%E3%83%AB%E3%83%BC%E3%82%BA%E3%82%B9%E3%82%A4%E3%83%83%E3%83%81 HTTP/1.1" 200 39599 "-" "Mozilla/5.0 AppleWebKit/537.36 (KHTML, like Gecko; compatible; bingbot/2.0; +http://www.bing.com/bingbot.htm) Chrome/116.0.1938.76 Safari/537.36"
52.167.144.180 - - [30/Apr/2025:10:08:04 -0400] "GET /?k=0111294264506&channel=886206&from=brands.php%3Fid%3D942645-19053%26name%3D%E3%83%AF%E3%82%A4%E3%83%A4%E3%83%AC%E3%82%B9%E3%82%B9%E3%83%9E%E3%83%BC%E3%83%88%E8%A8%AA%E5%95%8F%E8%80%85%E3%83%89%E3%82%A2%E3%83%99%E3%83%AB%E3%80%81%E3%82%B3%E3%83%BC%E3%83%89%E3%83%AC%E3%82%B9%E3%83%89%E3%82%A2%E3%83%99%E3%83%AB%E9%98%B2%E6%B0%B4%E5%A3%81%E3%83%97%E3%83%A9%E3%82%B0%E3%82%A4%E3%83%B3%E3%83%89%E3%82%A2%E3%83%81%E3%83%A3%E3%82%A4%E3%83%A0%E3%82%AD%E3%83%83%E3%83%88%E3%80%81150%E3%83%A1%E3%83%BC%E3%83%88%E3%83%AB%E3%81%AE%E3%83%AF%E3%82%A4%E3%83%A4%E3%83%AC%E3%82%B9%E7%AF%84%E5%9B%B2%E3%80%8160%E3%83%81%E3%83%A3%E3%82%A4%E3%83%A0 HTTP/1.1" 200 41616 "-" "Mozilla/5.0 AppleWebKit/537.36 (KHTML, like Gecko; compatible; bingbot/2.0; +http://www.bing.com/bingbot.htm) Chrome/116.0.1938.76 Safari/537.36"
52.167.144.186 - - [30/Apr/2025:10:09:03 -0400] "GET /?k=266408711401&channel=bc9a19&from=shop.php%3Fid%3D87114-6657%26name%3D%E3%82%AD%E3%83%BC%E3%82%AD%E3%83%A3%E3%83%93%E3%83%8D%E3%83%83%E3%83%88%EF%BC%8C%E3%82%AD%E3%83%BC%E3%83%9C%E3%83%83%E3%82%AF%EF%BC%8C%E3%82%AD%E3%83%BC%E3%83%9C%E3%83%83%E3%82%AF%E3%82%B9%EF%BC%8C+%E5%A3%81%E6%8E%9B%E3%81%91%E5%BC%8F%E3%82%AD%E3%83%BC%E7%AE%A1%E7%90%86%E3%83%9C%E3%83%83%E3%82%AF%E3%82%B9%E3%80%81%E6%96%BD%E9%8C%A0%E5%8F%AF%E8%83%BD%E3%80%81%E4%B8%8D%E5%8B%95%E7%94%A3%E4%BC%9A%E7%A4%BE%E7%94%A8%E8%BB%8A%E7%94%A8%E3%82%AD%E3%83%BC%E3%82%AD%E3%83%A3%E3%83%93%E3%83%8D%E3%83%83%E3%83%88%E3%80%81%E5%8F%8E%E7%B4%8D%E3%82%AD%E3%83%BC%E3%83%9C%E3%83%83%E3%82%AF%E3%82%B9 HTTP/1.1" 200 40381 "-" "Mozilla/5.0 AppleWebKit/537.36 (KHTML, like Gecko; compatible; bingbot/2.0; +http://www.bing.com/bingbot.htm) Chrome/116.0.1938.76 Safari/537.36"
40.77.167.60 - - [30/Apr/2025:10:09:07 -0400] "GET /?k=3945195652901&channel=3de803&from=pin.php%3Fid%3D956529-17083%26name%3D%E3%83%88%E3%82%A4%E3%83%AC%E3%82%B7%E3%83%BC%E3%83%88+%E3%83%97%E3%83%AC%E3%83%9F%E3%82%A2%E3%83%A0%E3%82%B0%E3%83%AA%E3%83%83%E3%82%BF%E3%83%BC%E3%83%88%E3%82%A4%E3%83%AC%E3%82%B7%E3%83%BC%E3%83%88%E3%80%81%E3%83%90%E3%82%B9%E3%83%AB%E3%83%BC%E3%83%A0%E6%A5%95%E5%86%86%E5%BD%A2%E3%83%A6%E3%83%8B%E3%83%90%E3%83%BC%E3%82%B5%E3%83%AB%E3%83%88%E3%82%A4%E3%83%AC%E3%82%B7%E3%83%BC%E3%83%88%E3%80%81%E3%82%BD%E3%83%95%E3%83%88%E3%82%AF%E3%83%AD%E3%83%BC%E3%82%BA%E3%81%A8%E3%82%AF%E3%82%A4%E3%83%83%E3%82%AF%E3%83%AA%E3%83%AA%E3%83%BC%E3%82%B9%E3%80%81%E8%AA%BF%E6%95%B4%E5%8F%AF%E8%83%BD HTTP/1.1" 200 41465 "-" "Mozilla/5.0 AppleWebKit/537.36 (KHTML, like Gecko; compatible; bingbot/2.0; +http://www.bing.com/bingbot.htm) Chrome/116.0.1938.76 Safari/537.36"
52.167.144.186 - - [30/Apr/2025:10:09:23 -0400] "GET /?k=82550185014903&channel=b5442f&from=shared.php%3Fid%3D1850149-14431%26name%3D%E6%9C%A8%E6%9D%90%E5%89%AA%E5%AE%9A%E3%83%AC%E3%82%B7%E3%83%97%E3%83%AD%E3%82%BD%E3%83%BC%E3%83%96%E3%83%AC%E3%83%BC%E3%83%89%E3%80%81%E9%8B%AD%E3%81%84%E6%8E%A5%E5%9C%B0%E6%AD%AF%E9%95%B7%E5%AF%BF%E5%91%BD%E3%82%BB%E3%83%BC%E3%83%90%E3%83%BC%E3%82%BD%E3%83%BC%E3%83%96%E3%83%AC%E3%83%BC%E3%83%89%E3%80%81%E9%95%B7%E3%81%95150mm%E3%80%811%2F2%E3%82%A4%E3%83%B3%E3%83%81%E3%83%A6%E3%83%8B%E3%83%90%E3%83%BC%E3%82%B5%E3%83%AB%E3%82%B7%E3%83%A3%E3%83%B3%E3%82%AF%E3%80%8120%E5%80%8B%E3%83%91%E3%83%83%E3%82%AF HTTP/1.1" 200 42813 "-" "Mozilla/5.0 AppleWebKit/537.36 (KHTML, like Gecko; compatible; bingbot/2.0; +http://www.bing.com/bingbot.htm) Chrome/116.0.1938.76 Safari/537.36"
40.77.167.60 - - [30/Apr/2025:10:10:56 -0400] "GET /?k=29993174159106&channel=4fbf01&from=goods.php%3Fid%3D1741591-20243%26name%3D%E5%B1%8B%E5%A4%96%E3%82%B5%E3%83%B3%E3%82%B7%E3%82%A7%E3%83%BC%E3%83%89%E5%82%98%E3%80%81%E5%B1%8B%E5%A4%96%E3%83%86%E3%83%BC%E3%83%96%E3%83%AB%E3%83%9E%E3%83%BC%E3%82%B1%E3%83%83%E3%83%88%E3%83%A4%E3%83%BC%E3%83%89%E5%82%98%E3%80%81%E3%82%AF%E3%83%A9%E3%83%B3%E3%82%AF%E3%81%A8%E9%A0%91%E4%B8%88%E3%81%AA%E3%83%AA%E3%83%96%E3%81%AE%E7%B0%A1%E5%8D%98%E3%81%AA%E3%83%97%E3%83%83%E3%82%B7%E3%83%A5%E3%83%9C%E3%82%BF%E3%83%B3%E3%80%81%E8%80%90%E9%A2%A8%E6%80%A7%E3%80%81%E8%80%90%E4%B9%85%E6%80%A7%E3%80%81%E8%BB%BD%E9%87%8F HTTP/1.1" 200 41543 "-" "Mozilla/5.0 AppleWebKit/537.36 (KHTML, like Gecko; compatible; bingbot/2.0; +http://www.bing.com/bingbot.htm) Chrome/116.0.1938.76 Safari/537.36"
52.167.144.180 - - [30/Apr/2025:10:11:55 -0400] "GET /?k=19192157416904&channel=1e70d9&from=pin.php%3Fid%3D1574169-7495%26name%3DF%E5%9E%8B%E3%82%AF%E3%83%A9%E3%83%B3%E3%83%97%E5%BC%8F%E3%83%86%E3%83%BC%E3%83%96%E3%83%AB%E8%84%9A%E3%80%81%E3%83%96%E3%83%AC%E3%83%83%E3%82%AF%E3%83%95%E3%82%A1%E3%82%B9%E3%83%88%E3%83%90%E3%83%BC%E8%84%9A%E3%80%81%E8%AA%BF%E7%AF%80%E5%8F%AF%E8%83%BD%E3%81%AA%E3%83%86%E3%83%BC%E3%83%96%E3%83%AB%E8%84%9A%E3%80%81%E3%83%AF%E3%83%BC%E3%82%AF%E3%83%88%E3%83%83%E3%83%97%E3%82%B5%E3%83%9D%E3%83%BC%E3%83%88%E8%84%9A%E3%80%81%E7%B0%A1%E5%8D%98%E3%81%AB%E3%83%95%E3%82%A3%E3%83%83%E3%83%88%E3%81%99%E3%82%8B%E3%83%89%E3%83%AA%E3%83%AB%E4%B8%8D%E8%A6%81%E3%81%AE%E3%83%86%E3%83%BC%E3%83%96 HTTP/1.1" 200 40480 "-" "Mozilla/5.0 AppleWebKit/537.36 (KHTML, like Gecko; compatible; bingbot/2.0; +http://www.bing.com/bingbot.htm) Chrome/116.0.1938.76 Safari/537.36"
52.167.144.180 - - [30/Apr/2025:10:11:55 -0400] "GET /?k=7014782694300&channel=970d16&from=goods.php%3Fid%3D826943-4514%26name%3DRS232%E3%82%A4%E3%83%B3%E3%82%BF%E3%83%BC%E3%83%95%E3%82%A7%E3%82%A4%E3%82%B9%E3%81%AE%E5%8C%85%E8%A3%85%E5%88%B6%E5%BE%A1%E3%82%92%E8%87%AA%E5%8B%95%E7%9A%84%E3%81%AB%E7%94%A8%E3%81%84%E3%82%8B%E3%82%B9%E3%82%B1%E3%83%BC%E3%83%ABXK3120AP%E3%81%AE%E3%81%9F%E3%82%81%E3%81%AE%E9%9B%BB%E5%AD%90%E9%87%8D%E9%87%8F%E3%82%92%E9%87%8F%E3%82%8B%E3%83%A1%E3%83%BC%E3%83%88%E3%83%AB+%E3%82%B7%E3%82%B9%E3%83%86%E3%83%A0+%E3%83%90%E3%83%83%E3%83%81%E3%81%AE%E3%82%B3%E3%83%B3%E3%83%88 HTTP/1.1" 200 42181 "-" "Mozilla/5.0 AppleWebKit/537.36 (KHTML, like Gecko; compatible; bingbot/2.0; +http://www.bing.com/bingbot.htm) Chrome/116.0.1938.76 Safari/537.36"
40.77.167.60 - - [30/Apr/2025:10:11:59 -0400] "GET /?k=2317274471403&channel=b1588e&from=product.php%3Fid%3D744714-424%26name%3D%E5%AE%A4%E5%86%85%E7%8C%AB%E7%94%A8%E3%83%A9%E3%83%B3%E3%83%8B%E3%83%B3%E3%82%B0%E3%83%95%E3%83%AC%E3%83%BC%E3%83%A0+%E7%B1%90%E7%B9%94%E7%8C%AB%E3%82%AF%E3%83%A9%E3%82%A4%E3%83%9F%E3%83%B3%E3%82%B0%E3%83%95%E3%83%AC%E3%83%BC%E3%83%A0%E7%8C%AB%E3%81%AE%E6%9C%A8%E7%8C%AB%E3%81%AE%E5%B7%A3%E5%B0%8F%E3%81%95%E3%81%AA%E7%8C%AB%E3%81%AE%E5%B7%A3%E7%8C%AB%E3%83%8F%E3%82%A6%E3%82%B9%E7%8C%AB%E6%A3%9A%E7%8C%AB%E3%82%B9%E3%82%AF%E3%83%A9%E3%83%83%E3%83%81%E3%83%9D%E3%82%B9%E3%83%88%E3%81%8A%E3%82%82%E3%81%A1%E3%82%83++%E7%8C%AB%E3%81%AE%E3%83%A9%E3%83%B3%E3%83%8B%E3%83%B3%E3%82%B0%EF%BC%88%E5%A4%A7%E5%9E%8B%E7%8C%AB%E7%94%A8%E3%82%AD%E3%83%A3%E3%83%83%E3%83%88%E3%83%84%E3%83%AA%E3%83%BC+%E7%8C%AB%E7%94%A8%E3%82%AF%E3%83%A9%E3%82%A4%E3%83%9F%E3%83%B3%E3%82%B0%E3%83%95%E3%83%AC%E3%83%BC%E3%83%A0+%E5%A3%81%E6%8E%9B%E3%81%91+%E5%AE%89%E5%AE%9A%E3%81%97%E3%81%9F%E7%8C%AB%E3%81%AF%E3%81%97%E3%81%94+%E5%82%B7%E3%81%A4%E3%81%8D%E3%81%AB%E3%81%8F%E3%81%84+%E5%BF%AB%E9%81%A9%E3%81%AA%E7%8C%AB%E3%81%AE%E5%B7%A3+%E7%B0%A1%E5%8D%98%E8%A8%AD%E7%BD%AE+%E7%8C%AB%E3%83%8D%E3%83%83%E3%83%88+%E7%8C%AB+vi%EF%BC%88X-Nanbei++%E3%80%902024%E6%96%B0%E8%A8%AD%E8%A8%88+%E5%A4%A9%E7%84%B6%E6%9C%A8%E4%BD%BF%E7%94%A8%E3%80%91%E3%82%AD%E3%83%A3%E3%83%83%E3%83%88%E3%82%BF%E3%83%AF%E3%83%BC+%E6%9C%A8%E8%A3%BD+%E5%A4%A7%E5%9E%8B%E7%8C%AB%E7%94%A8+%E3%82%B9%E3%83%AA%E3%83%A0+%E3%83%9F%E3%83%8B+%E3%81%8A%E3%81%97%E3%82%83%E3%82%8C+%E5%A4%9A%E9%A0%AD%E9%A3%BC%E3%81%84+%E3%82%B7%E3%83%B3%E3%83%97%E3%83%AB+%E4%BD%8E%E3%81%84+%E5%8F%AF%E6%84%9B%E3%81%84+%E7%9F%AD%E8%B6%B3%E7%94%A8+%E7%8C%AB%E3%82%BF%E3%83%AF%E3%83%BC+...%EF%BC%89 HTTP/1.1" 200 41601 "-" "Mozilla/5.0 AppleWebKit/537.36 (KHTML, like Gecko; compatible; bingbot/2.0; +http://www.bing.com/bingbot.htm) Chrome/116.0.1938.76 Safari/537.36"
40.77.167.60 - - [30/Apr/2025:10:12:00 -0400] "GET /?k=19128165902403&channel=19e512&from=news.php%3Fid%3D1659024-25050%26name%3D%E5%A5%B3%E6%80%A7%E3%83%80%E3%83%B3%E3%82%B9%E3%83%89%E3%83%AC%E3%82%B9+%E3%83%90%E3%83%AC%E3%82%A8%E3%83%81%E3%83%A5%E3%83%81%E3%83%A5%E5%A5%B3%E6%80%A7%E5%85%89%E6%B2%A2%E3%81%AE%E3%81%82%E3%82%8B%E3%82%B9%E3%83%91%E3%83%B3%E3%82%B3%E3%83%BC%E3%83%AB%E3%83%AA%E3%83%AA%E3%82%AB%E3%83%AB%E3%83%80%E3%83%B3%E3%82%B9%E3%82%B3%E3%82%B9%E3%83%81%E3%83%A5%E3%83%BC%E3%83%A0%E3%83%8E%E3%83%BC%E3%82%B9%E3%83%AA%E3%83%BC%E3%83%96%E3%83%90%E3%83%83%E3%82%AF%E3%83%AC%E3%82%B9%E3%81%AE%E9%9D%9E%E5%AF%BE%E7%A7%B0%E4%BD%93%E6%93%8D%E3%83%AC%E3%82%AA%E3%82%BF%E3%83%BC%E3%83%89%E3%83%89%E3%83%AC HTTP/1.1" 200 41943 "-" "Mozilla/5.0 AppleWebKit/537.36 (KHTML, like Gecko; compatible; bingbot/2.0; +http://www.bing.com/bingbot.htm) Chrome/116.0.1938.76 Safari/537.36"
40.77.167.72 - - [30/Apr/2025:10:13:14 -0400] "GET /?k=6600826467503&channel=f37501&from=article.php%3Fid%3D264675-11092%26name%3D%E3%82%B7%E3%83%A5%E3%83%BC%E3%82%BA%E3%83%A9%E3%83%83%E3%82%AF%E3%83%99%E3%83%B3%E3%83%81+%E9%9D%B4%E4%BA%A4%E6%8F%9B%E3%82%B9%E3%83%84%E3%83%BC%E3%83%AB%E6%9C%A8%E8%A3%BD%E7%8E%84%E9%96%A2%E3%83%89%E3%82%A2%E7%8E%84%E9%96%A2%E3%83%9D%E3%83%BC%E3%83%81%E5%AE%B6%E3%81%AB%E5%BA%A7%E3%82%8B%E3%81%93%E3%81%A8%E3%81%8C%E3%81%A7%E3%81%8D%E3%82%8B%E3%82%AF%E3%83%83%E3%82%B7%E3%83%A7%E3%83%B3%E9%9D%B4%E3%83%A9%E3%83%83%E3%82%AF%E7%B5%B1%E5%90%88%E5%8F%8E%E7%B4%8D%E3%82%B9%E3%83%84%E3%83%BC%E3%83%AB+%E3%83%9E%E3%83%83%E3%83%89%E3%83%AB%E3%83%BC%E3%83%A0%E7%94%A8%E7%8E%84%E9%96%A2 HTTP/1.1" 200 40782 "-" "Mozilla/5.0 AppleWebKit/537.36 (KHTML, like Gecko; compatible; bingbot/2.0; +http://www.bing.com/bingbot.htm) Chrome/116.0.1938.76 Safari/537.36"
40.77.167.72 - - [30/Apr/2025:10:13:14 -0400] "GET /?k=6528772922905&channel=1ed4bf&from=product.php%3Fid%3D729229-16286%26name%3D%E5%8A%A0%E7%86%B1%E3%82%BB%E3%83%B3%E3%82%B5%E3%83%BC%E4%BB%98%E3%81%8D%E6%B2%B9%E6%B0%B4%E5%88%86%E9%9B%A2%E5%99%A8%E3%83%87%E3%82%A3%E3%83%BC%E3%82%BC%E3%83%AB%E7%B2%97%E3%83%95%E3%82%A3%E3%83%AB%E3%82%BF%E3%83%BC+P121400049+%E6%89%8B%E5%8B%95%E3%83%9D%E3%83%B3%E3%83%97%E6%B0%B4%E5%8F%8E%E9%9B%86%E3%82%AB%E3%83%83%E3%83%97 HTTP/1.1" 200 42217 "-" "Mozilla/5.0 AppleWebKit/537.36 (KHTML, like Gecko; compatible; bingbot/2.0; +http://www.bing.com/bingbot.htm) Chrome/116.0.1938.76 Safari/537.36"
52.167.144.180 - - [30/Apr/2025:10:13:19 -0400] "GET /?k=8011172990601&channel=ba297b&from=form.php%3Fid%3D729906-16294%26name%3D%E3%83%8F%E3%82%A4%E3%83%91%E3%83%95%E3%82%A9%E3%83%BC%E3%83%9E%E3%83%B3%E3%82%B912V%E3%83%96%E3%83%A9%E3%82%B7%E3%83%AC%E3%82%B9%E3%83%96%E3%83%AD%E3%83%AF%E3%83%BC%E3%83%95%E3%82%A1%E3%83%B397mmmx33mm%E3%83%99%E3%82%A2%E3%83%AA%E3%83%B3%E3%82%B0%E3%83%81%E3%83%A3%E3%82%B3%E3%83%BC%E3%83%AB%E3%82%B9%E3%82%BF%E3%83%BC%E3%82%BF%E3%83%BC%E3%81%AE%E5%B1%8B%E5%A4%96%E3%83%90%E3%83%BC%E3%83%99%E3%82%AD%E3%83%A5%E3%83%BC%E3%81%AE%E9%81%A0%E5%BF%83%E3%83%95%E3%82%A1%E3%83%B3 HTTP/1.1" 200 41513 "-" "Mozilla/5.0 AppleWebKit/537.36 (KHTML, like Gecko; compatible; bingbot/2.0; +http://www.bing.com/bingbot.htm) Chrome/116.0.1938.76 Safari/537.36"
40.77.167.72 - - [30/Apr/2025:10:14:04 -0400] "GET /?k=82899184522803&channel=7d3dde&from=article.php%3Fid%3D1845228-14824%26name%3DFarigrut+%E9%89%84%E9%8D%8B%E5%9C%9F%E9%8D%8B+%E9%89%84%E9%8B%B3%E7%89%A9%E8%A3%BD+%E3%82%AC%E3%82%B9%E7%81%AB+IH+%E5%AF%BE%E5%BF%9C+%E9%8B%B3%E9%89%84%E9%8D%8B%E5%AE%B6%E5%BA%AD%E7%94%A8%E4%B8%A1%E8%80%B3%E5%A4%A7%E5%9E%8B%E9%89%84%E9%8D%8B%E6%98%94%E3%81%AA%E3%81%8C%E3%82%89%E3%81%AE%E4%B8%B8%E5%BA%95%E3%82%AC%E3%82%B9+%E5%A4%9A%E7%9B%AE%E7%9A%84%E9%8D%8B+%E6%9C%AC%E6%A0%BC%E7%9A%84%E3%81%AA%E9%89%84%E8%A3%BD%E3%81%AE%E3%81%8A%E9%8D%8B%E3%81%A7 HTTP/1.1" 200 41949 "-" "Mozilla/5.0 AppleWebKit/537.36 (KHTML, like Gecko; compatible; bingbot/2.0; +http://www.bing.com/bingbot.htm) Chrome/116.0.1938.76 Safari/537.36"
52.167.144.159 - - [30/Apr/2025:10:16:35 -0400] "GET /?k=7798666015201&channel=a39573&from=goods.php%3Fid%3D660152-276%26name%3D%E9%87%A3%E3%82%8A%E3%83%AA%E3%83%BC%E3%83%AB%E3%83%8F%E3%83%B3%E3%83%89%E3%83%AB%E3%80%81%E3%82%B9%E3%83%86%E3%83%B3%E3%83%AC%E3%82%B9%E9%8B%BC%E3%81%AE%E9%87%A3%E3%82%8A%E3%83%9B%E3%82%A4%E3%83%BC%E3%83%AB%E3%83%8F%E3%83%B3%E3%83%89%E3%83%AB%7C%E9%87%A3%E3%82%8A%E6%84%9B%E5%A5%BD%E5%AE%B6%E3%81%AE%E3%81%9F%E3%82%81%E3%81%AE%E5%BF%AB%E9%81%A9%E3%81%AA%E4%BA%A4%E6%8F%9B%E7%94%A8%E9%87%A3%E3%82%8A%E3%83%9B%E3%82%A4%E3%83%BC%E3%83%AB%E3%81%AE%E6%8F%A1%E3%82%8A%E7%B2%BE%E5%AF%86%E5%8A%A0%E5%B7%A5%E6%8A%80%E8%A1%93%E3%81%A8%E9%AB%98%E5%BC%B7%E5%BA%A6%E3%81%AE%E3%82%B9%E3%83%86%E3%83%B3 HTTP/1.1" 200 40023 "-" "Mozilla/5.0 AppleWebKit/537.36 (KHTML, like Gecko; compatible; bingbot/2.0; +http://www.bing.com/bingbot.htm) Chrome/116.0.1938.76 Safari/537.36"
40.77.167.149 - - [30/Apr/2025:10:18:25 -0400] "GET /?k=50196103293804&channel=baf5a3&from=info.php%3Fid%3D1032938-9747%26name%3D%5BRssdaaacz%5D+%E3%82%BF%E3%82%AD%E3%82%B7%E3%83%BC%E3%83%89%E7%94%B7%E6%80%A7%E3%82%AE%E3%83%95%E3%83%88%E7%94%A8%E3%83%A1%E3%83%B3%E3%82%BA%E3%82%BD%E3%83%AA%E3%83%83%E3%83%89%E3%83%9B%E3%83%AF%E3%82%A4%E3%83%88%E3%82%B9%E3%83%BC%E3%83%84%E3%83%99%E3%82%B9%E3%83%88%E3%82%B7%E3%83%AB%E3%82%AF%E3%83%81%E3%83%A7%E3%83%83%E3%82%AD%E3%83%95%E3%82%A9%E3%83%BC%E3%83%9E%E3%83%AB%E3%83%9A%E3%82%A4%E3%82%BA%E3%83%AA%E3%83%BC%E3%83%8D%E3%82%AF%E3%82%BF%E3%82%A4%E3%82%AB%E3%83%95%E3%82%B9%E3%83%9D%E3%82%B1 HTTP/1.1" 200 40839 "-" "Mozilla/5.0 AppleWebKit/537.36 (KHTML, like Gecko; compatible; bingbot/2.0; +http://www.bing.com/bingbot.htm) Chrome/116.0.1938.76 Safari/537.36"
40.77.167.72 - - [30/Apr/2025:10:18:36 -0400] "GET /?k=065086151900&channel=bc6dfa&from=pin.php%3Fid%3D61519-5405%26name%3D%E5%A3%81%E3%81%AE%E3%83%A9%E3%82%A4%E3%83%88%E3%82%B0%E3%83%A9%E3%83%A0%E3%82%AF%E3%83%AA%E3%82%B9%E3%82%BF%E3%83%AB%E3%82%A6%E3%82%A9%E3%83%BC%E3%83%AB%E3%82%B9%E3%82%B3%E3%83%BC%E3%83%B3%E7%85%A7%E6%98%8E%E5%99%A8%E5%85%B72%E3%83%A9%E3%82%A4%E3%83%88%E7%B7%9A%E5%BD%A2%E3%82%B9%E3%83%86%E3%83%B3%E3%83%AC%E3%82%B9%E9%8B%BC%E5%A3%81%E3%83%A9%E3%83%B3%E3%83%97%E3%82%AF%E3%83%AA%E3%82%B9%E3%82%BF%E3%83%AB%E3%83%90%E3%82%B9%E3%83%AB%E3%83%BC%E3%83%A0%E3%83%90%E3%83%8B%E3%83%86%E3%82%A3%E3%83%A9%E3%82%A4%E3%83%88%E3%83%AA%E3%83%93%E3%83%B3%E3%82%B0%E3%83%AB%E3%83%BC%E3%83%A0%E3%83%99 HTTP/1.1" 200 41757 "-" "Mozilla/5.0 AppleWebKit/537.36 (KHTML, like Gecko; compatible; bingbot/2.0; +http://www.bing.com/bingbot.htm) Chrome/116.0.1938.76 Safari/537.36"
52.167.144.159 - - [30/Apr/2025:10:19:35 -0400] "GET /?k=79183112068802&channel=cbc719&from=product.php%3Fid%3D1120688-21074%26name%3D%E3%83%9D%E3%83%BC%E3%82%BF%E3%83%96%E3%83%AB%E3%82%A4%E3%83%B3%E3%82%B9%E3%83%AA%E3%83%B3%E5%86%B7%E8%94%B5%E5%BA%AB%E3%80%81%E7%B3%96%E5%B0%BF%E7%97%85%E8%96%AC%E5%86%B7%E8%94%B5%E5%BA%AB%E3%80%81%E8%96%AC%E7%94%A8%E3%83%88%E3%83%A9%E3%83%99%E3%83%AB%E3%82%B1%E3%83%BC%E3%82%B9%E3%82%B5%E3%83%BC%E3%83%A2%E3%82%B9%E3%82%BF%E3%83%83%E3%83%88%E3%80%812%E3%80%9C8%E2%84%83%E3%81%AE%E6%B6%BC%E3%81%97%E3%81%95%E3%80%81%E5%A4%8F%E3%81%AE%E6%97%85%E8%A1%8C%E4%BD%9C%E6%A5%AD%E3%81%AB%E6%9C%80%E9%81%A9%E3%80%81%E8%A4%87%E6%95%B0%E3%81%AE%E5%85%85%E9%9B%BB%E6%96%B9%E6%B3%95%2C HTTP/1.1" 200 40939 "-" "Mozilla/5.0 AppleWebKit/537.36 (KHTML, like Gecko; compatible; bingbot/2.0; +http://www.bing.com/bingbot.htm) Chrome/116.0.1938.76 Safari/537.36"
40.77.167.72 - - [30/Apr/2025:10:19:39 -0400] "GET /?k=97300180944405&channel=5850c9&from=shared.php%3Fid%3D1809444-23984%26name%3D%E6%B1%8E%E7%94%A8%E6%80%A7%E3%81%AE%E9%AB%98%E3%81%84CR1616%E3%83%9C%E3%82%BF%E3%83%B3%E3%83%90%E3%83%83%E3%83%86%E3%83%AA%E3%83%BC%E3%81%95%E3%81%BE%E3%81%96%E3%81%BE%E3%81%AA%E4%BD%8E%E9%9B%BB%E5%8A%9B%E3%83%87%E3%83%90%E3%82%A4%E3%82%B9%E7%94%A8%E3%81%AE%E3%82%B3%E3%82%A4%E3%83%B3%E3%83%90%E3%83%83%E3%83%86%E3%83%AA%E3%83%BC%E3%82%B3%E3%82%A4%E3%83%B3%E3%82%BB%E3%83%AB%E3%83%90%E3%83%83%E3%83%86%E3%83%AA%E3%83%BC%E5%AE%89%E5%AE%9A%E5%87%BA%E5%8A%9B HTTP/1.1" 200 39495 "-" "Mozilla/5.0 AppleWebKit/537.36 (KHTML, like Gecko; compatible; bingbot/2.0; +http://www.bing.com/bingbot.htm) Chrome/116.0.1938.76 Safari/537.36"
2a06:98c0:3600::103 - - [30/Apr/2025:10:22:05 -0400] "GET /wp-admin/setup-config.php HTTP/1.1" 200 0 "-" "Mozilla/5.0 (Windows NT 10.0; Win64; x64) AppleWebKit/537.36 (KHTML, like Gecko) Chrome/135.0.0.0 Safari/537.36"
40.77.167.72 - - [30/Apr/2025:10:22:06 -0400] "GET /?k=0828441571904&channel=4baec0&from=form.php%3Fid%3D415719-5957%26name%3DFLEXMAN+600W%E3%82%B9%E3%83%86%E3%83%83%E3%83%97%E3%83%80%E3%82%A6%E3%83%B3MPPT%E3%82%BD%E3%83%BC%E3%83%A9%E3%83%BC%E3%83%81%E3%83%A3%E3%83%BC%E3%82%B8%E3%82%B3%E3%83%B3%E3%83%88%E3%83%AD%E3%83%BC%E3%83%A9%E3%83%BC%E3%80%81LCD%E3%83%87%E3%82%A3%E3%82%B9%E3%83%97%E3%83%AC%E3%82%A4%E4%BB%98%E3%81%8D10~30V%E8%AA%BF%E6%95%B4%E5%8F%AF%E8%83%BD%E3%81%AA%E3%82%BD%E3%83%BC%E3%83%A9%E3%83%BC%E3%83%91 HTTP/1.1" 200 41464 "-" "Mozilla/5.0 AppleWebKit/537.36 (KHTML, like Gecko; compatible; bingbot/2.0; +http://www.bing.com/bingbot.htm) Chrome/116.0.1938.76 Safari/537.36"
96.8.119.190 - - [30/Apr/2025:10:23:34 -0400] "GET / HTTP/1.1" 200 0 "-" "-"
96.8.119.190 - - [30/Apr/2025:10:23:36 -0400] "GET /wordpress HTTP/1.1" 200 0 "-" "-"
96.8.119.190 - - [30/Apr/2025:10:23:38 -0400] "GET /wp HTTP/1.1" 200 0 "-" "-"
96.8.119.190 - - [30/Apr/2025:10:23:40 -0400] "GET /blog HTTP/1.1" 200 0 "-" "-"
96.8.119.190 - - [30/Apr/2025:10:23:44 -0400] "GET /new HTTP/1.1" 200 0 "-" "-"
96.8.119.190 - - [30/Apr/2025:10:23:46 -0400] "GET /old HTTP/1.1" 200 0 "-" "-"
96.8.119.190 - - [30/Apr/2025:10:23:49 -0400] "GET /test HTTP/1.1" 200 0 "-" "-"
96.8.119.190 - - [30/Apr/2025:10:23:55 -0400] "GET /main HTTP/1.1" 200 0 "-" "-"
96.8.119.190 - - [30/Apr/2025:10:23:58 -0400] "GET /testing HTTP/1.1" 200 0 "-" "-"
