2a06:98c0:3600::103 - - [24/Apr/2025:00:18:48 -0400] "GET /wp-admin/setup-config.php HTTP/1.1" 200 0 "-" "Mozilla/5.0 (Windows NT 10.0; Win64; x64) AppleWebKit/537.36 (KHTML, like Gecko) Chrome/135.0.0.0 Safari/537.36"
2a06:98c0:3600::103 - - [24/Apr/2025:00:34:32 -0400] "GET /wp-admin/setup-config.php HTTP/1.1" 200 0 "-" "Mozilla/5.0 (Windows NT 10.0; Win64; x64) AppleWebKit/537.36 (KHTML, like Gecko) Chrome/135.0.0.0 Safari/537.36"
2a06:98c0:3600::103 - - [24/Apr/2025:00:36:05 -0400] "GET /wordpress/wp-admin/setup-config.php HTTP/1.1" 200 0 "-" "Mozilla/5.0 (Windows NT 10.0; Win64; x64) AppleWebKit/537.36 (KHTML, like Gecko) Chrome/135.0.0.0 Safari/537.36"
146.19.215.32 - - [24/Apr/2025:00:38:04 -0400] "GET /admin.php?520 HTTP/1.1" 200 114 "-" "Mozilla/5.0 (Windows; U; Windows NT 6.1; en-US; rv:1.9.1.5) Gecko/20091102 Firefox/3.5.5 (.NET CLR 3.5.30729)"
2a06:98c0:3600::103 - - [24/Apr/2025:00:54:27 -0400] "GET /wordpress/wp-admin/setup-config.php HTTP/1.1" 200 0 "-" "Mozilla/5.0 (Windows NT 10.0; Win64; x64) AppleWebKit/537.36 (KHTML, like Gecko) Chrome/135.0.0.0 Safari/537.36"
2a06:98c0:3600::103 - - [24/Apr/2025:00:55:15 -0400] "GET /wp-admin/setup-config.php HTTP/1.1" 200 0 "-" "Mozilla/5.0 (Windows NT 10.0; Win64; x64) AppleWebKit/537.36 (KHTML, like Gecko) Chrome/135.0.0.0 Safari/537.36"
199.244.88.219 - - [24/Apr/2025:00:56:28 -0400] "GET / HTTP/1.1" 200 0 "-" "Mozilla/5.0 (X11; Linux x86_64) AppleWebKit/537.36 (KHTML, like Gecko) Chrome/105.0.0.0 Safari/537.36"
2a06:98c0:3600::103 - - [24/Apr/2025:01:20:11 -0400] "GET /wp-admin/setup-config.php HTTP/1.1" 200 0 "-" "Mozilla/5.0 (Windows NT 10.0; Win64; x64) AppleWebKit/537.36 (KHTML, like Gecko) Chrome/135.0.0.0 Safari/537.36"
2a06:98c0:3600::103 - - [24/Apr/2025:01:22:51 -0400] "GET /wordpress/wp-admin/setup-config.php HTTP/1.1" 200 0 "-" "Mozilla/5.0 (Windows NT 10.0; Win64; x64) AppleWebKit/537.36 (KHTML, like Gecko) Chrome/135.0.0.0 Safari/537.36"
2a06:98c0:3600::103 - - [24/Apr/2025:01:23:51 -0400] "GET /wp-admin/setup-config.php HTTP/1.1" 200 0 "-" "Mozilla/5.0 (Windows NT 10.0; Win64; x64) AppleWebKit/537.36 (KHTML, like Gecko) Chrome/135.0.0.0 Safari/537.36"
2a06:98c0:3600::103 - - [24/Apr/2025:01:39:41 -0400] "GET /wordpress/wp-admin/setup-config.php HTTP/1.1" 200 0 "-" "Mozilla/5.0 (Windows NT 10.0; Win64; x64) AppleWebKit/537.36 (KHTML, like Gecko) Chrome/135.0.0.0 Safari/537.36"
2a06:98c0:3600::103 - - [24/Apr/2025:01:42:15 -0400] "GET /wp-admin/setup-config.php HTTP/1.1" 200 0 "-" "Mozilla/5.0 (Windows NT 10.0; Win64; x64) AppleWebKit/537.36 (KHTML, like Gecko) Chrome/135.0.0.0 Safari/537.36"
2a06:98c0:3600::103 - - [24/Apr/2025:02:01:11 -0400] "GET /wordpress/wp-admin/setup-config.php HTTP/1.1" 200 0 "-" "Mozilla/5.0 (Windows NT 10.0; Win64; x64) AppleWebKit/537.36 (KHTML, like Gecko) Chrome/135.0.0.0 Safari/537.36"
2a06:98c0:3600::103 - - [24/Apr/2025:02:03:05 -0400] "GET /wp-admin/setup-config.php HTTP/1.1" 200 0 "-" "Mozilla/5.0 (Windows NT 10.0; Win64; x64) AppleWebKit/537.36 (KHTML, like Gecko) Chrome/135.0.0.0 Safari/537.36"
66.249.79.166 - - [24/Apr/2025:02:16:20 -0400] "GET /robots.txt HTTP/1.1" 200 63 "-" "Mozilla/5.0 (compatible; Googlebot/2.1; +http://www.google.com/bot.html)"
66.249.79.166 - - [24/Apr/2025:02:16:29 -0400] "GET /ads.txt HTTP/1.1" 200 41348 "-" "Mozilla/5.0 (compatible; Googlebot/2.1; +http://www.google.com/bot.html)"
2a06:98c0:3600::103 - - [24/Apr/2025:02:18:28 -0400] "GET /wp-admin/setup-config.php HTTP/1.1" 200 0 "-" "Mozilla/5.0 (Windows NT 10.0; Win64; x64) AppleWebKit/537.36 (KHTML, like Gecko) Chrome/135.0.0.0 Safari/537.36"
2a06:98c0:3600::103 - - [24/Apr/2025:02:19:54 -0400] "GET /wordpress/wp-admin/setup-config.php HTTP/1.1" 200 0 "-" "Mozilla/5.0 (Windows NT 10.0; Win64; x64) AppleWebKit/537.36 (KHTML, like Gecko) Chrome/135.0.0.0 Safari/537.36"
2a06:98c0:3600::103 - - [24/Apr/2025:02:36:10 -0400] "GET /wordpress/wp-admin/setup-config.php HTTP/1.1" 200 0 "-" "Mozilla/5.0 (Windows NT 10.0; Win64; x64) AppleWebKit/537.36 (KHTML, like Gecko) Chrome/135.0.0.0 Safari/537.36"
2a06:98c0:3600::103 - - [24/Apr/2025:02:39:00 -0400] "GET /wp-admin/setup-config.php HTTP/1.1" 200 0 "-" "Mozilla/5.0 (Windows NT 10.0; Win64; x64) AppleWebKit/537.36 (KHTML, like Gecko) Chrome/135.0.0.0 Safari/537.36"
2a06:98c0:3600::103 - - [24/Apr/2025:03:11:32 -0400] "GET /wordpress/wp-admin/setup-config.php HTTP/1.1" 200 0 "-" "Mozilla/5.0 (Windows NT 10.0; Win64; x64) AppleWebKit/537.36 (KHTML, like Gecko) Chrome/135.0.0.0 Safari/537.36"
2a06:98c0:3600::103 - - [24/Apr/2025:03:13:07 -0400] "GET /wp-admin/setup-config.php HTTP/1.1" 200 0 "-" "Mozilla/5.0 (Windows NT 10.0; Win64; x64) AppleWebKit/537.36 (KHTML, like Gecko) Chrome/135.0.0.0 Safari/537.36"
52.167.144.218 - - [24/Apr/2025:03:15:58 -0400] "GET /sitemap.txt HTTP/1.1" 200 41706 "-" "Mozilla/5.0 AppleWebKit/537.36 (KHTML, like Gecko; compatible; bingbot/2.0; +http://www.bing.com/bingbot.htm) Chrome/116.0.1938.76 Safari/537.36"
40.77.167.56 - - [24/Apr/2025:03:16:01 -0400] "GET /sitemap.xml HTTP/1.1" 200 94062 "-" "Mozilla/5.0 AppleWebKit/537.36 (KHTML, like Gecko; compatible; bingbot/2.0; +http://www.bing.com/bingbot.htm) Chrome/116.0.1938.76 Safari/537.36"
40.77.167.48 - - [24/Apr/2025:03:16:02 -0400] "GET /sitemap.xml.gz HTTP/1.1" 200 41595 "-" "Mozilla/5.0 AppleWebKit/537.36 (KHTML, like Gecko; compatible; bingbot/2.0; +http://www.bing.com/bingbot.htm) Chrome/116.0.1938.76 Safari/537.36"
52.167.144.231 - - [24/Apr/2025:03:16:03 -0400] "GET /sitemap.xml.gz HTTP/1.1" 200 42700 "-" "Mozilla/5.0 AppleWebKit/537.36 (KHTML, like Gecko; compatible; bingbot/2.0; +http://www.bing.com/bingbot.htm) Chrome/116.0.1938.76 Safari/537.36"
40.77.167.7 - - [24/Apr/2025:03:16:03 -0400] "GET /sitemap.xml HTTP/1.1" 200 93790 "-" "Mozilla/5.0 AppleWebKit/537.36 (KHTML, like Gecko; compatible; bingbot/2.0; +http://www.bing.com/bingbot.htm) Chrome/116.0.1938.76 Safari/537.36"
40.77.167.56 - - [24/Apr/2025:03:16:03 -0400] "GET /sitemaps.xml HTTP/1.1" 200 92020 "-" "Mozilla/5.0 AppleWebKit/537.36 (KHTML, like Gecko; compatible; bingbot/2.0; +http://www.bing.com/bingbot.htm) Chrome/116.0.1938.76 Safari/537.36"
40.77.167.7 - - [24/Apr/2025:03:16:05 -0400] "GET /sitemaps.xml HTTP/1.1" 200 94804 "-" "Mozilla/5.0 AppleWebKit/537.36 (KHTML, like Gecko; compatible; bingbot/2.0; +http://www.bing.com/bingbot.htm) Chrome/116.0.1938.76 Safari/537.36"
40.77.167.56 - - [24/Apr/2025:03:16:05 -0400] "GET /sitemap_index.xml HTTP/1.1" 200 94433 "-" "Mozilla/5.0 AppleWebKit/537.36 (KHTML, like Gecko; compatible; bingbot/2.0; +http://www.bing.com/bingbot.htm) Chrome/116.0.1938.76 Safari/537.36"
40.77.167.7 - - [24/Apr/2025:03:16:07 -0400] "GET /sitemap_index.xml HTTP/1.1" 200 95188 "-" "Mozilla/5.0 AppleWebKit/537.36 (KHTML, like Gecko; compatible; bingbot/2.0; +http://www.bing.com/bingbot.htm) Chrome/116.0.1938.76 Safari/537.36"
40.77.167.56 - - [24/Apr/2025:03:16:07 -0400] "GET /atom.xml HTTP/1.1" 200 94301 "-" "Mozilla/5.0 AppleWebKit/537.36 (KHTML, like Gecko; compatible; bingbot/2.0; +http://www.bing.com/bingbot.htm) Chrome/116.0.1938.76 Safari/537.36"
52.167.144.21 - - [24/Apr/2025:03:16:09 -0400] "GET /sitemap.txt HTTP/1.1" 200 40767 "-" "Mozilla/5.0 AppleWebKit/537.36 (KHTML, like Gecko; compatible; bingbot/2.0; +http://www.bing.com/bingbot.htm) Chrome/116.0.1938.76 Safari/537.36"
40.77.167.7 - - [24/Apr/2025:03:16:09 -0400] "GET /atom.xml HTTP/1.1" 200 93476 "-" "Mozilla/5.0 AppleWebKit/537.36 (KHTML, like Gecko; compatible; bingbot/2.0; +http://www.bing.com/bingbot.htm) Chrome/116.0.1938.76 Safari/537.36"
84.32.41.136 - - [24/Apr/2025:03:21:38 -0400] "GET / HTTP/1.1" 200 0 "-" "Mozilla/5.0 (X11; Fedora; Linux x86_64; rv:114.0) Gecko/20100101 Firefox/114.0"
84.32.41.136 - - [24/Apr/2025:03:21:40 -0400] "GET / HTTP/1.1" 200 0 "-" "Mozilla/5.0 (X11; Fedora; Linux x86_64; rv:114.0) Gecko/20100101 Firefox/114.0"
84.32.41.136 - - [24/Apr/2025:03:21:41 -0400] "GET / HTTP/1.1" 200 0 "-" "Mozilla/5.0 (X11; Fedora; Linux x86_64; rv:114.0) Gecko/20100101 Firefox/114.0"
20.15.133.164 - - [24/Apr/2025:03:33:05 -0400] "GET /robots.txt HTTP/1.1" 200 66 "-" "Mozilla/5.0 AppleWebKit/537.36 (KHTML, like Gecko; compatible; bingbot/2.0; +http://www.bing.com/bingbot.htm) Chrome/116.0.1938.76 Safari/537.36"
20.15.133.174 - - [24/Apr/2025:03:33:11 -0400] "GET /?k=767767264202&channel=0edb0c&from=goods.php%3Fid%3D72642-4596%26name%3D%E3%82%AB%E3%83%89%E3%83%A4+%E9%9D%A9%E3%82%B8%E3%83%A3%E3%83%B3+%E3%82%B8%E3%83%A3%E3%82%B1%E3%83%83%E3%83%88+%E3%83%A1%E3%83%B3%E3%82%BA+%E3%83%96%E3%83%AB%E3%82%BE%E3%83%B3+%E3%83%99%E3%83%83%E3%82%B1%E3%83%B3%E3%83%90%E3%82%A6%E3%82%A2%E3%83%BC+%E3%83%88%E3%83%A9%E3%83%83%E3%82%AF%E3%82%B8%E3%83%A3%E3%82%B1%E3%83%83%E3%83%88+%E3%83%80%E3%82%A6%E3%83%B3%E3%82%B8%E3%83%A3%E3%82%B1%E3%83%83%E3%83%88+5L+%E5%A4%A7%E3%81%8D%E3%81%84%E3%82%B5%E3%82%A4%E3%82%BA+%E3%83%A1%E3%83%B3%E3%82%BA HTTP/1.1" 200 41901 "-" "Mozilla/5.0 AppleWebKit/537.36 (KHTML, like Gecko; compatible; bingbot/2.0; +http://www.bing.com/bingbot.htm) Chrome/116.0.1938.76 Safari/537.36"
2a06:98c0:3600::103 - - [24/Apr/2025:03:33:16 -0400] "GET /wordpress/wp-admin/setup-config.php HTTP/1.1" 200 0 "-" "Mozilla/5.0 (Windows NT 10.0; Win64; x64) AppleWebKit/537.36 (KHTML, like Gecko) Chrome/135.0.0.0 Safari/537.36"
2a06:98c0:3600::103 - - [24/Apr/2025:03:33:20 -0400] "GET /wp-admin/setup-config.php HTTP/1.1" 200 0 "-" "Mozilla/5.0 (Windows NT 10.0; Win64; x64) AppleWebKit/537.36 (KHTML, like Gecko) Chrome/135.0.0.0 Safari/537.36"
20.15.133.174 - - [24/Apr/2025:03:33:21 -0400] "GET /?k=27528138757500&channel=cd45f4&from=category-info.php%3Fid%3D1387575-10130%26name%3D1957+%E3%82%B7%E3%82%A7%E3%83%93%E3%83%BC+%E3%83%99%E3%83%AB%E3%82%A8%E3%82%A2%E3%83%95%E3%83%AC%E3%82%A4%E3%83%A0%E3%82%B9+%E3%82%B8%E3%83%A7%E3%83%8B%E3%83%BC%E3%83%A9%E3%82%A4%E3%83%88%E3%83%8B%E3%83%B3%E3%82%B0 HTTP/1.1" 200 39984 "-" "Mozilla/5.0 AppleWebKit/537.36 (KHTML, like Gecko; compatible; bingbot/2.0; +http://www.bing.com/bingbot.htm) Chrome/116.0.1938.76 Safari/537.36"
20.15.133.174 - - [24/Apr/2025:03:33:23 -0400] "GET /?k=22217137437506&channel=60a4f7&from=brands.php%3Fid%3D1374375-12271%26name%3D%E3%81%A9%E3%81%A3%E3%81%A1%E3%81%8C%E5%BC%B7%E3%81%84%21%3F+%E8%A7%92%E5%B7%9D%E3%81%BE%E3%82%93%E3%81%8C%E7%A7%91%E5%AD%A6%E3%82%B7%E3%83%AA%E3%83%BC%E3%82%BA8%E5%86%8A HTTP/1.1" 200 40523 "-" "Mozilla/5.0 AppleWebKit/537.36 (KHTML, like Gecko; compatible; bingbot/2.0; +http://www.bing.com/bingbot.htm) Chrome/116.0.1938.76 Safari/537.36"
20.15.133.174 - - [24/Apr/2025:03:34:01 -0400] "GET /?k=16170196477800&channel=513a4f&from=blog.php%3Fid%3D1964778-29%26name%3D%E9%AB%98%E5%93%81%E8%B3%AA%E3%82%A2%E3%82%A4%E3%83%86%E3%83%A0%E3%82%BB%E3%83%AC%E3%82%AF%E3%83%88+%E5%85%A8%E5%95%86%E5%93%81+%E4%B8%8D%E8%A6%81%E5%93%81+%28%E8%B3%AA%E5%95%8F%E5%B0%82%E7%94%A8%E3%83%9A%E3%83%BC%E3%82%B8%29 HTTP/1.1" 200 41503 "-" "Mozilla/5.0 AppleWebKit/537.36 (KHTML, like Gecko; compatible; bingbot/2.0; +http://www.bing.com/bingbot.htm) Chrome/116.0.1938.76 Safari/537.36"
20.15.133.174 - - [24/Apr/2025:03:36:21 -0400] "GET /?k=0026038354202&channel=31bdc1&from=shared.php%3Fid%3D383542-3977%26name%3D%E3%82%A6%E3%82%AF%E3%83%AC%E3%83%AC+%E3%82%BD%E3%83%AA%E3%83%83%E3%83%89%E3%82%B9%E3%83%97%E3%83%AB%E3%83%BC%E3%82%B9%E3%82%B3%E3%83%B3%E3%82%B5%E3%83%BC%E3%83%88%E3%82%A6%E3%82%AF%E3%83%AC%E3%83%AC%E3%83%8F%E3%83%AF%E3%82%A4%E3%82%A2%E3%83%B3%E3%82%AE%E3%82%BF%E3%83%BC23%E3%82%A4%E3%83%B3%E3%83%8118%E3%83%95%E3%83%AC%E3%83%83%E3%83%88 HTTP/1.1" 200 42506 "-" "Mozilla/5.0 AppleWebKit/537.36 (KHTML, like Gecko; compatible; bingbot/2.0; +http://www.bing.com/bingbot.htm) Chrome/116.0.1938.76 Safari/537.36"
20.15.133.175 - - [24/Apr/2025:03:42:21 -0400] "GET /?k=32220168692800&channel=52cb35&from=form.php%3Fid%3D1686928-13446%26name%3D%E5%B8%8C%E5%B0%91+%E5%85%83%E7%A5%96%E3%82%B9%E3%83%BC%E3%83%91%E3%83%BC%E3%83%87%E3%82%A3%E3%83%95%E3%82%A9%E3%83%AB%E3%83%A1%E3%82%AC%E3%83%B3%E3%83%80%E3%83%A0%E3%83%AF%E3%83%BC%E3%83%AB%E3%83%89+%E3%82%AC%E3%83%B3%E3%83%80%E3%82%A4%E3%83%90%E3%83%BC HTTP/1.1" 200 41127 "-" "Mozilla/5.0 AppleWebKit/537.36 (KHTML, like Gecko; compatible; bingbot/2.0; +http://www.bing.com/bingbot.htm) Chrome/116.0.1938.76 Safari/537.36"
20.15.133.175 - - [24/Apr/2025:03:46:12 -0400] "GET /?k=55283120807500&channel=e07fe4&from=article.php%3Fid%3D1208075-15297%26name%3Duxcell+23%E3%83%A4%E3%83%BC%E3%83%89%E7%B6%BF%E3%83%84%E3%82%A4%E3%83%AB%E3%83%86%E3%83%BC%E3%83%97+5%2F8%E3%82%A4%E3%83%B3%E3%83%81%E3%83%98%E3%83%AA%E3%83%B3%E3%83%9C%E3%83%BC%E3%83%B3%E3%82%A6%E3%82%A7%E3%83%93%E3%83%B3%E3%82%B0%E3%83%AA%E3%83%9C%E3%83%B3%E3%83%90%E3%82%A4%E3%82%A2%E3%82%B9%E3%83%90%E3%82%A4%E3%83%B3%E3%83%87%E3%82%A3%E3%83%B3%E3%82%B0%E3%83%86%E3%83%BC%E3%83%97+%E8%A1%A3%E9%A1%9E%E8%A3%BD%E4%BD%9C+DIY%E3%82%AF%E3%83%A9%E3%83%95%E3%83%88%E7%94%A8%EF%BC%88%E3%82%B3%E3%83%BC%E3%83%92%E3%83%BC%EF%BC%89 HTTP/1.1" 200 41884 "-" "Mozilla/5.0 AppleWebKit/537.36 (KHTML, like Gecko; compatible; bingbot/2.0; +http://www.bing.com/bingbot.htm) Chrome/116.0.1938.76 Safari/537.36"
20.15.133.175 - - [24/Apr/2025:03:46:32 -0400] "GET /?k=69841144238402&channel=30ee38&from=blog.php%3Fid%3D1442384-12664%26name%3D%E3%83%9E%E3%82%B0%E6%96%AD%E7%86%B1%E3%82%AB%E3%83%83%E3%83%97%E7%86%B1%E4%BC%9D%E9%81%94%E3%83%99%E3%83%BC%E3%82%AD%E3%83%B3%E3%82%B0%E3%82%AB%E3%83%83%E3%83%97%E3%83%9E%E3%82%B7%E3%83%B3%E5%A4%9A%E6%A9%9F%E8%83%BD%E7%86%B1%E4%BC%9D%E9%81%94%E6%A9%9F%E5%99%A8%E3%83%9B%E3%83%83%E3%83%88%E3%82%AB%E3%83%83%E3%83%97%E3%83%9E%E3%82%B7%E3%83%B3%E5%8D%B0%E5%88%B7 HTTP/1.1" 200 40066 "-" "Mozilla/5.0 AppleWebKit/537.36 (KHTML, like Gecko; compatible; bingbot/2.0; +http://www.bing.com/bingbot.htm) Chrome/116.0.1938.76 Safari/537.36"
2a06:98c0:3600::103 - - [24/Apr/2025:03:48:42 -0400] "GET /wp-admin/setup-config.php HTTP/1.1" 200 0 "-" "Mozilla/5.0 (Windows NT 10.0; Win64; x64) AppleWebKit/537.36 (KHTML, like Gecko) Chrome/135.0.0.0 Safari/537.36"
20.15.133.174 - - [24/Apr/2025:03:50:03 -0400] "GET /?k=517113423601&channel=777f32&from=brands.php%3Fid%3D34236-2720%26name%3D%E3%83%92%E3%83%B3%E3%82%B8%E3%82%AE%E3%83%A3%E3%83%83%E3%83%97%E8%AA%BF%E6%95%B4%E3%83%AC%E3%83%B3%E3%83%812%E7%82%B9%E3%80%81%E3%83%89%E3%82%A2%E3%83%92%E3%83%B3%E3%82%B8%E8%AA%BF%E6%95%B4%E3%83%84%E3%83%BC%E3%83%AB%E3%80%810.5-1%E3%82%A4%E3%83%B3%E3%83%81%E3%83%92%E3%83%B3%E3%82%B8%E3%82%AE%E3%83%A3%E3%83%83%E3%83%97%E8%AA%BF%E6%95%B4%E3%83%AC%E3%83%B3%E3%83%81%E3%82%BB%E3%83%83%E3%83%88%E3%80%82 HTTP/1.1" 200 40170 "-" "Mozilla/5.0 AppleWebKit/537.36 (KHTML, like Gecko; compatible; bingbot/2.0; +http://www.bing.com/bingbot.htm) Chrome/116.0.1938.76 Safari/537.36"
2a06:98c0:3600::103 - - [24/Apr/2025:03:50:32 -0400] "GET /wordpress/wp-admin/setup-config.php HTTP/1.1" 200 0 "-" "Mozilla/5.0 (Windows NT 10.0; Win64; x64) AppleWebKit/537.36 (KHTML, like Gecko) Chrome/135.0.0.0 Safari/537.36"
20.15.133.174 - - [24/Apr/2025:03:51:23 -0400] "GET /?k=19352121404002&channel=74f7f5&from=article.php%3Fid%3D1214040-21361%26name%3D%E3%83%AD%E3%83%BC%E3%83%A9%E3%83%A1%E3%83%AB%E3%82%B7%E3%82%A8+%E3%83%AD%E3%83%BC%E3%82%BA%E3%82%B0%E3%83%AD%E3%82%A6+%E3%82%A4%E3%83%AB%E3%83%9F%E3%83%8D%E3%83%BC%E3%82%BF%E3%83%BC HTTP/1.1" 200 40308 "-" "Mozilla/5.0 AppleWebKit/537.36 (KHTML, like Gecko; compatible; bingbot/2.0; +http://www.bing.com/bingbot.htm) Chrome/116.0.1938.76 Safari/537.36"
20.15.133.174 - - [24/Apr/2025:03:52:02 -0400] "GET /?k=16828138590700&channel=2d6246&from=pin.php%3Fid%3D1385907-23889%26name%3D%E4%B8%AD%E5%8F%A4%E3%82%AF%E3%83%AB%E3%82%BB%E3%82%A4%E3%83%89+U-439%5BMP%5D%EF%BC%9A%E3%82%A2%E3%83%B3%E3%83%81%E3%82%BC%E3%83%BC%E3%82%AC%E3%83%BB%E3%82%B3%E3%82%A2%E3%83%88%E3%83%AA%E3%82%AF%E3%82%A8 HTTP/1.1" 200 39590 "-" "Mozilla/5.0 AppleWebKit/537.36 (KHTML, like Gecko; compatible; bingbot/2.0; +http://www.bing.com/bingbot.htm) Chrome/116.0.1938.76 Safari/537.36"
20.15.133.174 - - [24/Apr/2025:03:55:53 -0400] "GET /?k=9762182559914&channel=d88aeb&from=form.php%3Fid%3D825599-3406%26name%3D%E3%83%AC%E3%83%83%E3%83%84%E3%83%8E%E3%83%BC%E3%83%88+%E3%82%BF%E3%83%96%E3%83%AC%E3%83%83%E3%83%88PC+SIM%E3%83%95%E3%83%AA%E3%83%BC+2in1+%E3%83%80%E3%83%96%E3%83%AB%E3%83%90%E3%83%83%E3%83%86%E3%83%AA%E3%83%BC99%EF%BC%85 HTTP/1.1" 200 39788 "-" "Mozilla/5.0 AppleWebKit/537.36 (KHTML, like Gecko; compatible; bingbot/2.0; +http://www.bing.com/bingbot.htm) Chrome/116.0.1938.76 Safari/537.36"
20.15.133.174 - - [24/Apr/2025:03:56:53 -0400] "GET /?k=5728245631201&channel=0d9d5a&from=goods.php%3Fid%3D456312-10703%26name%3D%E5%B0%B1%E6%B4%BB+%E3%82%B3%E3%83%BC%E3%83%88+%E5%86%AC+%E3%83%A1%E3%83%B3%E3%82%BA%E3%83%91%E3%82%B8%E3%83%A3%E3%83%9E+%E3%83%91%E3%82%B8%E3%83%A3%E3%83%9E%E3%82%B9%E3%83%BC%E3%83%84+%E3%82%B8%E3%83%A3%E3%82%B1%E3%83%83%E3%83%88+%E3%82%B9%E3%83%81%E3%83%BC%E3%83%A0%E3%82%B0%E3%83%AA%E3%83%AB+%E3%83%8F%E3%83%BC%E3%83%95%E3%82%B3%E3%83%BC%E3%83%88+%E3%83%A1%E3%83%B3%E3%82%BA+%E3%82%A6%E3%83%BC%E3%83%AB+%E9%98%B2%E6%B0%B4%E3%81%98%E3%82%83%E3%82%93%E3%81%B0%E3%83%BC%E3%83%A1%E3%83%B3%E3%82%BA+%E3%82%AB HTTP/1.1" 200 41425 "-" "Mozilla/5.0 AppleWebKit/537.36 (KHTML, like Gecko; compatible; bingbot/2.0; +http://www.bing.com/bingbot.htm) Chrome/116.0.1938.76 Safari/537.36"
154.47.23.53 - - [24/Apr/2025:03:58:44 -0400] "GET / HTTP/1.1" 200 0 "-" "Mozilla/5.0 (Windows NT 10.0; Win64; x64) AppleWebKit/537.36 (KHTML, like Gecko) Chrome/78.0.3904.108 Safari/537.36"
154.47.23.53 - - [24/Apr/2025:03:58:49 -0400] "GET /wp-includes/wlwmanifest.xml HTTP/1.1" 200 498002 "-" "Mozilla/5.0 (Windows NT 10.0; Win64; x64) AppleWebKit/537.36 (KHTML, like Gecko) Chrome/78.0.3904.108 Safari/537.36"
154.47.23.53 - - [24/Apr/2025:03:59:13 -0400] "GET /xmlrpc.php?rsd HTTP/1.1" 200 0 "-" "Mozilla/5.0 (Windows NT 10.0; Win64; x64) AppleWebKit/537.36 (KHTML, like Gecko) Chrome/78.0.3904.108 Safari/537.36"
154.47.23.53 - - [24/Apr/2025:03:59:19 -0400] "GET / HTTP/1.1" 200 0 "-" "Mozilla/5.0 (Windows NT 10.0; Win64; x64) AppleWebKit/537.36 (KHTML, like Gecko) Chrome/78.0.3904.108 Safari/537.36"
154.47.23.53 - - [24/Apr/2025:03:59:24 -0400] "GET /blog/wp-includes/wlwmanifest.xml HTTP/1.1" 200 496282 "-" "Mozilla/5.0 (Windows NT 10.0; Win64; x64) AppleWebKit/537.36 (KHTML, like Gecko) Chrome/78.0.3904.108 Safari/537.36"
154.47.23.53 - - [24/Apr/2025:03:59:46 -0400] "GET /wordpress/wp-includes/wlwmanifest.xml HTTP/1.1" 200 492673 "-" "Mozilla/5.0 (Windows NT 10.0; Win64; x64) AppleWebKit/537.36 (KHTML, like Gecko) Chrome/78.0.3904.108 Safari/537.36"
154.47.23.53 - - [24/Apr/2025:04:00:29 -0400] "GET /website/wp-includes/wlwmanifest.xml HTTP/1.1" 200 487548 "-" "Mozilla/5.0 (Windows NT 10.0; Win64; x64) AppleWebKit/537.36 (KHTML, like Gecko) Chrome/78.0.3904.108 Safari/537.36"
154.47.23.53 - - [24/Apr/2025:04:01:03 -0400] "GET /news/wp-includes/wlwmanifest.xml HTTP/1.1" 200 494640 "-" "Mozilla/5.0 (Windows NT 10.0; Win64; x64) AppleWebKit/537.36 (KHTML, like Gecko) Chrome/78.0.3904.108 Safari/537.36"
154.47.23.53 - - [24/Apr/2025:04:01:29 -0400] "GET /2018/wp-includes/wlwmanifest.xml HTTP/1.1" 200 496401 "-" "Mozilla/5.0 (Windows NT 10.0; Win64; x64) AppleWebKit/537.36 (KHTML, like Gecko) Chrome/78.0.3904.108 Safari/537.36"
154.47.23.53 - - [24/Apr/2025:04:01:51 -0400] "GET /2019/wp-includes/wlwmanifest.xml HTTP/1.1" 200 494711 "-" "Mozilla/5.0 (Windows NT 10.0; Win64; x64) AppleWebKit/537.36 (KHTML, like Gecko) Chrome/78.0.3904.108 Safari/537.36"
154.47.23.53 - - [24/Apr/2025:04:02:14 -0400] "GET /shop/wp-includes/wlwmanifest.xml HTTP/1.1" 200 492966 "-" "Mozilla/5.0 (Windows NT 10.0; Win64; x64) AppleWebKit/537.36 (KHTML, like Gecko) Chrome/78.0.3904.108 Safari/537.36"
154.47.23.53 - - [24/Apr/2025:04:02:36 -0400] "GET /test/wp-includes/wlwmanifest.xml HTTP/1.1" 200 497493 "-" "Mozilla/5.0 (Windows NT 10.0; Win64; x64) AppleWebKit/537.36 (KHTML, like Gecko) Chrome/78.0.3904.108 Safari/537.36"
154.47.23.53 - - [24/Apr/2025:04:02:52 -0400] "GET /media/wp-includes/wlwmanifest.xml HTTP/1.1" 200 499130 "-" "Mozilla/5.0 (Windows NT 10.0; Win64; x64) AppleWebKit/537.36 (KHTML, like Gecko) Chrome/78.0.3904.108 Safari/537.36"
154.47.23.53 - - [24/Apr/2025:04:02:59 -0400] "GET /wp2/wp-includes/wlwmanifest.xml HTTP/1.1" 200 485933 "-" "Mozilla/5.0 (Windows NT 10.0; Win64; x64) AppleWebKit/537.36 (KHTML, like Gecko) Chrome/78.0.3904.108 Safari/537.36"
154.47.23.53 - - [24/Apr/2025:04:03:05 -0400] "GET /site/wp-includes/wlwmanifest.xml HTTP/1.1" 200 484580 "-" "Mozilla/5.0 (Windows NT 10.0; Win64; x64) AppleWebKit/537.36 (KHTML, like Gecko) Chrome/78.0.3904.108 Safari/537.36"
154.47.23.53 - - [24/Apr/2025:04:03:10 -0400] "GET /cms/wp-includes/wlwmanifest.xml HTTP/1.1" 200 496620 "-" "Mozilla/5.0 (Windows NT 10.0; Win64; x64) AppleWebKit/537.36 (KHTML, like Gecko) Chrome/78.0.3904.108 Safari/537.36"
154.47.23.53 - - [24/Apr/2025:04:03:15 -0400] "GET /sito/wp-includes/wlwmanifest.xml HTTP/1.1" 200 499355 "-" "Mozilla/5.0 (Windows NT 10.0; Win64; x64) AppleWebKit/537.36 (KHTML, like Gecko) Chrome/78.0.3904.108 Safari/537.36"
2a06:98c0:3600::103 - - [24/Apr/2025:04:07:20 -0400] "GET /wordpress/wp-admin/setup-config.php HTTP/1.1" 200 0 "-" "Mozilla/5.0 (Windows NT 10.0; Win64; x64) AppleWebKit/537.36 (KHTML, like Gecko) Chrome/135.0.0.0 Safari/537.36"
2a06:98c0:3600::103 - - [24/Apr/2025:04:08:19 -0400] "GET /wp-admin/setup-config.php HTTP/1.1" 200 0 "-" "Mozilla/5.0 (Windows NT 10.0; Win64; x64) AppleWebKit/537.36 (KHTML, like Gecko) Chrome/135.0.0.0 Safari/537.36"
20.15.133.175 - - [24/Apr/2025:04:15:54 -0400] "GET /?k=5530596118001&channel=cba4f1&from=goods.php%3Fid%3D961180-642%26name%3DREGEBLUE%E2%9C%B3%EF%B8%8E%E6%96%B0%E5%93%81%E3%82%BF%E3%82%B0%E4%BB%98%E3%81%8D%E3%82%AA%E3%83%BC%E3%83%AB%E3%82%A4%E3%83%B3%E3%83%AF%E3%83%B3 HTTP/1.1" 200 40553 "-" "Mozilla/5.0 AppleWebKit/537.36 (KHTML, like Gecko; compatible; bingbot/2.0; +http://www.bing.com/bingbot.htm) Chrome/116.0.1938.76 Safari/537.36"
2a06:98c0:3600::103 - - [24/Apr/2025:04:27:01 -0400] "GET /wp-admin/setup-config.php HTTP/1.1" 200 0 "-" "Mozilla/5.0 (Windows NT 10.0; Win64; x64) AppleWebKit/537.36 (KHTML, like Gecko) Chrome/135.0.0.0 Safari/537.36"
2a06:98c0:3600::103 - - [24/Apr/2025:04:44:32 -0400] "GET /wordpress/wp-admin/setup-config.php HTTP/1.1" 200 0 "-" "Mozilla/5.0 (Windows NT 10.0; Win64; x64) AppleWebKit/537.36 (KHTML, like Gecko) Chrome/135.0.0.0 Safari/537.36"
2a06:98c0:3600::103 - - [24/Apr/2025:04:45:34 -0400] "GET /wp-admin/setup-config.php HTTP/1.1" 200 0 "-" "Mozilla/5.0 (Windows NT 10.0; Win64; x64) AppleWebKit/537.36 (KHTML, like Gecko) Chrome/135.0.0.0 Safari/537.36"
193.187.172.24 - - [24/Apr/2025:04:46:36 -0400] "GET / HTTP/1.1" 200 0 "-" "python-requests/2.28.2"
91.134.91.17 - - [24/Apr/2025:04:49:10 -0400] "GET / HTTP/1.1" 200 0 "-" "Mozilla/5.0 (Linux; Android 15) AppleWebKit/537.36 (KHTML, like Gecko) Chrome/135.0.7049.79 Mobile Safari/537.36"
2a06:98c0:3600::103 - - [24/Apr/2025:05:03:56 -0400] "GET /wp-admin/setup-config.php HTTP/1.1" 200 0 "-" "Mozilla/5.0 (Windows NT 10.0; Win64; x64) AppleWebKit/537.36 (KHTML, like Gecko) Chrome/135.0.0.0 Safari/537.36"
2a06:98c0:3600::103 - - [24/Apr/2025:05:04:02 -0400] "GET /wordpress/wp-admin/setup-config.php HTTP/1.1" 200 0 "-" "Mozilla/5.0 (Windows NT 10.0; Win64; x64) AppleWebKit/537.36 (KHTML, like Gecko) Chrome/135.0.0.0 Safari/537.36"
2a06:98c0:3600::103 - - [24/Apr/2025:05:20:35 -0400] "GET /wp-admin/setup-config.php HTTP/1.1" 200 0 "-" "Mozilla/5.0 (Windows NT 10.0; Win64; x64) AppleWebKit/537.36 (KHTML, like Gecko) Chrome/135.0.0.0 Safari/537.36"
2a06:98c0:3600::103 - - [24/Apr/2025:05:23:58 -0400] "GET /wordpress/wp-admin/setup-config.php HTTP/1.1" 200 0 "-" "Mozilla/5.0 (Windows NT 10.0; Win64; x64) AppleWebKit/537.36 (KHTML, like Gecko) Chrome/135.0.0.0 Safari/537.36"
2a06:98c0:3600::103 - - [24/Apr/2025:05:38:33 -0400] "GET /wordpress/wp-admin/setup-config.php HTTP/1.1" 200 0 "-" "Mozilla/5.0 (Windows NT 10.0; Win64; x64) AppleWebKit/537.36 (KHTML, like Gecko) Chrome/135.0.0.0 Safari/537.36"
212.102.51.231 - - [24/Apr/2025:05:39:46 -0400] "GET /xmlrpc.php?rsd HTTP/1.1" 200 0 "-" "Mozilla/5.0 (Windows NT 10.0; Win64; x64) AppleWebKit/537.36 (KHTML, like Gecko) Chrome/78.0.3904.108 Safari/537.36"
212.102.51.231 - - [24/Apr/2025:05:39:50 -0400] "GET / HTTP/1.1" 200 0 "-" "Mozilla/5.0 (Windows NT 10.0; Win64; x64) AppleWebKit/537.36 (KHTML, like Gecko) Chrome/78.0.3904.108 Safari/537.36"
212.102.51.231 - - [24/Apr/2025:05:39:53 -0400] "GET /blog/wp-includes/wlwmanifest.xml HTTP/1.1" 200 486576 "-" "Mozilla/5.0 (Windows NT 10.0; Win64; x64) AppleWebKit/537.36 (KHTML, like Gecko) Chrome/78.0.3904.108 Safari/537.36"
212.102.51.231 - - [24/Apr/2025:05:40:01 -0400] "GET /web/wp-includes/wlwmanifest.xml HTTP/1.1" 200 495668 "-" "Mozilla/5.0 (Windows NT 10.0; Win64; x64) AppleWebKit/537.36 (KHTML, like Gecko) Chrome/78.0.3904.108 Safari/537.36"
212.102.51.231 - - [24/Apr/2025:05:40:09 -0400] "GET /wordpress/wp-includes/wlwmanifest.xml HTTP/1.1" 200 506797 "-" "Mozilla/5.0 (Windows NT 10.0; Win64; x64) AppleWebKit/537.36 (KHTML, like Gecko) Chrome/78.0.3904.108 Safari/537.36"
212.102.51.231 - - [24/Apr/2025:05:40:18 -0400] "GET /website/wp-includes/wlwmanifest.xml HTTP/1.1" 200 492810 "-" "Mozilla/5.0 (Windows NT 10.0; Win64; x64) AppleWebKit/537.36 (KHTML, like Gecko) Chrome/78.0.3904.108 Safari/537.36"
212.102.51.231 - - [24/Apr/2025:05:40:28 -0400] "GET /wp/wp-includes/wlwmanifest.xml HTTP/1.1" 200 490951 "-" "Mozilla/5.0 (Windows NT 10.0; Win64; x64) AppleWebKit/537.36 (KHTML, like Gecko) Chrome/78.0.3904.108 Safari/537.36"
212.102.51.231 - - [24/Apr/2025:05:40:40 -0400] "GET /news/wp-includes/wlwmanifest.xml HTTP/1.1" 200 492252 "-" "Mozilla/5.0 (Windows NT 10.0; Win64; x64) AppleWebKit/537.36 (KHTML, like Gecko) Chrome/78.0.3904.108 Safari/537.36"
212.102.51.231 - - [24/Apr/2025:05:40:49 -0400] "GET /2018/wp-includes/wlwmanifest.xml HTTP/1.1" 200 491769 "-" "Mozilla/5.0 (Windows NT 10.0; Win64; x64) AppleWebKit/537.36 (KHTML, like Gecko) Chrome/78.0.3904.108 Safari/537.36"
212.102.51.231 - - [24/Apr/2025:05:41:01 -0400] "GET /2019/wp-includes/wlwmanifest.xml HTTP/1.1" 200 494435 "-" "Mozilla/5.0 (Windows NT 10.0; Win64; x64) AppleWebKit/537.36 (KHTML, like Gecko) Chrome/78.0.3904.108 Safari/537.36"
2a06:98c0:3600::103 - - [24/Apr/2025:05:41:10 -0400] "GET /wp-admin/setup-config.php HTTP/1.1" 200 0 "-" "Mozilla/5.0 (Windows NT 10.0; Win64; x64) AppleWebKit/537.36 (KHTML, like Gecko) Chrome/135.0.0.0 Safari/537.36"
212.102.51.231 - - [24/Apr/2025:05:41:13 -0400] "GET /shop/wp-includes/wlwmanifest.xml HTTP/1.1" 200 492660 "-" "Mozilla/5.0 (Windows NT 10.0; Win64; x64) AppleWebKit/537.36 (KHTML, like Gecko) Chrome/78.0.3904.108 Safari/537.36"
212.102.51.231 - - [24/Apr/2025:05:41:22 -0400] "GET /wp1/wp-includes/wlwmanifest.xml HTTP/1.1" 200 491791 "-" "Mozilla/5.0 (Windows NT 10.0; Win64; x64) AppleWebKit/537.36 (KHTML, like Gecko) Chrome/78.0.3904.108 Safari/537.36"
212.102.51.231 - - [24/Apr/2025:05:41:28 -0400] "GET /test/wp-includes/wlwmanifest.xml HTTP/1.1" 200 499032 "-" "Mozilla/5.0 (Windows NT 10.0; Win64; x64) AppleWebKit/537.36 (KHTML, like Gecko) Chrome/78.0.3904.108 Safari/537.36"
212.102.51.231 - - [24/Apr/2025:05:41:34 -0400] "GET /media/wp-includes/wlwmanifest.xml HTTP/1.1" 200 497755 "-" "Mozilla/5.0 (Windows NT 10.0; Win64; x64) AppleWebKit/537.36 (KHTML, like Gecko) Chrome/78.0.3904.108 Safari/537.36"
212.102.51.231 - - [24/Apr/2025:05:41:38 -0400] "GET /wp2/wp-includes/wlwmanifest.xml HTTP/1.1" 200 492909 "-" "Mozilla/5.0 (Windows NT 10.0; Win64; x64) AppleWebKit/537.36 (KHTML, like Gecko) Chrome/78.0.3904.108 Safari/537.36"
212.102.51.231 - - [24/Apr/2025:05:41:42 -0400] "GET /site/wp-includes/wlwmanifest.xml HTTP/1.1" 200 494389 "-" "Mozilla/5.0 (Windows NT 10.0; Win64; x64) AppleWebKit/537.36 (KHTML, like Gecko) Chrome/78.0.3904.108 Safari/537.36"
212.102.51.231 - - [24/Apr/2025:05:41:47 -0400] "GET /cms/wp-includes/wlwmanifest.xml HTTP/1.1" 200 496388 "-" "Mozilla/5.0 (Windows NT 10.0; Win64; x64) AppleWebKit/537.36 (KHTML, like Gecko) Chrome/78.0.3904.108 Safari/537.36"
212.102.51.231 - - [24/Apr/2025:05:41:53 -0400] "GET /sito/wp-includes/wlwmanifest.xml HTTP/1.1" 200 499069 "-" "Mozilla/5.0 (Windows NT 10.0; Win64; x64) AppleWebKit/537.36 (KHTML, like Gecko) Chrome/78.0.3904.108 Safari/537.36"
20.15.133.175 - - [24/Apr/2025:05:44:25 -0400] "GET /?k=891886207800&channel=f9c50b&from=pin.php%3Fid%3D62078-4761%26name%3D%E6%A8%AA%E6%B5%9C%E5%A4%A7%E9%98%AA%E9%99%90%E5%AE%9A+%E3%82%AF%E3%83%AA%E3%82%A2%E3%83%88%E3%83%AC%E3%82%AB+GUE+%E3%82%B3%E3%83%B3%E3%83%97%E3%83%AA%E3%83%BC%E3%83%88%E3%82%AA%E3%83%8B%E3%83%A5+ONEW+%E3%83%9A%E3%83%B3%E3%83%9F HTTP/1.1" 200 40596 "-" "Mozilla/5.0 AppleWebKit/537.36 (KHTML, like Gecko; compatible; bingbot/2.0; +http://www.bing.com/bingbot.htm) Chrome/116.0.1938.76 Safari/537.36"
43.130.74.193 - - [24/Apr/2025:05:48:09 -0400] "GET / HTTP/1.1" 200 0 "-" "Mozilla/5.0 (iPhone; CPU iPhone OS 13_2_3 like Mac OS X) AppleWebKit/605.1.15 (KHTML, like Gecko) Version/13.0.3 Mobile/15E148 Safari/604.1"
46.250.232.244 - - [24/Apr/2025:05:58:17 -0400] "GET /sftp-config.json HTTP/1.1" 403 1242 "-" "Mozilla/5.0 (Macintosh; Intel Mac OS X 10.15; rv:77.0) Gecko/20100101 Firefox/77.0"
46.250.232.244 - - [24/Apr/2025:05:58:19 -0400] "GET /.vscode/sftp.json HTTP/1.1" 200 0 "-" "Mozilla/5.0 (Macintosh; Intel Mac OS X 10.15; rv:77.0) Gecko/20100101 Firefox/77.0"
2a06:98c0:3600::103 - - [24/Apr/2025:06:01:17 -0400] "GET /wordpress/wp-admin/setup-config.php HTTP/1.1" 200 0 "-" "Mozilla/5.0 (Windows NT 10.0; Win64; x64) AppleWebKit/537.36 (KHTML, like Gecko) Chrome/135.0.0.0 Safari/537.36"
2a06:98c0:3600::103 - - [24/Apr/2025:06:17:58 -0400] "GET /wp-admin/setup-config.php HTTP/1.1" 200 0 "-" "Mozilla/5.0 (Windows NT 10.0; Win64; x64) AppleWebKit/537.36 (KHTML, like Gecko) Chrome/135.0.0.0 Safari/537.36"
2a06:98c0:3600::103 - - [24/Apr/2025:06:40:08 -0400] "GET /wp-admin/setup-config.php HTTP/1.1" 200 0 "-" "Mozilla/5.0 (Windows NT 10.0; Win64; x64) AppleWebKit/537.36 (KHTML, like Gecko) Chrome/135.0.0.0 Safari/537.36"
2a06:98c0:3600::103 - - [24/Apr/2025:06:41:30 -0400] "GET /wordpress/wp-admin/setup-config.php HTTP/1.1" 200 0 "-" "Mozilla/5.0 (Windows NT 10.0; Win64; x64) AppleWebKit/537.36 (KHTML, like Gecko) Chrome/135.0.0.0 Safari/537.36"
2a06:98c0:3600::103 - - [24/Apr/2025:06:56:10 -0400] "GET /wordpress/wp-admin/setup-config.php HTTP/1.1" 200 0 "-" "Mozilla/5.0 (Windows NT 10.0; Win64; x64) AppleWebKit/537.36 (KHTML, like Gecko) Chrome/135.0.0.0 Safari/537.36"
2a06:98c0:3600::103 - - [24/Apr/2025:06:56:44 -0400] "GET /wp-admin/setup-config.php HTTP/1.1" 200 0 "-" "Mozilla/5.0 (Windows NT 10.0; Win64; x64) AppleWebKit/537.36 (KHTML, like Gecko) Chrome/135.0.0.0 Safari/537.36"
128.199.201.0 - - [24/Apr/2025:06:57:25 -0400] "GET / HTTP/1.1" 200 0 "-" "Mozilla/5.0 (Windows NT 10.0; Win64; x64) AppleWebKit/537.36 (KHTML, like Gecko) Chrome/95.0.4638.69 Safari/537.36"
128.199.201.0 - - [24/Apr/2025:06:57:28 -0400] "GET /wp-includes/ID3/license.txt HTTP/1.1" 200 0 "-" "Mozilla/5.0 (Windows NT 10.0; Win64; x64) AppleWebKit/537.36 (KHTML, like Gecko) Chrome/95.0.4638.69 Safari/537.36"
128.199.201.0 - - [24/Apr/2025:06:57:31 -0400] "GET /feed/ HTTP/1.1" 200 0 "-" "Mozilla/5.0 (Windows NT 10.0; Win64; x64) AppleWebKit/537.36 (KHTML, like Gecko) Chrome/95.0.4638.69 Safari/537.36"
128.199.201.0 - - [24/Apr/2025:06:57:34 -0400] "GET /xmlrpc.php?rsd HTTP/1.1" 200 0 "-" "Mozilla/5.0 (Windows NT 10.0; Win64; x64) AppleWebKit/537.36 (KHTML, like Gecko) Chrome/95.0.4638.69 Safari/537.36"
128.199.201.0 - - [24/Apr/2025:06:57:38 -0400] "GET /blog/wp-includes/wlwmanifest.xml HTTP/1.1" 200 496426 "-" "Mozilla/5.0 (Windows NT 10.0; Win64; x64) AppleWebKit/537.36 (KHTML, like Gecko) Chrome/95.0.4638.69 Safari/537.36"
128.199.201.0 - - [24/Apr/2025:06:57:41 -0400] "GET /web/wp-includes/wlwmanifest.xml HTTP/1.1" 200 499663 "-" "Mozilla/5.0 (Windows NT 10.0; Win64; x64) AppleWebKit/537.36 (KHTML, like Gecko) Chrome/95.0.4638.69 Safari/537.36"
128.199.201.0 - - [24/Apr/2025:06:57:45 -0400] "GET /wordpress/wp-includes/wlwmanifest.xml HTTP/1.1" 200 492002 "-" "Mozilla/5.0 (Windows NT 10.0; Win64; x64) AppleWebKit/537.36 (KHTML, like Gecko) Chrome/95.0.4638.69 Safari/537.36"
128.199.201.0 - - [24/Apr/2025:06:57:50 -0400] "GET /wp/wp-includes/wlwmanifest.xml HTTP/1.1" 200 492158 "-" "Mozilla/5.0 (Windows NT 10.0; Win64; x64) AppleWebKit/537.36 (KHTML, like Gecko) Chrome/95.0.4638.69 Safari/537.36"
128.199.201.0 - - [24/Apr/2025:06:57:55 -0400] "GET /2020/wp-includes/wlwmanifest.xml HTTP/1.1" 200 496738 "-" "Mozilla/5.0 (Windows NT 10.0; Win64; x64) AppleWebKit/537.36 (KHTML, like Gecko) Chrome/95.0.4638.69 Safari/537.36"
128.199.201.0 - - [24/Apr/2025:06:57:58 -0400] "GET /2019/wp-includes/wlwmanifest.xml HTTP/1.1" 200 483662 "-" "Mozilla/5.0 (Windows NT 10.0; Win64; x64) AppleWebKit/537.36 (KHTML, like Gecko) Chrome/95.0.4638.69 Safari/537.36"
128.199.201.0 - - [24/Apr/2025:06:58:04 -0400] "GET /2021/wp-includes/wlwmanifest.xml HTTP/1.1" 200 499164 "-" "Mozilla/5.0 (Windows NT 10.0; Win64; x64) AppleWebKit/537.36 (KHTML, like Gecko) Chrome/95.0.4638.69 Safari/537.36"
128.199.201.0 - - [24/Apr/2025:06:58:08 -0400] "GET /shop/wp-includes/wlwmanifest.xml HTTP/1.1" 200 495895 "-" "Mozilla/5.0 (Windows NT 10.0; Win64; x64) AppleWebKit/537.36 (KHTML, like Gecko) Chrome/95.0.4638.69 Safari/537.36"
128.199.201.0 - - [24/Apr/2025:06:58:13 -0400] "GET /wp1/wp-includes/wlwmanifest.xml HTTP/1.1" 200 493425 "-" "Mozilla/5.0 (Windows NT 10.0; Win64; x64) AppleWebKit/537.36 (KHTML, like Gecko) Chrome/95.0.4638.69 Safari/537.36"
128.199.201.0 - - [24/Apr/2025:06:58:17 -0400] "GET /test/wp-includes/wlwmanifest.xml HTTP/1.1" 200 502411 "-" "Mozilla/5.0 (Windows NT 10.0; Win64; x64) AppleWebKit/537.36 (KHTML, like Gecko) Chrome/95.0.4638.69 Safari/537.36"
128.199.201.0 - - [24/Apr/2025:06:58:20 -0400] "GET /site/wp-includes/wlwmanifest.xml HTTP/1.1" 200 489855 "-" "Mozilla/5.0 (Windows NT 10.0; Win64; x64) AppleWebKit/537.36 (KHTML, like Gecko) Chrome/95.0.4638.69 Safari/537.36"
128.199.201.0 - - [24/Apr/2025:06:58:24 -0400] "GET /cms/wp-includes/wlwmanifest.xml HTTP/1.1" 200 496844 "-" "Mozilla/5.0 (Windows NT 10.0; Win64; x64) AppleWebKit/537.36 (KHTML, like Gecko) Chrome/95.0.4638.69 Safari/537.36"
2a06:98c0:3600::103 - - [24/Apr/2025:07:13:13 -0400] "GET /wordpress/wp-admin/setup-config.php HTTP/1.1" 200 0 "-" "Mozilla/5.0 (Windows NT 10.0; Win64; x64) AppleWebKit/537.36 (KHTML, like Gecko) Chrome/135.0.0.0 Safari/537.36"
2a06:98c0:3600::103 - - [24/Apr/2025:07:16:43 -0400] "GET /wp-admin/setup-config.php HTTP/1.1" 200 0 "-" "Mozilla/5.0 (Windows NT 10.0; Win64; x64) AppleWebKit/537.36 (KHTML, like Gecko) Chrome/135.0.0.0 Safari/537.36"
2a06:98c0:3600::103 - - [24/Apr/2025:07:35:45 -0400] "GET /wordpress/wp-admin/setup-config.php HTTP/1.1" 200 0 "-" "Mozilla/5.0 (Windows NT 10.0; Win64; x64) AppleWebKit/537.36 (KHTML, like Gecko) Chrome/135.0.0.0 Safari/537.36"
2a06:98c0:3600::103 - - [24/Apr/2025:07:36:40 -0400] "GET /wp-admin/setup-config.php HTTP/1.1" 200 0 "-" "Mozilla/5.0 (Windows NT 10.0; Win64; x64) AppleWebKit/537.36 (KHTML, like Gecko) Chrome/135.0.0.0 Safari/537.36"
101.198.0.151 - - [24/Apr/2025:07:44:17 -0400] "GET / HTTP/1.1" 200 0 "-" "Mozilla/5.0 (Macintosh; Intel Mac OS X 10_15_7) AppleWebKit/537.36 (KHTML, like Gecko) Chrome/120.0.0.0 Safari/537.36 Edg/120.0.0.0"
101.198.0.187 - - [24/Apr/2025:07:44:38 -0400] "GET /favicon.ico HTTP/1.1" 404 1251 "-" "Mozilla/5.0 (Macintosh; Intel Mac OS X 10_7_0) AppleWebKit/535.11 (KHTML, like Gecko) Chrome/17.0.963.56 Safari/535.11"
101.198.0.155 - - [24/Apr/2025:07:44:42 -0400] "GET /robots.txt HTTP/1.1" 200 81 "-" "Mozilla/5.0 (Macintosh; Intel Mac OS X 10_7_0) AppleWebKit/535.11 (KHTML, like Gecko) Chrome/17.0.963.56 Safari/535.11"
101.198.0.181 - - [24/Apr/2025:07:44:47 -0400] "GET /sitemap.xml HTTP/1.1" 200 116526 "-" "Mozilla/5.0 (Macintosh; Intel Mac OS X 10_7_0) AppleWebKit/535.11 (KHTML, like Gecko) Chrome/17.0.963.56 Safari/535.11"
101.198.0.182 - - [24/Apr/2025:07:44:52 -0400] "GET /config.json HTTP/1.1" 200 0 "-" "Mozilla/5.0 (Macintosh; Intel Mac OS X 10_7_0) AppleWebKit/535.11 (KHTML, like Gecko) Chrome/17.0.963.56 Safari/535.11"
34.59.140.203 - - [24/Apr/2025:07:51:03 -0400] "GET /media/system/js/core.js HTTP/1.1" 200 0 "-" "Mozilla/5.0 (Macintosh; Intel Mac OS X 10_10_1) AppleWebKit/537.36 (KHTML, like Gecko) Chrome/39.0.2171.95 Safari/537.36"
34.59.140.203 - - [24/Apr/2025:07:51:06 -0400] "GET /wp-includes/js/jquery/jquery.js HTTP/1.1" 200 0 "-" "Mozilla/5.0 (Macintosh; Intel Mac OS X 10_10_1) AppleWebKit/537.36 (KHTML, like Gecko) Chrome/39.0.2171.95 Safari/537.36"
2a06:98c0:3600::103 - - [24/Apr/2025:07:55:23 -0400] "GET /wordpress/wp-admin/setup-config.php HTTP/1.1" 200 0 "-" "Mozilla/5.0 (Windows NT 10.0; Win64; x64) AppleWebKit/537.36 (KHTML, like Gecko) Chrome/135.0.0.0 Safari/537.36"
2a06:98c0:3600::103 - - [24/Apr/2025:07:57:26 -0400] "GET /wp-admin/setup-config.php HTTP/1.1" 200 0 "-" "Mozilla/5.0 (Windows NT 10.0; Win64; x64) AppleWebKit/537.36 (KHTML, like Gecko) Chrome/135.0.0.0 Safari/537.36"
2a06:98c0:3600::103 - - [24/Apr/2025:08:16:34 -0400] "GET /wp-admin/setup-config.php HTTP/1.1" 200 0 "-" "Mozilla/5.0 (Windows NT 10.0; Win64; x64) AppleWebKit/537.36 (KHTML, like Gecko) Chrome/135.0.0.0 Safari/537.36"
2a06:98c0:3600::103 - - [24/Apr/2025:08:17:13 -0400] "GET /wordpress/wp-admin/setup-config.php HTTP/1.1" 200 0 "-" "Mozilla/5.0 (Windows NT 10.0; Win64; x64) AppleWebKit/537.36 (KHTML, like Gecko) Chrome/135.0.0.0 Safari/537.36"
2a06:98c0:3600::103 - - [24/Apr/2025:08:35:30 -0400] "GET /wordpress/wp-admin/setup-config.php HTTP/1.1" 200 0 "-" "Mozilla/5.0 (Windows NT 10.0; Win64; x64) AppleWebKit/537.36 (KHTML, like Gecko) Chrome/135.0.0.0 Safari/537.36"
2a06:98c0:3600::103 - - [24/Apr/2025:08:35:45 -0400] "GET /wp-admin/setup-config.php HTTP/1.1" 200 0 "-" "Mozilla/5.0 (Windows NT 10.0; Win64; x64) AppleWebKit/537.36 (KHTML, like Gecko) Chrome/135.0.0.0 Safari/537.36"
2a06:98c0:3600::103 - - [24/Apr/2025:08:56:01 -0400] "GET /wp-admin/setup-config.php HTTP/1.1" 200 0 "-" "Mozilla/5.0 (Windows NT 10.0; Win64; x64) AppleWebKit/537.36 (KHTML, like Gecko) Chrome/135.0.0.0 Safari/537.36"
2a06:98c0:3600::103 - - [24/Apr/2025:08:57:33 -0400] "GET /wordpress/wp-admin/setup-config.php HTTP/1.1" 200 0 "-" "Mozilla/5.0 (Windows NT 10.0; Win64; x64) AppleWebKit/537.36 (KHTML, like Gecko) Chrome/135.0.0.0 Safari/537.36"
2a06:98c0:3600::103 - - [24/Apr/2025:09:12:12 -0400] "GET /wordpress/wp-admin/setup-config.php HTTP/1.1" 200 0 "-" "Mozilla/5.0 (Windows NT 10.0; Win64; x64) AppleWebKit/537.36 (KHTML, like Gecko) Chrome/135.0.0.0 Safari/537.36"
2a06:98c0:3600::103 - - [24/Apr/2025:09:14:25 -0400] "GET /wp-admin/setup-config.php HTTP/1.1" 200 0 "-" "Mozilla/5.0 (Windows NT 10.0; Win64; x64) AppleWebKit/537.36 (KHTML, like Gecko) Chrome/135.0.0.0 Safari/537.36"
2a06:98c0:3600::103 - - [24/Apr/2025:09:33:44 -0400] "GET /wordpress/wp-admin/setup-config.php HTTP/1.1" 200 0 "-" "Mozilla/5.0 (Windows NT 10.0; Win64; x64) AppleWebKit/537.36 (KHTML, like Gecko) Chrome/135.0.0.0 Safari/537.36"
2a06:98c0:3600::103 - - [24/Apr/2025:09:34:53 -0400] "GET /wp-admin/setup-config.php HTTP/1.1" 200 0 "-" "Mozilla/5.0 (Windows NT 10.0; Win64; x64) AppleWebKit/537.36 (KHTML, like Gecko) Chrome/135.0.0.0 Safari/537.36"
2a06:98c0:3600::103 - - [24/Apr/2025:09:51:15 -0400] "GET /wp-admin/setup-config.php HTTP/1.1" 200 0 "-" "Mozilla/5.0 (Windows NT 10.0; Win64; x64) AppleWebKit/537.36 (KHTML, like Gecko) Chrome/135.0.0.0 Safari/537.36"
2a06:98c0:3600::103 - - [24/Apr/2025:09:51:34 -0400] "GET /wordpress/wp-admin/setup-config.php HTTP/1.1" 200 0 "-" "Mozilla/5.0 (Windows NT 10.0; Win64; x64) AppleWebKit/537.36 (KHTML, like Gecko) Chrome/135.0.0.0 Safari/537.36"
2a06:98c0:3600::103 - - [24/Apr/2025:10:11:37 -0400] "GET /wp-admin/setup-config.php HTTP/1.1" 200 0 "-" "Mozilla/5.0 (Windows NT 10.0; Win64; x64) AppleWebKit/537.36 (KHTML, like Gecko) Chrome/135.0.0.0 Safari/537.36"
2a06:98c0:3600::103 - - [24/Apr/2025:10:12:47 -0400] "GET /wordpress/wp-admin/setup-config.php HTTP/1.1" 200 0 "-" "Mozilla/5.0 (Windows NT 10.0; Win64; x64) AppleWebKit/537.36 (KHTML, like Gecko) Chrome/135.0.0.0 Safari/537.36"
193.187.172.24 - - [24/Apr/2025:10:15:10 -0400] "GET / HTTP/1.1" 200 0 "https://www.google.de/" "Mozilla/5.0 (Macintosh; U; Intel Mac OS X 10_6_7) Gecko/20130401 Firefox/57.4"
2a06:98c0:3600::103 - - [24/Apr/2025:10:29:37 -0400] "GET /wordpress/wp-admin/setup-config.php HTTP/1.1" 200 0 "-" "Mozilla/5.0 (Windows NT 10.0; Win64; x64) AppleWebKit/537.36 (KHTML, like Gecko) Chrome/135.0.0.0 Safari/537.36"
2a06:98c0:3600::103 - - [24/Apr/2025:10:31:34 -0400] "GET /wp-admin/setup-config.php HTTP/1.1" 200 0 "-" "Mozilla/5.0 (Windows NT 10.0; Win64; x64) AppleWebKit/537.36 (KHTML, like Gecko) Chrome/135.0.0.0 Safari/537.36"
2a06:98c0:3600::103 - - [24/Apr/2025:10:47:42 -0400] "GET /wordpress/wp-admin/setup-config.php HTTP/1.1" 200 0 "-" "Mozilla/5.0 (Windows NT 10.0; Win64; x64) AppleWebKit/537.36 (KHTML, like Gecko) Chrome/135.0.0.0 Safari/537.36"
2a06:98c0:3600::103 - - [24/Apr/2025:10:50:43 -0400] "GET /wp-admin/setup-config.php HTTP/1.1" 200 0 "-" "Mozilla/5.0 (Windows NT 10.0; Win64; x64) AppleWebKit/537.36 (KHTML, like Gecko) Chrome/135.0.0.0 Safari/537.36"
2a06:98c0:3600::103 - - [24/Apr/2025:11:10:14 -0400] "GET /wordpress/wp-admin/setup-config.php HTTP/1.1" 200 0 "-" "Mozilla/5.0 (Windows NT 10.0; Win64; x64) AppleWebKit/537.36 (KHTML, like Gecko) Chrome/135.0.0.0 Safari/537.36"
2a06:98c0:3600::103 - - [24/Apr/2025:11:30:41 -0400] "GET /wordpress/wp-admin/setup-config.php HTTP/1.1" 200 0 "-" "Mozilla/5.0 (Windows NT 10.0; Win64; x64) AppleWebKit/537.36 (KHTML, like Gecko) Chrome/135.0.0.0 Safari/537.36"
2a06:98c0:3600::103 - - [24/Apr/2025:11:31:41 -0400] "GET /wp-admin/setup-config.php HTTP/1.1" 200 0 "-" "Mozilla/5.0 (Windows NT 10.0; Win64; x64) AppleWebKit/537.36 (KHTML, like Gecko) Chrome/135.0.0.0 Safari/537.36"
2a06:98c0:3600::103 - - [24/Apr/2025:11:48:05 -0400] "GET /wordpress/wp-admin/setup-config.php HTTP/1.1" 200 0 "-" "Mozilla/5.0 (Windows NT 10.0; Win64; x64) AppleWebKit/537.36 (KHTML, like Gecko) Chrome/135.0.0.0 Safari/537.36"
2a06:98c0:3600::103 - - [24/Apr/2025:11:48:34 -0400] "GET /wp-admin/setup-config.php HTTP/1.1" 200 0 "-" "Mozilla/5.0 (Windows NT 10.0; Win64; x64) AppleWebKit/537.36 (KHTML, like Gecko) Chrome/135.0.0.0 Safari/537.36"
43.133.220.37 - - [24/Apr/2025:11:57:48 -0400] "GET / HTTP/1.1" 200 0 "-" "Mozilla/5.0 (iPhone; CPU iPhone OS 13_2_3 like Mac OS X) AppleWebKit/605.1.15 (KHTML, like Gecko) Version/13.0.3 Mobile/15E148 Safari/604.1"
2a06:98c0:3600::103 - - [24/Apr/2025:12:06:53 -0400] "GET /wp-admin/setup-config.php HTTP/1.1" 200 0 "-" "Mozilla/5.0 (Windows NT 10.0; Win64; x64) AppleWebKit/537.36 (KHTML, like Gecko) Chrome/135.0.0.0 Safari/537.36"
2a06:98c0:3600::103 - - [24/Apr/2025:12:08:48 -0400] "GET /wordpress/wp-admin/setup-config.php HTTP/1.1" 200 0 "-" "Mozilla/5.0 (Windows NT 10.0; Win64; x64) AppleWebKit/537.36 (KHTML, like Gecko) Chrome/135.0.0.0 Safari/537.36"
2a06:98c0:3600::103 - - [24/Apr/2025:12:28:14 -0400] "GET /wordpress/wp-admin/setup-config.php HTTP/1.1" 200 0 "-" "Mozilla/5.0 (Windows NT 10.0; Win64; x64) AppleWebKit/537.36 (KHTML, like Gecko) Chrome/135.0.0.0 Safari/537.36"
2a06:98c0:3600::103 - - [24/Apr/2025:12:29:07 -0400] "GET /wp-admin/setup-config.php HTTP/1.1" 200 0 "-" "Mozilla/5.0 (Windows NT 10.0; Win64; x64) AppleWebKit/537.36 (KHTML, like Gecko) Chrome/135.0.0.0 Safari/537.36"
2a06:98c0:3600::103 - - [24/Apr/2025:12:47:02 -0400] "GET /wp-admin/setup-config.php HTTP/1.1" 200 0 "-" "Mozilla/5.0 (Windows NT 10.0; Win64; x64) AppleWebKit/537.36 (KHTML, like Gecko) Chrome/135.0.0.0 Safari/537.36"
2a06:98c0:3600::103 - - [24/Apr/2025:13:05:53 -0400] "GET /wp-admin/setup-config.php HTTP/1.1" 200 0 "-" "Mozilla/5.0 (Windows NT 10.0; Win64; x64) AppleWebKit/537.36 (KHTML, like Gecko) Chrome/135.0.0.0 Safari/537.36"