51.222.253.3 - - [29/Apr/2025:17:35:34 -0400] "GET /?h=1021580420731 HTTP/1.1" 200 0 "-" "Mozilla/5.0 (compatible; AhrefsBot/7.0; +http://ahrefs.com/robot/)"
51.222.253.19 - - [29/Apr/2025:17:38:48 -0400] "GET /?h=102771651331 HTTP/1.1" 200 0 "-" "Mozilla/5.0 (compatible; AhrefsBot/7.0; +http://ahrefs.com/robot/)"
51.222.253.15 - - [29/Apr/2025:17:42:08 -0400] "GET /?h=1032462170231 HTTP/1.1" 200 0 "-" "Mozilla/5.0 (compatible; AhrefsBot/7.0; +http://ahrefs.com/robot/)"
172.174.6.119 - - [29/Apr/2025:17:43:53 -0400] "GET /wp-content/uploads/2023/10/SITUS-JUDI-PENIPU-10-150x150.jpg HTTP/1.1" 200 0 "-" "Mozilla/5.0 (Windows NT 10.0; Win64; x64) AppleWebKit/537.36 (KHTML, like Gecko) Chrome/109.0.0.0 Safari/537.36"
172.174.6.119 - - [29/Apr/2025:17:43:54 -0400] "GET /wp-content/uploads/2023/10/SITUS-JUDI-PENIPU-10-150x150.jpg HTTP/1.1" 200 0 "-" "Mozilla/5.0 (Windows NT 10.0; Win64; x64) AppleWebKit/537.36 (KHTML, like Gecko) Chrome/109.0.0.0 Safari/537.36"
172.174.6.119 - - [29/Apr/2025:17:44:22 -0400] "GET /wp-content/uploads/2023/10/SITUS-JUDI-PENIPU-10-150x150.jpg HTTP/1.1" 200 0 "-" "Mozilla/5.0 (Windows NT 10.0; Win64; x64) AppleWebKit/537.36 (KHTML, like Gecko) Chrome/109.0.0.0 Safari/537.36"
51.222.253.14 - - [29/Apr/2025:17:45:12 -0400] "GET /?h=1033175342531 HTTP/1.1" 200 0 "-" "Mozilla/5.0 (compatible; AhrefsBot/7.0; +http://ahrefs.com/robot/)"
51.222.253.5 - - [29/Apr/2025:17:48:22 -0400] "GET /?h=1046284972331 HTTP/1.1" 200 0 "-" "Mozilla/5.0 (compatible; AhrefsBot/7.0; +http://ahrefs.com/robot/)"
51.222.253.7 - - [29/Apr/2025:17:51:32 -0400] "GET /?h=1049922620731 HTTP/1.1" 200 0 "-" "Mozilla/5.0 (compatible; AhrefsBot/7.0; +http://ahrefs.com/robot/)"
51.222.253.5 - - [29/Apr/2025:17:54:35 -0400] "GET /?h=1056210851931 HTTP/1.1" 200 0 "-" "Mozilla/5.0 (compatible; AhrefsBot/7.0; +http://ahrefs.com/robot/)"
51.222.253.15 - - [29/Apr/2025:17:57:54 -0400] "GET /?h=1064184101231 HTTP/1.1" 200 0 "-" "Mozilla/5.0 (compatible; AhrefsBot/7.0; +http://ahrefs.com/robot/)"
51.222.253.12 - - [29/Apr/2025:18:01:10 -0400] "GET /?h=1072544743031 HTTP/1.1" 200 0 "-" "Mozilla/5.0 (compatible; AhrefsBot/7.0; +http://ahrefs.com/robot/)"
51.222.253.14 - - [29/Apr/2025:18:03:48 -0400] "GET /?h=1081278071731 HTTP/1.1" 200 0 "-" "Mozilla/5.0 (compatible; AhrefsBot/7.0; +http://ahrefs.com/robot/)"
185.92.139.146 - - [29/Apr/2025:18:04:44 -0400] "GET /2023/12/11/naga4d-member-jp-akun-di-blokir/ HTTP/1.0" 200 0 "https://polisitogel-kairo.com/2023/12/11/naga4d-member-jp-akun-di-blokir/" "Mozilla/5.0 (Windows NT 10.0; Win64; x64) AppleWebKit/537.36 (KHTML, like Gecko) Chrome/131.0.0.0 Safari/537.36"
185.92.139.146 - - [29/Apr/2025:18:04:45 -0400] "GET / HTTP/1.0" 200 0 "https://polisitogel-kairo.com/" "Mozilla/5.0 (Windows NT 10.0; Win64; x64) AppleWebKit/537.36 (KHTML, like Gecko) Chrome/131.0.0.0 Safari/537.36"
185.92.139.146 - - [29/Apr/2025:18:06:23 -0400] "GET /2023/12/11/naga4d-member-jp-akun-di-blokir/ HTTP/1.0" 200 0 "https://polisitogel-kairo.com/2023/12/11/naga4d-member-jp-akun-di-blokir/" "Mozilla/5.0 (Windows NT 10.0; Win64; x64) AppleWebKit/537.36 (KHTML, like Gecko) Chrome/131.0.0.0 Safari/537.36 Avast/131.0.0.0"
185.92.139.146 - - [29/Apr/2025:18:06:24 -0400] "GET / HTTP/1.0" 200 0 "https://polisitogel-kairo.com/" "Mozilla/5.0 (Windows NT 10.0; Win64; x64) AppleWebKit/537.36 (KHTML, like Gecko) Chrome/131.0.0.0 Safari/537.36 Avast/131.0.0.0"
51.222.253.17 - - [29/Apr/2025:18:06:44 -0400] "GET /?h=1085380262531 HTTP/1.1" 200 0 "-" "Mozilla/5.0 (compatible; AhrefsBot/7.0; +http://ahrefs.com/robot/)"
51.222.253.1 - - [29/Apr/2025:18:09:45 -0400] "GET /?h=1086030000631 HTTP/1.1" 200 0 "-" "Mozilla/5.0 (compatible; AhrefsBot/7.0; +http://ahrefs.com/robot/)"
51.222.253.2 - - [29/Apr/2025:18:13:29 -0400] "GET /?h=1088234923231 HTTP/1.1" 200 0 "-" "Mozilla/5.0 (compatible; AhrefsBot/7.0; +http://ahrefs.com/robot/)"
51.222.253.3 - - [29/Apr/2025:18:16:16 -0400] "GET /?h=1099217510631 HTTP/1.1" 200 0 "-" "Mozilla/5.0 (compatible; AhrefsBot/7.0; +http://ahrefs.com/robot/)"
51.222.253.16 - - [29/Apr/2025:18:19:06 -0400] "GET /?h=1099234941031 HTTP/1.1" 200 0 "-" "Mozilla/5.0 (compatible; AhrefsBot/7.0; +http://ahrefs.com/robot/)"
43.153.7.191 - - [29/Apr/2025:18:20:08 -0400] "GET / HTTP/1.1" 200 0 "http://polisitogel-kairo.com" "Mozilla/5.0 (iPhone; CPU iPhone OS 13_2_3 like Mac OS X) AppleWebKit/605.1.15 (KHTML, like Gecko) Version/13.0.3 Mobile/15E148 Safari/604.1"
51.222.253.3 - - [29/Apr/2025:18:22:06 -0400] "GET /?h=1101642190131 HTTP/1.1" 200 0 "-" "Mozilla/5.0 (compatible; AhrefsBot/7.0; +http://ahrefs.com/robot/)"
167.94.138.196 - - [29/Apr/2025:18:23:12 -0400] "GET / HTTP/1.1" 200 0 "-" "Mozilla/5.0 (compatible; CensysInspect/1.1; +https://about.censys.io/)"
167.94.138.196 - - [29/Apr/2025:18:23:17 -0400] "GET /favicon.ico HTTP/1.1" 404 1251 "-" "Mozilla/5.0 (compatible; CensysInspect/1.1; +https://about.censys.io/)"
167.94.138.196 - - [29/Apr/2025:18:23:50 -0400] "GET /favicon.ico HTTP/1.1" 404 1251 "-" "Mozilla/5.0 (compatible; CensysInspect/1.1; +https://about.censys.io/)"
51.222.253.15 - - [29/Apr/2025:18:24:55 -0400] "GET /?h=1105494862431 HTTP/1.1" 200 0 "-" "Mozilla/5.0 (compatible; AhrefsBot/7.0; +http://ahrefs.com/robot/)"
51.222.253.13 - - [29/Apr/2025:18:27:52 -0400] "GET /?h=1108365550431 HTTP/1.1" 200 0 "-" "Mozilla/5.0 (compatible; AhrefsBot/7.0; +http://ahrefs.com/robot/)"
51.222.253.16 - - [29/Apr/2025:18:30:53 -0400] "GET /?h=110961591531 HTTP/1.1" 200 0 "-" "Mozilla/5.0 (compatible; AhrefsBot/7.0; +http://ahrefs.com/robot/)"
51.222.253.14 - - [29/Apr/2025:18:33:38 -0400] "GET /?h=113828310331 HTTP/1.1" 200 0 "-" "Mozilla/5.0 (compatible; AhrefsBot/7.0; +http://ahrefs.com/robot/)"
51.222.253.2 - - [29/Apr/2025:18:36:20 -0400] "GET /?h=118712440931 HTTP/1.1" 200 0 "-" "Mozilla/5.0 (compatible; AhrefsBot/7.0; +http://ahrefs.com/robot/)"
51.222.253.4 - - [29/Apr/2025:18:39:00 -0400] "GET /?h=123695591631 HTTP/1.1" 200 0 "-" "Mozilla/5.0 (compatible; AhrefsBot/7.0; +http://ahrefs.com/robot/)"
51.222.253.20 - - [29/Apr/2025:18:41:42 -0400] "GET /?h=138968520731 HTTP/1.1" 200 0 "-" "Mozilla/5.0 (compatible; AhrefsBot/7.0; +http://ahrefs.com/robot/)"
51.222.253.8 - - [29/Apr/2025:18:44:40 -0400] "GET /?h=140014770231 HTTP/1.1" 200 0 "-" "Mozilla/5.0 (compatible; AhrefsBot/7.0; +http://ahrefs.com/robot/)"
51.222.253.9 - - [29/Apr/2025:18:47:05 -0400] "GET /?h=14666742831 HTTP/1.1" 200 0 "-" "Mozilla/5.0 (compatible; AhrefsBot/7.0; +http://ahrefs.com/robot/)"
51.222.253.5 - - [29/Apr/2025:18:49:43 -0400] "GET /?h=151297581431 HTTP/1.1" 200 0 "-" "Mozilla/5.0 (compatible; AhrefsBot/7.0; +http://ahrefs.com/robot/)"
51.222.253.19 - - [29/Apr/2025:18:52:12 -0400] "GET /?h=157083243331 HTTP/1.1" 200 0 "-" "Mozilla/5.0 (compatible; AhrefsBot/7.0; +http://ahrefs.com/robot/)"
51.222.253.2 - - [29/Apr/2025:18:54:41 -0400] "GET /?h=157157271931 HTTP/1.1" 200 0 "-" "Mozilla/5.0 (compatible; AhrefsBot/7.0; +http://ahrefs.com/robot/)"
51.222.253.1 - - [29/Apr/2025:18:57:07 -0400] "GET /?h=161791520831 HTTP/1.1" 200 0 "-" "Mozilla/5.0 (compatible; AhrefsBot/7.0; +http://ahrefs.com/robot/)"
51.222.253.16 - - [29/Apr/2025:18:59:40 -0400] "GET /?h=16854490631 HTTP/1.1" 200 0 "-" "Mozilla/5.0 (compatible; AhrefsBot/7.0; +http://ahrefs.com/robot/)"
51.222.253.5 - - [29/Apr/2025:19:02:25 -0400] "GET /?h=1751821031 HTTP/1.1" 200 0 "-" "Mozilla/5.0 (compatible; AhrefsBot/7.0; +http://ahrefs.com/robot/)"
192.151.144.210 - - [29/Apr/2025:19:02:29 -0400] "GET /?testPage HTTP/1.1" 200 62 "-" "Mozilla/5.0 (compatible; Googlebot/2.1; +http://www.google.com/bot.html)"
192.151.144.210 - - [29/Apr/2025:19:02:31 -0400] "GET /?testPage HTTP/1.1" 200 0 "-" "Mozilla/5.0 (Windows NT 10.0; Win64; x64) AppleWebKit/537.36 (KHTML, like Gecko) Chrome/125.0.0.0 Safari/537.36"
51.222.253.8 - - [29/Apr/2025:19:05:03 -0400] "GET /?h=178148063931 HTTP/1.1" 200 0 "-" "Mozilla/5.0 (compatible; AhrefsBot/7.0; +http://ahrefs.com/robot/)"
51.222.253.11 - - [29/Apr/2025:19:07:32 -0400] "GET /?h=178271350631 HTTP/1.1" 200 0 "-" "Mozilla/5.0 (compatible; AhrefsBot/7.0; +http://ahrefs.com/robot/)"
51.222.253.18 - - [29/Apr/2025:19:10:04 -0400] "GET /?h=180109251231 HTTP/1.1" 200 0 "-" "Mozilla/5.0 (compatible; AhrefsBot/7.0; +http://ahrefs.com/robot/)"
51.222.253.9 - - [29/Apr/2025:19:12:39 -0400] "GET /?h=184744351731 HTTP/1.1" 200 0 "-" "Mozilla/5.0 (compatible; AhrefsBot/7.0; +http://ahrefs.com/robot/)"
51.222.253.5 - - [29/Apr/2025:19:15:28 -0400] "GET /?h=201430682431 HTTP/1.1" 200 0 "-" "Mozilla/5.0 (compatible; AhrefsBot/7.0; +http://ahrefs.com/robot/)"
51.222.253.20 - - [29/Apr/2025:19:18:08 -0400] "GET /?h=204286712331 HTTP/1.1" 200 0 "-" "Mozilla/5.0 (compatible; AhrefsBot/7.0; +http://ahrefs.com/robot/)"
51.222.253.4 - - [29/Apr/2025:19:21:06 -0400] "GET /?h=204902791631 HTTP/1.1" 200 0 "-" "Mozilla/5.0 (compatible; AhrefsBot/7.0; +http://ahrefs.com/robot/)"
51.222.253.8 - - [29/Apr/2025:19:23:38 -0400] "GET /?h=209425240331 HTTP/1.1" 200 0 "-" "Mozilla/5.0 (compatible; AhrefsBot/7.0; +http://ahrefs.com/robot/)"
51.222.253.16 - - [29/Apr/2025:19:26:10 -0400] "GET /?h=210212581231 HTTP/1.1" 200 0 "-" "Mozilla/5.0 (compatible; AhrefsBot/7.0; +http://ahrefs.com/robot/)"
51.222.253.11 - - [29/Apr/2025:19:28:54 -0400] "GET /?h=220104503131 HTTP/1.1" 200 0 "-" "Mozilla/5.0 (compatible; AhrefsBot/7.0; +http://ahrefs.com/robot/)"
51.222.253.7 - - [29/Apr/2025:19:31:33 -0400] "GET /?h=222879860431 HTTP/1.1" 200 0 "-" "Mozilla/5.0 (compatible; AhrefsBot/7.0; +http://ahrefs.com/robot/)"
51.222.253.14 - - [29/Apr/2025:19:34:05 -0400] "GET /?h=227420841431 HTTP/1.1" 200 0 "-" "Mozilla/5.0 (compatible; AhrefsBot/7.0; +http://ahrefs.com/robot/)"
51.222.253.19 - - [29/Apr/2025:19:36:40 -0400] "GET /?h=231265550931 HTTP/1.1" 200 0 "-" "Mozilla/5.0 (compatible; AhrefsBot/7.0; +http://ahrefs.com/robot/)"
51.222.253.15 - - [29/Apr/2025:19:39:22 -0400] "GET /?h=236253840831 HTTP/1.1" 200 0 "-" "Mozilla/5.0 (compatible; AhrefsBot/7.0; +http://ahrefs.com/robot/)"
51.222.253.16 - - [29/Apr/2025:19:41:58 -0400] "GET /?h=236331852731 HTTP/1.1" 200 0 "-" "Mozilla/5.0 (compatible; AhrefsBot/7.0; +http://ahrefs.com/robot/)"
51.222.253.8 - - [29/Apr/2025:19:44:33 -0400] "GET /?h=236605130431 HTTP/1.1" 200 0 "-" "Mozilla/5.0 (compatible; AhrefsBot/7.0; +http://ahrefs.com/robot/)"
51.222.253.5 - - [29/Apr/2025:19:47:21 -0400] "GET /?h=236836690331 HTTP/1.1" 200 0 "-" "Mozilla/5.0 (compatible; AhrefsBot/7.0; +http://ahrefs.com/robot/)"
51.222.253.11 - - [29/Apr/2025:19:50:24 -0400] "GET /?h=237524572931 HTTP/1.1" 200 0 "-" "Mozilla/5.0 (compatible; AhrefsBot/7.0; +http://ahrefs.com/robot/)"
51.222.253.15 - - [29/Apr/2025:19:53:18 -0400] "GET /?h=238037891631 HTTP/1.1" 200 0 "-" "Mozilla/5.0 (compatible; AhrefsBot/7.0; +http://ahrefs.com/robot/)"
51.222.253.3 - - [29/Apr/2025:19:55:59 -0400] "GET /?h=238793553531 HTTP/1.1" 200 0 "-" "Mozilla/5.0 (compatible; AhrefsBot/7.0; +http://ahrefs.com/robot/)"
51.222.253.1 - - [29/Apr/2025:19:58:26 -0400] "GET /?h=244246752431 HTTP/1.1" 200 0 "-" "Mozilla/5.0 (compatible; AhrefsBot/7.0; +http://ahrefs.com/robot/)"
51.222.253.8 - - [29/Apr/2025:20:01:06 -0400] "GET /?h=252302090331 HTTP/1.1" 200 0 "-" "Mozilla/5.0 (compatible; AhrefsBot/7.0; +http://ahrefs.com/robot/)"
51.222.253.17 - - [29/Apr/2025:20:03:46 -0400] "GET /?h=256920841131 HTTP/1.1" 200 0 "-" "Mozilla/5.0 (compatible; AhrefsBot/7.0; +http://ahrefs.com/robot/)"
74.225.132.1 - - [29/Apr/2025:20:04:32 -0400] "GET / HTTP/1.1" 200 0 "-" "Mozilla/5.0 (Windows NT 10.0; Win64; x64) AppleWebKit/537.36 (KHTML, like Gecko) Chrome/80.0.3987.149 Safari/537.36"
74.225.132.1 - - [29/Apr/2025:20:04:35 -0400] "GET //wp-includes/wlwmanifest.xml HTTP/1.1" 200 320683 "-" "Mozilla/5.0 (Windows NT 10.0; Win64; x64) AppleWebKit/537.36 (KHTML, like Gecko) Chrome/80.0.3987.149 Safari/537.36"
74.225.132.1 - - [29/Apr/2025:20:04:45 -0400] "GET / HTTP/1.1" 200 0 "-" "Mozilla/5.0 (Windows NT 10.0; Win64; x64) AppleWebKit/537.36 (KHTML, like Gecko) Chrome/80.0.3987.149 Safari/537.36"
74.225.132.1 - - [29/Apr/2025:20:04:49 -0400] "GET //blog/wp-includes/wlwmanifest.xml HTTP/1.1" 200 320665 "-" "Mozilla/5.0 (Windows NT 10.0; Win64; x64) AppleWebKit/537.36 (KHTML, like Gecko) Chrome/80.0.3987.149 Safari/537.36"
74.225.132.1 - - [29/Apr/2025:20:04:54 -0400] "GET //web/wp-includes/wlwmanifest.xml HTTP/1.1" 200 320694 "-" "Mozilla/5.0 (Windows NT 10.0; Win64; x64) AppleWebKit/537.36 (KHTML, like Gecko) Chrome/80.0.3987.149 Safari/537.36"
74.225.132.1 - - [29/Apr/2025:20:05:01 -0400] "GET //wordpress/wp-includes/wlwmanifest.xml HTTP/1.1" 200 320674 "-" "Mozilla/5.0 (Windows NT 10.0; Win64; x64) AppleWebKit/537.36 (KHTML, like Gecko) Chrome/80.0.3987.149 Safari/537.36"
74.225.132.1 - - [29/Apr/2025:20:05:05 -0400] "GET //website/wp-includes/wlwmanifest.xml HTTP/1.1" 200 320657 "-" "Mozilla/5.0 (Windows NT 10.0; Win64; x64) AppleWebKit/537.36 (KHTML, like Gecko) Chrome/80.0.3987.149 Safari/537.36"
74.225.132.1 - - [29/Apr/2025:20:05:13 -0400] "GET //wp/wp-includes/wlwmanifest.xml HTTP/1.1" 200 320666 "-" "Mozilla/5.0 (Windows NT 10.0; Win64; x64) AppleWebKit/537.36 (KHTML, like Gecko) Chrome/80.0.3987.149 Safari/537.36"
74.225.132.1 - - [29/Apr/2025:20:05:18 -0400] "GET //news/wp-includes/wlwmanifest.xml HTTP/1.1" 200 320685 "-" "Mozilla/5.0 (Windows NT 10.0; Win64; x64) AppleWebKit/537.36 (KHTML, like Gecko) Chrome/80.0.3987.149 Safari/537.36"
74.225.132.1 - - [29/Apr/2025:20:05:22 -0400] "GET //2018/wp-includes/wlwmanifest.xml HTTP/1.1" 200 320686 "-" "Mozilla/5.0 (Windows NT 10.0; Win64; x64) AppleWebKit/537.36 (KHTML, like Gecko) Chrome/80.0.3987.149 Safari/537.36"
74.225.132.1 - - [29/Apr/2025:20:05:29 -0400] "GET //2019/wp-includes/wlwmanifest.xml HTTP/1.1" 200 320660 "-" "Mozilla/5.0 (Windows NT 10.0; Win64; x64) AppleWebKit/537.36 (KHTML, like Gecko) Chrome/80.0.3987.149 Safari/537.36"
74.225.132.1 - - [29/Apr/2025:20:05:35 -0400] "GET //shop/wp-includes/wlwmanifest.xml HTTP/1.1" 200 320688 "-" "Mozilla/5.0 (Windows NT 10.0; Win64; x64) AppleWebKit/537.36 (KHTML, like Gecko) Chrome/80.0.3987.149 Safari/537.36"
74.225.132.1 - - [29/Apr/2025:20:05:40 -0400] "GET //wp1/wp-includes/wlwmanifest.xml HTTP/1.1" 200 320707 "-" "Mozilla/5.0 (Windows NT 10.0; Win64; x64) AppleWebKit/537.36 (KHTML, like Gecko) Chrome/80.0.3987.149 Safari/537.36"
74.225.132.1 - - [29/Apr/2025:20:05:44 -0400] "GET //test/wp-includes/wlwmanifest.xml HTTP/1.1" 200 320685 "-" "Mozilla/5.0 (Windows NT 10.0; Win64; x64) AppleWebKit/537.36 (KHTML, like Gecko) Chrome/80.0.3987.149 Safari/537.36"
74.225.132.1 - - [29/Apr/2025:20:05:48 -0400] "GET //media/wp-includes/wlwmanifest.xml HTTP/1.1" 200 320677 "-" "Mozilla/5.0 (Windows NT 10.0; Win64; x64) AppleWebKit/537.36 (KHTML, like Gecko) Chrome/80.0.3987.149 Safari/537.36"
74.225.132.1 - - [29/Apr/2025:20:05:53 -0400] "GET //wp2/wp-includes/wlwmanifest.xml HTTP/1.1" 200 320664 "-" "Mozilla/5.0 (Windows NT 10.0; Win64; x64) AppleWebKit/537.36 (KHTML, like Gecko) Chrome/80.0.3987.149 Safari/537.36"
74.225.132.1 - - [29/Apr/2025:20:05:57 -0400] "GET //site/wp-includes/wlwmanifest.xml HTTP/1.1" 200 320666 "-" "Mozilla/5.0 (Windows NT 10.0; Win64; x64) AppleWebKit/537.36 (KHTML, like Gecko) Chrome/80.0.3987.149 Safari/537.36"
74.225.132.1 - - [29/Apr/2025:20:06:01 -0400] "GET //cms/wp-includes/wlwmanifest.xml HTTP/1.1" 200 320680 "-" "Mozilla/5.0 (Windows NT 10.0; Win64; x64) AppleWebKit/537.36 (KHTML, like Gecko) Chrome/80.0.3987.149 Safari/537.36"
74.225.132.1 - - [29/Apr/2025:20:06:05 -0400] "GET //sito/wp-includes/wlwmanifest.xml HTTP/1.1" 200 320688 "-" "Mozilla/5.0 (Windows NT 10.0; Win64; x64) AppleWebKit/537.36 (KHTML, like Gecko) Chrome/80.0.3987.149 Safari/537.36"
51.222.253.9 - - [29/Apr/2025:20:06:29 -0400] "GET /?h=257491341931 HTTP/1.1" 200 0 "-" "Mozilla/5.0 (compatible; AhrefsBot/7.0; +http://ahrefs.com/robot/)"
51.222.253.5 - - [29/Apr/2025:20:08:58 -0400] "GET /?h=260120340831 HTTP/1.1" 200 0 "-" "Mozilla/5.0 (compatible; AhrefsBot/7.0; +http://ahrefs.com/robot/)"
66.249.73.204 - - [29/Apr/2025:20:10:22 -0400] "GET /?h=705763512031 HTTP/1.1" 200 18631 "-" "Mozilla/5.0 (Linux; Android 6.0.1; Nexus 5X Build/MMB29P) AppleWebKit/537.36 (KHTML, like Gecko) Chrome/135.0.7049.95 Mobile Safari/537.36 (compatible; Googlebot/2.1; +http://www.google.com/bot.html)"
66.249.73.203 - - [29/Apr/2025:20:10:27 -0400] "GET /?/css_8dcc6671380feea741fc016ecf5d71cd/custom-pages HTTP/1.1" 200 2930 "https://www.polisitogel-kairo.com/?h=705763512031" "Mozilla/5.0 (Linux; Android 6.0.1; Nexus 5X Build/MMB29P) AppleWebKit/537.36 (KHTML, like Gecko) Chrome/134.0.6998.165 Mobile Safari/537.36 (compatible; Googlebot/2.1; +http://www.google.com/bot.html)"
66.249.73.202 - - [29/Apr/2025:20:10:28 -0400] "GET /?/css_8dcc6671380feea741fc016ecf5d71cd/boost-pfs-custom HTTP/1.1" 200 1038 "https://www.polisitogel-kairo.com/?h=705763512031" "Mozilla/5.0 (Linux; Android 6.0.1; Nexus 5X Build/MMB29P) AppleWebKit/537.36 (KHTML, like Gecko) Chrome/134.0.6998.165 Mobile Safari/537.36 (compatible; Googlebot/2.1; +http://www.google.com/bot.html)"
66.249.73.202 - - [29/Apr/2025:20:10:30 -0400] "GET /?/css_8dcc6671380feea741fc016ecf5d71cd/header__top-bar HTTP/1.1" 200 306 "https://www.polisitogel-kairo.com/?h=705763512031" "Mozilla/5.0 (Linux; Android 6.0.1; Nexus 5X Build/MMB29P) AppleWebKit/537.36 (KHTML, like Gecko) Chrome/134.0.6998.165 Mobile Safari/537.36 (compatible; Googlebot/2.1; +http://www.google.com/bot.html)"
66.249.73.202 - - [29/Apr/2025:20:10:30 -0400] "GET /?/css_8dcc6671380feea741fc016ecf5d71cd/boost-pfs-instant-search HTTP/1.1" 200 6116 "https://www.polisitogel-kairo.com/?h=705763512031" "Mozilla/5.0 (Linux; Android 6.0.1; Nexus 5X Build/MMB29P) AppleWebKit/537.36 (KHTML, like Gecko) Chrome/134.0.6998.165 Mobile Safari/537.36 (compatible; Googlebot/2.1; +http://www.google.com/bot.html)"
66.249.73.202 - - [29/Apr/2025:20:10:31 -0400] "GET /?/css_8dcc6671380feea741fc016ecf5d71cd/style HTTP/1.1" 200 49964 "https://www.polisitogel-kairo.com/?h=705763512031" "Mozilla/5.0 (Linux; Android 6.0.1; Nexus 5X Build/MMB29P) AppleWebKit/537.36 (KHTML, like Gecko) Chrome/134.0.6998.165 Mobile Safari/537.36 (compatible; Googlebot/2.1; +http://www.google.com/bot.html)"
66.249.73.202 - - [29/Apr/2025:20:10:32 -0400] "GET /?/css_8dcc6671380feea741fc016ecf5d71cd/custom-global HTTP/1.1" 200 5025 "https://www.polisitogel-kairo.com/?h=705763512031" "Mozilla/5.0 (Linux; Android 6.0.1; Nexus 5X Build/MMB29P) AppleWebKit/537.36 (KHTML, like Gecko) Chrome/134.0.6998.165 Mobile Safari/537.36 (compatible; Googlebot/2.1; +http://www.google.com/bot.html)"
66.249.73.202 - - [29/Apr/2025:20:10:33 -0400] "GET /?/css_8dcc6671380feea741fc016ecf5d71cd/custom-products HTTP/1.1" 200 3295 "https://www.polisitogel-kairo.com/?h=705763512031" "Mozilla/5.0 (Linux; Android 6.0.1; Nexus 5X Build/MMB29P) AppleWebKit/537.36 (KHTML, like Gecko) Chrome/134.0.6998.165 Mobile Safari/537.36 (compatible; Googlebot/2.1; +http://www.google.com/bot.html)"
66.249.73.202 - - [29/Apr/2025:20:10:34 -0400] "GET /?/css_8dcc6671380feea741fc016ecf5d71cd/custom-collection HTTP/1.1" 200 2084 "https://www.polisitogel-kairo.com/?h=705763512031" "Mozilla/5.0 (Linux; Android 6.0.1; Nexus 5X Build/MMB29P) AppleWebKit/537.36 (KHTML, like Gecko) Chrome/134.0.6998.165 Mobile Safari/537.36 (compatible; Googlebot/2.1; +http://www.google.com/bot.html)"
51.222.253.11 - - [29/Apr/2025:20:11:43 -0400] "GET /?h=265269821231 HTTP/1.1" 200 0 "-" "Mozilla/5.0 (compatible; AhrefsBot/7.0; +http://ahrefs.com/robot/)"
51.222.253.11 - - [29/Apr/2025:20:14:08 -0400] "GET /?h=271880592531 HTTP/1.1" 200 0 "-" "Mozilla/5.0 (compatible; AhrefsBot/7.0; +http://ahrefs.com/robot/)"
66.249.73.204 - - [29/Apr/2025:20:14:37 -0400] "GET /?h=865997080331 HTTP/1.1" 200 18413 "-" "Mozilla/5.0 (Linux; Android 6.0.1; Nexus 5X Build/MMB29P) AppleWebKit/537.36 (KHTML, like Gecko) Chrome/135.0.7049.95 Mobile Safari/537.36 (compatible; Googlebot/2.1; +http://www.google.com/bot.html)"
51.222.253.13 - - [29/Apr/2025:20:16:41 -0400] "GET /?h=274008690731 HTTP/1.1" 200 0 "-" "Mozilla/5.0 (compatible; AhrefsBot/7.0; +http://ahrefs.com/robot/)"
66.249.73.204 - - [29/Apr/2025:20:17:37 -0400] "GET /?h=922791491031 HTTP/1.1" 200 0 "-" "Mozilla/5.0 (Linux; Android 6.0.1; Nexus 5X Build/MMB29P) AppleWebKit/537.36 (KHTML, like Gecko) Chrome/135.0.7049.95 Mobile Safari/537.36 (compatible; Googlebot/2.1; +http://www.google.com/bot.html)"
51.222.253.2 - - [29/Apr/2025:20:19:09 -0400] "GET /?h=311335780331 HTTP/1.1" 200 0 "-" "Mozilla/5.0 (compatible; AhrefsBot/7.0; +http://ahrefs.com/robot/)"
66.249.73.204 - - [29/Apr/2025:20:19:21 -0400] "GET /?h=668955320131 HTTP/1.1" 200 18470 "-" "Mozilla/5.0 (Linux; Android 6.0.1; Nexus 5X Build/MMB29P) AppleWebKit/537.36 (KHTML, like Gecko) Chrome/135.0.7049.95 Mobile Safari/537.36 (compatible; Googlebot/2.1; +http://www.google.com/bot.html)"
66.249.73.203 - - [29/Apr/2025:20:19:25 -0400] "GET /?/css_8dcc6671380feea741fc016ecf5d71cd/header__top-bar HTTP/1.1" 200 306 "https://www.polisitogel-kairo.com/?h=668955320131" "Mozilla/5.0 (Linux; Android 6.0.1; Nexus 5X Build/MMB29P) AppleWebKit/537.36 (KHTML, like Gecko) Chrome/134.0.6998.165 Mobile Safari/537.36 (compatible; Googlebot/2.1; +http://www.google.com/bot.html)"
66.249.73.202 - - [29/Apr/2025:20:19:26 -0400] "GET /?/css_8dcc6671380feea741fc016ecf5d71cd/custom-pages HTTP/1.1" 200 2930 "https://www.polisitogel-kairo.com/?h=668955320131" "Mozilla/5.0 (Linux; Android 6.0.1; Nexus 5X Build/MMB29P) AppleWebKit/537.36 (KHTML, like Gecko) Chrome/134.0.6998.165 Mobile Safari/537.36 (compatible; Googlebot/2.1; +http://www.google.com/bot.html)"
66.249.73.203 - - [29/Apr/2025:20:19:27 -0400] "GET /?/css_8dcc6671380feea741fc016ecf5d71cd/custom-global HTTP/1.1" 200 5025 "https://www.polisitogel-kairo.com/?h=668955320131" "Mozilla/5.0 (Linux; Android 6.0.1; Nexus 5X Build/MMB29P) AppleWebKit/537.36 (KHTML, like Gecko) Chrome/134.0.6998.165 Mobile Safari/537.36 (compatible; Googlebot/2.1; +http://www.google.com/bot.html)"
66.249.73.202 - - [29/Apr/2025:20:19:29 -0400] "GET /?/css_8dcc6671380feea741fc016ecf5d71cd/custom-collection HTTP/1.1" 200 2084 "https://www.polisitogel-kairo.com/?h=668955320131" "Mozilla/5.0 (Linux; Android 6.0.1; Nexus 5X Build/MMB29P) AppleWebKit/537.36 (KHTML, like Gecko) Chrome/134.0.6998.165 Mobile Safari/537.36 (compatible; Googlebot/2.1; +http://www.google.com/bot.html)"
66.249.73.202 - - [29/Apr/2025:20:19:30 -0400] "GET /?/css_8dcc6671380feea741fc016ecf5d71cd/boost-pfs-custom HTTP/1.1" 200 1038 "https://www.polisitogel-kairo.com/?h=668955320131" "Mozilla/5.0 (Linux; Android 6.0.1; Nexus 5X Build/MMB29P) AppleWebKit/537.36 (KHTML, like Gecko) Chrome/134.0.6998.165 Mobile Safari/537.36 (compatible; Googlebot/2.1; +http://www.google.com/bot.html)"
66.249.73.202 - - [29/Apr/2025:20:19:31 -0400] "GET /?/css_8dcc6671380feea741fc016ecf5d71cd/boost-pfs-instant-search HTTP/1.1" 200 6116 "https://www.polisitogel-kairo.com/?h=668955320131" "Mozilla/5.0 (Linux; Android 6.0.1; Nexus 5X Build/MMB29P) AppleWebKit/537.36 (KHTML, like Gecko) Chrome/134.0.6998.165 Mobile Safari/537.36 (compatible; Googlebot/2.1; +http://www.google.com/bot.html)"
66.249.73.202 - - [29/Apr/2025:20:19:33 -0400] "GET /?/css_8dcc6671380feea741fc016ecf5d71cd/custom-products HTTP/1.1" 200 3295 "https://www.polisitogel-kairo.com/?h=668955320131" "Mozilla/5.0 (Linux; Android 6.0.1; Nexus 5X Build/MMB29P) AppleWebKit/537.36 (KHTML, like Gecko) Chrome/134.0.6998.165 Mobile Safari/537.36 (compatible; Googlebot/2.1; +http://www.google.com/bot.html)"
147.45.139.42 - - [29/Apr/2025:20:20:59 -0400] "GET /2023/12/11/naga4d-member-jp-akun-di-blokir/ HTTP/1.0" 200 0 "https://polisitogel-kairo.com/2023/12/11/naga4d-member-jp-akun-di-blokir/#comment-1156" "Mozilla/5.0 (Windows NT 10.0; Win64; x64) AppleWebKit/537.36 (KHTML, like Gecko) Chrome/130.0.0.0 Safari/537.36"
147.45.139.42 - - [29/Apr/2025:20:20:59 -0400] "GET /2023/11/27/trio4d-agen-togel-penipu/ HTTP/1.0" 200 0 "https://polisitogel-kairo.com/2023/11/27/trio4d-agen-togel-penipu/#comment-1176" "Mozilla/5.0 (Windows NT 10.0; Win64; x64) AppleWebKit/537.36 (KHTML, like Gecko) Chrome/130.0.0.0 Safari/537.36"
147.45.139.42 - - [29/Apr/2025:20:21:00 -0400] "GET / HTTP/1.0" 200 0 "https://polisitogel-kairo.com/" "Mozilla/5.0 (Windows NT 10.0; Win64; x64) AppleWebKit/537.36 (KHTML, like Gecko) Chrome/130.0.0.0 Safari/537.36"
147.45.139.42 - - [29/Apr/2025:20:21:00 -0400] "GET / HTTP/1.0" 200 0 "https://polisitogel-kairo.com/" "Mozilla/5.0 (Windows NT 10.0; Win64; x64) AppleWebKit/537.36 (KHTML, like Gecko) Chrome/130.0.0.0 Safari/537.36"
51.222.253.6 - - [29/Apr/2025:20:22:08 -0400] "GET /?h=315434432331 HTTP/1.1" 200 0 "-" "Mozilla/5.0 (compatible; AhrefsBot/7.0; +http://ahrefs.com/robot/)"
66.249.73.202 - - [29/Apr/2025:20:22:45 -0400] "GET /?h=710264023131 HTTP/1.1" 200 19743 "-" "Mozilla/5.0 (Linux; Android 6.0.1; Nexus 5X Build/MMB29P) AppleWebKit/537.36 (KHTML, like Gecko) Chrome/135.0.7049.95 Mobile Safari/537.36 (compatible; Googlebot/2.1; +http://www.google.com/bot.html)"
66.249.73.204 - - [29/Apr/2025:20:23:18 -0400] "GET /?/css_8dcc6671380feea741fc016ecf5d71cd/header__top-bar HTTP/1.1" 200 306 "https://www.polisitogel-kairo.com/?h=710264023131" "Mozilla/5.0 (Linux; Android 6.0.1; Nexus 5X Build/MMB29P) AppleWebKit/537.36 (KHTML, like Gecko) Chrome/134.0.6998.165 Mobile Safari/537.36 (compatible; Googlebot/2.1; +http://www.google.com/bot.html)"
66.249.73.202 - - [29/Apr/2025:20:23:19 -0400] "GET /?/css_8dcc6671380feea741fc016ecf5d71cd/custom-collection HTTP/1.1" 200 2084 "https://www.polisitogel-kairo.com/?h=710264023131" "Mozilla/5.0 (Linux; Android 6.0.1; Nexus 5X Build/MMB29P) AppleWebKit/537.36 (KHTML, like Gecko) Chrome/134.0.6998.165 Mobile Safari/537.36 (compatible; Googlebot/2.1; +http://www.google.com/bot.html)"
66.249.73.204 - - [29/Apr/2025:20:23:20 -0400] "GET /?/css_8dcc6671380feea741fc016ecf5d71cd/style HTTP/1.1" 200 49946 "https://www.polisitogel-kairo.com/?h=710264023131" "Mozilla/5.0 (Linux; Android 6.0.1; Nexus 5X Build/MMB29P) AppleWebKit/537.36 (KHTML, like Gecko) Chrome/134.0.6998.165 Mobile Safari/537.36 (compatible; Googlebot/2.1; +http://www.google.com/bot.html)"
66.249.73.204 - - [29/Apr/2025:20:23:22 -0400] "GET /?/css_8dcc6671380feea741fc016ecf5d71cd/boost-pfs-instant-search HTTP/1.1" 200 6116 "https://www.polisitogel-kairo.com/?h=710264023131" "Mozilla/5.0 (Linux; Android 6.0.1; Nexus 5X Build/MMB29P) AppleWebKit/537.36 (KHTML, like Gecko) Chrome/134.0.6998.165 Mobile Safari/537.36 (compatible; Googlebot/2.1; +http://www.google.com/bot.html)"
66.249.73.202 - - [29/Apr/2025:20:23:25 -0400] "GET /?/css_8dcc6671380feea741fc016ecf5d71cd/custom-products HTTP/1.1" 200 3295 "https://www.polisitogel-kairo.com/?h=710264023131" "Mozilla/5.0 (Linux; Android 6.0.1; Nexus 5X Build/MMB29P) AppleWebKit/537.36 (KHTML, like Gecko) Chrome/134.0.6998.165 Mobile Safari/537.36 (compatible; Googlebot/2.1; +http://www.google.com/bot.html)"
66.249.73.203 - - [29/Apr/2025:20:23:27 -0400] "GET /?/css_8dcc6671380feea741fc016ecf5d71cd/custom-global HTTP/1.1" 200 5025 "https://www.polisitogel-kairo.com/?h=710264023131" "Mozilla/5.0 (Linux; Android 6.0.1; Nexus 5X Build/MMB29P) AppleWebKit/537.36 (KHTML, like Gecko) Chrome/134.0.6998.165 Mobile Safari/537.36 (compatible; Googlebot/2.1; +http://www.google.com/bot.html)"
66.249.73.202 - - [29/Apr/2025:20:24:21 -0400] "GET /?h=403409353631 HTTP/1.1" 200 18961 "-" "Mozilla/5.0 (Linux; Android 6.0.1; Nexus 5X Build/MMB29P) AppleWebKit/537.36 (KHTML, like Gecko) Chrome/135.0.7049.95 Mobile Safari/537.36 (compatible; Googlebot/2.1; +http://www.google.com/bot.html)"
66.249.73.202 - - [29/Apr/2025:20:24:22 -0400] "GET /?h=452270370631 HTTP/1.1" 200 0 "-" "Mozilla/5.0 (Linux; Android 6.0.1; Nexus 5X Build/MMB29P) AppleWebKit/537.36 (KHTML, like Gecko) Chrome/135.0.7049.95 Mobile Safari/537.36 (compatible; Googlebot/2.1; +http://www.google.com/bot.html)"
66.249.73.203 - - [29/Apr/2025:20:24:28 -0400] "GET /?/css_8dcc6671380feea741fc016ecf5d71cd/custom-global HTTP/1.1" 200 5025 "https://www.polisitogel-kairo.com/?h=403409353631" "Mozilla/5.0 (Linux; Android 6.0.1; Nexus 5X Build/MMB29P) AppleWebKit/537.36 (KHTML, like Gecko) Chrome/134.0.6998.165 Mobile Safari/537.36 (compatible; Googlebot/2.1; +http://www.google.com/bot.html)"
66.249.73.203 - - [29/Apr/2025:20:24:28 -0400] "GET /?/css_8dcc6671380feea741fc016ecf5d71cd/custom-collection HTTP/1.1" 200 2084 "https://www.polisitogel-kairo.com/?h=403409353631" "Mozilla/5.0 (Linux; Android 6.0.1; Nexus 5X Build/MMB29P) AppleWebKit/537.36 (KHTML, like Gecko) Chrome/134.0.6998.165 Mobile Safari/537.36 (compatible; Googlebot/2.1; +http://www.google.com/bot.html)"
66.249.73.203 - - [29/Apr/2025:20:24:30 -0400] "GET /?/css_8dcc6671380feea741fc016ecf5d71cd/header__top-bar HTTP/1.1" 200 306 "https://www.polisitogel-kairo.com/?h=403409353631" "Mozilla/5.0 (Linux; Android 6.0.1; Nexus 5X Build/MMB29P) AppleWebKit/537.36 (KHTML, like Gecko) Chrome/134.0.6998.165 Mobile Safari/537.36 (compatible; Googlebot/2.1; +http://www.google.com/bot.html)"
66.249.73.202 - - [29/Apr/2025:20:24:30 -0400] "GET /?/css_8dcc6671380feea741fc016ecf5d71cd/boost-pfs-instant-search HTTP/1.1" 200 6116 "https://www.polisitogel-kairo.com/?h=403409353631" "Mozilla/5.0 (Linux; Android 6.0.1; Nexus 5X Build/MMB29P) AppleWebKit/537.36 (KHTML, like Gecko) Chrome/134.0.6998.165 Mobile Safari/537.36 (compatible; Googlebot/2.1; +http://www.google.com/bot.html)"
66.249.73.202 - - [29/Apr/2025:20:24:31 -0400] "GET /?/css_8dcc6671380feea741fc016ecf5d71cd/custom-pages HTTP/1.1" 200 2930 "https://www.polisitogel-kairo.com/?h=403409353631" "Mozilla/5.0 (Linux; Android 6.0.1; Nexus 5X Build/MMB29P) AppleWebKit/537.36 (KHTML, like Gecko) Chrome/134.0.6998.165 Mobile Safari/537.36 (compatible; Googlebot/2.1; +http://www.google.com/bot.html)"
66.249.73.202 - - [29/Apr/2025:20:24:32 -0400] "GET /?/css_8dcc6671380feea741fc016ecf5d71cd/custom-products HTTP/1.1" 200 3295 "https://www.polisitogel-kairo.com/?h=403409353631" "Mozilla/5.0 (Linux; Android 6.0.1; Nexus 5X Build/MMB29P) AppleWebKit/537.36 (KHTML, like Gecko) Chrome/134.0.6998.165 Mobile Safari/537.36 (compatible; Googlebot/2.1; +http://www.google.com/bot.html)"
66.249.73.202 - - [29/Apr/2025:20:24:33 -0400] "GET /?/css_8dcc6671380feea741fc016ecf5d71cd/boost-pfs-custom HTTP/1.1" 200 1038 "https://www.polisitogel-kairo.com/?h=403409353631" "Mozilla/5.0 (Linux; Android 6.0.1; Nexus 5X Build/MMB29P) AppleWebKit/537.36 (KHTML, like Gecko) Chrome/134.0.6998.165 Mobile Safari/537.36 (compatible; Googlebot/2.1; +http://www.google.com/bot.html)"
66.249.73.202 - - [29/Apr/2025:20:24:34 -0400] "GET /?/css_8dcc6671380feea741fc016ecf5d71cd/style HTTP/1.1" 200 49946 "https://www.polisitogel-kairo.com/?h=403409353631" "Mozilla/5.0 (Linux; Android 6.0.1; Nexus 5X Build/MMB29P) AppleWebKit/537.36 (KHTML, like Gecko) Chrome/134.0.6998.165 Mobile Safari/537.36 (compatible; Googlebot/2.1; +http://www.google.com/bot.html)"
51.222.253.13 - - [29/Apr/2025:20:24:48 -0400] "GET /?h=318729231731 HTTP/1.1" 200 0 "-" "Mozilla/5.0 (compatible; AhrefsBot/7.0; +http://ahrefs.com/robot/)"
66.249.73.203 - - [29/Apr/2025:20:25:49 -0400] "GET /?h=838271771231 HTTP/1.1" 200 18387 "-" "Mozilla/5.0 (Linux; Android 6.0.1; Nexus 5X Build/MMB29P) AppleWebKit/537.36 (KHTML, like Gecko) Chrome/135.0.7049.95 Mobile Safari/537.36 (compatible; Googlebot/2.1; +http://www.google.com/bot.html)"
51.222.253.19 - - [29/Apr/2025:20:27:29 -0400] "GET /?h=3223661731 HTTP/1.1" 200 0 "-" "Mozilla/5.0 (compatible; AhrefsBot/7.0; +http://ahrefs.com/robot/)"
66.249.73.204 - - [29/Apr/2025:20:28:39 -0400] "GET /?h=752144940631 HTTP/1.1" 200 19329 "-" "Mozilla/5.0 (Linux; Android 6.0.1; Nexus 5X Build/MMB29P) AppleWebKit/537.36 (KHTML, like Gecko) Chrome/135.0.7049.95 Mobile Safari/537.36 (compatible; Googlebot/2.1; +http://www.google.com/bot.html)"
51.222.253.11 - - [29/Apr/2025:20:30:07 -0400] "GET /?h=346823573031 HTTP/1.1" 200 0 "-" "Mozilla/5.0 (compatible; AhrefsBot/7.0; +http://ahrefs.com/robot/)"
66.249.73.202 - - [29/Apr/2025:20:31:24 -0400] "GET /?h=191564360231 HTTP/1.1" 200 18329 "-" "Mozilla/5.0 (Linux; Android 6.0.1; Nexus 5X Build/MMB29P) AppleWebKit/537.36 (KHTML, like Gecko) Chrome/135.0.7049.95 Mobile Safari/537.36 (compatible; Googlebot/2.1; +http://www.google.com/bot.html)"
66.249.73.202 - - [29/Apr/2025:20:31:32 -0400] "GET /?/css_8dcc6671380feea741fc016ecf5d71cd/header__top-bar HTTP/1.1" 200 306 "https://www.polisitogel-kairo.com/?h=191564360231" "Mozilla/5.0 (Linux; Android 6.0.1; Nexus 5X Build/MMB29P) AppleWebKit/537.36 (KHTML, like Gecko) Chrome/134.0.6998.165 Mobile Safari/537.36 (compatible; Googlebot/2.1; +http://www.google.com/bot.html)"
66.249.73.202 - - [29/Apr/2025:20:31:35 -0400] "GET /?/css_8dcc6671380feea741fc016ecf5d71cd/boost-pfs-custom HTTP/1.1" 200 1038 "https://www.polisitogel-kairo.com/?h=191564360231" "Mozilla/5.0 (Linux; Android 6.0.1; Nexus 5X Build/MMB29P) AppleWebKit/537.36 (KHTML, like Gecko) Chrome/134.0.6998.165 Mobile Safari/537.36 (compatible; Googlebot/2.1; +http://www.google.com/bot.html)"
66.249.73.202 - - [29/Apr/2025:20:31:37 -0400] "GET /?/css_8dcc6671380feea741fc016ecf5d71cd/custom-global HTTP/1.1" 200 5025 "https://www.polisitogel-kairo.com/?h=191564360231" "Mozilla/5.0 (Linux; Android 6.0.1; Nexus 5X Build/MMB29P) AppleWebKit/537.36 (KHTML, like Gecko) Chrome/134.0.6998.165 Mobile Safari/537.36 (compatible; Googlebot/2.1; +http://www.google.com/bot.html)"
66.249.73.202 - - [29/Apr/2025:20:31:37 -0400] "GET /?/css_8dcc6671380feea741fc016ecf5d71cd/custom-pages HTTP/1.1" 200 2930 "https://www.polisitogel-kairo.com/?h=191564360231" "Mozilla/5.0 (Linux; Android 6.0.1; Nexus 5X Build/MMB29P) AppleWebKit/537.36 (KHTML, like Gecko) Chrome/134.0.6998.165 Mobile Safari/537.36 (compatible; Googlebot/2.1; +http://www.google.com/bot.html)"
66.249.73.202 - - [29/Apr/2025:20:31:38 -0400] "GET /?/css_8dcc6671380feea741fc016ecf5d71cd/custom-products HTTP/1.1" 200 3295 "https://www.polisitogel-kairo.com/?h=191564360231" "Mozilla/5.0 (Linux; Android 6.0.1; Nexus 5X Build/MMB29P) AppleWebKit/537.36 (KHTML, like Gecko) Chrome/134.0.6998.165 Mobile Safari/537.36 (compatible; Googlebot/2.1; +http://www.google.com/bot.html)"
66.249.73.202 - - [29/Apr/2025:20:31:39 -0400] "GET /?/css_8dcc6671380feea741fc016ecf5d71cd/boost-pfs-instant-search HTTP/1.1" 200 6116 "https://www.polisitogel-kairo.com/?h=191564360231" "Mozilla/5.0 (Linux; Android 6.0.1; Nexus 5X Build/MMB29P) AppleWebKit/537.36 (KHTML, like Gecko) Chrome/134.0.6998.165 Mobile Safari/537.36 (compatible; Googlebot/2.1; +http://www.google.com/bot.html)"
66.249.73.202 - - [29/Apr/2025:20:31:40 -0400] "GET /?/css_8dcc6671380feea741fc016ecf5d71cd/custom-collection HTTP/1.1" 200 2084 "https://www.polisitogel-kairo.com/?h=191564360231" "Mozilla/5.0 (Linux; Android 6.0.1; Nexus 5X Build/MMB29P) AppleWebKit/537.36 (KHTML, like Gecko) Chrome/134.0.6998.165 Mobile Safari/537.36 (compatible; Googlebot/2.1; +http://www.google.com/bot.html)"
51.222.253.12 - - [29/Apr/2025:20:32:59 -0400] "GET /?h=35342600231 HTTP/1.1" 200 0 "-" "Mozilla/5.0 (compatible; AhrefsBot/7.0; +http://ahrefs.com/robot/)"
66.249.73.202 - - [29/Apr/2025:20:33:46 -0400] "GET /?h=831283970131 HTTP/1.1" 200 18805 "-" "Mozilla/5.0 (Linux; Android 6.0.1; Nexus 5X Build/MMB29P) AppleWebKit/537.36 (KHTML, like Gecko) Chrome/135.0.7049.95 Mobile Safari/537.36 (compatible; Googlebot/2.1; +http://www.google.com/bot.html)"
66.249.73.202 - - [29/Apr/2025:20:34:32 -0400] "GET /?h=45486741631 HTTP/1.1" 200 19146 "-" "Mozilla/5.0 (Linux; Android 6.0.1; Nexus 5X Build/MMB29P) AppleWebKit/537.36 (KHTML, like Gecko) Chrome/135.0.7049.95 Mobile Safari/537.36 (compatible; Googlebot/2.1; +http://www.google.com/bot.html)"
51.222.253.17 - - [29/Apr/2025:20:35:28 -0400] "GET /?h=356896073431 HTTP/1.1" 200 0 "-" "Mozilla/5.0 (compatible; AhrefsBot/7.0; +http://ahrefs.com/robot/)"
66.249.73.203 - - [29/Apr/2025:20:36:46 -0400] "GET /?h=928177770231 HTTP/1.1" 200 17894 "-" "Mozilla/5.0 (Linux; Android 6.0.1; Nexus 5X Build/MMB29P) AppleWebKit/537.36 (KHTML, like Gecko) Chrome/135.0.7049.95 Mobile Safari/537.36 (compatible; Googlebot/2.1; +http://www.google.com/bot.html)"
66.249.73.202 - - [29/Apr/2025:20:37:08 -0400] "GET /?/css_8dcc6671380feea741fc016ecf5d71cd/custom-global HTTP/1.1" 200 5025 "https://www.polisitogel-kairo.com/?h=928177770231" "Mozilla/5.0 (Linux; Android 6.0.1; Nexus 5X Build/MMB29P) AppleWebKit/537.36 (KHTML, like Gecko) Chrome/134.0.6998.165 Mobile Safari/537.36 (compatible; Googlebot/2.1; +http://www.google.com/bot.html)"
66.249.73.202 - - [29/Apr/2025:20:37:10 -0400] "GET /?/css_8dcc6671380feea741fc016ecf5d71cd/custom-collection HTTP/1.1" 200 2084 "https://www.polisitogel-kairo.com/?h=928177770231" "Mozilla/5.0 (Linux; Android 6.0.1; Nexus 5X Build/MMB29P) AppleWebKit/537.36 (KHTML, like Gecko) Chrome/134.0.6998.165 Mobile Safari/537.36 (compatible; Googlebot/2.1; +http://www.google.com/bot.html)"
66.249.73.203 - - [29/Apr/2025:20:37:11 -0400] "GET /?/css_8dcc6671380feea741fc016ecf5d71cd/custom-products HTTP/1.1" 200 3295 "https://www.polisitogel-kairo.com/?h=928177770231" "Mozilla/5.0 (Linux; Android 6.0.1; Nexus 5X Build/MMB29P) AppleWebKit/537.36 (KHTML, like Gecko) Chrome/134.0.6998.165 Mobile Safari/537.36 (compatible; Googlebot/2.1; +http://www.google.com/bot.html)"
66.249.73.203 - - [29/Apr/2025:20:37:11 -0400] "GET /?/css_8dcc6671380feea741fc016ecf5d71cd/header__top-bar HTTP/1.1" 200 306 "https://www.polisitogel-kairo.com/?h=928177770231" "Mozilla/5.0 (Linux; Android 6.0.1; Nexus 5X Build/MMB29P) AppleWebKit/537.36 (KHTML, like Gecko) Chrome/134.0.6998.165 Mobile Safari/537.36 (compatible; Googlebot/2.1; +http://www.google.com/bot.html)"
51.222.253.10 - - [29/Apr/2025:20:37:58 -0400] "GET /?h=371429511631 HTTP/1.1" 200 0 "-" "Mozilla/5.0 (compatible; AhrefsBot/7.0; +http://ahrefs.com/robot/)"
66.249.73.202 - - [29/Apr/2025:20:38:29 -0400] "GET /?h=768440081331 HTTP/1.1" 200 19410 "-" "Mozilla/5.0 (Linux; Android 6.0.1; Nexus 5X Build/MMB29P) AppleWebKit/537.36 (KHTML, like Gecko) Chrome/135.0.7049.95 Mobile Safari/537.36 (compatible; Googlebot/2.1; +http://www.google.com/bot.html)"
43.153.58.28 - - [29/Apr/2025:20:38:52 -0400] "GET / HTTP/1.1" 200 0 "http://www.polisitogel-kairo.com" "Mozilla/5.0 (iPhone; CPU iPhone OS 13_2_3 like Mac OS X) AppleWebKit/605.1.15 (KHTML, like Gecko) Version/13.0.3 Mobile/15E148 Safari/604.1"
51.222.253.7 - - [29/Apr/2025:20:40:52 -0400] "GET /?h=376419011931 HTTP/1.1" 200 0 "-" "Mozilla/5.0 (compatible; AhrefsBot/7.0; +http://ahrefs.com/robot/)"
66.249.73.204 - - [29/Apr/2025:20:42:50 -0400] "GET /?h=1052756071431 HTTP/1.1" 200 19415 "-" "Mozilla/5.0 (Linux; Android 6.0.1; Nexus 5X Build/MMB29P) AppleWebKit/537.36 (KHTML, like Gecko) Chrome/135.0.7049.95 Mobile Safari/537.36 (compatible; Googlebot/2.1; +http://www.google.com/bot.html)"
66.249.73.204 - - [29/Apr/2025:20:43:00 -0400] "GET /?h=830773150431 HTTP/1.1" 200 18501 "-" "Mozilla/5.0 (Linux; Android 6.0.1; Nexus 5X Build/MMB29P) AppleWebKit/537.36 (KHTML, like Gecko) Chrome/135.0.7049.95 Mobile Safari/537.36 (compatible; Googlebot/2.1; +http://www.google.com/bot.html)"
51.222.253.18 - - [29/Apr/2025:20:43:25 -0400] "GET /?h=381258141431 HTTP/1.1" 200 0 "-" "Mozilla/5.0 (compatible; AhrefsBot/7.0; +http://ahrefs.com/robot/)"
66.249.73.203 - - [29/Apr/2025:20:44:31 -0400] "GET /?h=158351752631 HTTP/1.1" 200 19064 "-" "Mozilla/5.0 (Linux; Android 6.0.1; Nexus 5X Build/MMB29P) AppleWebKit/537.36 (KHTML, like Gecko) Chrome/135.0.7049.95 Mobile Safari/537.36 (compatible; Googlebot/2.1; +http://www.google.com/bot.html)"
51.222.253.20 - - [29/Apr/2025:20:45:57 -0400] "GET /?h=398256270431 HTTP/1.1" 200 0 "-" "Mozilla/5.0 (compatible; AhrefsBot/7.0; +http://ahrefs.com/robot/)"
66.249.73.204 - - [29/Apr/2025:20:46:15 -0400] "GET /?h=847080211231 HTTP/1.1" 200 0 "-" "Mozilla/5.0 (Linux; Android 6.0.1; Nexus 5X Build/MMB29P) AppleWebKit/537.36 (KHTML, like Gecko) Chrome/135.0.7049.95 Mobile Safari/537.36 (compatible; Googlebot/2.1; +http://www.google.com/bot.html)"
66.249.73.203 - - [29/Apr/2025:20:47:45 -0400] "GET /?h=545513661331 HTTP/1.1" 200 19212 "-" "Mozilla/5.0 (Linux; Android 6.0.1; Nexus 5X Build/MMB29P) AppleWebKit/537.36 (KHTML, like Gecko) Chrome/135.0.7049.95 Mobile Safari/537.36 (compatible; Googlebot/2.1; +http://www.google.com/bot.html)"
66.249.73.202 - - [29/Apr/2025:20:47:50 -0400] "GET /?h=981687880931 HTTP/1.1" 200 18401 "-" "Mozilla/5.0 (Linux; Android 6.0.1; Nexus 5X Build/MMB29P) AppleWebKit/537.36 (KHTML, like Gecko) Chrome/135.0.7049.95 Mobile Safari/537.36 (compatible; Googlebot/2.1; +http://www.google.com/bot.html)"
51.222.253.10 - - [29/Apr/2025:20:48:40 -0400] "GET /?h=401043960531 HTTP/1.1" 200 0 "-" "Mozilla/5.0 (compatible; AhrefsBot/7.0; +http://ahrefs.com/robot/)"
66.249.73.204 - - [29/Apr/2025:20:49:24 -0400] "GET /?h=403420720331 HTTP/1.1" 200 18807 "-" "Mozilla/5.0 (Linux; Android 6.0.1; Nexus 5X Build/MMB29P) AppleWebKit/537.36 (KHTML, like Gecko) Chrome/135.0.7049.95 Mobile Safari/537.36 (compatible; Googlebot/2.1; +http://www.google.com/bot.html)"
66.249.73.203 - - [29/Apr/2025:20:49:53 -0400] "GET /?h=960321530131 HTTP/1.1" 200 18540 "-" "Mozilla/5.0 (Linux; Android 6.0.1; Nexus 5X Build/MMB29P) AppleWebKit/537.36 (KHTML, like Gecko) Chrome/135.0.7049.95 Mobile Safari/537.36 (compatible; Googlebot/2.1; +http://www.google.com/bot.html)"
66.249.73.203 - - [29/Apr/2025:20:50:16 -0400] "GET /?h=255706991731 HTTP/1.1" 200 19292 "-" "Mozilla/5.0 (Linux; Android 6.0.1; Nexus 5X Build/MMB29P) AppleWebKit/537.36 (KHTML, like Gecko) Chrome/135.0.7049.95 Mobile Safari/537.36 (compatible; Googlebot/2.1; +http://www.google.com/bot.html)"
66.249.73.203 - - [29/Apr/2025:20:50:49 -0400] "GET /?h=553857361231 HTTP/1.1" 200 18099 "-" "Mozilla/5.0 (Linux; Android 6.0.1; Nexus 5X Build/MMB29P) AppleWebKit/537.36 (KHTML, like Gecko) Chrome/135.0.7049.95 Mobile Safari/537.36 (compatible; Googlebot/2.1; +http://www.google.com/bot.html)"
66.249.73.202 - - [29/Apr/2025:20:51:29 -0400] "GET /?h=865748510931 HTTP/1.1" 200 18209 "-" "Mozilla/5.0 (Linux; Android 6.0.1; Nexus 5X Build/MMB29P) AppleWebKit/537.36 (KHTML, like Gecko) Chrome/135.0.7049.95 Mobile Safari/537.36 (compatible; Googlebot/2.1; +http://www.google.com/bot.html)"
51.222.253.12 - - [29/Apr/2025:20:51:40 -0400] "GET /?h=401307530931 HTTP/1.1" 200 0 "-" "Mozilla/5.0 (compatible; AhrefsBot/7.0; +http://ahrefs.com/robot/)"
66.249.73.202 - - [29/Apr/2025:20:53:36 -0400] "GET /?h=101260351431 HTTP/1.1" 200 18784 "-" "Mozilla/5.0 (Linux; Android 6.0.1; Nexus 5X Build/MMB29P) AppleWebKit/537.36 (KHTML, like Gecko) Chrome/135.0.7049.95 Mobile Safari/537.36 (compatible; Googlebot/2.1; +http://www.google.com/bot.html)"
66.249.73.203 - - [29/Apr/2025:20:53:40 -0400] "GET /?h=732007612831 HTTP/1.1" 200 18680 "-" "Mozilla/5.0 (Linux; Android 6.0.1; Nexus 5X Build/MMB29P) AppleWebKit/537.36 (KHTML, like Gecko) Chrome/135.0.7049.95 Mobile Safari/537.36 (compatible; Googlebot/2.1; +http://www.google.com/bot.html)"
51.222.253.12 - - [29/Apr/2025:20:54:12 -0400] "GET /?h=403557441231 HTTP/1.1" 200 0 "-" "Mozilla/5.0 (compatible; AhrefsBot/7.0; +http://ahrefs.com/robot/)"
66.249.73.203 - - [29/Apr/2025:20:55:42 -0400] "GET /?h=629741200631 HTTP/1.1" 200 20000 "-" "Mozilla/5.0 (Linux; Android 6.0.1; Nexus 5X Build/MMB29P) AppleWebKit/537.36 (KHTML, like Gecko) Chrome/135.0.7049.95 Mobile Safari/537.36 (compatible; Googlebot/2.1; +http://www.google.com/bot.html)"
66.249.73.202 - - [29/Apr/2025:20:56:19 -0400] "GET /?h=763164643231 HTTP/1.1" 200 20097 "-" "Mozilla/5.0 (Linux; Android 6.0.1; Nexus 5X Build/MMB29P) AppleWebKit/537.36 (KHTML, like Gecko) Chrome/135.0.7049.95 Mobile Safari/537.36 (compatible; Googlebot/2.1; +http://www.google.com/bot.html)"
66.249.73.202 - - [29/Apr/2025:20:56:21 -0400] "GET /?h=753639750831 HTTP/1.1" 200 18780 "-" "Mozilla/5.0 (Linux; Android 6.0.1; Nexus 5X Build/MMB29P) AppleWebKit/537.36 (KHTML, like Gecko) Chrome/135.0.7049.95 Mobile Safari/537.36 (compatible; Googlebot/2.1; +http://www.google.com/bot.html)"
66.249.73.203 - - [29/Apr/2025:20:56:39 -0400] "GET /?h=936679382231 HTTP/1.1" 200 18910 "-" "Mozilla/5.0 (Linux; Android 6.0.1; Nexus 5X Build/MMB29P) AppleWebKit/537.36 (KHTML, like Gecko) Chrome/135.0.7049.95 Mobile Safari/537.36 (compatible; Googlebot/2.1; +http://www.google.com/bot.html)"
51.222.253.11 - - [29/Apr/2025:20:56:44 -0400] "GET /?h=406119900131 HTTP/1.1" 200 0 "-" "Mozilla/5.0 (compatible; AhrefsBot/7.0; +http://ahrefs.com/robot/)"
66.249.73.202 - - [29/Apr/2025:20:58:23 -0400] "GET /?h=1102644460431 HTTP/1.1" 200 18680 "-" "Mozilla/5.0 (Linux; Android 6.0.1; Nexus 5X Build/MMB29P) AppleWebKit/537.36 (KHTML, like Gecko) Chrome/135.0.7049.95 Mobile Safari/537.36 (compatible; Googlebot/2.1; +http://www.google.com/bot.html)"
66.249.73.203 - - [29/Apr/2025:20:58:35 -0400] "GET /?h=878144610831 HTTP/1.1" 200 18873 "-" "Mozilla/5.0 (Linux; Android 6.0.1; Nexus 5X Build/MMB29P) AppleWebKit/537.36 (KHTML, like Gecko) Chrome/135.0.7049.95 Mobile Safari/537.36 (compatible; Googlebot/2.1; +http://www.google.com/bot.html)"
66.249.73.204 - - [29/Apr/2025:20:59:01 -0400] "GET /?h=360307690231 HTTP/1.1" 200 19927 "-" "Mozilla/5.0 (Linux; Android 6.0.1; Nexus 5X Build/MMB29P) AppleWebKit/537.36 (KHTML, like Gecko) Chrome/135.0.7049.95 Mobile Safari/537.36 (compatible; Googlebot/2.1; +http://www.google.com/bot.html)"
66.249.73.204 - - [29/Apr/2025:20:59:04 -0400] "GET /?h=518909632031 HTTP/1.1" 200 18752 "-" "Mozilla/5.0 (Linux; Android 6.0.1; Nexus 5X Build/MMB29P) AppleWebKit/537.36 (KHTML, like Gecko) Chrome/135.0.7049.95 Mobile Safari/537.36 (compatible; Googlebot/2.1; +http://www.google.com/bot.html)"
66.249.73.203 - - [29/Apr/2025:20:59:16 -0400] "GET /?h=929654050631 HTTP/1.1" 200 18372 "-" "Mozilla/5.0 (Linux; Android 6.0.1; Nexus 5X Build/MMB29P) AppleWebKit/537.36 (KHTML, like Gecko) Chrome/135.0.7049.95 Mobile Safari/537.36 (compatible; Googlebot/2.1; +http://www.google.com/bot.html)"
51.222.253.11 - - [29/Apr/2025:20:59:21 -0400] "GET /?h=408366640531 HTTP/1.1" 200 0 "-" "Mozilla/5.0 (compatible; AhrefsBot/7.0; +http://ahrefs.com/robot/)"
66.249.73.202 - - [29/Apr/2025:20:59:22 -0400] "GET /?h=1027411670131 HTTP/1.1" 200 19369 "-" "Mozilla/5.0 (Linux; Android 6.0.1; Nexus 5X Build/MMB29P) AppleWebKit/537.36 (KHTML, like Gecko) Chrome/135.0.7049.95 Mobile Safari/537.36 (compatible; Googlebot/2.1; +http://www.google.com/bot.html)"
66.249.73.202 - - [29/Apr/2025:20:59:27 -0400] "GET /?h=982132380631 HTTP/1.1" 200 18717 "-" "Mozilla/5.0 (Linux; Android 6.0.1; Nexus 5X Build/MMB29P) AppleWebKit/537.36 (KHTML, like Gecko) Chrome/135.0.7049.95 Mobile Safari/537.36 (compatible; Googlebot/2.1; +http://www.google.com/bot.html)"
66.249.73.202 - - [29/Apr/2025:20:59:39 -0400] "GET /?h=479833800731 HTTP/1.1" 200 18455 "-" "Mozilla/5.0 (Linux; Android 6.0.1; Nexus 5X Build/MMB29P) AppleWebKit/537.36 (KHTML, like Gecko) Chrome/135.0.7049.95 Mobile Safari/537.36 (compatible; Googlebot/2.1; +http://www.google.com/bot.html)"
66.249.73.202 - - [29/Apr/2025:20:59:49 -0400] "GET /?h=78035132231 HTTP/1.1" 200 18888 "-" "Mozilla/5.0 (Linux; Android 6.0.1; Nexus 5X Build/MMB29P) AppleWebKit/537.36 (KHTML, like Gecko) Chrome/135.0.7049.95 Mobile Safari/537.36 (compatible; Googlebot/2.1; +http://www.google.com/bot.html)"
66.249.73.202 - - [29/Apr/2025:21:00:28 -0400] "GET /?h=788281780931 HTTP/1.1" 200 18784 "-" "Mozilla/5.0 (Linux; Android 6.0.1; Nexus 5X Build/MMB29P) AppleWebKit/537.36 (KHTML, like Gecko) Chrome/135.0.7049.95 Mobile Safari/537.36 (compatible; Googlebot/2.1; +http://www.google.com/bot.html)"
66.249.73.202 - - [29/Apr/2025:21:01:20 -0400] "GET /?h=928238862631 HTTP/1.1" 200 18506 "-" "Mozilla/5.0 (Linux; Android 6.0.1; Nexus 5X Build/MMB29P) AppleWebKit/537.36 (KHTML, like Gecko) Chrome/135.0.7049.95 Mobile Safari/537.36 (compatible; Googlebot/2.1; +http://www.google.com/bot.html)"
51.222.253.8 - - [29/Apr/2025:21:02:17 -0400] "GET /?h=419458663231 HTTP/1.1" 200 0 "-" "Mozilla/5.0 (compatible; AhrefsBot/7.0; +http://ahrefs.com/robot/)"
66.249.73.204 - - [29/Apr/2025:21:02:31 -0400] "GET /?h=539127093531 HTTP/1.1" 200 18942 "-" "Mozilla/5.0 (Linux; Android 6.0.1; Nexus 5X Build/MMB29P) AppleWebKit/537.36 (KHTML, like Gecko) Chrome/135.0.7049.95 Mobile Safari/537.36 (compatible; Googlebot/2.1; +http://www.google.com/bot.html)"
66.249.73.204 - - [29/Apr/2025:21:02:32 -0400] "GET /?h=587251911731 HTTP/1.1" 200 18839 "-" "Mozilla/5.0 (Linux; Android 6.0.1; Nexus 5X Build/MMB29P) AppleWebKit/537.36 (KHTML, like Gecko) Chrome/135.0.7049.95 Mobile Safari/537.36 (compatible; Googlebot/2.1; +http://www.google.com/bot.html)"
66.249.73.202 - - [29/Apr/2025:21:02:36 -0400] "GET /?/css_8dcc6671380feea741fc016ecf5d71cd/custom-global HTTP/1.1" 200 5025 "https://www.polisitogel-kairo.com/?h=587251911731" "Mozilla/5.0 (Linux; Android 6.0.1; Nexus 5X Build/MMB29P) AppleWebKit/537.36 (KHTML, like Gecko) Chrome/134.0.6998.165 Mobile Safari/537.36 (compatible; Googlebot/2.1; +http://www.google.com/bot.html)"
66.249.73.202 - - [29/Apr/2025:21:04:25 -0400] "GET /?h=1047430902231 HTTP/1.1" 200 19762 "-" "Mozilla/5.0 (Linux; Android 6.0.1; Nexus 5X Build/MMB29P) AppleWebKit/537.36 (KHTML, like Gecko) Chrome/135.0.7049.95 Mobile Safari/537.36 (compatible; Googlebot/2.1; +http://www.google.com/bot.html)"
66.249.73.202 - - [29/Apr/2025:21:04:36 -0400] "GET /?h=921364160431 HTTP/1.1" 200 19608 "-" "Mozilla/5.0 (Linux; Android 6.0.1; Nexus 5X Build/MMB29P) AppleWebKit/537.36 (KHTML, like Gecko) Chrome/135.0.7049.95 Mobile Safari/537.36 (compatible; Googlebot/2.1; +http://www.google.com/bot.html)"
51.222.253.9 - - [29/Apr/2025:21:05:09 -0400] "GET /?h=425334170631 HTTP/1.1" 200 0 "-" "Mozilla/5.0 (compatible; AhrefsBot/7.0; +http://ahrefs.com/robot/)"
