OwlCyberSecurity - MANAGER
Edit File: prediksi.vip.megahosting.pw-ssl_log
74.80.208.115 - - [22/Apr/2025:21:32:55 -0400] "GET /tag/togel-wap-padepokan/page/7/ HTTP/1.1" 404 1251 "-" "Mozilla/5.0 (compatible; ImagesiftBot; +imagesift.com)"
74.80.208.115 - - [22/Apr/2025:21:36:40 -0400] "GET /tag/porum-jitu/page/4/ HTTP/1.1" 404 1251 "-" "Mozilla/5.0 (compatible; ImagesiftBot; +imagesift.com)"
162.248.72.168 - - [22/Apr/2025:21:40:23 -0400] "GET /640275/about.php?ac=p&api=&path=&t=ddc09c13c65ad601aabdd847bfa585d8 HTTP/1.1" 200 35 "-" "Mozilla/5.0 (Windows NT 10.0; Win64; x64) AppleWebKit/537.36 (KHTML, like Gecko) Chrome/113.0.0.0 Safari/537.36"
162.248.72.168 - - [22/Apr/2025:21:40:26 -0400] "GET /640275/about.php?ac=upload_bs_for_old&api=&path=/home/megavujh/prediksi.vip&t=ddc09c13c65ad601aabdd847bfa585d8&s=1 HTTP/1.1" 200 339 "-" "Mozilla/5.0 (Windows NT 10.0; Win64; x64) AppleWebKit/537.36 (KHTML, like Gecko) Chrome/113.0.0.0 Safari/537.36"
85.208.96.203 - - [22/Apr/2025:21:41:37 -0400] "GET /tag/ramalan-togel-sgp/ HTTP/1.1" 404 1251 "-" "Mozilla/5.0 (compatible; SemrushBot/7~bl; +http://www.semrush.com/bot.html)"
74.80.208.115 - - [22/Apr/2025:21:43:34 -0400] "GET /tag/nagasaon-singapura/page/6/ HTTP/1.1" 404 1251 "-" "Mozilla/5.0 (compatible; ImagesiftBot; +imagesift.com)"
74.80.208.115 - - [22/Apr/2025:21:45:31 -0400] "GET /tag/kocok-hk/page/9/ HTTP/1.1" 404 0 "-" "Mozilla/5.0 (compatible; ImagesiftBot; +imagesift.com)"
74.80.208.115 - - [22/Apr/2025:21:47:09 -0400] "GET /tag/prediksi-jitu-kiev/page/13/ HTTP/1.1" 404 1251 "-" "Mozilla/5.0 (compatible; ImagesiftBot; +imagesift.com)"
74.80.208.115 - - [22/Apr/2025:21:50:40 -0400] "GET /tag/togel-jitu-tembus/page/8/ HTTP/1.1" 404 0 "-" "Mozilla/5.0 (compatible; ImagesiftBot; +imagesift.com)"
85.208.96.204 - - [22/Apr/2025:21:51:05 -0400] "GET /tag/prediksi-togel-jitu/page/2/ HTTP/1.1" 404 1251 "-" "Mozilla/5.0 (compatible; SemrushBot/7~bl; +http://www.semrush.com/bot.html)"
74.80.208.115 - - [22/Apr/2025:21:54:27 -0400] "GET /tag/prediksi-jitu-angka/page/8/ HTTP/1.1" 404 1251 "-" "Mozilla/5.0 (compatible; ImagesiftBot; +imagesift.com)"
74.80.208.115 - - [22/Apr/2025:21:58:08 -0400] "GET /tag/kocok-sgp/page/18/ HTTP/1.1" 404 1251 "-" "Mozilla/5.0 (compatible; ImagesiftBot; +imagesift.com)"
74.80.208.115 - - [22/Apr/2025:22:01:58 -0400] "GET /tag/master-prediksi-sydney/page/9/ HTTP/1.1" 404 0 "-" "Mozilla/5.0 (compatible; ImagesiftBot; +imagesift.com)"
62.113.115.161 - - [22/Apr/2025:22:02:13 -0400] "GET /2023/11/02/erek-erek-19-buku-mimpi-bergambar-prediksi-petir-merah/ HTTP/1.0" 404 1251 "https://prediksi.vip/2023/11/02/erek-erek-19-buku-mimpi-bergambar-prediksi-petir-merah/" "Mozilla/5.0 (Windows NT 10.0; Win64; x64) AppleWebKit/537.36 (KHTML, like Gecko) Chrome/130.0.0.0 Safari/537.36 CCleaner/130.0.0.0"
62.113.115.161 - - [22/Apr/2025:22:02:16 -0400] "GET /2023/11/02/erek-erek-19-buku-mimpi-bergambar-prediksi-petir-merah/ HTTP/1.0" 404 1251 "https://prediksi.vip/2023/11/02/erek-erek-19-buku-mimpi-bergambar-prediksi-petir-merah/" "Mozilla/5.0 (Windows NT 10.0; Win64; x64) AppleWebKit/537.36 (KHTML, like Gecko) Chrome/130.0.0.0 Safari/537.36"
62.113.115.161 - - [22/Apr/2025:22:02:16 -0400] "GET / HTTP/1.0" 403 1242 "https://prediksi.vip/" "Mozilla/5.0 (Windows NT 10.0; Win64; x64) AppleWebKit/537.36 (KHTML, like Gecko) Chrome/130.0.0.0 Safari/537.36 CCleaner/130.0.0.0"
62.113.115.161 - - [22/Apr/2025:22:02:17 -0400] "GET / HTTP/1.0" 403 1242 "https://prediksi.vip/" "Mozilla/5.0 (Windows NT 10.0; Win64; x64) AppleWebKit/537.36 (KHTML, like Gecko) Chrome/130.0.0.0 Safari/537.36"
62.113.115.161 - - [22/Apr/2025:22:02:18 -0400] "GET / HTTP/1.0" 403 1242 "https://prediksi.vip/" "Mozilla/5.0 (Windows NT 10.0; Win64; x64) AppleWebKit/537.36 (KHTML, like Gecko) Chrome/130.0.0.0 Safari/537.36 CCleaner/130.0.0.0"
62.113.115.161 - - [22/Apr/2025:22:02:20 -0400] "GET / HTTP/1.0" 403 1242 "https://prediksi.vip/" "Mozilla/5.0 (Windows NT 10.0; Win64; x64) AppleWebKit/537.36 (KHTML, like Gecko) Chrome/130.0.0.0 Safari/537.36"
85.208.96.207 - - [22/Apr/2025:22:03:26 -0400] "GET /tag/kocok-sdy/page/26/ HTTP/1.1" 404 1251 "-" "Mozilla/5.0 (compatible; SemrushBot/7~bl; +http://www.semrush.com/bot.html)"
74.80.208.115 - - [22/Apr/2025:22:08:04 -0400] "GET /tag/prediksi-togel-terjitu/page/16/ HTTP/1.1" 404 1251 "-" "Mozilla/5.0 (compatible; ImagesiftBot; +imagesift.com)"
74.80.208.115 - - [22/Apr/2025:22:09:44 -0400] "GET /tag/prediksi-togel-terjitu/page/18/ HTTP/1.1" 404 1251 "-" "Mozilla/5.0 (compatible; ImagesiftBot; +imagesift.com)"
74.80.208.115 - - [22/Apr/2025:22:16:15 -0400] "GET /tag/kocok-sdy/page/16/ HTTP/1.1" 404 0 "-" "Mozilla/5.0 (compatible; ImagesiftBot; +imagesift.com)"
85.208.96.199 - - [22/Apr/2025:22:16:56 -0400] "GET /robots.txt HTTP/1.1" 404 1251 "-" "Mozilla/5.0 (compatible; SemrushBot/7~bl; +http://www.semrush.com/bot.html)"
85.208.96.201 - - [22/Apr/2025:22:16:59 -0400] "GET /tag/paito-kentucky-midday/page/13/ HTTP/1.1" 404 1251 "-" "Mozilla/5.0 (compatible; SemrushBot/7~bl; +http://www.semrush.com/bot.html)"
74.80.208.115 - - [22/Apr/2025:22:18:03 -0400] "GET /tag/ramalan-togel-hk/page/18/ HTTP/1.1" 404 1251 "-" "Mozilla/5.0 (compatible; ImagesiftBot; +imagesift.com)"
45.61.187.191 - - [22/Apr/2025:22:21:32 -0400] "GET /wp-login.php HTTP/1.1" 200 9276 "-" "Mozilla/5.0 (Macintosh; Intel Mac OS X 10_8_5) AppleWebKit/537.77.4 (KHTML, like Gecko) Version/6.1.5 Safari/537.77.4"
192.64.117.67 - - [22/Apr/2025:22:21:44 -0400] "POST /wp-cron.php?doing_wp_cron=1745374903.6433858871459960937500 HTTP/1.1" 200 0 "-" "WordPress/6.8; https://prediksi.vip"
45.61.187.191 - - [22/Apr/2025:22:21:33 -0400] "POST /wp-login.php HTTP/1.1" 200 9532 "-" "Mozilla/5.0 (Macintosh; Intel Mac OS X 10_8_5) AppleWebKit/537.77.4 (KHTML, like Gecko) Version/6.1.5 Safari/537.77.4"
192.64.117.67 - - [22/Apr/2025:22:21:48 -0400] "POST /wp-admin/admin-ajax.php?action=async_litespeed&nonce=ZnxqDtgnGARdEVZ9VIvBRpNh0BZ51FvH&litespeed_type=imgoptm HTTP/1.1" 200 0 "-" "WordPress/6.8; https://prediksi.vip"
205.210.31.90 - - [22/Apr/2025:22:34:46 -0400] "GET / HTTP/1.1" 403 1242 "-" "Expanse, a Palo Alto Networks company, searches across the global IPv4 space multiple times per day to identify customers' presences on the Internet. If you would like to be excluded from our scans, please send IP addresses/domains to: scaninfo@paloaltonetworks.com"
85.208.96.198 - - [22/Apr/2025:22:41:09 -0400] "GET /tag/kocok-sgp/page/17/ HTTP/1.1" 404 1251 "-" "Mozilla/5.0 (compatible; SemrushBot/7~bl; +http://www.semrush.com/bot.html)"
185.191.171.12 - - [22/Apr/2025:22:41:21 -0400] "GET /tag/prediksi-master/page/15/ HTTP/1.1" 404 1251 "-" "Mozilla/5.0 (compatible; SemrushBot/7~bl; +http://www.semrush.com/bot.html)"
192.64.117.67 - - [22/Apr/2025:22:49:06 -0400] "GET / HTTP/1.1" 403 1242 "-" "Mozilla/5.0 (Windows NT 10.0; Win64; x64; rv:122.0) Gecko/20100101 Firefox/122.0"
192.64.117.67 - - [22/Apr/2025:22:49:34 -0400] "GET / HTTP/1.1" 403 1242 "-" "Softaculous"
192.64.117.67 - - [22/Apr/2025:22:49:34 -0400] "GET / HTTP/1.1" 403 1242 "-" "Mozilla/5.0 (Windows NT 10.0; Win64; x64; rv:122.0) Gecko/20100101 Firefox/122.0"
85.208.96.198 - - [22/Apr/2025:22:53:15 -0400] "GET /tag/live-draw-hk/page/16/ HTTP/1.1" 404 1251 "-" "Mozilla/5.0 (compatible; SemrushBot/7~bl; +http://www.semrush.com/bot.html)"
185.191.171.10 - - [22/Apr/2025:22:53:38 -0400] "GET /tag/master-jitu-sgp/page/21/ HTTP/1.1" 404 1251 "-" "Mozilla/5.0 (compatible; SemrushBot/7~bl; +http://www.semrush.com/bot.html)"
85.208.96.206 - - [22/Apr/2025:23:04:06 -0400] "GET /2023/10/08/prediksi-togel-kiev-09-oktober-2023/ HTTP/1.1" 404 1251 "-" "Mozilla/5.0 (compatible; SemrushBot/7~bl; +http://www.semrush.com/bot.html)"
88.99.33.29 - - [22/Apr/2025:23:28:01 -0400] "GET /.git/config HTTP/1.1" 403 1242 "-" "-"
185.191.171.12 - - [22/Apr/2025:23:44:26 -0400] "GET /robots.txt HTTP/1.1" 404 1251 "-" "Mozilla/5.0 (compatible; SemrushBot/7~bl; +http://www.semrush.com/bot.html)"
85.208.96.206 - - [22/Apr/2025:23:44:27 -0400] "GET /tag/prediksi-jitu-angka/page/19/ HTTP/1.1" 404 1251 "-" "Mozilla/5.0 (compatible; SemrushBot/7~bl; +http://www.semrush.com/bot.html)"
17.241.219.102 - - [22/Apr/2025:23:45:17 -0400] "GET /robots.txt HTTP/1.1" 404 1251 "-" "Mozilla/5.0 (Macintosh; Intel Mac OS X 10_15_7) AppleWebKit/605.1.15 (KHTML, like Gecko) Version/17.4 Safari/605.1.15 (Applebot/0.1; +http://www.apple.com/go/applebot)"
17.241.219.102 - - [22/Apr/2025:23:45:17 -0400] "GET /tag/master-prediksi-singapura/ HTTP/1.1" 404 1251 "-" "Mozilla/5.0 (Macintosh; Intel Mac OS X 10_15_7) AppleWebKit/605.1.15 (KHTML, like Gecko) Version/17.4 Safari/605.1.15 (Applebot/0.1; +http://www.apple.com/go/applebot)"
185.191.171.19 - - [22/Apr/2025:23:50:57 -0400] "GET /2023/10/30/prediksi-togel-idaho-morning-31-oktober-2023/ HTTP/1.1" 404 1251 "-" "Mozilla/5.0 (compatible; SemrushBot/7~bl; +http://www.semrush.com/bot.html)"
185.191.171.1 - - [22/Apr/2025:23:54:20 -0400] "GET /tag/jeju-morning-terjitu/page/5/ HTTP/1.1" 404 1251 "-" "Mozilla/5.0 (compatible; SemrushBot/7~bl; +http://www.semrush.com/bot.html)"
51.81.46.212 - - [22/Apr/2025:23:56:07 -0400] "GET / HTTP/1.1" 403 1242 "-" "-"
18.97.9.170 - - [22/Apr/2025:23:58:39 -0400] "GET /robots.txt HTTP/1.1" 404 1251 "-" "CCBot/2.0 (https://commoncrawl.org/faq/)"
18.97.9.170 - - [22/Apr/2025:23:58:39 -0400] "GET /tag/togel-jitu/ HTTP/1.1" 404 1251 "-" "CCBot/2.0 (https://commoncrawl.org/faq/)"
185.191.171.19 - - [22/Apr/2025:23:58:48 -0400] "GET /tag/unsur-togel/page/11/ HTTP/1.1" 404 1251 "-" "Mozilla/5.0 (compatible; SemrushBot/7~bl; +http://www.semrush.com/bot.html)"
85.208.96.198 - - [23/Apr/2025:00:03:33 -0400] "GET /tag/live-draw-sgp/page/5/ HTTP/1.1" 404 1251 "-" "Mozilla/5.0 (compatible; SemrushBot/7~bl; +http://www.semrush.com/bot.html)"
18.97.9.170 - - [23/Apr/2025:00:04:46 -0400] "GET /2023/09/24/prediksi-togel-idaho-morning-25-september-2023/ HTTP/1.1" 404 1251 "-" "CCBot/2.0 (https://commoncrawl.org/faq/)"
18.97.9.170 - - [23/Apr/2025:00:07:25 -0400] "GET /2023/09/28/prediksi-togel-hongkong-29-september-2023/ HTTP/1.1" 404 1251 "-" "CCBot/2.0 (https://commoncrawl.org/faq/)"
85.208.96.204 - - [23/Apr/2025:00:07:40 -0400] "GET /tag/pasaran-mimpi/page/2/ HTTP/1.1" 404 1251 "-" "Mozilla/5.0 (compatible; SemrushBot/7~bl; +http://www.semrush.com/bot.html)"
18.97.9.170 - - [23/Apr/2025:00:09:37 -0400] "GET /tag/padepokan-sg/ HTTP/1.1" 404 1251 "-" "CCBot/2.0 (https://commoncrawl.org/faq/)"
18.97.9.170 - - [23/Apr/2025:00:11:38 -0400] "GET /2023/10/10/prediksi-togel-idaho-morning-11-oktober-2023/ HTTP/1.1" 404 1251 "-" "CCBot/2.0 (https://commoncrawl.org/faq/)"
18.97.9.170 - - [23/Apr/2025:00:12:52 -0400] "GET /2023/09/24/prediksi-togel-sydney-25-september-2023/ HTTP/1.1" 404 1251 "-" "CCBot/2.0 (https://commoncrawl.org/faq/)"
18.97.9.170 - - [23/Apr/2025:00:14:57 -0400] "GET /tag/prediksi-jitu-kiev/ HTTP/1.1" 404 1251 "-" "CCBot/2.0 (https://commoncrawl.org/faq/)"
18.97.9.170 - - [23/Apr/2025:00:17:22 -0400] "GET /tag/togel-hk/page/2/ HTTP/1.1" 404 1251 "-" "CCBot/2.0 (https://commoncrawl.org/faq/)"
18.97.9.170 - - [23/Apr/2025:00:23:36 -0400] "GET /2023/10/14/prediksi-togel-idaho-morning-15-oktober-2023/ HTTP/1.1" 404 1251 "-" "CCBot/2.0 (https://commoncrawl.org/faq/)"
185.191.171.2 - - [23/Apr/2025:00:25:12 -0400] "GET /tag/padepokan-macau/page/8/ HTTP/1.1" 404 1251 "-" "Mozilla/5.0 (compatible; SemrushBot/7~bl; +http://www.semrush.com/bot.html)"
18.97.9.170 - - [23/Apr/2025:00:26:30 -0400] "GET /2023/10/30/prediksi-togel-macau-31-oktober-2023/ HTTP/1.1" 404 1251 "-" "CCBot/2.0 (https://commoncrawl.org/faq/)"
18.97.9.170 - - [23/Apr/2025:00:27:10 -0400] "GET /tag/padepokan-sgp/ HTTP/1.1" 404 1251 "-" "CCBot/2.0 (https://commoncrawl.org/faq/)"
18.97.9.170 - - [23/Apr/2025:00:27:52 -0400] "GET /2023/10/08/prediksi-togel-sydney-09-oktober-2023/ HTTP/1.1" 404 1251 "-" "CCBot/2.0 (https://commoncrawl.org/faq/)"
185.191.171.19 - - [23/Apr/2025:00:27:55 -0400] "GET /category/prediksi-togel-idaho-morning/ HTTP/1.1" 404 1251 "-" "Mozilla/5.0 (compatible; SemrushBot/7~bl; +http://www.semrush.com/bot.html)"
18.97.9.170 - - [23/Apr/2025:00:33:57 -0400] "GET /tag/padepokan-sydney/ HTTP/1.1" 404 1251 "-" "CCBot/2.0 (https://commoncrawl.org/faq/)"
43.130.111.126 - - [23/Apr/2025:00:35:19 -0400] "GET /.env HTTP/1.1" 404 1251 "-" "Mozilla/5.0 (Linux; U; Android 4.4.2; en-US; HM NOTE 1W Build/KOT49H) AppleWebKit/534.30 (KHTML, like Gecko) Version/4.0 UCBrowser/11.0.5.850 U3/0.8.0 Mobile Safari/534.30"
43.130.111.126 - - [23/Apr/2025:00:35:19 -0400] "POST / HTTP/1.1" 403 1242 "-" "Mozilla/5.0 (Linux; U; Android 4.4.2; en-US; HM NOTE 1W Build/KOT49H) AppleWebKit/534.30 (KHTML, like Gecko) Version/4.0 UCBrowser/11.0.5.850 U3/0.8.0 Mobile Safari/534.30"
43.130.111.126 - - [23/Apr/2025:00:35:37 -0400] "GET /vendor/phpunit/phpunit/src/Util/PHP/eval-stdin.php HTTP/1.1" 404 1251 "-" "python-requests/2.31.0"
18.97.9.170 - - [23/Apr/2025:00:36:26 -0400] "GET /2023/10/28/prediksi-togel-moskow-29-oktober-2023/ HTTP/1.1" 404 1251 "-" "CCBot/2.0 (https://commoncrawl.org/faq/)"
185.191.171.13 - - [23/Apr/2025:00:39:37 -0400] "GET /tag/kentuckymid/page/25/ HTTP/1.1" 404 1251 "-" "Mozilla/5.0 (compatible; SemrushBot/7~bl; +http://www.semrush.com/bot.html)"
18.97.9.170 - - [23/Apr/2025:00:43:32 -0400] "GET /tag/cara-jitu-togel/ HTTP/1.1" 404 1251 "-" "CCBot/2.0 (https://commoncrawl.org/faq/)"
85.208.96.200 - - [23/Apr/2025:00:45:05 -0400] "GET /robots.txt HTTP/1.1" 404 1251 "-" "Mozilla/5.0 (compatible; SemrushBot/7~bl; +http://www.semrush.com/bot.html)"
185.191.171.2 - - [23/Apr/2025:00:45:06 -0400] "GET /tag/prediksi-master/page/5/ HTTP/1.1" 404 1251 "-" "Mozilla/5.0 (compatible; SemrushBot/7~bl; +http://www.semrush.com/bot.html)"
18.97.9.170 - - [23/Apr/2025:00:45:18 -0400] "GET /2023/10/10/prediksi-togel-singapura-11-oktober-2023/ HTTP/1.1" 404 1251 "-" "CCBot/2.0 (https://commoncrawl.org/faq/)"
18.97.9.170 - - [23/Apr/2025:00:45:54 -0400] "GET /2023/10/01/prediksi-togel-moskow-02-oktober-2023/ HTTP/1.1" 404 1251 "-" "CCBot/2.0 (https://commoncrawl.org/faq/)"
18.97.9.170 - - [23/Apr/2025:00:50:57 -0400] "GET /tag/erek-erek-3d/ HTTP/1.1" 404 1251 "-" "CCBot/2.0 (https://commoncrawl.org/faq/)"
18.97.9.170 - - [23/Apr/2025:00:54:04 -0400] "GET /tag/zonamistik-togel/ HTTP/1.1" 404 1251 "-" "CCBot/2.0 (https://commoncrawl.org/faq/)"
18.97.9.170 - - [23/Apr/2025:00:54:49 -0400] "GET /tag/padepokan-moskow/ HTTP/1.1" 404 1251 "-" "CCBot/2.0 (https://commoncrawl.org/faq/)"
18.97.9.170 - - [23/Apr/2025:00:55:33 -0400] "GET /2023/10/09/prediksi-togel-sydney-10-oktober-2023/ HTTP/1.1" 404 1251 "-" "CCBot/2.0 (https://commoncrawl.org/faq/)"
18.97.9.170 - - [23/Apr/2025:00:59:18 -0400] "GET /2023/09/24/erek-erek-04-buku-mimpi-bergambar-prediksi-petir-merah/ HTTP/1.1" 404 1251 "-" "CCBot/2.0 (https://commoncrawl.org/faq/)"
85.208.96.210 - - [23/Apr/2025:01:00:22 -0400] "GET /tag/syair-togel-jitu/page/26/ HTTP/1.1" 404 1251 "-" "Mozilla/5.0 (compatible; SemrushBot/7~bl; +http://www.semrush.com/bot.html)"
18.97.9.170 - - [23/Apr/2025:01:00:27 -0400] "GET /2023/09/27/prediksi-togel-nevada-28-september-2023/ HTTP/1.1" 404 1251 "-" "CCBot/2.0 (https://commoncrawl.org/faq/)"
74.80.208.76 - - [23/Apr/2025:01:09:24 -0400] "GET /robots.txt HTTP/1.1" 404 1251 "-" "Mozilla/5.0 (compatible; ImagesiftBot; +imagesift.com)"
74.80.208.76 - - [23/Apr/2025:01:09:24 -0400] "GET /tag/togel-wap-padepokan/page/9/ HTTP/1.1" 404 1251 "-" "Mozilla/5.0 (compatible; ImagesiftBot; +imagesift.com)"
74.80.208.76 - - [23/Apr/2025:01:09:52 -0400] "GET /tag/master-prediksi-macau/page/12/ HTTP/1.1" 404 1251 "-" "Mozilla/5.0 (compatible; ImagesiftBot; +imagesift.com)"
74.80.208.76 - - [23/Apr/2025:01:10:23 -0400] "GET /tag/kentuckymid/page/14/ HTTP/1.1" 404 1251 "-" "Mozilla/5.0 (compatible; ImagesiftBot; +imagesift.com)"
74.80.208.76 - - [23/Apr/2025:01:10:55 -0400] "GET /tag/padepokan-nevada/page/16/ HTTP/1.1" 404 1251 "-" "Mozilla/5.0 (compatible; ImagesiftBot; +imagesift.com)"
74.80.208.76 - - [23/Apr/2025:01:11:33 -0400] "GET /tag/master-jitu-hk/page/15/ HTTP/1.1" 404 1251 "-" "Mozilla/5.0 (compatible; ImagesiftBot; +imagesift.com)"
74.80.208.76 - - [23/Apr/2025:01:12:12 -0400] "GET /tag/ramalan-togel-hk/page/7/ HTTP/1.1" 404 1251 "-" "Mozilla/5.0 (compatible; ImagesiftBot; +imagesift.com)"
74.80.208.76 - - [23/Apr/2025:01:13:38 -0400] "GET /tag/padepokan-kairo/page/8/ HTTP/1.1" 404 1251 "-" "Mozilla/5.0 (compatible; ImagesiftBot; +imagesift.com)"
18.97.9.170 - - [23/Apr/2025:01:13:39 -0400] "GET /2023/09/25/prediksi-togel-kiev-26-september-2023/ HTTP/1.1" 404 1251 "-" "CCBot/2.0 (https://commoncrawl.org/faq/)"
18.97.9.170 - - [23/Apr/2025:01:14:16 -0400] "GET /tag/padepokan-nevada/ HTTP/1.1" 404 1251 "-" "CCBot/2.0 (https://commoncrawl.org/faq/)"
74.80.208.76 - - [23/Apr/2025:01:14:22 -0400] "GET /tag/nagasaon-hongkong/page/18/ HTTP/1.1" 404 1251 "-" "Mozilla/5.0 (compatible; ImagesiftBot; +imagesift.com)"
74.80.208.76 - - [23/Apr/2025:01:15:19 -0400] "GET /tag/nagasaon-kairo/page/8/ HTTP/1.1" 404 1251 "-" "Mozilla/5.0 (compatible; ImagesiftBot; +imagesift.com)"
74.80.208.76 - - [23/Apr/2025:01:16:13 -0400] "GET /tag/keluaran-togel-jitu/page/9/ HTTP/1.1" 404 1251 "-" "Mozilla/5.0 (compatible; ImagesiftBot; +imagesift.com)"
74.80.208.76 - - [23/Apr/2025:01:17:11 -0400] "GET /tag/togel-wap-padepokan/page/14/ HTTP/1.1" 404 1251 "-" "Mozilla/5.0 (compatible; ImagesiftBot; +imagesift.com)"
74.80.208.76 - - [23/Apr/2025:01:18:07 -0400] "GET /tag/padepokan-kairo/page/18/ HTTP/1.1" 404 1251 "-" "Mozilla/5.0 (compatible; ImagesiftBot; +imagesift.com)"
18.97.9.170 - - [23/Apr/2025:01:18:32 -0400] "GET /2023/09/23/erek-erek-03-buku-mimpi-bergambar-prediksi-petir-merah/ HTTP/1.1" 404 1251 "-" "CCBot/2.0 (https://commoncrawl.org/faq/)"
74.80.208.76 - - [23/Apr/2025:01:18:35 -0400] "GET /tag/ramalan-togel-hk/page/13/ HTTP/1.1" 404 1251 "-" "Mozilla/5.0 (compatible; ImagesiftBot; +imagesift.com)"
74.80.208.76 - - [23/Apr/2025:01:18:41 -0400] "GET /tag/kocok-sdy/page/13/ HTTP/1.1" 404 1251 "-" "Mozilla/5.0 (compatible; ImagesiftBot; +imagesift.com)"
18.97.9.170 - - [23/Apr/2025:01:19:08 -0400] "GET /tag/nomor-togel/ HTTP/1.1" 404 1251 "-" "CCBot/2.0 (https://commoncrawl.org/faq/)"
74.80.208.76 - - [23/Apr/2025:01:19:10 -0400] "GET /tag/room-master-togel/page/13/ HTTP/1.1" 404 1251 "-" "Mozilla/5.0 (compatible; ImagesiftBot; +imagesift.com)"
74.80.208.76 - - [23/Apr/2025:01:19:41 -0400] "GET /tag/padepokan-togel-indo/page/8/ HTTP/1.1" 404 1251 "-" "Mozilla/5.0 (compatible; ImagesiftBot; +imagesift.com)"
74.80.208.76 - - [23/Apr/2025:01:19:54 -0400] "GET /tag/kentuckymid/page/16/ HTTP/1.1" 404 1251 "-" "Mozilla/5.0 (compatible; ImagesiftBot; +imagesift.com)"
74.80.208.76 - - [23/Apr/2025:01:20:14 -0400] "GET /tag/nagasaon-nevada/page/17/ HTTP/1.1" 404 1251 "-" "Mozilla/5.0 (compatible; ImagesiftBot; +imagesift.com)"
74.80.208.76 - - [23/Apr/2025:01:21:24 -0400] "GET /tag/nagasaon-nevada/page/13/ HTTP/1.1" 404 1251 "-" "Mozilla/5.0 (compatible; ImagesiftBot; +imagesift.com)"
74.80.208.76 - - [23/Apr/2025:01:22:33 -0400] "GET /tag/jeju-morning-terjitu/page/19/ HTTP/1.1" 404 1251 "-" "Mozilla/5.0 (compatible; ImagesiftBot; +imagesift.com)"
74.80.208.76 - - [23/Apr/2025:01:23:53 -0400] "GET /tag/paito-kentucky-midday/page/12/ HTTP/1.1" 404 1251 "-" "Mozilla/5.0 (compatible; ImagesiftBot; +imagesift.com)"
74.80.208.76 - - [23/Apr/2025:01:25:28 -0400] "GET /tag/ramalan-togel-sgp/page/8/ HTTP/1.1" 404 1251 "-" "Mozilla/5.0 (compatible; ImagesiftBot; +imagesift.com)"
18.97.9.170 - - [23/Apr/2025:01:26:02 -0400] "GET /tag/mimpi-angka-togel/page/2/ HTTP/1.1" 404 1251 "-" "CCBot/2.0 (https://commoncrawl.org/faq/)"
74.80.208.76 - - [23/Apr/2025:01:27:31 -0400] "GET /tag/paito-master/page/14/ HTTP/1.1" 404 1251 "-" "Mozilla/5.0 (compatible; ImagesiftBot; +imagesift.com)"
18.97.9.170 - - [23/Apr/2025:01:27:55 -0400] "GET /category/prediksi-togel-kiev/ HTTP/1.1" 404 1251 "-" "CCBot/2.0 (https://commoncrawl.org/faq/)"
18.97.9.170 - - [23/Apr/2025:01:28:31 -0400] "GET /tag/keluaran-togel-jitu/ HTTP/1.1" 404 1251 "-" "CCBot/2.0 (https://commoncrawl.org/faq/)"
74.80.208.76 - - [23/Apr/2025:01:29:59 -0400] "GET /tag/prediksi-master/page/10/ HTTP/1.1" 404 1251 "-" "Mozilla/5.0 (compatible; ImagesiftBot; +imagesift.com)"
74.80.208.76 - - [23/Apr/2025:01:32:39 -0400] "GET /tag/zonamistik-togel/page/15/ HTTP/1.1" 404 1251 "-" "Mozilla/5.0 (compatible; ImagesiftBot; +imagesift.com)"
18.97.9.170 - - [23/Apr/2025:01:32:42 -0400] "GET /erek-erek-buku-mimpi-terlengkap/ HTTP/1.1" 404 1251 "-" "CCBot/2.0 (https://commoncrawl.org/faq/)"
74.80.208.76 - - [23/Apr/2025:01:33:17 -0400] "GET /tag/nagasaon-macau/page/8/ HTTP/1.1" 404 1251 "-" "Mozilla/5.0 (compatible; ImagesiftBot; +imagesift.com)"
18.97.9.170 - - [23/Apr/2025:01:33:19 -0400] "GET /tag/prediksi-togel-terjitu/ HTTP/1.1" 404 1251 "-" "CCBot/2.0 (https://commoncrawl.org/faq/)"
74.80.208.76 - - [23/Apr/2025:01:33:22 -0400] "GET /tag/nagasaon-kairo/page/12/ HTTP/1.1" 404 1251 "-" "Mozilla/5.0 (compatible; ImagesiftBot; +imagesift.com)"
18.97.9.170 - - [23/Apr/2025:01:33:52 -0400] "GET /2023/11/02/prediksi-togel-kiev-03-november-2023/ HTTP/1.1" 404 1251 "-" "CCBot/2.0 (https://commoncrawl.org/faq/)"
18.97.9.170 - - [23/Apr/2025:01:37:59 -0400] "GET /2023/11/02/prediksi-togel-jeju-morning-03-november-2023/ HTTP/1.1" 404 1251 "-" "CCBot/2.0 (https://commoncrawl.org/faq/)"
74.80.208.76 - - [23/Apr/2025:01:38:15 -0400] "GET /author/admin/page/8/ HTTP/1.1" 404 1251 "-" "Mozilla/5.0 (compatible; ImagesiftBot; +imagesift.com)"
74.80.208.76 - - [23/Apr/2025:01:38:38 -0400] "GET /tag/ramalan-togel-jitu/page/9/ HTTP/1.1" 404 1251 "-" "Mozilla/5.0 (compatible; ImagesiftBot; +imagesift.com)"
74.80.208.76 - - [23/Apr/2025:01:39:10 -0400] "GET /tag/togel-wap-padepokan/page/11/ HTTP/1.1" 404 1251 "-" "Mozilla/5.0 (compatible; ImagesiftBot; +imagesift.com)"
18.97.9.170 - - [23/Apr/2025:01:39:38 -0400] "GET /tag/master-prediksi-singapura/page/2/ HTTP/1.1" 404 1251 "-" "CCBot/2.0 (https://commoncrawl.org/faq/)"
74.80.208.76 - - [23/Apr/2025:01:41:25 -0400] "GET /tag/nagasaon-hongkong/page/8/ HTTP/1.1" 404 1251 "-" "Mozilla/5.0 (compatible; ImagesiftBot; +imagesift.com)"
74.80.208.76 - - [23/Apr/2025:01:42:05 -0400] "GET /tag/paito-master/page/17/ HTTP/1.1" 404 1251 "-" "Mozilla/5.0 (compatible; ImagesiftBot; +imagesift.com)"
185.191.171.1 - - [23/Apr/2025:01:42:12 -0400] "GET /tag/togel-jitu-tembus/page/22/ HTTP/1.1" 404 1251 "-" "Mozilla/5.0 (compatible; SemrushBot/7~bl; +http://www.semrush.com/bot.html)"
85.208.96.205 - - [23/Apr/2025:01:42:58 -0400] "GET /tag/master-jitu-hk/page/5/ HTTP/1.1" 404 1251 "-" "Mozilla/5.0 (compatible; SemrushBot/7~bl; +http://www.semrush.com/bot.html)"
18.97.9.170 - - [23/Apr/2025:01:43:09 -0400] "GET /2023/09/28/prediksi-togel-kairo-29-september-2023/ HTTP/1.1" 404 1251 "-" "CCBot/2.0 (https://commoncrawl.org/faq/)"
18.97.9.170 - - [23/Apr/2025:01:43:44 -0400] "GET /2023/09/20/prediksi-togel-petir-merah-sydney-21-september-2023/ HTTP/1.1" 404 1251 "-" "CCBot/2.0 (https://commoncrawl.org/faq/)"
74.80.208.76 - - [23/Apr/2025:01:45:39 -0400] "GET /tag/syair-togel-jitu/page/7/ HTTP/1.1" 404 1251 "-" "Mozilla/5.0 (compatible; ImagesiftBot; +imagesift.com)"
18.97.9.170 - - [23/Apr/2025:01:49:33 -0400] "GET /2023/10/11/prediksi-togel-kairo-12-oktober-2023/ HTTP/1.1" 404 1251 "-" "CCBot/2.0 (https://commoncrawl.org/faq/)"
74.80.208.76 - - [23/Apr/2025:01:50:04 -0400] "GET /tag/master-prediksi-macau/page/5/ HTTP/1.1" 404 1251 "-" "Mozilla/5.0 (compatible; ImagesiftBot; +imagesift.com)"
18.97.9.170 - - [23/Apr/2025:01:50:08 -0400] "GET /tag/prediksi-terjitu-moskow/ HTTP/1.1" 404 1251 "-" "CCBot/2.0 (https://commoncrawl.org/faq/)"
74.80.208.76 - - [23/Apr/2025:01:51:36 -0400] "GET /wp-json/wp/v2/tags/138 HTTP/1.1" 404 1251 "-" "Mozilla/5.0 (compatible; ImagesiftBot; +imagesift.com)"
18.97.9.170 - - [23/Apr/2025:01:53:00 -0400] "GET /tag/master-jitu-sgp/ HTTP/1.1" 404 1251 "-" "CCBot/2.0 (https://commoncrawl.org/faq/)"
18.97.9.170 - - [23/Apr/2025:01:55:17 -0400] "GET /2023/10/08/prediksi-togel-hongkong-09-oktober-2023/ HTTP/1.1" 404 1251 "-" "CCBot/2.0 (https://commoncrawl.org/faq/)"
18.97.9.170 - - [23/Apr/2025:01:55:54 -0400] "GET /2023/10/16/prediksi-togel-moskow-16-oktober-2023/ HTTP/1.1" 404 1251 "-" "CCBot/2.0 (https://commoncrawl.org/faq/)"
18.97.9.170 - - [23/Apr/2025:01:56:31 -0400] "GET /2023/11/02/prediksi-togel-idaho-morning-03-november-2023/ HTTP/1.1" 404 1251 "-" "CCBot/2.0 (https://commoncrawl.org/faq/)"
18.97.9.170 - - [23/Apr/2025:01:57:05 -0400] "GET /tag/porum-jitu/ HTTP/1.1" 404 1251 "-" "CCBot/2.0 (https://commoncrawl.org/faq/)"
74.80.208.76 - - [23/Apr/2025:01:57:13 -0400] "GET /tag/master-jitu-hk/page/7/ HTTP/1.1" 404 1251 "-" "Mozilla/5.0 (compatible; ImagesiftBot; +imagesift.com)"
74.80.208.76 - - [23/Apr/2025:01:57:31 -0400] "GET /tag/nagasaon-kairo/page/7/ HTTP/1.1" 404 1251 "-" "Mozilla/5.0 (compatible; ImagesiftBot; +imagesift.com)"
18.97.9.170 - - [23/Apr/2025:01:58:18 -0400] "GET /2023/10/25/prediksi-togel-kairo-26-oktober-2023/ HTTP/1.1" 404 1251 "-" "CCBot/2.0 (https://commoncrawl.org/faq/)"
18.97.9.170 - - [23/Apr/2025:01:59:28 -0400] "GET /2023/10/08/prediksi-togel-singapura-09-oktober-2023/ HTTP/1.1" 404 1251 "-" "CCBot/2.0 (https://commoncrawl.org/faq/)"
74.80.208.76 - - [23/Apr/2025:02:00:57 -0400] "GET /tag/master-prediksi-macau/page/16/ HTTP/1.1" 404 1251 "-" "Mozilla/5.0 (compatible; ImagesiftBot; +imagesift.com)"
18.97.9.170 - - [23/Apr/2025:02:01:51 -0400] "GET /2023/09/27/erek-erek-07-buku-mimpi-bergambar-prediksi-petir-merah/ HTTP/1.1" 404 1251 "-" "CCBot/2.0 (https://commoncrawl.org/faq/)"
74.80.208.76 - - [23/Apr/2025:02:08:33 -0400] "GET /tag/ramalan-togel-jitu/page/6/ HTTP/1.1" 404 1251 "-" "Mozilla/5.0 (compatible; ImagesiftBot; +imagesift.com)"
167.99.246.202 - - [23/Apr/2025:02:08:45 -0400] "GET / HTTP/1.1" 403 1242 "-" "Mozilla/5.0 (compatible)"
167.99.246.202 - - [23/Apr/2025:02:08:52 -0400] "GET /favicon.ico HTTP/1.1" 404 1251 "https://prediksi.vip/" "Mozilla/5.0 (compatible)"
74.80.208.76 - - [23/Apr/2025:02:09:05 -0400] "GET /tag/syair-togel-jitu/page/12/ HTTP/1.1" 404 1251 "-" "Mozilla/5.0 (compatible; ImagesiftBot; +imagesift.com)"
185.191.171.15 - - [23/Apr/2025:02:11:37 -0400] "GET /robots.txt HTTP/1.1" 404 1251 "-" "Mozilla/5.0 (compatible; SemrushBot/7~bl; +http://www.semrush.com/bot.html)"
185.191.171.6 - - [23/Apr/2025:02:11:38 -0400] "GET /2023/10/16/prediksi-togel-macau-16-oktober-2023/ HTTP/1.1" 404 1251 "-" "Mozilla/5.0 (compatible; SemrushBot/7~bl; +http://www.semrush.com/bot.html)"
66.249.79.96 - - [23/Apr/2025:02:14:14 -0400] "GET /robots.txt HTTP/1.1" 404 1251 "-" "Mozilla/5.0 (compatible; Googlebot/2.1; +http://www.google.com/bot.html)"
74.80.208.76 - - [23/Apr/2025:02:20:31 -0400] "GET /tag/padepokan-moskow/page/11/ HTTP/1.1" 404 1251 "-" "Mozilla/5.0 (compatible; ImagesiftBot; +imagesift.com)"
85.208.96.197 - - [23/Apr/2025:02:23:14 -0400] "GET /2023/11/02/prediksi-togel-moskow-03-november-2023/ HTTP/1.1" 404 1251 "-" "Mozilla/5.0 (compatible; SemrushBot/7~bl; +http://www.semrush.com/bot.html)"
74.80.208.76 - - [23/Apr/2025:02:23:31 -0400] "GET /tag/cara-jitu-togel/page/7/ HTTP/1.1" 404 1251 "-" "Mozilla/5.0 (compatible; ImagesiftBot; +imagesift.com)"
74.80.208.76 - - [23/Apr/2025:02:25:10 -0400] "GET /tag/prediksi-master/page/6/ HTTP/1.1" 404 1251 "-" "Mozilla/5.0 (compatible; ImagesiftBot; +imagesift.com)"
74.80.208.76 - - [23/Apr/2025:02:25:37 -0400] "GET /tag/prediksi-togel-terjitu/page/11/ HTTP/1.1" 404 0 "-" "Mozilla/5.0 (compatible; ImagesiftBot; +imagesift.com)"
74.80.208.76 - - [23/Apr/2025:02:26:04 -0400] "GET /tag/padepokan-kiev/page/3/ HTTP/1.1" 404 1251 "-" "Mozilla/5.0 (compatible; ImagesiftBot; +imagesift.com)"
85.208.96.201 - - [23/Apr/2025:02:28:16 -0400] "GET /tag/padepokan-moskow/page/8/ HTTP/1.1" 404 1251 "-" "Mozilla/5.0 (compatible; SemrushBot/7~bl; +http://www.semrush.com/bot.html)"
74.80.208.76 - - [23/Apr/2025:02:42:56 -0400] "GET /2023/09/20/prediksi-togel-petir-merah-idaho-morning-21-september-2023/ HTTP/1.1" 404 1251 "-" "Mozilla/5.0 (compatible; ImagesiftBot; +imagesift.com)"
74.80.208.76 - - [23/Apr/2025:02:46:22 -0400] "GET /tag/nagasaon-nevada/page/7/ HTTP/1.1" 404 1251 "-" "Mozilla/5.0 (compatible; ImagesiftBot; +imagesift.com)"
24.199.105.146 - - [23/Apr/2025:02:49:49 -0400] "GET / HTTP/1.1" 403 1242 "-" "Mozilla/5.0 (compatible)"
24.199.105.146 - - [23/Apr/2025:02:49:50 -0400] "GET /favicon.ico HTTP/1.1" 404 1251 "https://prediksi.vip/" "Mozilla/5.0 (compatible)"
74.80.208.76 - - [23/Apr/2025:02:50:26 -0400] "GET /tag/togel-jitu-tembus/page/13/ HTTP/1.1" 404 1251 "-" "Mozilla/5.0 (compatible; ImagesiftBot; +imagesift.com)"
85.208.96.203 - - [23/Apr/2025:02:51:08 -0400] "GET /tag/prediksi-togel-terjitu/page/17/ HTTP/1.1" 404 1251 "-" "Mozilla/5.0 (compatible; SemrushBot/7~bl; +http://www.semrush.com/bot.html)"
45.61.186.205 - - [23/Apr/2025:03:04:52 -0400] "GET /wp-login.php HTTP/1.1" 200 9276 "-" "Mozilla/5.0 (Macintosh; Intel Mac OS X 10_9_3) AppleWebKit/537.76.4 (KHTML, like Gecko) Version/7.0.4 Safari/537.76.4"
192.64.117.67 - - [23/Apr/2025:03:05:11 -0400] "POST /wp-cron.php?doing_wp_cron=1745391910.4751629829406738281250 HTTP/1.1" 200 0 "-" "WordPress/6.8; https://prediksi.vip"
45.61.186.205 - - [23/Apr/2025:03:04:52 -0400] "POST /wp-login.php HTTP/1.1" 200 9532 "-" "Mozilla/5.0 (Macintosh; Intel Mac OS X 10_9_3) AppleWebKit/537.76.4 (KHTML, like Gecko) Version/7.0.4 Safari/537.76.4"
192.64.117.67 - - [23/Apr/2025:03:05:13 -0400] "POST /wp-admin/admin-ajax.php?action=async_litespeed&nonce=g8WXq9CuxHyUtz4nyR47NHvhJNOoerLR&litespeed_type=imgoptm HTTP/1.1" 200 0 "-" "WordPress/6.8; https://prediksi.vip"
137.226.113.44 - - [23/Apr/2025:03:18:08 -0400] "GET / HTTP/1.1" 403 1242 "-" "Mozilla/5.0 researchscan.comsys.rwth-aachen.de"
185.191.171.17 - - [23/Apr/2025:03:22:39 -0400] "GET /robots.txt HTTP/1.1" 404 1251 "-" "Mozilla/5.0 (compatible; SemrushBot/7~bl; +http://www.semrush.com/bot.html)"
85.208.96.207 - - [23/Apr/2025:03:22:40 -0400] "GET /tag/padepokan-nevada/page/13/ HTTP/1.1" 404 1251 "-" "Mozilla/5.0 (compatible; SemrushBot/7~bl; +http://www.semrush.com/bot.html)"
88.218.193.103 - - [23/Apr/2025:03:24:41 -0400] "GET /favicon.ico HTTP/1.1" 404 1251 "-" "Mozilla/5.0 (Macintosh; Intel Mac OS X 10.15; rv:109.0) Gecko/20100101 Firefox/114.0"
88.218.193.103 - - [23/Apr/2025:03:24:42 -0400] "GET / HTTP/1.1" 200 814 "-" "Mozilla/5.0 (Windows NT 10.0; Win64; x64) AppleWebKit/537.36 (KHTML, like Gecko) Chrome/113.0.0.0 Safari/537.36"
51.195.36.135 - - [23/Apr/2025:03:47:20 -0400] "GET /wp-content/plugins/WordPressCore/include.php HTTP/1.1" 404 1251 "-" "Mozilla/5.0 (Windows NT 10.0; Win64; x64) AppleWebKit/537.36 (KHTML, like Gecko) Chrome/127.0.0.0 Safari/537.36"
51.195.36.135 - - [23/Apr/2025:03:47:21 -0400] "GET /wp-content/themes/include.php HTTP/1.1" 404 1251 "-" "Mozilla/5.0 (Windows NT 10.0; Win64; x64) AppleWebKit/537.36 (KHTML, like Gecko) Chrome/127.0.0.0 Safari/537.36"
51.195.36.135 - - [23/Apr/2025:03:47:21 -0400] "GET /wp-includes/images/include.php HTTP/1.1" 404 1251 "-" "Mozilla/5.0 (Windows NT 10.0; Win64; x64) AppleWebKit/537.36 (KHTML, like Gecko) Chrome/127.0.0.0 Safari/537.36"
185.191.171.19 - - [23/Apr/2025:03:52:13 -0400] "GET /2023/10/29/prediksi-togel-kairo-30-oktober-2023/ HTTP/1.1" 404 1251 "-" "Mozilla/5.0 (compatible; SemrushBot/7~bl; +http://www.semrush.com/bot.html)"
164.92.67.112 - - [23/Apr/2025:04:28:18 -0400] "GET /2023/11/02/erek-erek-19-buku-mimpi-bergambar-prediksi-petir-merah/ HTTP/1.1" 404 1251 "-" "Mozilla/5.0 (Windows NT 10.0; Win64; x64) AppleWebKit/537.36 (KHTML, like Gecko) Chrome/124.0.0.0 Safari/537.36"
54.251.56.172 - - [23/Apr/2025:04:34:35 -0400] "GET /wp-content/uploads/2023/09/PREDIKSI-KAIRO.jpg HTTP/1.1" 404 1251 "-" "python-requests/2.30.0"
192.64.117.67 - - [23/Apr/2025:04:39:48 -0400] "POST /wp-cron.php?doing_wp_cron=1745397587.8135240077972412109375 HTTP/1.1" 200 0 "-" "WordPress/6.8; https://prediksi.vip"
45.61.188.195 - - [23/Apr/2025:04:39:36 -0400] "GET /wp-login.php HTTP/1.1" 200 9276 "-" "Mozilla/5.0 (Windows NT 6.3; WOW64) AppleWebKit/537.36 (KHTML, like Gecko) Chrome/36.0.1985.125 Safari/537.36"
192.64.117.67 - - [23/Apr/2025:04:39:49 -0400] "POST /wp-admin/admin-ajax.php?action=async_litespeed&nonce=dVdmtLKv2sMU8I9iC0214M9T9ap6FRWt&litespeed_type=imgoptm HTTP/1.1" 200 0 "-" "WordPress/6.8; https://prediksi.vip"
45.61.188.195 - - [23/Apr/2025:04:39:54 -0400] "POST /wp-login.php HTTP/1.1" 200 9532 "-" "Mozilla/5.0 (Windows NT 6.3; WOW64) AppleWebKit/537.36 (KHTML, like Gecko) Chrome/36.0.1985.125 Safari/537.36"
52.167.144.174 - - [23/Apr/2025:04:42:26 -0400] "GET /tag/arti-mimpi/page/2/ HTTP/1.1" 404 1251 "-" "Mozilla/5.0 AppleWebKit/537.36 (KHTML, like Gecko; compatible; bingbot/2.0; +http://www.bing.com/bingbot.htm) Chrome/116.0.1938.76 Safari/537.36"
85.208.96.202 - - [23/Apr/2025:04:42:27 -0400] "GET /robots.txt HTTP/1.1" 404 1251 "-" "Mozilla/5.0 (compatible; SemrushBot/7~bl; +http://www.semrush.com/bot.html)"
85.208.96.194 - - [23/Apr/2025:04:42:28 -0400] "GET /2023/09/27/prediksi-togel-macau-28-september-2023/ HTTP/1.1" 404 1251 "-" "Mozilla/5.0 (compatible; SemrushBot/7~bl; +http://www.semrush.com/bot.html)"
198.98.54.73 - - [23/Apr/2025:05:16:40 -0400] "GET /wp-login.php HTTP/1.1" 200 9276 "-" "Mozilla/5.0 (Macintosh; Intel Mac OS X 10_9_3) AppleWebKit/537.75.14 (KHTML, like Gecko) Version/7.0.3 Safari/537.75.14"
192.64.117.67 - - [23/Apr/2025:05:16:54 -0400] "POST /wp-cron.php?doing_wp_cron=1745399813.1969521045684814453125 HTTP/1.1" 200 0 "-" "WordPress/6.8; https://prediksi.vip"
198.98.54.73 - - [23/Apr/2025:05:16:41 -0400] "POST /wp-login.php HTTP/1.1" 200 9532 "-" "Mozilla/5.0 (Macintosh; Intel Mac OS X 10_9_3) AppleWebKit/537.75.14 (KHTML, like Gecko) Version/7.0.3 Safari/537.75.14"
192.64.117.67 - - [23/Apr/2025:05:16:55 -0400] "POST /wp-admin/admin-ajax.php?action=async_litespeed&nonce=anyCUUw7tu0p4YviGvWJSS6b05WQzjBK&litespeed_type=imgoptm HTTP/1.1" 200 0 "-" "WordPress/6.8; https://prediksi.vip"
185.191.171.1 - - [23/Apr/2025:05:21:45 -0400] "GET /2023/11/02/erek-erek-19-buku-mimpi-bergambar-prediksi-petir-merah/ HTTP/1.1" 404 1251 "-" "Mozilla/5.0 (compatible; SemrushBot/7~bl; +http://www.semrush.com/bot.html)"
185.191.171.5 - - [23/Apr/2025:05:50:34 -0400] "GET /robots.txt HTTP/1.1" 404 1251 "-" "Mozilla/5.0 (compatible; SemrushBot/7~bl; +http://www.semrush.com/bot.html)"
185.191.171.12 - - [23/Apr/2025:05:50:37 -0400] "GET /tag/kocok-hk/page/17/ HTTP/1.1" 404 1251 "-" "Mozilla/5.0 (compatible; SemrushBot/7~bl; +http://www.semrush.com/bot.html)"
185.191.171.13 - - [23/Apr/2025:05:54:45 -0400] "GET /tag/nagasaon-nevada/page/14/ HTTP/1.1" 404 1251 "-" "Mozilla/5.0 (compatible; SemrushBot/7~bl; +http://www.semrush.com/bot.html)"
209.141.56.126 - - [23/Apr/2025:07:12:42 -0400] "GET /wp-login.php HTTP/1.1" 200 9276 "-" "Mozilla/5.0 (Macintosh; Intel Mac OS X 10.8; rv:30.0) Gecko/20100101 Firefox/30.0"
209.141.56.126 - - [23/Apr/2025:07:12:43 -0400] "POST /wp-login.php HTTP/1.1" 200 9532 "-" "Mozilla/5.0 (Macintosh; Intel Mac OS X 10.8; rv:30.0) Gecko/20100101 Firefox/30.0"
192.64.117.67 - - [23/Apr/2025:07:13:02 -0400] "POST /wp-cron.php?doing_wp_cron=1745406779.8469200134277343750000 HTTP/1.1" 200 0 "-" "WordPress/6.8; https://prediksi.vip"
85.208.96.202 - - [23/Apr/2025:08:17:56 -0400] "GET /robots.txt HTTP/1.1" 404 1251 "-" "Mozilla/5.0 (compatible; SemrushBot/7~bl; +http://www.semrush.com/bot.html)"
85.208.96.208 - - [23/Apr/2025:08:17:58 -0400] "GET /2023/10/24/prediksi-togel-macau-25-oktober-2023/ HTTP/1.1" 404 1251 "-" "Mozilla/5.0 (compatible; SemrushBot/7~bl; +http://www.semrush.com/bot.html)"
178.20.46.206 - - [23/Apr/2025:08:24:09 -0400] "GET /2023/11/02/erek-erek-19-buku-mimpi-bergambar-prediksi-petir-merah/ HTTP/1.0" 404 1251 "https://prediksi.vip/2023/11/02/erek-erek-19-buku-mimpi-bergambar-prediksi-petir-merah/" "Mozilla/5.0 (Windows NT 10.0; Win64; x64) AppleWebKit/537.36 (KHTML, like Gecko) Chrome/131.0.0.0 Safari/537.36 Avast/131.0.0.0"
178.20.46.206 - - [23/Apr/2025:08:24:10 -0400] "GET / HTTP/1.0" 403 1242 "https://prediksi.vip/" "Mozilla/5.0 (Windows NT 10.0; Win64; x64) AppleWebKit/537.36 (KHTML, like Gecko) Chrome/131.0.0.0 Safari/537.36 Avast/131.0.0.0"
178.20.46.206 - - [23/Apr/2025:08:24:12 -0400] "GET / HTTP/1.0" 403 1242 "https://prediksi.vip/" "Mozilla/5.0 (Windows NT 10.0; Win64; x64) AppleWebKit/537.36 (KHTML, like Gecko) Chrome/131.0.0.0 Safari/537.36 Avast/131.0.0.0"
64.124.8.205 - - [23/Apr/2025:08:49:56 -0400] "GET /robots.txt HTTP/1.1" 404 1251 "-" "Mozilla/5.0 (compatible; ImagesiftBot; +imagesift.com)"
64.124.8.205 - - [23/Apr/2025:08:49:57 -0400] "GET /tag/porum-bbfs/page/9/ HTTP/1.1" 404 1251 "-" "Mozilla/5.0 (compatible; ImagesiftBot; +imagesift.com)"
64.124.8.205 - - [23/Apr/2025:08:50:30 -0400] "GET /tag/padepokan-macau/page/8/ HTTP/1.1" 404 1251 "-" "Mozilla/5.0 (compatible; ImagesiftBot; +imagesift.com)"
64.124.8.205 - - [23/Apr/2025:08:51:47 -0400] "GET /tag/prediksi-top-idaho/page/17/ HTTP/1.1" 404 0 "-" "Mozilla/5.0 (compatible; ImagesiftBot; +imagesift.com)"
64.124.8.205 - - [23/Apr/2025:08:52:20 -0400] "GET /tag/ramalan-togel-hk/page/6/ HTTP/1.1" 404 0 "-" "Mozilla/5.0 (compatible; ImagesiftBot; +imagesift.com)"
185.191.171.3 - - [23/Apr/2025:08:53:05 -0400] "GET /2023/10/10/prediksi-togel-hongkong-11-oktober-2023/ HTTP/1.1" 404 1251 "-" "Mozilla/5.0 (compatible; SemrushBot/7~bl; +http://www.semrush.com/bot.html)"
85.208.96.211 - - [23/Apr/2025:09:05:35 -0400] "GET /tag/wap-togel-padepokan/page/26/ HTTP/1.1" 404 1251 "-" "Mozilla/5.0 (compatible; SemrushBot/7~bl; +http://www.semrush.com/bot.html)"
94.103.91.198 - - [23/Apr/2025:09:19:01 -0400] "GET /2023/11/02/erek-erek-19-buku-mimpi-bergambar-prediksi-petir-merah/ HTTP/1.0" 404 1251 "https://prediksi.vip/2023/11/02/erek-erek-19-buku-mimpi-bergambar-prediksi-petir-merah/" "Mozilla/5.0 (Windows NT 10.0; Win64; x64) AppleWebKit/537.36 (KHTML, like Gecko) Chrome/130.0.0.0 Safari/537.36"
94.103.91.198 - - [23/Apr/2025:09:19:03 -0400] "GET / HTTP/1.0" 403 1242 "https://prediksi.vip/" "Mozilla/5.0 (Windows NT 10.0; Win64; x64) AppleWebKit/537.36 (KHTML, like Gecko) Chrome/130.0.0.0 Safari/537.36"
94.103.91.198 - - [23/Apr/2025:09:19:07 -0400] "GET / HTTP/1.0" 403 1242 "https://prediksi.vip/" "Mozilla/5.0 (Windows NT 10.0; Win64; x64) AppleWebKit/537.36 (KHTML, like Gecko) Chrome/130.0.0.0 Safari/537.36"
85.208.96.200 - - [23/Apr/2025:09:34:24 -0400] "GET /robots.txt HTTP/1.1" 404 1251 "-" "Mozilla/5.0 (compatible; SemrushBot/7~bl; +http://www.semrush.com/bot.html)"
85.208.96.200 - - [23/Apr/2025:09:34:25 -0400] "GET /2023/10/29/prediksi-togel-macau-30-oktober-2023/ HTTP/1.1" 404 1251 "-" "Mozilla/5.0 (compatible; SemrushBot/7~bl; +http://www.semrush.com/bot.html)"
185.81.128.21 - - [23/Apr/2025:09:39:21 -0400] "GET /wp-content/plugins/suretriggers/readme.txt HTTP/1.1" 404 1251 "-" "Mozilla/5.0 (Windows NT 10.0; Win64; x64) AppleWebKit/529.36 (KHTML, like Gecko) Chrome/120.1.2.3 Safari/537.36 Edg/121.0.2221.86"
85.208.96.203 - - [23/Apr/2025:09:47:07 -0400] "GET /tag/kentuckymid/page/26/ HTTP/1.1" 404 1251 "-" "Mozilla/5.0 (compatible; SemrushBot/7~bl; +http://www.semrush.com/bot.html)"
185.191.171.10 - - [23/Apr/2025:09:54:35 -0400] "GET /2023/10/28/prediksi-togel-kairo-29-oktober-2023/ HTTP/1.1" 404 1251 "-" "Mozilla/5.0 (compatible; SemrushBot/7~bl; +http://www.semrush.com/bot.html)"
51.222.253.13 - - [23/Apr/2025:09:55:44 -0400] "GET /robots.txt HTTP/1.1" 404 1251 "-" "Mozilla/5.0 (compatible; AhrefsBot/7.0; +http://ahrefs.com/robot/)"
85.208.96.200 - - [23/Apr/2025:10:16:57 -0400] "GET /tag/erek-erek-buku-mimpi-bergambar/page/6/ HTTP/1.1" 404 1251 "-" "Mozilla/5.0 (compatible; SemrushBot/7~bl; +http://www.semrush.com/bot.html)"
40.77.167.4 - - [23/Apr/2025:10:21:18 -0400] "GET /sitemap_index.xml HTTP/1.1" 404 1251 "-" "Mozilla/5.0 AppleWebKit/537.36 (KHTML, like Gecko; compatible; bingbot/2.0; +http://www.bing.com/bingbot.htm) Chrome/116.0.1938.76 Safari/537.36"
85.208.96.210 - - [23/Apr/2025:10:22:06 -0400] "GET /tag/keluaran-sgp/page/17/ HTTP/1.1" 404 1251 "-" "Mozilla/5.0 (compatible; SemrushBot/7~bl; +http://www.semrush.com/bot.html)"
51.8.102.35 - - [23/Apr/2025:10:27:45 -0400] "GET /robots.txt HTTP/1.1" 404 1251 "-" "Mozilla/5.0 (Macintosh; Intel Mac OS X 10_15_7) AppleWebKit/537.36 (KHTML, like Gecko) Chrome/131.0.0.0 Safari/537.36; compatible; OAI-SearchBot/1.0; +https://openai.com/searchbot"
85.208.96.203 - - [23/Apr/2025:10:30:36 -0400] "GET /tag/jeju-morning-terjitu/page/25/ HTTP/1.1" 404 1251 "-" "Mozilla/5.0 (compatible; SemrushBot/7~bl; +http://www.semrush.com/bot.html)"
185.191.171.1 - - [23/Apr/2025:10:33:50 -0400] "GET /2023/09/28/erek-erek-08-buku-mimpi-bergambar-prediksi-petir-merah/ HTTP/1.1" 404 1251 "-" "Mozilla/5.0 (compatible; SemrushBot/7~bl; +http://www.semrush.com/bot.html)"
110.249.202.104 - - [23/Apr/2025:10:36:28 -0400] "GET / HTTP/1.1" 403 1242 "-" "Mozilla/5.0 (Linux; Android 5.0) AppleWebKit/537.36 (KHTML, like Gecko) Mobile Safari/537.36 (compatible; Bytespider; https://zhanzhang.toutiao.com/)"
110.249.201.164 - - [23/Apr/2025:10:40:32 -0400] "GET /robots.txt HTTP/1.1" 404 1251 "-" "Mozilla/5.0 (Linux; Android 5.0) AppleWebKit/537.36 (KHTML, like Gecko) Mobile Safari/537.36 (compatible; Bytespider; https://zhanzhang.toutiao.com/)"
185.191.171.15 - - [23/Apr/2025:10:54:43 -0400] "GET /robots.txt HTTP/1.1" 404 1251 "-" "Mozilla/5.0 (compatible; SemrushBot/7~bl; +http://www.semrush.com/bot.html)"
85.208.96.201 - - [23/Apr/2025:10:54:44 -0400] "GET /2023/10/11/prediksi-togel-kiev-12-oktober-2023/ HTTP/1.1" 404 1251 "-" "Mozilla/5.0 (compatible; SemrushBot/7~bl; +http://www.semrush.com/bot.html)"
93.183.94.206 - - [23/Apr/2025:11:29:20 -0400] "GET /2023/11/02/erek-erek-19-buku-mimpi-bergambar-prediksi-petir-merah/ HTTP/1.0" 404 1251 "https://prediksi.vip/2023/11/02/erek-erek-19-buku-mimpi-bergambar-prediksi-petir-merah/" "Mozilla/5.0 (Windows NT 10.0; Win64; x64) AppleWebKit/537.36 (KHTML, like Gecko) Chrome/131.0.0.0 Safari/537.36"
93.183.94.206 - - [23/Apr/2025:11:29:21 -0400] "GET / HTTP/1.0" 403 1242 "https://prediksi.vip/" "Mozilla/5.0 (Windows NT 10.0; Win64; x64) AppleWebKit/537.36 (KHTML, like Gecko) Chrome/131.0.0.0 Safari/537.36"
93.183.94.206 - - [23/Apr/2025:11:29:22 -0400] "GET / HTTP/1.0" 403 1242 "https://prediksi.vip/" "Mozilla/5.0 (Windows NT 10.0; Win64; x64) AppleWebKit/537.36 (KHTML, like Gecko) Chrome/131.0.0.0 Safari/537.36"
85.208.96.209 - - [23/Apr/2025:12:11:16 -0400] "GET /robots.txt HTTP/1.1" 404 1251 "-" "Mozilla/5.0 (compatible; SemrushBot/7~bl; +http://www.semrush.com/bot.html)"
185.191.171.10 - - [23/Apr/2025:12:11:19 -0400] "GET /2023/10/29/prediksi-togel-nevada-30-oktober-2023/ HTTP/1.1" 404 1251 "-" "Mozilla/5.0 (compatible; SemrushBot/7~bl; +http://www.semrush.com/bot.html)"
161.35.185.40 - - [23/Apr/2025:12:22:34 -0400] "GET /2023/11/02/prediksi-togel-hongkong-03-november-2023/ HTTP/1.1" 404 1251 "-" "Mozilla/5.0 (Macintosh; Intel Mac OS X 10_15_7) AppleWebKit/537.36 (KHTML, like Gecko) Chrome/124.0.0.0 Safari/537.36"
77.238.235.209 - - [23/Apr/2025:12:23:10 -0400] "GET /2023/11/02/erek-erek-19-buku-mimpi-bergambar-prediksi-petir-merah/ HTTP/1.0" 404 1251 "https://prediksi.vip/2023/11/02/erek-erek-19-buku-mimpi-bergambar-prediksi-petir-merah/" "Mozilla/5.0 (Windows NT 10.0; Win64; x64) AppleWebKit/537.36 (KHTML, like Gecko) Chrome/129.0.0.0 Safari/537.36"
77.238.235.209 - - [23/Apr/2025:12:23:12 -0400] "GET / HTTP/1.0" 403 1242 "https://prediksi.vip/" "Mozilla/5.0 (Windows NT 10.0; Win64; x64) AppleWebKit/537.36 (KHTML, like Gecko) Chrome/129.0.0.0 Safari/537.36"
77.238.235.209 - - [23/Apr/2025:12:23:13 -0400] "GET / HTTP/1.0" 403 1242 "https://prediksi.vip/" "Mozilla/5.0 (Windows NT 10.0; Win64; x64) AppleWebKit/537.36 (KHTML, like Gecko) Chrome/129.0.0.0 Safari/537.36"
185.191.171.3 - - [23/Apr/2025:12:51:52 -0400] "GET /2023/10/30/prediksi-togel-sydney-31-oktober-2023/ HTTP/1.1" 404 1251 "-" "Mozilla/5.0 (compatible; SemrushBot/7~bl; +http://www.semrush.com/bot.html)"
85.208.96.205 - - [23/Apr/2025:13:09:36 -0400] "GET /tag/master-jitu-sgp/page/19/ HTTP/1.1" 404 1251 "-" "Mozilla/5.0 (compatible; SemrushBot/7~bl; +http://www.semrush.com/bot.html)"
185.191.171.5 - - [23/Apr/2025:13:12:38 -0400] "GET /robots.txt HTTP/1.1" 404 1251 "-" "Mozilla/5.0 (compatible; SemrushBot/7~bl; +http://www.semrush.com/bot.html)"
185.191.171.6 - - [23/Apr/2025:13:12:39 -0400] "GET /tag/keluaran-togel-jitu/page/20/ HTTP/1.1" 404 1251 "-" "Mozilla/5.0 (compatible; SemrushBot/7~bl; +http://www.semrush.com/bot.html)"
185.191.171.18 - - [23/Apr/2025:13:28:40 -0400] "GET /2023/10/11/prediksi-togel-sydney-12-oktober-2023/ HTTP/1.1" 404 1251 "-" "Mozilla/5.0 (compatible; SemrushBot/7~bl; +http://www.semrush.com/bot.html)"
185.191.171.12 - - [23/Apr/2025:13:45:15 -0400] "GET /tag/nagasaon-sydney/page/21/ HTTP/1.1" 404 1251 "-" "Mozilla/5.0 (compatible; SemrushBot/7~bl; +http://www.semrush.com/bot.html)"
185.191.171.17 - - [23/Apr/2025:14:14:59 -0400] "GET /robots.txt HTTP/1.1" 404 1251 "-" "Mozilla/5.0 (compatible; SemrushBot/7~bl; +http://www.semrush.com/bot.html)"
85.208.96.196 - - [23/Apr/2025:14:15:01 -0400] "GET /tag/kentuckymid/page/19/ HTTP/1.1" 404 1251 "-" "Mozilla/5.0 (compatible; SemrushBot/7~bl; +http://www.semrush.com/bot.html)"
52.167.144.162 - - [23/Apr/2025:14:41:11 -0400] "GET /2023/09/28/prediksi-togel-macau-29-september-2023/ HTTP/1.1" 404 1251 "-" "Mozilla/5.0 AppleWebKit/537.36 (KHTML, like Gecko; compatible; bingbot/2.0; +http://www.bing.com/bingbot.htm) Chrome/116.0.1938.76 Safari/537.36"
52.167.144.24 - - [23/Apr/2025:15:06:42 -0400] "GET /2023/09/24/prediksi-togel-idaho-morning-25-september-2023/ HTTP/1.1" 404 1251 "-" "Mozilla/5.0 AppleWebKit/537.36 (KHTML, like Gecko; compatible; bingbot/2.0; +http://www.bing.com/bingbot.htm) Chrome/116.0.1938.76 Safari/537.36"
74.80.208.131 - - [23/Apr/2025:15:09:53 -0400] "GET /tag/wap-togel-padepokan/page/19/ HTTP/1.1" 404 1251 "-" "Mozilla/5.0 (compatible; ImagesiftBot; +imagesift.com)"
74.80.208.131 - - [23/Apr/2025:15:10:07 -0400] "GET /robots.txt HTTP/1.1" 404 0 "-" "Mozilla/5.0 (compatible; ImagesiftBot; +imagesift.com)"
74.80.208.131 - - [23/Apr/2025:15:10:08 -0400] "GET /author/admin/page/9/ HTTP/1.1" 404 0 "-" "Mozilla/5.0 (compatible; ImagesiftBot; +imagesift.com)"
74.80.208.131 - - [23/Apr/2025:15:10:23 -0400] "GET /tag/porum-togel-jitu/page/11/ HTTP/1.1" 404 0 "-" "Mozilla/5.0 (compatible; ImagesiftBot; +imagesift.com)"
74.80.208.131 - - [23/Apr/2025:15:10:24 -0400] "GET /robots.txt HTTP/1.1" 404 1251 "-" "Mozilla/5.0 (compatible; ImagesiftBot; +imagesift.com)"
74.80.208.131 - - [23/Apr/2025:15:10:25 -0400] "GET /tag/prediksi-jitu-kiev/page/15/ HTTP/1.1" 404 1251 "-" "Mozilla/5.0 (compatible; ImagesiftBot; +imagesift.com)"
74.80.208.131 - - [23/Apr/2025:15:10:41 -0400] "GET /tag/ramalan-togel-hk/page/9/ HTTP/1.1" 404 1251 "-" "Mozilla/5.0 (compatible; ImagesiftBot; +imagesift.com)"
74.80.208.131 - - [23/Apr/2025:15:11:04 -0400] "GET /tag/padepokan-nevada/page/9/ HTTP/1.1" 404 0 "-" "Mozilla/5.0 (compatible; ImagesiftBot; +imagesift.com)"
74.80.208.131 - - [23/Apr/2025:15:11:24 -0400] "GET /tag/keluaran-togel-jitu/page/10/ HTTP/1.1" 404 1251 "-" "Mozilla/5.0 (compatible; ImagesiftBot; +imagesift.com)"
74.80.208.131 - - [23/Apr/2025:15:11:52 -0400] "GET /tag/cara-jitu-togel/page/12/ HTTP/1.1" 404 1251 "-" "Mozilla/5.0 (compatible; ImagesiftBot; +imagesift.com)"
74.80.208.131 - - [23/Apr/2025:15:12:16 -0400] "GET /tag/padepokan-macau/page/15/ HTTP/1.1" 404 1251 "-" "Mozilla/5.0 (compatible; ImagesiftBot; +imagesift.com)"
74.80.208.131 - - [23/Apr/2025:15:12:47 -0400] "GET /tag/keluaran-sgp/page/6/ HTTP/1.1" 404 1251 "-" "Mozilla/5.0 (compatible; ImagesiftBot; +imagesift.com)"
74.80.208.131 - - [23/Apr/2025:15:13:21 -0400] "GET /tag/master-prediksi-sydney/page/5/ HTTP/1.1" 404 0 "-" "Mozilla/5.0 (compatible; ImagesiftBot; +imagesift.com)"
74.80.208.131 - - [23/Apr/2025:15:13:39 -0400] "GET /tag/keluaran-togel-hari-ini/page/8/ HTTP/1.1" 404 0 "-" "Mozilla/5.0 (compatible; ImagesiftBot; +imagesift.com)"
74.80.208.131 - - [23/Apr/2025:15:13:58 -0400] "GET /tag/padepokan-sgp/page/11/ HTTP/1.1" 404 1251 "-" "Mozilla/5.0 (compatible; ImagesiftBot; +imagesift.com)"
74.80.208.131 - - [23/Apr/2025:15:14:59 -0400] "GET /tag/ramalan-togel-sgp/page/19/ HTTP/1.1" 404 1251 "-" "Mozilla/5.0 (compatible; ImagesiftBot; +imagesift.com)"
74.80.208.131 - - [23/Apr/2025:15:15:27 -0400] "GET /tag/prediksi-top-jeju/page/8/ HTTP/1.1" 404 1251 "-" "Mozilla/5.0 (compatible; ImagesiftBot; +imagesift.com)"
74.80.208.131 - - [23/Apr/2025:15:16:18 -0400] "GET /tag/live-draw-sgp/page/17/ HTTP/1.1" 404 1251 "-" "Mozilla/5.0 (compatible; ImagesiftBot; +imagesift.com)"
74.80.208.131 - - [23/Apr/2025:15:17:18 -0400] "GET /tag/kocok-sdy/page/9/ HTTP/1.1" 404 1251 "-" "Mozilla/5.0 (compatible; ImagesiftBot; +imagesift.com)"
74.80.208.131 - - [23/Apr/2025:15:17:35 -0400] "GET /tag/ramalan-togel-jitu/page/8/ HTTP/1.1" 404 1251 "-" "Mozilla/5.0 (compatible; ImagesiftBot; +imagesift.com)"
74.80.208.131 - - [23/Apr/2025:15:18:29 -0400] "GET /tag/paito-master/page/9/ HTTP/1.1" 404 1251 "-" "Mozilla/5.0 (compatible; ImagesiftBot; +imagesift.com)"
74.80.208.131 - - [23/Apr/2025:15:19:22 -0400] "GET /tag/prediksi-top-jeju/page/7/ HTTP/1.1" 404 1251 "-" "Mozilla/5.0 (compatible; ImagesiftBot; +imagesift.com)"
74.80.208.131 - - [23/Apr/2025:15:20:08 -0400] "GET /tag/nagasaon-nevada/page/10/ HTTP/1.1" 404 0 "-" "Mozilla/5.0 (compatible; ImagesiftBot; +imagesift.com)"
74.80.208.131 - - [23/Apr/2025:15:21:08 -0400] "GET /tag/ramalan-togel-sgp/page/22/ HTTP/1.1" 404 1251 "-" "Mozilla/5.0 (compatible; ImagesiftBot; +imagesift.com)"
74.80.208.131 - - [23/Apr/2025:15:22:29 -0400] "GET /tag/kocok-sdy/page/12/ HTTP/1.1" 404 0 "-" "Mozilla/5.0 (compatible; ImagesiftBot; +imagesift.com)"
